--------- beginning of /dev/log/main
I/DEBUG ( 69): debuggerd: Feb 26 2012 23:59:26 --------- beginning of /dev/log/system
I/Vold ( 67): Vold 2.1 (the revenge) firing up
D/Vold ( 67): USB mass storage support is not enabled in the kernel
D/Vold ( 67): usb_configuration switch is not enabled in the kernel
D/Vold ( 67): Volume sdcard state changing -1 (Initializing) -> 0 (No-Media)
D/Vold ( 67): Volume usb state changing -1 (Initializing) -> 0 (No-Media)
D/Vold ( 67): Volume sdcard state changing 0 (No-Media) -> 2 (Pending)
D/Vold ( 67): Volume sdcard state changing 2 (Pending) -> 1 (Idle-Unmounted)
I/Netd ( 68): Netd 1.0 starting
D/AndroidRuntime( 71):
D/AndroidRuntime( 71): >>>>>> AndroidRuntime START com.android.internal.os.ZygoteInit <<<<<<
D/AndroidRuntime( 71): CheckJNI is ON
D/dalvikvm( 71): creating instr width table
I/ ( 72): ServiceManager: 0xad50
E/ALSALib ( 72): external/alsa-lib/src/control/control.c:909:(snd_ctl_open_noupdate) Invalid CTL AndroidPlayback
W/AudioHardwareALSA( 72): Unable to attach mixer to device AndroidPlayback: No such file or directory
E/ALSALib ( 72): external/alsa-lib/src/control/control.c:909:(snd_ctl_open_noupdate) Invalid CTL AndroidCapture
W/AudioHardwareALSA( 72): Unable to attach mixer to device AndroidCapture: No such file or directory
D/TIALSAModule( 72): TI ALSA module opened
D/TIALSAModule( 72): Initializing devices for TI ALSA module
I/CameraService( 72): CameraService started (pid=72)
D/AudioHardwareALSA( 72): openOutputStream called for devices: 0x00000002
D/TIALSAModule( 72): open called for devices 00000002 in mode 0...
E/ALSAControl( 72): Control 'HeadsetR Mixer AudioR2' cannot get element info: -2
E/ALSAControl( 72): Control 'HeadsetL Mixer AudioL2' cannot get element info: -2
E/ALSAControl( 72): Control 'Headset Playback Volume' cannot get element info: -2
I/TIALSAModule( 72): Initialized ALSA PLAYBACK device default
I/AudioFlinger( 72): AudioFlinger's thread 0x41168 ready to run
D/TIALSAModule( 72): route called for devices 00000002 in mode 0...
E/AudioHardwareALSA( 72): CALLING STANDBY
I/SamplingProfilerIntegration( 71): Profiler is disabled.
I/Zygote ( 71): Preloading classes...
D/dalvikvm( 71): GC_EXPLICIT freed 47K, 78% free 233K/1024K, external 0K/0K, paused 3ms
D/dalvikvm( 71): GC_EXPLICIT freed 1K, 73% free 283K/1024K, external 0K/0K, paused 5ms
D/dalvikvm( 71): GC_EXPLICIT freed 20K, 70% free 316K/1024K, external 0K/0K, paused 4ms
I/bluetooth_ScoSocket.cpp( 71): Entry name = MY-CAR ScoTypes = 0x7f
I/bluetooth_ScoSocket.cpp( 71): Entry name = Motorola HF850 ScoTypes = 0x7
D/dalvikvm( 71): GC_EXPLICIT freed 17K, 66% free 354K/1024K, external 0K/0K, paused 5ms
D/dalvikvm( 71): GC_EXPLICIT freed 26K, 63% free 382K/1024K, external 0K/0K, paused 7ms
D/dalvikvm( 71): GC_EXPLICIT freed 22K, 57% free 441K/1024K, external 0K/0K, paused 5ms
W/MediaProfiles( 71): could not find media config xml file
D/dalvikvm( 71): GC_EXPLICIT freed 98K, 47% free 543K/1024K, external 0K/0K, paused 9ms
D/dalvikvm( 71): GC_EXPLICIT freed 271K, 24% free 882K/1155K, external 0K/0K, paused 15ms
D/dalvikvm( 71): GC_EXPLICIT freed 21K, 20% free 930K/1155K, external 0K/0K, paused 12ms
D/RenderScript_jni( 71): RenderScript JNI library not found!
D/dalvikvm( 71): GC_EXPLICIT freed 24K, 21% free 970K/1219K, external 0K/0K, paused 12ms
D/dalvikvm( 71): GC_EXPLICIT freed 24K, 6% free 1276K/1347K, external 0K/0K, paused 19ms
D/dalvikvm( 71): GC_EXPLICIT freed 24K, 4% free 1306K/1347K, external 0K/0K, paused 19ms
D/dalvikvm( 71): GC_EXPLICIT freed 28K, 6% free 1331K/1411K, external 0K/0K, paused 21ms
D/dalvikvm( 71): GC_EXPLICIT freed 14K, 3% free 1372K/1411K, external 0K/0K, paused 20ms
W/Zygote ( 71): Class not found for preloading: android.widget.TextView$SelectionModifierCursorController$1
D/dalvikvm( 71): GC_EXPLICIT freed 28K, 6% free 1398K/1475K, external 0K/0K, paused 20ms
D/dalvikvm( 71): GC_EXPLICIT freed 31K, 3% free 1436K/1475K, external 0K/0K, paused 20ms
D/dalvikvm( 71): GC_EXPLICIT freed 38K, 6% free 1453K/1539K, external 0K/0K, paused 21ms
D/dalvikvm( 71): GC_EXPLICIT freed 41K, 5% free 1468K/1539K, external 0K/0K, paused 21ms
D/dalvikvm( 71): GC_EXPLICIT freed 55K, 8% free 1481K/1603K, external 0K/0K, paused 21ms
D/dalvikvm( 71): GC_FOR_MALLOC freed 2885K, 57% free 2236K/5123K, external 0K/0K, paused 64ms
D/dalvikvm( 71): GC_EXPLICIT freed 2443K, 52% free 2485K/5123K, external 0K/0K, paused 73ms
D/dalvikvm( 71): GC_EXPLICIT freed 127K, 51% free 2545K/5123K, external 0K/0K, paused 43ms
D/dalvikvm( 71): GC_EXPLICIT freed 74K, 50% free 2571K/5123K, external 0K/0K, paused 41ms
D/dalvikvm( 71): GC_EXPLICIT freed 36K, 50% free 2589K/5123K, external 0K/0K, paused 42ms
D/dalvikvm( 71): GC_EXPLICIT freed 31K, 50% free 2612K/5123K, external 0K/0K, paused 40ms
D/dalvikvm( 71): GC_EXPLICIT freed 38K, 49% free 2635K/5123K, external 0K/0K, paused 42ms
I/Zygote ( 71): ...preloaded 1829 classes in 6996ms.
D/dalvikvm( 71): GC_EXPLICIT freed 19K, 49% free 2632K/5123K, external 0K/0K, paused 40ms
I/Zygote ( 71): Preloading resources...
D/dalvikvm( 71): GC_EXTERNAL_ALLOC freed <1K, 49% free 2634K/5123K, external 0K/0K, paused 40ms
W/Zygote ( 71): Preloaded drawable resource #0x1080093 (res/drawable-mdpi/sym_def_app_icon.png) that varies with configuration!!
W/Zygote ( 71): Preloaded drawable resource #0x1080002 (res/drawable-mdpi/arrow_down_float.png) that varies with configuration!!
W/Zygote ( 71): Preloaded drawable resource #0x10800b4 (res/drawable/btn_check.xml) that varies with configuration!!
W/Zygote ( 71): Preloaded drawable resource #0x10800b7 (res/drawable-mdpi/btn_check_label_background.9.png) that varies with configuration!!
W/Zygote ( 71): Preloaded drawable resource #0x10800b8 (res/drawable-mdpi/btn_check_off.png) that varies with configuration!!
W/Zygote ( 71): Preloaded drawable resource #0x10800bd (res/drawable-mdpi/btn_check_on.png) that varies with configuration!!
W/Zygote ( 71): Preloaded drawable resource #0x1080004 (res/drawable/btn_default.xml) that varies with configuration!!
W/Zygote ( 71): Preloaded drawable resource #0x1080005 (res/drawable/btn_default_small.xml) that varies with configuration!!
W/Zygote ( 71): Preloaded drawable resource #0x1080006 (res/drawable/btn_dropdown.xml) that varies with configuration!!
W/Zygote ( 71): Preloaded drawable resource #0x1080008 (res/drawable/btn_plus.xml) that varies with configuration!!
W/Zygote ( 71): Preloaded drawable resource #0x1080007 (res/drawable/btn_minus.xml) that varies with configuration!!
W/Zygote ( 71): Preloaded drawable resource #0x1080009 (res/drawable/btn_radio.xml) that varies with configuration!!
W/Zygote ( 71): Preloaded drawable resource #0x108000a (res/drawable/btn_star.xml) that varies with configuration!!
D/dalvikvm( 71): GC_EXPLICIT freed 25K, 48% free 2671K/5123K, external 408K/521K, paused 42ms
W/Zygote ( 71): Preloaded drawable resource #0x1080132 (res/drawable/btn_toggle.xml) that varies with configuration!!
W/Zygote ( 71): Preloaded drawable resource #0x1080196 (res/drawable-mdpi/ic_emergency.png) that varies with configuration!!
W/Zygote ( 71): Preloaded drawable resource #0x1080012 (res/drawable-mdpi/divider_horizontal_bright.9.png) that varies with configuration!!
W/Zygote ( 71): Preloaded drawable resource #0x1080014 (res/drawable-mdpi/divider_horizontal_dark.9.png) that varies with configuration!!
W/Zygote ( 71): Preloaded drawable resource #0x1080016 (res/drawable/edit_text.xml) that varies with configuration!!
W/Zygote ( 71): Preloaded drawable resource #0x1080170 (res/drawable/expander_group.xml) that varies with configuration!!
W/Zygote ( 71): Preloaded drawable resource #0x1080062 (res/drawable/list_selector_background.xml) that varies with configuration!!
W/Zygote ( 71): Preloaded drawable resource #0x108022a (res/drawable-mdpi/menu_background.9.png) that varies with configuration!!
W/Zygote ( 71): Preloaded drawable resource #0x108022b (res/drawable-mdpi/menu_background_fill_parent_width.9.png) that varies with configuration!!
W/Zygote ( 71): Preloaded drawable resource #0x108022c (res/drawable/menu_selector.xml) that varies with configuration!!
D/dalvikvm( 71): GC_EXTERNAL_ALLOC freed 16K, 48% free 2684K/5123K, external 516K/521K, paused 42ms
W/Zygote ( 71): Preloaded drawable resource #0x108023a (res/drawable-mdpi/panel_background.9.png) that varies with configuration!!
W/Zygote ( 71): Preloaded drawable resource #0x1080242 (res/drawable-mdpi/popup_bottom_bright.9.png) that varies with configuration!!
W/Zygote ( 71): Preloaded drawable resource #0x1080243 (res/drawable-mdpi/popup_bottom_dark.9.png) that varies with configuration!!
W/Zygote ( 71): Preloaded drawable resource #0x1080244 (res/drawable-mdpi/popup_bottom_medium.9.png) that varies with configuration!!
W/Zygote ( 71): Preloaded drawable resource #0x1080245 (res/drawable-mdpi/popup_center_bright.9.png) that varies with configuration!!
W/Zygote ( 71): Preloaded drawable resource #0x1080246 (res/drawable-mdpi/popup_center_dark.9.png) that varies with configuration!!
W/Zygote ( 71): Preloaded drawable resource #0x1080249 (res/drawable-mdpi/popup_full_dark.9.png) that varies with configuration!!
W/Zygote ( 71): Preloaded drawable resource #0x108024c (res/drawable-mdpi/popup_top_bright.9.png) that varies with configuration!!
W/Zygote ( 71): Preloaded drawable resource #0x108024d (res/drawable-mdpi/popup_top_dark.9.png) that varies with configuration!!
W/Zygote ( 71): Preloaded drawable resource #0x108006d (res/drawable/progress_indeterminate_horizontal.xml) that varies with configuration!!
W/Zygote ( 71): Preloaded drawable resource #0x1080253 (res/drawable/progress_small.xml) that varies with configuration!!
W/Zygote ( 71): Preloaded drawable resource #0x1080254 (res/drawable/progress_small_titlebar.xml) that varies with configuration!!
W/Zygote ( 71): Preloaded drawable resource #0x1080274 (res/drawable-mdpi/scrollbar_handle_horizontal.9.png) that varies with configuration!!
W/Zygote ( 71): Preloaded drawable resource #0x1080275 (res/drawable-mdpi/scrollbar_handle_vertical.9.png) that varies with configuration!!
D/dalvikvm( 71): GC_EXPLICIT freed 15K, 48% free 2696K/5123K, external 585K/1038K, paused 42ms
W/Zygote ( 71): Preloaded drawable resource #0x1080071 (res/drawable/spinner_dropdown_background.xml) that varies with configuration!!
W/Zygote ( 71): Preloaded drawable resource #0x1080316 (res/drawable-mdpi/text_select_handle_left.png) that varies with configuration!!
W/Zygote ( 71): Preloaded drawable resource #0x1080317 (res/drawable-mdpi/text_select_handle_middle.png) that varies with configuration!!
W/Zygote ( 71): Preloaded drawable resource #0x1080318 (res/drawable-mdpi/text_select_handle_right.png) that varies with configuration!!
W/Zygote ( 71): Preloaded drawable resource #0x1080339 (res/drawable-mdpi/title_bar_shadow.9.png) that varies with configuration!!
W/Zygote ( 71): Preloaded drawable resource #0x10801d8 (res/drawable-mdpi/indicator_code_lock_drag_direction_green_up.png) that varies with configuration!!
W/Zygote ( 71): Preloaded drawable resource #0x10801d9 (res/drawable-mdpi/indicator_code_lock_drag_direction_red_up.png) that varies with configuration!!
W/Zygote ( 71): Preloaded drawable resource #0x10801da (res/drawable-mdpi/indicator_code_lock_point_area_default.png) that varies with configuration!!
W/Zygote ( 71): Preloaded drawable resource #0x10801db (res/drawable-mdpi/indicator_code_lock_point_area_green.png) that varies with configuration!!
W/Zygote ( 71): Preloaded drawable resource #0x10801dc (res/drawable-mdpi/indicator_code_lock_point_area_red.png) that varies with configuration!!
I/Zygote ( 71): ...preloaded 51 resources in 756ms.
I/Zygote ( 71): ...preloaded 15 resources in 21ms.
D/dalvikvm( 71): GC_EXPLICIT freed 23K, 48% free 2704K/5123K, external 716K/1038K, paused 43ms
D/dalvikvm( 71): GC_EXPLICIT freed 6K, 48% free 2698K/5123K, external 716K/1038K, paused 42ms
D/dalvikvm( 71): GC_EXPLICIT freed <1K, 48% free 2698K/5123K, external 716K/1038K, paused 43ms
I/dalvikvm( 71): System server process 137 has been created
I/Zygote ( 71): Accepting command socket connections
E/BatteryService( 137): Could not open /sys/class/power_supply
I/sysproc ( 137): Entered system_init()
I/sysproc ( 137): ServiceManager: 0x7cac0
I/SurfaceFlinger( 137): SurfaceFlinger is starting
I/SurfaceFlinger( 137): SurfaceFlinger's main thread ready to run. Initializing graphics H/W...
E/SurfaceFlinger( 137): Couldn't open /sys/power/wait_for_fb_sleep or /sys/power/wait_for_fb_wake
I/gralloc ( 137): using (fd=25)
I/gralloc ( 137): id = DA8xx FB Drv
I/gralloc ( 137): xres = 800 px
I/gralloc ( 137): yres = 480 px
I/gralloc ( 137): xres_virtual = 800 px
I/gralloc ( 137): yres_virtual = 960 px
I/gralloc ( 137): bpp = 16
I/gralloc ( 137): r = 11:5
I/gralloc ( 137): g = 5:6
I/gralloc ( 137): b = 0:5
I/gralloc ( 137): width = 127 mm (160.000000 dpi)
I/gralloc ( 137): height = 76 mm (160.421051 dpi)
I/gralloc ( 137): refresh rate = 65.46 Hz
D/libEGL ( 137): loaded /system/lib/egl/libGLES_android.so
D/libEGL ( 137): loaded /system/lib/egl/libEGL_POWERVR_SGX530_125.so
D/libEGL ( 137): loaded /system/lib/egl/libGLESv1_CM_POWERVR_SGX530_125.so
D/libEGL ( 137): loaded /system/lib/egl/libGLESv2_POWERVR_SGX530_125.so
W/libEGL ( 137): 0: eglInitialize(0x1) failed (EGL_BAD_ALLOC)
W/SurfaceFlinger( 137): ro.sf.lcd_density not defined, using 160 dpi by default.
I/SurfaceFlinger( 137): EGL informations:
I/SurfaceFlinger( 137): # of configs : 8
I/SurfaceFlinger( 137): vendor : Android
I/SurfaceFlinger( 137): version : 1.4 Android META-EGL
I/SurfaceFlinger( 137): extensions: EGL_KHR_image EGL_KHR_image_base EGL_KHR_image_pixmap EGL_ANDROID_image_native_buffer EGL_ANDROID_swap_rectangle
I/SurfaceFlinger( 137): Client API: OpenGL ES
I/SurfaceFlinger( 137): EGLSurface: 5-6-5-0, config=0x0
I/SurfaceFlinger( 137): OpenGL informations:
I/SurfaceFlinger( 137): vendor : Android
I/SurfaceFlinger( 137): renderer : Android PixelFlinger 1.4
I/SurfaceFlinger( 137): version : OpenGL ES-CM 1.0
I/SurfaceFlinger( 137): extensions: GL_OES_byte_coordinates GL_OES_fixed_point GL_OES_single_precision GL_OES_read_format GL_OES_compressed_paletted_texture GL_OES_draw_texture GL_OES_matrix_get GL_OES_query_matrix GL_OES_EGL_image GL_OES_compressed_ETC1_RGB8_texture GL_ARB_texture_compression GL_ARB_texture_non_power_of_two GL_ANDROID_user_clip_plane GL_ANDROID_vertex_buffer_object GL_ANDROID_generate_mipmap
I/SurfaceFlinger( 137): GL_MAX_TEXTURE_SIZE = 4096
I/SurfaceFlinger( 137): GL_MAX_VIEWPORT_DIMS = 4096
I/SurfaceFlinger( 137): flags = 000c0000
D/SensorService( 137): nuSensorService starting...
E/SensorService( 137): couldn't load sensors module (No such file or directory)
I/sysproc ( 137): System server: starting Android runtime.
I/sysproc ( 137): System server: starting Android services.
I/sysproc ( 137): System server: entering thread pool.
I/SystemServer( 137): Entered the Android system server!
I/SystemServer( 137): Entropy Service
I/SystemServer( 137): Power Manager
I/SystemServer( 137): Activity Manager
I/ActivityManager( 137): Memory class: 16
W/UsageStats( 137): Usage stats version changed; dropping
E/SurfaceFlinger( 137): eglSwapBuffers: EGL error 0x3001 (EGL_NOT_INITIALIZED)
D/libEGL ( 148): loaded /system/lib/egl/libGLES_android.so
D/libEGL ( 148): loaded /system/lib/egl/libEGL_POWERVR_SGX530_125.so
D/libEGL ( 148): loaded /system/lib/egl/libGLESv1_CM_POWERVR_SGX530_125.so
D/libEGL ( 148): loaded /system/lib/egl/libGLESv2_POWERVR_SGX530_125.so
W/libEGL ( 148): 0: eglInitialize(0x1) failed (EGL_BAD_ALLOC)
W/zipro ( 148): Unable to open zip '/data/local/bootanimation.zip': No such file or directory
W/zipro ( 148): Unable to open zip '/system/media/bootanimation.zip': No such file or directory
I/ARMAssembler( 137): generated scanline__00000077:03010104_00000004_00000000 [ 22 ipp] (41 ins) at [0x43bfc1e8:0x43bfc28c] in 252542 ns
I/ARMAssembler( 148): generated scanline__00000077:03545404_00000A01_00000000 [ 30 ipp] (51 ins) at [0x405cd1e8:0x405cd2b4] in 297542 ns
I/SystemServer( 137): Telephony Registry
I/SystemServer( 137): Package Manager
I/installd( 74): new connection
I/Installer( 137): connecting...
D/dalvikvm( 137): GC_CONCURRENT freed 200K, 47% free 3016K/5639K, external 716K/1038K, paused 3ms+5ms
W/PackageManager( 137): Running ENG build: no pre-dexopt!
D/dalvikvm( 137): GC_CONCURRENT freed 234K, 46% free 3249K/5959K, external 716K/1038K, paused 3ms+10ms
W/PackageParser( 137): No actions in intent filter at /system/app/Bluetooth.apk Binary XML file line #124
D/dalvikvm( 137): GC_CONCURRENT freed 223K, 45% free 3436K/6151K, external 716K/1038K, paused 3ms+18ms
D/PackageManager( 137): No files in app dir /vendor/app
I/PackageManager( 137): Time to scan packages: 4.803 seconds
W/PackageManager( 137): Unknown permission com.google.android.googleapps.permission.GOOGLE_AUTH in package com.android.providers.contacts
W/PackageManager( 137): Unknown permission com.google.android.googleapps.permission.GOOGLE_AUTH.cp in package com.android.providers.contacts
W/PackageManager( 137): Unknown permission com.google.android.gm.permission.WRITE_GMAIL in package com.android.settings
W/PackageManager( 137): Unknown permission com.google.android.gm.permission.READ_GMAIL in package com.android.settings
W/PackageManager( 137): Unknown permission com.google.android.googleapps.permission.GOOGLE_AUTH in package com.android.settings
W/PackageManager( 137): Unknown permission com.google.android.googleapps.permission.GOOGLE_AUTH.mail in package com.android.contacts
W/PackageManager( 137): Unknown permission android.permission.ADD_SYSTEM_SERVICE in package com.android.phone
W/PackageManager( 137): Unknown permission com.google.android.googleapps.permission.GOOGLE_AUTH in package com.android.providers.calendar
W/PackageManager( 137): Unknown permission com.google.android.googleapps.permission.GOOGLE_AUTH.cl in package com.android.providers.calendar
W/PackageManager( 137): Unknown permission com.google.android.googleapps.permission.ACCESS_GOOGLE_PASSWORD in package com.android.development
W/PackageManager( 137): Unknown permission com.google.android.googleapps.permission.GOOGLE_AUTH in package com.android.development
W/PackageManager( 137): Unknown permission com.google.android.googleapps.permission.GOOGLE_AUTH.ALL_SERVICES in package com.android.development
W/PackageManager( 137): Unknown permission com.google.android.googleapps.permission.GOOGLE_AUTH.YouTubeUser in package com.android.development
W/PackageManager( 137): Unknown permission com.google.android.googleapps.permission.GOOGLE_AUTH.mail in package com.android.calendar
W/PackageManager( 137): Not granting permission android.permission.SEND_DOWNLOAD_COMPLETED_INTENTS to package com.android.browser (protectionLevel=2 flags=0x9be45)
W/PackageManager( 137): Unknown permission android.permission.READ_OWNER_DATA in package com.android.email
W/PackageManager( 137): Not granting permission android.permission.DEVICE_POWER to package com.android.deskclock (protectionLevel=2 flags=0x8be45)
D/dalvikvm( 137): GC_EXPLICIT freed 288K, 44% free 3485K/6215K, external 716K/1038K, paused 63ms
I/SystemServer( 137): Account Manager
I/SystemServer( 137): Content Manager
I/SystemServer( 137): System Content Providers
I/ActivityThread( 137): Pub settings: com.android.providers.settings.SettingsProvider
I/SystemServer( 137): Battery Service
I/SystemServer( 137): Lights Service
I/SystemServer( 137): Vibrator Service
D/SettingsProvider( 137): cache for settings table 'secure' rows=25; fullycached=true
D/SettingsProvider( 137): cache for settings table 'system' rows=46; fullycached=true
I/SystemServer( 137): Alarm Manager
I/SystemServer( 137): Init Watchdog
I/SystemServer( 137): Window Manager
I/InputManager( 137): Initializing input manager
I/InputManager( 137): Starting input manager
I/SystemServer( 137): Bluetooth Service
E/EventHub( 137): could not get driver version for /dev/input/mice, Not a typewriter
I/EventHub( 137): New device: path=/dev/input/event0 name=ti-tsc-adcc id=0x10000 (of 0x1) index=1 fd=83 classes=0x4
E/EventHub( 137): could not get driver version for /dev/input/mouse0, Not a typewriter
I/InputManager-Callbacks( 137): No input device calibration properties found for device ti-tsc-adcc.
I/InputReader( 137): Device added: id=0x10000, name=ti-tsc-adcc, sources=00001002
I/BluetoothProfileState( 137): Message:Entering Stable State
I/BluetoothProfileState( 137): Message:Entering Stable State
I/SystemServer( 137): Device Policy
I/SystemServer( 137): Status Bar
I/SystemServer( 137): Clipboard Service
I/SystemServer( 137): Input Method Service
I/InputManagerService( 137): Enabled input methods: com.android.inputmethod.latin/.LatinIME
I/SystemServer( 137): NetStat Service
I/SystemServer( 137): NetworkManagement Service
I/SystemServer( 137): Connectivity Service
I/WifiService( 137): WifiService starting up with Wi-Fi disabled
D/NetworkManagmentService( 137): Registering observer
I/SystemServer( 137): Throttle Service
I/SystemServer( 137): Accessibility Manager
I/SystemServer( 137): Mount Service
I/SystemServer( 137): Notification Manager
I/SystemServer( 137): Device Storage Monitor
D/VoldCmdListener( 67): volume list
I/PackageManager( 137): Updating external media status from unmounted to unmounted
W/MountService( 137): Skipping unknown volume '/mnt/usb2'
D/VoldCmdListener( 67): share status ums
I/SystemServer( 137): Location Manager
I/SystemServer( 137): Search Service
I/SystemServer( 137): DropBox Service
I/SystemServer( 137): Wallpaper Service
I/SystemServer( 137): Audio Service
W/AudioPolicyManagerALSA( 72): setPhoneState() setting same state 0
D/dalvikvm( 137): GC_CONCURRENT freed 198K, 42% free 3768K/6407K, external 716K/1038K, paused 4ms+7ms
I/SystemServer( 137): Headset Observer
W/HeadsetObserver( 137): This kernel does not have wired headset support
I/SystemServer( 137): HDMI Observer
W/HDMIObserver( 137): This kernel does not have hdmi support
I/SystemServer( 137): Dock Observer
W/DockObserver( 137): This kernel does not have dock station support
W/UsbDeviceSettingsManager( 137): settings file not found
I/SystemServer( 137): USB Service
I/UsbService( 137): This kernel does not have USB configuration switch support
I/SystemServer( 137): UI Mode Manager Service
I/SystemServer( 137): Backup Service
V/BackupManagerService( 137): No ancestral data
I/BackupManagerService( 137): Found stale backup journal, scheduling
I/BackupManagerService( 137): android
I/BackupManagerService( 137): com.android.inputmethod.latin
I/BackupManagerService( 137): com.android.browser
I/BackupManagerService( 137): com.android.providers.userdictionary
I/BackupManagerService( 137): com.android.providers.settings
I/BackupManagerService( 137): Backup enabled => false
I/SystemServer( 137): AppWidget Service
I/SystemServer( 137): Recognition Service
I/SystemServer( 137): DiskStats Service
I/WindowManager( 137): SAFE MODE not enabled
D/dalvikvm( 137): JIT started for system_server
D/PowerManagerService( 137): system ready!
I/ActivityManager( 137): System now ready
I/SystemServer( 137): Making services ready
I/StatusBarManagerService( 137): Starting service: ComponentInfo{com.android.systemui/com.android.systemui.statusbar.StatusBarService}
I/Zygote ( 137): Process: zygote socket opened
I/ActivityManager( 137): Start proc com.android.systemui for service com.android.systemui/.statusbar.StatusBarService: pid=204 uid=1000 gids={3002, 3001, 3003}
I/ActivityManager( 137): Config changed: { scale=1.0 imsi=0/0 loc=md_US touch=3 keys=1/1/2 nav=1/1 orien=2 layout=268435491 uiMode=0 seq=2}
I/ActivityManager( 137): Config changed: { scale=1.0 imsi=0/0 loc=md_US touch=3 keys=1/1/2 nav=1/1 orien=2 layout=268435491 uiMode=17 seq=3}
W/RecognitionManagerService( 137): no available voice recognition services found
I/ActivityManager( 137): Start proc com.android.inputmethod.latin for service com.android.inputmethod.latin/.LatinIME: pid=214 uid=10005 gids={}
D/NetworkManagmentService( 137): Registering observer
E/ThrottleService( 137): Could not open GPS configuration file /etc/gps.conf
I/ActivityManager( 137): Start proc com.android.phone for added application com.android.phone: pid=217 uid=1001 gids={3002, 3001, 3003, 1015}
I/ActivityManager( 137): Starting: Intent { act=android.intent.action.MAIN cat=[android.intent.category.HOME] flg=0x10000000 cmp=com.android.launcher/com.android.launcher2.Launcher } from pid 0
I/ActivityManager( 137): Start proc com.android.launcher for activity com.android.launcher/com.android.launcher2.Launcher: pid=220 uid=10020 gids={}
I/SystemServer( 137): Enabled StrictMode for system server main thread.
D/dalvikvm( 137): GC_EXTERNAL_ALLOC freed 146K, 41% free 3894K/6535K, external 1035K/1038K, paused 266ms
D/dalvikvm( 137): GREF has increased to 201
W/ActivityManager( 137): Unable to start service Intent { act=@0 }: not found
W/ActivityManager( 137): Unable to start service Intent { act=@0 }: not found
D/dalvikvm( 204): GC_CONCURRENT freed 395K, 50% free 2822K/5639K, external 716K/1038K, paused 4ms+60ms
D/dalvikvm( 214): GC_CONCURRENT freed 396K, 50% free 2821K/5639K, external 716K/1038K, paused 4ms+85ms
D/dalvikvm( 217): GC_CONCURRENT freed 404K, 51% free 2812K/5639K, external 716K/1038K, paused 4ms+78ms
I//system/bin/tc( 68): Cannot find device "rmnet0"
I/logwrapper( 68): /system/bin/tc terminated by exit(1)
D/dalvikvm( 220): GC_CONCURRENT freed 404K, 51% free 2812K/5639K, external 716K/1038K, paused 3ms+137ms
I//system/bin/tc( 68): Cannot find device "rmnet0"
I/logwrapper( 68): /system/bin/tc terminated by exit(1)
I/StatusBarManagerService( 137): registerStatusBar bar=com.android.internal.statusbar.IStatusBar$Stub$Proxy@4069d598
I/ActivityThread( 220): Pub com.android.launcher2.settings: com.android.launcher2.LauncherProvider
I//system/bin/tc( 68): Cannot find device "ifb0"
I/logwrapper( 68): /system/bin/tc terminated by exit(1)
I/ActivityThread( 217): Pub mms: com.android.providers.telephony.MmsProvider
D/VoldCmdListener( 67): share status ums
D/StorageNotification( 204): Startup with UMS connection false (media state unmounted)
I/ActivityThread( 217): Pub sms: com.android.providers.telephony.SmsProvider
D/dalvikvm( 137): GC_CONCURRENT freed 240K, 41% free 3989K/6727K, external 1545K/1567K, paused 4ms+31ms
I/StorageNotification( 204): UMS connection changed to false (media state unmounted)
I/ActivityThread( 217): Pub telephony: com.android.providers.telephony.TelephonyProvider
I/ActivityThread( 217): Pub icc: com.android.phone.IccProvider
I/ActivityThread( 217): Pub mms-sms: com.android.providers.telephony.MmsSmsProvider
D/dalvikvm( 137): GC_EXTERNAL_ALLOC freed 14K, 41% free 3980K/6727K, external 1486K/1567K, paused 177ms
I/ActivityManager( 137): Start proc android.process.acore for content provider com.android.providers.userdictionary/.UserDictionaryProvider: pid=262 uid=10000 gids={3003, 1015}
D/dalvikvm( 137): GC_EXTERNAL_ALLOC freed 10K, 41% free 4004K/6727K, external 1564K/1567K, paused 123ms
I/ActivityThread( 262): Pub com.android.social: com.android.providers.contacts.SocialProvider
D/dalvikvm( 214): GC_EXTERNAL_ALLOC freed 71K, 49% free 2918K/5639K, external 1020K/1038K, paused 434ms
D/CallManager( 217): registerPhone(GSM Handler{406276a0})
I/ActivityThread( 262): Pub applications: com.android.providers.applications.ApplicationsProvider
W/AudioPolicyManagerALSA( 72): AudioPolicyManagerALSA::getStrategyForStream() Stub Called...
W/AudioPolicyManagerALSA( 72): redirecting AudioPolicyManagerALSA::getStrategy()
D/dalvikvm( 262): GC_CONCURRENT freed 405K, 51% free 2795K/5639K, external 716K/1038K, paused 3ms+43ms
D/dalvikvm( 137): GC_EXTERNAL_ALLOC freed 179K, 41% free 4049K/6791K, external 1872K/2096K, paused 161ms
W/ActivityManager( 137): Unable to start service Intent { act=com.android.ussd.IExtendedNetworkService }: not found
D/dalvikvm( 220): GC_EXTERNAL_ALLOC freed 51K, 50% free 2873K/5639K, external 1032K/1038K, paused 332ms
I/ActivityThread( 262): Pub contacts;com.android.contacts: com.android.providers.contacts.ContactsProvider2
I/TelephonyRegistry( 137): notifyServiceState: 1 home null null null Unknown CSS not supported -1 -1RoamInd: -1DefRoamInd: -1EmergOnly: false
I/TelephonyRegistry( 137): notifyDataConnection: state=0 isDataConnectivityPossible=false reason=radioTurnedOff interfaceName=null networkType=0
I/TelephonyRegistry( 137): notifyDataConnection: state=0 isDataConnectivityPossible=false reason=gprsDetached interfaceName=null networkType=0
D/BT HSHFP( 217): Starting BluetoothHeadsetService
D/dalvikvm( 137): GC_EXTERNAL_ALLOC freed 40K, 41% free 4055K/6791K, external 2465K/3078K, paused 336ms
I/ActivityThread( 262): Pub call_log: com.android.providers.contacts.CallLogProvider
I/ActivityThread( 262): Pub user_dictionary: com.android.providers.userdictionary.UserDictionaryProvider
D/dalvikvm( 220): GC_EXTERNAL_ALLOC freed 58K, 48% free 2941K/5639K, external 1562K/1572K, paused 95ms
D/PowerManagerService( 137): bootCompleted
I/SurfaceFlinger( 137): Boot is finished (14203 ms)
I/ARMAssembler( 137): generated scanline__00000177:03515104_00000001_00000000 [ 73 ipp] (95 ins) at [0x43bfc290:0x43bfc40c] in 371999 ns
D/VoldCmdListener( 67): volume mount /mnt/sdcard
I/Vold ( 67): /dev/block/vold/179:3 being considered for volume sdcard
D/Vold ( 67): Volume sdcard state changing 1 (Idle-Unmounted) -> 3 (Checking)
I/StorageNotification( 204): Media {/mnt/sdcard} state changed from {unmounted} -> {checking}
W/logwrapper( 297): Unable to background process (No such file or directory)
I/SearchManagerService( 137): Building list of searchable activities
I//system/bin/fsck_msdos( 67): ** /dev/block/vold/179:3
I//system/bin/fsck_msdos( 67): Invalid signature in fsinfo block
I//system/bin/fsck_msdos( 67): FIXED
I//system/bin/fsck_msdos( 67): ** Phase 1 - Read and Compare FATs
I//system/bin/fsck_msdos( 67): Attempting to allocate 869 KB for FAT
D/OtaStartupReceiver( 217): Not a CDMA phone, no need to process OTA
I/ActivityManager( 137): Start proc com.android.providers.calendar for broadcast com.android.providers.calendar/.CalendarReceiver: pid=299 uid=10003 gids={3003}
I/RecoverySystem( 137): No recovery log file
D/dalvikvm( 217): GC_CONCURRENT freed 176K, 47% free 3033K/5703K, external 716K/1038K, paused 5ms+36ms
I//system/bin/fsck_msdos( 67): Attempting to allocate 869 KB for FAT
I/ActivityManager( 137): Start proc android.process.media for content provider com.android.providers.downloads/.DownloadProvider: pid=307 uid=10001 gids={1015, 2001, 3003}
I/ActivityThread( 299): Pub com.android.calendar: com.android.providers.calendar.CalendarProvider2
D/dalvikvm( 299): GC_CONCURRENT freed 389K, 51% free 2796K/5639K, external 716K/1038K, paused 4ms+9ms
I//system/bin/fsck_msdos( 67): ** Phase 2 - Check Cluster Chains
D/dalvikvm( 204): GC_EXTERNAL_ALLOC freed 186K, 47% free 2996K/5639K, external 1036K/1038K, paused 315ms
I/ActivityThread( 307): Pub media: com.android.providers.media.MediaProvider
I//system/bin/fsck_msdos( 67): ** Phase 3 - Checking Directories
I//system/bin/fsck_msdos( 67): ** Phase 4 - Checking for Lost Files
V/MediaProvider( 307): Attached volume: internal
D/dalvikvm( 137): GREF has increased to 301
I/ActivityThread( 307): Pub downloads: com.android.providers.downloads.DownloadProvider
I//system/bin/fsck_msdos( 67): Next free cluster in FSInfo block (33478) not free
I//system/bin/fsck_msdos( 67): FIXED
I//system/bin/fsck_msdos( 67): 28 files, 755944 free (188986 clusters)
I/Vold ( 67): Filesystem check completed OK
I/PackageManager( 137): Updating external media status from unmounted to mounted
I/Vold ( 67): Device /dev/block/vold/179:3, target /mnt/sdcard mounted @ /mnt/secure/staging
D/Vold ( 67): Volume sdcard state changing 3 (Checking) -> 4 (Mounted)
I/StorageNotification( 204): Media {/mnt/sdcard} state changed from {checking} -> {mounted}
D/VoldCmdListener( 67): asec list
I/PackageManager( 137): No secure containers on sdcard
D/dalvikvm( 307): GC_CONCURRENT freed 412K, 51% free 2793K/5639K, external 716K/1038K, paused 3ms+11ms
W/PackageManager( 137): Unknown permission com.google.android.googleapps.permission.GOOGLE_AUTH in package com.android.providers.contacts
W/PackageManager( 137): Unknown permission com.google.android.googleapps.permission.GOOGLE_AUTH.cp in package com.android.providers.contacts
W/PackageManager( 137): Unknown permission com.google.android.gm.permission.WRITE_GMAIL in package com.android.settings
W/PackageManager( 137): Unknown permission com.google.android.gm.permission.READ_GMAIL in package com.android.settings
W/PackageManager( 137): Unknown permission com.google.android.googleapps.permission.GOOGLE_AUTH in package com.android.settings
D/dalvikvm( 137): GC_CONCURRENT freed 541K, 43% free 4087K/7111K, external 2765K/3965K, paused 5ms+9ms
W/PackageManager( 137): Unknown permission com.google.android.googleapps.permission.GOOGLE_AUTH.mail in package com.android.contacts
W/PackageManager( 137): Unknown permission android.permission.ADD_SYSTEM_SERVICE in package com.android.phone
W/PackageManager( 137): Unknown permission com.google.android.googleapps.permission.GOOGLE_AUTH in package com.android.providers.calendar
D/Calendar( 299): missed alarms found: 0
W/PackageManager( 137): Unknown permission com.google.android.googleapps.permission.GOOGLE_AUTH.cl in package com.android.providers.calendar
W/PackageManager( 137): Unknown permission com.google.android.googleapps.permission.ACCESS_GOOGLE_PASSWORD in package com.android.development
W/PackageManager( 137): Unknown permission com.google.android.googleapps.permission.GOOGLE_AUTH in package com.android.development
W/PackageManager( 137): Unknown permission com.google.android.googleapps.permission.GOOGLE_AUTH.ALL_SERVICES in package com.android.development
W/PackageManager( 137): Unknown permission com.google.android.googleapps.permission.GOOGLE_AUTH.YouTubeUser in package com.android.development
W/PackageManager( 137): Unknown permission com.google.android.googleapps.permission.GOOGLE_AUTH.mail in package com.android.calendar
W/PackageManager( 137): Not granting permission android.permission.SEND_DOWNLOAD_COMPLETED_INTENTS to package com.android.browser (protectionLevel=2 flags=0x9be45)
W/PackageManager( 137): Unknown permission android.permission.READ_OWNER_DATA in package com.android.email
W/PackageManager( 137): Not granting permission android.permission.DEVICE_POWER to package com.android.deskclock (protectionLevel=2 flags=0x8be45)
I/ActivityThread( 307): Pub drm: com.android.providers.drm.DrmProvider
D/dalvikvm( 220): GC_EXTERNAL_ALLOC freed 126K, 47% free 3015K/5639K, external 2089K/2092K, paused 56ms
I/ActivityManager( 137): Start proc com.android.email for broadcast com.android.email/.service.EmailBroadcastReceiver: pid=324 uid=10011 gids={3003, 1015}
D/MediaScannerService( 307): start scanning volume internal
D/dalvikvm( 220): GC_EXPLICIT freed 45K, 48% free 2986K/5639K, external 2070K/2488K, paused 182ms
D/dalvikvm( 324): GC_CONCURRENT freed 407K, 51% free 2809K/5639K, external 716K/1038K, paused 4ms+4ms
I/ActivityThread( 324): Pub com.android.email.provider: com.android.email.provider.EmailProvider
I/ActivityThread( 324): Pub com.android.email.attachmentprovider: com.android.email.provider.AttachmentProvider
D/MediaScanner( 307): opendir /system/media/audio/ringtones/OrganDub.ogg/ failed, errno: 20
I/ActivityThread( 324): Pub com.android.exchange.provider: com.android.exchange.provider.ExchangeProvider
E/MediaScanner( 307): Error processing '/system/media/audio/ringtones/OrganDub.ogg/' - skipping
D/MediaScanner( 307): stat() failed for /system/media/audio/ringtones/OrganDub.ogg/: Not a directory
D/MediaScanner( 307): stat() failed for /system/media/audio/ringtones/OrganDub.ogg/: Not a directory
D/MediaScanner( 307): stat() failed for /system/media/audio/ringtones/OrganDub.ogg/: Not a directory
D/MediaScanner( 307): stat() failed for /system/media/audio/ringtones/OrganDub.ogg/: Not a directory
D/MediaScanner( 307): stat() failed for /system/media/audio/ringtones/OrganDub.ogg/: Not a directory
D/MediaScanner( 307): stat() failed for /system/media/audio/ringtones/OrganDub.ogg/: Not a directory
D/MediaScanner( 307): stat() failed for /system/media/audio/ringtones/OrganDub.ogg/: Not a directory
D/MediaScanner( 307): stat() failed for /system/media/audio/ringtones/OrganDub.ogg/: Not a directory
D/MediaScanner( 307): stat() failed for /system/media/audio/ringtones/OrganDub.ogg/: Not a directory
D/MediaScanner( 307): stat() failed for /system/media/audio/ringtones/OrganDub.ogg/: Not a directory
D/MediaScanner( 307): stat() failed for /system/media/audio/ringtones/OrganDub.ogg/: Not a directory
D/MediaScanner( 307): stat() failed for /system/media/audio/ringtones/OrganDub.ogg/: Not a directory
D/MediaScanner( 307): stat() failed for /system/media/audio/ringtones/OrganDub.ogg/: Not a directory
D/MediaScanner( 307): stat() failed for /system/media/audio/ringtones/OrganDub.ogg/: Not a directory
D/MediaScanner( 307): stat() failed for /system/media/audio/ringtones/OrganDub.ogg/: Not a directory
D/MediaScanner( 307): stat() failed for /system/media/audio/ringtones/OrganDub.ogg/: Not a directory
D/MediaScanner( 307): stat() failed for /system/media/audio/ringtones/OrganDub.ogg/: Not a directory
D/MediaScanner( 307): stat() failed for /system/media/audio/ringtones/OrganDub.ogg/: Not a directory
D/MediaScanner( 307): stat() failed for /system/media/audio/ringtones/OrganDub.ogg/: Not a directory
D/MediaScanner( 307): stat() failed for /system/media/audio/ringtones/OrganDub.ogg/: Not a directory
D/MediaScanner( 307): stat() failed for /system/media/audio/ringtones/OrganDub.ogg/: Not a directory
D/MediaScanner( 307): stat() failed for /system/media/audio/ringtones/OrganDub.ogg/: Not a directory
D/MediaScanner( 307): stat() failed for /system/media/audio/ringtones/OrganDub.ogg/: Not a directory
D/MediaScanner( 307): stat() failed for /system/media/audio/ringtones/OrganDub.ogg/: Not a directory
D/MediaScanner( 307): stat() failed for /system/media/audio/ringtones/OrganDub.ogg/: Not a directory
D/MediaScanner( 307): stat() failed for /system/media/audio/ringtones/OrganDub.ogg/: Not a directory
D/MediaScanner( 307): stat() failed for /system/media/audio/ringtones/OrganDub.ogg/: Not a directory
D/MediaScanner( 307): stat() failed for /system/media/audio/ringtones/OrganDub.ogg/: Not a directory
D/MediaScanner( 307): stat() failed for /system/media/audio/ringtones/OrganDub.ogg/: Not a directory
D/MediaScanner( 307): stat() failed for /system/media/audio/ringtones/OrganDub.ogg/: Not a directory
D/MediaScanner( 307): stat() failed for /system/media/audio/ringtones/OrganDub.ogg/: Not a directory
D/MediaScanner( 307): stat() failed for /system/media/audio/ringtones/OrganDub.ogg/: Not a directory
D/MediaScanner( 307): stat() failed for /system/media/audio/ringtones/OrganDub.ogg/: Not a directory
D/MediaScanner( 307): stat() failed for /system/media/audio/ringtones/OrganDub.ogg/: Not a directory
D/MediaScanner( 307): prescan time: 299ms
D/MediaScanner( 307): scan time: 125ms
D/MediaScanner( 307): postscan time: 1ms
D/MediaScanner( 307): total time: 425ms
I/InputReader( 137): Device reconfigured: id=0x10000, name=ti-tsc-adcc, display size is now 800x480
I/InputManager-Callbacks( 137): No virtual keys found for device ti-tsc-adcc.
D/MediaScannerService( 307): done scanning volume internal
I/ActivityManager( 137): Start proc com.android.bluetooth for broadcast com.android.bluetooth/.opp.BluetoothOppReceiver: pid=338 uid=10013 gids={3003, 3002, 3001, 1015}
D/EAS SyncManager( 324): !!! EAS SyncManager, onCreate
D/Eas Debug( 324): Logging:
D/EAS SyncManager( 324): !!! EAS SyncManager, onDestroy
D/dalvikvm( 71): GC_EXPLICIT freed 10K, 50% free 2710K/5379K, external 716K/1038K, paused 417ms
D/Email ( 324): BOOT_COMPLETED
D/dalvikvm( 71): GC_EXPLICIT freed <1K, 50% free 2710K/5379K, external 716K/1038K, paused 303ms
D/EAS SyncManager( 324): !!! EAS SyncManager, onCreate
D/EAS SyncManager( 324): !!! EAS SyncManager, onStartCommand
I/ActivityThread( 338): Pub com.android.bluetooth.opp: com.android.bluetooth.opp.BluetoothOppProvider
D/dalvikvm( 71): GC_EXPLICIT freed <1K, 50% free 2710K/5379K, external 716K/1038K, paused 233ms
D/EAS SyncManager( 324): !!! EAS SyncManager, stopping self
D/EAS SyncManager( 324): !!! EAS SyncManager, onDestroy
D/dalvikvm( 338): GC_CONCURRENT freed 397K, 51% free 2785K/5639K, external 716K/1038K, paused 4ms+21ms
I/ActivityManager( 137): Start proc com.android.deskclock for broadcast com.android.deskclock/.AlarmInitReceiver: pid=352 uid=10023 gids={}
D/dalvikvm( 324): GC_CONCURRENT freed 328K, 50% free 2883K/5703K, external 716K/1038K, paused 5ms+40ms
I/ActivityThread( 352): Pub com.android.deskclock: com.android.deskclock.AlarmProvider
I/ActivityManager( 137): Start proc com.android.mms for broadcast com.android.mms/.transaction.MmsSystemEventReceiver: pid=368 uid=10028 gids={3003, 1015}
I/ActivityThread( 368): Pub com.android.mms.SuggestionsProvider: com.android.mms.SuggestionsProvider
I/ActivityManager( 137): Start proc com.android.music for broadcast com.android.music/.MediaAppWidgetProvider: pid=386 uid=10004 gids={3003, 1015}
D/dalvikvm( 368): GC_CONCURRENT freed 488K, 51% free 2896K/5831K, external 716K/1038K, paused 14ms+6ms
D/dalvikvm( 217): GREF has increased to 201
I/ActivityManager( 137): Start proc com.android.quicksearchbox for broadcast com.android.quicksearchbox/.SearchWidgetProvider: pid=395 uid=10012 gids={3003}
I/ActivityThread( 395): Pub com.android.quicksearchbox.google: com.android.quicksearchbox.google.GoogleSuggestionProvider
I/ActivityThread( 395): Pub com.android.quicksearchbox.shortcuts: com.android.quicksearchbox.ShortcutsProvider
I/ActivityManager( 137): Start proc com.android.protips for broadcast com.android.protips/.ProtipWidget: pid=408 uid=10029 gids={}
I/ActivityManager( 137): Start proc com.cooliris.media for broadcast com.cooliris.media/com.cooliris.cache.BootReceiver: pid=416 uid=10024 gids={1015, 3003}
D/MediaScannerService( 307): start scanning volume external
V/MediaProvider( 307): /mnt/sdcard volume ID: 2097288793
I/ActivityThread( 416): Pub com.cooliris.picasa.contentprovider: com.cooliris.picasa.PicasaContentProvider
D/dalvikvm( 416): GC_CONCURRENT freed 604K, 52% free 2803K/5831K, external 716K/1038K, paused 4ms+5ms
I/MediaProvider( 307): Upgrading media database from version 63 to 100, which will destroy all old data
I/BootReceiver( 416): Got intent with action android.intent.action.MEDIA_MOUNTED
I/BootReceiver( 416): Got intent with action android.intent.action.MEDIA_SCANNER_FINISHED
V/MediaProvider( 307): Attached volume: external
D/dalvikvm( 307): GC_FOR_MALLOC freed 271K, 50% free 2897K/5767K, external 716K/1038K, paused 34ms
D/dalvikvm( 137): GREF has increased to 401
D/dalvikvm( 307): GC_CONCURRENT freed 412K, 51% free 2924K/5895K, external 1026K/1038K, paused 4ms+4ms
D/dalvikvm( 307): GC_EXTERNAL_ALLOC freed 81K, 52% free 2881K/5895K, external 1026K/1038K, paused 52ms
D/dalvikvm( 307): GC_CONCURRENT freed 403K, 51% free 2905K/5895K, external 1194K/1262K, paused 4ms+4ms
V/MediaScanner( 307): pruneDeadThumbnailFiles... android.database.sqlite.SQLiteCursor@4061c958
V/MediaScanner( 307): /pruneDeadThumbnailFiles... android.database.sqlite.SQLiteCursor@4061c958
D/MediaScanner( 307): prescan time: 44ms
D/MediaScanner( 307): scan time: 5491ms
D/MediaScanner( 307): postscan time: 42ms
D/MediaScanner( 307): total time: 5577ms
D/MediaScannerService( 307): done scanning volume external
I/BootReceiver( 416): Got intent with action android.intent.action.MEDIA_SCANNER_FINISHED
D/dalvikvm( 137): GC_EXPLICIT freed 773K, 44% free 4150K/7367K, external 2765K/3965K, paused 71ms
D/dalvikvm( 307): GC_CONCURRENT freed 387K, 51% free 2902K/5895K, external 1194K/1262K, paused 6ms+7ms
D/dalvikvm( 307): GC_CONCURRENT freed 387K, 50% free 2962K/5895K, external 1236K/1262K, paused 7ms+4ms
D/dalvikvm( 307): GC_EXTERNAL_ALLOC freed 108K, 51% free 2892K/5895K, external 1238K/1262K, paused 58ms
W/ActivityManager( 137): finishReceiver called but no pending broadcasts