I/omx-dsp ( 856): 1262472290 [VIDEO.INIT] Buffer 0x1779d8 freed
I/omx-dsp ( 856): 1262472381 [VIDEO.INIT] Buffer 0x177718 freed
I/omx-dsp ( 856): 1262472473 [VIDEO.INIT] Buffer 0x177770 freed
I/omx-dsp ( 856): 1262475219 [VIDEO.INIT] DSP VIDDEC2 decoder cleanup completed
I/omx-dsp ( 856): 1262475250 [VIDEO.INIT] Component deinitialization completed
I/omx-dsp ( 856): 1262475585 [VIDEO.INIT] Component destroyed
I/omx-dsp ( 856): 1262475616 [H264.INIT] AVC decoder component destructed
I/omx-dsp ( 856): 1262475646 [VIDEO.INIT] DLL unregistered
I/CPU ( 1183): Speed max
V/WindowManager( 960): Layout: mDisplayFrozen=false holdScreen=Session{44098908 uid 10029}
V/WindowManager( 960): Layout: mDisplayFrozen=false holdScreen=null
D/AudioHardwareALSA( 856): INFO: EPIPE
V/WindowManager( 960): Layout: mDisplayFrozen=false holdScreen=null
D/AudioHardwareALSA( 856): INFO: EPIPE
D/AudioHardwareALSA( 856): INFO: EPIPE
D/AudioHardwareALSA( 856): INFO: EPIPE
D/AudioHardwareALSA( 856): INFO: EPIPE
D/AudioHardwareALSA( 856): INFO: EPIPE
D/AudioHardwareALSA( 856): INFO: EPIPE
D/AudioHardwareALSA( 856): INFO: EPIPE
D/AudioHardwareALSA( 856): INFO: EPIPE
D/AudioHardwareALSA( 856): INFO: EPIPE
D/AudioHardwareALSA( 856): INFO: EPIPE
D/AudioHardwareALSA( 856): INFO: EPIPE
D/AudioHardwareALSA( 856): INFO: EPIPE
D/AudioHardwareALSA( 856): INFO: EPIPE
D/AudioHardwareALSA( 856): INFO: EPIPE
D/AudioHardwareALSA( 856): INFO: EPIPE
D/AudioHardwareALSA( 856): INFO: EPIPE
D/AudioHardwareALSA( 856): INFO: EPIPE
D/AudioHardwareALSA( 856): INFO: EPIPE
D/AudioHardwareALSA( 856): INFO: EPIPE
D/AudioHardwareALSA( 856): INFO: EPIPE
D/AudioHardwareALSA( 856): INFO: EPIPE
D/AudioHardwareALSA( 856): INFO: EPIPE
D/AudioHardwareALSA( 856): INFO: EPIPE
D/AudioHardwareALSA( 856): INFO: EPIPE
D/AudioHardwareALSA( 856): INFO: EPIPE
D/AudioHardwareALSA( 856): INFO: EPIPE
D/AudioHardwareALSA( 856): INFO: EPIPE
D/AudioHardwareALSA( 856): INFO: EPIPE
D/AudioHardwareALSA( 856): INFO: EPIPE
D/AudioHardwareALSA( 856): INFO: EPIPE
D/AudioHardwareALSA( 856): INFO: EPIPE
D/AudioHardwareALSA( 856): INFO: EPIPE
D/AudioHardwareALSA( 856): INFO: EPIPE
D/AudioHardwareALSA( 856): INFO: EPIPE
D/AudioHardwareALSA( 856): INFO: EPIPE
D/AudioHardwareALSA( 856): INFO: EPIPE
D/AudioHardwareALSA( 856): INFO: EPIPE
D/AudioHardwareALSA( 856): INFO: EPIPE
D/AudioHardwareALSA( 856): INFO: EPIPE
D/AudioHardwareALSA( 856): INFO: EPIPE
D/AudioHardwareALSA( 856): INFO: EPIPE
D/AudioHardwareALSA( 856): INFO: EPIPE
D/AudioHardwareALSA( 856): INFO: EPIPE
D/AudioHardwareALSA( 856): INFO: EPIPE
D/AudioHardwareALSA( 856): INFO: EPIPE
D/AudioHardwareALSA( 856): INFO: EPIPE
D/AudioHardwareALSA( 856): INFO: EPIPE
D/AudioHardwareALSA( 856): INFO: EPIPE
D/AudioHardwareALSA( 856): INFO: EPIPE
D/AudioHardwareALSA( 856): INFO: EPIPE
D/AudioHardwareALSA( 856): INFO: EPIPE
D/AudioHardwareALSA( 856): INFO: EPIPE
D/AudioHardwareALSA( 856): INFO: EPIPE
D/AudioHardwareALSA( 856): INFO: EPIPE
D/AudioHardwareALSA( 856): INFO: EPIPE
D/AudioHardwareALSA( 856): INFO: EPIPE
D/AudioHardwareALSA( 856): INFO: EPIPE
D/AudioHardwareALSA( 856): INFO: EPIPE
E/AudioHardwareALSA( 856): CALLING STANDBY
V/WindowManager( 960): Layout: mDisplayFrozen=false holdScreen=null
V/WindowManager( 960): Layout: mDisplayFrozen=false holdScreen=null
V/WindowManager( 960): Layout: mDisplayFrozen=false holdScreen=null
V/WindowManager( 960): Layout: mDisplayFrozen=false holdScreen=null
V/WindowManager( 960): Layout: mDisplayFrozen=false holdScreen=null
V/WindowManager( 960): Layout: mDisplayFrozen=false holdScreen=null
V/WindowManager( 960): Layout: mDisplayFrozen=false holdScreen=null
V/WindowManager( 960): Layout: mDisplayFrozen=false holdScreen=null
I/CPU ( 1183): Speed max
V/WindowManager( 960): Layout: mDisplayFrozen=false holdScreen=null
V/WindowManager( 960): Layout: mDisplayFrozen=false holdScreen=null
V/WindowManager( 960): Layout: mDisplayFrozen=false holdScreen=null
D/dalvikvm( 1183): GC_EXPLICIT freed 5470 objects / 355504 bytes in 35ms
D/WindowManager( 960): interceptKeyTq event=android.view.RawInputEvent@441841f0 keycode=0 screenIsOn=true keyguardActive=false
I/KeyInputQueue( 960): gotoSleep ??0
D/WindowManager( 960): interceptKeyTq event=android.view.RawInputEvent@441841f0 keycode=0 screenIsOn=true keyguardActive=false
I/KeyInputQueue( 960): gotoSleep ??0
I/ActivityManager( 960): Starting activity: Intent { act=android.intent.action.MAIN flg=0x10000000 cmp=tw.Enttek/.startAnime }
V/WindowManager( 960): Layout: mDisplayFrozen=false holdScreen=null
V/WindowManager( 960): Layout: mDisplayFrozen=false holdScreen=null
I/CPU ( 1183): Speed max
I/CPU ( 1183): Speed max
V/WindowManager( 960): Layout: mDisplayFrozen=false holdScreen=null
V/WindowManager( 960): Layout: mDisplayFrozen=false holdScreen=null
V/WindowManager( 960): Layout: mDisplayFrozen=false holdScreen=null
V/WindowManager( 960): Layout: mDisplayFrozen=false holdScreen=null
V/WindowManager( 960): Layout: mDisplayFrozen=false holdScreen=null
I/ActivityManager( 960): Displayed activity tw.Enttek/.startAnime: 157 ms (total 157 ms)
V/WindowManager( 960): Layout: mDisplayFrozen=false holdScreen=null
I/omx-dsp ( 856): 1276558959 [VIDEO.INIT] Register DLL within Opencore
I/omx-dsp ( 856): 1276559143 [VIDEO.INIT] Component constructed successfully
I/omx-dsp ( 856): 1276559173 [H264.INIT] AVC decoder component constructed
I/omx-dsp ( 856): 1276730194 [VIDEO.INIT] Allocated input buffer: 460800 bytes
I/omx-dsp ( 856): 1276730651 [VIDEO.INIT] DSP VIDDEC2 codec initialized
I/omx-dsp ( 856): 1276730682 [H264.INIT] AVC video decoder initialized
I/omx-dsp ( 856): 1276730712 [VIDEO.INIT] Component initialization completed
I/omx-dsp ( 856): 1276731201 [VIDEO.INIT] Output buffer #0 allocated: 0x17bfb0
I/omx-dsp ( 856): 1276731292 [VIDEO.INIT] Output buffer #1 allocated: 0x17c008
I/omx-dsp ( 856): 1276731414 [VIDEO.INIT] Output buffer #2 allocated: 0x17c060
I/omx-dsp ( 856): 1276731475 [VIDEO.INIT] Output buffer #3 allocated: 0x17c0b8
I/omx-dsp ( 856): 1276731567 [VIDEO.INIT] Output buffer #4 allocated: 0x17c110
I/omx-dsp ( 856): 1276731658 [VIDEO.INIT] Output buffer #5 allocated: 0x17c168
I/omx-dsp ( 856): 1276731750 [VIDEO.INIT] Output buffer #6 allocated: 0x17c1c0
I/omx-dsp ( 856): 1276731842 [VIDEO.INIT] Output buffer #7 allocated: 0x17c218
I/omx-dsp ( 856): 1276731933 [VIDEO.INIT] Output buffer #8 allocated: 0x17c270
W/MediaPlayer( 1183): info/warning (1, 44)
I/MediaPlayer( 1183): Info (1,44)
D/MediaPlayer( 1183): getMetadata
V/WindowManager( 960): Layout: mDisplayFrozen=false holdScreen=Session{44098908 uid 10029}
D/TIOverlay( 960): overlay_createOverlay:IN w=640 h=480 format=22
I/Overlay ( 960): v4l2_overlay_init:: w=320 h=240
I/Overlay ( 960): v4l2_overlay_init:: w=640 h=480
I/Overlay ( 960): v4l2_overlay_init:: w=640 h=480
I/Overlay ( 960): 4 buffers allocated, 4 requested
I/Overlay ( 960): buffer cookie is 2
I/TIOverlay( 960): Opened video1/fd=82/obj=002e96b0/shm=81/size=4096
D/TIOverlay( 960): overlay_createOverlay: OUT
I/TIOverlay( 960): Position/X0/Y0/W0/H0
I/TIOverlay( 960): Adjusted Position/X0/Y0/W640/H480
I/TIOverlay( 960): Rotation/0
I/Overlay ( 960): v4l2_overlay_reinit:: w=640 h=480
I/Overlay ( 960): v4l2_overlay_init:: w=640 h=480
I/Overlay ( 960): v4l2_overlay_init:: w=640 h=480
I/Overlay ( 960): v4l2_overlay_set_position:: w=640 h=480
I/Overlay ( 960): v4l2_overlay_set_position:: w=640 h=480
I/Overlay ( 960): dumping driver state:
I/Overlay ( 960): output pixfmt: w 640, h 480, colorsapce 7, pixfmt UYVY
I/Overlay ( 960): v4l2_overlay window: l 0, t 0, w 640, h 480
I/Overlay ( 960): output crop: l 0, t 0, w 640, h 480
I/TIOverlay( 960): Postponing Stream Enable/1/0
I/VideoMio34xx( 856): Actual resolution: 640x480
I/VideoMio34xx( 856): Video resolution: 640x480
D/TIALSAModule( 856): open called for devices 00000000 in mode 0...
I/TIALSAModule( 856): Initialized ALSA PLAYBACK device default
E/AudioHardwareALSA( 856): RE-OPEN AFTER STANDBY:: took 48 msecs
E/TIOverlay( 856): Queue more buffers before attempting to dequeue
I/VideoMio34xx( 856): Dequeue FAIL from writeFrameBuf
E/TIOverlay( 856): Queue more buffers before attempting to dequeue
I/VideoMio34xx( 856): Dequeue FAIL from writeFrameBuf
E/TIOverlay( 856): Queue more buffers before attempting to dequeue
I/VideoMio34xx( 856): Dequeue FAIL from writeFrameBuf
D/dalvikvm( 1060): GC_EXPLICIT freed 6245 objects / 298456 bytes in 42ms
D/VideoMio34xx( 856): AndroidSurfaceOutputOmap34xx::writeAsync() called with Notification info.
I/ActivityManager( 960): Starting activity: Intent { cmp=tw.Enttek/.VOD }
I/TIOverlay( 960): Nothing to do!
V/WindowManager( 960): Layout: mDisplayFrozen=false holdScreen=Session{44098908 uid 10029}
I/Class XML( 1183): 32 24
I/XX ( 1183): XXX3
I/XXX ( 1183): Movie
I/XXX ( 1183): Music
I/XXX ( 1183): Game
I/AD FIle ( 1183): aaa.mp4 /vod/advideo/aaa.mp4
I/AD FIle ( 1183): enttek_demo.mp4 /vod/advideo/enttek_demo.mp4
I/Ad Set ( 1183): Start Ad COnf
I/Ad conf ( 1183): #FFCC4311
D/AudioHardwareALSA( 856): INFO: EPIPE
I/marquee color( 1183): ffcc4311
I/TITLE XML( 1183): Enttek VOD Technology
I/IV ( 1183): /vod/background.jpg
D/AudioHardwareALSA( 856): INFO: EPIPE
I/CPU ( 1183): Speed max
D/TIOverlay( 960): overlay_destroyOverlay:IN dev (0x12a958) and overlay (0x2e96b0)
I/TIOverlay( 960): Destroying overlay/fd=82/obj=002e96b0
D/TIOverlay( 960): overlay_destroyOverlay:OUT
I/omx-dsp ( 856): 1283380920 [VIDEO.INIT] Buffer 0x17c008 freed
I/omx-dsp ( 856): 1283381042 [VIDEO.INIT] Buffer 0x17c110 freed
I/omx-dsp ( 856): 1283381134 [VIDEO.INIT] Buffer 0x17c0b8 freed
I/omx-dsp ( 856): 1283381256 [VIDEO.INIT] Buffer 0x17c060 freed
I/omx-dsp ( 856): 1283381347 [VIDEO.INIT] Buffer 0x17c168 freed
I/omx-dsp ( 856): 1283381439 [VIDEO.INIT] Buffer 0x17c1c0 freed
I/omx-dsp ( 856): 1283381530 [VIDEO.INIT] Buffer 0x17c270 freed
I/omx-dsp ( 856): 1283381622 [VIDEO.INIT] Buffer 0x17c218 freed
I/omx-dsp ( 856): 1283381713 [VIDEO.INIT] Buffer 0x17bfb0 freed
I/omx-dsp ( 856): 1283387542 [VIDEO.INIT] DSP VIDDEC2 decoder cleanup completed
I/omx-dsp ( 856): 1283387603 [VIDEO.INIT] Component deinitialization completed
I/omx-dsp ( 856): 1283387969 [VIDEO.INIT] Component destroyed
I/omx-dsp ( 856): 1283388000 [H264.INIT] AVC decoder component destructed
I/omx-dsp ( 856): 1283388031 [VIDEO.INIT] DLL unregistered
D/AudioHardwareALSA( 856): INFO: EPIPE
V/WindowManager( 960): Layout: mDisplayFrozen=false holdScreen=Session{44098908 uid 10029}
V/WindowManager( 960): Layout: mDisplayFrozen=false holdScreen=null
V/WindowManager( 960): Layout: mDisplayFrozen=false holdScreen=null
D/AudioHardwareALSA( 856): INFO: EPIPE
V/WindowManager( 960): Layout: mDisplayFrozen=false holdScreen=null
I/VOD ( 1183): convert is NULL
I/VOD ( 1183): convert is NULL
I/VOD ( 1183): convert is NULL
D/AudioHardwareALSA( 856): INFO: EPIPE
D/dalvikvm( 1183): GC_EXTERNAL_ALLOC freed 3406 objects / 314000 bytes in 34ms
D/AudioHardwareALSA( 856): INFO: EPIPE
V/WindowManager( 960): Layout: mDisplayFrozen=false holdScreen=null
V/WindowManager( 960): Layout: mDisplayFrozen=false holdScreen=null
D/AudioHardwareALSA( 856): INFO: EPIPE
V/WindowManager( 960): Layout: mDisplayFrozen=false holdScreen=null
I/ActivityManager( 960): Displayed activity tw.Enttek/.VOD: 383 ms (total 383 ms)
V/WindowManager( 960): Layout: mDisplayFrozen=false holdScreen=null
V/WindowManager( 960): Layout: mDisplayFrozen=false holdScreen=null
V/WindowManager( 960): Layout: mDisplayFrozen=false holdScreen=null
D/AudioHardwareALSA( 856): INFO: EPIPE
V/WindowManager( 960): Layout: mDisplayFrozen=false holdScreen=null
V/WindowManager( 960): Layout: mDisplayFrozen=false holdScreen=null
V/WindowManager( 960): Layout: mDisplayFrozen=false holdScreen=null
D/AudioHardwareALSA( 856): INFO: EPIPE
D/AudioHardwareALSA( 856): INFO: EPIPE
D/AudioHardwareALSA( 856): INFO: EPIPE
D/AudioHardwareALSA( 856): INFO: EPIPE
D/AudioHardwareALSA( 856): INFO: EPIPE
D/AudioHardwareALSA( 856): INFO: EPIPE
D/AudioHardwareALSA( 856): INFO: EPIPE
D/AudioHardwareALSA( 856): INFO: EPIPE
D/AudioHardwareALSA( 856): INFO: EPIPE
D/AudioHardwareALSA( 856): INFO: EPIPE
D/AudioHardwareALSA( 856): INFO: EPIPE
D/AudioHardwareALSA( 856): INFO: EPIPE
D/AudioHardwareALSA( 856): INFO: EPIPE
D/AudioHardwareALSA( 856): INFO: EPIPE
D/AudioHardwareALSA( 856): INFO: EPIPE
D/AudioHardwareALSA( 856): INFO: EPIPE
D/AudioHardwareALSA( 856): INFO: EPIPE
D/AudioHardwareALSA( 856): INFO: EPIPE
D/AudioHardwareALSA( 856): INFO: EPIPE
D/AudioHardwareALSA( 856): INFO: EPIPE
D/AudioHardwareALSA( 856): INFO: EPIPE
D/AudioHardwareALSA( 856): INFO: EPIPE
D/AudioHardwareALSA( 856): INFO: EPIPE
D/AudioHardwareALSA( 856): INFO: EPIPE
D/AudioHardwareALSA( 856): INFO: EPIPE
D/AudioHardwareALSA( 856): INFO: EPIPE
D/AudioHardwareALSA( 856): INFO: EPIPE
D/AudioHardwareALSA( 856): INFO: EPIPE
D/AudioHardwareALSA( 856): INFO: EPIPE
D/AudioHardwareALSA( 856): INFO: EPIPE
D/AudioHardwareALSA( 856): INFO: EPIPE
D/AudioHardwareALSA( 856): INFO: EPIPE
D/AudioHardwareALSA( 856): INFO: EPIPE
D/AudioHardwareALSA( 856): INFO: EPIPE
D/AudioHardwareALSA( 856): INFO: EPIPE
D/AudioHardwareALSA( 856): INFO: EPIPE
D/AudioHardwareALSA( 856): INFO: EPIPE
D/AudioHardwareALSA( 856): INFO: EPIPE
D/AudioHardwareALSA( 856): INFO: EPIPE
D/AudioHardwareALSA( 856): INFO: EPIPE
D/AudioHardwareALSA( 856): INFO: EPIPE
D/AudioHardwareALSA( 856): INFO: EPIPE
D/AudioHardwareALSA( 856): INFO: EPIPE
D/AudioHardwareALSA( 856): INFO: EPIPE
D/AudioHardwareALSA( 856): INFO: EPIPE
D/AudioHardwareALSA( 856): INFO: EPIPE
D/AudioHardwareALSA( 856): INFO: EPIPE
D/AudioHardwareALSA( 856): INFO: EPIPE
D/AudioHardwareALSA( 856): INFO: EPIPE
E/AudioHardwareALSA( 856): CALLING STANDBY
I/AD position( 1183): 0 2 1288360
I/Ad ( 1183): Path =/vod/advideo/aaa.mp4
V/WindowManager( 960): Layout: mDisplayFrozen=false holdScreen=null
I/omx-dsp ( 856): 1288449523 [VIDEO.INIT] Register DLL within Opencore
I/omx-dsp ( 856): 1288449707 [VIDEO.INIT] Component constructed successfully
I/omx-dsp ( 856): 1288449737 [H264.INIT] AVC decoder component constructed
I/omx-dsp ( 856): 1288643615 [VIDEO.INIT] Allocated input buffer: 460800 bytes
I/omx-dsp ( 856): 1288644195 [VIDEO.INIT] DSP VIDDEC2 codec initialized
I/omx-dsp ( 856): 1288644226 [H264.INIT] AVC video decoder initialized
I/omx-dsp ( 856): 1288644256 [VIDEO.INIT] Component initialization completed
I/omx-dsp ( 856): 1288645111 [VIDEO.INIT] Output buffer #0 allocated: 0x17ff30
I/omx-dsp ( 856): 1288645202 [VIDEO.INIT] Output buffer #1 allocated: 0x17ff88
I/omx-dsp ( 856): 1288645294 [VIDEO.INIT] Output buffer #2 allocated: 0x17ffe0
I/omx-dsp ( 856): 1288645385 [VIDEO.INIT] Output buffer #3 allocated: 0x180038
I/omx-dsp ( 856): 1288645690 [VIDEO.INIT] Output buffer #4 allocated: 0x180090
I/omx-dsp ( 856): 1288645812 [VIDEO.INIT] Output buffer #5 allocated: 0x1800e8
I/omx-dsp ( 856): 1288645904 [VIDEO.INIT] Output buffer #6 allocated: 0x180140
I/omx-dsp ( 856): 1288645996 [VIDEO.INIT] Output buffer #7 allocated: 0x180198
I/omx-dsp ( 856): 1288646087 [VIDEO.INIT] Output buffer #8 allocated: 0x1801f0
W/MediaPlayer( 1183): info/warning (1, 44)
I/MediaPlayer( 1183): Info (1,44)
D/MediaPlayer( 1183): getMetadata
V/WindowManager( 960): Layout: mDisplayFrozen=false holdScreen=Session{44098908 uid 10029}
D/TIOverlay( 960): overlay_createOverlay:IN w=640 h=480 format=22
I/Overlay ( 960): v4l2_overlay_init:: w=640 h=480
I/Overlay ( 960): v4l2_overlay_init:: w=640 h=480
I/Overlay ( 960): v4l2_overlay_init:: w=640 h=480
I/Overlay ( 960): 4 buffers allocated, 4 requested
I/Overlay ( 960): buffer cookie is 2
I/TIOverlay( 960): Opened video1/fd=82/obj=002c5ec8/shm=77/size=4096
D/TIOverlay( 960): overlay_createOverlay: OUT
I/VideoMio34xx( 856): Actual resolution: 640x480
I/VideoMio34xx( 856): Video resolution: 640x480
D/TIALSAModule( 856): open called for devices 00000000 in mode 0...
I/TIOverlay( 960): Position/X0/Y0/W0/H0
I/TIOverlay( 960): Adjusted Position/X300/Y102/W320/H240
I/TIOverlay( 960): Rotation/0
I/Overlay ( 960): v4l2_overlay_reinit:: w=640 h=480
I/Overlay ( 960): v4l2_overlay_init:: w=640 h=480
I/Overlay ( 960): v4l2_overlay_init:: w=640 h=480
I/Overlay ( 960): v4l2_overlay_set_position:: w=640 h=480
I/Overlay ( 960): v4l2_overlay_set_position:: w=320 h=240
I/Overlay ( 960): dumping driver state:
I/Overlay ( 960): output pixfmt: w 640, h 480, colorsapce 7, pixfmt UYVY
I/Overlay ( 960): v4l2_overlay window: l 300, t 102, w 320, h 240
I/Overlay ( 960): output crop: l 0, t 0, w 640, h 480
I/TIOverlay( 960): Postponing Stream Enable/1/0
I/TIALSAModule( 856): Initialized ALSA PLAYBACK device default
E/AudioHardwareALSA( 856): RE-OPEN AFTER STANDBY:: took 7 msecs
I/TIOverlay( 960): Nothing to do!
V/WindowManager( 960): Layout: mDisplayFrozen=false holdScreen=Session{44098908 uid 10029}
E/TIOverlay( 856): Queue more buffers before attempting to dequeue
I/VideoMio34xx( 856): Dequeue FAIL from writeFrameBuf
E/TIOverlay( 856): Queue more buffers before attempting to dequeue
I/VideoMio34xx( 856): Dequeue FAIL from writeFrameBuf
E/TIOverlay( 856): Queue more buffers before attempting to dequeue
I/VideoMio34xx( 856): Dequeue FAIL from writeFrameBuf
D/WindowManager( 960): interceptKeyTq event=android.view.RawInputEvent@441841f0 keycode=0 screenIsOn=true keyguardActive=false
I/KeyInputQueue( 960): gotoSleep ??0
D/WindowManager( 960): interceptKeyTq event=android.view.RawInputEvent@441841f0 keycode=0 screenIsOn=true keyguardActive=false
I/KeyInputQueue( 960): gotoSleep ??0
I/Path ( 1183): /vod/menu1_1/detial.xml
I/click ( 1183): /vod/1
I/Class XML( 1183): 32 24
I/XX ( 1183): XXX3
I/XXX ( 1183): West
I/XXX ( 1183): Taiwan
I/XXX ( 1183): Japan
I/Ad Set ( 1183): Start Ad COnf
I/Ad conf ( 1183): #FFCC4311
D/AudioHardwareALSA( 856): INFO: EPIPE
D/AudioHardwareALSA( 856): INFO: EPIPE
D/TIOverlay( 960): overlay_destroyOverlay:IN dev (0x12a958) and overlay (0x2c5ec8)
I/TIOverlay( 960): Destroying overlay/fd=82/obj=002c5ec8
D/TIOverlay( 960): overlay_destroyOverlay:OUT
I/omx-dsp ( 856): 1295261413 [VIDEO.INIT] Buffer 0x180038 freed
I/omx-dsp ( 856): 1295261535 [VIDEO.INIT] Buffer 0x1801f0 freed
I/omx-dsp ( 856): 1295261627 [VIDEO.INIT] Buffer 0x17ff30 freed
I/omx-dsp ( 856): 1295261718 [VIDEO.INIT] Buffer 0x17ff88 freed
I/omx-dsp ( 856): 1295261810 [VIDEO.INIT] Buffer 0x17ffe0 freed
I/omx-dsp ( 856): 1295261901 [VIDEO.INIT] Buffer 0x180090 freed
I/omx-dsp ( 856): 1295261993 [VIDEO.INIT] Buffer 0x1800e8 freed
I/omx-dsp ( 856): 1295262084 [VIDEO.INIT] Buffer 0x180140 freed
I/omx-dsp ( 856): 1295262176 [VIDEO.INIT] Buffer 0x180198 freed
I/omx-dsp ( 856): 1295268432 [VIDEO.INIT] DSP VIDDEC2 decoder cleanup completed
I/omx-dsp ( 856): 1295268493 [VIDEO.INIT] Component deinitialization completed
I/omx-dsp ( 856): 1295268829 [VIDEO.INIT] Component destroyed
I/omx-dsp ( 856): 1295268859 [H264.INIT] AVC decoder component destructed
I/omx-dsp ( 856): 1295268890 [VIDEO.INIT] DLL unregistered
I/marquee color( 1183): ffcc4311
I/IV ( 1183): /vod/menu1_1/background.jpg
D/AudioHardwareALSA( 856): INFO: EPIPE
D/AudioHardwareALSA( 856): INFO: EPIPE
D/dalvikvm( 1183): GC_EXTERNAL_ALLOC freed 3525 objects / 381832 bytes in 33ms
D/AudioHardwareALSA( 856): INFO: EPIPE
V/WindowManager( 960): Layout: mDisplayFrozen=false holdScreen=Session{44098908 uid 10029}
D/AudioHardwareALSA( 856): INFO: EPIPE
V/WindowManager( 960): Layout: mDisplayFrozen=false holdScreen=Session{44098908 uid 10029}
V/WindowManager( 960): Layout: mDisplayFrozen=false holdScreen=null
D/AudioHardwareALSA( 856): INFO: EPIPE
D/AudioHardwareALSA( 856): INFO: EPIPE
D/AudioHardwareALSA( 856): INFO: EPIPE
D/AudioHardwareALSA( 856): INFO: EPIPE
D/AudioHardwareALSA( 856): INFO: EPIPE
D/AudioHardwareALSA( 856): INFO: EPIPE
D/AudioHardwareALSA( 856): INFO: EPIPE
D/AudioHardwareALSA( 856): INFO: EPIPE
D/AudioHardwareALSA( 856): INFO: EPIPE
D/AudioHardwareALSA( 856): INFO: EPIPE
D/AudioHardwareALSA( 856): INFO: EPIPE
D/AudioHardwareALSA( 856): INFO: EPIPE
D/AudioHardwareALSA( 856): INFO: EPIPE
D/AudioHardwareALSA( 856): INFO: EPIPE
D/AudioHardwareALSA( 856): INFO: EPIPE
D/AudioHardwareALSA( 856): INFO: EPIPE
D/AudioHardwareALSA( 856): INFO: EPIPE
D/AudioHardwareALSA( 856): INFO: EPIPE
D/AudioHardwareALSA( 856): INFO: EPIPE
D/AudioHardwareALSA( 856): INFO: EPIPE
D/AudioHardwareALSA( 856): INFO: EPIPE
D/AudioHardwareALSA( 856): INFO: EPIPE
D/AudioHardwareALSA( 856): INFO: EPIPE
D/WindowManager( 960): interceptKeyTq event=android.view.RawInputEvent@441841f0 keycode=0 screenIsOn=true keyguardActive=false
I/KeyInputQueue( 960): gotoSleep ??0
D/AudioHardwareALSA( 856): INFO: EPIPE
D/AudioHardwareALSA( 856): INFO: EPIPE
D/WindowManager( 960): interceptKeyTq event=android.view.RawInputEvent@441841f0 keycode=0 screenIsOn=true keyguardActive=false
I/KeyInputQueue( 960): gotoSleep ??0
D/AudioHardwareALSA( 856): INFO: EPIPE
D/AudioHardwareALSA( 856): INFO: EPIPE
D/AudioHardwareALSA( 856): INFO: EPIPE
D/AudioHardwareALSA( 856): INFO: EPIPE
D/AudioHardwareALSA( 856): INFO: EPIPE
D/AudioHardwareALSA( 856): INFO: EPIPE
D/AudioHardwareALSA( 856): INFO: EPIPE
D/AudioHardwareALSA( 856): INFO: EPIPE
D/AudioHardwareALSA( 856): INFO: EPIPE
D/AudioHardwareALSA( 856): INFO: EPIPE
D/AudioHardwareALSA( 856): INFO: EPIPE
D/AudioHardwareALSA( 856): INFO: EPIPE
D/AudioHardwareALSA( 856): INFO: EPIPE
D/AudioHardwareALSA( 856): INFO: EPIPE
D/AudioHardwareALSA( 856): INFO: EPIPE
D/AudioHardwareALSA( 856): INFO: EPIPE
D/AudioHardwareALSA( 856): INFO: EPIPE
D/AudioHardwareALSA( 856): INFO: EPIPE
D/AudioHardwareALSA( 856): INFO: EPIPE
D/AudioHardwareALSA( 856): INFO: EPIPE
D/AudioHardwareALSA( 856): INFO: EPIPE
D/AudioHardwareALSA( 856): INFO: EPIPE
D/AudioHardwareALSA( 856): INFO: EPIPE
D/AudioHardwareALSA( 856): INFO: EPIPE
D/AudioHardwareALSA( 856): INFO: EPIPE
D/AudioHardwareALSA( 856): INFO: EPIPE
D/AudioHardwareALSA( 856): INFO: EPIPE
D/AudioHardwareALSA( 856): INFO: EPIPE
D/AudioHardwareALSA( 856): INFO: EPIPE
D/AudioHardwareALSA( 856): INFO: EPIPE
D/AudioHardwareALSA( 856): INFO: EPIPE
E/AudioHardwareALSA( 856): CALLING STANDBY
I/AD position( 1183): 0 2 1300273
I/Ad ( 1183): Path =/vod/advideo/aaa.mp4
V/WindowManager( 960): Layout: mDisplayFrozen=false holdScreen=null
I/omx-dsp ( 856): 1300345520 [VIDEO.INIT] Register DLL within Opencore
I/omx-dsp ( 856): 1300345703 [VIDEO.INIT] Component constructed successfully
I/omx-dsp ( 856): 1300345733 [H264.INIT] AVC decoder component constructed
W/InputManagerService( 960): Window already focused, ignoring focus gain of: com.android.internal.view.IInputMethodClient$Stub$Proxy@4403a570
I/omx-dsp ( 856): 1300527496 [VIDEO.INIT] Allocated input buffer: 460800 bytes
I/omx-dsp ( 856): 1300527984 [VIDEO.INIT] DSP VIDDEC2 codec initialized
I/omx-dsp ( 856): 1300528015 [H264.INIT] AVC video decoder initialized
I/omx-dsp ( 856): 1300528045 [VIDEO.INIT] Component initialization completed
I/omx-dsp ( 856): 1300528778 [VIDEO.INIT] Output buffer #0 allocated: 0x11e148
I/omx-dsp ( 856): 1300528900 [VIDEO.INIT] Output buffer #1 allocated: 0x11e1a0
I/omx-dsp ( 856): 1300528991 [VIDEO.INIT] Output buffer #2 allocated: 0x11e1f8
I/omx-dsp ( 856): 1300529083 [VIDEO.INIT] Output buffer #3 allocated: 0x11e250
I/omx-dsp ( 856): 1300529174 [VIDEO.INIT] Output buffer #4 allocated: 0x11e2a8
I/omx-dsp ( 856): 1300529266 [VIDEO.INIT] Output buffer #5 allocated: 0x11e300
I/omx-dsp ( 856): 1300529327 [VIDEO.INIT] Output buffer #6 allocated: 0x11e358
I/omx-dsp ( 856): 1300529418 [VIDEO.INIT] Output buffer #7 allocated: 0x11e3b0
I/omx-dsp ( 856): 1300529510 [VIDEO.INIT] Output buffer #8 allocated: 0x11e408
W/MediaPlayer( 1183): info/warning (1, 44)
I/MediaPlayer( 1183): Info (1,44)
D/MediaPlayer( 1183): getMetadata
V/WindowManager( 960): Layout: mDisplayFrozen=false holdScreen=Session{44098908 uid 10029}
D/TIOverlay( 960): overlay_createOverlay:IN w=640 h=480 format=22
I/Overlay ( 960): v4l2_overlay_init:: w=640 h=480
I/Overlay ( 960): v4l2_overlay_init:: w=640 h=480
I/Overlay ( 960): v4l2_overlay_init:: w=640 h=480
I/Overlay ( 960): 4 buffers allocated, 4 requested
I/Overlay ( 960): buffer cookie is 2
I/TIOverlay( 960): Opened video1/fd=82/obj=002f27b0/shm=77/size=4096
D/TIOverlay( 960): overlay_createOverlay: OUT
I/TIOverlay( 960): Position/X0/Y0/W0/H0
I/TIOverlay( 960): Adjusted Position/X300/Y102/W320/H240
I/TIOverlay( 960): Rotation/0
I/Overlay ( 960): v4l2_overlay_reinit:: w=640 h=480
I/Overlay ( 960): v4l2_overlay_init:: w=640 h=480
I/Overlay ( 960): v4l2_overlay_init:: w=640 h=480
I/Overlay ( 960): v4l2_overlay_set_position:: w=640 h=480
I/Overlay ( 960): v4l2_overlay_set_position:: w=320 h=240
I/Overlay ( 960): dumping driver state:
I/Overlay ( 960): output pixfmt: w 640, h 480, colorsapce 7, pixfmt UYVY
I/Overlay ( 960): v4l2_overlay window: l 300, t 102, w 320, h 240
I/Overlay ( 960): output crop: l 0, t 0, w 640, h 480
I/TIOverlay( 960): Postponing Stream Enable/1/0
I/VideoMio34xx( 856): Actual resolution: 640x480
I/VideoMio34xx( 856): Video resolution: 640x480
D/TIALSAModule( 856): open called for devices 00000000 in mode 0...
I/TIALSAModule( 856): Initialized ALSA PLAYBACK device default
E/AudioHardwareALSA( 856): RE-OPEN AFTER STANDBY:: took 5 msecs
E/TIOverlay( 856): Queue more buffers before attempting to dequeue
I/VideoMio34xx( 856): Dequeue FAIL from writeFrameBuf
E/TIOverlay( 856): Queue more buffers before attempting to dequeue
I/VideoMio34xx( 856): Dequeue FAIL from writeFrameBuf
E/TIOverlay( 856): Queue more buffers before attempting to dequeue
I/VideoMio34xx( 856): Dequeue FAIL from writeFrameBuf
D/WindowManager( 960): interceptKeyTq event=android.view.RawInputEvent@441841f0 keycode=0 screenIsOn=true keyguardActive=false
I/KeyInputQueue( 960): gotoSleep ??0
D/WindowManager( 960): interceptKeyTq event=android.view.RawInputEvent@441841f0 keycode=0 screenIsOn=true keyguardActive=false
I/KeyInputQueue( 960): gotoSleep ??0
I/Path ( 1183): /vod/menu1_1/media_1/detial.xml
I/VOD ( 1183): leafFallery
I/ActivityManager( 960): Starting activity: Intent { cmp=tw.Enttek/.leafGallery (has extras) }
I/TIOverlay( 960): Nothing to do!
V/WindowManager( 960): Layout: mDisplayFrozen=false holdScreen=Session{44098908 uid 10029}
I/TargetPath( 1183): /vod/menu1_1/media_1
I/XX ( 1183): XXX3
I/XXX ( 1183): Fantastic Four
I/XXX ( 1183): iron_man
I/XXX ( 1183): Resident Evil
I/Gallery ( 1183): Image constructor
I/CPU ( 1183): Speed max
D/TIOverlay( 960): overlay_destroyOverlay:IN dev (0x12a958) and overlay (0x2f27b0)
I/TIOverlay( 960): Destroying overlay/fd=82/obj=002f27b0
D/TIOverlay( 960): overlay_destroyOverlay:OUT
I/omx-dsp ( 856): 1303941589 [VIDEO.INIT] Buffer 0x11e250 freed
I/omx-dsp ( 856): 1303943817 [VIDEO.INIT] Buffer 0x11e300 freed
I/omx-dsp ( 856): 1303944000 [VIDEO.INIT] Buffer 0x11e358 freed
I/omx-dsp ( 856): 1303944091 [VIDEO.INIT] Buffer 0x11e3b0 freed
I/omx-dsp ( 856): 1303944183 [VIDEO.INIT] Buffer 0x11e408 freed
I/omx-dsp ( 856): 1303944274 [VIDEO.INIT] Buffer 0x11e148 freed
I/omx-dsp ( 856): 1303944396 [VIDEO.INIT] Buffer 0x11e1a0 freed
I/omx-dsp ( 856): 1303944488 [VIDEO.INIT] Buffer 0x11e1f8 freed
I/omx-dsp ( 856): 1303944580 [VIDEO.INIT] Buffer 0x11e2a8 freed
I/omx-dsp ( 856): 1303950439 [VIDEO.INIT] DSP VIDDEC2 decoder cleanup completed
I/omx-dsp ( 856): 1303950500 [VIDEO.INIT] Component deinitialization completed
I/omx-dsp ( 856): 1303951324 [VIDEO.INIT] Component destroyed
I/omx-dsp ( 856): 1303951385 [H264.INIT] AVC decoder component destructed
I/omx-dsp ( 856): 1303951446 [VIDEO.INIT] DLL unregistered
V/WindowManager( 960): Layout: mDisplayFrozen=false holdScreen=Session{44098908 uid 10029}
I/Gallery ( 1183): GetView
I/ML ( 1183): /vod/menu1_1/media_1/icon/Video2.jpg
V/WindowManager( 960): Layout: mDisplayFrozen=false holdScreen=null
V/WindowManager( 960): Layout: mDisplayFrozen=false holdScreen=null
I/Gallery ( 1183): GetView
I/ML ( 1183): /vod/menu1_1/media_1/icon/Video3.jpg
I/Gallery ( 1183): GetView
I/ML ( 1183): /vod/menu1_1/media_1/icon/Video2.jpg
D/AudioHardwareALSA( 856): INFO: EPIPE
I/ActivityManager( 960): Displayed activity tw.Enttek/.leafGallery: 217 ms (total 217 ms)
D/AudioHardwareALSA( 856): INFO: EPIPE
V/WindowManager( 960): Layout: mDisplayFrozen=false holdScreen=null
V/WindowManager( 960): Layout: mDisplayFrozen=false holdScreen=null
V/WindowManager( 960): Layout: mDisplayFrozen=false holdScreen=null
D/AudioHardwareALSA( 856): INFO: EPIPE
D/AudioHardwareALSA( 856): INFO: EPIPE
D/AudioHardwareALSA( 856): INFO: EPIPE
D/AudioHardwareALSA( 856): INFO: EPIPE
D/AudioHardwareALSA( 856): INFO: EPIPE
D/AudioHardwareALSA( 856): INFO: EPIPE
D/AudioHardwareALSA( 856): INFO: EPIPE
D/AudioHardwareALSA( 856): INFO: EPIPE
D/AudioHardwareALSA( 856): INFO: EPIPE
D/AudioHardwareALSA( 856): INFO: EPIPE
D/AudioHardwareALSA( 856): INFO: EPIPE
D/AudioHardwareALSA( 856): INFO: EPIPE
D/AudioHardwareALSA( 856): INFO: EPIPE
D/AudioHardwareALSA( 856): INFO: EPIPE
D/AudioHardwareALSA( 856): INFO: EPIPE
D/AudioHardwareALSA( 856): INFO: EPIPE
D/WindowManager( 960): interceptKeyTq event=android.view.RawInputEvent@441841f0 keycode=0 screenIsOn=true keyguardActive=false
D/AudioHardwareALSA( 856): INFO: EPIPE
I/KeyInputQueue( 960): gotoSleep ??0
D/AudioHardwareALSA( 856): INFO: EPIPE
D/AudioHardwareALSA( 856): INFO: EPIPE
D/WindowManager( 960): interceptKeyTq event=android.view.RawInputEvent@441841f0 keycode=0 screenIsOn=true keyguardActive=false
I/KeyInputQueue( 960): gotoSleep ??0
D/AudioHardwareALSA( 856): INFO: EPIPE
V/WindowManager( 960): Layout: mDisplayFrozen=false holdScreen=null
D/AudioHardwareALSA( 856): INFO: EPIPE
V/WindowManager( 960): Layout: mDisplayFrozen=false holdScreen=null
D/AudioHardwareALSA( 856): INFO: EPIPE
D/AudioHardwareALSA( 856): INFO: EPIPE
D/AudioHardwareALSA( 856): INFO: EPIPE
D/AudioHardwareALSA( 856): INFO: EPIPE
D/AudioHardwareALSA( 856): INFO: EPIPE
D/AudioHardwareALSA( 856): INFO: EPIPE
D/AudioHardwareALSA( 856): INFO: EPIPE
D/AudioHardwareALSA( 856): INFO: EPIPE
D/AudioHardwareALSA( 856): INFO: EPIPE
D/AudioHardwareALSA( 856): INFO: EPIPE
D/AudioHardwareALSA( 856): INFO: EPIPE
D/AudioHardwareALSA( 856): INFO: EPIPE
D/AudioHardwareALSA( 856): INFO: EPIPE
D/AudioHardwareALSA( 856): INFO: EPIPE
D/AudioHardwareALSA( 856): INFO: EPIPE
D/AudioHardwareALSA( 856): INFO: EPIPE
D/AudioHardwareALSA( 856): INFO: EPIPE
D/WindowManager( 960): interceptKeyTq event=android.view.RawInputEvent@441841f0 keycode=0 screenIsOn=true keyguardActive=false
I/KeyInputQueue( 960): gotoSleep ??0
D/AudioHardwareALSA( 856): INFO: EPIPE
D/AudioHardwareALSA( 856): INFO: EPIPE
D/AudioHardwareALSA( 856): INFO: EPIPE
D/AudioHardwareALSA( 856): INFO: EPIPE
D/WindowManager( 960): interceptKeyTq event=android.view.RawInputEvent@441841f0 keycode=0 screenIsOn=true keyguardActive=false
I/KeyInputQueue( 960): gotoSleep ??0
I/mov click( 1183): /vod/menu1_1/media_1/Video2/Video2.mp4
I/ActivityManager( 960): Starting activity: Intent { cmp=tw.Enttek/.movieplayer (has extras) }
V/WindowManager( 960): Layout: mDisplayFrozen=false holdScreen=null
D/AudioHardwareALSA( 856): INFO: EPIPE
V/WindowManager( 960): Layout: mDisplayFrozen=false holdScreen=null
D/AudioHardwareALSA( 856): INFO: EPIPE
I/MP ( 1183): onStart
I/VOD mediaplayer( 1183): OnResume
V/WindowManager( 960): Layout: mDisplayFrozen=false holdScreen=null
V/WindowManager( 960): Layout: mDisplayFrozen=false holdScreen=null
V/WindowManager( 960): Layout: mDisplayFrozen=false holdScreen=null
D/AudioHardwareALSA( 856): INFO: EPIPE
V/WindowManager( 960): Layout: mDisplayFrozen=false holdScreen=null
V/WindowManager( 960): Layout: mDisplayFrozen=false holdScreen=null
I/ActivityManager( 960): Displayed activity tw.Enttek/.movieplayer: 116 ms (total 116 ms)
V/WindowManager( 960): Layout: mDisplayFrozen=false holdScreen=null
V/WindowManager( 960): Layout: mDisplayFrozen=false holdScreen=null
V/WindowManager( 960): Layout: mDisplayFrozen=false holdScreen=null
D/AudioHardwareALSA( 856): INFO: EPIPE
D/AudioHardwareALSA( 856): INFO: EPIPE
D/AudioHardwareALSA( 856): INFO: EPIPE
D/AudioHardwareALSA( 856): INFO: EPIPE
D/AudioHardwareALSA( 856): INFO: EPIPE
D/AudioHardwareALSA( 856): INFO: EPIPE
D/AudioHardwareALSA( 856): INFO: EPIPE
D/AudioHardwareALSA( 856): INFO: EPIPE
D/AudioHardwareALSA( 856): INFO: EPIPE
D/AudioHardwareALSA( 856): INFO: EPIPE
D/AudioHardwareALSA( 856): INFO: EPIPE
D/AudioHardwareALSA( 856): INFO: EPIPE
D/AudioHardwareALSA( 856): INFO: EPIPE
D/AudioHardwareALSA( 856): INFO: EPIPE
D/AudioHardwareALSA( 856): INFO: EPIPE
E/AudioHardwareALSA( 856): CALLING STANDBY
I/omx-dsp ( 856): 1307213226 [VIDEO.INIT] Register DLL within Opencore
I/omx-dsp ( 856): 1307213409 [VIDEO.INIT] Component constructed successfully
I/omx-dsp ( 856): 1307213439 [H264.INIT] AVC decoder component constructed
I/omx-dsp ( 856): 1307385955 [VIDEO.INIT] Allocated input buffer: 760320 bytes
I/omx-dsp ( 856): 1307386505 [VIDEO.INIT] DSP VIDDEC2 codec initialized
I/omx-dsp ( 856): 1307386566 [H264.INIT] AVC video decoder initialized
I/omx-dsp ( 856): 1307386566 [VIDEO.INIT] Component initialization completed
I/omx-dsp ( 856): 1307387359 [VIDEO.INIT] Output buffer #0 allocated: 0x198890
I/omx-dsp ( 856): 1307387481 [VIDEO.INIT] Output buffer #1 allocated: 0x1988e8
I/omx-dsp ( 856): 1307387573 [VIDEO.INIT] Output buffer #2 allocated: 0x198940
I/omx-dsp ( 856): 1307387664 [VIDEO.INIT] Output buffer #3 allocated: 0x198998
I/omx-dsp ( 856): 1307387756 [VIDEO.INIT] Output buffer #4 allocated: 0x1989f0
I/omx-dsp ( 856): 1307387847 [VIDEO.INIT] Output buffer #5 allocated: 0x198a48
I/omx-dsp ( 856): 1307387939 [VIDEO.INIT] Output buffer #6 allocated: 0x198aa0
I/omx-dsp ( 856): 1307388031 [VIDEO.INIT] Output buffer #7 allocated: 0x198af8
I/omx-dsp ( 856): 1307388122 [VIDEO.INIT] Output buffer #8 allocated: 0x198b50
W/MediaPlayer( 1183): info/warning (1, 44)
I/movieplayer( 1183): Duration5766341
I/MediaPlayer( 1183): Info (1,44)
D/TIOverlay( 960): overlay_createOverlay:IN w=960 h=528 format=22
I/Overlay ( 960): v4l2_overlay_init:: w=640 h=480
I/Overlay ( 960): v4l2_overlay_init:: w=960 h=528
I/Overlay ( 960): v4l2_overlay_init:: w=960 h=528
I/Overlay ( 960): 4 buffers allocated, 4 requested
I/Overlay ( 960): buffer cookie is 2
I/TIOverlay( 960): Opened video1/fd=82/obj=00302210/shm=81/size=4096
D/TIOverlay( 960): overlay_createOverlay: OUT
I/TIOverlay( 960): Position/X0/Y0/W0/H0
I/TIOverlay( 960): Adjusted Position/X0/Y0/W640/H480
I/TIOverlay( 960): Rotation/0
I/Overlay ( 960): v4l2_overlay_reinit:: w=960 h=528
I/Overlay ( 960): v4l2_overlay_init:: w=960 h=528
I/Overlay ( 960): v4l2_overlay_init:: w=960 h=528
I/Overlay ( 960): v4l2_overlay_set_position:: w=640 h=480
I/Overlay ( 960): v4l2_overlay_set_position:: w=640 h=480
I/Overlay ( 960): dumping driver state:
I/Overlay ( 960): output pixfmt: w 960, h 528, colorsapce 7, pixfmt UYVY
I/Overlay ( 960): v4l2_overlay window: l 0, t 0, w 640, h 480
I/Overlay ( 960): output crop: l 160, t 24, w 640, h 480
I/TIOverlay( 960): Postponing Stream Enable/1/0
I/VideoMio34xx( 856): Actual resolution: 960x528
I/VideoMio34xx( 856): Video resolution: 960x528
D/TIALSAModule( 856): open called for devices 00000000 in mode 0...
I/TIALSAModule( 856): Initialized ALSA PLAYBACK device default
E/AudioHardwareALSA( 856): RE-OPEN AFTER STANDBY:: took 5 msecs
E/TIOverlay( 856): Queue more buffers before attempting to dequeue
I/VideoMio34xx( 856): Dequeue FAIL from writeFrameBuf
E/TIOverlay( 856): Queue more buffers before attempting to dequeue
I/VideoMio34xx( 856): Dequeue FAIL from writeFrameBuf
E/TIOverlay( 856): Queue more buffers before attempting to dequeue
I/VideoMio34xx( 856): Dequeue FAIL from writeFrameBuf
D/WindowManager( 960): interceptKeyTq event=android.view.RawInputEvent@441841f0 keycode=0 screenIsOn=true keyguardActive=false
I/KeyInputQueue( 960): gotoSleep ??0
D/WindowManager( 960): interceptKeyTq event=android.view.RawInputEvent@441841f0 keycode=0 screenIsOn=true keyguardActive=false
I/KeyInputQueue( 960): gotoSleep ??0
D/dalvikvm( 960): GC_FOR_MALLOC freed 12072 objects / 665672 bytes in 75ms
D/WindowManager( 960): interceptKeyTq event=android.view.RawInputEvent@441841f0 keycode=0 screenIsOn=true keyguardActive=false
I/KeyInputQueue( 960): gotoSleep ??0
D/WindowManager( 960): interceptKeyTq event=android.view.RawInputEvent@441841f0 keycode=0 screenIsOn=true keyguardActive=false
I/KeyInputQueue( 960): gotoSleep ??0 I/Mediaplayer Seek set( 1183): 1909 1909000 5766
D/AudioHardwareALSA( 856): INFO: EPIPE
W/MediaPlayer( 1183): info/warning (1, 44)
I/MediaPlayer( 1183): Info (1,44)
D/AudioHardwareALSA( 856): INFO: EPIPE
I/Movie ( 1183): Seek DOne
D/AudioHardwareALSA( 856): INFO: EPIPE
D/AudioHardwareALSA( 856): INFO: EPIPE
D/AudioHardwareALSA( 856): INFO: EPIPE
D/AudioHardwareALSA( 856): INFO: EPIPE
D/AudioHardwareALSA( 856): INFO: EPIPE
D/AudioHardwareALSA( 856): INFO: EPIPE
D/AudioHardwareALSA( 856): INFO: EPIPE
D/AudioHardwareALSA( 856): INFO: EPIPE
D/AudioHardwareALSA( 856): INFO: EPIPE
D/AudioHardwareALSA( 856): INFO: EPIPE
D/AudioHardwareALSA( 856): INFO: EPIPE
D/AudioHardwareALSA( 856): INFO: EPIPE
D/AudioHardwareALSA( 856): INFO: EPIPE
D/AudioHardwareALSA( 856): INFO: EPIPE
D/AudioHardwareALSA( 856): INFO: EPIPE
D/AudioHardwareALSA( 856): INFO: EPIPE
D/AudioHardwareALSA( 856): INFO: EPIPE
D/AudioHardwareALSA( 856): INFO: EPIPE
D/AudioHardwareALSA( 856): INFO: EPIPE
D/AudioHardwareALSA( 856): INFO: EPIPE
D/AudioHardwareALSA( 856): INFO: EPIPE
D/AudioHardwareALSA( 856): INFO: EPIPE
D/AudioHardwareALSA( 856): INFO: EPIPE
D/AudioHardwareALSA( 856): INFO: EPIPE
D/AudioHardwareALSA( 856): INFO: EPIPE
D/AudioHardwareALSA( 856): INFO: EPIPE
D/AudioHardwareALSA( 856): INFO: EPIPE
D/AudioHardwareALSA( 856): INFO: EPIPE
D/AudioHardwareALSA( 856): INFO: EPIPE
D/AudioHardwareALSA( 856): INFO: EPIPE
D/AudioHardwareALSA( 856): INFO: EPIPE
D/AudioHardwareALSA( 856): INFO: EPIPE
D/AudioHardwareALSA( 856): INFO: EPIPE
D/AudioHardwareALSA( 856): INFO: EPIPE
D/AudioHardwareALSA( 856): INFO: EPIPE
D/AudioHardwareALSA( 856): INFO: EPIPE
D/AudioHardwareALSA( 856): INFO: EPIPE
D/AudioHardwareALSA( 856): INFO: EPIPE
D/AudioHardwareALSA( 856): INFO: EPIPE
D/AudioHardwareALSA( 856): INFO: EPIPE
D/AudioHardwareALSA( 856): INFO: EPIPE
D/AudioHardwareALSA( 856): INFO: EPIPE
D/AudioHardwareALSA( 856): INFO: EPIPE
D/AudioHardwareALSA( 856): INFO: EPIPE
D/AudioHardwareALSA( 856): INFO: EPIPE
D/AudioHardwareALSA( 856): INFO: EPIPE
D/AudioHardwareALSA( 856): INFO: EPIPE
D/AudioHardwareALSA( 856): INFO: EPIPE
D/AudioHardwareALSA( 856): INFO: EPIPE
D/AudioHardwareALSA( 856): INFO: EPIPE
D/AudioHardwareALSA( 856): INFO: EPIPE
D/AudioHardwareALSA( 856): INFO: EPIPE
D/AudioHardwareALSA( 856): INFO: EPIPE
D/AudioHardwareALSA( 856): INFO: EPIPE
D/AudioHardwareALSA( 856): INFO: EPIPE
D/AudioHardwareALSA( 856): INFO: EPIPE
D/AudioHardwareALSA( 856): INFO: EPIPE
D/AudioHardwareALSA( 856): INFO: EPIPE
D/AudioHardwareALSA( 856): INFO: EPIPE
D/AudioHardwareALSA( 856): INFO: EPIPE
E/AudioHardwareALSA( 856): CALLING STANDBY
I/movie ( 1183): delay start
D/TIALSAModule( 856): open called for devices 00000000 in mode 0...
I/TIALSAModule( 856): Initialized ALSA PLAYBACK device default
E/AudioHardwareALSA( 856): RE-OPEN AFTER STANDBY:: took 5 msecs
D/WindowManager( 960): interceptKeyTq event=android.view.RawInputEvent@441841f0 keycode=0 screenIsOn=true keyguardActive=false
I/KeyInputQueue( 960): gotoSleep ??0
D/WindowManager( 960): interceptKeyTq event=android.view.RawInputEvent@441841f0 keycode=0 screenIsOn=true keyguardActive=false
I/KeyInputQueue( 960): gotoSleep ??0
D/WindowManager( 960): interceptKeyTq event=android.view.RawInputEvent@441841f0 keycode=0 screenIsOn=true keyguardActive=false
I/KeyInputQueue( 960): gotoSleep ??0
D/WindowManager( 960): interceptKeyTq event=android.view.RawInputEvent@441841f0 keycode=0 screenIsOn=true keyguardActive=false
I/KeyInputQueue( 960): gotoSleep ??0 I/Mediaplayer Seek set( 1183): 2730 2730000 5766
W/MediaPlayer( 1183): info/warning (1, 44)
I/MediaPlayer( 1183): Info (1,44)
D/AudioHardwareALSA( 856): INFO: EPIPE
I/Movie ( 1183): Seek DOne
D/AudioHardwareALSA( 856): INFO: EPIPE
D/AudioHardwareALSA( 856): INFO: EPIPE
D/AudioHardwareALSA( 856): INFO: EPIPE
D/AudioHardwareALSA( 856): INFO: EPIPE
D/AudioHardwareALSA( 856): INFO: EPIPE
D/AudioHardwareALSA( 856): INFO: EPIPE
D/AudioHardwareALSA( 856): INFO: EPIPE
D/AudioHardwareALSA( 856): INFO: EPIPE
D/AudioHardwareALSA( 856): INFO: EPIPE
D/AudioHardwareALSA( 856): INFO: EPIPE
D/AudioHardwareALSA( 856): INFO: EPIPE
D/AudioHardwareALSA( 856): INFO: EPIPE
D/AudioHardwareALSA( 856): INFO: EPIPE
D/AudioHardwareALSA( 856): INFO: EPIPE
D/AudioHardwareALSA( 856): INFO: EPIPE
D/AudioHardwareALSA( 856): INFO: EPIPE
D/AudioHardwareALSA( 856): INFO: EPIPE
D/AudioHardwareALSA( 856): INFO: EPIPE
D/AudioHardwareALSA( 856): INFO: EPIPE
D/AudioHardwareALSA( 856): INFO: EPIPE
D/AudioHardwareALSA( 856): INFO: EPIPE
D/AudioHardwareALSA( 856): INFO: EPIPE
D/AudioHardwareALSA( 856): INFO: EPIPE
D/AudioHardwareALSA( 856): INFO: EPIPE
D/AudioHardwareALSA( 856): INFO: EPIPE
D/AudioHardwareALSA( 856): INFO: EPIPE
D/AudioHardwareALSA( 856): INFO: EPIPE
D/AudioHardwareALSA( 856): INFO: EPIPE
D/AudioHardwareALSA( 856): INFO: EPIPE
D/AudioHardwareALSA( 856): INFO: EPIPE
D/AudioHardwareALSA( 856): INFO: EPIPE
D/AudioHardwareALSA( 856): INFO: EPIPE
D/AudioHardwareALSA( 856): INFO: EPIPE
D/AudioHardwareALSA( 856): INFO: EPIPE
D/AudioHardwareALSA( 856): INFO: EPIPE
D/AudioHardwareALSA( 856): INFO: EPIPE
D/AudioHardwareALSA( 856): INFO: EPIPE
D/AudioHardwareALSA( 856): INFO: EPIPE
D/AudioHardwareALSA( 856): INFO: EPIPE
D/AudioHardwareALSA( 856): INFO: EPIPE
D/AudioHardwareALSA( 856): INFO: EPIPE
D/AudioHardwareALSA( 856): INFO: EPIPE
D/AudioHardwareALSA( 856): INFO: EPIPE
D/AudioHardwareALSA( 856): INFO: EPIPE
D/AudioHardwareALSA( 856): INFO: EPIPE
D/AudioHardwareALSA( 856): INFO: EPIPE
D/AudioHardwareALSA( 856): INFO: EPIPE
D/AudioHardwareALSA( 856): INFO: EPIPE
D/AudioHardwareALSA( 856): INFO: EPIPE
D/AudioHardwareALSA( 856): INFO: EPIPE
D/AudioHardwareALSA( 856): INFO: EPIPE
D/AudioHardwareALSA( 856): INFO: EPIPE
D/AudioHardwareALSA( 856): INFO: EPIPE
D/AudioHardwareALSA( 856): INFO: EPIPE
D/AudioHardwareALSA( 856): INFO: EPIPE
D/AudioHardwareALSA( 856): INFO: EPIPE
D/AudioHardwareALSA( 856): INFO: EPIPE
D/AudioHardwareALSA( 856): INFO: EPIPE
D/AudioHardwareALSA( 856): INFO: EPIPE
D/AudioHardwareALSA( 856): INFO: EPIPE
D/AudioHardwareALSA( 856): INFO: EPIPE
E/AudioHardwareALSA( 856): CALLING STANDBY
I/movie ( 1183): delay start
D/TIALSAModule( 856): open called for devices 00000000 in mode 0...
I/TIALSAModule( 856): Initialized ALSA PLAYBACK device default
E/AudioHardwareALSA( 856): RE-OPEN AFTER STANDBY:: took 5 msecs
D/dalvikvm( 1183): GC_FOR_MALLOC freed 5826 objects / 460952 bytes in 41ms
D/dalvikvm( 1183): GC_FOR_MALLOC freed 8726 objects / 544376 bytes in 38ms
D/dalvikvm( 1183): GC_FOR_MALLOC freed 8309 objects / 524272 bytes in 39ms
D/dalvikvm( 1183): GC_FOR_MALLOC freed 8482 objects / 524272 bytes in 34ms
D/WindowManager( 960): interceptKeyTq event=android.view.RawInputEvent@441841f0 keycode=0 screenIsOn=true keyguardActive=false
I/KeyInputQueue( 960): gotoSleep ??0
W/KeyCharacterMap( 1183): No keyboard for id 65536
W/KeyCharacterMap( 1183): Using default keymap: /system/usr/keychars/qwerty.kcm.bin
D/WindowManager( 960): interceptKeyTq event=android.view.RawInputEvent@441841f0 keycode=0 screenIsOn=true keyguardActive=false
I/Media player( 1183): back press
I/KeyInputQueue( 960): gotoSleep ??0
V/WindowManager( 960): Layout: mDisplayFrozen=false holdScreen=null
I/TIOverlay( 960): Nothing to do!
I/MP ( 1183): onPause
I/MP ( 1183): onPause exit
W/ActivityManager( 960): Activity pause timeout for HistoryRecord{441a8048 tw.Enttek/.movieplayer}
V/WindowManager( 960): Layout: mDisplayFrozen=false holdScreen=null
D/AudioHardwareALSA( 856): INFO: EPIPE
D/AudioHardwareALSA( 856): INFO: EPIPE
D/AudioHardwareALSA( 856): INFO: EPIPE
D/AudioHardwareALSA( 856): INFO: EPIPE
D/AudioHardwareALSA( 856): INFO: EPIPE
D/AudioHardwareALSA( 856): INFO: EPIPE
D/AudioHardwareALSA( 856): INFO: EPIPE
D/AudioHardwareALSA( 856): INFO: EPIPE
D/AudioHardwareALSA( 856): INFO: EPIPE
D/AudioHardwareALSA( 856): INFO: EPIPE
D/AudioHardwareALSA( 856): INFO: EPIPE
D/AudioHardwareALSA( 856): INFO: EPIPE
D/AudioHardwareALSA( 856): INFO: EPIPE
D/AudioHardwareALSA( 856): INFO: EPIPE
D/AudioHardwareALSA( 856): INFO: EPIPE
D/AudioHardwareALSA( 856): INFO: EPIPE
D/AudioHardwareALSA( 856): INFO: EPIPE
D/AudioHardwareALSA( 856): INFO: EPIPE
D/AudioHardwareALSA( 856): INFO: EPIPE
D/AudioHardwareALSA( 856): INFO: EPIPE
D/AudioHardwareALSA( 856): INFO: EPIPE
D/AudioHardwareALSA( 856): INFO: EPIPE
D/AudioHardwareALSA( 856): INFO: EPIPE
D/AudioHardwareALSA( 856): INFO: EPIPE
D/AudioHardwareALSA( 856): INFO: EPIPE
D/AudioHardwareALSA( 856): INFO: EPIPE
D/AudioHardwareALSA( 856): INFO: EPIPE
D/AudioHardwareALSA( 856): INFO: EPIPE
D/AudioHardwareALSA( 856): INFO: EPIPE
D/AudioHardwareALSA( 856): INFO: EPIPE
D/AudioHardwareALSA( 856): INFO: EPIPE
D/AudioHardwareALSA( 856): INFO: EPIPE
D/AudioHardwareALSA( 856): INFO: EPIPE
D/AudioHardwareALSA( 856): INFO: EPIPE
D/AudioHardwareALSA( 856): INFO: EPIPE
E/AudioHardwareALSA( 856): CALLING STANDBY
W/ActivityManager( 960): Activity idle timeout for HistoryRecord{44154648 tw.Enttek/.leafGallery}
D/WindowManager( 960): interceptKeyTq event=android.view.RawInputEvent@441841f0 keycode=0 screenIsOn=true keyguardActive=false
I/KeyInputQueue( 960): gotoSleep ??0
D/WindowManager( 960): interceptKeyTq event=android.view.RawInputEvent@441841f0 keycode=0 screenIsOn=true keyguardActive=false
I/KeyInputQueue( 960): gotoSleep ??0
W/WindowManager( 960): Key dispatching timed out sending to : no window ready for key dispatch
W/WindowManager( 960): Previous dispatch state: {{KeyEvent{action=1 code=4 repeat=0 meta=0 scancode=273 mFlags=8} to Window{441a8ff8 tw.Enttek/tw.Enttek.movieplayer paused=false} @ 2920808 lw=Window{441a8ff8 tw.Enttek/tw.Enttek.movieplayer paused=false} lb=android.os.BinderProxy@441a8e70 fin=false gfw=true ed=true tts=0 wf=false fp=false mcf=Window{441a8ff8 tw.Enttek/tw.Enttek.movieplayer paused=false}}}
W/WindowManager( 960): Current dispatch state: {{KeyEvent{action=0 code=4 repeat=0 meta=0 scancode=273 mFlags=8} to null @ 2937337 lw=null lb=null fin=true gfw=true ed=true tts=0 wf=false fp=false mcf=null}}
I/Process ( 960): Sending signal. PID: 1183 SIG: 3
I/dalvikvm( 1183): threadid=3: reacting to signal 3
I/dalvikvm( 1183): Wrote stack traces to '/data/anr/traces.txt'
I/Process ( 960): Sending signal. PID: 960 SIG: 3
I/dalvikvm( 960): threadid=3: reacting to signal 3
I/dalvikvm( 960): Wrote stack traces to '/data/anr/traces.txt'
I/Process ( 960): Sending signal. PID: 1050 SIG: 3
I/dalvikvm( 1050): threadid=3: reacting to signal 3
I/dalvikvm( 1050): Wrote stack traces to '/data/anr/traces.txt'
I/Process ( 960): Sending signal. PID: 1060 SIG: 3
I/dalvikvm( 1060): threadid=3: reacting to signal 3
I/dalvikvm( 1060): Wrote stack traces to '/data/anr/traces.txt'
I/Process ( 960): Sending signal. PID: 1215 SIG: 3
I/dalvikvm( 1215): threadid=3: reacting to signal 3
I/dalvikvm( 1215): Wrote stack traces to '/data/anr/traces.txt'
I/Process ( 960): Sending signal. PID: 1123 SIG: 3
I/dalvikvm( 1123): threadid=3: reacting to signal 3
I/dalvikvm( 1123): Wrote stack traces to '/data/anr/traces.txt'
I/Process ( 960): Sending signal. PID: 1102 SIG: 3
I/dalvikvm( 1102): threadid=3: reacting to signal 3
I/dalvikvm( 1102): Wrote stack traces to '/data/anr/traces.txt'
I/Process ( 960): Sending signal. PID: 1112 SIG: 3
I/dalvikvm( 1112): threadid=3: reacting to signal 3
I/dalvikvm( 1112): Wrote stack traces to '/data/anr/traces.txt'
I/Process ( 960): Sending signal. PID: 1169 SIG: 3
I/dalvikvm( 1169): threadid=3: reacting to signal 3
I/dalvikvm( 1169): Wrote stack traces to '/data/anr/traces.txt'
I/Process ( 960): Sending signal. PID: 1156 SIG: 3
I/dalvikvm( 1156): threadid=3: reacting to signal 3
I/dalvikvm( 1156): Wrote stack traces to '/data/anr/traces.txt'
I/Process ( 960): Sending signal. PID: 1141 SIG: 3
I/dalvikvm( 1141): threadid=3: reacting to signal 3
I/dalvikvm( 1141): Wrote stack traces to '/data/anr/traces.txt'
I/Process ( 960): Sending signal. PID: 1084 SIG: 3
I/dalvikvm( 1084): threadid=3: reacting to signal 3
I/dalvikvm( 1084): Wrote stack traces to '/data/anr/traces.txt'
E/ActivityManager( 960): ANR in tw.Enttek (tw.Enttek/.leafGallery)
E/ActivityManager( 960): Reason: keyDispatchingTimedOut
E/ActivityManager( 960): Load: 0.37 / 0.08 / 0.03
E/ActivityManager( 960): CPU usage from 16715ms to 30ms ago:
E/ActivityManager( 960): mediaserver: 91% = 91% user + 0% kernel / faults: 39 minor
E/ActivityManager( 960): system_server: 5% = 3% user + 1% kernel / faults: 168 minor 1 major
E/ActivityManager( 960): logcat: 0% = 0% user + 0% kernel / faults: 557 minor
E/ActivityManager( 960): events/0: 0% = 0% user + 0% kernel
E/ActivityManager( 960): pvr_vsync_wq/0: 0% = 0% user + 0% kernel
E/ActivityManager( 960): android.protips: 0% = 0% user + 0% kernel / faults: 160 minor
E/ActivityManager( 960): re-initialized>: 0% = 0% user + 0% kernel / faults: 163 minor
E/ActivityManager( 960): tw.Enttek: 0% = 0% user + 0% kernel / faults: 75 minor 2 major
E/ActivityManager( 960): .cooliris.media: 0% = 0% user + 0% kernel / faults: 176 minor
E/ActivityManager( 960): TOTAL: 98% = 94% user + 2% kernel + 1% irq
D/dalvikvm( 960): GC_FOR_MALLOC freed 8545 objects / 446536 bytes in 167ms
W/WindowManager( 960): No focus window, dropping: KeyEvent{action=0 code=4 repeat=0 meta=0 scancode=273 mFlags=8}
V/WindowManager( 960): Layout: mDisplayFrozen=false holdScreen=null
V/WindowManager( 960): Layout: mDisplayFrozen=false holdScreen=null
D/WindowManager( 960): interceptKeyTq event=android.view.RawInputEvent@441841f0 keycode=0 screenIsOn=true keyguardActive=false
I/KeyInputQueue( 960): gotoSleep ??0
D/WindowManager( 960): interceptKeyTq event=android.view.RawInputEvent@441841f0 keycode=0 screenIsOn=true keyguardActive=false
I/KeyInputQueue( 960): gotoSleep ??0 binder: release 1183:1183 transaction 22267 out, still active
W/ActivityManager( 960): Force finishing activity tw.Enttek/.leafGallery
