I/Process ( 960): Sending signal. PID: 1183 SIG: 9
I/ActivityManager( 960): Killing tw.Enttek (pid=1183): user's request
I/ActivityManager( 960): Process tw.Enttek (pid 1183) has died.
I/WindowManager( 960): WIN DEATH: Window{441a8ff8 tw.Enttek/tw.Enttek.movieplayer paused=false}
V/WindowManager( 960): Layout: mDisplayFrozen=false holdScreen=null
I/WindowManager( 960): WIN DEATH: Window{4437af20 tw.Enttek/tw.Enttek.VOD paused=false}
V/WindowManager( 960): Layout: mDisplayFrozen=false holdScreen=null
I/WindowManager( 960): WIN DEATH: Window{441aa410 SurfaceView paused=false}
V/WindowManager( 960): Layout: mDisplayFrozen=false holdScreen=null
D/TIOverlay( 960): overlay_destroyOverlay:IN dev (0x12a958) and overlay (0x302210)
I/TIOverlay( 960): Destroying overlay/fd=82/obj=00302210
D/TIOverlay( 960): overlay_destroyOverlay:OUT
I/WindowManager( 960): WIN DEATH: Window{441afd58 tw.Enttek/tw.Enttek.leafGallery paused=true}
V/WindowManager( 960): Layout: mDisplayFrozen=false holdScreen=null
I/WindowManager( 960): WIN DEATH: Window{440f28e0 SurfaceView paused=false}
V/WindowManager( 960): Layout: mDisplayFrozen=false holdScreen=null
V/WindowManager( 960): Layout: mDisplayFrozen=false holdScreen=null
I/ActivityManager( 960): Start proc tw.Enttek for activity tw.Enttek/.VOD: pid=4744 uid=10029 gids={3003, 1015}
D/dalvikvm( 4744): GC_EXTERNAL_ALLOC freed 805 objects / 59208 bytes in 106ms
I/Class XML( 4744): 32 24
I/XX ( 4744): XXX3
I/XXX ( 4744): Movie
I/XXX ( 4744): Music
I/XXX ( 4744): Game
I/AD FIle ( 4744): aaa.mp4 /vod/advideo/aaa.mp4
I/AD FIle ( 4744): enttek_demo.mp4 /vod/advideo/enttek_demo.mp4
I/Ad Set ( 4744): Start Ad COnf
I/Ad conf ( 4744): #FFCC4311
I/marquee color( 4744): ffcc4311
I/TITLE XML( 4744): Enttek VOD Technology
I/IV ( 4744): /vod/background.jpg
D/dalvikvm( 4744): GC_EXTERNAL_ALLOC freed 1310 objects / 107744 bytes in 93ms
I/CPU ( 4744): Speed max
V/WindowManager( 960): Layout: mDisplayFrozen=false holdScreen=null
V/WindowManager( 960): Layout: mDisplayFrozen=false holdScreen=null
I/VOD ( 4744): convert is NULL
I/VOD ( 4744): convert is NULL
I/VOD ( 4744): convert is NULL
V/WindowManager( 960): Layout: mDisplayFrozen=false holdScreen=null
V/WindowManager( 960): Layout: mDisplayFrozen=false holdScreen=null
V/WindowManager( 960): Layout: mDisplayFrozen=false holdScreen=null
V/WindowManager( 960): Layout: mDisplayFrozen=false holdScreen=null
V/WindowManager( 960): Layout: mDisplayFrozen=false holdScreen=null
I/ActivityManager( 960): Displayed activity tw.Enttek/.VOD: 1871 ms (total 1871 ms)
V/WindowManager( 960): Layout: mDisplayFrozen=false holdScreen=null
I/AD position( 4744): 1 2 2958589
I/Ad ( 4744): Path =/vod/advideo/enttek_demo.mp4
V/WindowManager( 960): Layout: mDisplayFrozen=false holdScreen=null
W/InputManagerService( 960): Got RemoteException sending setActive(false) notification to pid 1183 uid 10029
I/omx-dsp ( 856): 2959601928 [VIDEO.INIT] Component constructed successfully
I/omx-dsp ( 856): 2959601989 [H264.INIT] AVC decoder component constructed
I/omx-dsp ( 856): 2959727844 [VIDEO.INIT] Allocated input buffer: 115200 bytes
I/omx-dsp ( 856): 2959728271 [VIDEO.INIT] DSP VIDDEC2 codec initialized
I/omx-dsp ( 856): 2959728302 [H264.INIT] AVC video decoder initialized
I/omx-dsp ( 856): 2959728302 [VIDEO.INIT] Component initialization completed
I/omx-dsp ( 856): 2959729522 [VIDEO.INIT] Output buffer #0 allocated: 0x292bd0
I/omx-dsp ( 856): 2959729736 [VIDEO.INIT] Output buffer #1 allocated: 0x292c28
I/omx-dsp ( 856): 2959729919 [VIDEO.INIT] Output buffer #2 allocated: 0x292c80
I/omx-dsp ( 856): 2959730102 [VIDEO.INIT] Output buffer #3 allocated: 0x292cd8
I/omx-dsp ( 856): 2959730285 [VIDEO.INIT] Output buffer #4 allocated: 0x292d30
I/omx-dsp ( 856): 2959730438 [VIDEO.INIT] Output buffer #5 allocated: 0x292d88
I/omx-dsp ( 856): 2959730621 [VIDEO.INIT] Output buffer #6 allocated: 0x292de0
I/omx-dsp ( 856): 2959730773 [VIDEO.INIT] Output buffer #7 allocated: 0x292e38
I/omx-dsp ( 856): 2959730957 [VIDEO.INIT] Output buffer #8 allocated: 0x292e90
W/MediaPlayer( 4744): info/warning (1, 44)
I/MediaPlayer( 4744): Info (1,44)
D/MediaPlayer( 4744): getMetadata
V/WindowManager( 960): Layout: mDisplayFrozen=false holdScreen=Session{4401d1d0 uid 10029} [0] @ 0x42529000 (0x8508f000 phys) numBytes 153600 (153600) useMask 2 (3) ref no vSize 0 Width 320 (320) Height 240 (240) Pos 0x0 LineLength 640 (640) [1] @ 0x4254f000 (0x850b5000 phys) numBytes 153600 (153600) useMask 2 (3) ref no vSize 0 Width 320 (320) Height 240 (240) Pos 0x0 LineLength 640 (640) [2] @ 0x42575000 (0x850db000 phys) numBytes 153600 (153600) useMask 2 (3) ref no vSize 0 Width 320 (320) Height 240 (240) Pos 0x0 LineLength 640 (640)
D/TIOverlay( 960): overlay_createOverlay:IN w=320 h=240 format=22
E/TIOverlay( 960): Failed to open overlay device
D/VideoMio34xx( 856): Overlay create failed - retrying
D/TIOverlay( 960): overlay_createOverlay:IN w=320 h=240 format=22
E/TIOverlay( 960): Failed to open overlay device
D/VideoMio34xx( 856): Overlay create failed - retrying
D/TIOverlay( 960): overlay_createOverlay:IN w=320 h=240 format=22
E/TIOverlay( 960): Failed to open overlay device
D/VideoMio34xx( 856): Overlay create failed - retrying
D/TIOverlay( 960): overlay_createOverlay:IN w=320 h=240 format=22
E/TIOverlay( 960): Failed to open overlay device
D/VideoMio34xx( 856): Overlay create failed - retrying
D/TIOverlay( 960): overlay_createOverlay:IN w=320 h=240 format=22
E/TIOverlay( 960): Failed to open overlay device
D/VideoMio34xx( 856): Overlay create failed - retrying
D/TIOverlay( 960): overlay_createOverlay:IN w=320 h=240 format=22
E/TIOverlay( 960): Failed to open overlay device
D/VideoMio34xx( 856): Overlay create failed - retrying
D/TIOverlay( 960): overlay_createOverlay:IN w=320 h=240 format=22
E/TIOverlay( 960): Failed to open overlay device
D/VideoMio34xx( 856): Overlay create failed - retrying
D/TIOverlay( 960): overlay_createOverlay:IN w=320 h=240 format=22
E/TIOverlay( 960): Failed to open overlay device
D/VideoMio34xx( 856): Overlay create failed - retrying
D/TIOverlay( 960): overlay_createOverlay:IN w=320 h=240 format=22
E/TIOverlay( 960): Failed to open overlay device
D/VideoMio34xx( 856): Overlay create failed - retrying
D/TIOverlay( 960): overlay_createOverlay:IN w=320 h=240 format=22
E/TIOverlay( 960): Failed to open overlay device
D/VideoMio34xx( 856): Overlay create failed - retrying
D/TIOverlay( 960): overlay_createOverlay:IN w=320 h=240 format=22
E/TIOverlay( 960): Failed to open overlay device
D/VideoMio34xx( 856): Overlay create failed - retrying
D/TIOverlay( 960): overlay_createOverlay:IN w=320 h=240 format=22
E/TIOverlay( 960): Failed to open overlay device
D/VideoMio34xx( 856): Overlay create failed - retrying
D/TIOverlay( 960): overlay_createOverlay:IN w=320 h=240 format=22
E/TIOverlay( 960): Failed to open overlay device
D/VideoMio34xx( 856): Overlay create failed - retrying
D/TIOverlay( 960): overlay_createOverlay:IN w=320 h=240 format=22
E/TIOverlay( 960): Failed to open overlay device
D/VideoMio34xx( 856): Overlay create failed - retrying
D/TIOverlay( 960): overlay_createOverlay:IN w=320 h=240 format=22
E/TIOverlay( 960): Failed to open overlay device
D/VideoMio34xx( 856): Overlay create failed - retrying
D/TIOverlay( 960): overlay_createOverlay:IN w=320 h=240 format=22
E/TIOverlay( 960): Failed to open overlay device
D/VideoMio34xx( 856): Overlay create failed - retrying
D/TIOverlay( 960): overlay_createOverlay:IN w=320 h=240 format=22
E/TIOverlay( 960): Failed to open overlay device
D/VideoMio34xx( 856): Overlay create failed - retrying
D/TIOverlay( 960): overlay_createOverlay:IN w=320 h=240 format=22
E/TIOverlay( 960): Failed to open overlay device
D/VideoMio34xx( 856): Overlay create failed - retrying
D/TIOverlay( 960): overlay_createOverlay:IN w=320 h=240 format=22
E/TIOverlay( 960): Failed to open overlay device
D/VideoMio34xx( 856): Overlay create failed - retrying
D/TIOverlay( 960): overlay_createOverlay:IN w=320 h=240 format=22
E/TIOverlay( 960): Failed to open overlay device
D/VideoMio34xx( 856): Overlay create failed - retrying
D/TIOverlay( 960): overlay_createOverlay:IN w=320 h=240 format=22
E/TIOverlay( 960): Failed to open overlay device
D/VideoMio34xx( 856): Overlay create failed - retrying
D/TIOverlay( 960): overlay_createOverlay:IN w=320 h=240 format=22
E/TIOverlay( 960): Failed to open overlay device
D/VideoMio34xx( 856): Overlay create failed - retrying
D/TIOverlay( 960): overlay_createOverlay:IN w=320 h=240 format=22
E/TIOverlay( 960): Failed to open overlay device
D/VideoMio34xx( 856): Overlay create failed - retrying
D/TIOverlay( 960): overlay_createOverlay:IN w=320 h=240 format=22
E/TIOverlay( 960): Failed to open overlay device
D/VideoMio34xx( 856): Overlay create failed - retrying
D/TIOverlay( 960): overlay_createOverlay:IN w=320 h=240 format=22
E/TIOverlay( 960): Failed to open overlay device
D/VideoMio34xx( 856): Overlay create failed - retrying
D/TIOverlay( 960): overlay_createOverlay:IN w=320 h=240 format=22
E/TIOverlay( 960): Failed to open overlay device
D/VideoMio34xx( 856): Overlay create failed - retrying
D/TIOverlay( 960): overlay_createOverlay:IN w=320 h=240 format=22
E/TIOverlay( 960): Failed to open overlay device
D/VideoMio34xx( 856): Overlay create failed - retrying
D/TIOverlay( 960): overlay_createOverlay:IN w=320 h=240 format=22
E/TIOverlay( 960): Failed to open overlay device
D/VideoMio34xx( 856): Overlay create failed - retrying
D/TIOverlay( 960): overlay_createOverlay:IN w=320 h=240 format=22
E/TIOverlay( 960): Failed to open overlay device
D/VideoMio34xx( 856): Overlay create failed - retrying
D/TIOverlay( 960): overlay_createOverlay:IN w=320 h=240 format=22
E/TIOverlay( 960): Failed to open overlay device
D/VideoMio34xx( 856): Overlay create failed - retrying
D/TIOverlay( 960): overlay_createOverlay:IN w=320 h=240 format=22
E/TIOverlay( 960): Failed to open overlay device
D/VideoMio34xx( 856): Overlay create failed - retrying
D/TIOverlay( 960): overlay_createOverlay:IN w=320 h=240 format=22
E/TIOverlay( 960): Failed to open overlay device
D/VideoMio34xx( 856): Overlay create failed - retrying
D/TIOverlay( 960): overlay_createOverlay:IN w=320 h=240 format=22
E/TIOverlay( 960): Failed to open overlay device
D/VideoMio34xx( 856): Overlay create failed - retrying
D/TIOverlay( 960): overlay_createOverlay:IN w=320 h=240 format=22
E/TIOverlay( 960): Failed to open overlay device
D/VideoMio34xx( 856): Overlay create failed - retrying
D/TIOverlay( 960): overlay_createOverlay:IN w=320 h=240 format=22
E/TIOverlay( 960): Failed to open overlay device
D/VideoMio34xx( 856): Overlay create failed - retrying
D/TIOverlay( 960): overlay_createOverlay:IN w=320 h=240 format=22
E/TIOverlay( 960): Failed to open overlay device
D/VideoMio34xx( 856): Overlay create failed - retrying
D/TIOverlay( 960): overlay_createOverlay:IN w=320 h=240 format=22
E/TIOverlay( 960): Failed to open overlay device
D/VideoMio34xx( 856): Overlay create failed - retrying
D/TIOverlay( 960): overlay_createOverlay:IN w=320 h=240 format=22
E/TIOverlay( 960): Failed to open overlay device
D/VideoMio34xx( 856): Overlay create failed - retrying
D/TIOverlay( 960): overlay_createOverlay:IN w=320 h=240 format=22
E/TIOverlay( 960): Failed to open overlay device
D/VideoMio34xx( 856): Overlay create failed - retrying
D/TIOverlay( 960): overlay_createOverlay:IN w=320 h=240 format=22
E/TIOverlay( 960): Failed to open overlay device
D/VideoMio34xx( 856): Overlay create failed - retrying
D/TIOverlay( 960): overlay_createOverlay:IN w=320 h=240 format=22
E/TIOverlay( 960): Failed to open overlay device
D/VideoMio34xx( 856): Overlay create failed - retrying
D/TIOverlay( 960): overlay_createOverlay:IN w=320 h=240 format=22
E/TIOverlay( 960): Failed to open overlay device
D/VideoMio34xx( 856): Overlay create failed - retrying
D/TIOverlay( 960): overlay_createOverlay:IN w=320 h=240 format=22
E/TIOverlay( 960): Failed to open overlay device
D/VideoMio34xx( 856): Overlay create failed - retrying
D/TIOverlay( 960): overlay_createOverlay:IN w=320 h=240 format=22
E/TIOverlay( 960): Failed to open overlay device
D/VideoMio34xx( 856): Overlay create failed - retrying
D/TIOverlay( 960): overlay_createOverlay:IN w=320 h=240 format=22
E/TIOverlay( 960): Failed to open overlay device
D/VideoMio34xx( 856): Overlay create failed - retrying
D/TIOverlay( 960): overlay_createOverlay:IN w=320 h=240 format=22
E/TIOverlay( 960): Failed to open overlay device
D/VideoMio34xx( 856): Overlay create failed - retrying
D/TIOverlay( 960): overlay_createOverlay:IN w=320 h=240 format=22
E/TIOverlay( 960): Failed to open overlay device
D/VideoMio34xx( 856): Overlay create failed - retrying
D/TIOverlay( 960): overlay_createOverlay:IN w=320 h=240 format=22
E/TIOverlay( 960): Failed to open overlay device
D/VideoMio34xx( 856): Overlay create failed - retrying
D/TIOverlay( 960): overlay_createOverlay:IN w=320 h=240 format=22
E/TIOverlay( 960): Failed to open overlay device
D/VideoMio34xx( 856): Overlay create failed - retrying
D/TIOverlay( 960): overlay_createOverlay:IN w=320 h=240 format=22
E/TIOverlay( 960): Failed to open overlay device
D/VideoMio34xx( 856): Overlay create failed - retrying
E/VideoMio34xx( 856): Overlay Creation Failed!
D/TIALSAModule( 856): open called for devices 00000000 in mode 0... [3] @ 0x4259b000 (0x85101000 phys) numBytes 153600 (153600) useMask 2 (3) ref no vSize 0 Width 320 (320) Height 240 (240) Pos 0x0 LineLength 640 (640)
I/TIALSAModule( 856): Initialized ALSA PLAYBACK device default [4] @ 0x425c1000 (0x85127000 phys) numBytes 153600 (153600) useMask 2 (3) ref no vSize 0 Width 320 (320) Height 240 (240) Pos 0x0 LineLength 640 (640)
E/AudioHardwareALSA( 856): RE-OPEN AFTER STANDBY:: took 34 msecs [5] @ 0x425e7000 (0x8514d000 phys) numBytes 153600 (153600) useMask 2 (3) ref no vSize 0 Width 320 (320) Height 240 (240) Pos 0x0 LineLength 640 (640) [6] @ 0x4260d000 (0x85173000 phys) numBytes 153600 (153600) useMask 2 (3) ref no vSize 0 Width 320 (320) Height 240 (240) Pos 0x0 LineLength 640 (640) [7] @ 0x42633000 (0x85199000 phys) numBytes 153600 (153600) useMask 2 (3) ref no vSize 0 Width 320 (320) Height 240 (240) Pos 0x0 LineLength 640 (640) [8] @ 0x42659000 (0x851bf000 phys) numBytes 153600 (153600) useMask 2 (3) ref no vSize 0 Width 320 (320) Height 240 (240) Pos 0x0 LineLength 640 (640)
D/WindowManager( 960): interceptKeyTq event=android.view.RawInputEvent@441841f0 keycode=0 screenIsOn=true keyguardActive=false
I/KeyInputQueue( 960): gotoSleep ??0
W/KeyCharacterMap( 4744): No keyboard for id 65536
W/KeyCharacterMap( 4744): Using default keymap: /system/usr/keychars/qwerty.kcm.bin
I/Keypress( 4744): Code is: 4
D/WindowManager( 960): interceptKeyTq event=android.view.RawInputEvent@441841f0 keycode=0 screenIsOn=true keyguardActive=false
I/KeyInputQueue( 960): gotoSleep ??0
D/WindowManager( 960): interceptKeyTq event=android.view.RawInputEvent@441841f0 keycode=0 screenIsOn=true keyguardActive=false
I/KeyInputQueue( 960): gotoSleep ??0
D/WindowManager( 960): interceptKeyTq event=android.view.RawInputEvent@441841f0 keycode=0 screenIsOn=true keyguardActive=false
I/KeyInputQueue( 960): gotoSleep ??0
D/WindowManager( 960): interceptKeyTq event=android.view.RawInputEvent@441841f0 keycode=0 screenIsOn=true keyguardActive=false
I/KeyInputQueue( 960): gotoSleep ??0
D/WindowManager( 960): interceptKeyTq event=android.view.RawInputEvent@441841f0 keycode=0 screenIsOn=true keyguardActive=false
I/KeyInputQueue( 960): gotoSleep ??0
D/dalvikvm( 960): GC_FOR_MALLOC freed 2403 objects / 834368 bytes in 48ms
W/WindowManager( 960): Key dispatching timed out sending to tw.Enttek/tw.Enttek.VOD
W/WindowManager( 960): Previous dispatch state: {{KeyEvent{action=1 code=4 repeat=0 meta=0 scancode=273 mFlags=8} to Window{44184538 tw.Enttek/tw.Enttek.VOD paused=false} @ 2971864 lw=Window{44184538 tw.Enttek/tw.Enttek.VOD paused=false} lb=android.os.BinderProxy@44038fb8 fin=false gfw=true ed=true tts=0 wf=false fp=false mcf=Window{44184538 tw.Enttek/tw.Enttek.VOD paused=false}}}
I/Process ( 960): Sending signal. PID: 4744 SIG: 3
I/dalvikvm( 4744): threadid=3: reacting to signal 3
I/dalvikvm( 4744): Wrote stack traces to '/data/anr/traces.txt'
I/Process ( 960): Sending signal. PID: 960 SIG: 3
I/dalvikvm( 960): threadid=3: reacting to signal 3
W/WindowManager( 960): Current dispatch state: {{null to Window{44184538 tw.Enttek/tw.Enttek.VOD paused=false} @ 2976976 lw=Window{44184538 tw.Enttek/tw.Enttek.VOD paused=false} lb=android.os.BinderProxy@44038fb8 fin=false gfw=true ed=true tts=0 wf=false fp=false mcf=Window{44184538 tw.Enttek/tw.Enttek.VOD paused=false}}}
I/dalvikvm( 960): Wrote stack traces to '/data/anr/traces.txt'
I/Process ( 960): Sending signal. PID: 1050 SIG: 3
I/dalvikvm( 1050): threadid=3: reacting to signal 3
I/dalvikvm( 1050): Wrote stack traces to '/data/anr/traces.txt'
I/Process ( 960): Sending signal. PID: 1060 SIG: 3
I/dalvikvm( 1060): threadid=3: reacting to signal 3
I/dalvikvm( 1060): Wrote stack traces to '/data/anr/traces.txt'
I/Process ( 960): Sending signal. PID: 1215 SIG: 3
I/dalvikvm( 1215): threadid=3: reacting to signal 3
I/dalvikvm( 1215): Wrote stack traces to '/data/anr/traces.txt'
I/Process ( 960): Sending signal. PID: 1123 SIG: 3
I/dalvikvm( 1123): threadid=3: reacting to signal 3
I/dalvikvm( 1123): Wrote stack traces to '/data/anr/traces.txt'
I/Process ( 960): Sending signal. PID: 1102 SIG: 3
I/dalvikvm( 1102): threadid=3: reacting to signal 3
I/dalvikvm( 1102): Wrote stack traces to '/data/anr/traces.txt'
I/Process ( 960): Sending signal. PID: 1112 SIG: 3
I/dalvikvm( 1112): threadid=3: reacting to signal 3
I/dalvikvm( 1112): Wrote stack traces to '/data/anr/traces.txt'
I/Process ( 960): Sending signal. PID: 1169 SIG: 3
I/dalvikvm( 1169): threadid=3: reacting to signal 3
I/dalvikvm( 1169): Wrote stack traces to '/data/anr/traces.txt'
I/Process ( 960): Sending signal. PID: 1156 SIG: 3
I/dalvikvm( 1156): threadid=3: reacting to signal 3
I/dalvikvm( 1156): Wrote stack traces to '/data/anr/traces.txt'
I/Process ( 960): Sending signal. PID: 1141 SIG: 3
I/dalvikvm( 1141): threadid=3: reacting to signal 3
I/dalvikvm( 1141): Wrote stack traces to '/data/anr/traces.txt'
I/Process ( 960): Sending signal. PID: 1084 SIG: 3
I/dalvikvm( 1084): threadid=3: reacting to signal 3
I/dalvikvm( 1084): Wrote stack traces to '/data/anr/traces.txt'
E/ActivityManager( 960): ANR in tw.Enttek (tw.Enttek/.VOD)
E/ActivityManager( 960): Reason: keyDispatchingTimedOut
E/ActivityManager( 960): Load: 3.93 / 0.9 / 0.29
E/ActivityManager( 960): CPU usage from 39518ms to 11ms ago:
E/ActivityManager( 960): mediaserver: 64% = 64% user + 0% kernel / faults: 766 minor
E/ActivityManager( 960): system_server: 5% = 3% user + 1% kernel / faults: 2338 minor 32 major
E/ActivityManager( 960): events/0: 0% = 0% user + 0% kernel
E/ActivityManager( 960): logcat: 0% = 0% user + 0% kernel
E/ActivityManager( 960): pvr_vsync_wq/0: 0% = 0% user + 0% kernel
E/ActivityManager( 960): mmcqd: 0% = 0% user + 0% kernel
E/ActivityManager( 960): init: 0% = 0% user + 0% kernel / faults: 57 minor
E/ActivityManager( 960): kswapd0: 0% = 0% user + 0% kernel
E/ActivityManager( 960): DSPLINK_DPC_0: 0% = 0% user + 0% kernel
E/ActivityManager( 960): DSPLINK_DPC_1: 0% = 0% user + 0% kernel
E/ActivityManager( 960): putmethod.latin: 0% = 0% user + 0% kernel / faults: 353 minor
E/ActivityManager( 960): +tw.Enttek: 0% = 0% user + 0% kernel
E/ActivityManager( 960): -tw.Enttek: 0% = 0% user + 0% kernel
E/ActivityManager( 960): TOTAL: 76% = 72% user + 3% kernel + 0% irq
D/dalvikvm( 960): GC_FOR_MALLOC freed 870 objects / 468712 bytes in 55ms
V/WindowManager( 960): Layout: mDisplayFrozen=false holdScreen=Session{4401d1d0 uid 10029}
W/KeyCharacterMap( 960): No keyboard for id 65536
W/KeyCharacterMap( 960): Using default keymap: /system/usr/keychars/qwerty.kcm.bin
V/WindowManager( 960): Layout: mDisplayFrozen=false holdScreen=Session{4401d1d0 uid 10029}
D/WindowManager( 960): interceptKeyTq event=android.view.RawInputEvent@441841f0 keycode=0 screenIsOn=true keyguardActive=false
I/KeyInputQueue( 960): gotoSleep ??0 binder: release 4744:4744 transaction 23104 out, still activeInputEvent@441841f0 keycode=0 screenIsOn=true keyguardActive=false
I/KeyInputQueue( 960): gotoSleep ??0
W/ActivityManager( 960): Force finishing activity tw.Enttek/.VOD
V/WindowManager( 960): Layout: mDisplayFrozen=false holdScreen=Session{4401d1d0 uid 10029}
I/Process ( 960): Sending signal. PID: 4744 SIG: 9
I/ActivityManager( 960): Killing tw.Enttek (pid=4744): user's request
I/WindowManager( 960): WIN DEATH: Window{44184538 tw.Enttek/tw.Enttek.VOD paused=true}
V/WindowManager( 960): Layout: mDisplayFrozen=false holdScreen=null
I/ActivityManager( 960): Process tw.Enttek (pid 4744) has died.
I/WindowManager( 960): WIN DEATH: Window{443603a0 SurfaceView paused=false}
V/WindowManager( 960): Layout: mDisplayFrozen=false holdScreen=null
V/WindowManager( 960): Layout: mDisplayFrozen=false holdScreen=null
V/WindowManager( 960): Layout: mDisplayFrozen=false holdScreen=null
V/WindowManager( 960): Layout: mDisplayFrozen=false holdScreen=null
V/WindowManager( 960): Layout: mDisplayFrozen=false holdScreen=null
V/WindowManager( 960): Layout: mDisplayFrozen=false holdScreen=null
W/InputManagerService( 960): Got RemoteException sending setActive(false) notification to pid 4744 uid 10029