# logcat --------- beginning of /dev/log/system
I/Vold ( 851): Vold 2.1 (the revenge) firing up
D/Vold ( 851): Volume usbdisk state changing -1 (Initializing) -> 0 (No-Media)
W/Vold ( 851): No UMS switch available
I/SystemServer( 960): Entered the Android system server!
I/SystemServer( 960): Entropy Service
I/SystemServer( 960): Power Manager
I/SystemServer( 960): Activity Manager
I/ActivityManager( 960): Memory class: 16
I/SystemServer( 960): Telephony Registry
I/SystemServer( 960): Package Manager
I/Installer( 960): connecting...
W/PackageManager( 960): Running ENG build: no pre-dexopt!
I/PackageManager( 960): Pruning dalvik file: data@app@Enttek.map-1.apk@classes.dex
I/PackageManager( 960): Pruning dalvik file: data@app@tw.Enttek-1.apk@classes.dex
E/PackageManager( 960): Resource path is : /system/framework/framework-res.apk codePath/system/framework/framework-res.apk
W/PackageManager( 960): ********************Share lib scan? *******************
W/PackageManager( 960): ********************Share lib scan2 ? *******************
E/PackageManager( 960): Resource path is : /system/app/QuickSearchBox.apk codePath/system/app/QuickSearchBox.apk
W/PackageManager( 960): ********************Share lib scan? *******************
W/PackageManager( 960): ********************Share lib scan2 ? *******************
W/PackageManager( 960): System package com.android.quicksearchbox has changed from uid: 1000 to 10018; old data erased
E/PackageManager( 960): Resource path is : /system/app/DownloadProvider.apk codePath/system/app/DownloadProvider.apk
W/PackageManager( 960): ********************Share lib scan? *******************
W/PackageManager( 960): ********************Share lib scan2 ? *******************
W/PackageManager( 960): System package com.android.providers.downloads has changed from uid: 1000 to 10003; old data erased
E/PackageManager( 960): Resource path is : /system/app/Browser.apk codePath/system/app/Browser.apk
W/PackageManager( 960): ********************Share lib scan? *******************
W/PackageManager( 960): ********************Share lib scan2 ? *******************
W/PackageManager( 960): System package com.android.browser has changed from uid: 1000 to 10011; old data erased
E/PackageManager( 960): Resource path is : /system/app/Settings.apk codePath/system/app/Settings.apk
W/PackageManager( 960): ********************Share lib scan? *******************
W/PackageManager( 960): ********************Share lib scan2 ? *******************
E/PackageManager( 960): Resource path is : /system/app/SpareParts.apk codePath/system/app/SpareParts.apk
W/PackageManager( 960): ********************Share lib scan? *******************
W/PackageManager( 960): ********************Share lib scan2 ? *******************
W/PackageManager( 960): System package com.android.spare_parts has changed from uid: 1000 to 10004; old data erased
E/PackageManager( 960): Resource path is : /system/app/DrmProvider.apk codePath/system/app/DrmProvider.apk
W/PackageManager( 960): ********************Share lib scan? *******************
W/PackageManager( 960): ********************Share lib scan2 ? *******************
W/PackageManager( 960): System package com.android.providers.drm has changed from uid: 1000 to 10003; old data erased
E/PackageManager( 960): Resource path is : /system/app/PicoTts.apk codePath/system/app/PicoTts.apk
W/PackageManager( 960): ********************Share lib scan? *******************
W/PackageManager( 960): ********************Share lib scan2 ? *******************
W/PackageManager( 960): System package com.svox.pico has changed from uid: 1000 to 10017; old data erased
E/PackageManager( 960): Resource path is : /system/app/Gallery3D.apk codePath/system/app/Gallery3D.apk
W/PackageManager( 960): ********************Share lib scan? *******************
W/PackageManager( 960): ********************Share lib scan2 ? *******************
W/PackageManager( 960): System package com.cooliris.media has changed from uid: 1000 to 10026; old data erased
E/PackageManager( 960): Resource path is : /system/app/ApplicationsProvider.apk codePath/system/app/ApplicationsProvider.apk
W/PackageManager( 960): ********************Share lib scan? *******************
W/PackageManager( 960): ********************Share lib scan2 ? *******************
W/PackageManager( 960): System package com.android.providers.applications has changed from uid: 1000 to 10002; old data erased
E/PackageManager( 960): Resource path is : /system/app/Protips.apk codePath/system/app/Protips.apk
W/PackageManager( 960): ********************Share lib scan? *******************
W/PackageManager( 960): ********************Share lib scan2 ? *******************
W/PackageManager( 960): System package com.android.protips has changed from uid: 1000 to 10000; old data erased
E/PackageManager( 960): Resource path is : /system/app/TtsService.apk codePath/system/app/TtsService.apk
W/PackageManager( 960): ********************Share lib scan? *******************
W/PackageManager( 960): ********************Share lib scan2 ? *******************
W/PackageManager( 960): System package android.tts has changed from uid: 1000 to 10022; old data erased
E/PackageManager( 960): Resource path is : /system/app/Launcher2.apk codePath/system/app/Launcher2.apk
W/PackageManager( 960): ********************Share lib scan? *******************
W/PackageManager( 960): ********************Share lib scan2 ? *******************
W/PackageManager( 960): System package com.android.launcher has changed from uid: 1000 to 10009; old data erased
E/PackageManager( 960): Resource path is : /system/app/PackageInstaller.apk codePath/system/app/PackageInstaller.apk
W/PackageManager( 960): ********************Share lib scan? *******************
W/PackageManager( 960): ********************Share lib scan2 ? *******************
W/PackageManager( 960): System package com.android.packageinstaller has changed from uid: 1000 to 10016; old data erased
E/PackageManager( 960): Resource path is : /system/app/MediaProvider.apk codePath/system/app/MediaProvider.apk
W/PackageManager( 960): ********************Share lib scan? *******************
W/PackageManager( 960): ********************Share lib scan2 ? *******************
W/PackageManager( 960): System package com.android.providers.media has changed from uid: 1000 to 10003; old data erased
E/PackageManager( 960): Resource path is : /system/app/AccountAndSyncSettings.apk codePath/system/app/AccountAndSyncSettings.apk
W/PackageManager( 960): ********************Share lib scan? *******************
W/PackageManager( 960): ********************Share lib scan2 ? *******************
E/PackageManager( 960): Resource path is : /system/app/LatinIME.apk codePath/system/app/LatinIME.apk
W/PackageManager( 960): ********************Share lib scan? *******************
W/PackageManager( 960): ********************Share lib scan2 ? *******************
W/PackageManager( 960): System package com.android.inputmethod.latin has changed from uid: 1000 to 10025; old data erased
E/PackageManager( 960): Resource path is : /system/app/HTMLViewer.apk codePath/system/app/HTMLViewer.apk
W/PackageManager( 960): ********************Share lib scan? *******************
W/PackageManager( 960): ********************Share lib scan2 ? *******************
W/PackageManager( 960): System package com.android.htmlviewer has changed from uid: 1000 to 10027; old data erased
E/PackageManager( 960): Resource path is : /system/app/SettingsProvider.apk codePath/system/app/SettingsProvider.apk
W/PackageManager( 960): ********************Share lib scan? *******************
W/PackageManager( 960): ********************Share lib scan2 ? *******************
E/PackageManager( 960): Resource path is : /system/app/Provision.apk codePath/system/app/Provision.apk
W/PackageManager( 960): ********************Share lib scan? *******************
W/PackageManager( 960): ********************Share lib scan2 ? *******************
W/PackageManager( 960): System package com.android.provision has changed from uid: 1000 to 10008; old data erased
E/PackageManager( 960): Resource path is : /system/app/TpUtility_1.0.0.3.apk codePath/system/app/TpUtility_1.0.0.3.apk
W/PackageManager( 960): ********************Share lib scan? *******************
W/PackageManager( 960): ********************Share lib scan2 ? *******************
E/PackageManager( 960): Resource path is : /system/app/Calculator.apk codePath/system/app/Calculator.apk
W/PackageManager( 960): ********************Share lib scan? *******************
W/PackageManager( 960): ********************Share lib scan2 ? *******************
W/PackageManager( 960): System package com.android.calculator2 has changed from uid: 1000 to 10024; old data erased
E/PackageManager( 960): Resource path is : /system/app/DefaultContainerService.apk codePath/system/app/DefaultContainerService.apk
W/PackageManager( 960): ********************Share lib scan? *******************
W/PackageManager( 960): ********************Share lib scan2 ? *******************
W/PackageManager( 960): System package com.android.defcontainer has changed from uid: 1000 to 10023; old data erased
E/PackageManager( 960): Resource path is : /system/app/Email.apk codePath/system/app/Email.apk
W/PackageManager( 960): ********************Share lib scan? *******************
W/PackageManager( 960): ********************Share lib scan2 ? *******************
W/PackageManager( 960): System package com.android.email has changed from uid: 1000 to 10014; old data erased
E/PackageManager( 960): Resource path is : /system/app/VpnServices.apk codePath/system/app/VpnServices.apk
W/PackageManager( 960): ********************Share lib scan? *******************
W/PackageManager( 960): ********************Share lib scan2 ? *******************
E/PackageManager( 960): Resource path is : /system/app/DeskClock.apk codePath/system/app/DeskClock.apk
W/PackageManager( 960): ********************Share lib scan? *******************
W/PackageManager( 960): ********************Share lib scan2 ? *******************
W/PackageManager( 960): System package com.android.deskclock has changed from uid: 1000 to 10013; old data erased
E/PackageManager( 960): Resource path is : /system/app/CertInstaller.apk codePath/system/app/CertInstaller.apk
W/PackageManager( 960): ********************Share lib scan? *******************
W/PackageManager( 960): ********************Share lib scan2 ? *******************
W/PackageManager( 960): System package com.android.certinstaller has changed from uid: 1000 to 10005; old data erased
E/PackageManager( 960): Resource path is : /system/app/Music.apk codePath/system/app/Music.apk
W/PackageManager( 960): ********************Share lib scan? *******************
W/PackageManager( 960): ********************Share lib scan2 ? *******************
W/PackageManager( 960): System package com.android.music has changed from uid: 1000 to 10019; old data erased
E/PackageManager( 960): Resource path is : /system/app/UserDictionaryProvider.apk codePath/system/app/UserDictionaryProvider.apk
W/PackageManager( 960): ********************Share lib scan? *******************
W/PackageManager( 960): ********************Share lib scan2 ? *******************
W/PackageManager( 960): System package com.android.providers.userdictionary has changed from uid: 1000 to 10002; old data erased
W/PackageManager( 960): System package com.android.soundrecorder no longer exists; wiping its data
W/PackageManager( 960): System package com.android.providers.contacts no longer exists; wiping its data
W/PackageManager( 960): System package com.android.contacts no longer exists; wiping its data
W/PackageManager( 960): System package com.android.phone no longer exists; wiping its data
W/PackageManager( 960): System package com.android.term no longer exists; wiping its data
W/PackageManager( 960): System package com.android.providers.calendar no longer exists; wiping its data
W/PackageManager( 960): System package com.android.bluetooth no longer exists; wiping its data
W/PackageManager( 960): System package com.android.speechrecorder no longer exists; wiping its data
W/PackageManager( 960): System package com.android.development no longer exists; wiping its data
W/PackageManager( 960): System package com.android.calendar no longer exists; wiping its data
W/PackageManager( 960): System package com.android.providers.telephony no longer exists; wiping its data
W/PackageManager( 960): System package com.android.camera no longer exists; wiping its data
W/PackageManager( 960): System package com.android.mms no longer exists; wiping its data
E/PackageManager( 960): Resource path is : /data/app/FruitNinja_1.5.4_xiazaiba.apk codePath/data/app/FruitNinja_1.5.4_xiazaiba.apk
W/PackageManager( 960): ********************Share lib scan? *******************
W/PackageManager( 960): ********************Share lib scan2 ? *******************
E/PackageManager( 960): Resource path is : /data/app/AngryBirds.apk codePath/data/app/AngryBirds.apk
W/PackageManager( 960): ********************Share lib scan? *******************
W/PackageManager( 960): ********************Share lib scan2 ? *******************
E/PackageManager( 960): Resource path is : /data/app/VOD.apk codePath/data/app/VOD.apk
W/PackageManager( 960): ********************Share lib scan? *******************
W/PackageManager( 960): ********************Share lib scan2 ? *******************
I/PackageManager( 960): Package tw.Enttek codePath changed from /data/app/tw.Enttek-1.apk to /data/app/VOD.apk; Retaining data and using new
E/PackageManager( 960): Package tw.Enttek signatures do not match the previously installed version; ignoring!
W/PackageManager( 960): System package tw.Enttek signature changed; retaining data.
W/PackageManager( 960): Code path for pkg : tw.Enttek changing from /data/app/tw.Enttek-1.apk to /data/app/VOD.apk
W/PackageManager( 960): Resource path for pkg : tw.Enttek changing from /data/app/tw.Enttek-1.apk to /data/app/VOD.apk
E/PackageManager( 960): Resource path is : /data/app/FruitNinja_1.5.4_xiazaiba.apk codePath/data/app/FruitNinja_1.5.4_xiazaiba.apk
W/PackageManager( 960): ********************Share lib scan? *******************
W/PackageManager( 960): ********************Share lib scan2 ? *******************
E/PackageManager( 960): Resource path is : /data/app/AngryBirds.apk codePath/data/app/AngryBirds.apk
W/PackageManager( 960): ********************Share lib scan? *******************
W/PackageManager( 960): ********************Share lib scan2 ? *******************
E/PackageManager( 960): Resource path is : /data/app/VOD.apk codePath/data/app/VOD.apk
W/PackageManager( 960): ********************Share lib scan? *******************
W/PackageManager( 960): ********************Share lib scan2 ? *******************
I/PackageManager( 960): Time to scan packages: 14.077 seconds
W/PackageManager( 960): Removing dangling permission: android.permission.ACCESS_BLUETOOTH_SHARE from package com.android.bluetooth
W/PackageManager( 960): Unknown permission com.google.android.gm.permission.WRITE_GMAIL in package com.android.settings
W/PackageManager( 960): Unknown permission com.google.android.gm.permission.READ_GMAIL in package com.android.settings
W/PackageManager( 960): Unknown permission com.google.android.googleapps.permission.GOOGLE_AUTH in package com.android.settings
W/PackageManager( 960): Not granting permission android.permission.DEVICE_POWER to package tw.Enttek (protectionLevel=2 flags=0xbe46)
W/PackageManager( 960): Not granting permission android.permission.HARDWARE_TEST to package tw.Enttek (protectionLevel=2 flags=0xbe46)
W/PackageManager( 960): Unknown permission com.android.vending.CHECK_LICENSE in package com.halfbrick.fruitninja
W/PackageManager( 960): Not granting permission android.permission.SEND_DOWNLOAD_COMPLETED_INTENTS to package com.android.browser (protectionLevel=2 flags=0x1be45)
W/PackageManager( 960): Not granting permission android.permission.DEVICE_POWER to package com.android.deskclock (protectionLevel=2 flags=0xbe45)
I/SystemServer( 960): Account Manager
I/SystemServer( 960): Content Manager
I/SystemServer( 960): System Content Providers
I/SystemServer( 960): Battery Service
I/SystemServer( 960): Lights Service
I/SystemServer( 960): Vibrator Service
I/SystemServer( 960): Alarm Manager
I/SystemServer( 960): Init Watchdog
I/SystemServer( 960): Sensor Service
I/SystemServer( 960): Window Manager
I/KeyInputQueue( 960): Device added: id=0x0, name=gpio-keys, classes=1
I/KeyInputQueue( 960): Device added: id=0x10000, name=Logitech USB Laser Mouse, classes=40
I/SystemServer( 960): Bluetooth Service
I/SystemServer( 960): Device Policy
I/SystemServer( 960): Status Bar
I/SystemServer( 960): Clipboard Service
I/SystemServer( 960): Input Method Service
I/InputManagerService( 960): Enabled input methods: com.android.inputmethod.latin/.LatinIME
I/SystemServer( 960): NetStat Service
I/SystemServer( 960): NetworkManagement Service
I/SystemServer( 960): Connectivity Service
V/ConnectivityService( 960): ConnectivityService starting up
D/ConnectivityService( 960): getMobileDataEnabled returning true
E/ConnectivityService( 960): FIXME: Ethernet Service.
V/ConnectivityService( 960): Starting Ethernet Service.
I/EthernetStateTracker( 960): Starts...
I/EthernetStateTracker( 960): Successed
I/EthernetService( 960): Ethernet dev enabled 2
I/EthernetService( 960): total found 1 net devices
I/EthernetService( 960): device 0 name usb0
I/EthernetService( 960): setEthState from 0 to 2
I/EthernetService( 960): Trigger the ethernet monitor
I/EthernetStateTracker( 960): start polling
I/EthernetMonitor( 960): go poll events
I/EthernetStateTracker( 960): start to monitor the ethernet devices
I/EthernetManager( 960): Init Ethernet Manager
I/EthernetStateTracker( 960): reset device usb0
E/EthernetStateTracker( 960): Could not stop DHCP
I/EthernetStateTracker( 960): trigger dhcp for device usb0
V/ConnectivityService( 960): Starting Wifi Service.
D/EthernetStateTracker( 960): DhcpHandler: DHCP request started
I/WifiService( 960): WifiService starting up with Wi-Fi disabled
D/NetworkManagmentService( 960): Registering observer
I/SystemServer( 960): Throttle Service
I/SystemServer( 960): Accessibility Manager
I/SystemServer( 960): Mount Service
I/SystemServer( 960): Notification Manager
D/VoldCmdListener( 851): volume list
W/MountService( 960): Duplicate state transition (removed -> removed)
D/VoldCmdListener( 851): share status ums
I/SystemServer( 960): Device Storage Monitor
I/SystemServer( 960): Location Manager
I/SystemServer( 960): Search Service
I/SystemServer( 960): DropBox Service
I/SystemServer( 960): Wallpaper Service
I/SystemServer( 960): Audio Service
W/ActivityManager( 960): Unable to start service Intent { act=android.bluetooth.IBluetoothHeadset }: not found
I/SystemServer( 960): Headset Observer
W/HeadsetObserver( 960): This kernel does not have wired headset support
I/SystemServer( 960): Dock Observer
W/DockObserver( 960): This kernel does not have dock station support
I/SystemServer( 960): UI Mode Manager Service
I/SystemServer( 960): Backup Service
V/BackupManagerService( 960): No ancestral data
I/BackupManagerService( 960): Found stale backup journal, scheduling:
I/BackupManagerService( 960): + android
I/BackupManagerService( 960): + com.android.inputmethod.latin
I/BackupManagerService( 960): + com.android.browser
I/BackupManagerService( 960): + com.android.providers.userdictionary
I/BackupManagerService( 960): + com.android.providers.settings
I/BackupManagerService( 960): Backup enabled => false
I/SystemServer( 960): AppWidget Service
I/SystemServer( 960): Recognition Service
D/VoldCmdListener( 851): share status ums
D/StorageNotification( 960): Startup with UMS connection false (media state removed)
I/SystemServer( 960): DiskStats Service
W/DevicePolicyManagerService( 960): failed parsing /data/system/device_policies.xml java.io.FileNotFoundException: /data/system/device_policies.xml (No such file or directory)
I/ActivityManager( 960): Config changed: { scale=1.0 imsi=0/0 loc=zh_TW touch=1 keys=1/1/2 nav=1/1 orien=2 layout=268435474 uiMode=0 seq=1}
V/WindowManager( 960): Layout: mDisplayFrozen=false holdScreen=null
D/PowerManagerService( 960): system ready!
I/ActivityManager( 960): System now ready
I/SystemServer( 960): Making services ready
I/ActivityManager( 960): Config changed: { scale=1.0 imsi=0/0 loc=zh_TW touch=1 keys=1/1/2 nav=1/1 orien=2 layout=268435474 uiMode=17 seq=2}
V/WindowManager( 960): Layout: mDisplayFrozen=false holdScreen=null
W/RecognitionManagerService( 960): no available voice recognition services found
I/ActivityManager( 960): Start proc com.android.inputmethod.latin for service com.android.inputmethod.latin/.LatinIME: pid=1050 uid=10025 gids={}
D/NetworkManagmentService( 960): Registering observer
E/ThrottleService( 960): Could not open GPS configuration file /etc/gps.conf
I/ActivityManager( 960): Starting activity: Intent { act=android.intent.action.MAIN cat=[android.intent.category.HOME] flg=0x10000000 cmp=com.android.launcher/com.android.launcher2.Launcher }
I/ActivityManager( 960): Start proc com.android.launcher for activity com.android.launcher/com.android.launcher2.Launcher: pid=1060 uid=10009 gids={}
W/StatusBar( 960): No icon ID for slot ime
W/ActivityManager( 960): Unable to start service Intent { act=@0 }: not found
W/ActivityManager( 960): Unable to start service Intent { act=@0 }: not found
I/ActivityManager( 960): Start proc android.process.acore for content provider com.android.providers.userdictionary/.UserDictionaryProvider: pid=1084 uid=10002 gids={}
V/WindowManager( 960): Layout: mDisplayFrozen=false holdScreen=null
E/ActivityThread( 1050): Failed to find provider info for com.android.contacts
V/WindowManager( 960): Layout: mDisplayFrozen=false holdScreen=null
V/WindowManager( 960): Layout: mDisplayFrozen=false holdScreen=null
I/ActivityManager( 960): Start proc com.android.music for broadcast com.android.music/.MediaAppWidgetProvider: pid=1102 uid=10019 gids={3003, 1015}
V/WindowManager( 960): Layout: mDisplayFrozen=false holdScreen=null
V/WindowManager( 960): Layout: mDisplayFrozen=false holdScreen=null
V/WindowManager( 960): Layout: mDisplayFrozen=false holdScreen=null
V/WindowManager( 960): Layout: mDisplayFrozen=false holdScreen=null
V/WindowManager( 960): Layout: mDisplayFrozen=false holdScreen=null
V/WindowManager( 960): Layout: mDisplayFrozen=false holdScreen=null
V/WindowManager( 960): Layout: mDisplayFrozen=false holdScreen=null
V/WindowManager( 960): Layout: mDisplayFrozen=false holdScreen=null
V/WindowManager( 960): Layout: mDisplayFrozen=false holdScreen=null
V/WindowManager( 960): Layout: mDisplayFrozen=false holdScreen=null
D/PowerManagerService( 960): bootCompleted
V/WindowManager( 960): Layout: mDisplayFrozen=false holdScreen=null
I/ActivityManager( 960): Start proc com.android.protips for broadcast com.android.protips/.ProtipWidget: pid=1112 uid=10000 gids={}
I/ActivityManager( 960): Start proc com.android.quicksearchbox for broadcast com.android.quicksearchbox/.SearchWidgetProvider: pid=1123 uid=10018 gids={3003}
I/ActivityManager( 960): Start proc android.process.media for broadcast com.android.providers.downloads/.DownloadReceiver: pid=1141 uid=10003 gids={1015, 2001, 3003}
I/ActivityManager( 960): Start proc com.android.email for broadcast com.android.email/com.android.exchange.BootReceiver: pid=1156 uid=10014 gids={3003, 1015}
I/ActivityManager( 960): Start proc com.android.deskclock for broadcast com.android.deskclock/.AlarmInitReceiver: pid=1169 uid=10013 gids={}
W/BackupManagerService( 960): dataChanged but no participant pkg='com.android.providers.settings' uid=10013
I/ActivityManager( 960): Start proc tw.Enttek for broadcast tw.Enttek/.HippoStartupIntentReceiver: pid=1183 uid=10029 gids={3003, 1015}
I/EthernetMonitor( 960): get event usb0:20:
I/EthernetMonitor( 960): dev: usb0 ev 20
I/EthernetStateTracker( 960): report new state CONNECTED on dev usb0
I/EthernetStateTracker( 960): update network state tracker
I/EthernetMonitor( 960): go poll events
I/EthernetStateTracker( 960): received HW connected, stack=false HW=false
I/ActivityManager( 960): Start proc com.cooliris.media for broadcast com.cooliris.media/com.cooliris.cache.BootReceiver: pid=1215 uid=10026 gids={1015, 3003}
I/EthernetStateTracker( 960): DhcpHandler: DHCP request failed: Timed out waiting for dhcpcd to start
I/ActivityManager( 960): Starting activity: Intent { flg=0x10000000 cmp=tw.Enttek/.startAnime }
V/WindowManager( 960): Layout: mDisplayFrozen=false holdScreen=null
V/WindowManager( 960): Layout: mDisplayFrozen=false holdScreen=null
V/WindowManager( 960): Layout: mDisplayFrozen=false holdScreen=null
W/InputManagerService( 960): Starting input on non-focused client com.android.internal.view.IInputMethodClient$Stub$Proxy@443277c0 (uid=10009 pid=1060)
V/WindowManager( 960): Layout: mDisplayFrozen=false holdScreen=null
V/WindowManager( 960): Layout: mDisplayFrozen=false holdScreen=null
V/WindowManager( 960): Layout: mDisplayFrozen=false holdScreen=null
V/WindowManager( 960): Layout: mDisplayFrozen=false holdScreen=null
V/WindowManager( 960): Layout: mDisplayFrozen=false holdScreen=null
V/WindowManager( 960): Layout: mDisplayFrozen=false holdScreen=Session{44098908 uid 10029}
I/ActivityManager( 960): Starting activity: Intent { cmp=tw.Enttek/.VOD }
V/WindowManager( 960): Layout: mDisplayFrozen=false holdScreen=Session{44098908 uid 10029}
V/WindowManager( 960): Layout: mDisplayFrozen=false holdScreen=Session{44098908 uid 10029}
V/WindowManager( 960): Layout: mDisplayFrozen=false holdScreen=null
V/WindowManager( 960): Layout: mDisplayFrozen=false holdScreen=null
V/WindowManager( 960): Layout: mDisplayFrozen=false holdScreen=null
V/WindowManager( 960): Layout: mDisplayFrozen=false holdScreen=null
V/WindowManager( 960): Layout: mDisplayFrozen=false holdScreen=null
V/WindowManager( 960): Layout: mDisplayFrozen=false holdScreen=null
V/WindowManager( 960): Layout: mDisplayFrozen=false holdScreen=null
V/WindowManager( 960): Layout: mDisplayFrozen=false holdScreen=null
V/WindowManager( 960): Layout: mDisplayFrozen=false holdScreen=null
V/WindowManager( 960): Layout: mDisplayFrozen=false holdScreen=null
V/WindowManager( 960): Layout: mDisplayFrozen=false holdScreen=null
V/WindowManager( 960): Layout: mDisplayFrozen=false holdScreen=null
V/WindowManager( 960): Layout: mDisplayFrozen=false holdScreen=null
I/KeyInputQueue( 960): gotoSleep ??0
I/KeyInputQueue( 960): gotoSleep ??0
V/WindowManager( 960): Layout: mDisplayFrozen=false holdScreen=Session{44098908 uid 10029}
V/WindowManager( 960): Layout: mDisplayFrozen=false holdScreen=null
I/KeyInputQueue( 960): gotoSleep ??0
I/KeyInputQueue( 960): gotoSleep ??0
V/WindowManager( 960): Layout: mDisplayFrozen=false holdScreen=null
V/WindowManager( 960): Layout: mDisplayFrozen=false holdScreen=null
I/KeyInputQueue( 960): gotoSleep ??0
I/KeyInputQueue( 960): gotoSleep ??0
V/WindowManager( 960): Layout: mDisplayFrozen=false holdScreen=null
W/InputManagerService( 960): Window already focused, ignoring focus gain of: com.android.internal.view.IInputMethodClient$Stub$Proxy@44064948
V/WindowManager( 960): Layout: mDisplayFrozen=false holdScreen=Session{44098908 uid 10029}
I/KeyInputQueue( 960): gotoSleep ??0
I/KeyInputQueue( 960): gotoSleep ??0
I/ActivityManager( 960): Starting activity: Intent { cmp=tw.Enttek/.leafGallery (has extras) }
V/WindowManager( 960): Layout: mDisplayFrozen=false holdScreen=Session{44098908 uid 10029}
V/WindowManager( 960): Layout: mDisplayFrozen=false holdScreen=Session{44098908 uid 10029}
V/WindowManager( 960): Layout: mDisplayFrozen=false holdScreen=null
V/WindowManager( 960): Layout: mDisplayFrozen=false holdScreen=null
V/WindowManager( 960): Layout: mDisplayFrozen=false holdScreen=null
V/WindowManager( 960): Layout: mDisplayFrozen=false holdScreen=null
V/WindowManager( 960): Layout: mDisplayFrozen=false holdScreen=null
I/KeyInputQueue( 960): gotoSleep ??0
I/KeyInputQueue( 960): gotoSleep ??0
V/WindowManager( 960): Layout: mDisplayFrozen=false holdScreen=null
V/WindowManager( 960): Layout: mDisplayFrozen=false holdScreen=null
I/KeyInputQueue( 960): gotoSleep ??0
I/KeyInputQueue( 960): gotoSleep ??0
I/ActivityManager( 960): Starting activity: Intent { cmp=tw.Enttek/.movieplayer (has extras) }
V/WindowManager( 960): Layout: mDisplayFrozen=false holdScreen=null
V/WindowManager( 960): Layout: mDisplayFrozen=false holdScreen=null
V/WindowManager( 960): Layout: mDisplayFrozen=false holdScreen=null
V/WindowManager( 960): Layout: mDisplayFrozen=false holdScreen=null
V/WindowManager( 960): Layout: mDisplayFrozen=false holdScreen=null
V/WindowManager( 960): Layout: mDisplayFrozen=false holdScreen=null
V/WindowManager( 960): Layout: mDisplayFrozen=false holdScreen=null
V/WindowManager( 960): Layout: mDisplayFrozen=false holdScreen=null
V/WindowManager( 960): Layout: mDisplayFrozen=false holdScreen=null
V/WindowManager( 960): Layout: mDisplayFrozen=false holdScreen=null
I/KeyInputQueue( 960): gotoSleep ??0
I/KeyInputQueue( 960): gotoSleep ??0
I/KeyInputQueue( 960): gotoSleep ??0
I/KeyInputQueue( 960): gotoSleep ??0
V/WindowManager( 960): Layout: mDisplayFrozen=false holdScreen=Session{4404e5e0 uid 1000}
I/KeyInputQueue( 960): gotoSleep ??0
V/WindowManager( 960): Layout: mDisplayFrozen=false holdScreen=Session{4404e5e0 uid 1000}
I/KeyInputQueue( 960): gotoSleep ??0
I/KeyInputQueue( 960): gotoSleep ??0
I/KeyInputQueue( 960): gotoSleep ??0
I/KeyInputQueue( 960): gotoSleep ??0
I/KeyInputQueue( 960): gotoSleep ??0
I/KeyInputQueue( 960): gotoSleep ??0
I/KeyInputQueue( 960): gotoSleep ??0
I/KeyInputQueue( 960): gotoSleep ??0
I/KeyInputQueue( 960): gotoSleep ??0
I/KeyInputQueue( 960): gotoSleep ??0
I/KeyInputQueue( 960): gotoSleep ??0
I/KeyInputQueue( 960): gotoSleep ??0
I/KeyInputQueue( 960): gotoSleep ??0
I/KeyInputQueue( 960): gotoSleep ??0
I/KeyInputQueue( 960): gotoSleep ??0
I/KeyInputQueue( 960): gotoSleep ??0
I/KeyInputQueue( 960): gotoSleep ??0
V/WindowManager( 960): Layout: mDisplayFrozen=false holdScreen=null
I/KeyInputQueue( 960): gotoSleep ??0
I/KeyInputQueue( 960): gotoSleep ??0
V/WindowManager( 960): Layout: mDisplayFrozen=false holdScreen=null
V/WindowManager( 960): Layout: mDisplayFrozen=false holdScreen=null
V/WindowManager( 960): Layout: mDisplayFrozen=false holdScreen=null
V/WindowManager( 960): Layout: mDisplayFrozen=false holdScreen=null
V/WindowManager( 960): Layout: mDisplayFrozen=false holdScreen=null
V/WindowManager( 960): Layout: mDisplayFrozen=false holdScreen=null
V/WindowManager( 960): Layout: mDisplayFrozen=false holdScreen=null
V/WindowManager( 960): Layout: mDisplayFrozen=false holdScreen=null
V/WindowManager( 960): Layout: mDisplayFrozen=false holdScreen=null
I/KeyInputQueue( 960): gotoSleep ??0
I/KeyInputQueue( 960): gotoSleep ??0
V/WindowManager( 960): Layout: mDisplayFrozen=false holdScreen=null
V/WindowManager( 960): Layout: mDisplayFrozen=false holdScreen=null
I/KeyInputQueue( 960): gotoSleep ??0
I/KeyInputQueue( 960): gotoSleep ??0
I/ActivityManager( 960): Starting activity: Intent { cmp=tw.Enttek/.movieplayer (has extras) }
V/WindowManager( 960): Layout: mDisplayFrozen=false holdScreen=null
V/WindowManager( 960): Layout: mDisplayFrozen=false holdScreen=null
V/WindowManager( 960): Layout: mDisplayFrozen=false holdScreen=null
V/WindowManager( 960): Layout: mDisplayFrozen=false holdScreen=null
V/WindowManager( 960): Layout: mDisplayFrozen=false holdScreen=null
V/WindowManager( 960): Layout: mDisplayFrozen=false holdScreen=null
V/WindowManager( 960): Layout: mDisplayFrozen=false holdScreen=null
V/WindowManager( 960): Layout: mDisplayFrozen=false holdScreen=null
V/WindowManager( 960): Layout: mDisplayFrozen=false holdScreen=null
V/WindowManager( 960): Layout: mDisplayFrozen=false holdScreen=null
I/KeyInputQueue( 960): gotoSleep ??0
I/KeyInputQueue( 960): gotoSleep ??0
I/KeyInputQueue( 960): gotoSleep ??0
I/KeyInputQueue( 960): gotoSleep ??0
I/KeyInputQueue( 960): gotoSleep ??0
I/KeyInputQueue( 960): gotoSleep ??0
I/KeyInputQueue( 960): gotoSleep ??0
I/KeyInputQueue( 960): gotoSleep ??0
I/KeyInputQueue( 960): gotoSleep ??0
I/KeyInputQueue( 960): gotoSleep ??0
I/KeyInputQueue( 960): gotoSleep ??0
I/KeyInputQueue( 960): gotoSleep ??0 --------- beginning of /dev/log/main
D/AudioHardwareALSA( 856): INFO: EPIPE
D/AudioHardwareALSA( 856): INFO: EPIPE
D/AudioHardwareALSA( 856): INFO: EPIPE
E/AudioHardwareALSA( 856): CALLING STANDBY
I/movie ( 1183): delay start
D/TIALSAModule( 856): open called for devices 00000000 in mode 0...
I/TIALSAModule( 856): Initialized ALSA PLAYBACK device default
E/AudioHardwareALSA( 856): RE-OPEN AFTER STANDBY:: took 5 msecs
D/WindowManager( 960): interceptKeyTq event=android.view.RawInputEvent@441841f0 keycode=0 screenIsOn=true keyguardActive=false
I/KeyInputQueue( 960): gotoSleep ??0
D/WindowManager( 960): interceptKeyTq event=android.view.RawInputEvent@441841f0 keycode=0 screenIsOn=true keyguardActive=false
I/KeyInputQueue( 960): gotoSleep ??0
D/WindowManager( 960): interceptKeyTq event=android.view.RawInputEvent@441841f0 keycode=0 screenIsOn=true keyguardActive=false
I/KeyInputQueue( 960): gotoSleep ??0
I/dalvikvm( 1183): Jit: resizing JitTable from 4096 to 8192
D/WindowManager( 960): interceptKeyTq event=android.view.RawInputEvent@441841f0 keycode=0 screenIsOn=true keyguardActive=false
I/KeyInputQueue( 960): gotoSleep ??0 I/Mediaplayer Seek set( 1183): 3169 3169000 5766
D/AudioHardwareALSA( 856): INFO: EPIPE
D/AudioHardwareALSA( 856): INFO: EPIPE
D/AudioHardwareALSA( 856): INFO: EPIPE
W/MediaPlayer( 1183): info/warning (1, 44)
I/MediaPlayer( 1183): Info (1,44)
D/AudioHardwareALSA( 856): INFO: EPIPE
I/Movie ( 1183): Seek DOne
D/AudioHardwareALSA( 856): INFO: EPIPE
D/AudioHardwareALSA( 856): INFO: EPIPE
D/AudioHardwareALSA( 856): INFO: EPIPE
D/AudioHardwareALSA( 856): INFO: EPIPE
D/AudioHardwareALSA( 856): INFO: EPIPE
D/AudioHardwareALSA( 856): INFO: EPIPE
D/AudioHardwareALSA( 856): INFO: EPIPE
D/AudioHardwareALSA( 856): INFO: EPIPE
D/AudioHardwareALSA( 856): INFO: EPIPE
D/AudioHardwareALSA( 856): INFO: EPIPE
D/AudioHardwareALSA( 856): INFO: EPIPE
D/AudioHardwareALSA( 856): INFO: EPIPE
D/AudioHardwareALSA( 856): INFO: EPIPE
D/AudioHardwareALSA( 856): INFO: EPIPE
D/AudioHardwareALSA( 856): INFO: EPIPE
D/AudioHardwareALSA( 856): INFO: EPIPE
D/AudioHardwareALSA( 856): INFO: EPIPE
D/AudioHardwareALSA( 856): INFO: EPIPE
D/AudioHardwareALSA( 856): INFO: EPIPE
D/AudioHardwareALSA( 856): INFO: EPIPE
D/AudioHardwareALSA( 856): INFO: EPIPE
D/AudioHardwareALSA( 856): INFO: EPIPE
D/AudioHardwareALSA( 856): INFO: EPIPE
D/AudioHardwareALSA( 856): INFO: EPIPE
D/AudioHardwareALSA( 856): INFO: EPIPE
D/AudioHardwareALSA( 856): INFO: EPIPE
D/AudioHardwareALSA( 856): INFO: EPIPE
D/AudioHardwareALSA( 856): INFO: EPIPE
D/AudioHardwareALSA( 856): INFO: EPIPE
D/AudioHardwareALSA( 856): INFO: EPIPE
D/AudioHardwareALSA( 856): INFO: EPIPE
D/AudioHardwareALSA( 856): INFO: EPIPE
D/AudioHardwareALSA( 856): INFO: EPIPE
D/AudioHardwareALSA( 856): INFO: EPIPE
D/AudioHardwareALSA( 856): INFO: EPIPE
D/AudioHardwareALSA( 856): INFO: EPIPE
D/AudioHardwareALSA( 856): INFO: EPIPE
D/AudioHardwareALSA( 856): INFO: EPIPE
D/AudioHardwareALSA( 856): INFO: EPIPE
D/AudioHardwareALSA( 856): INFO: EPIPE
D/AudioHardwareALSA( 856): INFO: EPIPE
D/AudioHardwareALSA( 856): INFO: EPIPE
D/AudioHardwareALSA( 856): INFO: EPIPE
D/AudioHardwareALSA( 856): INFO: EPIPE
D/AudioHardwareALSA( 856): INFO: EPIPE
D/AudioHardwareALSA( 856): INFO: EPIPE
D/AudioHardwareALSA( 856): INFO: EPIPE
D/AudioHardwareALSA( 856): INFO: EPIPE
D/AudioHardwareALSA( 856): INFO: EPIPE
D/AudioHardwareALSA( 856): INFO: EPIPE
D/AudioHardwareALSA( 856): INFO: EPIPE
D/AudioHardwareALSA( 856): INFO: EPIPE
D/AudioHardwareALSA( 856): INFO: EPIPE
D/AudioHardwareALSA( 856): INFO: EPIPE
D/AudioHardwareALSA( 856): INFO: EPIPE
D/AudioHardwareALSA( 856): INFO: EPIPE
D/AudioHardwareALSA( 856): INFO: EPIPE
D/AudioHardwareALSA( 856): INFO: EPIPE
E/AudioHardwareALSA( 856): CALLING STANDBY
I/movie ( 1183): delay start
D/TIALSAModule( 856): open called for devices 00000000 in mode 0...
I/TIALSAModule( 856): Initialized ALSA PLAYBACK device default
E/AudioHardwareALSA( 856): RE-OPEN AFTER STANDBY:: took 5 msecs
D/WindowManager( 960): interceptKeyTq event=android.view.RawInputEvent@441841f0 keycode=0 screenIsOn=true keyguardActive=false
I/KeyInputQueue( 960): gotoSleep ??0
D/WindowManager( 960): interceptKeyTq event=android.view.RawInputEvent@441841f0 keycode=0 screenIsOn=true keyguardActive=false
I/KeyInputQueue( 960): gotoSleep ??0
I/Media player( 1183): back press
V/WindowManager( 960): Layout: mDisplayFrozen=false holdScreen=null
I/TIOverlay( 960): Nothing to do!
I/MP ( 1183): onPause
I/MP ( 1183): onPause exit
D/AudioHardwareALSA( 856): INFO: EPIPE
I/omx-dsp ( 856): 1252025054 [VIDEO.INIT] Buffer 0x19fcf8 freed
I/omx-dsp ( 856): 1252025207 [VIDEO.INIT] Buffer 0x19fc48 freed
I/omx-dsp ( 856): 1252025329 [VIDEO.INIT] Buffer 0x19fd50 freed
I/omx-dsp ( 856): 1252025421 [VIDEO.INIT] Buffer 0x19fb40 freed
I/omx-dsp ( 856): 1252025512 [VIDEO.INIT] Buffer 0x19fe00 freed
I/omx-dsp ( 856): 1252025604 [VIDEO.INIT] Buffer 0x19fbf0 freed
I/omx-dsp ( 856): 1252025695 [VIDEO.INIT] Buffer 0x19fca0 freed
I/omx-dsp ( 856): 1252025787 [VIDEO.INIT] Buffer 0x19fda8 freed
I/omx-dsp ( 856): 1252025878 [VIDEO.INIT] Buffer 0x19fb98 freed
D/TIOverlay( 960): overlay_destroyOverlay:IN dev (0x12a958) and overlay (0x2e9f98)
I/TIOverlay( 960): Destroying overlay/fd=82/obj=002e9f98
D/TIOverlay( 960): overlay_destroyOverlay:OUT
I/omx-dsp ( 856): 1252037200 [VIDEO.INIT] DSP VIDDEC2 decoder cleanup completed
I/omx-dsp ( 856): 1252037231 [VIDEO.INIT] Component deinitialization completed
I/omx-dsp ( 856): 1252037658 [VIDEO.INIT] Component destroyed
I/omx-dsp ( 856): 1252037719 [H264.INIT] AVC decoder component destructed
I/omx-dsp ( 856): 1252037750 [VIDEO.INIT] DLL unregistered
V/WindowManager( 960): Layout: mDisplayFrozen=false holdScreen=null
D/AudioHardwareALSA( 856): INFO: EPIPE
V/WindowManager( 960): Layout: mDisplayFrozen=false holdScreen=null
V/WindowManager( 960): Layout: mDisplayFrozen=false holdScreen=null
I/CPU ( 1183): Speed max
V/WindowManager( 960): Layout: mDisplayFrozen=false holdScreen=null
D/AudioHardwareALSA( 856): INFO: EPIPE
V/WindowManager( 960): Layout: mDisplayFrozen=false holdScreen=null
V/WindowManager( 960): Layout: mDisplayFrozen=false holdScreen=null
V/WindowManager( 960): Layout: mDisplayFrozen=false holdScreen=null
V/WindowManager( 960): Layout: mDisplayFrozen=false holdScreen=null
D/AudioHardwareALSA( 856): INFO: EPIPE
D/AudioHardwareALSA( 856): INFO: EPIPE
D/AudioHardwareALSA( 856): INFO: EPIPE
D/AudioHardwareALSA( 856): INFO: EPIPE
D/AudioHardwareALSA( 856): INFO: EPIPE
D/AudioHardwareALSA( 856): INFO: EPIPE
D/AudioHardwareALSA( 856): INFO: EPIPE
D/AudioHardwareALSA( 856): INFO: EPIPE
D/AudioHardwareALSA( 856): INFO: EPIPE
D/AudioHardwareALSA( 856): INFO: EPIPE
D/AudioHardwareALSA( 856): INFO: EPIPE
D/AudioHardwareALSA( 856): INFO: EPIPE
D/AudioHardwareALSA( 856): INFO: EPIPE
D/AudioHardwareALSA( 856): INFO: EPIPE
D/AudioHardwareALSA( 856): INFO: EPIPE
D/AudioHardwareALSA( 856): INFO: EPIPE
D/AudioHardwareALSA( 856): INFO: EPIPE
D/AudioHardwareALSA( 856): INFO: EPIPE
D/AudioHardwareALSA( 856): INFO: EPIPE
D/AudioHardwareALSA( 856): INFO: EPIPE
D/AudioHardwareALSA( 856): INFO: EPIPE
D/AudioHardwareALSA( 856): INFO: EPIPE
D/AudioHardwareALSA( 856): INFO: EPIPE
D/AudioHardwareALSA( 856): INFO: EPIPE
D/AudioHardwareALSA( 856): INFO: EPIPE
D/WindowManager( 960): interceptKeyTq event=android.view.RawInputEvent@441841f0 keycode=0 screenIsOn=true keyguardActive=false
I/KeyInputQueue( 960): gotoSleep ??0
D/AudioHardwareALSA( 856): INFO: EPIPE
D/AudioHardwareALSA( 856): INFO: EPIPE
D/AudioHardwareALSA( 856): INFO: EPIPE
D/WindowManager( 960): interceptKeyTq event=android.view.RawInputEvent@441841f0 keycode=0 screenIsOn=true keyguardActive=false
I/KeyInputQueue( 960): gotoSleep ??0
V/WindowManager( 960): Layout: mDisplayFrozen=false holdScreen=null
D/AudioHardwareALSA( 856): INFO: EPIPE
V/WindowManager( 960): Layout: mDisplayFrozen=false holdScreen=null
V/WindowManager( 960): Layout: mDisplayFrozen=false holdScreen=null
I/CPU ( 1183): Speed max
I/Media Ad( 1183): Resume play
D/AudioHardwareALSA( 856): INFO: EPIPE
V/WindowManager( 960): Layout: mDisplayFrozen=false holdScreen=null
V/WindowManager( 960): Layout: mDisplayFrozen=false holdScreen=null
D/AudioHardwareALSA( 856): INFO: EPIPE
V/WindowManager( 960): Layout: mDisplayFrozen=false holdScreen=null
D/AudioHardwareALSA( 856): INFO: EPIPE
I/omx-dsp ( 856): 1253640838 [VIDEO.INIT] Register DLL within Opencore
I/omx-dsp ( 856): 1253641052 [VIDEO.INIT] Component constructed successfully
I/omx-dsp ( 856): 1253641082 [H264.INIT] AVC decoder component constructed
V/WindowManager( 960): Layout: mDisplayFrozen=false holdScreen=null
D/AudioHardwareALSA( 856): INFO: EPIPE
V/WindowManager( 960): Layout: mDisplayFrozen=false holdScreen=null
V/WindowManager( 960): Layout: mDisplayFrozen=false holdScreen=null
V/WindowManager( 960): Layout: mDisplayFrozen=false holdScreen=null
I/omx-dsp ( 856): 1253719421 [VIDEO.INIT] Allocated input buffer: 115200 bytes
I/omx-dsp ( 856): 1253719787 [VIDEO.INIT] DSP VIDDEC2 codec initialized
I/omx-dsp ( 856): 1253719818 [H264.INIT] AVC video decoder initialized
I/omx-dsp ( 856): 1253719848 [VIDEO.INIT] Component initialization completed
I/omx-dsp ( 856): 1253720672 [VIDEO.INIT] Output buffer #0 allocated: 0x17b7d8
I/omx-dsp ( 856): 1253720794 [VIDEO.INIT] Output buffer #1 allocated: 0x17b830
D/AudioHardwareALSA( 856): INFO: EPIPE
I/omx-dsp ( 856): 1253722381 [VIDEO.INIT] Output buffer #2 allocated: 0x17b888
I/omx-dsp ( 856): 1253722503 [VIDEO.INIT] Output buffer #3 allocated: 0x17b8e0
I/omx-dsp ( 856): 1253722595 [VIDEO.INIT] Output buffer #4 allocated: 0x17b938
I/omx-dsp ( 856): 1253722686 [VIDEO.INIT] Output buffer #5 allocated: 0x17b990
I/omx-dsp ( 856): 1253722778 [VIDEO.INIT] Output buffer #6 allocated: 0x17b9e8
I/omx-dsp ( 856): 1253722869 [VIDEO.INIT] Output buffer #7 allocated: 0x17ba40
I/omx-dsp ( 856): 1253722991 [VIDEO.INIT] Output buffer #8 allocated: 0x17ba98
I/CPU ( 1183): Speed max
V/WindowManager( 960): Layout: mDisplayFrozen=false holdScreen=null
V/WindowManager( 960): Layout: mDisplayFrozen=false holdScreen=null
D/AudioHardwareALSA( 856): INFO: EPIPE
D/AudioHardwareALSA( 856): INFO: EPIPE
W/MediaPlayer( 1183): info/warning (1, 44)
I/MediaPlayer( 1183): Info (1,44)
D/MediaPlayer( 1183): getMetadata
D/AudioHardwareALSA( 856): INFO: EPIPE
D/TIOverlay( 960): overlay_createOverlay:IN w=320 h=240 format=22
I/Overlay ( 960): v4l2_overlay_init:: w=960 h=528
I/Overlay ( 960): v4l2_overlay_init:: w=320 h=240
I/Overlay ( 960): v4l2_overlay_init:: w=320 h=240
I/Overlay ( 960): 4 buffers allocated, 4 requested
I/Overlay ( 960): buffer cookie is 2
I/TIOverlay( 960): Opened video1/fd=88/obj=000bf728/shm=82/size=4096
D/TIOverlay( 960): overlay_createOverlay: OUT
I/VideoMio34xx( 856): Actual resolution: 320x240
I/VideoMio34xx( 856): Video resolution: 320x240
D/AudioHardwareALSA( 856): INFO: EPIPE
I/TIOverlay( 960): Position/X0/Y0/W0/H0
I/TIOverlay( 960): Adjusted Position/X300/Y102/W320/H240
I/TIOverlay( 960): Rotation/0
I/Overlay ( 960): v4l2_overlay_reinit:: w=320 h=240
I/Overlay ( 960): v4l2_overlay_init:: w=320 h=240
I/Overlay ( 960): v4l2_overlay_init:: w=320 h=240
I/Overlay ( 960): v4l2_overlay_set_position:: w=320 h=240
I/Overlay ( 960): v4l2_overlay_set_position:: w=320 h=240
I/Overlay ( 960): dumping driver state:
I/Overlay ( 960): output pixfmt: w 320, h 240, colorsapce 7, pixfmt UYVY
I/Overlay ( 960): v4l2_overlay window: l 300, t 102, w 320, h 240
I/Overlay ( 960): output crop: l 0, t 0, w 320, h 240
I/TIOverlay( 960): Postponing Stream Enable/1/0
D/AudioHardwareALSA( 856): INFO: EPIPE
D/AudioHardwareALSA( 856): INFO: EPIPE
D/AudioHardwareALSA( 856): INFO: EPIPE
D/AudioHardwareALSA( 856): INFO: EPIPE
D/AudioHardwareALSA( 856): INFO: EPIPE
D/AudioHardwareALSA( 856): INFO: EPIPE
D/AudioHardwareALSA( 856): INFO: EPIPE
D/AudioHardwareALSA( 856): INFO: EPIPE
D/AudioHardwareALSA( 856): INFO: EPIPE
D/AudioHardwareALSA( 856): INFO: EPIPE
D/AudioHardwareALSA( 856): INFO: EPIPE
D/AudioHardwareALSA( 856): INFO: EPIPE
D/AudioHardwareALSA( 856): INFO: EPIPE
D/AudioHardwareALSA( 856): INFO: EPIPE
D/AudioHardwareALSA( 856): INFO: EPIPE
D/AudioHardwareALSA( 856): INFO: EPIPE
D/AudioHardwareALSA( 856): INFO: EPIPE
D/AudioHardwareALSA( 856): INFO: EPIPE
V/WindowManager( 960): Layout: mDisplayFrozen=false holdScreen=null
D/AudioHardwareALSA( 856): INFO: EPIPE
E/AudioHardwareALSA( 856): CALLING STANDBY
I/AD position( 1183): 1 2 1258554
I/Ad ( 1183): Path =/vod/advideo/enttek_demo.mp4
D/TIOverlay( 960): overlay_destroyOverlay:IN dev (0x12a958) and overlay (0xbf728)
I/TIOverlay( 960): Destroying overlay/fd=88/obj=000bf728
D/TIOverlay( 960): overlay_destroyOverlay:OUT
I/omx-dsp ( 856): 1258562133 [VIDEO.INIT] Buffer 0x17b7d8 freed
I/omx-dsp ( 856): 1258562316 [VIDEO.INIT] Buffer 0x17b830 freed
I/omx-dsp ( 856): 1258562408 [VIDEO.INIT] Buffer 0x17b888 freed
I/omx-dsp ( 856): 1258562530 [VIDEO.INIT] Buffer 0x17b8e0 freed
I/omx-dsp ( 856): 1258562622 [VIDEO.INIT] Buffer 0x17b938 freed
I/omx-dsp ( 856): 1258562774 [VIDEO.INIT] Buffer 0x17b990 freed
I/omx-dsp ( 856): 1258562866 [VIDEO.INIT] Buffer 0x17b9e8 freed
I/omx-dsp ( 856): 1258562957 [VIDEO.INIT] Buffer 0x17ba40 freed
I/omx-dsp ( 856): 1258563049 [VIDEO.INIT] Buffer 0x17ba98 freed
I/omx-dsp ( 856): 1258565765 [VIDEO.INIT] DSP VIDDEC2 decoder cleanup completed
I/omx-dsp ( 856): 1258565795 [VIDEO.INIT] Component deinitialization completed
I/omx-dsp ( 856): 1258566131 [VIDEO.INIT] Component destroyed
I/omx-dsp ( 856): 1258566162 [H264.INIT] AVC decoder component destructed
I/omx-dsp ( 856): 1258566192 [VIDEO.INIT] DLL unregistered
V/WindowManager( 960): Layout: mDisplayFrozen=false holdScreen=null
I/omx-dsp ( 856): 1258640106 [VIDEO.INIT] Register DLL within Opencore
I/omx-dsp ( 856): 1258640289 [VIDEO.INIT] Component constructed successfully
I/omx-dsp ( 856): 1258640319 [H264.INIT] AVC decoder component constructed
I/omx-dsp ( 856): 1258719818 [VIDEO.INIT] Allocated input buffer: 115200 bytes
I/omx-dsp ( 856): 1258720184 [VIDEO.INIT] DSP VIDDEC2 codec initialized
I/omx-dsp ( 856): 1258720214 [H264.INIT] AVC video decoder initialized
I/omx-dsp ( 856): 1258720245 [VIDEO.INIT] Component initialization completed
I/omx-dsp ( 856): 1258721008 [VIDEO.INIT] Output buffer #0 allocated: 0x177718
I/omx-dsp ( 856): 1258721099 [VIDEO.INIT] Output buffer #1 allocated: 0x177770
I/omx-dsp ( 856): 1258721191 [VIDEO.INIT] Output buffer #2 allocated: 0x1777c8
I/omx-dsp ( 856): 1258721282 [VIDEO.INIT] Output buffer #3 allocated: 0x177820
I/omx-dsp ( 856): 1258721374 [VIDEO.INIT] Output buffer #4 allocated: 0x177878
I/omx-dsp ( 856): 1258721466 [VIDEO.INIT] Output buffer #5 allocated: 0x1778d0
I/omx-dsp ( 856): 1258721557 [VIDEO.INIT] Output buffer #6 allocated: 0x177928
I/omx-dsp ( 856): 1258721649 [VIDEO.INIT] Output buffer #7 allocated: 0x177980
I/omx-dsp ( 856): 1258721740 [VIDEO.INIT] Output buffer #8 allocated: 0x1779d8
W/MediaPlayer( 1183): info/warning (1, 44)
I/MediaPlayer( 1183): Info (1,44)
D/MediaPlayer( 1183): getMetadata
V/WindowManager( 960): Layout: mDisplayFrozen=false holdScreen=Session{44098908 uid 10029}
D/TIOverlay( 960): overlay_createOverlay:IN w=320 h=240 format=22
I/Overlay ( 960): v4l2_overlay_init:: w=320 h=240
I/Overlay ( 960): v4l2_overlay_init:: w=320 h=240
I/Overlay ( 960): v4l2_overlay_init:: w=320 h=240
I/Overlay ( 960): 4 buffers allocated, 4 requested
I/Overlay ( 960): buffer cookie is 2
I/TIOverlay( 960): Opened video1/fd=82/obj=002e9c38/shm=80/size=4096
D/TIOverlay( 960): overlay_createOverlay: OUT
I/TIOverlay( 960): Position/X0/Y0/W0/H0
I/TIOverlay( 960): Adjusted Position/X300/Y102/W320/H240
I/TIOverlay( 960): Rotation/0
I/Overlay ( 960): v4l2_overlay_reinit:: w=320 h=240
I/Overlay ( 960): v4l2_overlay_init:: w=320 h=240
I/Overlay ( 960): v4l2_overlay_init:: w=320 h=240
I/Overlay ( 960): v4l2_overlay_set_position:: w=320 h=240
I/Overlay ( 960): v4l2_overlay_set_position:: w=320 h=240
I/Overlay ( 960): dumping driver state:
I/Overlay ( 960): output pixfmt: w 320, h 240, colorsapce 7, pixfmt UYVY
I/Overlay ( 960): v4l2_overlay window: l 300, t 102, w 320, h 240
I/Overlay ( 960): output crop: l 0, t 0, w 320, h 240
I/TIOverlay( 960): Postponing Stream Enable/1/0
I/VideoMio34xx( 856): Actual resolution: 320x240
I/VideoMio34xx( 856): Video resolution: 320x240
D/TIALSAModule( 856): open called for devices 00000000 in mode 0...
I/TIALSAModule( 856): Initialized ALSA PLAYBACK device default
E/AudioHardwareALSA( 856): RE-OPEN AFTER STANDBY:: took 6 msecs
E/TIOverlay( 856): Queue more buffers before attempting to dequeue
I/VideoMio34xx( 856): Dequeue FAIL from writeFrameBuf
E/TIOverlay( 856): Queue more buffers before attempting to dequeue
I/VideoMio34xx( 856): Dequeue FAIL from writeFrameBuf
E/TIOverlay( 856): Queue more buffers before attempting to dequeue
I/VideoMio34xx( 856): Dequeue FAIL from writeFrameBuf
D/WindowManager( 960): interceptKeyTq event=android.view.RawInputEvent@441841f0 keycode=0 screenIsOn=true keyguardActive=false
I/KeyInputQueue( 960): gotoSleep ??0
I/Keypress( 1183): Code is: 4
D/WindowManager( 960): interceptKeyTq event=android.view.RawInputEvent@441841f0 keycode=0 screenIsOn=true keyguardActive=false
I/KeyInputQueue( 960): gotoSleep ??0
D/TIOverlay( 960): overlay_destroyOverlay:IN dev (0x12a958) and overlay (0x2e9c38)
I/TIOverlay( 960): Destroying overlay/fd=82/obj=002e9c38
D/TIOverlay( 960): overlay_destroyOverlay:OUT
I/omx-dsp ( 856): 1262471710 [VIDEO.INIT] Buffer 0x177980 freed
I/omx-dsp ( 856): 1262471832 [VIDEO.INIT] Buffer 0x1777c8 freed
I/omx-dsp ( 856): 1262471923 [VIDEO.INIT] Buffer 0x177820 freed
I/omx-dsp ( 856): 1262472015 [VIDEO.INIT] Buffer 0x177878 freed
I/omx-dsp ( 856): 1262472106 [VIDEO.INIT] Buffer 0x1778d0 freed
I/omx-dsp ( 856): 1262472198 [VIDEO.INIT] Buffer 0x177928 freed
