{"text_format":"1","workbook":"xlsx","n_sheets":3,"sheets":["Instructions","Input and Results","Legal"],"not_rendered":{"charts":3,"images":1,"macros":1,"external_links":0,"defined_names":35,"comments":0,"pivot_tables":0},"unopened":[],"bounds":{"document_bytes":16777216,"sheet_cells":100000,"rows_first":2000,"rows_last":500,"rows_between":2000,"halvings":0,"cell_chars":16384,"cell_head_chars":4096},"cells_cut":0,"cells_raw":0,"read":"whole","date_system":"1900"}

{"sheet":"Instructions","index":0,"n_rows":41,"n_cols":2,"rows_kept":41,"cut":false,"hidden":false,"merged":[]}
["Using this spreadsheet"]
[null,"This spreadsheet will help the engineer calculate the compensation network for a voltage mode continuous current non isolated buck converter using type III compensation network."]
[null,"Getting Started:"]
[1,"Ensure Tools => Add Ins => Analysis ToolPak is selected otherwise spreadsheet will not work"]
[2,"Green Cells show where manually entered data is placed"]
[3,"White cells are the calculated results"]
[4,"Blue cells are the final results for the design and plots"]
[5,"All data is entered and results viewed on the \"Input and Results\" worksheet"]
[]
[null,"Required Data:"]
[null,"Power Supply General Parameters"]
[null,"Input voltage in Volts"]
[null,"Output voltage Volts"]
[null,"Output current in Amps"]
[null,"Loop Requirements"]
[null,"Cross over frequency in kHz, recommend 1/5th to 1/10th the switching frequency"]
[null,"Phase margin in degrees, recommend 60°"]
[null,"Output Filter Parameters"]
[null,"Output inductor value in micro Henries"]
[null,"Output inductor DC resistance in milliohms"]
[null,"Output electrolytic capacitor value in micro Farads (set Qty. to 0 if not used)"]
[null,"Electrolytic capacitor equivalent series resistance in milliohms"]
[null,"Output ceramic capacitor value in micro Farads (set Qty. to 0 if not used)"]
[null,"Ceramic capacitor equivalent series resistance in milliohms"]
[null,"Controller part number (select from pull down list)"]
[]
[null,"Procedure:"]
[1,"Enter data in relevant cells on sheet titled \"Input and Results\""]
[2,"Select IC part number from pull down menu (Cell B18)"]
[null,"a. if using the TPS4005X or TPS4007x you should enter the RT and RKFF values in cells B21 and B22"]
[null,"b. if using the TPS40400 you need to enter the switching frequency (in kHz) is cell B21"]
[3,"Set \"Manually input R's & C's:\" to \"No\" (Cell K4)"]
[4,"Results are shown in the blue cells"]
[5,"To keep these calculated results click on green box \"Copy Std. Values to Man. Values\" this will"]
[null,"a. Copy the R's and C's from Cells G13-G19 to cells J5-J11."]
[null,"b. Sets \"Manually input R's & C's:\" to \"Yes\""]
[null,"The user can now modify the power supply parameters with a fixed compensation network"]
[6,"User can also manually input zero and pole locations by using cells J14 to J17 and selecting K13 = Yes"]
[]
[null,"Applicable Parts"]
[null,"TPS40007, TPS40009, TPS40021, TPS40040, TPS40041, TPS40055, TPS40057, TPS40075, TPS40077, TPS40101, TPS40170, TPS40190, TPS40192, TPS40193, TPS40195, TPS40200, TPS40303, TPS40304, TPS40305, TPS40322, TPS40400, TPS51113, TPS5130, TPS53311, TPS56121, TPS56221, TPS53316, TPS53313"]

{"sheet":"Input and Results","index":1,"n_rows":339,"n_cols":31,"rows_kept":339,"cut":false,"hidden":false,"merged":[[12,83,12,86],[11,0,11,2],[17,8,17,9],[18,0,18,2]]}
["See \"Instructions\" sheet for details on using this spreadsheet.",null,null,null,null,null,null,null,null,null,null,null,null,null,null,null,null,null,null,null,null,null,null,"Resistors",null,null,null,"Capacitors"]
[null,null,null,null,null,null,null,null,null,null,null,null,null,null,null,null,null,"IC Parameters (from data sheet)"]
["PSU Parameters",null,null,null,null,"Calculated Zero's, Pole's, R's and C's:",null,null,null,"Manually enter",null,null,"Power Train Poles and Zeros",null,null,null,null,"P/N","VRAMP","VREF","GBWP","DCGAIN",null,{"$f":"'Input and Results'!H6","v":"R_2"},{"$f":"'Input and Results'!I6","v":1996.5702104905511},{"$f":"IF((10^(LOG(Y3)-INT(LOG(Y3)))*100)-VLOOKUP((10^(LOG(Y3)-INT(LOG(Y3)))*100),X$7:X$75,1)<VLOOKUP((10^(LOG(Y3)-INT(LOG(Y3)))*100),X$7:Y$75,2)-(10^(LOG(Y3)-INT(LOG(Y3)))*100),VLOOKUP((10^(LOG(Y3)-INT(LOG(Y3)))*100),X$7:X$75,1),VLOOKUP((10^(LOG(Y3)-INT(LOG(Y3)))*100),X$7:Y$75,2))","v":200},{"$f":"Z3*10^INT(LOG(Y3))/100","v":2000},{"$f":"'Input and Results'!H9","v":"C_1"},{"$f":"'Input and Results'!I9","v":650.39812976252335},{"$f":"IF((10^(LOG(AC3)-INT(LOG(AC3))))-VLOOKUP((10^(LOG(AC3)-INT(LOG(AC3)))),AB$7:AB$18,1)<VLOOKUP((10^(LOG(AC3)-INT(LOG(AC3)))),AB$7:AC$18,2)-(10^(LOG(AC3)-INT(LOG(AC3)))),VLOOKUP((10^(LOG(AC3)-INT(LOG(AC3)))),AB$7:AB$18,1),VLOOKUP((10^(LOG(AC3)-INT(LOG(AC3)))),AB$7:AC$18,2))","v":6.8},{"$f":"IF(I9>10000,AD6*10^INT(LOG(AC3)),AD3*10^INT(LOG(AC3)))","v":680}]
["VIN",12,"V",null,null,null,null,null,null,"R's & C's:","Yes",null,"LC Double Pole",{"$f":"1/(2*PI()*SQRT(LOUT*10^-6*(COUT+MLCC)*10^-6))*10^-3","v":6.9460911804285672},"kHz",null,null,null,"V","V","MHz","dB",null,{"$f":"'Input and Results'!H7","v":"R_3"},{"$f":"'Input and Results'!I7","v":23211.480124068279},{"$f":"IF((10^(LOG(Y4)-INT(LOG(Y4)))*100)-VLOOKUP((10^(LOG(Y4)-INT(LOG(Y4)))*100),X$7:X$75,1)<VLOOKUP((10^(LOG(Y4)-INT(LOG(Y4)))*100),X$7:Y$75,2)-(10^(LOG(Y4)-INT(LOG(Y4)))*100),VLOOKUP((10^(LOG(Y4)-INT(LOG(Y4)))*100),X$7:X$75,1),VLOOKUP((10^(LOG(Y4)-INT(LOG(Y4)))*100),X$7:Y$75,2))","v":237},{"$f":"Z4*10^INT(LOG(Y4))/100","v":23700},{"$f":"'Input and Results'!H10","v":"C_2"},{"$f":"'Input and Results'!I10","v":336.15033538414019},{"$f":"IF((10^(LOG(AC4)-INT(LOG(AC4))))-VLOOKUP((10^(LOG(AC4)-INT(LOG(AC4)))),AB$7:AB$18,1)<VLOOKUP((10^(LOG(AC4)-INT(LOG(AC4)))),AB$7:AC$18,2)-(10^(LOG(AC4)-INT(LOG(AC4)))),VLOOKUP((10^(LOG(AC4)-INT(LOG(AC4)))),AB$7:AB$18,1),VLOOKUP((10^(LOG(AC4)-INT(LOG(AC4)))),AB$7:AC$18,2))","v":3.3},{"$f":"IF(I10>10000,AD7*10^INT(LOG(AC4)),AD4*10^INT(LOG(AC4)))","v":330}]
["VOUT",3.3,"V",null,null,"Fz_1",{"$f":"IF(K13=\"NO\",Fco/G9*1000,J14)","v":20397.819659500557},"R_1",{"$f":"J5","v":10000},10000,"W",null,"Electrolytic ESR Zero",{"$f":"IF(D13=0, \"None\",1/(2*PI()*COUT*10^-6*ESR*10^-3)*10^-3)","v":30.142981646192304},"kHz",null,null,"TPS40007",0.87,0.7,5,55,null,{"$f":"'Input and Results'!H8","v":"R_bias"},{"$f":"'Input and Results'!I8","v":2222.2222222222226},{"$f":"IF((10^(LOG(Y5)-INT(LOG(Y5)))*100)-VLOOKUP((10^(LOG(Y5)-INT(LOG(Y5)))*100),X$7:X$75,1)<VLOOKUP((10^(LOG(Y5)-INT(LOG(Y5)))*100),X$7:Y$75,2)-(10^(LOG(Y5)-INT(LOG(Y5)))*100),VLOOKUP((10^(LOG(Y5)-INT(LOG(Y5)))*100),X$7:X$75,1),VLOOKUP((10^(LOG(Y5)-INT(LOG(Y5)))*100),X$7:Y$75,2))","v":220},{"$f":"Z5*10^INT(LOG(Y5))/100","v":2200},{"$f":"'Input and Results'!H11","v":"C_3"},{"$f":"'Input and Results'!I11","v":67.114774587438305},{"$f":"IF((10^(LOG(AC5)-INT(LOG(AC5))))-VLOOKUP((10^(LOG(AC5)-INT(LOG(AC5)))),AB$7:AB$18,1)<VLOOKUP((10^(LOG(AC5)-INT(LOG(AC5)))),AB$7:AC$18,2)-(10^(LOG(AC5)-INT(LOG(AC5)))),VLOOKUP((10^(LOG(AC5)-INT(LOG(AC5)))),AB$7:AB$18,1),VLOOKUP((10^(LOG(AC5)-INT(LOG(AC5)))),AB$7:AC$18,2))","v":6.8},{"$f":"IF(I11>10000,AD8*10^INT(LOG(AC5)),AD5*10^INT(LOG(AC5)))","v":68}]
["IOUT_max",18,"A",null,null,"Fz_2",{"$f":"IF(K13=\"NO\",Fco/G9*1000,J15)","v":20397.819659500557},"R_2",{"$f":"1/(2*PI()*Fp_1*I9*10^-12)","v":1996.5702104905511},2000,"W",null,"Ceramic ESR Zero",{"$f":"IF(D16=0,\"None\",1/(2*PI()*MLCC*10^-6*MLCC_ESR*10^-3)*10^-3)","v":15915.494309189535},"kHz",null,null,"TPS40009",0.87,0.7,5,55,null,null,null,null,null,"C values up to 10nF",null,{"$f":"IF((10^(LOG(AC3)-INT(LOG(AC3))))-VLOOKUP((10^(LOG(AC3)-INT(LOG(AC3)))),AB$20:AB$25,1)<VLOOKUP((10^(LOG(AC3)-INT(LOG(AC3)))),AB$20:AC$25,2)-(10^(LOG(AC3)-INT(LOG(AC3)))),VLOOKUP((10^(LOG(AC3)-INT(LOG(AC3)))),AB$20:AB$25,1),VLOOKUP((10^(LOG(AC3)-INT(LOG(AC3)))),AB$20:AC$25,2))","v":6.8}]
["Fco",50,"kHz",null,null,"Fp_1",{"$f":"IF(K13=\"NO\",Fco*G9*1000,J16)","v":122562.11897802478},"R_3",{"$f":"1/(2*PI()*Fz_2*I10*10^-12)","v":23211.480124068279},23700,"W",null,null,null,null,null,null,"TPS40021",0.87,0.7,5,55,null,100,105,"E24",null,1,1.2,{"$f":"IF((10^(LOG(AC4)-INT(LOG(AC4))))-VLOOKUP((10^(LOG(AC4)-INT(LOG(AC4)))),AB$20:AB$25,1)<VLOOKUP((10^(LOG(AC4)-INT(LOG(AC4)))),AB$20:AC$25,2)-(10^(LOG(AC4)-INT(LOG(AC4)))),VLOOKUP((10^(LOG(AC4)-INT(LOG(AC4)))),AB$20:AB$25,1),VLOOKUP((10^(LOG(AC4)-INT(LOG(AC4)))),AB$20:AC$25,2))","v":3.3}]
["Phase Margin",60,"°",null,null,"Fp_2",{"$f":"IF(K13=\"NO\",Fco*G9*1000,J17)","v":122562.11897802478},"R_bias",{"$f":"VREF*I5/(VOUT-VREF)","v":2222.2222222222226},2200,"W",null,null,null,null,null,null,"TPS40040",0.87,0.6,5,55,null,105,110,"E48",null,1.2,1.5,{"$f":"IF((10^(LOG(AC5)-INT(LOG(AC5))))-VLOOKUP((10^(LOG(AC5)-INT(LOG(AC5)))),AB$20:AB$25,1)<VLOOKUP((10^(LOG(AC5)-INT(LOG(AC5)))),AB$20:AC$25,2)-(10^(LOG(AC5)-INT(LOG(AC5)))),VLOOKUP((10^(LOG(AC5)-INT(LOG(AC5)))),AB$20:AB$25,1),VLOOKUP((10^(LOG(AC5)-INT(LOG(AC5)))),AB$20:AC$25,2))","v":6.8}]
["Output Inductor",null,null,null,null,"kVenable",{"$f":"TAN(RADIANS((PM-'Input and Results'!F57-180)/2+45))+SQRT((TAN(RADIANS((PM-'Input and Results'!F57-180)/2+45)))^2+1)","v":2.4512423795604956},"C_1",{"$f":"(Fp_1-Fz_1)/(2*PI()*Fp_1*Fz_1*I5)*10^12","v":650.39812976252335},680,"pF",null,null,null,null,null,null,"TPS40041",0.87,0.6,5,55,null,110,115,null,null,1.5,1.8]
["LOUT",1.5,"μH",null,null,null,null,"C_2",{"$f":"((Fco*1000)/(2*PI()*I5*Fz_2*Fz_1*F58)*(1-Fz_2/Fp_2))*10^12","v":336.15033538414019},330,"pF",null,null,null,null,null,null,"TPS40055",{"$f":"VIN/((B21*10^3/(58.14*B20+1340)+3.48)/2)","v":6.8965517241379315},0.7,3,60,null,115,120,null,null,1.8,2.2000000000000002,{"$f":"IF('Input and Results'!I9<1,\"1000\",1)","v":1},{"$f":"IF('Input and Results'!I9<1,\"pF\",\"nF\")","v":"nF"}]
["DCR",4.5,"mΩ",null,null,null,null,"C_3",{"$f":"((Fco*1000)/(2*PI()*I5*Fz_2*Fz_1*F58)-I10*10^-12)*10^12","v":67.114774587438305},68,"pF",null,null,null,null,null,null,"TPS40057",{"$f":"VIN/((B21*10^3/(58.14*B20+1340)+3.48)/2)","v":6.8965517241379315},0.7,3,60,null,120,121,null,null,2.2000000000000002,2.7,{"$f":"IF('Input and Results'!I10<1,\"1000\",1)","v":1},{"$f":"IF('Input and Results'!I10<1,\"pF\",\"nF\")","v":"nF"}]
["Output Electrolytic Capacitor",null,null,"Qty:",null,"Standard R and C values for final circuit.",null,null,null,"Manually enter",null,null,null,null,null,null,null,"TPS40075",{"$f":"(VIN-0.4)/((-((0.131*B20)+1.886)+SQRT(((0.131*B20)+1.886)^2-4*(-1.61*10^-3)*(-1.363-0.02*B20-4.87*10^-5*B20^2-B21)))/(2*(-1.61*10^-3))-0.4)","v":35.89776039348682},0.7,5,50,null,121,127,null,null,2.7,3.3,{"$f":"IF('Input and Results'!I11<1,\"1000\",1)","v":1},{"$f":"IF('Input and Results'!I11<1,\"pF\",\"nF\")","v":"nF"}]
["COUT_ELEC",330,"μF",1,null,"R_1",{"$f":"I5","v":10000},null,null,"P's and Z's:","No",null,null,null,null,null,null,"TPS40077",{"$f":"(VIN-0.4)/((-((0.131*B20)+1.886)+SQRT(((0.131*B20)+1.886)^2-4*(-1.61*10^-3)*(-1.363-0.02*B20-4.87*10^-5*B20^2-B21)))/(2*(-1.61*10^-3))-0.4)","v":35.89776039348682},0.7,5,50,null,127,130,null,null,3.3,3.9]
["ESR_ELEC",16,"mΩ",null,null,"R_2",{"$f":"IF(K4=\"No\",'Input and Results'!AA3,J6)","v":2000},"Fz_1",{"$f":"1/(2*PI()*(R_1+R_2)*C_1*10^-12)","v":19504.282241653844},null,"Hz",null,null,null,null,null,null,"TPS40101",0.5,0.69599999999999995,3.5,60,null,130,133,null,null,3.9,4.7]
["Output Ceramic Capacitor",null,null,"Qty:",null,"R_3",{"$f":"IF(K4=\"No\",'Input and Results'!AA4,J7)","v":23700},"Fz_2",{"$f":"1/(2*PI()*(R_3)*C_2*10^-12)","v":20349.692250593958},null,"Hz",null,null,null,null,null,null,"TPS40170",{"$f":"VIN/15","v":0.8},0.6,7,80,null,133,140,null,null,4.7,5.6]
["COUT_CER",10,"μF",2,null,"R_bias",{"$f":"IF(K4=\"No\",'Input and Results'!AA5,J8)","v":2200},"Fp_1",{"$f":"1/(2*PI()*R_2*C_1*10^-12)","v":117025.69344992304},null,"Hz",null,null,null,null,null,null,"TPS40190",0.75,0.59099999999999997,5,60,null,140,147,null,null,5.6,6.8]
["ESR_CER",1,"mΩ",null,null,"C_1",{"$f":"IF(K4=\"No\",AE3,J9)","v":680},"Fp_2",{"$f":"(C_2*10^-12+C_3*10^-12)/(2*PI()*R_3*C_2*10^-12*C_3*10^-12)","v":119105.55170200582},null,"Hz",null,null,null,null,null,null,"TPS40192",1,0.59099999999999997,7,60,null,147,150,null,null,6.8,8.1999999999999993]
["Select IC","TPS40304",null,null,null,"C_2",{"$f":"IF(K4=\"No\",AE4,J10)","v":330},null,"Results",null,null,null,null,null,null,null,null,"TPS40193",1,0.59099999999999997,7,60,null,150,154,null,null,8.1999999999999993,10]
[{"$f":"IF(A20=\"RT\",\"Enter for circuit parameters:\",IF(A20=\"fsw = \",\"Enter for circuit parameters:\",\"\"))","v":""},null,null,null,null,"C_3",{"$f":"IF(K4=\"No\",AE5,J11)","v":68},null,"FCO actual",{"$f":"D76","v":49956.205956922968},null,null,null,null,null,null,null,"TPS40195",1,0.59099999999999997,7,60,null,154,160,null,null,"C values greater than 10nF"]
[{"$f":"IF(A21=\"RKFF\",\"RT\",IF(IC=\"TPS40400\",\"fsw = \",\"\"))","v":""},null,{"$f":"IF(A20=\"RT\",\"kΩ\",IF(A20=\"fsw = \",\"kHz\",\"\"))","v":""},null,null,null,null,null,"Phase at FCO",{"$f":"F48+F50","v":56.37040175331687},null,null,null,null,null,null,null,"TPS40200",{"$f":"VIN/10","v":1.2},0.69599999999999995,1.5,60,null,160,162,"Nancy's Values",null,1,1.5]
[{"$f":"IF(IC=\"TPS40055\",\"RKFF\",IF(IC=\"TPS40057\",\"RKFF\",IF(IC=\"TPS40075\",\"RKFF\",IF(IC=\"TPS40077\",\"RKFF\",\"\"))))","v":""},null,{"$f":"IF(A21=\"RKFF\",\"kΩ\",\"\")","v":""},null,null,null,null,null,"Vout (nom)",{"$f":"VREF/R_4*R_1+VREF","v":3.3272727272727276},null,null,null,null,null,null,null,"TPS40303",{"$f":"VIN/6","v":2},0.6,10,60,null,162,169,2000,null,1.5,2.2000000000000002]
["For two-phase operation, choose LOUT = Lx/2, where Lx is the inducance per phase.",null,null,null,null,null,null,null,null,null,null,null,null,null,null,null,null,"TPS40304",{"$f":"VIN/6","v":2},0.6,10,60,null,169,178,511,null,2.2000000000000002,3.3]
[null,null,null,null,null,null,null,null,null,null,null,null,null,null,null,null,null,"TPS40305",{"$f":"VIN/6","v":2},0.6,10,60,null,178,180,750,null,3.3,4.7]
[null,null,null,null,null,null,null,null,null,null,null,null,null,null,null,null,null,"TPS40322",{"$f":"VIN/8.15","v":1.4723926380368098},0.6,24,80,null,180,187,3010,null,4.7,6.8]
[null,null,null,null,null,null,null,null,null,null,null,null,null,null,null,null,null,"TPS40400",{"$f":"VIN*(-3*10^-5*B20+0.1615)","v":1.9380000000000002},0.6,15,60,null,187,196,4700,null,6.8,10]
[null,null,null,null,null,null,null,null,null,null,null,null,null,null,null,null,null,"TPS40422",{"$f":"VIN/8.2","v":1.4634146341463417},0.6,24,80,null,196,200,82000]
[null,null,null,null,null,null,null,null,null,null,null,null,null,null,null,null,null,"TPS51113",1.5,0.8,16,89,null,200,205,2.2000000000000002]
[null,null,null,null,null,null,null,null,null,null,null,null,null,null,null,null,null,"TPS5130",{"$f":"(S39-T39)*35000","v":0.48314255499999997},0.85,2.5,50,null,205,215]
[null,null,null,null,null,null,null,null,null,null,null,null,null,null,null,null,null,"TPS53311",{"$f":"VIN/4","v":3},0.6,14,80,null,215,220]
[null,null,null,null,null,null,null,null,null,null,null,null,null,null,null,null,null,"TPS56121",{"$f":"VIN/6","v":2},0.6,24,60,null,220,226]
[null,null,null,null,null,null,null,null,null,null,null,null,null,null,null,null,null,"TPS56221",{"$f":"VIN/6","v":2},0.6,24,60,null,226,237]
[null,null,null,null,null,null,null,null,null,null,null,null,null,null,null,null,null,"TPS53316",{"$f":"VIN/4","v":3},0.6,14,80,null,237,240]
[null,null,null,null,null,null,null,null,null,null,null,null,null,null,null,null,null,"TPS53313",{"$f":"VIN/9","v":1.3333333333333333},0.6,14,80,null,240,249]
[null,null,null,null,null,null,null,null,null,null,null,null,null,null,null,null,null,null,null,null,null,null,null,249,261]
[null,null,null,null,null,null,null,null,null,null,null,null,null,null,null,null,null,null,null,null,null,null,null,261,270]
[null,null,null,null,null,null,null,null,null,null,null,null,null,null,null,null,null,null,null,null,null,null,null,270,274]
[null,null,null,null,null,null,null,null,null,null,null,null,null,null,null,null,null,null,"TPS5130 Ramp calculations",null,null,null,null,274,287]
[null,null,null,null,null,null,null,null,null,null,null,null,null,null,null,null,null,"dVagc","I1max","I1min",null,null,null,287,300]
[null,null,null,null,null,null,null,null,null,null,null,null,null,null,null,null,null,{"$f":"IF((VIN-8*0.65)/120>0,(VIN-8*0.65)/120,0)","v":5.6666666666666664E-2},{"$f":"IF((R39*2.91223+1.185)<2.37,(R39*9.67307+1.185)*10^-5,2.37*10^-5)","v":1.7331406333333334E-5},{"$f":"IF((R39*2.96+0.085)<0.37,(R39*2.96+0.185)*10^-5,3.7*10^-6)","v":3.5273333333333339E-6},null,null,null,300,301]
[null,null,null,null,null,null,null,null,null,null,null,null,null,null,null,null,null,null,null,null,null,null,null,301,316]
[null,null,null,null,null,null,null,null,null,null,null,null,null,null,null,null,null,null,null,null,null,null,null,316,330]
[null,null,null,null,null,null,null,null,null,null,null,null,null,null,null,null,null,null,null,null,null,null,null,330,332]
["fsw = ",null,null,null,null,null,null,{"$f":"VIN","v":12},{"$f":"VRAMP","v":2},null,null,null,null,null,null,null,null,null,null,null,null,null,null,332,348]
["RT",null,null,null,null,null,null,null,null,null,null,null,null,null,null,null,null,null,null,null,null,null,null,348,360]
["RKFF",null,null,null,null,null,null,null,null,null,null,null,null,null,null,null,null,null,null,null,null,null,null,360,365]
["COUT_ELEC",{"$f":"IF(D13=0,10^-50,B13*D13)","v":330},"w",null,null,{"$f":"2*PI()*J19","v":313884.09927097574},null,null,null,null,null,null,null,null,null,null,null,null,null,null,null,null,null,365,383]
["ESR_ELEC",{"$f":"IF(D13=0,10^50,B14/D13)","v":16},"GCO_FCO",null,null,{"$f":"20*LOG(VIN/VRAMP*IMABS(IMDIV(IMDIV(IMPRODUCT(ROUT_min,COMPLEX(1,F46*COUT*10^-6*ESR*10^-3),COMPLEX(1,F46*MLCC*10^-6*MLCC_ESR*10^-3)),IMSUM(-(ROUT_min*ESR*10^-3+ROUT_min*MLCC_ESR*10^-3+MLCC_ESR*ESR*10^-6)*COUT*MLCC*10^-12*F46^2,COMPLEX(1,F46*((ROUT_min+ESR*10^-3)*COUT*10^-6+(ROUT_min+MLCC_ESR*10^-3)*MLCC*10^-6)))),IMSUM(COMPLEX(DCR*10^-3,F46*LOUT*10^-6),IMDIV(IMPRODUCT(ROUT_min,COMPLEX(1,F46*COUT*10^-6*ESR*10^-3),COMPLEX(1,F46*MLCC*10^-6*MLCC_ESR*10^-3)),IMSUM(-(ROUT_min*ESR*10^-3+ROUT_min*MLCC_ESR*10^-3+MLCC_ESR*ESR*10^-6)*COUT*MLCC*10^-12*F46^2,COMPLEX(1,F46*((ROUT_min+ESR*10^-3)*COUT*10^-6+(ROUT_min+MLCC_ESR*10^-3)*MLCC*10^-6))))))))","v":-13.510707870873002},null,{"$f":"IMDIV(IMPRODUCT(IMDIV(IMPRODUCT(IMSUM(IMDIV(1,COMPLEX(0,F46*COUT*10^-6)),ESR*10^-3),IMSUM(IMDIV(1,COMPLEX(0,F46*MLCC*10^-6)),MLCC_ESR*10^-3)),IMSUM(IMSUM(IMDIV(1,COMPLEX(0,F46*COUT*10^-6)),ESR*10^-3),IMSUM(IMDIV(1,COMPLEX(0,F46*MLCC*10^-6)),MLCC_ESR*10^-3))),VOUT/IOUT_max),IMSUM(IMDIV(IMPRODUCT(IMSUM(IMDIV(1,COMPLEX(0,F46*COUT*10^-6)),ESR*10^-3),IMSUM(IMDIV(1,COMPLEX(0,F46*MLCC*10^-6)),MLCC_ESR*10^-3)),IMSUM(IMSUM(IMDIV(1,COMPLEX(0,F46*COUT*10^-6)),ESR*10^-3),IMSUM(IMDIV(1,COMPLEX(0,F46*MLCC*10^-6)),MLCC_ESR*10^-3))),VOUT/IOUT_max))","v":"0.0135631144019085-0.00897036177111861i"},null,null,null,null,null,null,null,null,null,null,null,null,null,null,null,383,390]
[null,null,"PHCO_FCO",null,null,{"$f":"180/PI()*IMARGUMENT(IMDIV(IMDIV(IMPRODUCT(ROUT_min,COMPLEX(1,F46*COUT*10^-6*ESR*10^-3),COMPLEX(1,F46*MLCC*10^-6*MLCC_ESR*10^-3)),IMSUM(-(ROUT_min*ESR*10^-3+ROUT_min*MLCC_ESR*10^-3+MLCC_ESR*ESR*10^-6)*COUT*MLCC*10^-12*F46^2,COMPLEX(1,F46*((ROUT_min+ESR*10^-3)*COUT*10^-6+(ROUT_min+MLCC_ESR*10^-3)*MLCC*10^-6)))),IMSUM(COMPLEX(DCR*10^-3,F46*LOUT*10^-6),IMDIV(IMPRODUCT(ROUT_min,COMPLEX(1,F46*COUT*10^-6*ESR*10^-3),COMPLEX(1,F46*MLCC*10^-6*MLCC_ESR*10^-3)),IMSUM(-(ROUT_min*ESR*10^-3+ROUT_min*MLCC_ESR*10^-3+MLCC_ESR*ESR*10^-6)*COUT*MLCC*10^-12*F46^2,COMPLEX(1,F46*((ROUT_min+ESR*10^-3)*COUT*10^-6+(ROUT_min+MLCC_ESR*10^-3)*MLCC*10^-6)))))))","v":-121.24013280010492},null,{"$f":"20*LOG(VIN/VRAMP*IMABS(IMDIV(H47,IMSUM(COMPLEX(DCR*10^-3,F46*LOUT*10^-6),H47))))","v":-13.510707870873002},null,null,null,null,null,null,null,null,null,null,null,null,null,null,null,390,402]
["COUT_CER",{"$f":"IF(D16=0,10^-50,B16*D16)","v":20},"EA_Gain dB",null,null,{"$f":"20*LOG(IMABS(I49))","v":13.510488575532765},{"$f":"IMDIV(IMPRODUCT(IMDIV(1,COMPLEX(0,F46*C_3*10^-12)),IMSUM(R_3,IMDIV(1,COMPLEX(0,F46*C_2*10^-12)))),IMSUM(IMDIV(1,COMPLEX(0,F46*C_3*10^-12)),IMSUM(R_3,IMDIV(1,COMPLEX(0,F46*C_2*10^-12)))))","v":"13855.8238774762-13816.2678402959i"},{"$f":"IMDIV(IMPRODUCT(IMSUM(R_2,IMDIV(1,COMPLEX(0,F46*C_1*10^-12))),R_1),IMSUM(IMSUM(R_2,IMDIV(1,COMPLEX(0,F46*C_1*10^-12))),R_1))","v":"2768.92615856585-2823.21089866568i"},{"$f":"IMDIV(IMPRODUCT(-1,IMDIV(10^(DCGAIN/20),IMPRODUCT(COMPLEX(1,F46/(2*PI()*(GBWP*10^6/10^(DCGAIN/20)))),COMPLEX(1,F46/(2*PI()*EAP*10^6))))),IMSUM(1,IMDIV(H49,R_4),IMPRODUCT(IMDIV(H49,G49),IMSUM(1,IMDIV(10^(DCGAIN/20),IMPRODUCT(COMPLEX(1,F46/(2*PI()*(GBWP*10^6/10^(DCGAIN/20)))),COMPLEX(1,F46/(2*PI()*EAP*10^6))))))))","v":"-4.73311057877826+0.197504344989501i"},null,null,null,null,null,null,null,null,null,null,null,null,null,null,402,422]
["ESR_CER",{"$f":"IF(D16=0,10^50,B17/D16)","v":0.5},"EA_Phase",null,null,{"$f":"IF(180/PI()*IMARGUMENT(I49)<0,180/PI()*IMARGUMENT(I49)+360,180/PI()*IMARGUMENT(I49))","v":177.61053455342179},null,null,null,null,null,null,null,null,null,null,null,null,null,null,null,null,null,422,430]
["Error Amp pole",10,"GBWP limit",null,null,{"$f":"IF(20*(LOG(GBWP*10^6)-LOG(J19))>DCGAIN,DCGAIN,20*(LOG(GBWP*10^6)-LOG(J19)))","v":46.028211051491006},null,null,null,null,null,null,null,null,null,null,null,null,null,null,null,null,null,430,442]
[null,null,"No",null,null,null,null,null,null,null,null,null,null,null,null,null,null,null,null,null,null,null,null,442,464]
[null,null,"Yes",null,null,null,null,null,null,null,null,null,null,null,null,null,null,null,null,null,null,null,null,464,470]
[null,null,"ROUT_min",null,null,{"$f":"B5/B6","v":0.18333333333333332},"Ohms",null,null,null,null,null,null,null,null,null,null,null,null,null,null,null,null,470,487]
[null,null,"wCO",null,null,{"$f":"2*PI()*Fco*1000","v":314159.26535897935},null,null,null,null,null,null,null,null,null,null,null,null,null,null,null,null,null,487,510]
[null,null,"GCO_FCO",null,null,{"$f":"(IMABS(F61)*$F$62)","v":0.21084728279123083},null,null,null,null,null,null,null,null,null,null,null,null,null,null,null,null,null,510,511]
[null,null,"PHCO_FCO",null,null,{"$f":"180/PI()*IMARGUMENT(F61)","v":-121.22672974259709},null,null,null,null,null,null,null,null,null,null,null,null,null,null,null,null,null,511,536]
[null,null,"GCOMP_FCO",null,null,{"$f":"1/F56","v":4.7427692060425741},null,null,null,null,null,null,null,null,null,null,null,null,null,null,null,null,null,536,560]
[null,null,"Z2(s)",null,null,{"$f":"IMDIV(IMPRODUCT(IMDIV(IMPRODUCT(IMSUM(IMDIV(1,COMPLEX(0,wCO*COUT*10^-6)),ESR*10^-3),IMSUM(IMDIV(1,COMPLEX(0,wCO*MLCC*10^-6)),MLCC_ESR*10^-3)),IMSUM(IMSUM(IMDIV(1,COMPLEX(0,wCO*COUT*10^-6)),ESR*10^-3),IMSUM(IMDIV(1,COMPLEX(0,wCO*MLCC*10^-6)),MLCC_ESR*10^-3))),VOUT/IOUT_max),IMSUM(IMDIV(IMPRODUCT(IMSUM(IMDIV(1,COMPLEX(0,wCO*COUT*10^-6)),ESR*10^-3),IMSUM(IMDIV(1,COMPLEX(0,wCO*MLCC*10^-6)),MLCC_ESR*10^-3)),IMSUM(IMSUM(IMDIV(1,COMPLEX(0,wCO*COUT*10^-6)),ESR*10^-3),IMSUM(IMDIV(1,COMPLEX(0,wCO*MLCC*10^-6)),MLCC_ESR*10^-3))),VOUT/IOUT_max))","v":"0.0135623028420346-0.00896454213746152i"},null,null,null,null,null,null,null,null,null,null,null,null,null,null,null,null,null,560,562]
[null,null,"Z1(s)",null,null,{"$f":"COMPLEX(DCR*10^-3,wCO*LOUT*10^-6)","v":"0.0045+0.471238898038469i"},null,null,null,null,null,null,null,null,null,null,null,null,null,null,null,null,null,562,590]
[null,null,"X_LC",null,null,{"$f":"IMDIV(F59,IMSUM(F60,F59))","v":"-0.0182181188782159-0.0300500424587684i"},null,null,null,null,null,null,null,null,null,null,null,null,null,null,null,null,null,590,619]
[null,null,"VIN/VRMP",null,null,{"$f":"VIN/VRAMP","v":6},null,null,null,null,null,null,null,null,null,null,null,null,null,null,null,null,null,619,620]
[null,null,null,null,null,null,null,null,null,null,null,null,null,null,null,null,null,null,null,null,null,null,null,620,649]
[null,null,null,null,null,null,null,null,null,null,null,null,null,null,null,null,null,null,null,null,null,null,null,649,680]
[null,"Override IC Parameters","No",null,null,null,null,null,null,null,null,null,null,null,null,null,null,null,null,null,null,null,null,680,681]
["VRAMP",{"$f":"IF(C65=\"NO\",VLOOKUP(IC,R5:V33,2,FALSE),C66)","v":2},1.5,"V",null,null,null,null,null,null,null,null,null,null,null,null,null,null,null,null,null,null,null,681,715]
["VREF",{"$f":"IF(C65=\"NO\",VLOOKUP(IC,R5:V33,3),C67)","v":0.6},0.7,"V",null,null,null,null,null,null,null,null,null,null,null,null,null,null,null,null,null,null,null,715,750]
["GBWP",{"$f":"IF(C65=\"NO\",VLOOKUP(IC,R5:V33,4),C68)","v":10},5,"Mhz",null,null,null,null,null,null,null,null,null,null,null,null,null,null,null,null,null,null,null,750,787]
["DC Gain",{"$f":"IF(C65=\"NO\",VLOOKUP(IC,R5:V33,5),C69)","v":60},50,"dB",null,null,null,null,null,null,null,null,null,null,null,null,null,null,null,null,null,null,null,787,820]
[null,null,null,null,null,null,null,null,null,null,null,null,null,null,null,null,null,null,null,null,null,null,null,820,825]
[null,null,null,null,null,null,null,null,null,null,null,null,null,null,null,null,null,null,null,null,null,null,null,825,866]
[null,null,null,null,null,null,null,null,null,null,null,null,null,null,null,null,null,null,null,null,null,null,null,866,909]
[null,null,null,{"$f":"MIN(A80:A330)","v":2.5999999999999999E-2},null,null,"Phase",null,null,null,null,null,null,null,null,null,null,null,null,null,null,null,null,909,910]
[null,null,null,{"$f":"VLOOKUP(MIN(A80:A330),A80:E330,3,FALSE)","v":50118.723362725868},null,{"$f":"VLOOKUP(D73,A80:E330,4,FALSE)","v":-2.5822513063273433E-2},{"$f":"VLOOKUP(D73,A80:E330,5,FALSE)","v":56.403006642595898},null,{"$f":"F74-F75","v":-0.36613329455967225},null,null,null,null,null,null,null,null,null,null,null,null,null,null,910,953]
[null,null,null,{"$f":"IF(F74>0,10^(LOG(D74)+0.02),10^(LOG(D74)-0.02))","v":47863.009232262717},null,{"$f":"VLOOKUP(D75,C80:E330,2)","v":0.34031078149639882},{"$f":"VLOOKUP(D75,C80:E330,3)","v":55.871430777241557},null,{"$f":"F74/((F74-F75)/0.02)","v":1.4105525745386639E-3},{"$f":"(G75-G74)/0.02*I75","v":-3.7490785271909202E-2},null,null,null,null,null,null,null,null,null,null,null,null,null,953,1000]
[null,null,"FCO",{"$f":"IF(F74>0,10^(LOG(D74)+I75),10^(LOG(D74)-I75))","v":49956.205956922968},null,null,{"$f":"G74+J75","v":56.365515857323992}]
[null,null,null,"OVERALL SYSTEM",null,null,null,"FILTER",null,null,null,null,null,null,null,null,null,null,"PWM GAIN and FILTER",null,"ERROR AMPLIFIER"]
[null,null,null,"SYS_Gain (f) dB","SYS_Phase (f)",null,null,null,null,null,null,null,null,null,null,null,null,null,null,"Numerator 1","EA_Gain(f) dB","EA_Phase f)","GBWP limit","GBWP Phase","Xea_ol(f)","X1(f)"]
[null,null,"f",null,null,null,null,"ZC1(s)","ZC2(s)","ZC(s)",null,"Z2(s)","Z1(s)","X_LC","GFILT_DBMAG(f)","GFILT_PH(f)","w",null,"GCO_DBMAG(f)"]
[{"$f":"ROUND(ABS(D80),3)","v":60.463999999999999},{"$f":"LOG(C80)","v":1},10,{"$f":"S80+U80","v":60.464248827426673},{"$f":"P80+V80","v":177.34403981471166},null,null,{"$f":"IMSUM(IMDIV(1,COMPLEX(0,Q80*COUT*10^-6)),ESR*10^-3)","v":"0.016-48.2287706339078i"},{"$f":"IMSUM(IMDIV(1,COMPLEX(0,Q80*MLCC*10^-6)),MLCC_ESR*10^-3)","v":"0.0005-795.774715459475i"},{"$f":"IMDIV(IMPRODUCT(H80,I80),IMSUM(H80,I80))","v":"0.0142253061171976-45.4728411520204i"},null,{"$f":"IMDIV(IMPRODUCT(J80,VOUT/IOUT_max),IMSUM(J80,VOUT/IOUT_max))","v":"0.183330122139514-0.000739132982688853i"},{"$f":"COMPLEX(DCR*10^-3,Q80*LOUT*10^-6)","v":"0.0045+0.0000942477796076938i"},{"$f":"IMDIV(L80,IMSUM(M80,L80))","v":"0.976044186507712-0.00058401990057358i"},{"$f":"20*LOG(IMABS(N80))","v":-0.21060886386121094},{"$f":"180/PI()*IMARGUMENT(N80)","v":-3.4283152262624718E-2},{"$f":"2*PI()*C80","v":62.831853071795862},1,{"$f":"20*LOG(IMABS(N80)*$F$62)","v":15.352416143811663},{"$f":"COMPLEX(1,Q80*(R_1+R_2)*C_1*10^-12)","v":"1+0.000512707921065854i"},{"$f":"20*LOG(IMABS(AE89))","v":45.111832683615006},{"$f":"IF(180/PI()*IMARGUMENT(AE89)<0,180/PI()*IMARGUMENT(AE89)+360,180/PI()*IMARGUMENT(AE89))","v":177.37832296697428},{"$f":"20*LOG(IMABS(Y80))","v":59.999995657053013},{"$f":"180/PI()*IMARGUMENT(Y80)","v":-5.7353056194013659E-2},{"$f":"IMDIV(10^(DCGAIN/20),IMPRODUCT(COMPLEX(1,2*PI()*C80/(2*PI()*(GBWP*10^6/10^(DCGAIN/20)))),COMPLEX(1,2*PI()*C80/(2*PI()*EAP*10^6))))","v":"999.998999000001-1.000998999i"},{"$f":"IMDIV(1,COMPLEX(0,2*PI()*C80*C_3*10^-12))","v":"-234051386.899846i"}]
[60.463000000000001,{"$f":"LOG(C81)","v":1.0200000000000002},{"$f":"10^R81","v":10.471285480509},60.463342187280226,177.21906315041051,null,null,"0.016-46.0581183883102i","0.0005-759.958953407119i","0.0142253061166909-43.4262261902595i",null,"0.183329812335743-0.000773965837150188i","0.0045+0.0000986895406176256i","0.976044340444402-0.000611544185957038i",-0.21060734395303191,-3.5898877544929084E-2,65.793027078417083,{"$f":"R80+0.02","v":1.02},15.352417663719841,"1+0.000536871100959883i",45.110924523560385,177.25496202795543,59.999995238053536,-6.0056020529285103E-2,"999.998902425432-1.04817452729729i","-223517339.237388i"]
[60.462000000000003,1.04,10.964781961431854,60.46234829445136,177.08822533112328,null,null,"0.016-43.9851615869338i","0.0005-725.755166184406i","0.0142253061161354-41.4717240765039i",null,"0.18332947264396-0.000810440104601619i","0.0045+0.000103340635374745i","0.976044509232646-0.000640365691753848i",-0.21060567740672953,-3.7590751109238825E-2,68.893756916496386,1.04,15.352419330266143,"1+0.000562173056438611i",45.109928964185215,177.12581608223252,59.999994778629819,-6.2886371363258337E-2,"999.998796533545-1.0975733547646i","-213457401.818944i"]
[60.460999999999999,1.0600000000000003,11.481536214968834,60.461258774997148,176.95125438278055,null,null,"0.016-42.0055032104766i","0.0005-693.090802972864i","0.0142253061155262-39.6051890497253i",null,"0.183329100180887-0.000848633111511596i","0.0045+0.000108210929474614i","0.976044694305302-0.000670545560124349i",-0.2106038500748694,-3.9362361935071116E-2,72.140619649742504,1.06,15.352421157598002,"1+0.000588667456341899i",45.108837617399146,176.99061674471562,59.999994274881772,-6.5850112194309002E-2,"999.998680425426-1.14930026004405i","-203850236.168489i"]
[60.46,1.08,12.022644346174133,60.460064455940781,176.80786613984085,null,null,"0.016-40.1149441381048i","0.0005-661.896578278729i","0.0142253061148583-37.8226619388815i",null,"0.183328691785124-0.000888625824048914i","0.0045+0.000113310753463991i","0.976044897233464-0.000702147815665841i",-0.2106018464451416,-4.1217468178161167E-2,75.540502309327039,1.08,15.35242316122773,"1+0.000616410498844109i",45.107641294713055,176.84908360801901,59.999993722533098,-6.8953529450700046E-2,"999.998553115436-1.20346495951418i","-194675464.199626i"]
[60.459000000000003,1.1000000000000003,12.58925411794168,60.45875528996411,176.65776376249821,null,null,"0.016-38.3094742405542i","0.0005-632.106324969141i","0.0142253061141259-36.1203617649828i",null,"0.18332824399033-0.000930503018937514i","0.0045+0.000118650924753302i","0.976045119739805-0.000735239501390341i",-0.21059964950859816,-4.3160005148353234E-2,79.100616502201262,1.1000000000000001,15.352425358164275,"1+0.000645461030657962i",45.106329931799834,176.70092376764657,59.999993116894892,-7.2203205823725372E-2,"999.998413522844-1.26018233994955i","-185913624.990924i"]
[60.457000000000001,1.1200000000000001,13.182567385564075,60.457320273190966,176.50063724447315,null,null,"0.016-36.5852638741084i","0.0005-603.656853922788i","0.014225306113323-34.4946777211287i",null,"0.183327752995813-0.000974353462262848i","0.0045+0.000124242770561822i","0.9760453637132-0.00076989082113048i",-0.21059724061530255,-4.5194093664201893E-2,82.828513707881015,1.1200000000000001,15.35242776705757,"1+0.000675880671856309i",45.104892506133396,176.54583133813736,59.999992452825914,-7.56060342290934E-2,"999.998260462656-1.31957270213814i","-177546133.506702i"]
[60.456000000000003,1.1400000000000003,13.803842646028857,60.455747355466116,176.33616291285307,null,null,"0.016-34.9386557574113i","0.0005-576.487819997288i","0.0142253061124425-32.942161513503i",null,"0.18332721463429-0.00102027009658963i","0.0045+0.000130098151944221i","0.976045631224762-0.000806175288679302i",-0.21059459931598068,-4.7324048802136996E-2,86.732101296147491,1.1400000000000001,15.352430408356891,"1+0.000707733946576563i",45.103316947109221,176.38348696165519,59.999991724688861,-7.9169232426122671E-2,"999.998092635551-1.38176201597162i","-169555241.175673i","X2(f)","X3(f)","Zf(f)","Zi(f)","Xea_cl(f)"]
[60.454000000000001,1.1600000000000001,14.454397707459282,60.45402334249016,176.16400292178233,null,null,"0.016-33.366157213883i","0.0005-550.54159402907i","0.0142253061114771-31.4595200470803i",null,"0.183326624336536-0.00106835023676564i","0.0045+0.000136229488949458i","0.97604592454542-0.00084416988398478i",-0.21059170318845868,-4.9554389058917694E-2,90.81965929963846,1.1600000000000001,15.352433304484414,"1+0.00074108841988505i",45.101590038005746,176.21355731084125,59.999990926302601,-8.2900358325746312E-2,"999.997908616853-1.4468821875483i","-161923998.243844i"]
[60.451999999999998,1.1800000000000004,15.135612484362092,60.452133789126528,175.98380474218911,null,null,"0.016-31.8644327632839i","0.0005-525.763140594184i","0.0142253061104186-30.0436084405287i",null,"0.183325977092632-0.00111869577480139i","0.0045+0.000142649786965362i","0.976046246165202-0.000883955216735254i",-0.21058852764729397,-5.1889845946986132E-2,95.099857976907813,1.1800000000000002,15.352436480025579,"1+0.000776014841091568i",45.099697309100947,176.0356945881361,59.999990050889636,-8.6807326019747541E-2,"999.997706844442-1.51507133885326i","-154636217.821819i",{"$f":"IMSUM(R_3,IMDIV(1,COMPLEX(0,2*PI()*C80*C_2*10^-12)))","v":"23700-48228770.6339078i"},{"$f":"IMSUM(R_2,IMDIV(1,COMPLEX(0,2*PI()*C80*C_1*10^-12)))","v":"2000-23405138.6899846i"},{"$f":"IMDIV(IMPRODUCT(Z80,AA89),IMSUM(Z80,AA89))","v":"16293.3384372028-39988680.5367928i"},{"$f":"IMDIV(IMPRODUCT(AB89,R_1),IMSUM(AB89,R_1))","v":"9999.99780942214-4.2725648857555i"},{"$f":"IMDIV(IMPRODUCT(-1,Y80),IMSUM(1,IMDIV(AD89,R_4),IMPRODUCT(IMDIV(AD89,AC89),IMSUM(1,Y80))))","v":"-179.943778507047+8.23941986219911i"}]
[60.45,1.2000000000000002,15.848931924611144,60.450062883149982,175.79520065017871,null,null,"0.016-30.4302970467147i","0.0005-502.099901270794i","0.0142253061092579-28.6914233554961i",null,"0.183325267409467-0.00117141339423051i","0.0045+0.000149372664304809i","0.976046598814373-0.000925615697688653i",-0.21058504573505218,-5.4335374043292681E-2,99.581776203206218,1.2000000000000002,15.35243996193782,"1+0.000812587293818163i",45.097622921212164,175.849536024222,59.999989091018627,-9.0898422565189652E-2,"999.997485605486-1.58647410060682i","-147676441.550233i","23700-46058118.3883102i","2000-22351733.9237388i","16293.3384261219-38188893.5634564i","9999.9975980792-4.47392455181049i","-179.906810240712+8.62592729939267i"]
[60.448,1.2200000000000004,16.595869074375621,60.447793318660338,175.59780721723192,null,null,"0.016-29.0607080700425i","0.0005-479.501683155702i","0.0142253061079852-27.4000966261267i",null,"0.183324489264161-0.00122661479437233i","0.0045+0.000156412381091989i","0.976046985486609-0.000969239718115375i",-0.21058122789349956,-5.6896161513141454E-2,104.27492072799298,1.2200000000000002,15.352443779779373,"1+0.000850883353140423i",45.095349538880967,175.65470337874507,59.999988038541233,-9.5182325559602585E-2,"999.997243021907-1.66124191890025i","-141029906.810501i","23700-43985161.5869338i","2000-21345740.1818944i","16293.3384139719-36470110.3534423i","9999.99736634629-4.68477398975258i","-179.866293111222+9.03038384214213i"]
[60.445,1.2400000000000002,17.378008287493763,60.445306158336301,175.39122480592584,null,null,"0.016-27.752760751424i","0.0005-457.920552398495i","0.0142253061065898-26.1668891752962i",null,"0.183323636052986-0.00128441692493311i","0.0045+0.000163783869510039i","0.976047409464419-0.00101491983774316i",-0.21057704171261796,-5.9577641131663119E-2,109.1892463400259,1.2400000000000002,15.352447965960254,"1+0.000890984250134611i",45.092858192376049,175.4508024470575,59.999986884523011,-9.9668121544138011E-2,"999.996977034437-1.73953337626607i","-134682515.411322i","23700-42005503.2104767i","2000-20385023.6168489i","16293.3384006497-34828685.1371207i","9999.99711225622-4.90556043626171i","-179.821888309867+9.45359616770433i"]
[60.442999999999998,1.2600000000000002,18.197008586099848,60.442580683660871,175.17503707555889,null,null,"0.016-26.5036807592365i","0.0005-437.310732527402i","0.0142253061050597-24.9891852046624i",null,"0.183322700535377-0.00134494223139948i","0.0045+0.000171502765474205i","0.976047874347002-0.00106275298161115i",-0.2105724516555407,-6.2385501826603997E-2,114.33517698280335,1.2600000000000002,15.352452556017331,"1+0.000932975044179675i",45.090128127643538,175.2374225773855,59.999985619167539,-0.10436532527368304,"999.996685385138-1.82151452786107i","-128620803.68453i","23700-40114944.1381048i","2000-19467546.4199626i","16293.3383860422-33261136.2315381i","9999.99683365201-5.1367522052641i","-179.773225059559+9.89640321799155i"]
[60.44,1.2800000000000002,19.054607179632484,60.439594232203973,174.94881050281151,null,null,"0.016-25.3108186273499i","0.0005-417.628507351273i","0.014225306103382-23.8644866462063i",null,"0.183321674772552-0.00140831891169333i","0.0045+0.000179585441797718i","0.97604838408081-0.00111284064626102i",-0.21056741875680801,-6.5325700767299141E-2,119.72362786514547,1.2800000000000002,15.352457588916064,"1+0.000976944803379587i",45.087136643287906,175.0141362035788,59.999984231733293,-0.10928389989473411,"999.996365598237-1.90735925347141i","-122831913.926845i","23700-38309474.2405542i","2000-18591362.4990924i","16293.3383700255-31764138.655301i","9999.9965281686-5.37883968121782i","-179.719897674588+10.3596768833699i"]
[60.436,1.3000000000000005,19.952623149688815,60.436322021007982,174.71209392342641,null,null,"0.016-24.1716441352524i","0.0005-398.832128231665i","0.0142253061015425-22.7904078634942i",null,"0.183320550060205-0.00147468118457409i","0.0045+0.000188049042920724i","0.976048942993046-0.00116528911571328i",-0.2105619002916142,-6.8404476025851133E-2,125.36602861381604,1.3000000000000003,15.352463107381258,"1+0.00102298679348874i",45.083858913626727,174.78049839945226,59.999982710442396,-0.11443427807373298,"999.996014959107-1.99724962608193i","-117303567.12696i","23700-36585263.8741084i","2000-17754613.3506702i","16293.3383524634-30334517.0758439i","9999.99619321272-5.63233635920198i","-179.661462365367+10.8443225986887i"]
[60.433,1.3200000000000005,20.892961308540418,60.432736955086064,174.4644181018561,null,null,"0.016-23.0837409411146i","0.0005-380.881725528391i","0.0142253060995255-21.7646705914238i",null,"0.183319316854744-0.00154416957029041i","0.0045+0.000196911521275939i","0.976049555828404-0.00122020968770127i",-0.21055584941307229,-7.1628359837924357E-2,131.27434751729274,1.3200000000000003,15.352469158259801,"1+0.00107119867574111i",45.080267796826263,174.53604646169401,59.999981042380696,-0.11982738412061605,"999.995630491227-2.09137629778711i","-112024036.920115i","23700-34938655.7574113i","2000-16955524.1175673i","16293.338333207-28969239.0741241i","9999.99582594093-5.89777993401473i","-179.597433769219+11.3512798306364i"]
[60.429000000000002,1.3400000000000005,21.877616239495548,60.428809420012769,174.20529533690876,null,null,"0.016-22.0448014564039i","0.0005-363.739224030664i","0.0142253060973139-20.785099103718i",null,"0.183317964692406-0.0016169311839994i","0.0045+0.000206191675368168i","0.976050227789346-0.00127771891065627i",-0.21054921475454186,-7.500419249174553E-2,137.46111691211195,1.3400000000000003,15.35247579291833,"1+0.00112168271400283i",45.076333627094442,174.28029952940051,59.999979213388166,-0.12547465715438261,"999.995208930921-2.18993890385643i","-106982124.714901i","23700-33366157.213883i","2000-16192399.8243844i","16293.3383120928-27665408.7124542i","9999.99542323546-6.17573344058822i","-179.527281187515+11.8815224323133i"]
[60.424999999999997,1.3600000000000005,22.908676527677759,60.424507057569244,173.93421911263943,null,null,"0.016-21.0526219511802i","0.0005-347.368262194475i","0.0142253060948889-19.8496155979178i",null,"0.183316482100606-0.00169312004248718i","0.0045+0.000215909189648452i","0.976050964580267-0.0013379388319652i",-0.21054193999357029,-7.8539136875490689E-2,143.93945976563475,1.3600000000000003,15.352483067679303,"1+0.00117454599168758i",45.072023989889942,174.01275824951492,59.999977207938613,-0.13138807535969185,"999.994746699645-2.29314648580469i","-102167135.939551i","23700-31864432.7632839i","2000-15463621.7821819i","16293.3382889415-26420260.3918293i","9999.99498167774-6.46678644813719i","-179.450424508888+12.4360588372755i"]
[60.42,1.3800000000000003,23.988329190194928,60.419794523395332,173.65066380509512,null,null,"0.016-20.1050978796893i","0.0005-331.734115014873i","0.0142253060922299-18.9562357880854i",null,"0.183314856500744-0.0017728973847396i","0.0045+0.00022608467626743i","0.97605177245593-0.00140099725804672i",-0.21053396337368066,-8.224069371460356E-2,150.72311751161996,1.3800000000000003,15.352491044299192,"1+0.00122990063889482i",45.06730347909614,173.73290449880972,59.999975009007969,-0.13758018138581599,"999.994239873619-2.40121793435771i","-97568857.3573153i","23700-30430297.0467147i","2000-14767644.1550233i","16293.3382635566-25231152.9857215i","9999.99449751938-6.77155631057219i","-179.366229797832+13.015932061216i"]
[60.414999999999999,1.4000000000000006,25.118864315095834,60.414633225610523,173.35408445703456,null,null,"0.016-19.2002194163385i","0.0005-316.803620369586i","0.0142253060893145-18.1030646958661i",null,"0.183313074101671-0.00185643200692657i","0.0045+0.000236739718796472i","0.976052658274558-0.00146702802682006i",-0.21052521718019243,-8.6116717532193646E-2,157.82647919764776,1.4000000000000004,15.352499790492679,"1+0.00128786407025281i",45.062133435117843,173.44020117456677,59.999972597929734,-0.14406410894166052,"999.993684150522-2.51438245324447i","-93177535.4028199i","23700-29060708.0700425i","2000-14102990.6810501i","16293.3382357226-24095564.2378961i","9999.99396665036-7.09068947582673i","-179.274004527859+13.6222194748559i"]
[60.408999999999999,1.4200000000000006,26.302679918953849,60.408981043394064,173.04391663442291,null,null,"0.016-18.3360671925881i","0.0005-302.545108677704i","0.0142253060861177-17.288292630987i",null,"0.183311119782907-0.00194390061237606i","0.0045+0.000247896918009328i","0.976053629556066-0.00153617129317161i",-0.21051562716527153,-9.0175433367375532E-2,165.26461200621839,1.4200000000000004,15.352509380507602,"1+0.00134855923397074i",45.056471662886459,173.13409206779028,59.999969954236583,-0.15085361064305869,"999.993074812974-2.6328800447895i","-88983855.4934429i","23700-27752760.751424i","2000-13468251.5411322i","16293.3382052033-23011085.4123679i","9999.99338456414-7.4248628568726i","-179.172992438506+14.2560323064661i"]
[60.402999999999999,1.4400000000000006,27.542287033381701,60.402792024567255,172.7195763803505,null,null,"0.016-17.5108082257126i","0.0005-288.928335724258i","0.0142253060826125-16.51019135266i",null,"0.183308976966636-0.00203548817712709i","0.0045+0.0002595799398214i","0.976054694545898-0.00160857382805407i",-0.21050511191765137,-9.4425454288067201E-2,173.05329321426674,1.4400000000000004,15.352519895755222,"1+0.00141211487262842i",45.050272128812033,172.81400183463856,59.999967055486522,-0.15796308717122945,"999.99240668849-2.75696201832498i","-84978922.2718407i","23700-26503680.7592366i","2000-12862080.368453i","16293.3381717394-21975416.1841491i","9999.99274631937-7.77478526732764i","-179.06236799613+14.918514826698i"]
[60.396000000000001,1.4600000000000006,28.840315031266094,60.396016061305232,172.38046028405023,null,null,"0.016-16.7226920307987i","0.0005-275.924418508178i","0.0142253060787692-15.7671104037518i",null,"0.183306627477404-0.00213138833165987i","0.0045+0.000271813565488322i","0.976055862285035-0.00168438933188801i",-0.21049358217145742,-9.8875799736706751E-2,181.20904365888168,1.4600000000000004,15.352531425501414,"1+0.00147866579625647i",45.043484635803821,172.47933608378693,59.999963877072503,-0.16540761780398339,"999.991674105586-2.88689152248793i","-81154240.7376992i","23700-25310818.6273499i","2000-12283191.3926845i","16293.3381350472-20986359.7599524i","9999.99204649802-8.14119892469746i","-178.941230439478+15.6108431620132i"]
[60.389000000000003,1.4800000000000006,30.199517204020204,60.388598543226962,172.02594568489778,null,null,"0.016-15.9700469077325i","0.0005-263.505773977586i","0.014225306074555-15.0574736099434i",null,"0.18330405138833-0.00223180375941056i","0.0045+0.000284623744170325i","0.976057142686748-0.00176377876296984i",-0.21048094004839077,-0.10353591474922842,189.74916278021689,1.4800000000000004,15.352544067624482,"1+0.00154835316828657i",45.036054475602484,172.12948159964699,59.999960392013499,-0.17320299238416251,"999.990870845636-3.02294410251696i","-77501698.2287021i","23700-24171644.1352524i","2000-11730356.712696i","16293.3380948148-20041818.2184968i","9999.9912791593-8.52488102443464i","-178.808597392809+16.3342236759342i"]
[60.38,1.5000000000000004,31.622776601683832,60.380479987278292,171.65539103365865,null,null,"0.016-15.2512763952991i","0.0005-251.646060522435i","0.0142253060699343-14.3797757364523i",null,"0.183301226852563-0.00233694661268375i","0.0045+0.000298037647973883i","0.976058546620763-0.00184691068162879i",-0.2104670782267806,-0.1084156900897547,198.69176531592225,1.5000000000000004,15.352557929446093,"1+0.00162132480497793i",45.0279220578322,171.76380672374839,59.999956570725523,-0.18136574479280757,"999.989990090099-3.16540828371406i","-74013547.2124809i","23700-23083740.9411146i","2000-11202403.6920115i","16293.3380507009-19139788.0605359i","9999.99043778928-8.92664538814843i","-178.663398031891+17.0898908495571i"]
[60.372,1.5200000000000007,33.113112148259155,60.371595644043467,171.2681364358005,null,null,"0.016-14.5648558848743i","0.0005-240.320122100427i","0.0142253060648678-13.7325792952283i",null,"0.18329812991856-0.00244703894657741i","0.0045+0.000312083729587398i","0.976060086005548-0.00193396161091513i",-0.21045187903042187,-0.11352548334562144,208.05581972493178,1.5200000000000005,15.352573128642451,"1+0.00169773548895544i",45.019022515401012,171.38166191914613,59.999952380770438,-0.18991318799768209,"999.989024362637-3.31458618228962i","-70682388.8530665i","23700-22044801.4564039i","2000-10698212.4714901i","16293.338002331-18278355.9591675i","9999.9895152456-9.34734418945586i","-178.504465791722+17.8791045842409i"]
[60.362000000000002,1.5400000000000005,34.673685045253208,60.361875080405071,170.86350440438881,null,null,"0.016-13.9093293865257i","0.0005-229.503934877674i","0.0142253060593125-13.1145114958485i",null,"0.183294734327642-0.00256231317153538i","0.0045+0.000326791782633161i","0.976061773909502-0.00202511641464521i",-0.2104352134295526,-0.11887614102970509,217.86118842210752,1.5400000000000005,15.352589794243318,"1+0.0017777472975244i",45.009285286161756,170.98238054541852,59.999947786580677,-0.19886345075108139,"999.987965465673-3.47079414486452i","-67501157.316963i","23700-21052621.9511802i","2000-10216713.5939551i","16293.3379492945-17455694.7014104i","9999.9885036968-9.78786976112635i","-178.330530609584+18.7031468401335i"]
[60.350999999999999,1.5600000000000007,36.307805477010191,60.351241738829728,170.44080085290645,null,null,"0.016-13.2833064406621i","0.0005-219.174556270925i","0.0142253060532212-12.5242613336446i",null,"0.183291011292152-0.00268301252513555i","0.0045+0.000342193004863627i","0.976063624661914-0.00212056869367432i",-0.21041693994536623,-0.12447902173946292,228.12866990908495,1.5600000000000005,15.352608067727507,"1+0.00186152994645813i",44.998633671102219,170.56527987464591,59.99994274915737,-0.20823551601427548,"999.986804410816-3.63436341796015i","-64463104.7855661i","23700-20105097.8796893i","2000-9756885.73573153i","16293.337891141-16670059.3124408i","9999.98739455589-10.2491564873464i","-178.140210703155+19.5633175141909i"]
[60.34,1.5800000000000005,38.018939632056167,60.33961247400314,169.9993163612456,null,null,"0.016-12.6854591686831i","0.0005-209.310076283271i","0.0142253060465422-11.9605768088863i",null,"0.183286929252353-0.00280939156371171i","0.0045+0.000358320064336024i","0.976065653974618-0.00222052120131681i",-0.21039690344892897,-0.13034602042469132,238.88004289068297,1.5800000000000005,15.352628104223944,"1+0.00194926114998797i",44.986984369779194,170.1296623816703,59.999937225739266,-0.2180492611895393,"999.985531342576-3.80564084886746i","-61561787.1421388i","23700-19200219.4163385i","2000-9317753.54028199i","16293.3378273772-15919783.3542667i","9999.98617840739-10.7321827851075i","-177.932003891281+20.4609294506759i"]
[60.326999999999998,1.6000000000000008,39.810717055349791,60.326897068084207,169.53832775103922,null,null,"0.016-12.11451945637i","0.0005-199.889571030105i","0.0142253060392189-11.4222622711221i",null,"0.183282453610052-0.00294171667438932i","0.0045+0.000375207168705686i","0.976067879075406-0.00232518627888702i",-0.21037493384403888,-0.13648959381888309,250.13811247045757,1.6000000000000005,15.352650073828835,"1+0.00204112699775893i",44.974246994255374,169.6748173448581,59.999931169439826,-0.22832550024446363,"999.984135454731-3.98498961934816i","-58791050.3029722i","23700-18336067.1925881i","2000-8898385.54934421i","16293.3377574614-15203275.3909894i","9999.9848449275-11.2379731789099i","-177.704278474873+21.3973024658333i"]
[60.313000000000002,1.6200000000000006,41.686938347033596,60.312997726502196,169.05710000937364,null,null,"0.016-11.5692762640458i","0.0005-190.893058356756i","0.0142253060311889-10.9081758830443i",null,"0.183277546436743-0.00308026660809113i","0.0045+0.000392890137785074i","0.976070318854296-0.00243478631238788i",-0.21035084462316642,-0.14292278709186826,261.92675852338277,1.6200000000000006,15.352674163049706,"1+0.0021373223495508i",44.960323563452491,169.2000227964655,59.999924528849235,-0.23908602781717644,"999.982604898618-4.1727900136861i","-56145017.1637518i","23700-17510808.2257126i","2000-8497892.22718407i","16293.3376808002-14519015.6131552i","9999.98338279636-11.7676004731697i","-177.455263707627+22.3737562566865i"]
[60.298000000000002,1.6400000000000008,43.651583224016669,60.297808557011429,168.55488860262702,null,null,"0.016-11.0485730577975i","0.0005-182.301455453659i","0.0142253060223843-10.4172271984991i",null,"0.183272166153859-0.00322533303403442i","0.0045+0.000411406479522403i","0.976072994023934-0.00254955421143807i",-0.21032443128387149,-0.14965926178478609,274.27098634826842,1.6400000000000006,15.352700576389003,"1+0.00223805124860187i",44.945107980622424,168.70454786441181,59.99991724759812,-0.25035366539517401,"999.980926682593-4.36944022267377i","-53618075.133429i","23700-16722692.0307987i","2000-8115424.07376992i","16293.3375967429-13865552.6140347i","9999.98177960203-12.3221880269247i","-177.183039901249+23.3916020518768i"]
[60.280999999999999,1.6600000000000008,45.708818961487587,60.281215035637359,168.03094222459518,null,null,"0.016-10.5513053563128i","0.0005-174.096538379161i","0.0142253060127303-9.94837484950386i",null,"0.183266267182471-0.00337722111619832i","0.0045+0.000430795469561026i","0.976075927295462-0.00266973391158992i",-0.21029546959257078,-0.1567133250915993,287.19697970735047,1.6600000000000006,15.3527295380803,"1+0.00234352735441198i",44.928485497557055,168.18765554968678,59.999909263879061,-0.26215230966475467,"999.979086561781-4.57535718518867i","-51204864.2291652i","23700-15970046.9077325i","2000-7750169.8228702i","16293.3375045761-13241500.3109956i","9999.98002173511-12.902912135645i","-176.885528228049+24.4521328504278i"]
[60.262999999999998,1.6800000000000008,47.86300923226392,60.263093464232114,167.48450602502672,null,null,"0.016-10.076418388127i","0.0005-166.260903404096i","0.0142253060021448-9.50062433736631i",null,"0.183259799559583-0.00353625011218338i","0.0045+0.000451098234548342i","0.976079143571369-0.00279558090126317i",-0.21026371368063129,-0.16409996055512807,300.73215636556154,1.6800000000000006,15.352761293992241,"1+0.00245397439594298i",44.910332170239869,167.64860598558184,59.999900509922064,-0.27450698313250532,"999.977068917208-4.79097746908678i","-48900265.7070869i","23700-15251276.3952991i","2000-7401354.72124809i","16293.337403517-12645535.005435i","9999.97809427322-13.5110045251845i","-176.560480305554+25.5566120826722i"]
[60.243000000000002,1.7000000000000008,50.11872336272733,60.243310425594615,166.91482536598832,null,null,"0.016-9.62290485431132i","0.0005-158.777930096137i","0.0142253059905381-9.07302592321918i",null,"0.183252708517847-0.00370275399481587i","0.0045+0.00047235783937093i","0.97608267015695-0.00292736277459445i",-0.21022889395679722,-0.17183486024938882,314.90522624728663,1.7000000000000006,15.352796113716076,"1+0.00256962664617786i",44.89051431187854,167.08666022623771,59.999890911419357,-0.28744388712493218,"999.974856623275-5.01675819321462i","-46699391.2047463i","23700-14564855.8848743i","2000-7068238.88530665i","16293.337292708-12076392.5750373i","9999.97598085431-14.1477549631394i","-176.205467673734+26.7062605167867i"]
[60.222000000000001,1.7200000000000006,52.48074602497735,60.221722243526735,166.32115015388598,null,null,"0.016-9.18980279185705i","0.0005-151.631746065641i","0.0142253059778116-8.66467261349704i",null,"0.183244934025281-0.00387708209676234i","0.0045+0.000494619378500942i","0.97608653699218-0.00306535981158309i",-0.21019071481811918,-0.17993445852408929,329.74625233396114,1.7200000000000006,15.352834292854753,"1+0.00269072941904512i",44.868887950671983,166.50108461241007,59.999880386894802,-0.30099045727721302,"999.972430902453-5.25317799241944i","-44597572.3722473i","23700-13909329.3865257i","2000-6750115.7316963i","16293.3371712082-11532865.7924015i","9999.97366353778-14.8145139931288i","-175.81787130597+27.902241225108i"]
[60.198,1.7400000000000009,54.95408738576257,60.198174456779554,165.70273979418405,null,null,"0.016-8.7761935332226i","0.0005-144.807193298172i","0.0142253059638572-8.27469823608092i",null,"0.183236410281228-0.00405959977831537i","0.0045+0.000517930071647529i","0.97609077690596-0.00320986558700547i",-0.21014885214003498,-0.1884159673917398,345.28671443168639,1.7400000000000007,15.352876155532837,"1+0.00281753958976256i",44.845298301246714,165.89115576157579,59.999868847012429,-0.31517542162706114,"999.969771165975-5.50073802751602i","-42590350.9700506i","23700-13283306.4406621i","2000-6446310.47855661i","16293.3370379865-11013801.7643495i","9999.97112265222-15.5126957977701i","-175.394871330491+29.1456424174514i"]
[60.173000000000002,1.7600000000000009,57.543993733715801,60.172501317599327,165.05886881357324,null,null,"0.016-8.38119975771679i","0.0005-138.289796002327i","0.0142253059485566-7.90227560303168i",null,"0.183227065164463-0.00425068911838299i","0.0045+0.000542339363916176i","0.97609542589492-0.00336118760966403i",-0.21010295052409991,-0.19729741364246384,361.55957594411728,1.7600000000000007,15.352922057148772,"1+0.002950326139704i",44.819579260450553,165.25616622721572,59.99985619381826,-0.33002886143503501,"999.966854839166-5.75996304225202i","-40673469.4124492i","23700-12685459.1686831i","2000-6156178.71421388i","16293.3368919118-10518099.4864859i","9999.96833662838-16.2437811963862i","-174.933437180167+30.4374579450179i"]
[60.145000000000003,1.7800000000000007,60.255958607435872,60.144525327486761,164.38883319016179,null,null,"0.016-8.00398363058419i","0.0005-132.06572990464i","0.0142253059317798-7.54661475601302i",null,"0.18321681962901-0.00445074962856249i","0.0045+0.000567899030688394i","0.97610052342912-0.00351964799364416i",-0.21005262028021299,-0.20659767777686716,378.59935379226238,1.7800000000000007,15.352972387392661,"1+0.00308937072694486i",44.7915529400941,164.59543086793866,59.999842319909114,-0.34558227485807369,"999.963657169938-6.03140246939772i","-38842861.7366588i","23700-12114519.45637i","2000-5879105.03029722i","16293.336731744-10044707.5078192i","9999.96528181614-17.0093207837687i","-174.430318435561+31.7785652794452i"]
[60.113999999999997,1.8000000000000009,63.095734448019471,60.114056824819727,163.69195742580644,null,null,"0.016-7.64374502584487i","0.0005-126.12179292644i","0.0142253059133843-7.20696129068415i",null,"0.183205587042775-0.00466019898999505i","0.0045+0.000594663287444251i","0.976106112787271-0.0036855841633668i",-0.20999743411750527,-0.21633653485287718,396.44219162950083,1.8000000000000007,15.353027573555366,"1+0.00323496828369673i",44.761029251264361,163.90829396065931,59.999827107521185,-0.36186864360876575,"999.960151018833-6.31563158817313i","-37094644.9783647i","23700-11569276.2640458i","2000-5614501.71637518i","16293.3365561235-9592621.70049407i","9999.96193228368-17.8109382166091i","-173.882036679204+33.16970077854i"]
[60.081000000000003,1.820000000000001,66.069344800759737,60.080893641106464,162.96760238552181,null,null,"0.016-7.29971982912008i","0.0005-120.445377180481i","0.0142253058932142-6.88259475650695i",null,"0.183193272463757-0.00487947381248305i","0.0045+0.000622688904760673i","0.976112241424322-0.00385934959434844i",-0.20993692351580814,-0.22653469734839582,415.12593650711557,1.8200000000000007,15.353088084157065,"1+0.00338742764189806i",44.727805556949399,163.19413708287021,59.999810427530761,-0.37892250273885708,"999.956306628826-6.6132527353152i","-35425110.9354356i","23700-11048573.0577975i","2000-5361807.5133429i","16293.3363635595-9160883.12990081i","9999.95825959748-18.6503336545223i","-173.284878738344+34.6114320650974i"]
[60.045000000000002,1.8400000000000007,69.183097091893785,60.044820844782784,162.21517391657659,null,null,"0.016-6.97117831684332i","0.0005-115.024442227915i","0.014225305871098-6.57282712857384i",null,"0.183179771848036-0.00510903041509444i","0.0045+0.000652035328729449i","0.97611896137453-0.00404131459172166i",-0.20987057474695259,-0.23721386014837126,434.69021915296577,1.8400000000000007,15.353154432925919,"1+0.0035470721882882i",44.691666411856865,162.45238777672495,59.999792138358558,-0.39678001369165988,"999.952091372946-6.92489657217854i","-33830718.3023279i","23700-10551305.3563128i","2000-5120486.42291652i","16293.3361524173-8748576.02064707i","9999.95423258085-19.5292873629011i","-172.634891758372+36.1041273699233i"]
[60.006,1.8600000000000008,72.443596007499139,60.005610593556426,161.43413224397884,null,null,"0.016-6.65742360841877i","0.0005-109.84748953891i","0.0142253058468481-6.27700134821469i",null,"0.183164971183323-0.00534934562717844i","0.0045+0.000682764807050358i","0.976126329693459-0.00423186710871645i",-0.20979782451191833,-0.24839674777175119,455.17653803357234,1.8600000000000008,15.353227183160955,"1+0.00371424055035395i",44.652383410395473,161.68252899175059,59.999772084768551,-0.41547904077446218,"999.947469477589-7.25122341035592i","-32308085.1585029i","23700-10076418.388127i","2000-4890026.57070869i","16293.3359209044-8354825.81407515i","9999.9498170494-20.4496634851823i","-171.927880619452+37.6479217271427i"]
[59.963000000000001,1.880000000000001,75.85775750291856,59.963022118231237,160.62400211920396,null,null,"0.016-6.357790188044i","0.0005-104.903538102726i","0.0142253058202586-5.99448992928737i",null,"0.183148745541249-0.00560091760836337i","0.0045+0.000714942521066895i","0.976134408942649-0.00443141360747296i",-0.2097180551569075,-0.26010716396175482,476.62834737792991,1.8800000000000008,15.353306952515966,"1+0.00388928731460391i",44.609715165715272,160.88410928316571,59.999750096550784,-0.43505923120876155,"999.942401719164-7.59292459839969i","-30853981.7949194i","23700-9622904.85431132i","2000-4669939.12047463i","16293.3356670557-7978797.31320583i","9999.94497552082-21.4134139924476i","-171.159408283014+39.2426799616608i"]
[59.917000000000002,1.900000000000001,79.432823472428325,59.916801862583299,159.78438367493925,null,null,"0.016-6.07164249306185i","0.0005-100.182101135521i","0.0142253057911039-5.72469362719532i",null,"0.183130958041076-0.00586426668569645i","0.0045+0.000748636724024627i","0.976143267721103-0.00464037996473657i",-0.2096305894274838,-0.27237004377113011,499.09114934975139,1.9000000000000008,15.35339441824539,"1+0.00407258377869397i",44.563407444337912,160.05675371871038,59.999725987077369,-0.45556209892302851,"999.936845091527-7.95072397231995i","-29465323.8633884i","23700-9189802.79185705i","2000-4459757.23722473i","16293.3353887159-7619692.91117385i","9999.93966689676-22.4225828186536i","-170.324799731239+40.8879564780741i"]
[59.866999999999997,1.9200000000000008,83.176377110267268,59.866683805053654,158.91496391019592,null,null,"0.016-5.79837356584677i","0.0005-95.6731638364718i","0.0142253057591362-5.46704016780958i",null,"0.183111458716784-0.0061399362056024i","0.0045+0.00078391888584549i","0.976152981248101-0.00485921242519326i",-0.20953468471630768,-0.28521150828353825,522.61259056365975,1.9200000000000008,15.353490322956564,"1+0.00426451873899946i",44.513193482097094,159.20017541847946,59.999699551719303,-0.47703111225995354,"999.930752441388-8.32537937263228i","-28139165.8342564i","23700-8776193.53322252i","2000-4259035.09700506i","16293.3350835226-7276750.89939639i","9999.933846114-23.4793101901619i","-169.419150238547+42.5829519503212i"]
[59.811999999999998,1.9400000000000013,87.096358995608313,59.81238998858646,158.015528697424,null,null,"0.016-5.53740376636634i","0.0005-91.3671621450446i","0.0142253057240846-5.22098303359865i",null,"0.18309008327895-0.0064284933977812i","0.0045+0.000820863844725067i","0.976163632002306-0.00508837860542477i",-0.20942952675546103,-0.29865892212211542,547.2425631500447,1.9400000000000008,15.353595480917409,"1+0.00446549931530436i",44.458794507669054,158.31418761954612,59.999670566110517,-0.49951178577750427,"999.924072068605-8.71768423082267i","-26872694.7485426i","23700-8381199.75771679i","2000-4067346.94124492i","16293.3347488847-6949243.85188756i","9999.92746376197-24.5858371586409i","-168.437338785995+44.3264671248003i"]
[59.753999999999998,1.9600000000000011,91.201083935591214,59.753631284677127,157.08597516664716,null,null,"0.016-5.28817954268705i","0.0005-87.2549624543359i","0.0142253056856511-4.98600030439137i",null,"0.183066651762054-0.0067305302475175i","0.0045+0.000859549965874438i","0.97617531042262-0.00532836855171553i",-0.20931422269967734,-0.31274095390752227,573.03331058295896,1.9600000000000009,15.353710784973195,"1+0.00467595181435694i",44.399920499703931,157.3987161205547,59.999638784244816,-0.52305177633089994,"999.916747287995-9.12846922819438i","-25663224.2512753i","23700-8003983.63058419i","2000-3884286.17366588i","16293.3343819617-6636477.0822899i","9999.92046566335-25.7445103468223i","-167.374047492491+46.1168540892078i"]
[59.69,1.9800000000000011,95.499258602143826,59.690108416389464,156.12632428176804,null,null,"0.016-5.05017225681635i","0.0005-83.3278422374696i","0.0142253056435095-4.76159355031437i",null,"0.183040967047137-0.00704666437212226i","0.0045+0.000900059307743301i","0.976188115676741-0.00557969585522102i",-0.2091877935416864,-0.327487639840018,600.03953849553375,1.9800000000000009,15.353837214131188,"1+0.00489632263412355i",44.336271202258274,156.45381192160806,59.99960393638937,-0.54770098363046504,"999.908715948984-9.5586040301543i","-24508188.8933735i","23700-7643745.02584487i","2000-3709464.49783647i","16293.3339796385-6337787.17035174i","9999.91279241432-26.9577869170323i","-166.223787984986+47.9519655270574i"]
[59.622,2.0000000000000009,100.00000000000023,59.62151326253948,155.13673338222875,null,null,"0.016-4.82287706339075i","0.0005-79.5774715459475i","0.0142253055973024-4.54728677455556i",null,"0.183012813248975-0.00737753989636475i","0.0045+0.00094247779607694i","0.976202156503998-0.00584289882831583i",-0.20904916579498872,-0.34293045059349797,628.31853071796002,2.0000000000000009,15.353975841877885,"1+0.00512707921065855i",44.267537420661597,155.47966383282224,59.99956572679708,-0.57351165547859828,"999.899909909009-10.0089990990891i","-23405138.6899845i","23700-7299719.82912008i","2000-3542511.09354356i","16293.3335385-6052540.55472376i","9999.90437888031-28.2282397728599i","-164.980935655765+49.8291026749093i"]
[59.548000000000002,2.0200000000000014,104.71285480509026,59.547530461233301,154.11750842070768,null,null,"0.016-4.605811838831i","0.0005-75.9958953407119i","0.0142253055466372-4.34262540371095i",null,"0.182981953956082-0.00772382832075459i","0.0045+0.000986895406176258i","0.976217552139633-0.0061185417462884i",-0.20889716237335099,-0.35910236172451226,657.93027078417242,2.0200000000000009,15.354127845299521,"1+0.00536871100959885i",44.193402615933778,154.4766107824322,59.999523831198623,-0.60053849789746439,"999.890254456278-10.4806075890698i","-22351733.9237387i","23700-6971178.31684332i","2000-3383071.83023279i","16293.3330548012-5780132.18909055i","9999.89515364324-29.5585630048056i","-163.639772750024+51.7449629255629i"]
[59.468000000000004,2.0400000000000014,109.64781961431881,59.467839325322799,153.06911558653124,null,null,"0.016-4.39851615869336i","0.0005-72.5755166184406i","0.0142253054910839-4.14717532357352i",null,"0.18294813031104-0.00808622937538588i","0.0045+0.00103340635374745i","0.976234433328422-0.00640721615893494i",-0.2087304925893142,-0.37603792781569206,688.93756916496557,2.0400000000000009,15.354294515083557,"1+0.00562173056438612i",44.11354481023924,153.44515351434694,59.99947789405293,-0.62883879036772083,"999.879667676995-10.9744273257073i","-21345740.1818943i","23700-6657423.60841877i","2000-3230808.51585029i","16293.3325244361-5519984.25878616i","9999.88503839541-30.9515775912294i","-162.194541180951+53.695588273711i"]
[59.381999999999998,2.0600000000000009,114.81536214968857,59.382116075013187,151.99219196755834,null,null,"0.016-4.20055032104765i","0.0005-69.3090802972864i","0.014225305430171-3.96052195831891i",null,"0.182911058917758-0.00846547185073973i","0.0045+0.00108210929474614i","0.976252943436295-0.0067095422770407i",-0.20854774118642522,-0.39377336059143381,721.40619649742644,2.0600000000000009,15.354477266486446,"1+0.005886674563419i",44.027638808526739,152.38596532814978,59.999427525532752,-0.65847250640741006,"999.868059761756-11.4915028745588i","-20385023.6168489i","23700-6357790.188044i","2000-3085398.17949195i","16293.3319429024-5271544.9551718i","9999.87394727495-32.4102373664346i","-160.63950587154+55.6763160760738i"]
[59.29,2.080000000000001,120.22644346174157,59.290036383807788,150.88755487336638,null,null,"0.016-4.01149441381047i","0.0005-66.1896578278729i","0.0142253053633811-3.78226939113429i",null,"0.182870429561394-0.00886231439533364i","0.0045+0.00113310753463991i","0.976273239669443-0.00702617043922357i",-0.20834735631178741,-0.41234661126404698,755.40502309327189,2.080000000000001,15.354677651361087,"1+0.0061641049884411i",43.935358732446701,151.29990148463042,59.999372298220017,-0.68950243972926417,"999.855332245257-12.032927701555i","-19467546.4199626i","23700-6071642.49306185i","2000-2946532.38633884i","16293.3313052634-5034287.30517559i","9999.86178613712-33.9376352682471i","-158.969029260761+57.6817338879244i"]
[59.191000000000003,2.1000000000000014,125.89254117941711,59.191278223318264,149.75620942289444,null,null,"0.016-3.8309474240554i","0.0005-63.2106324969141i","0.0142253052901476-3.61203952442595i",null,"0.182825902725735-0.00927754626837975i","0.0045+0.00118650924753302i","0.97629549441133-0.00735778266516509i",-0.20812763632637488,-0.43179745739139436,791.00616502201456,2.100000000000001,15.3548973713465,"1+0.00645461030657964i",43.836380851971768,150.18800688028583,59.999311743482963,-0.72199433622395637,"999.841377172969-12.5998464289792i","-18591362.4990924i","23700-5798373.56584677i","2000-2813916.58342564i","16293.3306061062-4807708.05351228i","9999.84845175545-35.5370098780001i","-157.177657375206+59.7056404303274i"]
[59.085999999999999,2.120000000000001,131.82567385564107,59.0855249804453,148.59935399359742,null,null,"0.016-3.65852638741083i","0.0005-60.3656853922788i","0.0142253052098488-3.4494712778235i",null,"0.182777106891962-0.00971198803364737i","0.0045+0.00124242770561822i","0.976319896689052-0.00770509430187161i",-0.20788671534054121,-0.45216759455241085,828.28513707881211,2.120000000000001,15.355138292332331,"1+0.00675880671856311i",43.730386688112972,149.05152158814982,59.999245347504541,-0.75601703202602788,"999.826076187757-13.1934571905726i","-17754613.3506702i","23700-5537403.76636634i","2000-2687269.47485426i","16293.3298394957-4591326.59521101i","9999.83383094573-37.2117522664049i","-155.260217545801+61.7410150211785i"]
[58.972000000000001,2.140000000000001,138.03842646028886,58.972468807449928,147.41838313979741,null,null,"0.016-3.49386557574113i","0.0005-57.6487819997288i","0.0142253051218027-3.29421982227997i",null,"0.182723635601852-0.0101664921784822i","0.0045+0.00130098151944222i","0.976346653781579-0.00806885577030559i",-0.20762254735136168,-0.47350073317528346,867.32101296147675,2.140000000000001,15.35540246032151,"1+0.00707733946576565i",43.617066347128414,147.8918838729727,59.999172546928563,-0.79164259792887803,"999.809299528812-13.8150140893755i","-16955524.1175673i","23700-5288179.54268705i","2000-2566322.42512753i","16293.3289989239-4384683.95618793i","9999.81779960564-38.9654131593767i","-153.211927435342+63.7799980472934i"]
[58.851999999999997,2.160000000000001,144.5439770745931,58.851814152051254,146.21488761794225,null,null,"0.016-3.3366157213883i","0.0005-55.054159402907i","0.0142253050252622-3.14595584864326i",null,"0.182665044267613-0.0106419436393858i","0.0045+0.00136229488949458i","0.97637599298367-0.00844985442051776i",-0.20733288884628578,-0.49584270088503157,908.19659299638636,2.160000000000001,15.355692118826587,"1+0.00741088419885051i",43.496122033224665,146.71073031882727,59.999092724086942,-0.82894649042483148,"999.790904934523-14.4658297619287i","-16192399.8243844i","23700-5050172.25681635i","2000-2450818.88933735i","16293.3280772555-4187341.81970063i","9999.80022166167-40.8017104384964i","-151.02851453337+65.8138852389097i"]
[58.722999999999999,2.1800000000000015,151.3561248436213,58.723281401610507,144.99065120771192,null,null,"0.016-3.18644327632838i","0.0005-52.5763140594184i","0.0142253049194076-3.00436486914713i",null,"0.182600846709835-0.0111392602126701i","0.0045+0.00142649786965362i","0.976408163540564-0.00884891650430147i",-0.20701527972455336,-0.51924155077287715,950.99857976908049,2.180000000000001,15.356009727948319,"1+0.0077601484109157i",43.367271673662188,145.5098927584848,59.999005201767808,-0.868007709655504,"999.770736440118-15.1472780524439i","-15463621.7821819i","23700-4822877.06339075i","2000-2340513.86899845i","16293.3270666663-3998881.59661949i","9999.78094791461-42.7245369914283i","-148.706344673547+67.8331386024112i"]
[58.587000000000003,2.2000000000000015,158.48931924611182,58.586610563524772,143.74764409091983,null,null,"0.016-3.04302970467147i","0.0005-50.2099901270791i","0.0142253048033403-2.8691465503407i",null,"0.182530511404346-0.0116593928254316i","0.0045+0.0014937266430481i","0.976443438770058-0.00926690927540442i",-0.20666702237324058,-0.54374767603013019,995.81776203206459,2.2000000000000011,15.356357985299631,"1+0.00812587293818165i",43.230252578225141,144.29139176694997,59.99890923748044,-0.90890896456757808,"999.74862306005-15.8607968005231i","-14767644.1550233i","23700-4605811.838831i","2000-2235173.39237387i","16293.3259585774-3818903.53754398i","9999.75981477367-44.7379689282548i","-146.242557446815+69.8274168396144i"]
[58.442,2.2200000000000011,165.95869074375653,58.441564894054324,142.48801264405057,null,null,"0.016-2.90607080700424i","0.0005-47.9501683155702i","0.0142253046760752-2.74001407604069i",null,"0.182453457418319-0.0122033256383998i","0.0045+0.0015641238109199i","0.976482118390192-0.00970474322848038i",-0.20628515871892705,-0.56941393143456853,1042.7492072799319,2.2200000000000011,15.356739848953946,"1+0.00850883353140424i",43.084825045100381,143.05742657548515,59.998804017168879,-0.95173684557825644,"999.724377344156-16.6078907459352i","-14102990.68105i","23700-4398516.15869336i","2000-2134574.01818943i","16293.3247435822-3647025.88488075i","9999.73664286861-46.8462741803828i","-143.635205642772+71.7856278997248i"]
[58.287999999999997,2.2400000000000011,173.78008287493799,58.287934380836973,141.21406561236628,null,null,"0.016-2.77527607514239i","0.0005-45.7920552398494i","0.0142253045365316-2.61669353895607i",null,"0.182369050015664-0.0127720759480626i","0.0045+0.00163783869510039i","0.976524531072545-0.0101633744892695i",-0.20586644505867091,-0.59629576222847291,1091.8924634002612,2.2400000000000011,15.357158562614202,"1+0.00890984250134613i",42.93077581822277,141.81036137459475,59.998688648321441,-0.99658200506373729,"999.697793795607-17.3901345538516i","-13468251.5411322i","23700-4200550.32104765i","2000-2038502.36168489i","16293.3234113668-3482884.06308442i","9999.71123552807-49.0539214993533i","-140.883395085283+73.6960059424813i"]
[58.125999999999998,2.2600000000000016,181.97008586099895,58.125538981109685,139.92825675933824,null,null,"0.016-2.65036807592365i","0.0005-43.7310732527402i","0.0142253043835252-2.49892335969375i",null,"0.182276595911715-0.0133666938508132i","0.0045+0.00171502765474205i","0.976571037243134-0.0106438073699816i",-0.20540732445447596,-0.62445134098529098,1143.3517698280364,2.2600000000000011,15.357617683218397,"1+0.00932975044179678i",42.767921297891291,140.55270810032354,59.998562152418124,-1.0435393459931348,"999.66864713751-18.2091759637962i","-12862080.368453i","23700-4011494.41381047i","2000-1946754.64199626i","16293.3219506218-3326129.90534403i","9999.68337711123-51.3655898736143i","-137.987420481611+75.5462144139181i"]
[57.954000000000001,2.2800000000000011,{"$f":"10^R144","v":190.54607179632529},{"$f":"S144+U144","v":57.954231518798196},{"$f":"P144+V144","v":138.6331642186264},null,null,{"$f":"IMSUM(IMDIV(1,COMPLEX(0,Q144*COUT*10^-6)),ESR*10^-3)","v":"0.016-2.53108186273498i"},{"$f":"IMSUM(IMDIV(1,COMPLEX(0,Q144*MLCC*10^-6)),MLCC_ESR*10^-3)","v":"0.0005-41.7628507351271i"},{"$f":"IMDIV(IMPRODUCT(H144,I144),IMSUM(H144,I144))","v":"0.014225304215757-2.38645373191383i"},null,{"$f":"IMDIV(IMPRODUCT(J144,VOUT/IOUT_max),IMSUM(J144,VOUT/IOUT_max))","v":"0.182175338157611-0.0139882616266504i"},{"$f":"COMPLEX(DCR*10^-3,Q144*LOUT*10^-6)","v":"0.0045+0.00179585441797719i"},{"$f":"IMDIV(L144,IMSUM(M144,L144))","v":"0.976622032155046-0.0111470971055493i"},{"$f":"20*LOG(IMABS(N144))","v":-0.20490389645469062},{"$f":"180/PI()*IMARGUMENT(N144)","v":-0.65394171312733573},{"$f":"2*PI()*C144","v":1197.2362786514577},2.2800000000000011,{"$f":"20*LOG(IMABS(N144)*$F$62)","v":15.358121111218182},{"$f":"COMPLEX(1,Q144*(R_1+R_2)*C_1*10^-12)","v":"1+0.00976944803379589i"},{"$f":"20*LOG(IMABS(AE153))","v":42.596110407580014},{"$f":"IF(180/PI()*IMARGUMENT(AE153)<0,180/PI()*IMARGUMENT(AE153)+360,180/PI()*IMARGUMENT(AE153))","v":139.28710593175373},{"$f":"20*LOG(IMABS(Y144))","v":59.998423456652851},{"$f":"180/PI()*IMARGUMENT(Y144)","v":-1.0927082190382253},{"$f":"IMDIV(10^(DCGAIN/20),IMPRODUCT(COMPLEX(1,2*PI()*C144/(2*PI()*(GBWP*10^6/10^(DCGAIN/20)))),COMPLEX(1,2*PI()*C144/(2*PI()*EAP*10^6))))","v":"999.636690413835-19.0667390653562i"},{"$f":"IMDIV(1,COMPLEX(0,2*PI()*C144*C_3*10^-12))","v":"-12283191.3926845i"},"23700-3830947.4240554i","2000-1859136.24990924i","16293.3203489471-3176430.91507459i","9999.65283117866-53.7861783820447i","-134.948892234248+77.3234761360103i"]
[{"$f":"ROUND(ABS(D145),3)","v":57.774000000000001},{"$f":"LOG(C145)","v":2.3000000000000012},199.52623149688853,57.773900149520657,137.33146690945762,null,null,"0.016-2.41716441352523i","0.0005-39.8832128231663i","0.0142253040318028-2.27904609245673i",null,"0.182064450635487-0.0146378927941677i","0.0045+0.00188049042920724i","0.976677949259317-0.0116743527883433i",-0.20435188388246128,-0.68483095183078369,1253.6602861381627,{"$f":"R144+0.02","v":2.3000000000000012},15.358673123790412,"1+0.0102298679348874i",42.415227025730246,138.01629786128839,59.998271384861148,-1.1441926284974764,"999.601652909003-19.9646277034412i","-11730356.712696i","23700-3658526.38741083i","2000-1775461.33506702i","16293.3185927461-3033469.56064722i","9999.61933848702-56.3208165037678i","-131.770848637083+79.0147302902471i"]
[57.584000000000003,2.3200000000000016,208.9296130854047,57.584470313227037,136.02591850180391,null,null,"0.016-2.30837409411145i","0.0005-38.0881725528389i","0.0142253038301011-2.17647261531874i",null,"0.181943032146993-0.0153167307821187i","0.0045+0.0019691152127594i","0.976739263903206-0.0122267405211608i",-0.20374659640585127,-0.71718632313921626,1312.7434751729306,2.3200000000000012,15.35927841126702,"1+0.0107119867574111i",42.225191901960017,136.74310482494312,59.99810464757735,-1.1981014473794471,"999.563237868997-20.9047290155358i","-11202403.6920114i","23700-3493865.57574113i","2000-1695552.41175673i","16293.3166671104-2896942.60186196i","9999.58261479035-58.9748749045636i","-128.457847563552+80.6068149547857i"]
[57.386000000000003,2.3400000000000016,218.776162394956,57.385906109347104,134.71931952692452,null,null,"0.016-2.20448014564039i","0.0005-36.3739224030663i","0.0142253036089395-2.07851572840259i",null,"0.181810100079654-0.0160259471557471i","0.0045+0.00206191675368168i","0.976806497387885-0.0128054868107937i",-0.20308289057624165,-0.75107846220115571,1374.6111691211227,2.3400000000000012,15.359942117096633,"1+0.0112168271400284i",42.025963992250475,135.47039798912567,59.997921831138569,-1.2545486419969292,"999.521120005331-21.8890171029765i","-10698212.4714901i","23700-3336615.72138829i","2000-1619239.98243844i","16293.3145556933-2766560.44673466i","9999.5423484297-61.7539767209633i","-125.016031723704+82.0866724803656i"]
[57.177999999999997,2.3600000000000012,229.08676527677804,57.178211048252059,133.41448831391514,null,null,"0.016-2.10526219511802i","0.0005-34.7368262194474i","0.0142253033664407-1.98496765201781i",null,"0.181664583638484-0.0167667393282562i","0.0045+0.00215909189648453i","0.976880221420719-0.0134118822273944i",-0.20235512599106997,-0.78658156165747406,1439.3945976563505,2.3600000000000012,15.360669881681803,"1+0.0117454599168758i",41.817541166570258,134.20106987557261,59.997721385744299,-1.3136535064274786,"999.474942761438-22.9195568377568i","-10216713.5939551i","23700-3186443.27632838i","2000-1546362.17821819i","16293.3122405712-2642046.53723361i","9999.49819769049-64.6640093639026i","-121.453161880276+83.4415735311546i"]
[56.960999999999999,2.3800000000000012,239.88329190194978,56.961428154545146,132.11423148776061,null,null,"0.016-2.01050978796892i","0.0005-33.1734115014873i","0.0142253031005461-1.8956299581522i",null,"0.181505316634178-0.017540327679279i","0.0045+0.0022608467626743i","0.976961063000858-0.0140472853581403i",-0.20155711720265176,-0.8237735733272521,1507.2311751162026,2.3800000000000012,15.361467890470221,"1+0.0122990063889482i",41.599960264074923,132.93800506108786,59.997501612372737,-1.3755409071995743,"999.424315319242-23.9985078057396i","-9756885.73573153i","23700-3043029.70467147i","2000-1476764.41550233i","16293.3097020909-2523136.76266283i","9999.44978790534-67.71113686461i","-117.77861311351+84.6593541658331i"]
[56.735999999999997,2.4000000000000017,251.18864315095894,56.735639420909749,130.82131478483291,null,null,"0.016-1.92002194163385i","0.0005-31.6803620369586i","0.0142253028089984-1.81031314957934i",null,"0.181331029824363-0.0183479519929766i","0.0045+0.00236739718796472i","0.977049709780675-0.014713127087493i",-0.20068208095786355,-0.86273642448241439,1578.2647919764813,2.4000000000000012,15.362342926715009,"1+0.0128786407025281i",41.37329649419474,131.68405120931533,59.997260648444815,-1.4403415385647986,"999.368809321612-25.1281283863878i","-9317753.5402819i","23700-2906070.80700424i","2000-1410299.068105i","16293.3069187038-2409578.89944784i","9999.39670827793-70.9018127862015i","-114.003330326362+85.7286590021573i"]
[56.500999999999998,2.4200000000000017,263.02679918953913,56.500964634572789,129.53843492634573,null,null,"0.016-1.83360671925881i","0.0005-30.2545108677703i","0.0142253024893227-1.72883625790962i",null,"0.181140342811047-0.0191908671184814i","0.0045+0.00247896918009328i","0.977146915949847-0.0154109152407072i",-0.1997225783123566,-0.90355625016338204,1652.6461200621877,2.4200000000000013,15.363302429360516,"1+0.0134855923397075i",41.137662205212273,130.44199117650911,59.996996452117543,-1.5081921887155172,"999.307955284247-26.3107799682067i","-8898385.54934421i","23700-2775276.07514239i","2000-1346825.15411322i","16293.3038667814-2301132.07613569i","9999.33850840105-74.242793725255i","-110.139740667182+86.6391824154842i"]
[56.258000000000003,2.4400000000000013,275.42287033381757,56.257559620466637,128.26819324003634,null,null,"0.016-1.75108082257125i","0.0005-28.8928335724257i","0.0142253021388053-1.65102645973201i",null,"0.180931755505814-0.0200703377448627i","0.0045+0.00259579939821401i","0.977253508693587-0.0161422396322283i",-0.19867045111760237,-0.94632364317158324,1730.5329321426709,2.4400000000000013,15.36435455655527,"1+0.0141211487262842i",40.893205063911367,129.21451688320792,59.996706785076618,-1.5792360173042881,"999.24123866815-27.5489312980027i","-8497892.22718399i","23700-2650368.07592365i","2000-1286208.0368453i","16293.3005204164-2197566.26247433i","9999.27469443945-77.7411534284325i","-106.201622358119+87.3818989867409i"]
[56.006,2.4600000000000013,288.40315031266152,56.005613964610539,127.01307163910116,null,null,"0.016-1.67226920307986i","0.0005-27.5924418508178i","0.0142253017544707-1.57671871003243i",null,"0.180703639184853-0.0209876321717261i","0.0045+0.00271813565488323i","0.977370395281684-0.0169087775663866i",-0.19751675232940935,-0.99113392358680552,1812.0904365888205,2.4600000000000013,15.365508255343464,"1+0.0147866579625648i",40.640105709267075,128.00420556268796,59.996389193686682,-1.6536228446143382,"999.16809558132-28.8451629607629i","-8115424.07376992i",{"$f":"IMSUM(R_3,IMDIV(1,COMPLEX(0,2*PI()*C144*C_2*10^-12)))","v":"23700-2531081.86273498i"},{"$f":"IMSUM(R_2,IMDIV(1,COMPLEX(0,2*PI()*C144*C_1*10^-12)))","v":"2000-1228319.13926845i"},{"$f":"IMDIV(IMPRODUCT(Z144,AA153),IMSUM(Z144,AA153))","v":"16293.2968512017-2098661.78148752i"},{"$f":"IMDIV(IMPRODUCT(AB153,R_1),IMSUM(AB153,R_1))","v":"9999.20472494536-81.4042975499801i"},{"$f":"IMDIV(IMPRODUCT(-1,Y144),IMSUM(1,IMDIV(AD153,R_4),IMPRODUCT(IMDIV(AD153,AC153),IMSUM(1,Y144))))","v":"-102.203931457411+87.9492741409388i"}]
[55.744999999999997,2.4800000000000018,301.99517204020276,55.745348297026524,125.7754114610666,null,null,"0.016-1.59700469077324i","0.0005-26.3505773977585i","0.0142253013330563-1.50575539211115i",null,"0.180454227168832-0.021944014945127i","0.0045+0.00284623744170326i","0.977498570850729-0.0177122998444081i",-0.19625166953172157,-1.0380874298985094,1897.4916278021733,2.4800000000000013,15.366773338141151,"1+0.0154835316828657i",40.378574958885373,126.81349889096511,59.996040988344177,-1.731509452720231,"999.087908075516-30.2021719854316i","-7750169.82287014i","23700-2417164.41352523i","2000-1173035.6712696i","16293.2928279898-2004208.8435106i","9999.12800627127-85.2399790767101i","-98.1625902205943+88.3354461766866i"]
[55.476999999999997,2.5000000000000018,316.2277660168391,55.477011224909816,124.5573955452796,null,null,"0.016-1.5251276395299i","0.0005-25.1646060522435i","0.0142253008709844-1.43798598325663i",null,"0.180181605178443-0.0229407382168902i","0.0045+0.00298037647973884i","0.977639126948246-0.01855467733941i",-0.19486444100863445,-1.0872898341181207,1986.9176531592275,2.5000000000000013,15.36816056666424,"1+0.0162132480497793i",40.108850658245572,125.64468537939773,59.995659220863871,-1.8130598989631341,"998.999999001-31.6227765700611i","-7401354.72124809i","23700-2308374.09411145i","2000-1120240.36920114i","16293.2884166278-1914007.10119843i","9999.04388754162-89.2563144477669i","-94.0942428035386+88.5363717113065i"]
[55.201000000000001,2.5200000000000014,331.13112148259222,55.20087601342555,123.36103379438694,null,null,"0.016-1.45648558848743i","0.0005-24.0320122100427i","0.0142253003643328-1.37326673546668i",null,"0.179883701435492-0.0239790316740056i","0.0045+0.00312083729587398i","0.977793260914384-0.0194378882098759i",-0.19334326363126556,-1.138852483558352,2080.5581972493219,2.5200000000000014,15.369681744041605,"1+0.0169773548895545i",39.831194269383943,124.49988627794529,59.995240659714177,-1.8984458420450609,"998.903626378954-33.1099209177011i","-7068238.88530665i","23700-2204480.14564039i","2000-1069821.24714901i","16293.2835796683-1827865.2245618i","9998.95165514075-93.461800397167i","-90.015985903857+88.5499279357687i"]
[54.917000000000002,2.5400000000000014,346.73685045253279,54.917237113387898,122.18815233077589,null,null,"0.016-1.39093293865257i","0.0005-22.9503934877673i","0.0142252998088004-1.31146037053968i",null,"0.179558276602163-0.0250600908739184i","0.0045+0.00326791782633162i","0.977962286184582-0.0203640258322746i",-0.19167519175201736,-1.1928927723302567,2178.6118842210794,2.5400000000000014,15.371349815920857,"1+0.017777472975244i",39.54588729746704,123.38104510310615,59.994781762900331,-1.9878468810208452,"998.79797724789-34.666680171933i","-6750115.7316963i","23700-2105262.19511802i","2000-1021671.35939551i","16293.2782760512-1745600.49513091i","9998.85052667105-97.8653315477212i","-85.9450834095829+88.3759669163915i"]
[54.625999999999998,2.5600000000000018,363.07805477010277,54.626406632527761,121.04038623110614,null,null,"0.016-1.32833064406621i","0.0005-21.9174556270924i","0.0142252991996713-1.25243578888906i",null,"0.17920291367802-0.0261850638117823i","0.0045+0.00342193004863628i","0.978147643605131-0.0213353075453239i",-0.18984602621765023,-1.2495345460324958,2281.2866990908547,2.5600000000000014,15.373178981455222,"1+0.0186152994645814i",39.253227651072542,122.28992077713863,59.994278648275483,-2.081450907433446,"998.682160936676-36.2962654380783i","-6446310.47855661i","23700-2010509.78796892i","2000-975688.573573153i","16293.2724607545-1667038.41838497i","9998.73964433044-102.47621878547i","-81.8986750851588+88.0163193751249i"]
[54.329000000000001,2.5800000000000018,380.18939632056265,54.328710840673587,119.91917570710042,null,null,"0.016-1.26854591686831i","0.0005-20.9310076283271i","0.0142252985317746-1.19606779146359i",null,"0.178815008005923-0.0273550355378017i","0.0045+0.00358320064336025i","0.978350913863038-0.0223540843120232i",-0.18784019252245818,-1.3089085435899463,2388.8004289068358,2.5800000000000014,15.375184815150414,"1+0.0194926114998798i",38.953526025523175,121.22808425069037,59.993727061040765,-2.1794544707972365,"998.555201712951-38.0020288727776i","-6156178.71421384i","23700-1920021.94163385i","2000-931775.35402819i","16293.2660844132-1592012.35362589i","9998.61806765358-107.304208444236i","-77.8934896872019+87.4747477685745i"]
[54.024000000000001,2.6000000000000014,398.10717055349869,54.024486789737942,118.82576550337117,null,null,"0.016-1.211451945637i","0.0005-19.9889571030105i","0.0142252977994404-1.14223681418332i",null,"0.178391757574665-0.0285710106375122i","0.0045+0.00375207168705687i","0.978573831142036-0.0234228514214808i",-0.18564060702369478,-1.3711528807611479,2501.3811247045805,2.6000000000000014,15.377384400649177,"1+0.0204112699775894i",38.647102389088765,120.19691838413232,59.993122338173706,-2.282063157583369,"998.416030751534-39.787468820767i","-5879105.03029722i","23700-1833606.71925881i","2000-889838.554934421i","16293.2590928998-1520363.16051106i","9998.48476555608-112.359502330219i","-73.945572633068+86.7568508878813i"]
[53.713999999999999,2.6200000000000019,416.8693834703372,53.714079117820944,117.76120720619032,null,null,"0.016-1.15692762640458i","0.0005-19.0893058356755i","0.0142252969964521-1.09082867432818i",null,"0.177930153848313-0.0298338933862986i","0.0045+0.00392890137785075i","0.978818298128223-0.0245442603709443i",-0.18322853003113451,-1.4364135804779123,2619.2675852338352,2.6200000000000014,15.379796477641738,"1+0.0213732234955081i",38.334282640179204,119.19762078666824,59.992459369501461,-2.3894919837997959,"998.263477363102-41.6562349732057i","-5614501.71637515i","23700-1751080.82257125i","2000-849789.222718399i","16293.2514268647-1451938.86149534i","9998.33860761509-117.652778616742i","-70.0700374685363+85.8699244358706i"]
[53.398000000000003,2.6400000000000019,436.51583224016775,53.397837093897571,116.72636410188247,null,null,"0.016-1.10485730577975i","0.0005-18.2301455453659i","0.014225296115993-1.04173432834111i",null,"0.177426973400123-0.0311444653929537i","0.0045+0.00411406479522404i","0.979086402501655-0.0257211320899202i",-0.18058340446108662,-1.5048451559299845,2742.7098634826912,2.6400000000000015,15.382441603211788,"1+0.0223805124860188i",38.015395490685783,118.23120925781245,59.991732555110531,-2.5019658011841828,"998.096259418756-43.6121335167385i","-5361807.5133429i","23700-1672269.20307986i","2000-811542.407376992i","16293.2430212325-1386594.31946625i","9998.17835451329-123.195213639299i","-66.2808489770125+84.8227839415156i"]
[53.076000000000001,2.6600000000000015,457.0881896148768,53.076111946307492,115.72191818956233,null,null,"0.016-1.05513053563128i","0.0005-17.4096538379161i","0.0142252951505889-0.994849640532058i",null,"0.176878770682682-0.0325033605571703i","0.0045+0.00430795469561027i","0.97938043506449-0.0269564716932036i",-0.1776826786103875,-1.5766112531697947,2871.9697970735106,2.6600000000000015,15.385342329062485,"1+0.0234352735441198i",37.690769617245003,117.29852944273213,59.990935758758191,-2.6197197169394215,"997.912972901366-45.6591322365345i","-5120486.4229165i","23700-1597004.69077325i","2000-775016.982287014i","16293.2338046501-1324190.92988877i","9998.00264756666-128.998504620865i","-62.5906439661349+83.6255578173465i"]
[52.749000000000002,2.6800000000000015,478.63009232264011,52.749254505333518,114.74837893855256,null,null,"0.016-1.0076418388127i","0.0005-16.6260903404095i","0.0142252940920446-0.950075162192227i",null,"0.176281872325491-0.0339110371843819i","0.0045+0.00451098234548343i","0.979702909672127-0.0282534849788295i",-0.17450161145613968,-1.6518853610166195,3007.321563655621,2.6800000000000015,15.388523396216733,"1+0.0245397439594299i",37.360731109116784,116.40026429956919,59.990062256921703,-2.7429995268353933,"997.71208050947-47.8013655296888i","-4890026.57070869i","23700-1525127.6395299i","2000-740135.472124809i","16293.2236988806-1264596.32680643i","9997.8099972487-135.074893356991i","-59.0105937125201+82.28945927294i"]
[52.417999999999999,2.700000000000002,501.18723362727451,52.41761317813561,113.80609338345216,null,null,"0.016-0.962290485431132i","0.0005-15.8777930096137i","0.0142252929313741-0.907315920650007i",null,"0.175632373416134-0.0353677471304155i","0.0045+0.00472357839370931i","0.980056585151327-0.0296155969210161i",-0.17101305872146336,-1.7308515972010543,3149.0522624728737,2.7000000000000015,15.39201194895141,"1+0.0256962664617786i",37.025601229184197,115.53694498065322,59.989104683091405,-2.8720621613758883,"997.491899234461-50.0431392775303i","-4669939.12047463i","23700-1456485.58848743i","2000-706823.888530665i","16293.212618139-1207684.10207545i","9997.59877061569-141.437190889525i","-55.550309907049+80.8265461399069i"]
[52.082000000000001,2.720000000000002,524.80746024977486,52.081532263618627,112.89525716631459,null,null,"0.016-0.918980279185705i","0.0005-15.1631746065641i","0.0142252916587242-0.866481217821238i",null,"0.17492613629054-0.0368735018903678i","0.0045+0.00494619378500943i","0.980444489408814-0.0310464724480917i",-0.16718723776315572,-1.8137055810423885,3297.46252333962,2.7200000000000015,15.395837769909717,"1+0.0269072941904513i",36.685694493708908,114.70896274735698,59.98805496688037,-3.007176144582401,"997.250586826417-52.3889355163774i","-4459757.23722473i","23700-1390932.93865257i","2000-675011.573169629i","16293.2004683646-1153333.53723606i","9997.36717752851-148.098803196698i","-52.217793879768+79.2494774648121i"]
[51.741,2.7400000000000015,549.54087385762671,51.741350605734198,112.01592616241115,null,null,"0.016-0.877619353322252i","0.0005-14.4807193298172i","0.0142252902632917-0.827484437826361i",null,"0.174158792430416-0.03842803560358i","0.0045+0.0051793007164753i","0.980869945955491-0.0325500398422436i",-0.16299146913262205,-1.9006554045249184,3452.8671443168705,2.7400000000000015,15.400033538540249,"1+0.0281753958976257i",36.341317067193948,113.91658156693606,59.986904267488967,-3.1486220647736407,"996.986127058709-54.8434168359972i","-4259035.09700506i","23700-1328330.64406621i","2000-644631.047855661i","16293.187146423-1101429.34745242i","9997.11325555711-155.073757925896i","-49.0194270313305+77.5712750538161i"]
[51.396999999999998,2.7600000000000016,575.43993733715911,51.397400576371631,111.16802836027655,null,null,"0.016-0.83811997577168i","0.0005-13.8289796002327i","0.0142252887332308-0.79024286326661i",null,"0.173325748139352-0.0400307650222991i","0.0045+0.00542339363916177i","0.981336603095365-0.0341305171529785i",-0.1583898924342047,-1.9919227154718415,3615.5957594411798,2.7600000000000016,15.404635115238669,"1+0.02950326139704i",35.992765461132961,113.1599510757484,59.985642901025287,-3.2966930565186163,"996.696313696167-57.4114304232932i","-4067346.94124492i","23700-1268545.91686831i","2000-615617.871421384i","16293.1725392293-1051861.4369781i","9996.83485344273-162.376732193484i","-45.9599988595782+75.8050971058441i"]
[51.05,2.780000000000002,602.55958607436048,51.050007373389775,110.35137570510396,null,null,"0.016-0.800398363058419i","0.0005-13.2065729904639i","0.0142252870555528-0.754677499769214i",null,"0.172422194740617-0.0416807465884188i","0.0045+0.00567899030688395i","0.9818484660549-0.0357924420810823i",-0.15334315385167696,-2.0877439286573911,3785.9935379226349,2.7800000000000016,15.409681853821196,"1+0.0308937072694487i",35.640325519568577,112.43911963376135,59.984260261143731,-3.4516952927059332,"996.378733066524-60.0980116553746i","-3884286.17366586i","23700-1211451.945637i","2000-587910.503029722i","16293.1565227901-1004524.66562812i","9996.52961298162-170.023081473552i","-43.0427678089988+73.9640297668008i"]
[50.698999999999998,2.800000000000002,630.95734448019596,50.699488615405755,109.5656756544427,null,null,"0.016-0.764374502584481i","0.0005-12.612179292644i","0.0142252852160158-0.720712908429823i",null,"0.171443124105241-0.0433766308832395i","0.0045+0.00594663287444252i","0.982409932357922-0.0375407058664553i",-0.14780806243211256,-2.1883715832009987,3964.4219162950162,2.8000000000000016,15.415216945240759,"1+0.0323496828369673i",35.284271670164998,111.7540472376437,59.982744732422503,-3.6139484854003103,"996.030745129959-62.9083871309798i","-3709464.49783647i","23700-1156927.62640458i","2000-561450.171637515i","16293.1389611499-959318.625762559i","9996.19494918151-178.028869594346i","-40.2695494117682+72.0609009967616i"]
[50.345999999999997,2.8200000000000016,660.6934480075987,50.346154212529932,108.81054223431924,null,null,"0.016-0.729971982912008i","0.0005-12.0445377180481i","0.0142252831990043-0.688277045796443i",null,"0.170383350373472-0.0451166148618407i","0.0045+0.00622688904760675i","0.983025830783744-0.0393805918038725i",-0.14173721190222041,-2.2940758675223969,4151.2593650711642,2.8200000000000016,15.421287795770651,"1+0.0338742764189807i",34.924866416759279,111.10461810184164,59.981083595858287,-3.7837863938420568,"995.649462937203-65.8479770120018i","-3542511.09354356i","23700-1104857.30577975i","2000-536180.75133429i","16293.119705238-916147.42930846i","9995.82802852822-186.410899857207i","-37.6408258207381+70.1081196779027i"]
[49.99,2.8400000000000016,691.83097091893922,49.990306491129331,108.08550642062319,null,null,"0.016-0.697117831684332i","0.0005-11.5024442227915i","0.0142252809873957-0.657301111055599i",null,"0.169237538769719-0.0468983924580134i","0.0045+0.0065203532872945i","0.983701464282011-0.0413178191182709i",-0.13507856444239605,-2.4051463365817267,4346.9021915296662,2.8400000000000016,15.427946443230475,"1+0.0354707218828821i",34.562360047898856,110.49065275720491,59.979262925811668,-3.9615573375825477,"995.231730362938-68.9223965273935i","-3383071.83023279i","23700-1055130.53563128i","2000-512048.64229165i","16293.0985916026-874919.504368318i","9995.42574518512-195.186747288152i","-35.1558708179894+68.1175414989616i"]
[49.631999999999998,2.8600000000000021,724.43596007499343,49.632240550724866,107.39002570364761,null,null,"0.016-0.665742360841877i","0.0005-10.9847489538909i","0.0142252785624159-0.62771940009662i",null,"0.168000242422995-0.0487191043483538i","0.0045+0.0068276480705036i","0.984442657257171-0.0433585930590979i",-0.12777499245332916,-2.5218938501827859,4551.7653803357362,2.8600000000000017,15.435250015219545,"1+0.0371424055035396i",34.196990535505321,109.9119195538304,59.977267477690802,-4.1476247123305932,"994.774097998422-72.1374564697495i","-3230808.51585028i","23700-1007641.8388127i","2000-489002.657070869i","16293.0754410247-835547.400983794i","9994.98469493191-204.374792026333i","-32.8128846588256+66.1003619053302i"]
[49.271999999999998,2.8800000000000021,758.57757502918719,49.272244832043675,106.72349272209193,null,null,"0.016-0.6357790188044i","0.0005-10.4903538102726i","0.0142252759034795-0.599469166144391i",null,"0.166665948082545-0.0505752878940375i","0.0045+0.00714942521066896i","0.985255807678533-0.045509662225816i",-0.11976377391464789,-2.6446527658975749,4766.2834737793091,2.8800000000000017,15.443261233758223,"1+0.0388928731460392i",33.828983598285454,109.36814548798951,59.975080565614491,-4.3423675056057442,"994.272797085749-75.4991624901458i","-3085398.17949194i","23700-962290.485431132i","2000-466993.912047463i","16293.0500569965-797947.605642574i","9994.50114663186-213.994253846773i","-30.6091336115056+64.0670353512417i"]
[48.911000000000001,2.9000000000000017,794.32823472428493,48.910601876885757,106.08524287615334,null,null,"0.016-0.607164249306185i","0.0005-10.018210113552i","0.0142252729880148-0.572490486665021i",null,"0.16522913155175-0.0524628285328258i","0.0045+0.00748636724024629i","0.986147944518683-0.0477783843190872i",-0.11097603644923515,-2.7737834258187464,4990.911493497525,2.9000000000000017,15.452048971223638,"1+0.0407258377869398i",33.458552905662117,108.85902630197209,59.972683929248483,-4.546180808746116,"993.723711376252-79.0137129690876i","-2946532.38633883i","23700-918980.279185705i","2000-445975.723722473i","16293.0222240537-762040.364134995i","9993.97101099756-224.065227806334i","-28.5410897063216+62.0272192570035i"]
[48.548000000000002,2.9200000000000021,831.76377110267515,48.547589262628392,105.47456084721458,null,null,"0.016-0.579837356584677i","0.0005-9.56731638364718i","0.0142252697912728-0.54672613626213i",null,"0.163684323541494-0.0543769141660348i","0.0045+0.00783918885845492i","0.987126791073384-0.0501728017309948i",-0.10133614466538864,-2.9096749830408033,5226.1259056366134,2.9200000000000017,15.461688863007483,"1+0.0426451873899948i",33.085900399620911,108.38423583025538,59.970057588962355,-4.7594763211928024,"993.122346797765-82.6874952104196i","-2813916.58342563i","23700-877619.353322252i","2000-425903.509700506i","16292.9917059483-727749.512384582i","9993.38980640502-234.608720992048i","-26.6045669468472+59.989740464597i"]
[48.183,2.9400000000000022,870.96358995608477,48.183480696735614,104.89068596398077,null,null,"0.016-0.553740376636634i","0.0005-9.13671621450447i","0.0142252662861167-0.522121465294101i",null,"0.162026186456093-0.0563119943662843i","0.0045+0.00820863844725069i","0.988200834769743-0.0527017286508462i",-9.0761024744815233E-2,-3.0527486217183206,5472.4256315004577,2.9400000000000017,15.472263982928059,"1+0.0446549931530437i",32.711216713807552,107.94343458569909,59.967179688409189,-4.9826828422610943,"992.463798820397-86.5270796705416i","-2687269.47485425i","23700-838119.975771679i","2000-406734.694124492i","16292.9582436425-695002.314893817i","9992.75262148361-245.646690339188i","-24.7948510028579+57.9625815876655i"]
[47.819000000000003,2.9600000000000022,912.01083935591396,47.818547259433501,104.33281636172769,null,null,"0.016-0.528817954268702i","0.0005-8.72549624543359i","0.0142252624427915-0.498624283954848i",null,"0.160249602359838-0.0582617465084075i","0.0045+0.0085954996587444i","0.989379404125432-0.0553748516807659i",-7.9159419572534528E-2,-3.2034612340188748,5730.3331058296008,2.9600000000000017,15.483865588100338,"1+0.0467595181435695i",32.334681671333165,107.53627759574657,59.964026323587504,-5.2162467448008494,"991.742717418683-90.5392118969898i","-2566322.42512753i","23700-800398.363058419i","2000-388428.617366586i","16292.9215531118-663729.310462301i","9992.05407418589-257.202081472653i","-23.1068201514093+55.9528844439832i"]
[47.453000000000003,2.9800000000000018,954.99258602144016,47.453058785654385,103.8001118826182,null,null,"0.016-0.505017225681633i","0.0005-8.33278422374696i","0.0142252582286716-0.476184751572263i",null,"0.158349772022061-0.0602190511803935i","0.0045+0.00900059307743302i","0.990672753578882-0.058202846339785i",-6.6431066957611515E-2,-3.362309628593211,6000.39538495535,2.9800000000000018,15.496593940715259,"1+0.0489632263412357i",31.956464844939127,107.16242151121141,59.960571357406629,-5.460632424234678,"990.953269540421-94.730801808212i","-2450818.88933734i","23700-764374.502584481i","2000-370946.449783647i","16292.8813229347-633864.164850159i","9991.28826701538-269.298868509048i","-21.5350559248652+53.9669677101718i"]
[47.087000000000003,3.0000000000000022,1000.0000000000051,47.087285380364534,103.2916956608523,null,null,"0.016-0.482287706339075i","0.0005-7.95774715459475i","0.0142252536079841-0.454755270889447i",null,"0.156322324497539-0.0621759794413156i","0.0045+0.00942477796076943i","0.992092156966335-0.0611975123022514i",-5.2465792665554789E-2,-3.5298353587312383,6283.1853071796186,3.0000000000000018,15.510559215007317,"1+0.0512707921065857i",31.576726165357215,106.82153101958353,59.956786218744121,-5.7163227154319092,"990.08909901-99.108909900001i","-2340513.86899845i","23700-729971.982912008i","2000-354251.109354356i","16292.8372116511-605343.530074154i","9990.44873806317-281.962094737841i","-20.0739425389056+52.0103560168881i"]
[46.720999999999997,3.0200000000000022,1047.1285480509046,46.721499064412782,102.8066543266554,null,null,"0.016-0.4605811838831i","0.0005-7.59958953407113i","0.0142252485415044-0.434290387104542i",null,"0.154163436167317-0.0641237946324944i","0.0045+0.00986895406176261i","0.99365001047292-0.0643719307856764i",-3.714250906914561E-2,-3.7066302746455451,6579.3027078417372,3.0200000000000018,15.525882498603726,"1+0.0536871100959886i",31.195616565809054,106.51328460130095,59.952639684959365,-5.9838192687179355,"989.143283817701-103.68072991349i","-2235173.39237387i","23700-697117.831684332i","2000-338307.183023279i","16292.788844865-578106.910037989i","9989.5284074749-295.217914077888i","-18.7177546967894+50.0878178754355i"]
[46.356000000000002,3.0400000000000023,1096.4781961431902,46.355975551037254,102.34403674762267,null,null,"0.016-0.439851615869336i","0.0005-7.25755166184406i","0.0142252429862243-0.414746691455007i",null,"0.151869957548873-0.0660529714868091i","0.0045+0.0103340635374745i","0.995359945926212-0.0677406481995185i",-2.0328109220328114E-2,-3.8933429239432065,6889.3756916496686,3.0400000000000018,15.542696898452544,"1+0.0562173056438613i",30.81327865258471,106.23737967156588,59.948097646814063,-6.2636428750221969,"988.108290777628-108.453567444894i","-2134574.01818943i","23700-665742.360841877i","2000-323080.851585028i","16292.7358120686-552096.532211894i","9988.51951893787-309.093633179845i","-17.4607337941246+48.2034100637857i"]
[45.991,3.0600000000000018,1148.153621496888,45.990996156102092,101.90285120432513,null,null,"0.016-0.420055032104765i","0.0005-6.93090802972859i","0.0142252368949859-0.39608272914181i",null,"0.149439545499841-0.0679532351875606i","0.0045+0.0108210929474614i","0.997236955323957-0.0713198910212462i",-1.8762450518726786E-3,-4.0906859480745457,7214.0619649742785,3.0600000000000018,15.561148762621,"1+0.0588667456341901i",30.42984739348109,105.99353715239968,59.943122854751522,-6.5563337287197188,"986.975927577008-113.434813918416i","-2038502.36168489i","23700-635779.0188044i","2000-308539.817949194i","16292.6776631606-527257.225089188i","9987.41357574529-323.617754015092i","-16.2971528831779+46.360526375022i"]
[45.627000000000002,3.0800000000000023,1202.2644346174193,45.626849848005463,101.48206086877535,null,null,"0.016-0.401149441381047i","0.0005-6.61896578278725i","0.014225230216082-0.378258911398215i",null,"0.146870797711969-0.0698136227716897i","0.0045+0.0113310753463991i","0.999297527480981-0.0751278179193236i",1.8374022762792916E-2,-4.2994446513493347,7554.0502309327412,3.0800000000000018,15.581399030435666,"1+0.0616410498844112i",30.045450817569794,105.78150552012468,59.937674645504529,-6.8624516151163943,"985.737292290266-118.63191528139i","-1946754.64199625i","23700-607164.249306185i","2000-294653.238633883i","16292.6139046278-503536.301159969i","9986.20127095858-338.820016757225i","-15.221371004314+44.5619489227631i"]
[45.264000000000003,3.1000000000000023,1258.9254117941734,45.26383544596235,101.08057741846187,null,null,"0.016-0.38309474240554i","0.0005-6.32106324969141i","0.0142252228928169-0.36123743151672i",null,"0.144163385659356-0.0716225688255917i","0.0045+0.0118650924753302i","1.00155979762605-0.0791848164453479i",4.0599717015172836E-2,-4.5204869541936086,7910.061650220161,3.1000000000000019,15.603624724688046,"1+0.0645461030657965i",29.660210721274304,105.60106437265549,59.931708648044435,-7.1825760077533491,"984.382720494514-124.052334715346i","-1859136.24990924i","23700-579837.356584677i","2000-281391.658342563i","16292.5439953603-480883.445153667i","9984.87241115199-354.731442722108i","-14.2278776641587+42.8099004892284i"]
[44.902000000000001,3.1200000000000019,1318.2567385564134,44.902263978018283,100.69725257391485,null,null,"0.016-0.365852638741082i","0.0005-6.03656853922785i","0.0142252148630255-0.344982184655936i",null,"0.141318181475975-0.0733680167663302i","0.0045+0.0124242770561822i","1.00404371065224-0.0835138532346563i",6.4995593257695369E-2,-4.7547749852195773,8282.8513707881375,3.1200000000000019,15.628020600930569,"1+0.0675880671856312i",29.274243377087711,105.45202755913444,59.925176467952085,-7.5173060587529248,"982.901730200785-129.703508589159i","-1775461.33506702i","23700-553740.376636634i","2000-268726.947485425i","16292.4673420625-459250.607313409i","9983.41583318406-371.384377086416i","-13.3113283467654+41.10609667985i"]
[44.542000000000002,3.1400000000000019,1380.3842646028913,44.542461212633839,100.3308672924959,null,null,"0.016-0.349386557574112i","0.0005-5.76487819997284i","0.0142252060585451-0.329458691257376i",null,"0.13833737365153-0.0750375561302926i","0.0045+0.0130098151944222i","1.00677119848632-0.0881408886696676i",9.1775962516930348E-2,-5.0033786193326577,8673.2101296147848,3.1400000000000019,15.654800970189804,"1+0.0707733946576566i",28.887660242444035,105.33424591182855,59.918025349396942,-7.8672604633024701,"981.282964910149-135.592794812314i","-1695552.41175672i","23700-528817.954268702i","2000-256632.242512753i","16292.3832942217-438591.901475794i","9981.81931339985-388.81253105147i","-12.4665719970294+39.4517969052504i"]
[44.185000000000002,3.1600000000000024,1445.4397707459352,44.184770379950713,99.980118282997907,null,null,"0.016-0.333661572138829i","0.0005-5.50541594029067i","0.0142251964046373-0.314634023909681i",null,"0.135224566017714-0.0766185852158552i","0.0045+0.0136229488949458i","1.00976637163997-0.093095369480628i",0.12117670498681699,-5.2674913339837932,9081.9659299638897,3.1600000000000019,15.684201712659691,"1+0.0741088419885053i",28.50056866729102,105.24760961698171,59.910197814054712,-8.2330771770626558,"979.514135217891-141.727412679231i","-1619239.98243843i","23700-505017.225681633i","2000-245081.888933734i","16292.2911385935-418863.507739948i","9980.06946862557-407.051023058177i","-11.6886714259703+37.8478534418258i"]
[43.83,3.1800000000000024,1513.5612484362159,43.829555100783082,99.643601421706052,null,null,"0.016-0.318644327632838i","0.0005-5.25763140594184i","0.0142251858193534-0.300476737505149i",null,"0.131984854317637-0.0780984971777568i","0.0045+0.0142649786965362i","1.01305572435752-0.0984108159225933i",0.15345749330569639,-5.548448835949551,9509.9857976908243,3.1800000000000019,15.716482500978568,"1+0.0776014841091571i",28.113072599804511,105.19205025765561,59.901631276490789,-8.6154129628049088,"977.581959525263-148.114373232155i","-1546362.17821818i","23700-482287.706339075i","2000-234051.386899845i","16292.1900931547-400023.579519311i","9978.15164827348-426.136418588972i","-10.9729175655149+36.2947580236217i"]
[43.476999999999997,3.200000000000002,1584.8931924611213,43.477202542818041,99.319791546877738,null,null,"0.016-0.304302970467146i","0.0005-5.02099901270791i","0.0142251742128391-0.286956802540431i",null,"0.128624874773047-0.0794648863031444i","0.0045+0.014937266430481i","1.0166683517672-0.10412552415448i",0.18890424470054018,-5.8477510107450179,9958.1776203206664,3.200000000000002,15.751929252373413,"1+0.0812587293818166i",27.725273290444626,105.16754255762275,59.892257635790585,-9.0149427399461963,"975.472104579362-154.76039911362i","-1476764.41550233i","23700-460581.1838831i","2000-223517.339237387i","16292.079300475-382032.154779067i","9976.04981683114-446.106768012632i","-10.3148384549908+34.7926855901942i"]
[43.128,3.2200000000000024,1659.5869074375701,43.128126824180185,99.007017980001862,null,null,"0.016-0.290607080700424i","0.0005-4.79501683155699i","0.0142251614865719-0.274045541419925i",null,"0.125152819538254-0.0807057697903432i","0.0045+0.015641238109199i","1.02063617590429-0.110283409487116i",0.2278318213027975,-6.1670878711694437,10427.492072799349,3.220000000000002,15.79085682897567,"1+0.0850883353140427i",27.337269995204515,105.1741058511713,59.882002843543177,-9.4323587078703124,"973.169126750452-161.671832833923i","-1410299.068105i","23700-439851.615869336i","2000-213457.401818943i","16291.9578204492-364851.071270923i","9973.7464259647-467.00164183639i","-9.71020378030431+33.3415349587538i"]
[42.783000000000001,3.2400000000000024,1737.8008287493849,42.782772684002481,98.703434962019202,null,null,"0.016-0.277527607514238i","0.0005-4.57920552398492i","0.0142251475325244-0.261715567626721i",null,"0.121578414785748-0.0818098189993545i","0.0045+0.016378386951004i","1.02499417515824-0.116935022561846i",0.27058699688903809,-6.5083703372924191,10918.924634002644,3.240000000000002,15.83361200456191,"1+0.0890984250134616i",26.949160679440567,105.21180529931162,59.870786448690566,-9.8683692110522152,"970.656415174924-168.854532349815i","-1346825.15411321i","23700-420055.032104765i","2000-203850.236168489i","16291.8246223318-348443.88558538i","9971.22227542254-488.862162625618i","-9.15502571588894+31.940966306018i"]
[42.442,3.2600000000000025,1819.700858609993,42.441619437323013,98.406985992267423,null,null,"0.016-0.265036807592364i","0.0005-4.37310732527401i","0.0142251322322482-0.249940727632114i",null,"0.117912858406572-0.0827665929598205i","0.0045+0.0171502765474206i","1.02978060823679-0.124138778656163i",0.31755170552978529,-6.8737668761345523,11433.517698280386,3.260000000000002,15.880576713202657,"1+0.093297504417968i",26.561042724120352,105.28075286840198,59.858521120254665,-10.323697311078748,"967.916138143385-176.313752844034i","-1286208.0368453i","23700-401149.441381047i","2000-194675.464199625i","16291.6785760037-332775.795849856i","9968.45636188392-511.731032732778i","-8.64555674394167+30.5904354385118i"]
[42.104999999999997,3.280000000000002,1905.4607179632569,42.105185226531802,98.115360805914378,null,null,"0.016-0.253108186273498i","0.0005-4.17628507351271i","0.0142251154558681-0.238696045420436i",null,"0.11416871589299-0.0835667660239779i","0.0045+0.0179585441797719i","1.03503721860014-0.131962450686426i",0.36914658217090285,-7.2657472767024833,11972.362786514601,3.280000000000002,15.932171589843776,"1+0.0976944803379591i",26.173013636688029,105.38110808261686,59.845112149561352,-10.799079027752844,"964.92919439872-184.054013619147i","-1228319.13926844i","23700-383094.74240554i","2000-185913.624990924i","16291.5184423988-317813.567908629i","9965.42571485857-535.652556842805i","-8.17828504895085+29.2892249023275i"]
[41.774000000000001,3.3000000000000025,1995.2623149688911,41.774031572271454,97.825943407431566,null,null,"0.016-0.241716441352523i","0.0005-3.98832128231663i","0.0142250970609802-0.227957669511562i",null,"0.110359774828135-0.0842023410471958i","0.0045+0.0188049042920725i","1.04080939770088-0.140484989728207i",0.42583479557027148,-7.6871351495933453,12536.602861381665,3.300000000000002,15.988859803243145,"1+0.102298679348874i",25.78517176902831,105.51307855702491,59.83045693430892,-11.295261208683097,"961.675171328884-192.078949082931i","-1173035.6712696i","23700-365852.638741082i","2000-177546.133506702i","16291.3428630108-303525.464828043i","9962.10521870913-560.67265818972i","-7.74992801084427+28.0364720375973i"]
[41.448999999999998,3.3200000000000025,2089.2961308540512,41.448768210979658,97.535749174129961,null,null,"0.016-0.230837409411145i","0.0005-3.80881725528388i","0.0142250768914434-0.21770282236868i",null,"0.106500860427132-0.0846668394537799i","0.0045+0.019691152127594i","1.04714627408619-0.149798753811378i",0.4881261580857002,-8.1411711391508206,13127.434751729332,3.3200000000000021,16.051151165758572,"1+0.107119867574111i",25.397617045221086,105.67692031328079,59.814444447691059,-11.812998984198705,"958.132312393055-200.39114291687i","-1120240.36920114i","23700-349386.557574112i","2000-169555.241175672i","16291.1503483898-289881.179577404i","9958.4674198409-586.838887127055i","-7.3574242491884+26.8311941219047i"]
[41.13,3.3400000000000025,2187.7616239495642,41.130058180847158,97.241348530239293,null,null,"0.016-0.220448014564038i","0.0005-3.63739224030663i","0.014225054776054-0.207909752084053i",null,"0.102607616617707-0.0849554600529564i","0.0045+0.0206191675368169i","1.05410067870501-0.160012247378275i",0.55658147125228963,-8.6315893448305037,13746.111691211252,3.3400000000000021,16.11960647892516,"1+0.112168271400284i",25.010451701922001,105.87293787506979,59.796954696794693,-12.353052762258246,"954.277496504705-208.991944697089i","-1069821.24714901i","23700-333661.572138829i","2000-161923.998243843i","16290.9392655349-276851.770742783i","9954.48231808487-614.200420540814i","-6.9979246050085+25.6723107732587i"]
[40.819000000000003,3.3600000000000021,2290.8676527677849,40.818623077884816,96.938774036659225,null,null,"0.016-0.210526219511802i","0.0005-3.47368262194473i","0.0142250305270935-0.198557686240273i",null,"0.0986962590593547-0.085065199516737i","0.0045+0.0215909189648453i","1.06172891195555-0.17125350134108i",0.6318170259375806,-9.1627100988233945,14393.945976563533,3.3600000000000021,16.194842033610453,"1+0.117454599168758i",24.623781044274363,106.10148413548262,59.77785817566317,-12.916184716408853,"950.08623250601-217.881268492057i","-1021671.35939551i","23700-318644.327632838i","2000-154636.217821818i","16290.7078240739-264409.601137341i","9950.11714129353-642.808050375748i","-6.66878238670432+24.5586637994288i"]
[40.515000000000001,3.3800000000000026,2398.8329190195045,40.515248341523268,96.62340690363159,null,null,"0.016-0.201050978796892i","0.0005-3.31734115014872i","0.0142250039387355-0.189626787849124i",null,"0.0947833081218993-0.0849949289747192i","0.0045+0.0226084676267431i","1.07009020109313-0.183674258546914i",0.71450911358612657,-9.7395530797212171,15072.311751162069,3.3800000000000021,16.277534121259002,"1+0.122990063889482i",24.237714220264266,106.36295998335281,59.757015319752384,-13.50315471903841,"945.532672295965-227.057373309302i","-975688.573573153i","23700-304302.970467146i","2000-147676.441550233i","16290.4540611164-252528.279177919i","9945.33610217799-672.714159301729i","-6.36754315253044+23.4890346884857i"]
[40.220999999999997,3.4000000000000026,2511.8864315095943,40.220788333257914,96.289837862180661,null,null,"0.016-0.192002194163385i","0.0005-3.16803620369585i","0.014224974785299-0.181098113274625i",null,"0.0908853110361435-0.0847454231281331i","0.0045+0.0236739718796473i","1.07924568151327-0.197455173127444i",0.80539830922393973,-10.367975808151979,15782.647919764846,3.4000000000000021,16.368423316896813,"1+0.128786407025281i",23.852365016361098,106.65781367033264,59.734275970017691,-14.114715672400731,"940.589646606935-236.516625720338i","-931775.35402819i","23700-290607.080700424i","2000-141029.9068105i","16290.1758246532-241182.602903563i","9940.10013644376-703.972681274816i","-6.09193425421639+22.4621599371549i"]
[39.936,3.4200000000000026,2630.2679918953963,39.936170824867474,95.931695962663198,null,null,"0.016-0.183360671925881i","0.0005-3.02545108677703i","0.0142249428193336-0.172953572050976i",null,"0.0870185630845127-0.0843193405014825i","0.0045+0.0247896918009329i","1.08925665288386-0.212812285881114i",0.90529314005711115,-11.054843932330966,16526.46120062191,3.4200000000000021,16.468318147729985,"1+0.134855923397075i",23.467852677137486,106.98653989499417,59.709478856550582,-14.751608191501857,"935.228727843103-246.25324557567i","-889838.554934421i","23700-277527.607514238i","2000-134682.515411321i","16289.8707553617-230348.506517178i","9934.36662133653-736.639044444955i","-5.83985432431599+21.4767444105552i"]
[39.661999999999999,3.4400000000000022,2754.2287033381813,39.662400287976673,95.541437132367051,null,null,"0.016-0.175108082257125i","0.0005-2.88928335724256i","0.0142249077695206-0.165175888510186i",null,"0.0831988377580383-0.083721155770756i","0.0045+0.0259579939821401i","1.10018173702834-0.230005101704542i",1.0150725289759608,-11.80824144222375,17305.329321426743,3.4400000000000022,16.578097536648833,"1+0.141211487262842i",23.08430275132784,107.3496785745908,59.682451113524742,-15.414554596259601,"929.420324775403-256.259036445672i","-849789.222718399i","23700-265036.807592364i","2000-128620.80368453i","16289.536266668-220003.009336902i","9928.08907379387-770.770093527648i","-5.60936285347977+20.5314729203705i"]
[39.401000000000003,3.4600000000000026,2884.0315031266232,39.400559033252065,95.110082141444522,null,null,"0.016-0.167226920307986i","0.0005-2.75924418508177i","0.0142248693383703-0.157748565137991i",null,"0.0794411352623485-0.0829570473566427i","0.0045+0.0271813565488324i","1.11207237737329-0.249346666743876i",1.1356860591263636,-12.637731127791765,18120.904365888255,3.4600000000000022,16.698711066799238,"1+0.147866579625648i",22.701847966452831,107.74781326923629,59.65300783919318,-16.104252175786041,"923.133814200275-266.523103301828i","-811542.407376992i","23700-253108.186273498i","2000-122831.913926844i","16289.1695228963-210124.167048881i","9921.21682752233-806.423988388414i","-5.39866997259212+19.6250201995282i"]
[39.152000000000001,3.4800000000000026,3019.951720402034,39.151804722333296,94.626890932506683,null,null,"0.016-0.159700469077324i","0.0005-2.63505773977585i","0.0142248271996991-0.15065584758032i",null,"0.0757594576594603-0.0820347454816354i","0.0045+0.0284623744170327i","1.12496583700129-0.27121611410783i",1.268150580969063,-13.554678284665968,18974.916278021774,3.4800000000000022,16.831175588641937,"1+0.154835316828658i",22.320629133691359,108.18156921717265,59.620951716764168,-16.82136569560382,"916.33771487559-277.031560995278i","-775016.982287014i","23700-241716.441352523i","2000-117303.56712696i","16288.7674153272-200691.025158014i","9913.69468848914-843.660075185596i","-5.20612652815156+18.7560594408523i"]
[38.917000000000002,3.5000000000000027,3162.2776601683972,38.917361971884048,94.078957050380467,null,null,"0.016-0.15251276395299i","0.0005-2.51646060522434i","0.014224780995862-0.143882691226094i",null,"0.0721666173828764-0.0809633475194332i","0.0045+0.0298037647973885i","1.13887442461845-0.296074197062651i",1.4135408801060603,-14.572653883158836,19869.176531592315,3.5000000000000022,16.976565887778932,"1+0.162132480497793i",21.940796084105116,108.6516109335393,59.58607271412329,-17.566519129546055,"908.999909100008-287.7672382986i","-740135.472124804i","23700-230837.409411145i","2000-112024.036920114i","16288.3265359625-191683.574537864i","9905.46256854408-882.538725979242i","-5.03021451689632+17.9232695556095i"]
[38.698999999999998,3.5200000000000022,3311.3112148259288,38.698504538520055,93.450702288093964,null,null,"0.016-0.145648558848743i","0.0005-2.40320122100426i","0.0142247303347191-0.137414729295476i",null,"0.0686740839960267-0.0797531086120706i","0.0045+0.0312083729587399i","1.15376903193763-0.324482311974666i",1.5729708942433884,-15.707937030542192,20805.581972493263,3.5200000000000022,17.13599590191626,"1+0.169773548895545i",21.562508636603791,109.15863931863616,59.548147882490611,-18.340286612416957,"901.087917148462-298.709383644959i","-706823.888530665i","23700-220448.014564038i","2000-106982.124714901i","16287.843148782-183082.708985424i","9896.45509718178-923.121142240933i","-4.86953792701232+17.1253412958803i"]
[38.497,3.5400000000000023,3467.3685045253346,38.496522690324838,92.723248080132507,null,null,"0.016-0.139093293865256i","0.0005-2.29503934877673i","0.01422467478631-0.131238242365861i",null,"0.0652918720336166-0.0784152161419385i","0.0045+0.0326791782633163i","1.16955409695368-0.357125334746171i",1.7475600855060285,-16.980140135035644,21786.118842210839,3.5400000000000023,17.310585093178901,"1+0.17777472975244i",21.185937597145941,109.70338821516815,59.506941276110979,-19.143182627624135,"892.569229355735-309.833380206418i","-675011.573169625i","23700-210526.219511802i","2000-102167.135939551i","16287.3131582539-174870.184690632i","9886.60121182998-965.469117195586i","-4.72281401784758+16.3609823726413i"]
[38.313000000000002,3.5600000000000032,{"$f":"10^R208","v":3630.7805477010384},{"$f":"S208+U208","v":38.312667498472194},{"$f":"P208+V208","v":91.873637731500693},null,null,{"$f":"IMSUM(IMDIV(1,COMPLEX(0,Q208*COUT*10^-6)),ESR*10^-3)","v":"0.016-0.132833064406621i"},{"$f":"IMSUM(IMDIV(1,COMPLEX(0,Q208*MLCC*10^-6)),MLCC_ESR*10^-3)","v":"0.0005-2.19174556270924i"},{"$f":"IMDIV(IMPRODUCT(H208,I208),IMSUM(H208,I208))","v":"0.0142246138792068-0.125340129270993i"},null,{"$f":"IMDIV(IMPRODUCT(J208,VOUT/IOUT_max),IMSUM(J208,VOUT/IOUT_max))","v":"0.0620284707296217-0.0769615567203267i"},{"$f":"COMPLEX(DCR*10^-3,Q208*LOUT*10^-6)","v":"0.0045+0.0342193004863629i"},{"$f":"IMDIV(L208,IMSUM(M208,L208))","v":"1.18602967317685-0.394838063166565i"},{"$f":"20*LOG(IMABS(N208))","v":1.9383767032151777},{"$f":"180/PI()*IMARGUMENT(N208)","v":-18.412982615969238},{"$f":"2*PI()*C208","v":22812.866990908617},3.5600000000000023,{"$f":"20*LOG(IMABS(N208)*$F$62)","v":17.50140171088805},{"$f":"COMPLEX(1,Q208*(R_1+R_2)*C_1*10^-12)","v":"1+0.186152994645814i"},{"$f":"20*LOG(IMABS(AE217))","v":20.811265787584144},{"$f":"IF(180/PI()*IMARGUMENT(AE217)<0,180/PI()*IMARGUMENT(AE217)+360,180/PI()*IMARGUMENT(AE217))","v":110.28662034746993},{"$f":"20*LOG(IMABS(Y208))","v":59.462204016851636},{"$f":"180/PI()*IMARGUMENT(Y208)","v":-19.97565146623899},{"$f":"IMDIV(10^(DCGAIN/20),IMPRODUCT(COMPLEX(1,2*PI()*C208/(2*PI()*(GBWP*10^6/10^(DCGAIN/20)))),COMPLEX(1,2*PI()*C208/(2*PI()*EAP*10^6))))","v":"883.411699888152-321.110479563448i"},{"$f":"IMDIV(1,COMPLEX(0,2*PI()*C208*C_3*10^-12))","v":"-644631.047855656i"},"23700-201050.978796892i","2000-97568.8573573153i","16286.7320748367-167028.581534575i","9875.82372752047-1009.6447513932i","-4.58886505745039+15.6289216896569i"]
[{"$f":"ROUND(ABS(D209),3)","v":38.148000000000003},{"$f":"LOG(C209)","v":3.5800000000000027},3801.8939632056372,38.14805943493127,90.873884747241974,null,null,"0.016-0.12685459168683i","0.0005-2.0931007628327i","0.0142245470965168-0.119707879311448i",null,"0.0588908145376872-0.0754044839354885i","0.0045+0.0358320064336026i","1.20283421699588-0.438633801248753i",2.1463453259943459,-20.035237822115562,23888.004289068427,{"$f":"R208+0.02","v":3.5800000000000023},17.709370333667216,"1+0.194926114998798i",20.438689101264057,110.90912256935754,59.41367452898146,-20.838056020511054,"873.584005094718-332.507564873628i","-615617.871421384i","23700-192002.194163385i","2000-93177.535402819i","16286.0949771939-159541.266134258i","9864.03888738319-1055.71011535493i","-4.46661052707742+14.9279128019267i"]
[38.003999999999998,3.6000000000000028,3981.0717055349983,38.003542182099565,89.689832501643451,null,null,"0.016-0.1211451945637i","0.0005-1.99889571030104i","0.0142244738714995-0.114329545717567i",null,"0.0558842917060156-0.0737565942725957i","0.0045+0.0375207168705688i","1.21935887236809-0.489730935461907i",2.3720995934905149,-21.881867839581396,25013.811247045876,3.6000000000000023,17.935124601163388,"1+0.204112699775894i",20.068417580936174,111.57170034122485,59.361078970255889,-21.730666005770743,"863.056167723001-343.986956068408i","-587910.503029719i","23700-183360.671925881i","2000-88983.8554934421i","16285.3964708061-152392.356555413i","9851.15589611837-1103.72685257112i","-4.35505979369632+14.2567366966785i"]
[37.878999999999998,3.6200000000000028,4168.6938347033802,37.879453179848653,88.279839595369637,null,null,"0.016-0.115692762640458i","0.0005-1.90893058356755i","0.0142243935827617-0.109193720308505i",null,"0.0530127868603074-0.0720305174804467i","0.0045+0.0392890137785076i","1.23462054040732-0.549567951957898i",2.6157516594600274,-23.995331756167349,26192.675852338405,3.6200000000000023,18.178776667132901,"1+0.213732234955081i",19.700676512715752,112.27517135153698,59.304131885540741,-22.653645739673433,"851.800146172525-355.506271085911i","-561450.171637515i","23700-175108.082257125i","2000-84978.9222718399i","16284.630642646-145566.688618414i","9837.0764394672-1153.75571556403i","-4.25330524514474+13.6142039848159i"]
[37.774999999999999,3.6400000000000028,4365.1583224016858,37.775269594706032,86.593373215018886,null,null,"0.016-0.110485730577975i","0.0005-1.82301455453658i","0.0142243055489898-0.104289509293694i",null,"0.0502787526179034-0.0702387263311843i","0.0045+0.0411406479522404i","1.24707775768186-0.619787022722816i",2.8765370593205368,-26.426984978232831,27427.098634826965,3.6400000000000023,18.43956206699341,"1+0.223805124860188i",19.335707527712621,113.02035819325172,59.242537108367344,-23.607041646325808,"839.790485310608-367.018358351799i","-536180.75133429i","23700-167226.920307986i","2000-81154.2407376992i","16283.7910115478-139049.783725712i","9821.69419373973-1205.8560271813i","-4.16051587770609+12.9991565813813i"]
[37.689,3.6600000000000024,4570.8818961487768,37.68907274023158,84.569735193603364,null,null,"0.016-0.105513053563128i","0.0005-1.74096538379161i","0.014224209023175-0.0996065101653304i",null,"0.0476833047101672-0.0683933693131189i","0.0045+0.0430795469561027i","1.25437333505597-0.702147664729927i",3.1522780320536197,-29.23834480871135,28719.69797073516,3.6600000000000024,18.715303039726493,"1+0.234352735441199i",18.973769700505091,113.80808000231471,59.175988933803232,-24.590769694065983,"827.005022194261-378.471316491302i","-512048.64229165i","23700-159700.469077324i","2000-77501.6982287014i","16282.8704738654-132827.818142409i","9804.89433069225-1260.08505878315i","-4.07593132218233+12.4104689449894i"]
[37.616999999999997,3.6800000000000024,4786.3009232264103,37.616759943925494,82.137420814175982,null,null,"0.016-0.10076418388127i","0.0005-1.66260903404095i","0.0142241031862826-0.0951347896329093i",null,"0.0452263349040678-0.0665061284144377i","0.0045+0.0451098234548344i","1.25299861432646-0.798301101919762i",3.4385943053918302,-32.501722149476066,30073.21563655627,3.6800000000000024,19.001619313064701,"1+0.245397439594299i",18.615140630860793,114.63914296365205,59.104173582645402,-25.60460301816358,"813.425636371043-389.80861741655i","-489002.657070867i","23700-152512.76395299i","2000-74013.5472124804i","16281.8612439845-126887.59366463i","9786.55302449818-1316.49731655542i","-3.99885629187678+11.8470489383206i"]
[37.551000000000002,3.7000000000000024,5011.8723362727505,37.550934444979795,79.215098986565749,null,null,"0.016-0.0962290485431132i","0.0005-1.58777930096137i","0.0142239871403119-0.0908648625529692i",null,"0.0429066361400826-0.0645881028789027i","0.0045+0.0472357839370932i","1.23791343920338-0.909312230720495i",3.7277919453269064,-36.299230604005366,31490.522624728772,3.7000000000000024,19.29081695299978,"1+0.256962664617787i",18.260117491980015,115.51432959057111,59.026770972014759,-26.64816002162128,"799.039030368454-400.96934829832i","-466993.91204746i","23700-145648.558848743i","2000-70682.3888530665i","16280.754789209-121216.509613324i","9766.53696924902-1375.14372686304i","-3.92865543406139+11.3078383646328i"]
[37.478999999999999,3.7200000000000033,5248.0746024977634,37.479455262607559,75.715966217801622,null,null,"0.016-0.0918980279185696i","0.0005-1.5163174606564i","0.0142238599006882-0.0867876718093621i",null,"0.0407220346801289-0.0626497187027748i","0.0045+0.0494619378500944i","1.20225514049648-1.03477523096635i",4.0074122298603116,-40.718420468988974,32974.625233396291,3.7200000000000024,19.570437237533184,"1+0.269072941904514i",17.909018025074371,116.4343866867906,58.943456800826453,-27.720893286249392,"783.83752168492-411.888586319648i","-445975.723722471i","23700-139093.293865256i","2000-67501.1573169625i","16279.5417585034-115802.536093877i","9744.70291737544-1436.07071140017i","-3.86474856533454+10.7918132287999i"]
[37.384,3.7400000000000029,5495.4087385762832,37.383796794868246,71.558156400337666,null,null,"0.016-0.0877619353322252i","0.0005-1.44807193298172i","0.0142237203879239-0.0828945691013554i",null,"0.0386695246180839-0.0607006627307338i","0.0045+0.0517930071647532i","1.13746665260867-1.17139352399363i",4.2585903308885156,-45.841855506830512,34528.671443168809,3.7400000000000024,19.82161533856139,"1+0.281753958976257i",17.56218145630686,117.40001190716818,58.853904950278981,-28.822079659464524,"767.819823292869-422.497917365472i","-425903.509700504i",{"$f":"IMSUM(R_3,IMDIV(1,COMPLEX(0,2*PI()*C208*C_2*10^-12)))","v":"23700-132833.064406621i"},{"$f":"IMSUM(R_2,IMDIV(1,COMPLEX(0,2*PI()*C208*C_1*10^-12)))","v":"2000-64463.1047855657i"},{"$f":"IMDIV(IMPRODUCT(Z208,AA217),IMSUM(Z208,AA217))","v":"16278.2119045253-110634.188464558i"},{"$f":"IMDIV(IMPRODUCT(AB217,R_1),IMSUM(AB217,R_1))","v":"9720.89725160914-1499.31914295495i"},{"$f":"IMDIV(IMPRODUCT(-1,Y208),IMSUM(1,IMDIV(AD217,R_4),IMPRODUCT(IMDIV(AD217,AC217),IMSUM(1,Y208))))","v":"-3.80660627065019+10.2979837655898i"}]
[37.238,3.7600000000000029,5754.3993733716079,37.237742982605567,66.684327616538383,null,null,"0.016-0.083811997577168i","0.0005-1.38289796002327i","0.0142235674184765-0.0791772965988017i",null,"0.0367454007794927-0.0587498395118158i","0.0045+0.0542339363916179i","1.03445150431572-1.31113665314827i",4.4547486668768341,-51.727511227805827,36155.957594411906,3.7600000000000025,20.017773674549705,"1+0.295032613970401i",17.219969308055859,118.41183884434422,58.757790189501442,-29.95081190670038,"750.99178565049-432.726105822232i","-406734.69412449i","23700-126854.59168683i","2000-61561.7871421384i","16276.7539983336-105700.50295939i","9694.95560562357-1564.92317295869i","-3.75374584560539+9.82539427271817i"]
[37.008000000000003,3.7800000000000029,6025.5958607436169,37.007540856229554,61.091760469476974,null,null,"0.016-0.0800398363058419i","0.0005-1.32065729904639i","0.0142233996947278-0.0756279694254623i",null,"0.0349453867655361-0.0568053485908904i","0.0045+0.0567899030688396i","0.886481978912462-1.43975407698517i",4.5617497763595534,-58.378660115363481,37859.935379226423,3.7800000000000025,20.124774784032425,"1+0.308937072694488i",16.882766072197132,119.47042058484045,58.6547911650065,-31.105992331585743,"733.367069846729-442.499917414711i","-388428.617366585i","23700-121145.1945637i","2000-58791.0503029719i","16275.1557361059-100991.013413427i","9666.70255129633-1632.9089227158i","-3.7057275617146+9.37312278159525i"]
[36.655000000000001,3.8000000000000029,6309.5734448019721,36.65513596113783,54.867725660363348,null,null,"0.016-0.0764374502584481i","0.0005-1.2612179292644i","0.0142232157940011-0.0722390589333109i",null,"0.0332647556280392-0.0548744796200277i","0.0045+0.0594663287444254i","0.693903483244162-1.537432951873i",4.5411312447403116,-65.708486040128662,39644.219162950241,3.8000000000000025,20.104156252413183,"1+0.323496828369674i",16.55097970872465,120.57621170049201,58.544593639949923,-32.28632876288777,"714.96771916647-451.745090567631i","-370946.449783645i","23700-115692.762640458i","2000-56145.0171637515i","16273.4036371429-96495.729040688i","9635.95137361352-1703.2930314091i","-3.66215123480112+8.94028059458527i"]
[36.146000000000001,3.8200000000000025,6606.9344800760009,36.14556183874241,48.21347840294662,null,null,"0.016-0.0729971982912002i","0.0005-1.20445377180481i","0.0142230141565228-0.0690033767323198i",null,"0.0316984413576445-0.0529637225516147i","0.0045+0.0622688904760676i","0.46860305157683-1.58360831258118i",4.357494902366799,-73.516070267385913,41512.593650711729,3.8200000000000025,19.920519910039673,"1+0.338742764189808i",16.225041928702733,121.72954867033253,58.426893935891123,-33.490333285709148,"695.824595461574-460.387444343606i","-354251.109354355i","23700-110485.730577975i","2000-53618.075133429i","16271.4829323746-92205.1132172388i","9602.50395755443-1776.08105575727i","-3.62265307723548+8.52601171398637i"]
[35.457000000000001,3.8400000000000025,6918.309709189406,35.45700254683004,41.432997943103231,null,null,"0.016-0.0697117831684332i","0.0005-1.15024442227914i","0.0142227930722271-0.0659140594418418i",null,"0.030241139998026-0.0510787901908435i","0.0045+0.0652035328729451i","0.234018772009901-1.56541337248446i",3.9885693227111223,-81.497630821849867,43469.021915296755,3.8400000000000025,19.551594330383995,"1+0.354707218828822i",15.905408216446045,122.9306287649531,58.301402516432475,-34.716324052361308,"675.977647618983-468.354102911531i","-338307.183023278i","23700-105513.053563128i","2000-51204.864229165i","16269.3774425219-88110.0632239165i","9566.15081479679-1851.26571868868i","-3.58690281548874+8.12949218474569i"]
[34.588999999999999,3.8600000000000034,7244.3596007499555,34.588655508391405,34.875605109673373,null,null,"0.016-0.0665742360841872i","0.0005-1.09847489538909i","0.0142225506662956-0.0629645541312198i",null,"0.0288873997478014-0.0492246505075558i","0.0045+0.0682764807050362i","0.0180386058665718-1.48464149163905i",3.4330729585124575,-89.303882360918024,45517.653803357491,3.8600000000000025,18.996097966185332,"1+0.371424055035397i",15.592557542206071,124.1794874705914,58.167847639570525,-35.962430444554052,"655.475982419619-475.574808210143i","-323080.851585027i","23700-100764.18388127i","2000-48900.2657070867i","16267.0694449987-84201.8909052147i","9526.67128167921-1928.82500772346i","-3.55460105531068+7.74992937014113i"]
[33.561,3.880000000000003,7585.775750291893,33.561268443053244,28.854595179780006,null,null,"0.016-0.0635779018804395i","0.0005-1.04903538102726i","0.0142222848833094-0.0601486044187259i",null,"0.0276316998703584-0.0474055663061117i","0.0045+0.0714942521066898i","-0.157551053712319-1.35723813715552i",2.7112517215966543,-96.621379404353462,47662.834737793222,3.8800000000000026,18.274276729269527,"1+0.388928731460393i",15.286991713783715,125.47597458413347,58.025978994697091,-37.226601773289481,"634.377713341094-481.983284577363i","-308539.817949193i","23700-96229.0485431132i","2000-46699.391204746i","16264.5395285658-80472.3042026832i","9483.8339234226-2008.72012805892i","-3.52547687774475+7.38656117722378i"]
[32.409999999999997,3.900000000000003,7943.2823472428718,32.409967431877249,23.584922340827958,null,null,"0.016-0.0607164249306181i","0.0005-1.0018210113552i","0.0142219934698801-0.0574602371992977i",null,"0.0264685185991934-0.0456251400997451i","0.0045+0.0748636724024631i","-0.28353807872725-1.20557600152047i",1.8577081104565616,-103.23480683202727,49909.11493497539,3.9000000000000026,17.420733118129434,"1+0.407258377869399i",14.989234313747811,126.81972917285523,57.875571231844518,-38.506619598035954,"612.749570354451-487.518612281254i","-294653.238633882i","23700-91898.0279185696i","2000-44597.5723722471i","16261.7664346731-76913.3895229794i","9437.39718297206-2090.89332076947i","-3.4992856501307+7.03865524670661i"]
[31.173999999999999,3.920000000000003,8317.6377110267676,31.174148451877933,19.166198679907566,null,null,"0.016-0.0579837356584674i","0.0005-0.956731638364718i","0.0142216739556188-0.054893749972913i",null,"0.0253923905071084-0.0438863623097534i","0.0045+0.0783918885845493i","-0.362387352496188-1.04983226380238i",0.91129427551836184,-109.0439549837205,52261.259056366231,3.9200000000000026,16.474319283191235,"1+0.426451873899948i",14.699829168686698,128.21015366362806,57.716427285834897,-39.800113626077099,"590.66626327004-492.126561796279i","-281391.658342563i","23700-87761.9353322252i","2000-42590.3509700504i","16258.7268843509-73517.5949023714i","9387.11031574876-2175.26556318199i","-3.47580703719537+6.70550812016425i"]
[29.89,3.9400000000000031,8709.6358995608662,29.889597961762597,15.603564547096141,null,null,"0.016-0.0553740376636634i","0.0005-0.913671621450446i","0.0142213236322811-0.0524436987466715i",null,"0.0243979540097091-0.0421916611911959i","0.0045+0.082086384472507i","-0.40309122599772-0.903539685339656i",-9.2765344494652943E-2,-114.04282285725319,54724.256315004692,3.9400000000000026,15.47025966317822,"1+0.446549931530438i",14.419338298584375,129.64638740434933,57.548381397185544,-41.104581021826085,"568.209602244485-495.76083794764i","-268726.947485424i","23700-83811.9975771679i","2000-40673.469412449i","16255.3953894235-70277.7139310686i","9332.71465381003-2261.73417646944i","-3.45484319827278+6.38644439585263i"]
[28.585000000000001,3.9600000000000031,9120.1083935591578,28.584764097785605,12.84278235654638,null,null,"0.016-0.0528817954268702i","0.0005-0.872549624543359i","0.0142209395309163-0.0501048864848852i",null,"0.0234799898073735-0.040542953161541i","0.0045+0.0859549965874442i","-0.416208401720514-0.773484168413813i",-1.1266002083013718,-118.28449776708551,57303.33105829612,3.9600000000000026,14.436424799371501,"1+0.467595181435696i",14.148339298414104,131.12728012363189,57.371301735435843,-42.417408821309301,"545.467391003247-498.384183190932i","-256632.242512752i","23700-80039.8363058419i","2000-38842.8617366585i","16251.7440467363-67186.8704022539i","9273.94524405446-2350.17037486967i","-3.43621715761402+6.08081588313935i"]
[27.28,3.9800000000000026,9549.92586021442,27.280308726630274,10.801465622495215,null,null,"0.016-0.0505017225681633i","0.0005-0.833278422374696i","0.014220518396833-0.0478723520826403i",null,"0.022633451146219-0.0389416924667617i","0.0045+0.0900059307743304i","-0.411033014907249-0.661641032853322i",-2.1701383918338166,-121.84990017807576,60003.953849553618,3.9800000000000026,13.392886615839057,"1+0.489632263412357i",13.887422110791217,132.65136580057097,57.185092539186151,-43.735899016929636,"522.532120329899-499.969292588176i","-245081.888933733i","23700-76437.4502584481i","2000-37094.6449783645i","16247.7423140051-64238.5036520609i","9210.53290476023-2440.41680166834i","-3.41977133562791+5.788000764431i"]
[25.99,4.0000000000000027,10000.000000000062,25.990303702414423,9.389968391902741,null,null,"0.016-0.0482287706339073i","0.0005-0.795774715459469i","0.0142200566621724-0.0457413598393743i",null,"0.0218534868085552-0.0373889193542305i","0.0045+0.0942477796076944i","-0.394653321687148-0.567263884147678i",-3.2099064636274068,-124.82686914905604,62831.853071796249,4.0000000000000027,12.353118544045467,"1+0.512707921065857i",13.637185158368958,134.21683754095878,56.989695700417499,-45.057295760414846,"499.499500500494-500.499499500501i","-234051.386899845i","23700-72997.1982912002i","2000-35425.1109354355i","16243.3567658027-61426.3545580601i","9142.20674243448-2532.28510907727i","-3.40536622972809+5.50740277257457i"]
[24.724,4.0200000000000022,10471.285480509057,24.723865549425717,8.522758784456002,null,null,"0.016-0.0460581183883098i","0.0005-0.759958953407113i","0.0142195504158633-0.0437073894100894i",null,"0.0211354577372721-0.0358853061298079i","0.0045+0.0986895406176262i","-0.372033897681096-0.488386129506249i",-4.2373902760976456,-127.29876535049344,65793.02707841745,4.0200000000000022,11.325634731575228,"1+0.536871100959886i",13.398230817850489,135.82152413494944,56.785091738055385,-46.378814035564794,"476.46688067959-499.969200360263i","-223517.339237386i","23700-69711.7831684332i","2000-33830.7183023278i","16238.5508281193-58744.4521650169i","9068.69716615643-2625.55365216013i","-3.39287923423751+5.2384503909787i"]
[23.486999999999998,4.0400000000000027,10964.781961431914,23.486639086566171,8.1233468652497436,null,null,"0.016-0.0439851615869336i","0.0005-0.725755166184401i","0.014218995370714-0.0417661262128129i",null,"0.0204749481657233-0.0344312006562844i","0.0045+0.103340635374745i","-0.346460226853247-0.422696463726246i",-5.2475461552131222,-129.3395221731235,68893.756916496772,4.0400000000000018,10.315478852459751,"1+0.562173056438614i",13.17116023410642,137.46286903837324,56.571300126373544,-47.69766908395875,"453.53161003181-498.383998539482i","-213457.401818942i","23700-66574.2360841872i","2000-32308.0851585027i","16233.2844898456-56187.1009078086i","8989.73942877381-2719.9653806211i","-3.3822035895139+4.98059608313133i"]
[22.282,4.0600000000000014,11481.536214968872,22.281946423850133,8.1255548120165031,null,null,"0.016-0.0420055032104765i","0.0005-0.693090802972864i","0.0142183868273695-0.0399134522718745i",null,"0.0198677720729704-0.0330266670022068i","0.0045+0.108210929474614i","-0.320013533170185-0.36797313692717i",-6.2376460766413908,-131.01235775738363,72140.61964974273,4.0600000000000014,9.3253789310314836,"1+0.588667456341901i",12.95656749281865,139.13791256940013,56.348378966532337,-49.011105831207701,"430.789398833416-495.760560480994i","-203850.236168489i","23700-63577.9018804396i","2000-30853.9817949193i","16227.5139894523-53748.8684024226i","8905.07771292899-2815.2260260117i","-3.37324745109404+4.73331555776477i"]
[21.111999999999998,4.0800000000000018,12022.644346174173,21.111606541239489,8.4729960728977858,null,null,"0.016-0.0401149441381047i","0.0005-0.661896578278725i","0.0142177196348406-0.0381454374774897i",null,"0.0193099757203649-0.031671523075513i","0.0045+0.113310753463991i","-0.293958008793191-0.322260617197718i",-7.2064516593731831,-132.37028206460514,75540.50230932729,4.080000000000001,8.3565733482996905,"1+0.616410498844111i",12.7550331929398,140.84327813750292,56.116424012956941,-50.316427561342095,"408.332737868359-492.126190925906i","-194675.464199625i","23700-60716.4249306182i","2000-29465.3238633882i","16221.1914750701-51424.5737768775i","8814.46976448267-2911.00269494642i","-3.36593307020927+4.49610707563581i"]
[19.975999999999999,4.1000000000000005,12589.254117941693,19.97649220316115,9.1178332466736265,null,null,"0.016-0.0383094742405542i","0.0005-0.632106324969141i","0.0142169881472853-0.0364583312429989i",null,"0.0187978369547093-0.0303653751775425i","0.0045+0.118650924753302i","-0.269022502419927-0.283913726240414i",-8.1536502898896082,-133.45733006960344,79100.616502201345,4.1000000000000005,7.4093747177832645,"1+0.645461030657963i",12.567117485377885,142.57516331627707,55.875567088958384,-51.611023122500903,"386.249430862611-487.518147220509i","-185913.624990924i","23700-57983.7356584674i","2000-28139.1658342563i","16214.2646361149-49209.2765147792i","8717.69205613328-3006.92299025415i","-3.3601960774846+4.26849080372373i"]
[18.876999999999999,4.120000000000001,13182.567385564091,18.876896375334702,10.019363451758863,null,null,"0.016-0.0365852638741083i","0.0005-0.603656853922788i","0.014216186176691-0.0348485545419436i",null,"0.0183278618898628-0.0291076494925371i","0.0045+0.124242770561822i","-0.245593643297313-0.251581533623648i",-9.0794813030453909,-134.30997307815554,82828.513707881109,4.12,6.4835437046274809,"1+0.67588067185631i",12.39335267070722,144.3293365299144,55.625973946633714,-52.892392015538164,"364.621287973452-481.982724339815i","-177546.133506702i","23700-55374.0376636634i","2000-26872.6947485424i","16206.6763045627-47098.2657849546i","8614.54543977322-3102.57479041252i","-3.3559848619938+4.05000822260188i"]
[17.812999999999999,4.1399999999999997,13803.842646028841,17.812767205620553,11.142682567576429,null,null,"0.016-0.0349386557574115i","0.0005-0.576487819997288i","0.014215306941077-0.0333126923079551i",null,"0.0178967795057528-0.0278976205884852i","0.0045+0.130098151944221i","-0.223843878935895-0.224168712256961i",-9.9844932771156998,-134.95845747318987,86732.10129614739,4.1399999999999997,5.578531730557172,"1+0.707733946576563i",12.234235475063382,146.1011400407663,55.36784164347695,-54.158166813458365,"343.523019012077-475.574151607486i","-169555.241175673i","23700-52881.7954268702i","2000-25663.2242512752i","16198.3640239581-45087.0502312673i","8504.86121755762-3197.50682171645i","-3.35326003808703+3.84022159279573i"]
[16.783999999999999,4.16,14454.397707459266,16.783854842506052,12.457524366773242,null,null,"0.016-0.033366157213883i","0.0005-0.55054159402907i","0.014214343007804-0.031847486181164i",null,"0.0175015346335947-0.0267344370498562i","0.0045+0.136229488949458i","-0.203814661768571-0.200792360859278i",-10.869389313313393,-135.42797543360382,90819.659299638355,4.1599999999999993,4.6936356943594788,"1+0.741088419885049i",12.090219148146574,147.88549980037706,55.10139552140771,-55.406132476812317,"323.021353950503-468.353348551057i","-161923.998243844i","23700-50501.7225681633i","2000-24508.1888933733i","16189.2595842483-43171.3481972854i","8388.50752935721-3291.23015589685i","-3.35199399252735+3.63871348609239i"]
[15.79,4.1799999999999988,15135.612484362042,15.789800121924429,13.93729550743538,null,null,"0.016-0.031864432763284i","0.0005-0.525763140594187i","0.0142132862315362-0.0304498275855737i",null,"0.0171392797302307-0.0256171443941124i","0.0045+0.142649786965361i","-0.185469776210862-0.180741984752529i",-11.734930434456107,-135.73964705183349,95099.8579769075,4.1799999999999988,3.8280945732167653,"1+0.776014841091565i",11.961705548707664,149.67694255926887,54.8268858825545,-56.634242260253856,"303.174406267531-460.386590625265i","-154636.21782182i","23700-48228.7706339073i","2000-23405.1386899845i","16179.2885205779-41347.0783609105i","8265.39591928198-3383.22075678485i","-3.35217050444903+3.44508638800246i"]
[14.83,4.1999999999999984,15848.93192461109,14.830185384706402,15.558294545949167,null,null,"0.016-0.0304302970467148i","0.0005-0.502099901270794i","0.0142121276863673-0.0291167511224906i",null,"0.0168073657838368-0.0245447054442171i","0.0045+0.149372664304809i","-0.168729164676089-0.163445272999914i",-12.581877022200125,-135.91132587970296,99581.776203205882,4.1999999999999984,2.981147985472747,"1+0.81258729381816i",11.849037399233655,151.46962042565212,54.544584459936623,-57.840630040080775,"284.031282745428-451.744135680625i","-147676.441550234i","23700-46058.1183883098i","2000-22351.7339237386i","16168.3695742712-39610.350754452i","8135.48790789613-3472.92318169157i","-3.35378443046914+3.25896237788755i"]
[13.904999999999999,4.2199999999999989,16595.869074375558,13.904560906291564,17.299091262082868,null,null,"0.016-0.0290607080700426i","0.0005-0.479501683155704i","0.0142108575915774-0.0278454282657661i",null,"0.0165033326382995-0.0235160183409143i","0.0045+0.156412381091989i","-0.153490155849422-0.148440010169878i",-13.410955002512516,-135.95825156556924,104274.92072799259,4.219999999999998,2.1520700051603576,"1+0.85088335314042i",11.752490901131207,153.25734282765211,54.254780780387371,-59.023619023657425,"265.631932272686-442.498859333659i","-141029.906810501i","23700-43985.1615869336i","2000-21345.7401818942i","16156.4141143759-37957.4581458695i","7998.80136177325-3559.75551532906i","-3.35684144692299+3.07998289363526i"]
[13.012,4.2399999999999975,17378.008287493667,13.012455858340868,19.140040432097351,null,null,"0.016-0.0277527607514241i","0.0005-0.457920552398497i","0.014209465230439-0.026633161345196i",null,"0.0162248989745016-0.0225299323831594i","0.0045+0.163783869510038i","-0.139640607591336-0.135351529652563i",-14.222838052452072,-135.89357514645141,109189.24634002529,4.2399999999999975,1.3401869552208012,"1+0.890984250134606i",11.672268903120067,155.03361557854876,53.95777851212155,-60.181726922324259,"248.007216702936-432.724942302877i","-134682.515411323i","23700-42005.5032104765i","2000-20385.0236168489i","16143.3255183569-36384.8677570561i","7855.41642086819-3643.11557574237i","-3.36135784063118+2.90780858817686i"]
[12.153,4.259999999999998,18197.008586099739,12.153379700277833,21.062906093333964,null,null,"0.016-0.0265036807592367i","0.0005-0.437310732527406i","0.0142079388614493-0.025477377805i",null,"0.0159699521434842-0.02158526188437i","0.0045+0.171502765474204i","-0.12706688411131-0.123874829393328i",-15.018140115270445,-135.72878039051471,114335.17698280266,4.2599999999999971,0.54488489240242799,"1+0.93297504417967i",11.608494807875406,156.79168648384868,53.653891881009145,-61.313667774202372,"231.179179323042-422.496645939922i","-128620.803684531i","23700-40114.9441381047i","2000-19467.5464199625i","16128.9985108354-34889.2132950816i","7705.48071994024-3722.3883830052i","-3.36736033881648+2.74211928558013i"]
[11.327,4.2799999999999967,19054.607179632338,11.326817909686458,23.050575603702953,null,null,"0.016-0.0253108186273501i","0.0005-0.417628507351277i","0.014206265621305-0.0243756247248446i",null,"0.0157365380087152-0.0206807982274866i","0.0045+0.179585441797717i","-0.11565854706006-0.113760467826351i",-15.797414482857342,-135.47402107489972,119723.62786514456,4.2799999999999967,-0.23438947518446851,"1+0.97694480337958i",11.561207384870926,158.52459667860268,53.343442228721763,-62.418350688556806,"215.16148122418-411.887204291136i","-122831.913926846i","23700-38309.4742405542i","2000-18591.3624990924i","16113.3184596779-33467.2872722417i","7549.21362629192-3796.95482345359i","-3.37488596774188+2.58261404487966i"]
[10.532,4.2999999999999972,19952.62314968865,10.532224650444196,25.086846195253173,null,null,"0.016-0.0241716441352526i","0.0005-0.398832128231668i","0.0142044314188878-0.0233255635913675i",null,"0.0155228509221168-0.0198153202942774i","0.0045+0.188049042920722i","-0.105310967983923-0.104803463058786i",-16.561156988473641,-135.13839046466845,125366.02861381501,4.2999999999999963,-0.99813198080076693,"1+1.02298679348873i",11.530356631244963,160.22523665992162,53.026754773372751,-63.494875847171102,"199.959972867026-400.967852735493i","-117303.567126961i","23700-36585.2638741083i","2000-17754.6133506702i","16096.1606292703-32116.0335905993i","7386.90921565305-3866.20137718997i","-3.38398192830757+2.42901134020284i"]
[9.7690000000000001,4.3199999999999958,20892.961308540202,9.7690141096201568,27.156269769880709,null,null,"0.016-0.0230837409411148i","0.0005-0.380881725528394i","0.0142024208194668-0.0223249653086476i",null,"0.0153272239306649-0.01898760343484i","0.0045+0.196911521275937i","-0.0959266370621053-0.0968345518335437i",-17.309811686533688,-134.73013602901042,131274.34751729137,4.3199999999999958,-1.7467866788608144,"1+1.0711986757411i",11.515800788480972,161.88640579889113,52.704155619956211,-64.54252814025034,"185.573367226783-389.807005147254i","-112024.036920116i","23700-34938.6557574115i","2000-16955.5241175673i","16077.3893915016-30832.5403664418i","7218.93772395058-3929.53070783437i","-3.39470547518946+2.28104936606514i"]
[9.0370000000000008,4.3399999999999963,21877.616239495317,9.036551653062558,29.24404424958243,null,null,"0.016-0.0220448014564041i","0.0005-0.363739224030668i","0.0142002169182621-0.0213717054364922i",null,"0.0151481192867868-0.018196427132495i","0.0045+0.206191675368166i","-0.0874156650935912-0.0897132925452279i",-18.043777937161632,-134.25682974205532,137461.11691211048,4.3399999999999954,-2.4807529294887618,"1+1.12168271400282i",11.51730458255132,163.50087399163775,52.375969054581944,-65.560768835886989,"171.993981804946-378.469584095849i","-106982.124714902i","23700-33366.157213883i","2000-16192.3998243844i","16056.8573958435-29614.0329697161i","7045.7452468893-3986.37284545471i","-3.40712378409102+2.13848647688959i"]
[8.3339999999999996,4.359999999999995,22908.676527677468,8.3341455546537926,31.335941885901121,null,null,"0.016-0.0210526219511805i","0.0005-0.347368262194479i","0.0141978012024505-0.0204637596458256i",null,"0.014984119316004-0.0174405815078746i","0.0045+0.215909189648449i","-0.0796957969817933-0.0833226064732026i",-18.763418164338546,-133.7255021649454,143939.45976563293,4.359999999999995,-3.2003931566656756,"1+1.17454599168756i",11.534538711319469,165.06144405084652,52.042515143859816,-66.549225685275431,"159.208519132428-367.016502155723i","-102167.135939553i","23700-31864.432763284i","2000-15463.621782182i","16034.4047009872-28457.8672530873i","6867.85151237112-4036.19663152719i","-3.42131378927901+2.00110176978936i"]
[7.6609999999999996,4.3799999999999946,23988.329190194625,7.66103978078496,33.418266621804293,null,null,"0.016-0.0201050978796895i","0.0005-0.331734115014878i","0.0141951534006266-0.0195991993808349i",null,"0.0148339176788243-0.0167188727943569i","0.0045+0.226084676267427i","-0.0726921398970712-0.0775644410792265i",-19.469065785059268,-133.14274682980059,150723.11751161804,4.3799999999999946,-3.9060407773863952,"1+1.2299006388948i",11.567080558171355,166.56101345160488,51.704107649291032,-67.507681853607735,"147.198858760556-355.504287152174i","-97568.8573573172i","23700-30430.2970467148i","2000-14767.6441550234i","16009.8578718149-27361.5229447637i","6685.8456217992-4078.52104434019i","-3.43736197074639+1.86869581935008i"]
[7.016,4.399999999999995,25118.864315095503,7.0164081185318086,35.477833964460103,null,null,"0.016-0.0192002194163388i","0.0005-0.316803620369591i","0.0141922513186604-0.0187761877178665i",null,"0.0146963110503516-0.016030127905435i","0.0045+0.236739718796468i","-0.0663367351040922-0.072356310330705i",-20.161032957063991,-132.51480016411233,157826.47919764568,4.3999999999999941,-4.5980079493911159,"1+1.28786407025279i",11.614416067922924,167.99263412857243,51.361052256523436,-68.436064042141197,"135.942837750497-343.984840189055i","-93177.5354028208i","23700-29060.7080700426i","2000-14102.9906810501i","15983.0290470905-26322.5971787198i","6500.3797424067-4112.92599000437i","-3.45536406707119+1.74109157246368i"]
[6.399,4.4199999999999937,26302.679918953458,6.3993497971899815,37.501967942880384,null,null,"0.016-0.0183360671925884i","0.0005-0.302545108677709i","0.0141890706608241-0.017992975411374i",null,"0.0145701912300733-0.0153731982033795i","0.0045+0.247896918009324i","-0.0605680545570149-0.0676285224837828i",-20.839617893266428,-131.84760122653915,165264.6120062159,4.4199999999999937,-5.276592885593554,"1+1.34855923397072i",11.675942682783536,169.34956916941954,51.013645110994645,-69.334430133652248,"125.415000974157-332.505312560862i","-88983.8554934437i","23700-27752.7607514241i","2000-13468.2515411323i","15953.7149851764-25338.7981354205i","6312.16082922739-4139.06213293385i","-3.4754246862913+1.61813541006761i"]
[5.8090000000000002,4.4399999999999942,27542.287033381279,5.8088866517416147,39.478510650351524,null,null,"0.016-0.0175108082257128i","0.0005-0.288928335724262i","0.014185584834985-0.0172478971174844i",null,"0.0144545376854099-0.0147469625677976i","0.0045+0.259579939821396i","-0.055330472463145-0.0633219486393199i",-21.505111560834244,-131.14683480119456,173053.29321426409,4.4399999999999933,-5.9420865531613689,"1+1.41211487262839i",11.750973204902984,170.62534545154608,50.662171644882775,-70.202956654509578,"115.587306836118-321.108086040122i","-84978.9222718414i","23700-26503.6807592367i","2000-12862.0803684531i","15921.6960973841-24407.9387656677i","6121.94055589887-4156.65935363894i","-3.49765678289423+1.49969838078492i"]
[5.2439999999999998,4.4599999999999929,28840.3150312656,5.2439618030531374,41.395840654160708,null,null,"0.016-0.016722692030799i","0.0005-0.275924418508183i","0.0141817647405911-0.0165393677859828i",null,"0.0143484105255851-0.0141503298525423i","0.0045+0.271813565488318i","-0.0505737421052723-0.0593862183747092i",-22.157803634217309,-130.41796085681278,181209.0436588786,4.4599999999999929,-6.5947786265444392,"1+1.47866579625645i",11.838740429597577,171.81380151097349,50.306905675356511,-71.041926304682974,"106.429778089507-309.830840395904i","-81154.2407377011i","23700-25310.8186273501i","2000-12283.1913926846i","15886.7354812729-23527.9305698221i","5930.50373076884-4165.53346223186i","-3.52218096434286+1.38567760876342i"]
[4.7030000000000003,4.4799999999999933,30199.517204019674,4.7034397764897493,43.242897227711921,null,null,"0.016-0.0159700469077328i","0.0005-0.263505773977591i","0.0141775785381018-0.0158658792117071i",null,"0.0142509438968724-0.013582240809925i","0.0045+0.28462374417032i","-0.0462524954346755-0.0557782540917955i",-22.797987612026006,-129.66623296946202,189749.16278021355,4.4799999999999924,-7.2349626043531314,"1+1.54835316828654i",11.938402380842881,172.90913019717394,49.948108750738285,-71.851715764512107,"97.9110910894498-298.706692160384i","-77501.6982287032i","23700-24171.6441352526i","2000-11730.3567126961i","15848.5779693822-22696.7774044286i","5738.65556097936-4165.59086211466i","-3.5491245854692+1.27599787426221i"]
[4.1859999999999999,4.499999999999992,31622.776601683221,4.186107943856114,45.009207945969138,null,null,"0.016-0.0152512763952994i","0.0005-0.25164606052244i","0.0141729913984503-0.0152259967365014i",null,"0.0141613397860752-0.0130416695523851i","0.0045+0.298037647973878i","-0.0423257748043516-0.0524610751850545i",-23.425965042211729,-128.89670799189904,198691.76531591843,4.499999999999992,-7.8629400345388545,"1+1.62132480497789i",12.049047978394968,173.90591593786817,49.586029719186861,-72.632783945836664,"89.9991000090029-287.764389431433i","-74013.547212482i","23700-23083.7409411148i","2000-11202.4036920116i","15806.9492125491-21912.5692883502i","5547.20819501592-4156.83094632605i","-3.57862058366436+1.17061336049899i"]
[3.6909999999999998,4.5199999999999916,33113.1121482585,3.6906791501957379,46.6849176995091,null,null,"0.016-0.0145648558848746i","0.0005-0.240320122100432i","0.0141679652310594-0.0146183560929806i",null,"0.0140788622159657-0.0125276246136483i","0.0045+0.312083729587392i","-0.0387566010845859-0.0494028181090567i",-24.042048831080557,-128.11424899687287,208055.81972492769,4.5199999999999916,-8.4790238234076849,"1+1.69773548895541i",12.169702973603423,174.79916669638197,49.220904493663618,-73.385660816501598,"82.6612951903413-277.028548703226i","-70682.388853068i","23700-22044.8014564041i","2000-10698.2124714902i","15761.5548211639-21173.476180923i","5356.96701761682-4139.34611313934i","-3.61080600221474+1.06950955367132i"]
[3.2160000000000002,4.539999999999992,34673.685045252525,3.2157953749087902,48.260817634699791,null,null,"0.016-0.013909329386526i","0.0005-0.229503934877679i","0.0141624583888769-0.0140416603814328i",null,"0.014002831814159-0.0120391496639801i","0.0045+0.326791782633155i","-0.0355115792349353-0.0465759299736625i",-24.646565640391337,-127.32352330108317,217861.18842210321,4.5399999999999912,-9.0835406327184653,"1+1.77774729752436i",12.299336007627256,175.58434093578296,48.852955987056632,-74.110936892236609,"75.8651969165191-266.519921196033i","-67501.1573169643i","23700-21052.6219511805i","2000-10216.7135939553i","15712.0795924765-20477.7417055917i","5168.7171859997-4113.31940016995i","-3.64582014360898+0.972705274612215i"]
[2.76,4.5599999999999907,36307.805477009388,2.7600322742404817,49.728372922896597,null,null,"0.016-0.0132833064406624i","0.0005-0.21917455627093i","0.0141564253488526-0.0134946771711956i",null,"0.013932620735383-0.0115753239273467i","0.0045+0.34219300486362i","-0.0325605405082774-0.0439565022304792i",-25.239857403327367,-126.52899717322552,228128.66990907988,4.5599999999999907,-9.6768323956544915,"1+1.86152994645809i",12.436864669894973,176.25737009612212,48.482394192185588,-74.809253459005248,"69.578687495121-256.255677777171i","-64463.1047855677i","23700-20105.0978796895i","2000-9756.88573573172i","15658.1868573877-19823.6767940711i","4983.21088168398-4079.01984897264i","-3.68380228948182+0.880254809916404i"]
[2.3220000000000001,4.5799999999999912,38018.939632055335,2.321904458057249,51.07974860217918,null,null,"0.016-0.0126854591686834i","0.0005-0.209310076283276i","0.0141498163662506-0.0129762357178216i",null,"0.0138676479161722-0.0111352623421314i","0.0045+0.358320064336017i","-0.0298762193824955-0.0415237179509663i",-25.822282014078304,-125.73492863213907,238880.04289067775,4.5799999999999903,-10.259257006405436,"1+1.94926114998793i",12.581161464462685,176.81467723431825,48.109416382811176,-75.481293562354153,"63.7702856938068-246.249703221089i","-61561.78714214i","23700-19200.2194163388i","2000-9317.75354028208i","15599.5179860262-19209.6532285285i","4801.15570912815-4036.79581638721i","-3.72488891949906+0.792250097267598i"]
[1.9,4.5999999999999899,39810.717055348825,1.8998713666608875,52.307833021238125,null,null,"0.016-0.0121145194563703i","0.0005-0.19988957103011i","0.0141425771011784-0.0124852242872551i",null,"0.0138073746405602-0.0107181155014506i","0.0045+0.375207168705677i","-0.0274339627577698-0.0392593916026995i",-26.394213266455143,-124.94535954320448,250138.11247045151,4.5999999999999899,-10.831188258782269,"1+2.04112699775888i",12.731059625443157,177.2531925644426,47.734207413547821,-76.127773778048237,"58.4093683197709-236.512892166805i","-58791.0503029736i","23700-18336.0671925884i","2000-8898.38554934437i","15535.6920977726-18634.0970627707i","4623.20460487079-3987.06653714993i","-3.76921035850305+0.708822903814504i"]
[1.492,4.6199999999999903,41686.938347032592,1.4923436318761869,53.406258645458536,null,null,"0.016-0.0115692762640461i","0.0005-0.19089305835676i","0.0141346482157344-0.0120205875781082i",null,"0.0137513003952794-0.0103230694040339i","0.0045+0.392890137785065i","-0.0252114687286199-0.0371475844603991i",-26.956040133673518,-124.16410802101632,261926.75852337645,4.6199999999999894,-11.393015126000648,"1+2.13732234955075i",12.885358757876835,177.57036666647485,47.356940098587671,-76.749436760153799,"53.4663441557396-227.053440638521i","-56145.0171637531i","23700-17510.8082257128i","2000-8497.89222718414i","15466.3060281497-18095.4819082228i","4449.94753485382-3930.31230866916i","-3.81688678036539+0.630146917552295i"]
[1.0980000000000001,4.639999999999989,43651.583224015514,1.0976898293811015,54.36942015823108,null,null,"0.016-0.0110485730577978i","0.0005-0.182301455453664i","0.0141259649402242-0.0115813242329242i",null,"0.0136989589932134-0.00994934504203717i","0.0045+0.411406479522392i","-0.0231885522132182-0.0351742821119168i",-27.508165493600217,-123.39476194559062,274270.98634826118,4.639999999999989,-11.945140485927343,"1+2.23805124860181i",13.042830315308445,177.7641821038217,46.977775651265219,-77.347044548400291,"48.9127856188416-217.877128363538i","-53618.0751334305i","23700-16722.692030799i","2000-8115.42407377011i","15390.9346119988-17592.3220768155i","4281.90516042127-3867.06370976815i","-3.86802349916467+0.556439649632385i"]
[0.71399999999999997,4.6599999999999895,45708.818961486359,0.71424355467683043,55.192489904475806,null,null,"0.016-0.0105513053563131i","0.0005-0.174096538379166i","0.0141164566069858-0.0111664844290556i",null,"0.0136499149443326-0.0095961978479816i","0.0045+0.430795469561014i","-0.0213469348155642-0.033327123141659i",-28.051004411050762,-122.6406742017799,287196.97970734275,4.6599999999999886,-12.487979403377892,"1+2.34352735441192i",13.202222958054723,177.83316410625571,46.596864168631072,-77.921372605728251,"44.7215234556449-208.987588330479i","-51204.8642291665i","23700-15970.0469077328i","2000-7750.16982287032i","15309.1313493772-17123.1655810573i","4119.52455290654-3797.89027951613i","-3.92270548465409+0.487964020388923i"]
[0.34,4.6799999999999882,47863.009232262542,0.34031078149639882,55.871430777241557,null,null,"0.016-0.0100764183881273i","0.0005-0.1662609034041i","0.0141060461505103-0.0107751675394613i",null,"0.0136037600540217-0.00926291701922365i","0.0045+0.451098234548329i","-0.019670056455728-0.0315951701516611i",-28.58498209111557,-121.90496006231564,300732.15636555292,4.6799999999999882,-13.021957083442697,"1+2.45397439594291i",13.362267864939096,177.77639083955719,46.214345147289237,-78.473204548962016,"40.8667095807241-200.386561073357i","-48900.2657070883i","23700-15251.2763952994i","2000-7401.3547212482i","15220.4295273438-16686.5870018064i","3963.17694014775-3723.38907128146i","-3.98099105084558+0.42502947392156i"]
[2.5999999999999999E-2,4.6999999999999886,50118.723362725868,-2.5822513063273433E-2,56.403006642595898,null,null,"0.016-0.0096229048543116i","0.0005-0.158777930096142i","0.0140946495727514-0.0104065198533351i",null,"0.0135601102295573-0.00894882473491389i","0.0045+0.472357839370916i","-0.0181429064954997-0.0299687159337181i",-29.110531615266257,-121.19049695934811,314905.22624727746,4.6999999999999877,-13.547506607593384,"1+2.56962664617778i",13.52168409453011,177.59350360194401,45.830348018733325,-79.003327530124452,"37.3238528533435-192.074132045674i","-46699.3912047476i","23700-14564.8558848746i","2000-7068.2388853068i","15124.3438768169-16281.180246831i","3813.15738200746-3644.17346414735i","-4.04290468544101+0.367992435956074i"]
[0.38600000000000001,4.7199999999999882,52480.746024975822,-0.38588244988752152,56.784790335438174,null,null,"0.016-0.0091898027918573i","0.0005-0.151631746065646i","0.0140821753728011-0.0100597323460239i",null,"0.0135186024764571-0.0086532752772487i","0.0045+0.494619378500927i","-0.0167518722901098-0.0284391189268354i",-29.628091565711362,-120.49992673241121,329746.25233395159,4.7199999999999873,-14.065066558038488,"1+2.69072941904505i",13.679184108150967,177.28471706784939,45.444992694258801,-79.512528222583441,"34.0698322057223-184.048951172707i","-44597.5723722487i","23700-13909.329386526i","2000-6750.11573169643i","15020.3728484826-15905.5512383626i","3669.68620073685-3560.86256358177i","-4.10842901545375+0.317255898528303i"]
[0.74199999999999999,4.7399999999999869,54954.087385760846,-0.74159905141616989,57.015169144931406,null,null,"0.016-0.00877619353322283i","0.0005-0.144807193298177i","0.014068523940491-0.00973403848716314i",null,"0.0134788920675253-0.00837565406592662i","0.0045+0.517930071647513i","-0.0154846032982327-0.026998663154029i",-30.13810363386559,-119.83566030613787,345286.71443167556,4.7399999999999869,-14.575078626192717,"1+2.81753958976247i",13.833479574776547,176.85082945106927,45.058390111206933,-80.00158936462303,"31.0828911175958-176.308434252742i","-42590.3509700521i","23700-13283.3064406624i","2000-6446.31047855677i","14908.0015946426-15558.3105856359i","3532.91193867905-3474.07146128688i","-4.17749594239923+0.273267884521766i"]
[1.095,4.7599999999999874,57543.993733714,-1.0946977128975242,57.093347551828941,null,null,"0.016-0.00838119975771708i","0.0005-0.138289796002332i","0.0140535869139708-0.00942871207537472i",null,"0.0134406498686053-0.00811537661206088i","0.0045+0.542339363916159i","-0.0143298890747061-0.0256404386861673i",-30.641010296755994,-119.19988464125512,361559.57594410598,4.7599999999999865,-15.07798528908312,"1+2.9503261397039i",13.983287576185596,176.29323219308407,44.670642773807728,-80.471286812796734,"28.3426169994673-168.848946335049i","-40673.4694124505i","23700-12685.4591686834i","2000-6156.17871421399i","14786.7057441439-15238.0663188862i","3402.91558137554-3384.40255615072i","-4.24997703050024+0.236518517687239i"]
[1.4470000000000001,4.779999999999986,60255.95860743388,-1.4468903055209665,57.019346794089714,null,null,"0.016-0.00800398363058451i","0.0005-0.132065729904644i","0.0140372465019431-0.00914306508721409i",null,"0.0134035598063573-0.00787188739532192i","0.0045+0.567899030688375i","-0.013277549649187-0.0243582393709891i",-31.137252631612942,-118.59457171810043,378599.35379224987,4.779999999999986,-15.574227623940068,"1+3.08937072694476i",14.127337318419102,175.61391851219014,44.281845283224868,-80.922387058241469,"25.829908618948-161.665967550237i","-38842.86173666i","23700-12114.5194563703i","2000-5879.10503029736i","14655.9560542279-14943.4167842843i","3279.71576800241-3292.43806944709i","-4.32567329473454+0.207535402794941i"]
[1.8,4.7999999999999865,63095.734448017327,-1.7998658849112381,56.794000638639744,null,null,"0.016-0.00764374502584511i","0.0005-0.126121792926444i","0.0140193747720252-0.00887644552735319i",null,"0.0133673164647852-0.00764465866579053i","0.0045+0.594663287444231i","-0.0123183369575807-0.0231464751260125i",-31.627268324651368,-118.02148925264027,396442.19162948732,4.7999999999999856,-16.064243316978498,"1+3.23496828369662i",14.26437743206726,174.81548989128001,43.892084852574804,-81.355645160748082,"23.5269342937635-154.754242123684i","-37094.6449783661i","23700-11569.2762640461i","2000-5614.50171637531i","14515.224015284-14672.943824463i","3163.27471130145-3198.73382231537i","-4.40430461289932+0.186877010255721i"]
[2.1549999999999998,4.8199999999999852,66069.344800757375,-2.155280999195881,56.418946546776013,null,null,"0.016-0.00729971982912034i","0.0005-0.120445377180486i","0.0139998329076769-0.00862823526623537i",null,"0.0133316227987592-0.00743318916984931i","0.0045+0.622688904760651i","-0.0114438461410402-0.0220000965509367i",-32.11148991591476,-117.48221280880627,415125.93650710071,4.8199999999999852,-16.54846490824189,"1+3.38742764189794i",14.393183909046009,173.90115935558228,43.501441803702505,-81.771803057563304,"21.4170831900397-148.107911480438i","-35425.110935437i","23700-11048.5730577978i","2000-5361.80751334304i","14363.9884710166-14425.2063959583i","3053.50456298585-3103.81428546547i","-4.48549907680027+0.175123765066299i"]
[2.5150000000000001,4.8399999999999856,{"$f":"10^R272","v":69183.097091891308},{"$f":"S272+U272","v":-2.5147496230705073},{"$f":"P272+V272","v":55.896611262221612},null,null,{"$f":"IMSUM(IMDIV(1,COMPLEX(0,Q272*COUT*10^-6)),ESR*10^-3)","v":"0.016-0.00697117831684356i"},{"$f":"IMSUM(IMDIV(1,COMPLEX(0,Q272*MLCC*10^-6)),MLCC_ESR*10^-3)","v":"0.0005-0.115024442227919i"},{"$f":"IMDIV(IMPRODUCT(H272,I272),IMSUM(H272,I272))","v":"0.0139784704373339-0.00839784785066436i"},null,{"$f":"IMDIV(IMPRODUCT(J272,VOUT/IOUT_max),IMSUM(J272,VOUT/IOUT_max))","v":"0.0132961879544456-0.00723700279742454i"},{"$f":"COMPLEX(DCR*10^-3,Q272*LOUT*10^-6)","v":"0.0045+0.652035328729425i"},{"$f":"IMDIV(L272,IMSUM(M272,L272))","v":"-0.0106464356600813-0.0209145299889i"},{"$f":"20*LOG(IMABS(N272))","v":-32.590343308660984},{"$f":"180/PI()*IMARGUMENT(N272)","v":-116.9781389551497},{"$f":"2*PI()*C272","v":434690.21915295022},4.8399999999999848,{"$f":"20*LOG(IMABS(N272)*$F$62)","v":-17.02731830098811},{"$f":"COMPLEX(1,Q272*(R_1+R_2)*C_1*10^-12)","v":"1+3.54707218828807i"},{"$f":"20*LOG(IMABS(AE281))","v":14.512568677917603},{"$f":"IF(180/PI()*IMARGUMENT(AE281)<0,180/PI()*IMARGUMENT(AE281)+360,180/PI()*IMARGUMENT(AE281))","v":172.87475021737131},{"$f":"20*LOG(IMABS(Y272))","v":43.109990043358408},{"$f":"180/PI()*IMARGUMENT(Y272)","v":-82.171588206463881},{"$f":"IMDIV(10^(DCGAIN/20),IMPRODUCT(COMPLEX(1,2*PI()*C272/(2*PI()*(GBWP*10^6/10^(DCGAIN/20)))),COMPLEX(1,2*PI()*C272/(2*PI()*EAP*10^6))))","v":"19.48491171065-141.720632464399i"},{"$f":"IMDIV(1,COMPLEX(0,2*PI()*C272*C_3*10^-12))","v":"-33830.7183023292i"},"23700-10551.3053563131i","2000-5120.48642291665i","14201.7432964076-14198.7348020613i","2950.27398473046-3008.16886220583i","-4.56878270032014+0.17286656724257i"]
[{"$f":"ROUND(ABS(D273),3)","v":2.88},{"$f":"LOG(C273)","v":4.8599999999999843},72443.59600749641,-2.8798327869473486,55.230189749377203,null,null,"0.016-0.00665742360841903i","0.0005-0.109847489538914i","0.0139551244408257-0.00818472627201286i",null,"0.0132607251883676-0.00705564714600435i","0.0045+0.682764807050333i","-0.00991915528979181-0.0198856214728136i",-33.064246559590913,-116.51049911502518,455176.5380335552,{"$f":"R272+0.02","v":4.8599999999999843},-17.501221551918039,"1+3.71424055035381i",14.621388764970691,171.74068886440239,42.717797517146849,-82.55571252543794,"17.7160866384478-135.585681758257i","-32308.085158504i","23700-10076.4183881273i","2000-4890.02657070883i","14028.0061480866-13992.0257458457i","2853.41471595941-2912.2493273996i","-4.65357001257329+0.18069252644181i"]
[3.2519999999999998,4.8799999999999839,75857.757502915643,-3.252028021118603,54.423616389459752,null,null,"0.016-0.00635779018804424i","0.0005-0.10490353810273i","0.0139296187398882-0.00798834067598057i",null,"0.0132249498788121-0.00688869199509215i","0.0045+0.714942521066867i","-0.00925568116734574-0.0189095882457834i",-33.533608955581677,-116.08037377411809,476628.34737791156,4.8799999999999839,-17.970583947908807,"1+3.88928731460376i",14.718555926790204,170.50399016357784,42.324926640224867,-82.924871594220448,"16.0973264138912-129.696047614601i","-30853.9817949206i","23700-9622.9048543116i","2000-4669.93912047476i","13842.3282655946-13803.5384316884i","2762.72796458502-2816.4683169752i","-4.7391561761733+0.199167783582461i"]
[3.633,4.8999999999999844,79432.823472425283,-3.6327587902701701,53.481527424847968,null,null,"0.016-0.00607164249306207i","0.0005-0.100182101135524i","0.0139017630816399-0.00780818599715241i",null,"0.0131885776255076-0.00673572768312805i","0.0045+0.748636724024598i","-0.00865025715632023-0.0179829767536222i",-33.998830373633588,-115.68870673354527,499091.14934973232,4.8999999999999835,-18.435805365960714,"1+4.07258377869382i",14.803046575690544,169.17023415839324,41.931434704227215,-83.279744085859122,"14.6163416752596-124.044510001985i","-29465.3238633895i","23700-9189.8027918573i","2000-4459.75723722487i","13644.305257132-13631.6919621665i","2677.99048291842-2721.1987445695i","-4.8247113744258+0.228817422356651i"]
[4.0229999999999997,4.9199999999999831,83176.377110263929,-4.0233641488761371,52.409213841204107,null,null,"0.016-0.005798373565847i","0.0005-0.0956731638364755i","0.0138713523263049-0.00764377950103517i",null,"0.0131513224359412-0.00659636337742796i","0.0045+0.783918885845458i","-0.0080976418748617-0.0171026261807459i",-34.460300913528997,-115.3363191276617,522612.59056363878,4.9199999999999831,-18.897275905856123,"1+4.26451873899929i",14.873911756979986,167.7455329688658,41.537374260299281,-83.620991399369984,"13.2617759707612-118.623710240484i","-28139.1658342576i","23700-8776.19353322283i","2000-4259.0350970052i","13433.5887499041-13474.8642881683i","2598.96022598347-2626.77401265565i","-4.90927829448126+0.270102646900186i"]
[4.4249999999999998,4.9399999999999835,87096.358995604722,-4.4250888972347031,51.212564196843573,null,null,"0.016-0.00553740376636658i","0.0005-0.0913671621450488i","0.0138381656532874-0.00749465821587161i",null,"0.0131128949994085-0.0064702252263913i","0.0045+0.820863844725033i","-0.00759306080775961-0.0162656367449129i",-34.918400787146979,-115.02392296015466,547242.56315002218,4.9399999999999826,-19.355375779474109,"1+4.46549931530418i",14.930286882239406,166.23648715699824,41.142793478442982,-83.949257467325026,"12.0231473631197-113.426211155761i","-26872.6947485437i","23700-8381.19975771708i","2000-4067.34694124505i","13209.8987239617-13331.3929704523i","2525.38152181159-2533.48888368611i","-4.99177358069646+0.323395618315358i"]
[4.8390000000000004,4.9599999999999822,91201.083935587303,-4.8390745550851459,49.89799734063233,null,null,"0.016-0.00528817954268727i","0.0005-0.0872549624543398i","0.0138019658029447-0.00736037623640935i",null,"0.0130730010529228-0.00635695438214533i","0.0045+0.859549965874401i","-0.00713216298704538-0.0154693420865222i",-35.373500444347357,-114.7521339475624,573033.3105829343,4.9599999999999822,-19.81047543667448,"1+4.67595181435674i",14.971400881589334,164.65013128819473,40.747736483634171,-84.265168714860337,"10.890791486118-108.444548724117i","-25663.2242512764i","23700-8003.98363058451i","2000-3884.286173666i","12973.0362812856-13199.5779977132i","2456.98971191472-2441.60088081917i","-5.07099412613101+0.388952596902212i"]
[5.266,4.9799999999999827,95499.258602139729,-5.2663514890333136,48.472385480516465,null,null,"0.016-0.00505017225681656i","0.0005-0.0833278422374731i","0.0137624983751222-0.00724050188204822i",null,"0.0130313398464979-0.00625620488099389i","0.0045+0.900059307743262i","-0.0067109817828577-0.0147112851887952i",-35.825960912620417,-114.52148349409256,600039.53849550802,4.9799999999999818,-20.262935904947543,"1+4.89632263412335i",14.99658441591423,162.99386897460903,40.352243669364647,-84.569334149085037,"9.85580647632558-103.671276117576i","-24508.1888933745i","23700-7643.74502584511i","2000-3709.46449783661i","12722.8965315681-13077.6868765721i","2393.51524444763-2351.33209617141i","-5.14562899218269+0.466886316898278i"]
[5.7080000000000002,4.9999999999999813,99999.999999995751,-5.7078325267560288,46.942968638002739,null,null,"0.016-0.00482287706339096i","0.0005-0.0795774715459513i","0.0137194912096877-0.00713461469251335i",null,"0.0129876027190725-0.00616764136858181i","0.0045+0.942477796076898i","-0.00632589939689377-0.0139891973495114i",-36.276134326088666,-114.33242965414651,628318.53071793192,4.9999999999999813,-20.713109318415796,"1+5.12707921065832i",15.005276791659767,161.27539829214925,39.956351989405292,-84.862345560183599,"8.91000008910078-99.0990009909939i","-23405.1386899856i","23700-7299.71982912034i","2000-3542.51109354368i","12459.4812066455-12963.9621604112i","2334.6872223992-2262.87129584441i","-5.21427758066696+0.55713880660342i"]
[6.1639999999999997,5.0199999999999818,104712.85480508549,-6.1643083623634638,45.317262101859271,null,null,"0.016-0.00460581183883122i","0.0005-0.0759958953407153i","0.0136726538789607-0.00704230224555016i",null,"0.0129414718005002-0.0060909366566767i","0.0045+0.986895406176214i","-0.00597361469561657-0.0133009797958522i",-36.724364618697464,-114.1853669683483,657930.27078414243,5.0199999999999809,-21.161339611024591,"1+5.3687110095986i",14.997031248661127,159.50262907020758,39.560095228689988,-85.144777817646343,"8.04583921325205-94.7204167849978i","-22351.7339237397i",{"$f":"IMSUM(R_3,IMDIV(1,COMPLEX(0,2*PI()*C272*C_2*10^-12)))","v":"23700-6971.17831684356i"},{"$f":"IMSUM(R_2,IMDIV(1,COMPLEX(0,2*PI()*C272*C_1*10^-12)))","v":"2000-3383.07183023292i"},{"$f":"IMDIV(IMPRODUCT(Z272,AA281),IMSUM(Z272,AA281))","v":"12182.9105518375-12856.6315151265i"},{"$f":"IMDIV(IMPRODUCT(AB281,R_1),IMSUM(AB281,R_1))","v":"2280.23642461555-2176.37622399511i"},{"$f":"IMDIV(IMPRODUCT(-1,Y272),IMSUM(1,IMDIV(AD281,R_4),IMPRODUCT(IMDIV(AD281,AC281),IMSUM(1,Y272))))","v":"-5.27547441806236+0.659456131371178i"}]
[6.6360000000000001,5.0399999999999805,109647.81961431362,-6.6364450031824234,43.602959023199659,null,null,"0.016-0.00439851615869357i","0.0005-0.0725755166184438i","0.0136216773270313-0.00696315678327005i",null,"0.012892618859597-0.00602576909901396i","0.0045+1.0334063537474i","-0.00565111406021684-0.0126446875935703i",-37.170988356322745,-114.08063508463546,688937.56916493294,5.0399999999999805,-21.607963348649871,"1+5.62173056438585i",14.971518345467448,157.68359410783512,39.163504254285982,-85.417189247019039,"7.25640192096603-90.5283287510674i","-21345.7401818953i","23700-6657.42360841903i","2000-3230.8085158504i","11893.4339904503-12753.9203304993i","2229.89782889034-2091.97602195407i","-5.32772054582341+0.773366745600593i"]
[7.125,5.059999999999981,114815.36214968313,-7.1247834312384626,41.807830720554563,null,null,"0.016-0.00420055032104786i","0.0005-0.0693090802972898i","0.0135662336964582-0.00689677163687722i",null,"0.0128407043231946-0.00597181977487966i","0.0045+1.08210929474609i","-0.00535564496575432-0.0120185155519761i",-37.616335682850178,-114.01852609792567,721406.19649739226,5.0599999999999801,-22.053310675177308,"1+5.88667456341872i",14.928527243938845,155.82635681848024,38.766607247459419,-85.680122074347466,"6.53533212643412-86.5156753397191i","-20385.0236168499i","23700-6357.79018804424i","2000-3085.39817949206i","11591.439023887-12654.0667775651i","2183.41267422423-2009.77369206577i","-5.36952105364069+0.898165253967062i"]
[7.63,5.0799999999999805,120226.44346173588,-7.6297415582745209,39.939627541718238,null,null,"0.016-0.00401149441381066i","0.0005-0.066189657827876i","0.0135059763886252-0.00684273744378271i",null,"0.0127853764964875-0.00592876947118219i","0.0045+1.13310753463985i","-0.00508469203347667-0.011420785868627i",-38.06073135584699,-113.99929056017533,755405.02309323614,5.0799999999999796,-22.49770634817412,"1+6.16410498844081i",14.867964789899599,153.93891810189356,38.369429917856323,-85.934102927109279,"5.87679687591459-82.6755455303226i","-19467.5464199635i","23700-6071.64249306207i","2000-2946.53238633895i","11277.4578206614-12555.339088742i","2140.53010418569-1929.84854895607i","-5.39942776953149+1.03290336363964i"]
[8.1519999999999992,5.0999999999999792,125892.54117941081,-8.1516184488935934,38.005983227566006,null,null,"0.016-0.00383094742405559i","0.0005-0.0632106324969173i","0.0134405404099662-0.00680063815678073i",null,"0.012726271020587-0.00589629545685477i","0.0045+1.18650924753296i","-0.00483595532849569-0.0108499372933301i",-38.504495848105627,-114.02314212763919,791006.16502197506,5.0999999999999792,-22.94147084043275,"1+6.45461030657932i",14.789852391539156,152.0291253552052,37.971995700822298,-86.1796433818797,"5.27544625189069-79.0011926223955i","-18591.3624990933i","23700-5798.37356584701i","2000-2813.91658342576i","10952.1709689656-12456.0547044706i","2101.00843564538-1852.2586129398i","-5.41608557301956+1.1763896268858i"]
[8.6910000000000007,5.1199999999999797,131825.67385563449,-8.6906006812211096,36.0143256289535,null,null,"0.016-0.00365852638741102i","0.0005-0.0603656853922818i","0.0133695430621379-0.00677004685225303i",null,"0.012663010609026-0.00587406804773756i","0.0045+1.24242770561816i","-0.00460733070019111-0.0103045156211326i",-38.947946491953786,-114.09026082434873,828285.13707877079,5.1199999999999788,-23.384921484280916,"1+6.75880671856277i",14.694320803059806,150.10458645330223,37.574325938865137,-86.417240550285683,"4.72637584282229-75.486044953453i","-17754.6133506711i","23700-5537.40376636658i","2000-2687.26947485437i","10616.4079236622-12354.6007957856i","2064.61609752658-1777.04291103063i","-5.41828028113358+1.32719920994605i"]
[9.2469999999999999,5.1399999999999784,138038.42646028171,-9.2467706173721353,33.971796349470893,null,null,"0.016-0.00349386557574132i","0.0005-0.0576487819997318i","0.0132925850397238-0.00675052135349944i",null,"0.0125952051108142-0.00586174696580884i","0.0045+1.30098151944215i","-0.00439689198524325-0.00978316534919823i",-39.391398643697563,-114.20079491086956,867321.01296143187,5.1399999999999784,-23.82837363602469,"1+7.07733946576528i",14.581603018652554,148.17259126034045,37.176440048239414,-86.64737769597015,"4.22509170630185-72.1237139579574i","-16955.5241175681i","23700-5288.17954268727i","2000-2566.32242512764i","10271.1437717146-12249.4555464581i","2031.13228309269-1704.22366039791i","-5.40498563646619+1.48369438270928i"]
[9.82,5.1599999999999788,144543.97707458562,-9.8201162749040698,31.885181451638829,null,null,"0.016-0.00333661572138847i","0.0005-0.0550541594029097i","0.0132092520038241-0.00674159969647096i",null,"0.0125224519533085-0.0058589775039853i","0.0045+1.36229488949451i","-0.00420287491334696-0.00928462235352166i",-39.835166845825128,-114.35486135603031,908196.59299633931,5.1599999999999779,-24.272141838152255,"1+7.41088419885013i",14.452025563248185,146.24004280766914,36.778355671593012,-86.870524876328787,"3.76747773591774-68.9079999355146i","-16192.3998243852i","23700-5050.17225681656i","2000-2450.81888933745i","9917.49206917147-12139.2094720781i","2000.347357095-1633.80831711415i","-5.37540666790928+1.64405573318428i"]
[10.411,5.1799999999999775,151356.12484361307,-10.410542431253534,29.76085481478826,null,null,"0.016-0.00318644327632855i","0.0005-0.0525763140594212i","0.0131191167034293-0.00674279547855701i",null,"0.0124443370233216-0.00586538651688319i","0.0045+1.42649786965354i","-0.00402366257364212-0.00880770745887123i",-40.279565964609638,-114.55254491727858,950998.57976902882,5.1799999999999775,-24.716540956936768,"1+7.76014841091528i",14.305998525683234,144.31339973206684,36.380088817579072,-87.087139603704372,"3.34976532972579-65.8328958542815i","-15463.6217821827i","23700-4822.87706339096i","2000-2340.51386899856i","9556.69366339063-12022.5859777331i","1972.06305618391-1565.79147970396i","-5.32901665385576+1.80632332591444i"]
[11.018000000000001,5.199999999999978,158489.3192461032,-11.017882559125983,27.604735120566232,null,null,"0.016-0.00304302970467163i","0.0005-0.0502099901270819i","0.0130217417182234-0.00675359314673483i",null,"0.0123604360491695-0.0058805782691002i","0.0045+1.49372664304802i","-0.00385777231588337-0.00835132078965442i",-40.724912280482961,-114.79389584340612,995817.76203201048,5.1999999999999771,-25.161887272810088,"1+8.12587293818121i",14.144004713684105,142.39863096397235,35.981653988283867,-87.297667521542394,"2.96850524996585-62.8925894772106i","-14767.6441550241i","23700-4605.81183883122i","2000-2235.17339237397i","9190.10159807163-11898.4603206725i","1946.09251763053-1500.15664243616i","-5.2655851295003+1.96844622140961i"]
[11.641999999999999,5.2199999999999767,165958.6907437472,-11.641911182404392,25.422256819725504,null,null,"0.016-0.00290607080700441i","0.0005-0.0479501683155727i","0.012916682895703-0.00677344329929046i",null,"0.0122703165492433-0.00590413018585612i","0.0045+1.56412381091981i","-0.00370384397447541-0.00791443680093648i",-41.171524508043582,-115.07892622243287,1042749.2072798732,5.2199999999999767,-25.608499500370709,"1+8.50883353140376i",13.966588317966316,140.50118304215837,35.583064295277495,-87.502543091731397,"2.62054155876589-60.0814640642938i","-14102.9906810508i","23700-4398.51615869357i","2000-2134.57401818953i","8819.16239440103-11765.8761569695i","1922.26016784243-1436.87779761818i","-5.18519484885863+2.128338044526i"]
[12.282,5.2399999999999771,173780.08287492822,-12.282356257215074,23.218354849375274,null,null,"0.016-0.00277527607514254i","0.0005-0.045792055239852i","0.012803493551459-0.00680175809527859i",null,"0.0121735404136218-0.00593558856624964i","0.0045+1.6378386951003i","-0.00356062931579127-0.00749609989798823i",-41.619724721828312,-115.40760500815323,1091892.4634001998,5.2399999999999762,-26.056699714155439,"1+8.90984250134563i",13.774343456940365,138.6259598575285,35.184331565039585,-87.702190289987414,"2.30298751235151-57.3940978729419i","-13468.2515411329i","23700-4200.55032104786i","2000-2038.50236168499i","8445.39419524459-11624.0589155048i","1900.40149855984-1375.9208894905i","-5.08824630750508+2.2839357235599i"]
[12.939,5.2599999999999767,181970.08586098856,-12.938911217299946,20.997462361087287,null,null,"0.016-0.0026503680759238i","0.0005-0.0437310732527427i","0.0126817294932665-0.0068379068875083i",null,"0.0120696671835026-0.00597446433686485i","0.0045+1.71502765474196i","-0.00342698261970072-0.00709542055977809i",-42.069839163109648,-115.77985177204306,1143351.769827971,5.2599999999999758,-26.506814155436778,"1+9.32975044179624i",13.567902938136832,136.77731413313035,34.7854664344611,-87.897023306698685,"2.01320329617599-54.8252626509171i","-12862.0803684537i","23700-4011.49441381066i","2000-1946.75464199635i","8070.36243569866-11472.4253578907i","1880.3627551154-1317.24512481713i","-4.9754492891528+2.43325819368851i"]
[13.611000000000001,5.2799999999999754,190546.07179631409,-13.611246371508411,18.763520312122154,null,null,"0.016-0.00253108186273513i","0.0005-0.0417628507351298i","0.0125509549163853-0.00688121221746861i",null,"0.0119582580880799-0.00602022894273111i","0.0045+1.79585441797708i","-0.00330185231494844-0.00671157188707468i",-42.522198902067139,-116.19552924346684,1197236.2786513872,5.2799999999999754,-26.959173894394265,"1+9.76944803379532i",13.347927522885854,134.95904955558899,34.386478437072007,-88.087447251134236,"1.74877548492543-52.3699212915203i","-12283.1913926852i","23700-3830.94742405559i","2000-1859.13624990933i","7695.65384768175-11310.5888436505i","1862.00055781935-1260.80414705833i","-4.84780182755318+2.57446181490625i"]
[14.298999999999999,5.2999999999999758,199526.2314968768,-14.299019398421645,16.519997475993065,null,null,"0.016-0.00241716441352538i","0.0005-0.0398832128231687i","0.012410749198304-0.00693094633328504i",null,"0.0118388808890927-0.00607231049324326i","0.0045+1.88049042920713i","-0.00318427359490955-0.00634378649958688i",-42.977140328850957,-116.65443472100507,1253660.2861380891,5.299999999999975,-27.414115321178087,"1+10.2298679348868i",13.115095922756442,133.17443219699814,33.987376080590963,-88.273858857345701,"1.50749811414446-50.023224798749i","-11730.3567126967i","23700-3658.52638741102i","2000-1775.46133506711i","7322.84970596025-11138.3600158736i","1845.18147445116-1206.54708221675i","-4.7065578718986+2.70588950508273i"]
[15.002000000000001,5.3199999999999745,208929.61308539184,-15.001884743521554,14.2699192438604,null,null,"0.016-0.00230837409411159i","0.0005-0.0380881725528413i","0.0122607145953088-0.00698632841322127i",null,"0.0117111155687814-0.00613009030185809i","0.0045+1.96911521275927i","-0.00307336194525659-0.00599135370915977i",-43.4350054464688,-117.15629046159872,1312743.4751728498,5.3199999999999745,-27.871980438795934,"1+10.7119867574105i",12.870095695274379,131.42620970545912,33.588166916344441,-88.456647190461226,"1.28735525395381-47.780508690682i","-11202.4036920121i","23700-3493.86557574132i","2000-1695.55241175681i","6953.49926904172-10955.7428397294i","1829.78155903048-1154.41946518049i","-4.55318571000451+2.82611110304534i"]
[15.72,5.339999999999975,218776.16239494254,-15.719501783456062,12.015903504578702,null,null,"0.016-0.00220448014564052i","0.0005-0.0363739224030685i","0.0121004848101944-0.00704652269573921i",null,"0.0115745608766474-0.00619289997916069i","0.0045+2.06191675368156i","-0.00296830751813943-0.00565361689782234i",-43.896141938269686,-117.70073318220561,1374611.1691210382,5.3399999999999741,-28.333116930596809,"1+11.2168271400277i",12.613615147140747,129.71663668678431,33.188857601049605,-88.636194352392366,"1.08650497972026-45.6372889521078i","-10698.2124714908i","23700-3336.61572138847i","2000-1619.23998243852i","6589.09435650436-10762.9261484045i","1815.68586951887-1104.36405574263i","-4.38931975959202+2.93395319027722i"]
[16.452000000000002,5.3599999999999737,229086.76527676353,-16.451541676471273,9.7602018918178715,null,null,"0.016-0.00210526219511815i","0.0005-0.0347368262194495i","0.0119297343599745-0.00711063773068277i",null,"0.0114288417235685-0.00626001925788716i","0.0045+2.15909189648439i","-0.00286837028858056-0.00532997103084639i",-44.360902983269632,-118.28730284070588,1439394.5976562593,5.3599999999999737,-28.797877975596762,"1+11.7454599168751i",12.346336299125491,128.04750473252375,32.789453951409861,-88.812876186250264,"0.903264639389214-43.5892576322499i","-10216.7135939558i","23700-3186.44327632855i","2000-1546.36217821827i","6231.04593565723-10560.2710613988i","1802.78797486944-1056.32155354149i","-4.21670863567655+3.02851742559969i"]
[17.198,5.3799999999999741,239883.2919019346,-17.19769286585904,7.5047447519198158,null,null,"0.016-0.00201050978796905i","0.0005-0.0331734115014894i","0.0117481886249153-0.00717772697242921i",null,"0.0112736173781173-0.00633067474399022i","0.0045+2.26084676267416i","-0.00277287592792012-0.00501986023636299i",-44.829646793899379,-118.91543089838039,1507231.1751161073,5.3799999999999732,-29.266621786226509,"1+12.2990063889474i",12.068928920367467,126.42017565030021,32.389960991920987,-88.987062979006382,"0.736097322318461-41.6322781700568i","-9756.88573573219i","23700-3043.02970467163i","2000-1476.76441550241i","5880.66347122266-10348.2948231856i","1790.98945988482-1010.23122101053i","-4.03716242956234+3.10918728968936i"]
[17.957999999999998,5.3999999999999728,251188.64315094237,-17.957665243315525,5.2511882959979772,null,null,"0.016-0.00192002194163398i","0.0005-0.0316803620369607i","0.0115556344066187-0.00724679093233579i",null,"0.011108590379383-0.00640403979781915i","0.0045+2.36739718796457i","-0.00268121232638741-0.00472277538499583i",-45.302735853161629,-119.58442830452088,1578264.7919763774,5.3999999999999728,-29.739710845488752,"1+12.8786407025272i",11.782045602173227,124.83561660051886,31.990382996242388,-89.159120162135537,"0.583599439729991-39.7623805178066i","-9317.75354028251i","23700-2906.07080700441i","2000-1410.29906810508i","5539.13763265803-10127.6517534271i","1780.19943464775-966.031423110491i","-3.85250191536623+3.17562390696266i"]
[18.731000000000002,5.4199999999999733,263026.79918952176,-18.731193011392381,3.0009625362057619,null,null,"0.016-0.00183360671925893i","0.0005-0.0302545108677723i","0.0113519307649854-0.00731678109195748i",null,"0.0109335160337424-0.00647923575169787i","0.0045+2.47896918009312i","-0.00259282669239888-0.00443825160591106i",-45.780535831910463,-120.29347348333675,1652646.1200620786,5.4199999999999724,-30.217510824237586,"1+13.4855923397066i",11.486317812845204,123.29443601954252,31.590723522440868,-89.329409010150599,"0.444489332212053-37.975756123479i","-8898.38554934484i","23700-2775.27607514254i","2000-1346.82515411329i","5207.5267684982-9899.11209486313i","1770.33405383402-923.660092187157i","-3.66451198404035+3.22775224184307i"]
[19.518000000000001,5.4399999999999729,275422.87033379939,-19.518036309383866,0.75531875443849117,null,null,"0.016-0.00175108082257137i","0.0005-0.0288928335724276i","0.0111370198444275-0.00738660574800517i",null,"0.0107482123111275-0.00655533466223262i","0.0045+2.59579939821383i","-0.00250722315028754-0.00416586568020898i",-46.263414172162278,-121.04160064237021,1730532.9321425566,5.439999999999972,-30.700389164489408,"1+14.1211487262833i",11.18235285510554,121.7969193968087,31.190985442372217,-89.498287337082161,"0.317596824975754-36.2687528233621i","-8497.89222718457i","23700-2650.3680759238i","2000-1286.20803684537i","4886.74736081926-9663.53958805681i","1761.31604998128-883.055125795253i","-3.47490105977119+3.26573941164028i"]
[20.318000000000001,5.4599999999999715,288403.15031264198,-20.317981686138275,-1.4846245988530882,null,null,"0.016-0.00167226920307998i","0.0005-0.0275924418508196i","0.0109109373422858-0.00745513791305805i",null,"0.0105525699013878-0.00663136377525233i","0.0045+2.71813565488305i","-0.00242396075130388-0.00390523325917688i",-46.751738329183077,-121.82768875787735,1812090.4365886978,5.4599999999999715,-31.188713321510203,"1+14.7866579625638i",10.87073163537193,120.34306415902427,30.791170965421237,-89.666110191075063,"0.201853656732688-34.6378696884985i","-8115.42407377051i","23700-2531.08186273513i","2000-1228.31913926852i","4577.56848044297-9421.86859459737i","1753.07428374628-844.154724783349i","-3.28526765121278+3.28996710435721i"]
[21.131,5.479999999999972,301995.17204018205,-21.130841517667811,-3.71783853417557,null,null,"0.016-0.00159700469077335i","0.0005-0.0263505773977603i","0.0106738222215796-0.00752122533172964i",null,"0.0103465621362762-0.00670631184638528i","0.0045+2.84623744170306i","-0.00234265180550778-0.00365600586403656i",-47.245873673601821,-122.65045162319767,1897491.6278020432,5.4799999999999711,-31.682848665928947,"1+15.4835316828647i",10.552007148261136,118.9326130890221,30.391281656781679,-89.833230547368288,"0.0962847130681311-33.0797518617463i","-7750.16982287069i","23700-2417.16441352538i","2000-1173.03567126967i","4280.61008789246-9175.08153752464i","1745.54331331598-806.897678369234i","-3.0970745960834+3.30100014698717i"]
[21.956,5.4999999999999707,316227.76601681684,-21.956452478321289,-5.9433435039918692,null,null,"0.016-0.00152512763953001i","0.0005-0.0251646060522452i","0.0104259252311546-0.00758370259065525i",null,"0.0101302544311376-0.00677913740954408i","0.0045+2.98037647973863i","-0.00226296043537306-0.00341786763574189i",-47.746181064938497,-123.50842936795,1986917.6531590875,5.4999999999999707,-32.18315605726562,"1+16.2132480497782i",10.226703578944331,117.56508586395813,29.991318450414198,-89.999999999999758,"1.32074303853326E-13-31.5911854162696i","-7401.35472124859i","23700-2308.37409411159i","2000-1120.24036920121i","3996.34487656261-8924.18733825889i","1738.66298442121-771.223602368967i","-2.91163102458073+3.29955316742919i"]
[22.795000000000002,5.5199999999999712,331131.12148256891,-22.794673182769621,-8.1601734317651307,null,null,"0.016-0.00145648558848753i","0.0005-0.0240320122100443i","0.0101676157745168-0.00764140520423421i",null,"0.00990381285707413-0.00684877901863154i","0.0045+3.12083729587376i","-0.00218460124646756-0.00319053181821922i",-48.25301411951807,-124.39998186559141,2080558.1972491755,5.5199999999999703,-32.6899891118452,"1+16.9773548895533i",9.8953159290755774,116.23980843382628,29.591281656781689,-90.166769452631243,"-0.0878127019821577-30.1690922611165i","-7068.23888530715i","23700-2204.48014564052i","2000-1069.82124714908i","3725.10323975993-8670.20141369746i","1732.37804181643-737.073136188422i","-2.73008162991465+3.28645707126893i"]
[23.645,5.5399999999999698,346736.85045250773,-23.645381122936911,-10.367344365485096,null,null,"0.016-0.00139093293865267i","0.0005-0.022950393487769i","0.00989938666951606-0.00769318545027709i",null,"0.00966751142423104-0.00691416740550886i","0.0045+3.26791782633138i","-0.00210733800746234-0.00297373697603291i",-48.766716208437543,-125.32328444120301,2178611.8842209219,5.5399999999999698,-33.203691200764666,"1+17.7774729752427i",9.5583100778277537,114.95594007571792,29.191170965421293,-90.333889808924454,"-0.167894558734604-28.8105251150686i","-6750.11573169675i","23700-2105.26219511815i","2000-1021.67135939558i","3467.08086521119-8414.1276665341i","1726.63776261679-704.38810365328i","-2.55340251042656+3.26262675714519i"]
[24.507999999999999,5.5599999999999703,363078.05477007624,-24.508469029781871,-12.56382821522395,null,null,"0.016-0.00132833064406631i","0.0005-0.021917455627094i","0.00962185636910726-0.00773792961621014i",null,"0.00942173764503163-0.00697423940218517i","0.0045+3.42193004863603i","-0.00203098223199265-0.00276724296732475i",-49.287617234561345,-126.27632626743703,2281286.699090688,5.5599999999999694,-33.724592226888475,"1+18.61529946458i",9.2161231971066027,113.71249805221308,28.790985442372282,-90.501712662917342,"-0.240921829326843-27.5126625660791i","-6446.31047855706i","23700-2010.50978796905i","2000-975.688573573219i","3222.34841900372-8156.94276688873i","1721.39561150677-673.111642248829i","-2.38240263922919+3.22903116246255i"]
[25.384,5.579999999999969,380189.39632053417,-25.383840794633038,-14.748531916763056,null,null,"0.016-0.0012685459168684i","0.0005-0.0209310076283287i","0.00933576827176195-0.00777457620467644i",null,"0.00916699595745132-0.00702795337154557i","0.0045+3.58320064335999i","-0.00195539155947695-0.00257082671419306i",-49.816030250802754,-127.25691179215293,2388800.4289066568,5.579999999999969,-34.253005243129884,"1+19.4926114998783i",8.8691644484968464,112.50837987538988,28.390723522440958,-90.670590989848904,"-0.307511486267153-26.2728042302875i","-6156.1787142143i","23700-1920.02194163398i","2000-931.775354028251i","2990.86277259805-7899.58289320746i","1716.60891753959-643.188304867834i","-2.2177299143109+3.18666639932547i"]
[26.271000000000001,5.5999999999999694,398107.17055346887,-26.271407088435375,-16.920282242022353,null,null,"0.016-0.00121145194563709i","0.0005-0.019988957103012i","0.00904198683961559-0.00780213454597931i",null,"0.00890390862650608-0.0070743057847386i","0.0045+3.75207168705659i","-0.00188046784163997-0.00238427783428731i",-50.352247994401225,-128.2626654753094,2501381.1247043931,5.5999999999999686,-34.789222986728355,"1+20.4112699775878i",8.5178158982929784,111.34238323328705,27.990382996242484,-90.840879837863966,"-0.368226352731949-25.0883660217265i","-5879.10503029763i","23700-1833.60671925893i","2000-889.838554934484i","2772.479246497-7642.93298232923i","1712.23857201908-614.564137726358i","-2.05988072741252+3.13653243447702i"]
[27.170999999999999,5.619999999999969,416869.38347030559,-27.171080819348518,-19.077816349654015,null,null,"0.016-0.00115692762640467i","0.0005-0.019089305835677i","0.00874149036128534-0.00781970318320692i",null,"0.00863321380910113-0.00711234848208031i","0.0045+3.92890137785046i","-0.00180615485657506-0.00220739421783714i",-50.896539422674351,-129.29104002540831,2619267.5852336367,5.6199999999999681,-35.333514415001474,"1+21.3732234955065i",8.1624335956529581,110.21322367575429,27.589960991921103,-91.012937020993135,"-0.423579797028788-23.9568755413809i","-5614.50171637559i","23700-1751.08082257137i","2000-849.789222718457i","2566.9643861613-7387.8184375875i","1708.24874678532-587.186737703675i","-1.90921204298919+3.07961350330689i"]
[28.082999999999998,5.6399999999999677,436515.8322401339,-28.082772569063842,-21.219778035257733,null,null,"0.016-0.00110485730577983i","0.0005-0.0182301455453673i","0.00843536033959606-0.00782648734316509i",null,"0.00835576056305292-0.00714120606651276i","0.0045+4.11406479522372i","-0.00173243559267806-0.00203997765196858i",-51.449146343890853,-130.3393282192327,2742709.8634824785,5.6399999999999677,-35.886121336217975,"1+22.380512486017i",7.8033487671541319,109.11955018397497,27.18945395141002,-91.187123813749238,"-0.474040021331089-22.8759675921545i","-5361.8075133433i","23700-1672.26920307998i","2000-811.542407377051i","2374.00884327835-7134.99916260852i","1704.60663210132-561.005291993677i","-1.76595507819304+3.01686223499464i"]
[29.006,5.6599999999999682,457088.18961484137,-29.006386145314536,-23.344719501545711,null,null,"0.016-0.00105513053563136i","0.0005-0.0174096538379175i","0.0081247676442909-0.00782181479015016i",null,"0.00807250070254831-0.0071600928130261i","0.0045+4.30795469560993i","-0.00165932907010377-0.00188182960729737i",-52.010280241636764,-131.40467826646463,2871969.7970732879,5.6599999999999673,-36.447255233963894,"1+23.435273544118i",7.4408690886493574,108.05995876491892,26.788857601049774,-91.363805647607123,"-0.520033978752331-21.8433798245027i","-5120.48642291689i","23700-1597.00469077335i","2000-775.016982287069i","2193.24000221689-6885.16572789066i","1701.28219325308-535.970602619747i","-1.63022980194058+2.94918730527446i"]
[29.942,5.6799999999999669,478630.09232260217,-29.941814381749658,-25.451108327834433,null,null,"0.016-0.00100764183881278i","0.0005-0.0166260903404108i","0.00781095573566621-0.00780514938542246i",null,"0.00778447754374718-0.00716832844209691i","0.0045+4.51098234548307i","-0.00158688669639774-0.00173274730888217i",-52.580119391614673,-132.48411254858169,3007321.563655383,5.6799999999999669,-37.017094383941803,"1+24.5397439594279i",7.0752800021921463,107.03300422074726,26.388166916344595,-91.543352809538248,"-0.561950950068214-20.8569485159719i","-4890.02657070907i","23700-1525.12763953001i","2000-740.135472124859i","2024.23406187038-6638.93743654932i","1698.24794492075-512.035098062467i","-1.50205960985724+2.87744432206346i"]
[30.888999999999999,5.6999999999999673,501187.23362723429,-30.888935306185058,-27.537339180488075,null,null,"0.016-0.000962290485431206i","0.0005-0.015877793009615i","0.00749522142468927-0.00777610174490482i",null,"0.00749281173716754-0.0071653521064642i","0.0045+4.72357839370893i","-0.00151518818396966-0.00159252021346551i",-53.158806365750941,-133.57454942612739,3149052.2624726212,5.6999999999999664,-37.595781358078064,"1+25.6962664617766i",6.706846051893006,106.03721024563932,25.987376080591137,-91.726141142653788,"-0.600145808836616-19.9146044865919i","-4669.939120475i","23700-1456.48558848753i","2000-706.823888530715i","1866.52735251384-6396.86203286064i","1695.47874234976-489.152833976527i","-1.38138567002003+2.80242958119047i"]
[31.847999999999999,5.719999999999966,524807.46024973178,-31.847608784049736,-29.601749677858635,null,null,"0.016-0.000918980279185772i","0.0005-0.0151631746065653i","0.00717889377571605-0.00773443649910412i",null,"0.0071986845372917-0.00715073398215651i","0.0045+4.94619378500902i","-0.00144433708802927-0.00146092700685205i",-53.746446009601812,-134.67282767807666,3297462.5233393493,5.719999999999966,-38.183421001928934,"1+26.9072941904491i",6.3358122178791989,105.07107800021802,25.586478437072184,-91.91255274886521,"-0.634942001296193-19.0143691509889i","-4459.75723722509i","23700-1390.93293865267i","2000-675.011573169675i","1719.62673231677-6159.41678981385i","1692.95158834141-467.279484729193i","-1.26808056341711+2.72487629710155i"]
[32.817999999999998,5.7399999999999665,549540.87385758176,-32.817673725757707,-31.642639711868355,null,null,"0.016-0.000877619353322329i","0.0005-0.0144807193298184i","0.00686331186744788-0.00768007580639227i",null,"0.00690331900267264-0.00712418393685096i","0.0045+5.17930071647488i","-0.00137445605220338-0.00133773321926734i",-54.343103965529231,-135.77573301992899,3452867.1443165881,5.7399999999999656,-38.780078957856354,"1+28.1753958976234i",5.9624052320986447,104.13309330806064,25.18546643446134,-92.102976693300761,"-0.66663426523505-18.1543507071763i","-4259.03509700541i","23700-1328.33064406631i","2000-644.631047855706i","1583.01896637754-5927.01071678947i","1690.64545508871-446.372327274228i","-1.16196095759769+2.64545290875219i"]
[33.798999999999999,5.759999999999966,575439.93733711203,-33.798945925243281,-33.658293440641202,null,null,"0.016-0.00083811997577175i","0.0005-0.0138289796002338i","0.00654980219652382-0.00761309894376197i",null,"0.00660795973991014-0.00708555686783714i","0.0045+5.42339363916133i","-0.00130568187301705-0.00122268953334437i",-54.948805796503905,-136.88002605137098,3615595.759440884,5.7599999999999651,-39.385780788831028,"1+29.5032613970376i",5.5868348635877494,103.22173261072977,24.784331565039807,-92.297809710012018,"-0.695491109998873-17.3327404612317i","-4067.34694124525i","23700-1268.5459168684i","2000-615.61787142143i","1456.17904119562-5699.9876427193i","1688.54111990161-426.390218681076i","-1.06279914943723+2.56476307641864i"]
[34.790999999999997,5.7799999999999656,602559.58607430954,-34.791216572838835,-35.647003108470741,null,null,"0.016-0.000800398363058489i","0.0005-0.013206572990465i","0.00623965652988919-0.00753373798539305i",null,"0.00631385189177518-0.00703485445080048i","0.0045+5.67899030688347i","-0.00123816051175211-0.00111553083045703i",-55.563536744588859,-137.98247091667963,3785993.5379223148,5.7799999999999647,-40.000511736915989,"1+30.8937072694461i",5.2092951640771537,102.33546780820889,24.383064295277777,-92.497456908267992,"-0.721757077944207-16.5478092864464i","-3884.28617366619i","23700-1211.45194563709i","2000-587.910503029764i","1338.57740880698-5478.62995081051i","1686.62101389317-407.293568466595i","-0.970333392609068+2.48334701426889i"]
[35.793999999999997,5.7999999999999652,630957.34448014258,-35.794251460143229,-37.607093825311139,null,null,"0.016-0.000764374502584551i","0.0005-0.0126121792926451i","0.00593411098479295-0.00744236976476773i",null,"0.00602222011567671-0.00697222320892306i","0.0045+5.94663287444202i","-0.00117204219141617-0.00101597598851828i",-56.187242135328063,-139.07986392649505,3964421.9162946804,5.7999999999999643,-40.624217127655186,"1+32.3496828369646i",4.8299656675119564,101.47277010118391,23.981653988284108,-92.702332478456995,"-0.745654805925272-15.7979042150312i","-3709.46449783678i","23700-1156.92762640467i","2000-561.450171637559i","1229.68618746712-5263.16276564871i","1684.86908273207-389.044306724071i","-0.884276987950803+2.40168384076729i"]
[36.808,5.8199999999999639,660693.44800754171,-36.807790868835852,-39.536948449913695,null,null,"0.016-0.000729971982912066i","0.0005-0.0120445377180491i","0.00563432704147281-0.00733950448670058i",null,"0.00573424829937862-0.00689794898690724i","0.0045+6.22688904760621i","-0.0011074767168914-0.00092372841053751i",-56.819828415788798,-140.16906139071369,4151259.3650708059,5.8199999999999639,-41.256803408115921,"1+33.8742764189778i",4.4490125392800657,100.6321129408,23.580088817579352,-92.912860396295031,"-0.767386903823046-15.0814451600608i","-3542.51109354386i","23700-1104.85730577983i","2000-536.18075133433i","1128.98437031954-5053.75842014138i","1683.27065860571-371.605848909422i","-0.804326162021863+2.32019467004641i"]
[37.832000000000001,5.8399999999999643,691830.9709188795,-37.83155011087743,-41.435031768305635,null,null,"0.016-0.00069711783168439i","0.0005-0.0115024442227925i","0.00534137507998341-0.0072257714991532i",null,"0.00545106071632593-0.00681244808321033i","0.0045+6.52035328729394i","-0.00104460914782598-0.000838477230771852i",-57.461164791287828,-141.2470059489421,4346902.1915292917,5.8399999999999634,-41.898139783614951,"1+35.470721882879i",4.0665896727375248,99.811974180636469,23.178355671593369,-93.129475123670602,"-0.787137665673045-14.3969217650167i","-3383.07183023308i","23700-1055.13053563136i","2000-512.048642291689i","1035.96211078766-4850.54105668086i","1681.81234257941-354.943058025808i","-0.730166792818034+2.23924620907705i"]
[38.865000000000002,5.859999999999963,724435.96007492894,-38.865220665505134,-43.2999132394892,null,null,"0.016-0.000665742360841934i","0.0005-0.0109847489538919i","0.00505622088925806-0.00710190284163723i",null,"0.0051737052372068-0.00671625544347294i","0.0045+6.827648070503i","-0.000983575937322287-0.000759899116636695i",-58.11108540523869,-142.31075075446302,4551765.380335331,5.859999999999963,-42.548060397565813,"1+37.1424055035363i",3.68283973206068,99.010837514973815,22.776440048239699,-93.352622304029197,"-0.80507462761492-13.742890378051i","-3230.80851585056i","23700-1007.64183881278i","2000-489.002657070907i","950.124164484996-4653.5912428607i","1680.48189658121-339.022204843442i","-0.661480064048655+2.15915466556045i"]
[39.908000000000001,5.8799999999999635,758577.57502911962,-39.908471839973409,-45.130287687667163,null,null,"0.016-0.000635779018804456i","0.0005-0.0104903538102735i","0.00477971543551612-0.00696871525169886i",null,"0.00490313909518793-0.00661001043834478i","0.0045+7.14942521066833i","-0.000924501626504405-0.000687660561681272i",-58.769391989236041,-143.35748096475939,4766283.4737788849,5.8799999999999626,-43.206366981563164,"1+38.8928731460357i",3.2978951415897582,98.227193277092226,22.374325938865507,-93.582759449713663,"-0.821349985663649-13.1179711479129i","-3085.39817949221i","23700-962.290485431206i","2000-466.9939120475i","870.99257331738-4462.95050621495i","1679.26814428527-323.810926699873i","-0.597947142762776+2.08018980851334i"]
[40.960999999999999,5.8999999999999622,794328.23472421279,-40.960952866939905,-46.924993448035835,null,null,"0.016-0.00060716424930624i","0.0005-0.0100182101135529i","0.00451258801135401-0.00682709133184926i",null,"0.00464021755997238-0.00649444083227604i","0.0045+7.48636724024561i","-0.000867496157657692-0.000621420549283991i",-59.435856897316938,-144.3845321094833,4990911.4934970718,5.8999999999999622,-43.872831889644061,"1+40.7258377869361i",2.911879022704158,97.459538661447468,21.971995700822657,-93.82035661811959,"-0.836101885181484-12.5208452383549i","-2946.5323863391i","23700-918.980279185773i","2000-445.975723722509i","798.108679192085-4278.62571423171i","1678.16088021177-309.27818534582i","-0.539252981425041+2.00257905668871i"]
[42.021999999999998,5.9199999999999626,831763.77110259887,-42.022295342228624,-48.683027612960146,null,null,"0.016-0.000579837356584731i","0.0005-0.009567316383648i","0.0042554427284179-0.00667796055870595i",null,"0.00438568572222218-0.00637034559267467i","0.0045+7.8391888584542i","-0.000812652839123479-0.000560833458957172i",-60.110226429835485,-145.38940503712607,5226125.9056361336,5.9199999999999617,-44.547201422162615,"1+42.6451873899909i",2.5249060799339897,96.706377424165922,21.569429917856674,-94.065897072890024,"-0.84945559290413-11.9502521577649i","-2813.91658342589i","23700-877.619353322329i","2000-425.90350970054i","731.03455331224-4100.59324503854i","1677.15078640379-295.394224231584i","-0.485089346545351+1.92651149891498i"]
[43.091999999999999,5.9399999999999622,870963.58995600487,-43.09211590251477,-50.403558168957034,null,null,"0.016-0.000553740376636683i","0.0005-0.0091367162145053i","0.00400875817569266-0.00652228075966472i",null,"0.00414017343679571-0.00623857719128967i","0.0045+8.20863844724993i","-0.000760046965807132-0.000505552087205272i",-60.792224348685068,-146.36977727631984,5472425.6314999554,5.9399999999999613,-45.229199341012205,"1+44.6549931530396i",2.1370834384974366,95.966219107362804,21.166607247459787,-94.319877925651809,"-0.861524561437488-11.4049872007348i","-2687.2694748545i","23700-838.11997577175i","2000-406.734694124525i","669.353923272436-3928.80291059595i","1676.22935608501-282.130525567955i","-0.435157173140114+1.85214177511556i"]
[44.17,5.9599999999999618,912010.83935582871,-44.170019043064556,-52.08593295426391,null,null,"0.016-0.000528817954268752i","0.0005-0.00872549624543443i","0.00377288994974914-0.00636102059807297i",null,"0.00390419333135957-0.00610002401534376i","0.0045+8.5954996587436i","-0.000709735072076734-0.000455230662025548i",-61.481555486517145,-147.3235107785739,5730333.1058290647,5.9599999999999609,-45.918530478844275,"1+46.7595181435652i",1.7485114357797185,95.237577824309994,20.763504254286342,-94.582810752980208,"-0.872411395286587-10.8838989982766i","-2566.32242512777i","23700-800.39836305849i","2000-388.428617366619i","612.672674807541-3763.18160802296i","1675.38882374196-269.459767442384i","-0.38916833886305+1.77959376738423i"]
[45.256,5.9799999999999613,954992.58602135081,-45.255599980460204,-53.729685495147848,null,null,"0.016-0.000505017225681681i","0.0005-0.00833278422374772i","0.00354807567729315-0.00619514350480833i",null,"0.00367814166481379-0.00595559344111666i","0.0045+9.00059307743218i","-0.000661754770641027-0.000409527743128232i",-62.177909357615206,-148.24865612955855,6000395.3849547887,5.9799999999999605,-46.614884349942329,"1+48.9632263412311i",1.3592843694821277,94.518970634410707,20.360095228690387,-94.855222182352819,"-0.882208726700358-10.385887173435i","-2450.81888933757i","23700-764.374502584551i","2000-370.946449783679i","560.618998681809-3603.63668599375i","1674.62210111472-257.355781224916i","-0.346846944554738+1.70896406737282i"]
[46.347999999999999,5.99999999999996,999999.99999990896,-46.348447473544127,-55.334537891152976,null,null,"0.016-0.000482287706339122i","0.0005-0.00795774715459551i","0.00333444209555949-0.0060255933817217i",null,"0.00346230172350218-0.00580619603539719i","0.0045+9.42477796076852i","-0.000616125112813276-0.00036810891721025i",-62.880963686476107,-149.14345342034531,6283185.3071790142,5.99999999999996,-47.31793867880323,"1+51.2707921065807i",0.96949120525910271,93.808915529192333,19.956351989405736,-95.137654439815577,"-0.891000008909982-9.90990009909991i","-2340.51386899867i","23700-729.971982912066i","2000-354.251109354386i","512.843246316342-3450.05902220372i","1673.92271861648-245.793509458372i","-0.307930179968735+1.64032519980043i"]
[null,null,null,null,null,null,null,null,null,null,null,null,null,null,null,null,null,null,null,null,null,null,null,null,null,null,"23700-697.11783168439i","2000-338.307183023308i","469.017550709354-3302.32581497307i","1673.28477173844-234.748964392537i","-0.272168845093817+1.57372859255029i"]
[null,null,null,null,null,null,null,null,null,null,null,null,null,null,null,null,null,null,null,null,null,null,null,null,null,null,"23700-665.742360841934i","2000-323.080851585056i","428.835262279806-3160.3030974036i","1672.70287202959-224.199187292206i","-0.239327589210729+1.50920729200988i"]
[null,null,null,null,null,null,null,null,null,null,null,null,null,null,null,null,null,null,null,null,null,null,null,null,null,null,"23700-635.779018804456i","2000-308.539817949221i","392.010242654029-3023.84798639251i","1672.17210227229-214.122208623113i","-0.209184921873505+1.44677842843386i"]
[null,null,null,null,null,null,null,null,null,null,null,null,null,null,null,null,null,null,null,null,null,null,null,null,null,null,"23700-607.16424930624i","2000-294.65323863391i","358.276053246507-2892.81068148449i","1671.68797550425-204.497009197617i","-0.181533042570213+1.38644544053387i"]
[null,null,null,null,null,null,null,null,null,null,null,null,null,null,null,null,null,null,null,null,null,null,null,null,null,null,"23700-579.837356584731i","2000-281.391658342589i","327.385069836443-2767.03623023357i","1671.24639756472-195.303482343006i","-0.156177529001248+1.32820007154959i"]
[null,null,null,null,null,null,null,null,null,null,null,null,null,null,null,null,null,null,null,null,null,null,null,null,null,null,"23700-553.740376636683i","2000-268.72694748545i","299.107549248207-2646.36607764907i","1670.8436328684-186.522397139023i","-0.13293691776378+1.27202415101159i"]
[null,null,null,null,null,null,null,null,null,null,null,null,null,null,null,null,null,null,null,null,null,null,null,null,null,null,"23700-528.817954268752i","2000-256.632242512777i","273.230669713729-2530.63941758682i","1670.4762731346-178.135362757404i","-0.111642205758889+1.21789117750547i"]
[null,null,null,null,null,null,null,null,null,null,null,null,null,null,null,null,null,null,null,null,null,null,null,null,null,null,"23700-505.017225681681i","2000-245.081888933757i","249.557562514151-2419.69436376561i","1670.14120882079-170.124793924472i","-0.0921362958255624+1.16576771819126i"]
[null,null,null,null,null,null,null,null,null,null,null,null,null,null,null,null,null,null,null,null,null,null,null,null,null,null,"23700-482.287706339122i","2000-234.051386899867i","227.906349038139-2313.36895756009i","1669.83560303067-162.47387751788i","-0.0742734059161243+1.1156146407816i"]

{"sheet":"Legal","index":2,"n_rows":0,"n_cols":0,"rows_kept":0,"cut":false,"hidden":false,"merged":[]}