04-21 12:03:03.920 508 591 W system_server: Long monitor contention with owner main (508) at int com.android.server.am.UserController$Injector.broadcastIntent(android.content.Intent, java.lang.String, android.content.IIntentReceiver, int, java.lang.String, android.os.Bundle, java.lang.String[], int, android.os.Bundle, boolean, boolean, int, int, int, int, int)(UserController.java:2748) waiters=0 in void com.android.server.am.ActivityManagerService$LocalService.notifyNetworkPolicyRulesUpdated(int, long) for 483ms
04-21 12:03:03.920 508 591 I dvm_lock_sample: [system_server,1,NetworkPolicy.uid,483,ActivityManagerService.java,19096,void com.android.server.am.ActivityManagerService$LocalService.notifyNetworkPolicyRulesUpdated(int, long),UserController.java,2748,int com.android.server.am.UserController$Injector.broadcastIntent(android.content.Intent, java.lang.String, android.content.IIntentReceiver, int, java.lang.String, android.os.Bundle, java.lang.String[], int, android.os.Bundle, boolean, boolean, int, int, int, int, int),96]
04-21 12:03:03.921 508 535 W system_server: Long monitor contention with owner main (508) at int com.android.server.am.UserController$Injector.broadcastIntent(android.content.Intent, java.lang.String, android.content.IIntentReceiver, int, java.lang.String, android.os.Bundle, java.lang.String[], int, android.os.Bundle, boolean, boolean, int, int, int, int, int)(UserController.java:2748) waiters=1 in void com.android.server.am.ProcessList.handleProcessStart(com.android.server.am.ProcessRecord, java.lang.String, int[], int, int, int, java.lang.String, java.lang.String, java.lang.String, long) for 468ms
04-21 12:03:03.921 508 535 I dvm_lock_sample: [system_server,1,ActivityManager:procStart,468,ProcessList.java,2060,void com.android.server.am.ProcessList.handleProcessStart(com.android.server.am.ProcessRecord, java.lang.String, int[], int, int, int, java.lang.String, java.lang.String, java.lang.String, long),UserController.java,2748,int com.android.server.am.UserController$Injector.broadcastIntent(android.content.Intent, java.lang.String, android.content.IIntentReceiver, int, java.lang.String, android.os.Bundle, java.lang.String[], int, android.os.Bundle, boolean, boolean, int, int, int, int, int),93]
04-21 12:03:03.922 508 535 W ActivityManager: Slow operation: 498ms so far, now at startProcess: done updating battery stats
04-21 12:03:03.922 508 535 I am_proc_start: [0,763,1068,com.android.se,added application,com.android.se]
04-21 12:03:03.922 508 535 W ActivityManager: Slow operation: 498ms so far, now at startProcess: building log message
04-21 12:03:03.922 508 535 I ActivityManager: Start proc 763:com.android.se/1068 for added application com.android.se
04-21 12:03:03.922 508 535 W ActivityManager: Slow operation: 499ms so far, now at startProcess: starting to update pids map
04-21 12:03:03.922 508 535 W ActivityManager: Slow operation: 499ms so far, now at startProcess: done updating pids map
04-21 12:03:03.922 508 535 W ActivityManager: Slow operation: 496ms so far, now at startProcess: asking zygote to start proc
04-21 12:03:03.922 508 693 W system_server: Long monitor contention with owner main (508) at int com.android.server.am.UserController$Injector.broadcastIntent(android.content.Intent, java.lang.String, android.content.IIntentReceiver, int, java.lang.String, android.os.Bundle, java.lang.String[], int, android.os.Bundle, boolean, boolean, int, int, int, int, int)(UserController.java:2748) waiters=2 in void com.android.server.am.ActivityManagerService.attachApplication(android.app.IApplicationThread, long) for 434ms
04-21 12:03:03.923 508 693 I dvm_lock_sample: [system_server,1,Binder:508_5,434,ActivityManagerService.java,5438,void com.android.server.am.ActivityManagerService.attachApplication(android.app.IApplicationThread, long),UserController.java,2748,int com.android.server.am.UserController$Injector.broadcastIntent(android.content.Intent, java.lang.String, android.content.IIntentReceiver, int, java.lang.String, android.os.Bundle, java.lang.String[], int, android.os.Bundle, boolean, boolean, int, int, int, int, int),86]
04-21 12:03:03.923 508 693 I am_proc_bound: [0,763,com.android.se]
04-21 12:03:03.925 508 638 D CCodecBufferChannel: [c2.android.vorbis.decoder#131] MediaCodec discarded an unknown buffer
04-21 12:03:03.926 508 638 D CCodecBufferChannel: [c2.android.vorbis.decoder#131] MediaCodec discarded an unknown buffer
04-21 12:03:03.928 508 693 I am_uid_active: 1068
04-21 12:03:03.929 508 589 W system_server: Long monitor contention with owner main (508) at int com.android.server.am.UserController$Injector.broadcastIntent(android.content.Intent, java.lang.String, android.content.IIntentReceiver, int, java.lang.String, android.os.Bundle, java.lang.String[], int, android.os.Bundle, boolean, boolean, int, int, int, int, int)(UserController.java:2748) waiters=3 in int com.android.server.am.ActivityManagerService.broadcastIntentWithFeature(android.app.IApplicationThread, java.lang.String, android.content.Intent, java.lang.String, android.content.IIntentReceiver, int, java.lang.String, android.os.Bundle, java.lang.String[], int, android.os.Bundle, boolean, boolean, int) for 437ms
04-21 12:03:03.929 508 589 I dvm_lock_sample: [system_server,0,NetworkStats,437,ActivityManagerService.java,16719,int com.android.server.am.ActivityManagerService.broadcastIntentWithFeature(android.app.IApplicationThread, java.lang.String, android.content.Intent, java.lang.String, android.content.IIntentReceiver, int, java.lang.String, android.os.Bundle, java.lang.String[], int, android.os.Bundle, boolean, boolean, int),UserController.java,2748,int com.android.server.am.UserController$Injector.broadcastIntent(android.content.Intent, java.lang.String, android.content.IIntentReceiver, int, java.lang.String, android.os.Bundle, java.lang.String[], int, android.os.Bundle, boolean, boolean, int, int, int, int, int),87]
04-21 12:03:03.929 508 522 W system_server: Long monitor contention with owner main (508) at int com.android.server.am.UserController$Injector.broadcastIntent(android.content.Intent, java.lang.String, android.content.IIntentReceiver, int, java.lang.String, android.os.Bundle, java.lang.String[], int, android.os.Bundle, boolean, boolean, int, int, int, int, int)(UserController.java:2748) waiters=4 in android.content.Intent com.android.server.am.ActivityManagerService.registerReceiverWithFeature(android.app.IApplicationThread, java.lang.String, java.lang.String, android.content.IIntentReceiver, android.content.IntentFilter, java.lang.String, int, int) for 380ms
04-21 12:03:03.933 508 522 I dvm_lock_sample: [system_server,1,Binder:508_1,380,ActivityManagerService.java,15517,android.content.Intent com.android.server.am.ActivityManagerService.registerReceiverWithFeature(android.app.IApplicationThread, java.lang.String, java.lang.String, android.content.IIntentReceiver, android.content.IntentFilter, java.lang.String, int, int),UserController.java,2748,int com.android.server.am.UserController$Injector.broadcastIntent(android.content.Intent, java.lang.String, android.content.IIntentReceiver, int, java.lang.String, android.os.Bundle, java.lang.String[], int, android.os.Bundle, boolean, boolean, int, int, int, int, int),76]
04-21 12:03:03.934 508 585 W system_server: Long monitor contention with owner main (508) at int com.android.server.am.UserController$Injector.broadcastIntent(android.content.Intent, java.lang.String, android.content.IIntentReceiver, int, java.lang.String, android.os.Bundle, java.lang.String[], int, android.os.Bundle, boolean, boolean, int, int, int, int, int)(UserController.java:2748) waiters=5 in void com.android.server.am.ActivityManagerService.addPackageDependency(java.lang.String) for 383ms
04-21 12:03:03.935 508 585 I dvm_lock_sample: [system_server,1,Binder:508_4,383,ActivityManagerService.java,4500,void com.android.server.am.ActivityManagerService.addPackageDependency(java.lang.String),UserController.java,2748,int com.android.server.am.UserController$Injector.broadcastIntent(android.content.Intent, java.lang.String, android.content.IIntentReceiver, int, java.lang.String, android.os.Bundle, java.lang.String[], int, android.os.Bundle, boolean, boolean, int, int, int, int, int),76]
04-21 12:03:03.936 508 523 I ActivityManager: Process WebViewLoader-armeabi-v7a (pid 696) has died: psvc PER
04-21 12:03:03.936 508 523 I am_proc_died: [0,696,WebViewLoader-armeabi-v7a,-700,0]
04-21 12:03:03.937 508 536 I libprocessgroup: Successfully killed process cgroup uid 1037 pid 696 in 0ms
04-21 12:03:03.938 508 638 I hw-BpHwBinder: onLastStrongRef automatically unlinking death recipients
04-21 12:03:03.939 429 818 I hw-BpHwBinder: onLastStrongRef automatically unlinking death recipients
04-21 12:03:03.940 429 818 V C2Store : in ~ComponentModule
04-21 12:03:03.940 429 818 V C2Store : unloading dll
04-21 12:03:03.940 508 523 I am_low_memory: 7
04-21 12:03:03.941 508 820 D CCodec : allocate(c2.android.vorbis.decoder)
04-21 12:03:03.942 508 787 I ActivityManager: Process WebViewLoader-arm64-v8a (pid 711) has died: psvc PER
04-21 12:03:03.942 508 787 I am_proc_died: [0,711,WebViewLoader-arm64-v8a,-700,0]
04-21 12:03:03.942 508 787 I am_uid_stopped: 1037
04-21 12:03:03.943 508 820 I CCodec : setting up 'default' as default (vendor) store
04-21 12:03:03.944 429 818 V C2Store : in init
04-21 12:03:03.944 429 818 V C2Store : loading dll
04-21 12:03:03.944 508 787 I am_low_memory: 6
04-21 12:03:03.946 508 528 D CompatibilityChangeReporter: Compat change id reported: 135634846; UID 1000; state: DISABLED
04-21 12:03:03.947 508 528 D CompatibilityChangeReporter: Compat change id reported: 135754954; UID 1000; state: ENABLED
04-21 12:03:03.950 508 820 I CCodec : Created component [c2.android.vorbis.decoder]
04-21 12:03:03.950 508 820 D CCodecConfig: read media type: audio/vorbis
04-21 12:03:03.952 508 590 W BestClock: java.time.DateTimeException: Missing NTP fix
04-21 12:03:03.953 508 590 W BestClock: java.time.DateTimeException: Missing NTP fix
04-21 12:03:03.955 508 820 D ReflectedParamUpdater: extent() != 1 for single value type: algo.buffers.max-count.values
04-21 12:03:03.955 508 528 I InputManager: Enabling motion classifier because user switched: feature enabled, long press timeout = 400
04-21 12:03:03.955 508 528 I InputClassifier: Enabling motion classifier
04-21 12:03:03.955 508 820 D ReflectedParamUpdater: extent() != 1 for single value type: output.subscribed-indices.values
04-21 12:03:03.956 508 820 D ReflectedParamUpdater: extent() != 1 for single value type: input.buffers.allocator-ids.values
04-21 12:03:03.956 508 820 D ReflectedParamUpdater: extent() != 1 for single value type: output.buffers.allocator-ids.values
04-21 12:03:03.956 508 820 D ReflectedParamUpdater: extent() != 1 for single value type: algo.buffers.allocator-ids.values
04-21 12:03:03.957 508 820 D ReflectedParamUpdater: extent() != 1 for single value type: output.buffers.pool-ids.values
04-21 12:03:03.957 223 223 I hwservicemanager: getTransport: Cannot find entry android.hardware.input.classifier@1.0::IInputClassifier/default in either framework or device manifest.
04-21 12:03:03.957 508 820 D ReflectedParamUpdater: extent() != 1 for single value type: algo.buffers.pool-ids.values
04-21 12:03:03.957 508 824 I InputClassifier: Could not obtain InputClassifier HAL
04-21 12:03:03.959 508 820 I CCodecConfig: query failed after returning 7 values (BAD_INDEX)
04-21 12:03:03.959 508 820 D CCodecConfig: c2 config diff is Dict {
04-21 12:03:03.959 508 820 D CCodecConfig: c2::u32 coded.bitrate.value = 64000
04-21 12:03:03.959 508 820 D CCodecConfig: c2::u32 input.buffers.max-size.value = 32768
04-21 12:03:03.959 508 820 D CCodecConfig: c2::u32 input.delay.value = 0
04-21 12:03:03.959 508 820 D CCodecConfig: string input.media-type.value = "audio/vorbis"
04-21 12:03:03.959 508 820 D CCodecConfig: string output.media-type.value = "audio/raw"
04-21 12:03:03.959 508 820 D CCodecConfig: c2::u32 raw.channel-count.value = 1
04-21 12:03:03.959 508 820 D CCodecConfig: c2::u32 raw.sample-rate.value = 48000
04-21 12:03:03.959 508 820 D CCodecConfig: }
04-21 12:03:03.961 508 508 W Looper : Slow delivery took 3123ms main h=android.app.ActivityThread$H c=null m=156
04-21 12:03:03.962 643 643 D AdapterState: make() - Creating AdapterState
04-21 12:03:03.964 508 508 D ConditionProviders.SCP: onConnected
04-21 12:03:03.964 508 820 D CCodec : [c2.android.vorbis.decoder] buffers are bound to CCodec for this session
04-21 12:03:03.964 508 820 D CCodecConfig: no c2 equivalents for durationUs
04-21 12:03:03.964 508 820 D CCodecConfig: no c2 equivalents for track-id
04-21 12:03:03.964 508 820 D CCodecConfig: no c2 equivalents for csd-1
04-21 12:03:03.964 508 820 D CCodecConfig: no c2 equivalents for channel-mask
04-21 12:03:03.964 508 820 D CCodecConfig: no c2 equivalents for flags
04-21 12:03:03.965 508 590 W BestClock: java.time.DateTimeException: Missing NTP fix
04-21 12:03:03.965 508 820 D CCodecConfig: c2 config diff is c2::u32 coded.bitrate.value = 140000
04-21 12:03:03.965 508 508 D ConditionProviders: Subscribing to condition://android/event?userId=-10000&calendar=&reply=1 with ComponentInfo{android/com.android.server.notification.EventConditionProvider}
04-21 12:03:03.966 508 508 D ConditionProviders: Subscribing to condition://android/schedule?days=1.2.3.4.5.6.7&start=22.0&end=7.0&exitAtAlarm=true with ComponentInfo{android/com.android.server.notification.ScheduleConditionProvider}
04-21 12:03:03.966 508 508 I notification_cancel_all: [1000,508,android,0,0,0,17,NULL]
04-21 12:03:03.966 508 820 W Codec2Client: query -- param skipped: index = 1107298332.
04-21 12:03:03.967 508 820 D CCodec : setup formats input: AMessage(what = 0x00000000) = {
04-21 12:03:03.967 508 820 D CCodec : int32_t bitrate = 140000
04-21 12:03:03.967 508 820 D CCodec : int32_t channel-count = 1
04-21 12:03:03.967 508 820 D CCodec : int32_t max-input-size = 32768
04-21 12:03:03.967 508 820 D CCodec : string mime = "audio/vorbis"
04-21 12:03:03.967 508 820 D CCodec : int32_t sample-rate = 48000
04-21 12:03:03.967 508 820 D CCodec : } and output: AMessage(what = 0x00000000) = {
04-21 12:03:03.967 508 820 D CCodec : int32_t bitrate = 140000
04-21 12:03:03.967 508 820 D CCodec : int32_t channel-count = 1
04-21 12:03:03.967 508 820 D CCodec : string mime = "audio/raw"
04-21 12:03:03.967 508 820 D CCodec : int32_t sample-rate = 48000
04-21 12:03:03.967 508 820 D CCodec : int32_t channel-mask = 1
04-21 12:03:03.967 508 820 D CCodec : }
04-21 12:03:03.968 508 508 I am_uid_running: 10126
04-21 12:03:03.969 508 820 W Codec2Client: query -- param skipped: index = 1342179345.
04-21 12:03:03.970 508 820 W Codec2Client: query -- param skipped: index = 2415921170.
04-21 12:03:03.971 508 820 E FMQ : grantorIdx must be less than 3
04-21 12:03:03.971 508 590 W BestClock: java.time.DateTimeException: Missing NTP fix
04-21 12:03:03.971 508 820 E FMQ : grantorIdx must be less than 3
04-21 12:03:03.971 508 820 D CCodecBufferChannel: [c2.android.vorbis.decoder#446] Created input block pool with allocatorID 16 => poolID 19 - OK (0)
04-21 12:03:03.971 508 508 D CompatibilityChangeReporter: Compat change id reported: 135634846; UID 10126; state: DISABLED
04-21 12:03:03.972 508 508 D CompatibilityChangeReporter: Compat change id reported: 135754954; UID 10126; state: ENABLED
04-21 12:03:03.973 429 486 E FMQ : grantorIdx must be less than 3
04-21 12:03:03.973 429 486 E FMQ : grantorIdx must be less than 3
04-21 12:03:03.974 508 820 I CCodecBufferChannel: [c2.android.vorbis.decoder#446] Created output block pool with allocatorID 16 => poolID 19 - OK
04-21 12:03:03.974 508 820 D CCodecBufferChannel: [c2.android.vorbis.decoder#446] Configured output block pool ids 19 => OK
04-21 12:03:03.978 643 827 I AdapterState: OFF : entered
04-21 12:03:03.978 643 827 D AdapterProperties: Setting state to OFF
04-21 12:03:03.979 508 525 D CompatibilityChangeReporter: Compat change id reported: 150939131; UID 1000; state: ENABLED
04-21 12:03:03.979 643 643 D BluetoothKeystoreService: new BluetoothKeystoreService isNiapMode: false
04-21 12:03:03.981 508 590 W BestClock: java.time.DateTimeException: Missing NTP fix
04-21 12:03:03.982 429 823 D SimpleC2Component: Using output block pool with poolID 19 => got 19 - 0
04-21 12:03:03.982 643 643 D BluetoothKeystoreService: start
04-21 12:03:03.984 643 643 I droid.bluetoot: [0421/120303.984071:INFO:com_android_bluetooth_btservice_BluetoothKeystore.cpp(97)] classInitNative: succeeds
04-21 12:03:03.984 508 820 E FMQ : grantorIdx must be less than 3
04-21 12:03:03.984 643 643 D BluetoothKeystoreService: setBluetoothKeystoreService(): set to: com.android.bluetooth.btservice.bluetoothkeystore.BluetoothKeystoreService@4201a81
04-21 12:03:03.984 429 806 E FMQ : grantorIdx must be less than 3
04-21 12:03:03.985 508 590 W BestClock: java.time.DateTimeException: Missing NTP fix
04-21 12:03:03.986 508 536 I libprocessgroup: Successfully killed process cgroup uid 1037 pid 711 in 1ms
04-21 12:03:03.986 508 590 W BestClock: java.time.DateTimeException: Missing NTP fix
04-21 12:03:03.988 508 590 W BestClock: java.time.DateTimeException: Missing NTP fix
04-21 12:03:03.989 763 763 I com.android.se: The ClassLoaderContext is a special shared library.
04-21 12:03:03.989 508 590 W BestClock: java.time.DateTimeException: Missing NTP fix
04-21 12:03:03.991 643 643 D BluetoothKeystoreService: loadConfigData
04-21 12:03:03.992 429 823 E FMQ : grantorIdx must be less than 3
04-21 12:03:03.995 508 816 E FMQ : grantorIdx must be less than 3
04-21 12:03:03.996 416 482 E Utils : did not find channel-count and/or sample-rate
04-21 12:03:03.997 508 590 W BestClock: java.time.DateTimeException: Missing NTP fix
04-21 12:03:03.997 508 820 D CCodecBuffers: [c2.android.vorbis.decoder#446:Output[N]] popFromStashAndRegister: output format changed to AMessage(what = 0x00000000) = {
04-21 12:03:03.997 508 820 D CCodecBuffers: int32_t bitrate = 140000
04-21 12:03:03.997 508 820 D CCodecBuffers: int32_t channel-count = 1
04-21 12:03:03.997 508 820 D CCodecBuffers: string mime = "audio/raw"
04-21 12:03:03.997 508 820 D CCodecBuffers: int32_t sample-rate = 48000
04-21 12:03:03.997 508 820 D CCodecBuffers: int32_t channel-mask = 1
04-21 12:03:03.997 508 820 D CCodecBuffers: }
04-21 12:03:04.001 508 831 D CCodec : allocate(c2.android.vorbis.decoder)
04-21 12:03:04.009 508 831 I CCodec : setting up 'default' as default (vendor) store
04-21 12:03:04.010 508 820 D CCodecBufferChannel: [c2.android.vorbis.decoder#446] MediaCodec discarded an unknown buffer
04-21 12:03:04.010 508 820 D CCodecBufferChannel: [c2.android.vorbis.decoder#446] MediaCodec discarded an unknown buffer
04-21 12:03:04.011 508 831 I CCodec : Created component [c2.android.vorbis.decoder]
04-21 12:03:04.012 508 831 D CCodecConfig: read media type: audio/vorbis
04-21 12:03:04.014 333 333 D Zygote : Forked child process 834
04-21 12:03:04.015 508 831 D ReflectedParamUpdater: extent() != 1 for single value type: algo.buffers.max-count.values
04-21 12:03:04.015 643 643 D BluetoothKeystoreService: getCompareResult: 0
04-21 12:03:04.015 508 831 D ReflectedParamUpdater: extent() != 1 for single value type: output.subscribed-indices.values
04-21 12:03:04.016 508 831 D ReflectedParamUpdater: extent() != 1 for single value type: input.buffers.allocator-ids.values
04-21 12:03:04.016 508 831 D ReflectedParamUpdater: extent() != 1 for single value type: output.buffers.allocator-ids.values
04-21 12:03:04.016 508 831 D ReflectedParamUpdater: extent() != 1 for single value type: algo.buffers.allocator-ids.values
04-21 12:03:04.017 508 831 D ReflectedParamUpdater: extent() != 1 for single value type: output.buffers.pool-ids.values
04-21 12:03:04.017 508 831 D ReflectedParamUpdater: extent() != 1 for single value type: algo.buffers.pool-ids.values
04-21 12:03:04.018 643 643 I bt_btif : init: start restricted = 0 ; niap = 0, config compare result = 0
04-21 12:03:04.018 643 643 I bt_btif : init Preserving legacy bluetooth functionality
04-21 12:03:04.018 643 643 D bt_osi_allocation_tracker: canary initialized
04-21 12:03:04.019 508 831 I CCodecConfig: query failed after returning 7 values (BAD_INDEX)
04-21 12:03:04.019 508 831 D CCodecConfig: c2 config diff is Dict {
04-21 12:03:04.019 508 831 D CCodecConfig: c2::u32 coded.bitrate.value = 64000
04-21 12:03:04.019 508 831 D CCodecConfig: c2::u32 input.buffers.max-size.value = 32768
04-21 12:03:04.019 508 831 D CCodecConfig: c2::u32 input.delay.value = 0
04-21 12:03:04.019 508 831 D CCodecConfig: string input.media-type.value = "audio/vorbis"
04-21 12:03:04.019 508 831 D CCodecConfig: string output.media-type.value = "audio/raw"
04-21 12:03:04.019 508 831 D CCodecConfig: c2::u32 raw.channel-count.value = 1
04-21 12:03:04.019 508 831 D CCodecConfig: c2::u32 raw.sample-rate.value = 48000
04-21 12:03:04.019 508 831 D CCodecConfig: }
04-21 12:03:04.020 508 535 W ActivityManager: Slow operation: 593ms so far, now at startProcess: returned from zygote!
04-21 12:03:04.020 643 840 I droid.bluetoot: [0421/120304.020114:INFO:message_loop_thread.cc(175)] Run: message loop starting for thread bt_stack_manager_thread
04-21 12:03:04.020 508 535 W ActivityManager: Slow operation: 594ms so far, now at startProcess: done updating battery stats
04-21 12:03:04.020 508 535 I am_proc_start: [0,834,1001,com.android.phone,added application,com.android.phone]
04-21 12:03:04.020 643 840 I bt_stack_manager: event_init_stack is initializing the stack
04-21 12:03:04.020 508 535 I Watchdog: Interesting Java process com.android.phone started. Pid 834
04-21 12:03:04.020 508 535 W ActivityManager: Slow operation: 594ms so far, now at startProcess: building log message
04-21 12:03:04.020 508 535 I ActivityManager: Start proc 834:com.android.phone/1001 for added application com.android.phone
04-21 12:03:04.020 508 535 W ActivityManager: Slow operation: 594ms so far, now at startProcess: starting to update pids map
04-21 12:03:04.021 508 820 I hw-BpHwBinder: onLastStrongRef automatically unlinking death recipients
04-21 12:03:04.021 508 831 D CCodec : [c2.android.vorbis.decoder] buffers are bound to CCodec for this session
04-21 12:03:04.021 508 831 D CCodecConfig: no c2 equivalents for durationUs
04-21 12:03:04.021 508 831 D CCodecConfig: no c2 equivalents for track-id
04-21 12:03:04.021 508 831 D CCodecConfig: no c2 equivalents for csd-1
04-21 12:03:04.021 508 831 D CCodecConfig: no c2 equivalents for channel-mask
04-21 12:03:04.021 508 831 D CCodecConfig: no c2 equivalents for flags
04-21 12:03:04.023 508 831 D CCodecConfig: c2 config diff is c2::u32 coded.bitrate.value = 140000
04-21 12:03:04.024 508 831 W Codec2Client: query -- param skipped: index = 1107298332.
04-21 12:03:04.024 508 831 D CCodec : setup formats input: AMessage(what = 0x00000000) = {
04-21 12:03:04.024 508 831 D CCodec : int32_t bitrate = 140000
04-21 12:03:04.024 508 831 D CCodec : int32_t channel-count = 1
04-21 12:03:04.024 508 831 D CCodec : int32_t max-input-size = 32768
04-21 12:03:04.024 508 831 D CCodec : string mime = "audio/vorbis"
04-21 12:03:04.024 508 831 D CCodec : int32_t sample-rate = 48000
04-21 12:03:04.024 508 831 D CCodec : } and output: AMessage(what = 0x00000000) = {
04-21 12:03:04.024 508 831 D CCodec : int32_t bitrate = 140000
04-21 12:03:04.024 508 831 D CCodec : int32_t channel-count = 1
04-21 12:03:04.024 508 831 D CCodec : string mime = "audio/raw"
04-21 12:03:04.024 508 831 D CCodec : int32_t sample-rate = 48000
04-21 12:03:04.024 508 831 D CCodec : int32_t channel-mask = 1
04-21 12:03:04.024 508 831 D CCodec : }
04-21 12:03:04.026 508 535 W ActivityManager: Slow operation: 599ms so far, now at startProcess: done updating pids map
04-21 12:03:04.026 508 535 W ActivityManager: Slow operation: 81ms so far, now at startProcess: asking zygote to start proc
04-21 12:03:04.028 834 834 I Zygote : seccomp disabled by setenforce 0
04-21 12:03:04.033 508 831 W Codec2Client: query -- param skipped: index = 1342179345.
04-21 12:03:04.034 508 831 W Codec2Client: query -- param skipped: index = 2415921170.
04-21 12:03:04.035 508 831 E FMQ : grantorIdx must be less than 3
04-21 12:03:04.035 508 831 E FMQ : grantorIdx must be less than 3
04-21 12:03:04.036 508 831 D CCodecBufferChannel: [c2.android.vorbis.decoder#424] Created input block pool with allocatorID 16 => poolID 20 - OK (0)
04-21 12:03:04.040 429 806 E FMQ : grantorIdx must be less than 3
04-21 12:03:04.041 429 806 E FMQ : grantorIdx must be less than 3
04-21 12:03:04.041 643 840 E bt_btif_config: Config is missing adapter section
04-21 12:03:04.041 643 840 W bt_btif_config: init unable to load config file: /data/misc/bluedroid/bt_config.conf; using backup.
04-21 12:03:04.041 508 831 I CCodecBufferChannel: [c2.android.vorbis.decoder#424] Created output block pool with allocatorID 16 => poolID 20 - OK
04-21 12:03:04.042 508 831 D CCodecBufferChannel: [c2.android.vorbis.decoder#424] Configured output block pool ids 20 => OK
04-21 12:03:04.043 643 840 E bt_btif_config: Config is missing adapter section
04-21 12:03:04.043 643 840 W bt_btif_config: init unable to load backup; attempting to transcode legacy file.
04-21 12:03:04.043 643 840 E bt_btif_config_transcode: btif_config_transcode unable to load XML file '/data/misc/bluedroid/bt_config.xml': 3
04-21 12:03:04.044 643 840 E bt_btif_config: init unable to transcode legacy file; creating empty config.
04-21 12:03:04.044 643 840 W droid.bluetoot: [0421/120304.044154:WARNING:btif_config.cc(186)] read_or_set_metrics_salt: Failed to read metrics salt from config
04-21 12:03:04.044 643 840 I droid.bluetoot: [0421/120304.044365:INFO:btif_config.cc(197)] read_or_set_metrics_salt: Metrics salt is not invalid, creating new one
04-21 12:03:04.047 763 763 W ContextImpl: Failed to ensure /data/user/0/com.android.se/cache: mkdir failed: ENOENT (No such file or directory)
04-21 12:03:04.053 763 763 W ContextImpl: Failed to update user.inode_cache: stat failed: ENOENT (No such file or directory)
04-21 12:03:04.056 448 468 I adbd : jdwp connection from 834
04-21 12:03:04.057 643 852 I bt_osi_thread: run_thread: thread id 852, thread name alarm_default_ca started
04-21 12:03:04.062 643 859 I bt_osi_thread: run_thread: thread id 859, thread name alarm_dispatcher started
04-21 12:03:04.062 643 840 I bt_config_source: 4
04-21 12:03:04.062 643 840 I bt_btif_core: btif_init_bluetooth entered
04-21 12:03:04.063 643 840 I bt_stack_config: init attempt to load stack conf from /etc/bluetooth/bt_stack.conf
04-21 12:03:04.063 429 832 D SimpleC2Component: Using output block pool with poolID 20 => got 20 - 0
04-21 12:03:04.068 508 831 E FMQ : grantorIdx must be less than 3
04-21 12:03:04.069 429 792 E FMQ : grantorIdx must be less than 3
04-21 12:03:04.077 763 763 D NetworkSecurityConfig: No Network Security Config specified, using platform default
04-21 12:03:04.077 763 763 D NetworkSecurityConfig: No Network Security Config specified, using platform default
04-21 12:03:04.083 429 832 E FMQ : grantorIdx must be less than 3
04-21 12:03:04.084 643 862 I droid.bluetoot: [0421/120304.084416:INFO:message_loop_thread.cc(175)] Run: message loop starting for thread bt_jni_thread
04-21 12:03:04.085 508 816 E FMQ : grantorIdx must be less than 3
04-21 12:03:04.086 508 805 I am_proc_bound: [0,834,com.android.phone]
04-21 12:03:04.087 508 831 D CCodecBuffers: [c2.android.vorbis.decoder#424:Output[N]] popFromStashAndRegister: output format changed to AMessage(what = 0x00000000) = {
04-21 12:03:04.087 508 831 D CCodecBuffers: int32_t bitrate = 140000
04-21 12:03:04.087 508 831 D CCodecBuffers: int32_t channel-count = 1
04-21 12:03:04.087 508 831 D CCodecBuffers: string mime = "audio/raw"
04-21 12:03:04.087 508 831 D CCodecBuffers: int32_t sample-rate = 48000
04-21 12:03:04.087 508 831 D CCodecBuffers: int32_t channel-mask = 1
04-21 12:03:04.087 508 831 D CCodecBuffers: }
04-21 12:03:04.088 643 840 I bt_btif_core: btif_init_bluetooth finished
04-21 12:03:04.088 643 840 I bt_stack_manager: event_init_stack finished
04-21 12:03:04.088 643 643 I bt_osi_wakelock: wakelock_set_os_callouts set to non-native
04-21 12:03:04.088 643 643 I bt_btif : get_profile_interface: id = socket
04-21 12:03:04.089 643 862 E bt_btif_storage: btif_storage_get_adapter_property: Controller not ready! Unable to return Bluetooth Address
04-21 12:03:04.089 643 862 E BluetoothServiceJni: adapter_properties_callback: Status 1 is incorrect
04-21 12:03:04.092 643 643 D BluetoothKeystoreService: initJni()
04-21 12:03:04.092 643 643 I bt_btif : get_profile_interface: id = bluetooth_keystore
04-21 12:03:04.093 643 643 I bt_btif : get_profile_interface: id = sdp
04-21 12:03:04.094 508 805 I am_uid_active: 1001
04-21 12:03:04.097 643 643 I BluetoothAdapterService: Phone policy enabled
04-21 12:03:04.099 643 862 D AdapterProperties: Name is: iMX8
04-21 12:03:04.099 508 527 I DropBoxManagerService: add tag=system_app_strictmode isTagEnabled=true flags=0x2
04-21 12:03:04.099 643 862 D AdapterProperties: BT Class:5a020c
04-21 12:03:04.105 643 643 D BluetoothActiveDeviceManager: start()
04-21 12:03:04.112 508 831 I hw-BpHwBinder: onLastStrongRef automatically unlinking death recipients
04-21 12:03:04.113 429 806 I hw-BpHwBinder: onLastStrongRef automatically unlinking death recipients
04-21 12:03:04.113 429 806 V C2Store : in ~ComponentModule
04-21 12:03:04.113 429 806 V C2Store : unloading dll
04-21 12:03:04.120 416 639 E Utils : did not find channel-count and/or sample-rate
04-21 12:03:04.121 643 864 D BluetoothActiveDeviceManager: onAudioDevicesAdded
04-21 12:03:04.121 643 864 D BluetoothActiveDeviceManager: Audio device added: EVK_8MM type: 2
04-21 12:03:04.121 643 864 D BluetoothActiveDeviceManager: Audio device added: EVK_8MM type: 15
04-21 12:03:04.122 643 864 D BluetoothActiveDeviceManager: Audio device added: EVK_8MM type: 25
04-21 12:03:04.126 508 867 D CCodec : allocate(c2.android.vorbis.decoder)
04-21 12:03:04.127 333 333 D Zygote : Forked child process 868
04-21 12:03:04.128 508 867 I CCodec : setting up 'default' as default (vendor) store
04-21 12:03:04.129 429 806 V C2Store : in init
04-21 12:03:04.129 416 482 E Utils : did not find channel-count and/or sample-rate
04-21 12:03:04.129 429 806 V C2Store : loading dll
04-21 12:03:04.130 508 527 I DropBoxManagerService: add tag=system_app_strictmode isTagEnabled=true flags=0x2
04-21 12:03:04.130 508 535 W ActivityManager: Slow operation: 185ms so far, now at startProcess: returned from zygote!
04-21 12:03:04.131 508 535 W ActivityManager: Slow operation: 186ms so far, now at startProcess: done updating battery stats
04-21 12:03:04.131 508 535 I am_proc_start: [0,868,1000,com.android.settings,top-activity,{com.android.settings/com.android.settings.FallbackHome}]
04-21 12:03:04.131 508 535 W ActivityManager: Slow operation: 186ms so far, now at startProcess: building log message
04-21 12:03:04.131 508 535 I ActivityManager: Start proc 868:com.android.settings/1000 for top-activity {com.android.settings/com.android.settings.FallbackHome}
04-21 12:03:04.131 508 535 W ActivityManager: Slow operation: 186ms so far, now at startProcess: starting to update pids map
04-21 12:03:04.133 868 868 I Zygote : seccomp disabled by setenforce 0
04-21 12:03:04.134 508 867 I CCodec : Created component [c2.android.vorbis.decoder]
04-21 12:03:04.134 508 535 W ActivityManager: Slow operation: 189ms so far, now at startProcess: done updating pids map
04-21 12:03:04.134 508 867 D CCodecConfig: read media type: audio/vorbis
04-21 12:03:04.134 508 535 W ActivityManager: Slow operation: 164ms so far, now at startProcess: asking zygote to start proc
04-21 12:03:04.135 508 535 D CompatibilityChangeReporter: Compat change id reported: 143937733; UID 10126; state: ENABLED
04-21 12:03:04.138 508 867 D ReflectedParamUpdater: extent() != 1 for single value type: algo.buffers.max-count.values
04-21 12:03:04.138 643 643 D BluetoothDatabase: start()
04-21 12:03:04.138 508 867 D ReflectedParamUpdater: extent() != 1 for single value type: output.subscribed-indices.values
04-21 12:03:04.138 508 867 D ReflectedParamUpdater: extent() != 1 for single value type: input.buffers.allocator-ids.values
04-21 12:03:04.139 508 867 D ReflectedParamUpdater: extent() != 1 for single value type: output.buffers.allocator-ids.values
04-21 12:03:04.139 508 867 D ReflectedParamUpdater: extent() != 1 for single value type: algo.buffers.allocator-ids.values
04-21 12:03:04.139 508 867 D ReflectedParamUpdater: extent() != 1 for single value type: output.buffers.pool-ids.values
04-21 12:03:04.140 508 867 D ReflectedParamUpdater: extent() != 1 for single value type: algo.buffers.pool-ids.values
04-21 12:03:04.141 643 643 D BluetoothDatabase: Load Database
04-21 12:03:04.141 508 867 I CCodecConfig: query failed after returning 7 values (BAD_INDEX)
04-21 12:03:04.141 508 867 D CCodecConfig: c2 config diff is Dict {
04-21 12:03:04.141 508 867 D CCodecConfig: c2::u32 coded.bitrate.value = 64000
04-21 12:03:04.141 508 867 D CCodecConfig: c2::u32 input.buffers.max-size.value = 32768
04-21 12:03:04.141 508 867 D CCodecConfig: c2::u32 input.delay.value = 0
04-21 12:03:04.141 508 867 D CCodecConfig: string input.media-type.value = "audio/vorbis"
04-21 12:03:04.141 508 867 D CCodecConfig: string output.media-type.value = "audio/raw"
04-21 12:03:04.141 508 867 D CCodecConfig: c2::u32 raw.channel-count.value = 1
04-21 12:03:04.141 508 867 D CCodecConfig: c2::u32 raw.sample-rate.value = 48000
04-21 12:03:04.141 508 867 D CCodecConfig: }
04-21 12:03:04.142 508 527 I DropBoxManagerService: add tag=system_app_strictmode isTagEnabled=true flags=0x2
04-21 12:03:04.142 508 867 D CCodec : [c2.android.vorbis.decoder] buffers are bound to CCodec for this session
04-21 12:03:04.143 508 867 D CCodecConfig: no c2 equivalents for durationUs
04-21 12:03:04.143 508 867 D CCodecConfig: no c2 equivalents for track-id
04-21 12:03:04.143 508 867 D CCodecConfig: no c2 equivalents for csd-1
04-21 12:03:04.143 508 867 D CCodecConfig: no c2 equivalents for channel-mask
04-21 12:03:04.143 508 867 D CCodecConfig: no c2 equivalents for flags
04-21 12:03:04.144 508 867 D CCodecConfig: c2 config diff is c2::u32 coded.bitrate.value = 140000
04-21 12:03:04.144 508 874 D CCodec : allocate(c2.android.vorbis.decoder)
04-21 12:03:04.145 508 867 W Codec2Client: query -- param skipped: index = 1107298332.
04-21 12:03:04.145 763 763 I SecureElementService: main onCreate
04-21 12:03:04.145 508 867 D CCodec : setup formats input: AMessage(what = 0x00000000) = {
04-21 12:03:04.145 508 867 D CCodec : int32_t bitrate = 140000
04-21 12:03:04.145 508 867 D CCodec : int32_t channel-count = 1
04-21 12:03:04.145 508 867 D CCodec : int32_t max-input-size = 32768
04-21 12:03:04.145 508 867 D CCodec : string mime = "audio/vorbis"
04-21 12:03:04.145 508 867 D CCodec : int32_t sample-rate = 48000
04-21 12:03:04.145 508 867 D CCodec : } and output: AMessage(what = 0x00000000) = {
04-21 12:03:04.145 508 867 D CCodec : int32_t bitrate = 140000
04-21 12:03:04.145 508 867 D CCodec : int32_t channel-count = 1
04-21 12:03:04.145 508 867 D CCodec : string mime = "audio/raw"
04-21 12:03:04.145 508 867 D CCodec : int32_t sample-rate = 48000
04-21 12:03:04.145 508 867 D CCodec : int32_t channel-mask = 1
04-21 12:03:04.145 508 867 D CCodec : }
04-21 12:03:04.146 508 867 W Codec2Client: query -- param skipped: index = 1342179345.
04-21 12:03:04.146 508 867 W Codec2Client: query -- param skipped: index = 2415921170.
04-21 12:03:04.147 508 874 I CCodec : setting up 'default' as default (vendor) store
04-21 12:03:04.147 508 867 E FMQ : grantorIdx must be less than 3
04-21 12:03:04.147 508 867 E FMQ : grantorIdx must be less than 3
04-21 12:03:04.148 508 867 D CCodecBufferChannel: [c2.android.vorbis.decoder#391] Created input block pool with allocatorID 16 => poolID 21 - OK (0)
04-21 12:03:04.148 448 468 I adbd : jdwp connection from 868
04-21 12:03:04.149 429 818 E FMQ : grantorIdx must be less than 3
04-21 12:03:04.149 429 818 E FMQ : grantorIdx must be less than 3
04-21 12:03:04.150 508 867 I CCodecBufferChannel: [c2.android.vorbis.decoder#391] Created output block pool with allocatorID 16 => poolID 21 - OK
04-21 12:03:04.151 508 867 D CCodecBufferChannel: [c2.android.vorbis.decoder#391] Configured output block pool ids 21 => OK
04-21 12:03:04.151 508 508 I system_server: The ClassLoaderContext is a special shared library.
04-21 12:03:04.154 508 527 I DropBoxManagerService: add tag=system_app_strictmode isTagEnabled=true flags=0x2
04-21 12:03:04.156 508 874 I CCodec : Created component [c2.android.vorbis.decoder]
04-21 12:03:04.156 508 874 D CCodecConfig: read media type: audio/vorbis
04-21 12:03:04.158 508 522 D TelephonyRegistry: listen oscl: mHasNotifySubscriptionInfoChangedOccurred==false no callback
04-21 12:03:04.160 508 874 D ReflectedParamUpdater: extent() != 1 for single value type: algo.buffers.max-count.values
04-21 12:03:04.161 508 874 D ReflectedParamUpdater: extent() != 1 for single value type: output.subscribed-indices.values
04-21 12:03:04.162 508 874 D ReflectedParamUpdater: extent() != 1 for single value type: input.buffers.allocator-ids.values
04-21 12:03:04.162 508 874 D ReflectedParamUpdater: extent() != 1 for single value type: output.buffers.allocator-ids.values
04-21 12:03:04.163 429 875 D SimpleC2Component: Using output block pool with poolID 21 => got 21 - 0
04-21 12:03:04.164 508 874 D ReflectedParamUpdater: extent() != 1 for single value type: algo.buffers.allocator-ids.values
04-21 12:03:04.164 508 874 D ReflectedParamUpdater: extent() != 1 for single value type: output.buffers.pool-ids.values
04-21 12:03:04.164 508 874 D ReflectedParamUpdater: extent() != 1 for single value type: algo.buffers.pool-ids.values
04-21 12:03:04.166 508 867 E FMQ : grantorIdx must be less than 3
04-21 12:03:04.166 508 787 I am_proc_bound: [0,868,com.android.settings]
04-21 12:03:04.167 429 818 E FMQ : grantorIdx must be less than 3
04-21 12:03:04.169 763 763 I SecureElementService: Check if terminal eSE1 is available.
04-21 12:03:04.169 508 874 I CCodecConfig: query failed after returning 7 values (BAD_INDEX)
04-21 12:03:04.169 508 874 D CCodecConfig: c2 config diff is Dict {
04-21 12:03:04.169 508 874 D CCodecConfig: c2::u32 coded.bitrate.value = 64000
04-21 12:03:04.169 508 874 D CCodecConfig: c2::u32 input.buffers.max-size.value = 32768
04-21 12:03:04.169 508 874 D CCodecConfig: c2::u32 input.delay.value = 0
04-21 12:03:04.169 508 874 D CCodecConfig: string input.media-type.value = "audio/vorbis"
04-21 12:03:04.169 508 874 D CCodecConfig: string output.media-type.value = "audio/raw"
04-21 12:03:04.169 508 874 D CCodecConfig: c2::u32 raw.channel-count.value = 1
04-21 12:03:04.169 508 874 D CCodecConfig: c2::u32 raw.sample-rate.value = 48000
04-21 12:03:04.169 508 874 D CCodecConfig: }
04-21 12:03:04.171 223 223 I hwservicemanager: getTransport: Cannot find entry android.hardware.secure_element@1.2::ISecureElement/eSE1 in either framework or device manifest.
04-21 12:03:04.171 508 874 D CCodec : [c2.android.vorbis.decoder] buffers are bound to CCodec for this session
04-21 12:03:04.172 508 874 D CCodecConfig: no c2 equivalents for durationUs
04-21 12:03:04.172 508 874 D CCodecConfig: no c2 equivalents for track-id
04-21 12:03:04.172 508 874 D CCodecConfig: no c2 equivalents for csd-1
04-21 12:03:04.172 508 874 D CCodecConfig: no c2 equivalents for channel-mask
04-21 12:03:04.172 508 874 D CCodecConfig: no c2 equivalents for flags
04-21 12:03:04.173 508 874 D CCodecConfig: c2 config diff is c2::u32 coded.bitrate.value = 239920
04-21 12:03:04.173 508 874 D CCodecConfig: c2::u32 raw.sample-rate.value = 44100
04-21 12:03:04.174 508 874 W Codec2Client: query -- param skipped: index = 1107298332.
04-21 12:03:04.174 508 874 D CCodec : setup formats input: AMessage(what = 0x00000000) = {
04-21 12:03:04.174 508 874 D CCodec : int32_t bitrate = 239920
04-21 12:03:04.174 508 874 D CCodec : int32_t channel-count = 1
04-21 12:03:04.174 508 874 D CCodec : int32_t max-input-size = 32768
04-21 12:03:04.174 508 874 D CCodec : string mime = "audio/vorbis"
04-21 12:03:04.174 508 874 D CCodec : int32_t sample-rate = 44100
04-21 12:03:04.174 508 874 D CCodec : } and output: AMessage(what = 0x00000000) = {
04-21 12:03:04.174 508 874 D CCodec : int32_t bitrate = 239920
04-21 12:03:04.174 508 874 D CCodec : int32_t channel-count = 1
04-21 12:03:04.174 508 874 D CCodec : string mime = "audio/raw"
04-21 12:03:04.174 508 874 D CCodec : int32_t sample-rate = 44100
04-21 12:03:04.174 508 874 D CCodec : int32_t channel-mask = 1
04-21 12:03:04.174 508 874 D CCodec : }
04-21 12:03:04.175 429 875 E FMQ : grantorIdx must be less than 3
04-21 12:03:04.176 508 816 E FMQ : grantorIdx must be less than 3
04-21 12:03:04.176 508 787 I wm_restart_activity: [0,18624062,2,com.android.settings/.FallbackHome]
04-21 12:03:04.178 508 867 D CCodecBuffers: [c2.android.vorbis.decoder#391:Output[N]] popFromStashAndRegister: output format changed to AMessage(what = 0x00000000) = {
04-21 12:03:04.178 508 867 D CCodecBuffers: int32_t bitrate = 140000
04-21 12:03:04.178 508 867 D CCodecBuffers: int32_t channel-count = 1
04-21 12:03:04.178 508 867 D CCodecBuffers: string mime = "audio/raw"
04-21 12:03:04.178 508 867 D CCodecBuffers: int32_t sample-rate = 48000
04-21 12:03:04.178 508 867 D CCodecBuffers: int32_t channel-mask = 1
04-21 12:03:04.178 508 867 D CCodecBuffers: }
04-21 12:03:04.179 508 874 W Codec2Client: query -- param skipped: index = 1342179345.
04-21 12:03:04.180 508 874 W Codec2Client: query -- param skipped: index = 2415921170.
04-21 12:03:04.181 508 874 E FMQ : grantorIdx must be less than 3
04-21 12:03:04.181 508 874 E FMQ : grantorIdx must be less than 3
04-21 12:03:04.181 508 874 D CCodecBufferChannel: [c2.android.vorbis.decoder#492] Created input block pool with allocatorID 16 => poolID 22 - OK (0)
04-21 12:03:04.182 429 818 E FMQ : grantorIdx must be less than 3
04-21 12:03:04.183 429 818 E FMQ : grantorIdx must be less than 3
04-21 12:03:04.184 508 787 I wm_set_resumed_activity: [0,com.android.settings/.FallbackHome,minimalResumeActivityLocked]
04-21 12:03:04.191 333 333 D Zygote : Forked child process 892
04-21 12:03:04.195 508 874 I CCodecBufferChannel: [c2.android.vorbis.decoder#492] Created output block pool with allocatorID 16 => poolID 22 - OK
04-21 12:03:04.196 508 874 D CCodecBufferChannel: [c2.android.vorbis.decoder#492] Configured output block pool ids 22 => OK
04-21 12:03:04.204 508 535 W ActivityManager: Slow operation: 233ms so far, now at startProcess: returned from zygote!
04-21 12:03:04.204 763 763 D SecureElement-Terminal-eSE1: SE Hal V1.2 is not supported
04-21 12:03:04.204 508 535 W ActivityManager: Slow operation: 234ms so far, now at startProcess: done updating battery stats
04-21 12:03:04.204 508 535 I am_proc_start: [0,892,10126,android.ext.services,service,{android.ext.services/android.ext.services.autofill.InlineSuggestionRenderServiceImpl}]
04-21 12:03:04.204 508 535 W ActivityManager: Slow operation: 234ms so far, now at startProcess: building log message
04-21 12:03:04.204 508 535 I ActivityManager: Start proc 892:android.ext.services/u0a126 for service {android.ext.services/android.ext.services.autofill.InlineSuggestionRenderServiceImpl}
04-21 12:03:04.204 508 535 W ActivityManager: Slow operation: 234ms so far, now at startProcess: starting to update pids map
04-21 12:03:04.205 508 535 W ActivityManager: Slow operation: 234ms so far, now at startProcess: done updating pids map
04-21 12:03:04.206 223 223 I hwservicemanager: getTransport: Cannot find entry android.hardware.secure_element@1.1::ISecureElement/eSE1 in either framework or device manifest.
04-21 12:03:04.207 763 763 D SecureElement-Terminal-eSE1: SE Hal V1.1 is not supported
04-21 12:03:04.207 892 892 I Zygote : seccomp disabled by setenforce 0
04-21 12:03:04.207 223 223 I hwservicemanager: getTransport: Cannot find entry android.hardware.secure_element@1.0::ISecureElement/eSE1 in either framework or device manifest.
04-21 12:03:04.215 763 763 I SecureElementService: No HAL implementation for eSE1
04-21 12:03:04.215 763 763 I SecureElementService: Check if terminal SIM1 is available.
04-21 12:03:04.216 643 643 D BluetoothAdapterService: setAdapterService() - trying to set service to com.android.bluetooth.btservice.AdapterService@a154202
04-21 12:03:04.217 429 890 D SimpleC2Component: Using output block pool with poolID 22 => got 22 - 0
04-21 12:03:04.219 223 223 I hwservicemanager: getTransport: Cannot find entry android.hardware.secure_element@1.2::ISecureElement/SIM1 in either framework or device manifest.
04-21 12:03:04.223 508 874 E FMQ : grantorIdx must be less than 3
04-21 12:03:04.224 429 841 E FMQ : grantorIdx must be less than 3
04-21 12:03:04.235 448 468 I adbd : jdwp connection from 892
04-21 12:03:04.235 508 867 D CCodecBufferChannel: [c2.android.vorbis.decoder#391] MediaCodec discarded an unknown buffer
04-21 12:03:04.235 508 867 I chatty : uid=1000(system) Binder:508_3 identical 1 line
04-21 12:03:04.236 508 867 D CCodecBufferChannel: [c2.android.vorbis.decoder#391] MediaCodec discarded an unknown buffer
04-21 12:03:04.238 429 890 E FMQ : grantorIdx must be less than 3
04-21 12:03:04.239 508 523 I am_proc_bound: [0,892,android.ext.services]
04-21 12:03:04.239 508 815 E FMQ : grantorIdx must be less than 3
04-21 12:03:04.241 508 874 D CCodecBuffers: [c2.android.vorbis.decoder#492:Output[N]] popFromStashAndRegister: output format changed to AMessage(what = 0x00000000) = {
04-21 12:03:04.241 508 874 D CCodecBuffers: int32_t bitrate = 239920
04-21 12:03:04.241 508 874 D CCodecBuffers: int32_t channel-count = 1
04-21 12:03:04.241 508 874 D CCodecBuffers: string mime = "audio/raw"
04-21 12:03:04.241 508 874 D CCodecBuffers: int32_t sample-rate = 44100
04-21 12:03:04.241 508 874 D CCodecBuffers: int32_t channel-mask = 1
04-21 12:03:04.241 508 874 D CCodecBuffers: }
04-21 12:03:04.242 508 523 I am_uid_active: 10126
04-21 12:03:04.244 763 763 D SecureElement-Terminal-SIM1: SE Hal V1.2 is not supported
04-21 12:03:04.244 223 223 I hwservicemanager: getTransport: Cannot find entry android.hardware.secure_element@1.1::ISecureElement/SIM1 in either framework or device manifest.
04-21 12:03:04.245 763 763 D SecureElement-Terminal-SIM1: SE Hal V1.1 is not supported
04-21 12:03:04.246 223 223 I hwservicemanager: getTransport: Cannot find entry android.hardware.secure_element@1.0::ISecureElement/SIM1 in either framework or device manifest.
04-21 12:03:04.246 763 763 I SecureElementService: No HAL implementation for SIM1
04-21 12:03:04.251 668 668 D CompatibilityChangeReporter: Compat change id reported: 147600208; UID 10118; state: ENABLED
04-21 12:03:04.252 508 917 I hw-BpHwBinder: onLastStrongRef automatically unlinking death recipients
04-21 12:03:04.254 868 868 I ndroid.setting: The ClassLoaderContext is a special shared library.
04-21 12:03:04.261 508 508 D NetworkSecurityConfig: No Network Security Config specified, using platform default
04-21 12:03:04.262 508 508 D NetworkSecurityConfig: No Network Security Config specified, using platform default
04-21 12:03:04.265 508 526 I dvm_lock_sample: [system_server,1,android.ui,23,ActivityManagerService.java,3440,void com.android.server.am.ActivityManagerService.dispatchUidsChanged(),-,3118,void com.android.server.am.ActivityManagerService.notifyPackageUse(java.lang.String, int),4]
04-21 12:03:04.268 508 874 D CCodecBufferChannel: [c2.android.vorbis.decoder#492] MediaCodec discarded an unknown buffer
04-21 12:03:04.268 643 643 D BluetoothAdapterService: onBind()
04-21 12:03:04.268 508 874 D CCodecBufferChannel: [c2.android.vorbis.decoder#492] MediaCodec discarded an unknown buffer
04-21 12:03:04.270 868 868 I ndroid.setting: The ClassLoaderContext is a special shared library.
04-21 12:03:04.270 508 874 I hw-BpHwBinder: onLastStrongRef automatically unlinking death recipients
04-21 12:03:04.270 429 806 I hw-BpHwBinder: onLastStrongRef automatically unlinking death recipients
04-21 12:03:04.271 429 806 V C2Store : in ~ComponentModule
04-21 12:03:04.271 429 806 V C2Store : unloading dll
04-21 12:03:04.272 508 522 I service_manager_stats: [387,249,5068]
04-21 12:03:04.278 741 741 I TetheringManager: registerTetheringEventCallback:com.android.networkstack
04-21 12:03:04.280 508 522 D ConnectivityService: requestNetwork for uid/pid:1073/741 NetworkRequest [ TRACK_DEFAULT id=9, [ Capabilities: INTERNET&NOT_RESTRICTED&TRUSTED Uid: 1073 AdministratorUids: [] RequestorUid: 1073 RequestorPackageName: com.android.networkstack] ]
04-21 12:03:04.280 508 597 D ConnectivityService: NetReassign [no changes]
04-21 12:03:04.282 508 626 D Ethernet: got request NetworkRequest [ TRACK_DEFAULT id=9, [ Capabilities: INTERNET&NOT_RESTRICTED&TRUSTED Uid: 1073 AdministratorUids: [] RequestorUid: 1073 RequestorPackageName: com.android.networkstack] ] with score 0 and providerId 0
04-21 12:03:04.286 508 597 D ConnectivityService: NetReassign [no changes]
04-21 12:03:04.289 508 508 W Looper : Slow dispatch took 305ms main h=android.app.ActivityThread$H c=null m=114
04-21 12:03:04.293 508 508 D PackageWatchdog: Getting all observed packages pending health checks
04-21 12:03:04.293 508 508 I PackageWatchdog: Syncing health check requests for packages: {}
04-21 12:03:04.293 508 508 I ExplicitHealthCheckController: Service not ready to get health check supported packages. Binding...
04-21 12:03:04.301 741 741 D ApplicationLoaders: Returning zygote-cached class loader: /system/framework/android.test.base.jar
04-21 12:03:04.303 508 508 I ExplicitHealthCheckController: Explicit health check service is bound
04-21 12:03:04.305 643 876 D BluetoothDatabase: compactLastConnectionTime: Compacting metadata after load
04-21 12:03:04.306 643 876 I BluetoothDatabase: cacheMetadata
04-21 12:03:04.320 834 834 I m.android.phon: The ClassLoaderContext is a special shared library.
04-21 12:03:04.331 408 408 D incidentd: WorkDirectory::getReports
