04-21 12:03:10.370 346 346 I gralloc_driver: is_supported check descriptor name=com.android.launcher3/com.android.launcher3.uioverrides.QuickstepLauncher#0, width=1280, height=800, droid_format=RGBA8888, usage=COMPOSER_OVERLAY|GPU_RENDER_TARGET|GPU_TEXTURE
04-21 12:03:10.385 346 945 I gralloc_driver: is_supported check descriptor name=com.android.launcher3/com.android.launcher3.uioverrides.QuickstepLauncher#0, width=1280, height=800, droid_format=RGBA8888, usage=COMPOSER_OVERLAY|GPU_RENDER_TARGET|GPU_TEXTURE
04-21 12:03:10.387 346 346 I gralloc_driver: is_supported check descriptor name=com.android.launcher3/com.android.launcher3.uioverrides.QuickstepLauncher#0, width=1280, height=800, droid_format=RGBA8888, usage=COMPOSER_OVERLAY|GPU_RENDER_TARGET|GPU_TEXTURE
04-21 12:03:10.389 346 945 I gralloc_driver: is_supported check descriptor name=ImageReader-31x13f1u256m2-986-2, width=31, height=13, droid_format=RGBA8888, usage=GPU_RENDER_TARGET|GPU_TEXTURE
04-21 12:03:10.399 1289 1361 I ContactLocale: AddressBook Labels [[en_US]]: […, A, B, C, D, E, F, G, H, I, J, K, L, M, N, O, P, Q, R, S, T, U, V, W, X, Y, Z, Α, Β, Γ, Δ, Ε, Ζ, Η, Θ, Ι, Κ, Λ, Μ, Ν, Ξ, Ο, Π, Ρ, Σ, Τ, Υ, Φ, Χ, Ψ, Ω, …, А, Б, В, Г, Д, Ђ, Е, Є, Ж, З, И, І, Й, Ј, К, Л, Љ, М, Н, Њ, О, П, Р, С, Т, Ћ, У, Ф, Х, Ц, Ч, Џ, Ш, Щ, Ю, Я, …, א, ב, ג, ד, ה, ו, ז, ח, ט, י, כ, ל, מ, נ, ס, ע, פ, צ, ק, ר, ש, ת, …, ا, ب, ت, ث, ج, ح, خ, د, ذ, ر, ز, س, ش, ص, ض, ط, ظ, ع, غ, ف, ق, ك, ل, م, ن, ه, و, ي, …, ก, ข, ฃ, ค, ฅ, ฆ, ง, จ, ฉ, ช, ซ, ฌ, ญ, ฎ, ฏ, ฐ, ฑ, ฒ, ณ, ด, ต, ถ, ท, ธ, น, บ, ป, ผ, ฝ, พ, ฟ, ภ, ม, ย, ร, ฤ, ล, ฦ, ว, ศ, ษ, ส, ห, ฬ, อ, ฮ, …, ㄱ, ㄴ, ㄷ, ㄹ, ㅁ, ㅂ, ㅅ, ㅇ, ㅈ, ㅊ, ㅋ, ㅌ, ㅍ, ㅎ, …, あ, か, さ, た, な, は, ま, や, ら, わ, #, …]
04-21 12:03:10.400 1289 1360 W d.process.acor: Long monitor contention with owner Worker-1 (1361) at void com.android.providers.contacts.ContactLocaleUtils.setLocales(com.android.providers.contacts.LocaleSet)(ContactLocaleUtils.java:558) waiters=0 in void com.android.providers.contacts.ContactLocaleUtils.setLocales(com.android.providers.contacts.LocaleSet) for 130ms
04-21 12:03:10.401 1289 1360 I dvm_lock_sample: [android.process.acore,0,Worker-1,130,ContactLocaleUtils.java,-1,void com.android.providers.contacts.ContactLocaleUtils.setLocales(com.android.providers.contacts.LocaleSet),-,558,void com.android.providers.contacts.ContactLocaleUtils.setLocales(com.android.providers.contacts.LocaleSet),26]
04-21 12:03:10.416 1366 1366 D NetworkSecurityConfig: No Network Security Config specified, using platform default
04-21 12:03:10.417 1366 1366 D NetworkSecurityConfig: No Network Security Config specified, using platform default
04-21 12:03:10.420 986 1174 E FrameEvents: updateAcquireFence: Did not find frame.
04-21 12:03:10.421 346 945 I gralloc_driver: is_supported check descriptor name=ImageReader-31x13f1u256m2-986-2, width=31, height=13, droid_format=RGBA8888, usage=GPU_RENDER_TARGET|GPU_TEXTURE
04-21 12:03:10.434 1289 1361 D ContactsDatabaseHelper: WAL enabled for profile.db: false
04-21 12:03:10.455 1058 1058 I AlarmClock: AlarmInitReceiver android.intent.action.BOOT_COMPLETED
04-21 12:03:10.473 508 585 W ShortcutService: Clock rewound
04-21 12:03:10.484 1058 1094 I AlarmClock: Fixing alarm instances
04-21 12:03:10.495 1289 1360 I dvm_lock_sample: [android.process.acore,0,Worker-1,81,SQLiteOpenHelper.java,339,android.database.sqlite.SQLiteDatabase android.database.sqlite.SQLiteOpenHelper.getReadableDatabase(),-,340,android.database.sqlite.SQLiteDatabase android.database.sqlite.SQLiteOpenHelper.getReadableDatabase(),16]
04-21 12:03:10.507 508 585 I wm_stop_activity: [0,121504968,com.android.launcher3/.uioverrides.QuickstepLauncher]
04-21 12:03:10.512 986 986 I wm_on_stop_called: [121504968,com.android.launcher3.uioverrides.QuickstepLauncher,STOP_ACTIVITY_ITEM]
04-21 12:03:10.541 232 236 I vold : Bind mounting //data/media/0/Android/data on /mnt/user/0/emulated/0/Android/data
04-21 12:03:10.542 1058 1094 V AlarmClock: AlarmInitReceiver finished
04-21 12:03:10.544 232 236 I vold : Bind mounted //data/media/0/Android/data on /mnt/user/0/emulated/0/Android/data
04-21 12:03:10.545 232 236 I vold : Bind mounting //data/media/0/Android/obb on /mnt/user/0/emulated/0/Android/obb
04-21 12:03:10.551 232 236 I vold : Bind mounted //data/media/0/Android/obb on /mnt/user/0/emulated/0/Android/obb
04-21 12:03:10.551 232 236 I vold : Configuring read_ahead of /mnt/user/0/emulated fuse filesystem to 256kb
04-21 12:03:10.552 1232 1232 I Dialer : VoicemailModule.provideVoicemailClient - providing VoicemailClientImpl
04-21 12:03:10.552 232 236 I vold : Writing 256 to /sys/class/bdi/0:61/read_ahead_kb
04-21 12:03:10.552 232 236 I vold : Configuring max_ratio of /mnt/user/0/emulated fuse filesystem to 40
04-21 12:03:10.552 232 236 I vold : Writing 40 to /sys/class/bdi/0:61/max_ratio
04-21 12:03:10.553 508 586 I StorageManagerService: Mounted volume VolumeInfo{emulated;0}:
04-21 12:03:10.553 508 586 I StorageManagerService: type=EMULATED diskId=null partGuid= mountFlags=PRIMARY|VISIBLE
04-21 12:03:10.553 508 586 I StorageManagerService: mountUserId=0 state=MOUNTED
04-21 12:03:10.553 508 586 I StorageManagerService: fsType=null fsUuid=null fsLabel=null
04-21 12:03:10.553 508 586 I StorageManagerService: path=/storage/emulated internalPath=/data/media
04-21 12:03:10.554 508 586 I StorageSessionController: Notifying volume state changed for session with id: emulated;0
04-21 12:03:10.562 1232 1232 I Dialer : VvmOmtpService - onBoot
04-21 12:03:10.580 986 986 W Choreographer: Frame time is 0.160418 ms in the future! Check that graphics HAL is generating vsync timestamps using the correct timebase.
04-21 12:03:10.580 508 522 D CompatibilityChangeReporter: Compat change id reported: 135634846; UID 1000; state: DISABLED
04-21 12:03:10.581 508 522 D CompatibilityChangeReporter: Compat change id reported: 135754954; UID 1000; state: ENABLED
04-21 12:03:10.601 1103 1201 V MediaStore: Examining volume emulated;0 with name external_primary and state mounted
04-21 12:03:10.602 1103 1201 V MediaProvider: Updated external volumes to: {external_primary}
04-21 12:03:10.607 508 586 I StorageManagerService: Mounting volume VolumeInfo{public:179,97}:
04-21 12:03:10.607 508 586 I StorageManagerService: type=PUBLIC diskId=disk:179,96 partGuid= mountFlags=0 mountUserId=0
04-21 12:03:10.607 508 586 I StorageManagerService: state=UNMOUNTED
04-21 12:03:10.607 508 586 I StorageManagerService: fsType=null fsUuid=null fsLabel=null
04-21 12:03:10.607 508 586 I StorageManagerService: path=null internalPath=null
04-21 12:03:10.608 232 236 D vold : /system/bin/blkid
04-21 12:03:10.608 232 236 D vold : -c
04-21 12:03:10.608 232 236 D vold : /dev/null
04-21 12:03:10.608 232 236 D vold : -s
04-21 12:03:10.608 232 236 D vold : TYPE
04-21 12:03:10.608 232 236 D vold : -s
04-21 12:03:10.608 232 236 D vold : UUID
04-21 12:03:10.608 232 236 D vold : -s
04-21 12:03:10.608 232 236 D vold : LABEL
04-21 12:03:10.608 232 236 D vold : /dev/block/vold/public:179,97
04-21 12:03:10.610 508 805 W StorageManagerService: Reporting emulated;0 unmounted due to system locked
04-21 12:03:10.611 508 508 W StorageManagerService: Reporting emulated;0 unmounted due to system locked
04-21 12:03:10.611 1103 1103 V MediaStore: Examining volume emulated;0 with name external_primary and state mounted
04-21 12:03:10.611 1103 1103 V MediaProvider: Updated external volumes to: {external_primary}
04-21 12:03:10.612 508 508 W StorageManagerService: Reporting emulated;0 unmounted due to system locked
04-21 12:03:10.615 333 333 D Zygote : Forked child process 1395
04-21 12:03:10.624 1395 1395 I Zygote : seccomp disabled by setenforce 0
04-21 12:03:10.637 508 535 W ActivityManager: Slow operation: 59ms so far, now at startProcess: done updating battery stats
04-21 12:03:10.637 508 535 I am_proc_start: [0,1395,1000,com.android.dynsystem,broadcast,{com.android.dynsystem/com.android.dynsystem.BootCompletedReceiver}]
04-21 12:03:10.637 508 535 W ActivityManager: Slow operation: 59ms so far, now at startProcess: building log message
04-21 12:03:10.637 508 535 I ActivityManager: Start proc 1395:com.android.dynsystem/1000 for broadcast {com.android.dynsystem/com.android.dynsystem.BootCompletedReceiver}
04-21 12:03:10.637 508 535 W ActivityManager: Slow operation: 59ms so far, now at startProcess: starting to update pids map
04-21 12:03:10.638 508 535 W ActivityManager: Slow operation: 59ms so far, now at startProcess: done updating pids map
04-21 12:03:10.642 448 468 I adbd : jdwp connection from 1395
04-21 12:03:10.648 508 522 I am_proc_bound: [0,1395,com.android.dynsystem]
04-21 12:03:10.680 1395 1395 I droid.dynsyste: The ClassLoaderContext is a special shared library.
04-21 12:03:10.686 232 236 D vold : /dev/block/vold/public:179,97: UUID="3835-6331" TYPE="vfat"
04-21 12:03:10.688 232 236 D vold : /system/bin/fsck_msdos
04-21 12:03:10.688 232 236 D vold : -p
04-21 12:03:10.688 232 236 D vold : -f
04-21 12:03:10.689 232 236 D vold : -y
04-21 12:03:10.689 232 236 D vold : /dev/block/vold/public:179,97
04-21 12:03:10.697 1395 1395 D NetworkSecurityConfig: No Network Security Config specified, using platform default
04-21 12:03:10.697 1395 1395 D NetworkSecurityConfig: No Network Security Config specified, using platform default
04-21 12:03:10.703 508 805 I am_uid_running: 10108
04-21 12:03:10.704 508 805 D CompatibilityChangeReporter: Compat change id reported: 135634846; UID 10108; state: DISABLED
04-21 12:03:10.705 508 805 D CompatibilityChangeReporter: Compat change id reported: 135754954; UID 10108; state: DISABLED
04-21 12:03:10.706 508 535 D CompatibilityChangeReporter: Compat change id reported: 143937733; UID 10108; state: DISABLED
04-21 12:03:10.723 333 333 D Zygote : Forked child process 1419
04-21 12:03:10.727 508 535 I am_proc_start: [0,1419,10108,com.android.inputmethod.latin,broadcast,{com.android.inputmethod.latin/com.android.inputmethod.latin.SystemBroadcastReceiver}]
04-21 12:03:10.727 508 535 I ActivityManager: Start proc 1419:com.android.inputmethod.latin/u0a108 for broadcast {com.android.inputmethod.latin/com.android.inputmethod.latin.SystemBroadcastReceiver}
04-21 12:03:10.729 1419 1419 I Zygote : seccomp disabled by setenforce 0
04-21 12:03:10.729 1419 1419 I libc : SetHeapTaggingLevel: tag level set to 0
04-21 12:03:10.733 508 527 I commit_sys_config_file: [jobs,8]
04-21 12:03:10.742 448 468 I adbd : jdwp connection from 1419
04-21 12:03:10.751 508 805 I am_proc_bound: [0,1419,com.android.inputmethod.latin]
04-21 12:03:10.770 1419 1419 D ApplicationLoaders: Returning zygote-cached class loader: /system/framework/android.test.base.jar
04-21 12:03:10.770 1419 1419 D ApplicationLoaders: Returning zygote-cached class loader: /system/framework/android.hidl.base-V1.0-java.jar
04-21 12:03:10.770 1419 1419 D ApplicationLoaders: Returning zygote-cached class loader: /system/framework/android.hidl.manager-V1.0-java.jar
04-21 12:03:10.770 1419 1419 D ApplicationLoaders: Returning zygote-cached class loader: /system/framework/android.hidl.base-V1.0-java.jar
04-21 12:03:10.779 365 1111 D CCodecBufferChannel: [c2.android.vorbis.decoder#488] buffers after EOS ignored (0 us)
04-21 12:03:10.780 365 1111 I chatty : uid=1013(media) /system/bin/mediaserver identical 1 line
04-21 12:03:10.780 365 1111 D CCodecBufferChannel: [c2.android.vorbis.decoder#488] buffers after EOS ignored (0 us)
04-21 12:03:10.780 1419 1419 I putmethod.lati: The ClassLoaderContext is a special shared library.
04-21 12:03:10.780 365 1107 D AudioTrack: stop(8): called with 84672 frames delivered
04-21 12:03:10.782 1419 1419 D nativeloader: classloader namespace configured for unbundled product apk. library_path=/product/app/LatinIME/lib/arm64:/product/app/LatinIME/LatinIME.apk!/lib/arm64-v8a:/product/lib64:/system/product/lib64
04-21 12:03:10.797 508 805 W OverlayManager: service 'idmap' died
04-21 12:03:10.803 508 597 D ConnectivityService: releasing NetworkRequest [ TRACK_DEFAULT id=16, [ Capabilities: INTERNET&NOT_RESTRICTED&TRUSTED Uid: 1001 AdministratorUids: [] RequestorUid: 1001 RequestorPackageName: com.android.phone] ] (release request)
04-21 12:03:10.804 834 834 D TelephonyNetworkFactory[0]: onReleaseNetworkFor NetworkRequest [ TRACK_DEFAULT id=16, [ Capabilities: INTERNET&NOT_RESTRICTED&TRUSTED Uid: 1001 AdministratorUids: [] RequestorUid: 1001 RequestorPackageName: com.android.phone] ] applied false
04-21 12:03:10.806 834 834 D DcRequest: Cellular request confirmed: NetworkRequest [ TRACK_DEFAULT id=16, [ Capabilities: INTERNET&NOT_RESTRICTED&TRUSTED Uid: 1001 AdministratorUids: [] RequestorUid: 1001 RequestorPackageName: com.android.phone] ]
04-21 12:03:10.806 834 834 D PhoneSwitcher: evaluating due to netReleased
04-21 12:03:10.806 834 834 D PhoneSwitcher: notifyPreferredDataSubIdChanged to -1
04-21 12:03:10.809 668 668 V KeyguardUpdateMonitor: onSubscriptionInfoChanged()
04-21 12:03:10.811 834 834 D PhoneSwitcher: Removed DcRequest, size: 7
04-21 12:03:10.811 834 834 D Telephony: isEmergencyPreferredAccount: subId=-1, activeData=-1
04-21 12:03:10.811 834 834 D Telephony: isEmergencyPreferredAccount: Device does not require preference.
04-21 12:03:10.815 1419 1419 D NetworkSecurityConfig: No Network Security Config specified, using platform default
04-21 12:03:10.816 1419 1419 D NetworkSecurityConfig: No Network Security Config specified, using platform default
04-21 12:03:10.818 986 986 E libprocessgroup: set_timerslack_ns write failed: Operation not permitted
04-21 12:03:10.825 1419 1419 I SystemBroadcastReceiver: Boot has been completed
04-21 12:03:10.826 1419 1419 I SystemBroadcastReceiver: toggleAppIcon() : FLAG_SYSTEM = true
04-21 12:03:10.827 232 236 D vold : /dev/block/vold/public:179,97: 3 files, 15549760 KiB free (485930 clusters)
04-21 12:03:10.828 232 236 I vold : Filesystem check completed OK
04-21 12:03:10.847 508 805 I am_uid_running: 10074
04-21 12:03:10.848 508 805 D CompatibilityChangeReporter: Compat change id reported: 135634846; UID 10074; state: DISABLED
04-21 12:03:10.849 508 586 I StorageManagerService: Mounted volume VolumeInfo{public:179,97}:
04-21 12:03:10.849 508 586 I StorageManagerService: type=PUBLIC diskId=disk:179,96 partGuid= mountFlags=0 mountUserId=0
04-21 12:03:10.849 508 586 I StorageManagerService: state=MOUNTED
04-21 12:03:10.849 508 586 I StorageManagerService: fsType=vfat fsUuid=3835-6331 fsLabel=
04-21 12:03:10.849 508 586 I StorageManagerService: path=/mnt/media_rw/3835-6331 internalPath=/mnt/media_rw/3835-6331
04-21 12:03:10.849 508 805 D CompatibilityChangeReporter: Compat change id reported: 135754954; UID 10074; state: ENABLED
04-21 12:03:10.849 508 535 D CompatibilityChangeReporter: Compat change id reported: 143937733; UID 10074; state: ENABLED
04-21 12:03:10.855 508 586 I commit_sys_config_file: [storage-settings,7]
04-21 12:03:10.857 508 508 W StorageManagerService: Reporting emulated;0 unmounted due to system locked
04-21 12:03:10.857 508 508 W StorageManagerService: Reporting public:179,97 unmounted due to system locked
04-21 12:03:10.857 668 668 D StorageNotification: Notifying about public volume: VolumeInfo{public:179,97}:
04-21 12:03:10.857 668 668 D StorageNotification: type=PUBLIC diskId=disk:179,96 partGuid= mountFlags=0 mountUserId=0
04-21 12:03:10.857 668 668 D StorageNotification: state=MOUNTED
04-21 12:03:10.857 668 668 D StorageNotification: fsType=vfat fsUuid=3835-6331 fsLabel=
04-21 12:03:10.857 668 668 D StorageNotification: path=/mnt/media_rw/3835-6331 internalPath=/mnt/media_rw/3835-6331
04-21 12:03:10.859 508 508 W StorageManagerService: Reporting emulated;0 unmounted due to system locked
04-21 12:03:10.859 508 508 W StorageManagerService: Reporting public:179,97 unmounted due to system locked
04-21 12:03:10.862 508 586 I StorageSessionController: Notifying volume state changed for session with id: emulated;0
04-21 12:03:10.862 1103 1103 V MediaStore: Examining volume emulated;0 with name external_primary and state mounted
04-21 12:03:10.863 1103 1103 V MediaStore: Examining volume public:179,97 with name 3835-6331 and state mounted
04-21 12:03:10.863 1103 1103 V MediaProvider: Updated external volumes to: {external_primary, 3835-6331}
04-21 12:03:10.863 429 692 D BufferPoolAccessor2.0: bufferpool2 0xb400fca3714535f8 : 0(0 size) total buffers - 0(0 size) used buffers - 12/16 (recycle/alloc) - 4/15 (fetch/transfer)
04-21 12:03:10.864 429 692 D BufferPoolAccessor2.0: bufferpool2 0xb400fca371452cb8 : 0(0 size) total buffers - 0(0 size) used buffers - 6/7 (recycle/alloc) - 1/6 (fetch/transfer)
04-21 12:03:10.864 429 692 D BufferPoolAccessor2.0: bufferpool2 0xb400fca371454188 : 0(0 size) total buffers - 0(0 size) used buffers - 15/17 (recycle/alloc) - 2/16 (fetch/transfer)
04-21 12:03:10.864 429 692 D BufferPoolAccessor2.0: evictor expired: 3, evicted: 3
04-21 12:03:10.866 508 508 I notification_enqueue: [10118,668,com.android.systemui,1397773634,public:179,97,0,Notification(channel=DSK shortcut=null contentView=null vibrate=null sound=null defaults=0x0 flags=0x100 color=0xff607d8b category=sys actions=2 vis=PUBLIC),0]
04-21 12:03:10.867 508 522 W StorageManagerService: Reporting emulated;0 unmounted due to system locked
04-21 12:03:10.868 508 522 W StorageManagerService: Reporting public:179,97 unmounted due to system locked
04-21 12:03:10.868 333 333 D Zygote : Forked child process 1443
04-21 12:03:10.872 508 535 I am_proc_start: [0,1443,10074,com.android.managedprovisioning,broadcast,{com.android.managedprovisioning/com.android.managedprovisioning.BootReminder}]
04-21 12:03:10.872 508 535 I ActivityManager: Start proc 1443:com.android.managedprovisioning/u0a74 for broadcast {com.android.managedprovisioning/com.android.managedprovisioning.BootReminder}
04-21 12:03:10.875 1443 1443 I Zygote : seccomp disabled by setenforce 0
04-21 12:03:10.881 1103 1201 V MediaStore: Examining volume emulated;0 with name external_primary and state mounted
04-21 12:03:10.881 1103 1201 V MediaStore: Examining volume public:179,97 with name 3835-6331 and state mounted
04-21 12:03:10.881 1103 1201 V MediaProvider: Updated external volumes to: {external_primary, 3835-6331}
04-21 12:03:10.889 448 468 I adbd : jdwp connection from 1443
04-21 12:03:10.898 508 508 W StorageManagerService: Reporting emulated;0 unmounted due to system locked
04-21 12:03:10.899 508 508 W StorageManagerService: Reporting public:179,97 unmounted due to system locked
04-21 12:03:10.900 508 508 W StorageManagerService: Reporting emulated;0 unmounted due to system locked
04-21 12:03:10.900 508 508 W StorageManagerService: Reporting public:179,97 unmounted due to system locked
04-21 12:03:10.901 508 522 W StorageManagerService: Reporting emulated;0 unmounted due to system locked
04-21 12:03:10.901 508 522 W StorageManagerService: Reporting public:179,97 unmounted due to system locked
04-21 12:03:10.905 508 522 I am_proc_bound: [0,1443,com.android.managedprovisioning]
04-21 12:03:10.905 1103 1103 V MediaStore: Examining volume emulated;0 with name external_primary and state mounted
04-21 12:03:10.905 1103 1103 V MediaStore: Examining volume public:179,97 with name 3835-6331 and state mounted
04-21 12:03:10.905 1103 1103 V MediaProvider: Updated external volumes to: {external_primary, 3835-6331}
04-21 12:03:10.933 668 971 D BufferPoolAccessor2.0: bufferpool2 0xb400e756b8408158 : 0(0 size) total buffers - 0(0 size) used buffers - 1/7 (recycle/alloc) - 6/38 (fetch/transfer)
04-21 12:03:10.933 668 971 D BufferPoolAccessor2.0: bufferpool2 0xb400e756b840b438 : 0(0 size) total buffers - 0(0 size) used buffers - 2/7 (recycle/alloc) - 5/18 (fetch/transfer)
04-21 12:03:10.933 668 971 D BufferPoolAccessor2.0: evictor expired: 2, evicted: 2
04-21 12:03:10.990 1443 1443 I gedprovisionin: The ClassLoaderContext is a special shared library.
04-21 12:03:11.030 1443 1443 D NetworkSecurityConfig: No Network Security Config specified, using platform default
04-21 12:03:11.030 1443 1443 D NetworkSecurityConfig: No Network Security Config specified, using platform default
04-21 12:03:11.032 1443 1443 I CarUiInstaller: CarUiInstaller started for com.android.managedprovisioning
04-21 12:03:11.050 1471 1471 I migrate_legacy_obb_data: No legacy obb data to migrate.
04-21 12:03:11.055 508 586 I StorageSessionController: Notifying volume state changed for session with id: emulated;0
04-21 12:03:11.056 1254 1254 D NetworkSecurityConfig: No Network Security Config specified, using platform default
04-21 12:03:11.059 1103 1103 V MediaStore: Examining volume emulated;0 with name external_primary and state mounted
04-21 12:03:11.059 1103 1103 V MediaStore: Examining volume public:179,97 with name 3835-6331 and state mounted
04-21 12:03:11.059 1103 1103 V MediaProvider: Updated external volumes to: {external_primary, 3835-6331}
04-21 12:03:11.062 508 585 I am_uid_running: 10097
04-21 12:03:11.063 508 585 D CompatibilityChangeReporter: Compat change id reported: 135634846; UID 10097; state: DISABLED
04-21 12:03:11.064 508 585 D CompatibilityChangeReporter: Compat change id reported: 135754954; UID 10097; state: ENABLED
04-21 12:03:11.064 508 535 D CompatibilityChangeReporter: Compat change id reported: 143937733; UID 10097; state: ENABLED
04-21 12:03:11.067 508 508 I sysui_multi_action: [757,1501,758,1,793,202,794,0,795,202,796,1397773634,797,public:179,97,806,com.android.systemui,857,DSK,858,2,947,0,1500,0,1641,sys,1688,1,1745,2098068913]
04-21 12:03:11.068 508 508 I sysui_multi_action: [757,804,799,note_interruptive,801,0,802,1]
04-21 12:03:11.069 508 508 D NotificationService: 0|com.android.systemui|1397773634|public:179,97|10118: granting content://settings/system/notification_sound
04-21 12:03:11.070 508 508 I chatty : uid=1000(system) Binder:508_3 identical 1 line
04-21 12:03:11.070 508 508 D NotificationService: 0|com.android.systemui|1397773634|public:179,97|10118: granting content://settings/system/notification_sound
04-21 12:03:11.078 508 508 W NotificationHistory: Attempted to add notif for locked/gone/disabled user 0
04-21 12:03:11.079 1103 1201 V MediaStore: Examining volume emulated;0 with name external_primary and state mounted
04-21 12:03:11.079 1103 1201 V MediaStore: Examining volume public:179,97 with name 3835-6331 and state mounted
04-21 12:03:11.079 1103 1201 V MediaProvider: Updated external volumes to: {external_primary, 3835-6331}
04-21 12:03:11.086 333 333 D Zygote : Forked child process 1472
04-21 12:03:11.090 508 535 I am_proc_start: [0,1472,10097,com.android.onetimeinitializer,broadcast,{com.android.onetimeinitializer/com.android.onetimeinitializer.OneTimeInitializerReceiver}]
04-21 12:03:11.090 508 535 I ActivityManager: Start proc 1472:com.android.onetimeinitializer/u0a97 for broadcast {com.android.onetimeinitializer/com.android.onetimeinitializer.OneTimeInitializerReceiver}
04-21 12:03:11.092 1472 1472 I Zygote : seccomp disabled by setenforce 0
04-21 12:03:11.099 668 668 D InterruptionStateProvider: No bubble up: not allowed to bubble: 0|com.android.systemui|1397773634|public:179,97|10118
04-21 12:03:11.099 410 576 D installd: Found quota mount /dev/block/dm-4 at /data
04-21 12:03:11.100 1103 1103 V MediaStore: Examining volume emulated;0 with name external_primary and state mounted
04-21 12:03:11.100 1103 1103 V MediaStore: Examining volume public:179,97 with name 3835-6331 and state mounted
04-21 12:03:11.100 1103 1103 V MediaProvider: Updated external volumes to: {external_primary, 3835-6331}
04-21 12:03:11.101 668 668 D InterruptionStateProvider: No heads up: unimportant notification: 0|com.android.systemui|1397773634|public:179,97|10118
04-21 12:03:11.107 410 576 D installd: Found quota mount /dev/block/dm-4 at /data/user/0
04-21 12:03:11.108 410 576 D installd: Found quota mount /dev/block/dm-4 at /mnt/pass_through/0/emulated
04-21 12:03:11.108 410 576 D installd: Found quota mount /dev/block/dm-4 at /mnt/androidwritable/0/emulated/0/Android/data
04-21 12:03:11.108 410 576 D installd: Found quota mount /dev/block/dm-4 at /mnt/installer/0/emulated/0/Android/data
04-21 12:03:11.108 410 576 D installd: Found quota mount /dev/block/dm-4 at /storage/emulated/0/Android/data
04-21 12:03:11.108 410 576 D installd: Found quota mount /dev/block/dm-4 at /mnt/user/0/emulated/0/Android/data
04-21 12:03:11.109 410 576 D installd: Found quota mount /dev/block/dm-4 at /mnt/androidwritable/0/emulated/0/Android/obb
04-21 12:03:11.109 410 576 D installd: Found quota mount /dev/block/dm-4 at /mnt/installer/0/emulated/0/Android/obb
04-21 12:03:11.109 410 576 D installd: Found quota mount /dev/block/dm-4 at /storage/emulated/0/Android/obb
04-21 12:03:11.109 410 576 D installd: Found quota mount /dev/block/dm-4 at /mnt/user/0/emulated/0/Android/obb
04-21 12:03:11.109 448 468 I adbd : jdwp connection from 1472
04-21 12:03:11.111 410 576 D installd: Found storage mount /dev/block/dm-4 at /mnt/pass_through/0/emulated
04-21 12:03:11.112 508 586 I commit_sys_config_file: [storage-settings,9]
04-21 12:03:11.119 508 585 I am_proc_bound: [0,1472,com.android.onetimeinitializer]
04-21 12:03:11.130 508 586 I commit_sys_config_file: [storage-settings,18]
04-21 12:03:11.132 668 668 D StorageNotification: Notifying about public volume: VolumeInfo{public:179,97}:
04-21 12:03:11.132 668 668 D StorageNotification: type=PUBLIC diskId=disk:179,96 partGuid= mountFlags=0 mountUserId=0
04-21 12:03:11.132 668 668 D StorageNotification: state=MOUNTED
04-21 12:03:11.132 668 668 D StorageNotification: fsType=vfat fsUuid=3835-6331 fsLabel=
04-21 12:03:11.132 668 668 D StorageNotification: path=/mnt/media_rw/3835-6331 internalPath=/mnt/media_rw/3835-6331
04-21 12:03:11.142 508 586 D StorageManagerService: Volume emulated;0 broadcasting mounted to UserHandle{0}
04-21 12:03:11.144 1103 1103 V MediaStore: Examining volume emulated;0 with name external_primary and state mounted
04-21 12:03:11.144 1103 1103 V MediaStore: Examining volume public:179,97 with name 3835-6331 and state mounted
04-21 12:03:11.144 1103 1103 V MediaProvider: Updated external volumes to: {external_primary, 3835-6331}
04-21 12:03:11.145 508 586 D StorageManagerService: Volume emulated;0 broadcasting mounted to UserHandle{0}
04-21 12:03:11.147 410 576 D installd: Found quota mount /dev/block/dm-4 at /data
04-21 12:03:11.147 410 576 D installd: Found quota mount /dev/block/dm-4 at /data/user/0
04-21 12:03:11.148 410 576 D installd: Found quota mount /dev/block/dm-4 at /mnt/pass_through/0/emulated
04-21 12:03:11.148 410 576 D installd: Found quota mount /dev/block/dm-4 at /mnt/androidwritable/0/emulated/0/Android/data
04-21 12:03:11.148 410 576 D installd: Found quota mount /dev/block/dm-4 at /mnt/installer/0/emulated/0/Android/data
04-21 12:03:11.148 410 576 D installd: Found quota mount /dev/block/dm-4 at /storage/emulated/0/Android/data
04-21 12:03:11.148 410 576 D installd: Found quota mount /dev/block/dm-4 at /mnt/user/0/emulated/0/Android/data
04-21 12:03:11.149 410 576 D installd: Found quota mount /dev/block/dm-4 at /mnt/androidwritable/0/emulated/0/Android/obb
04-21 12:03:11.149 410 576 D installd: Found quota mount /dev/block/dm-4 at /mnt/installer/0/emulated/0/Android/obb
04-21 12:03:11.149 410 576 D installd: Found quota mount /dev/block/dm-4 at /storage/emulated/0/Android/obb
04-21 12:03:11.149 410 576 D installd: Found quota mount /dev/block/dm-4 at /mnt/user/0/emulated/0/Android/obb
04-21 12:03:11.150 410 576 D installd: Found storage mount /dev/block/dm-4 at /mnt/pass_through/0/emulated
04-21 12:03:11.152 508 508 I notification_enqueue: [10118,668,com.android.systemui,1397773634,public:179,97,0,Notification(channel=DSK shortcut=null contentView=null vibrate=null sound=null defaults=0x0 flags=0x100 color=0xff607d8b category=sys actions=2 vis=PUBLIC),1]
04-21 12:03:11.158 668 668 D StorageNotification: Notifying about public volume: VolumeInfo{public:179,97}:
04-21 12:03:11.158 668 668 D StorageNotification: type=PUBLIC diskId=disk:179,96 partGuid= mountFlags=0 mountUserId=0
04-21 12:03:11.158 668 668 D StorageNotification: state=MOUNTED
04-21 12:03:11.158 668 668 D StorageNotification: fsType=vfat fsUuid=3835-6331 fsLabel=
04-21 12:03:11.158 668 668 D StorageNotification: path=/mnt/media_rw/3835-6331 internalPath=/mnt/media_rw/3835-6331
04-21 12:03:11.161 1103 1103 V MediaStore: Examining volume emulated;0 with name external_primary and state mounted
04-21 12:03:11.161 1103 1103 V MediaStore: Examining volume public:179,97 with name 3835-6331 and state mounted
04-21 12:03:11.161 1103 1103 V MediaProvider: Updated external volumes to: {external_primary, 3835-6331}
04-21 12:03:11.164 222 222 I servicemanager: Notifying apexservice they have clients: 1
04-21 12:03:11.164 222 222 I servicemanager: Notifying apexservice they have clients: 0
04-21 12:03:11.164 508 508 I notification_enqueue: [10118,668,com.android.systemui,1397773634,public:179,97,0,Notification(channel=DSK shortcut=null contentView=null vibrate=null sound=null defaults=0x0 flags=0x100 color=0xff607d8b category=sys actions=2 vis=PUBLIC),1]
04-21 12:03:11.171 1103 1103 V MediaStore: Examining volume emulated;0 with name external_primary and state mounted
04-21 12:03:11.171 1103 1103 V MediaStore: Examining volume public:179,97 with name 3835-6331 and state mounted
04-21 12:03:11.171 1103 1103 V MediaProvider: Updated external volumes to: {external_primary, 3835-6331}
04-21 12:03:11.186 1472 1472 I timeinitialize: The ClassLoaderContext is a special shared library.
04-21 12:03:11.187 1472 1472 D nativeloader: classloader namespace configured for unbundled product apk. library_path=/product/priv-app/OneTimeInitializer/lib/arm64:/product/lib64:/system/product/lib64
04-21 12:03:11.201 1472 1472 D NetworkSecurityConfig: No Network Security Config specified, using platform default
04-21 12:03:11.201 1472 1472 D NetworkSecurityConfig: No Network Security Config specified, using platform default
04-21 12:03:11.203 1472 1472 V OneTimeInitializerReceiver: OneTimeInitializerReceiver.onReceive
04-21 12:03:11.210 357 473 I chatty : uid=1041(audioserver) AudioOut_D expire 1 line
04-21 12:03:11.211 508 522 I am_uid_running: 10069
04-21 12:03:11.212 508 522 D CompatibilityChangeReporter: Compat change id reported: 135634846; UID 10069; state: DISABLED
04-21 12:03:11.213 508 522 D CompatibilityChangeReporter: Compat change id reported: 135754954; UID 10069; state: ENABLED
04-21 12:03:11.213 508 535 D CompatibilityChangeReporter: Compat change id reported: 143937733; UID 10069; state: ENABLED
04-21 12:03:11.226 333 333 D Zygote : Forked child process 1497
04-21 12:03:11.229 508 535 I am_proc_start: [0,1497,10069,com.android.packageinstaller,broadcast,{com.android.packageinstaller/com.android.packageinstaller.TemporaryFileManager}]
04-21 12:03:11.229 508 535 I ActivityManager: Start proc 1497:com.android.packageinstaller/u0a69 for broadcast {com.android.packageinstaller/com.android.packageinstaller.TemporaryFileManager}
04-21 12:03:11.230 1497 1497 I Zygote : seccomp disabled by setenforce 0
04-21 12:03:11.242 448 468 I adbd : jdwp connection from 1497
04-21 12:03:11.249 508 522 I am_proc_bound: [0,1497,com.android.packageinstaller]
04-21 12:03:11.250 508 805 I MediaFocusControl: abandonAudioFocus() from uid/pid 10118/668 clientId=android.media.AudioManager@9294fe3
04-21 12:03:11.251 668 1084 V MediaPlayer: resetDrmState: mDrmInfo=null mDrmProvisioningThread=null mPrepareDrmInProgress=false mActiveDrmScheme=false
04-21 12:03:11.251 668 1084 V MediaPlayer: cleanDrmObj: mDrmObj=null mDrmSessionId=null
04-21 12:03:11.251 365 365 D NuPlayerDriver: reset(0xf4a405b0) at state 6
04-21 12:03:11.257 429 818 I hw-BpHwBinder: onLastStrongRef automatically unlinking death recipients
04-21 12:03:11.258 429 818 V C2Store : in ~ComponentModule
04-21 12:03:11.258 429 818 V C2Store : unloading dll
04-21 12:03:11.258 365 1517 I hw-BpHwBinder: onLastStrongRef automatically unlinking death recipients
04-21 12:03:11.262 365 1087 D NuPlayerDriver: notifyResetComplete(0xf4a405b0)
04-21 12:03:11.263 365 365 W AMessage: failed to post message as target looper for handler 0 is gone.
04-21 12:03:11.288 340 1139 I chatty : uid=1041(audioserver) writer expire 254 lines
04-21 12:03:11.302 1497 1497 I ackageinstalle: The ClassLoaderContext is a special shared library.
04-21 12:03:11.316 1497 1497 D NetworkSecurityConfig: No Network Security Config specified, using platform default
04-21 12:03:11.316 1497 1497 D NetworkSecurityConfig: No Network Security Config specified, using platform default
04-21 12:03:11.322 508 522 I am_uid_running: 10124
04-21 12:03:11.324 508 522 D CompatibilityChangeReporter: Compat change id reported: 135634846; UID 10124; state: DISABLED
04-21 12:03:11.324 508 522 D CompatibilityChangeReporter: Compat change id reported: 135754954; UID 10124; state: DISABLED
04-21 12:03:11.325 508 535 D CompatibilityChangeReporter: Compat change id reported: 143937733; UID 10124; state: DISABLED
04-21 12:03:11.340 333 333 D Zygote : Forked child process 1519
04-21 12:03:11.343 1519 1519 I Zygote : seccomp disabled by setenforce 0
04-21 12:03:11.343 508 535 I am_proc_start: [0,1519,10124,com.android.permissioncontroller,broadcast,{com.android.permissioncontroller/com.android.permissioncontroller.permission.service.LocationAccessCheck$SetupPeriodicBackgroundLocationAccessCheck}]
04-21 12:03:11.343 508 535 I ActivityManager: Start proc 1519:com.android.permissioncontroller/u0a124 for broadcast {com.android.permissioncontroller/com.android.permissioncontroller.permission.service.LocationAccessCheck$SetupPeriodicBackgroundLocationAccessCheck}
04-21 12:03:11.343 1519 1519 I libc : SetHeapTaggingLevel: tag level set to 0
04-21 12:03:11.354 448 468 I adbd : jdwp connection from 1519
04-21 12:03:11.361 357 447 I chatty : uid=1041(audioserver) ApmOutput expire 1 line
04-21 12:03:11.363 508 805 I system_server: oneway function results will be dropped but finished with status OK and parcel size 4
04-21 12:03:11.366 508 805 I am_proc_bound: [0,1519,com.android.permissioncontroller]
04-21 12:03:11.367 668 668 D InterruptionStateProvider: No bubble up: not allowed to bubble: 0|com.android.systemui|1397773634|public:179,97|10118
04-21 12:03:11.368 668 668 D InterruptionStateProvider: No heads up: unimportant notification: 0|com.android.systemui|1397773634|public:179,97|10118
04-21 12:03:11.382 668 668 D InterruptionStateProvider: No bubble up: not allowed to bubble: 0|com.android.systemui|1397773634|public:179,97|10118
04-21 12:03:11.383 668 668 D InterruptionStateProvider: No heads up: unimportant notification: 0|com.android.systemui|1397773634|public:179,97|10118
04-21 12:03:11.385 1519 1519 D ApplicationLoaders: Returning zygote-cached class loader: /system/framework/android.test.base.jar
04-21 12:03:11.435 1519 1519 D NetworkSecurityConfig: No Network Security Config specified, using platform default
04-21 12:03:11.435 1519 1519 D NetworkSecurityConfig: No Network Security Config specified, using platform default
04-21 12:03:11.457 1519 1519 I CarUiInstaller: CarUiInstaller started for com.android.permissioncontroller
04-21 12:03:11.502 1519 1519 I AutoRevokePermissions: Parsed teamfood setting value: null
04-21 12:03:11.504 1519 1519 I AutoRevokePermissions: Parsed teamfood setting value: null
04-21 12:03:11.505 1519 1519 I AutoRevokePermissions: scheduleAutoRevokePermissions with frequency 1296000000ms and threshold 7776000000ms
04-21 12:03:11.508 1519 1519 I AutoRevokePermissions: user 0 is a profile owner. Running Auto Revoke.
04-21 12:03:11.509 1519 1519 I AutoRevokePermissions: Parsed teamfood setting value: null
04-21 12:03:11.517 834 834 I VvmSimStateTracker: android.intent.action.BOOT_COMPLETED
04-21 12:03:11.519 1519 1519 I AutoRevokePermissions: onStartJob
04-21 12:03:11.519 508 962 I am_uid_running: 10076
04-21 12:03:11.520 1519 1519 I AutoRevokePermissions: Skipping auto revoke first run when scheduled by system
04-21 12:03:11.520 508 962 D CompatibilityChangeReporter: Compat change id reported: 135634846; UID 10076; state: DISABLED
04-21 12:03:11.521 508 962 D CompatibilityChangeReporter: Compat change id reported: 135754954; UID 10076; state: ENABLED
04-21 12:03:11.521 508 535 D CompatibilityChangeReporter: Compat change id reported: 143937733; UID 10076; state: ENABLED
04-21 12:03:11.536 333 333 D Zygote : Forked child process 1544
04-21 12:03:11.538 508 535 I am_proc_start: [0,1544,10076,com.android.providers.calendar,broadcast,{com.android.providers.calendar/com.android.providers.calendar.CalendarReceiver}]
04-21 12:03:11.538 508 535 I ActivityManager: Start proc 1544:com.android.providers.calendar/u0a76 for broadcast {com.android.providers.calendar/com.android.providers.calendar.CalendarReceiver}
04-21 12:03:11.540 1544 1544 I Zygote : seccomp disabled by setenforce 0
04-21 12:03:11.551 448 468 I adbd : jdwp connection from 1544
04-21 12:03:11.559 508 522 I am_proc_bound: [0,1544,com.android.providers.calendar]
04-21 12:03:11.575 340 1139 I chatty : uid=1041(audioserver) writer expire 1530 lines
04-21 12:03:11.595 1544 1544 I viders.calenda: The ClassLoaderContext is a special shared library.
04-21 12:03:11.608 1544 1544 D NetworkSecurityConfig: No Network Security Config specified, using platform default
04-21 12:03:11.608 1544 1544 D NetworkSecurityConfig: No Network Security Config specified, using platform default
04-21 12:03:11.638 1544 1544 I CalendarProvider2: Created com.android.providers.calendar.CalendarAlarmManager@b005476(com.android.providers.calendar.CalendarProvider2@2241a77)
04-21 12:03:11.769 508 522 I am_uid_running: 2000
04-21 12:03:11.770 508 522 D CompatibilityChangeReporter: Compat change id reported: 135634846; UID 2000; state: DISABLED
04-21 12:03:11.771 508 522 D CompatibilityChangeReporter: Compat change id reported: 135754954; UID 2000; state: ENABLED
04-21 12:03:11.788 333 333 D Zygote : Forked child process 1570
04-21 12:03:11.791 1570 1570 I Zygote : seccomp disabled by setenforce 0
04-21 12:03:11.792 508 535 I am_proc_start: [0,1570,2000,com.android.shell,broadcast,{com.android.shell/com.android.shell.HeapDumpReceiver}]
04-21 12:03:11.792 508 535 I ActivityManager: Start proc 1570:com.android.shell/2000 for broadcast {com.android.shell/com.android.shell.HeapDumpReceiver}
04-21 12:03:11.803 448 468 I adbd : jdwp connection from 1570
04-21 12:03:11.810 508 522 I am_proc_bound: [0,1570,com.android.shell]
04-21 12:03:11.837 1570 1570 I m.android.shel: The ClassLoaderContext is a special shared library.
04-21 12:03:11.851 1570 1570 D NetworkSecurityConfig: No Network Security Config specified, using platform default
04-21 12:03:11.852 1570 1570 D NetworkSecurityConfig: No Network Security Config specified, using platform default
04-21 12:03:11.863 1570 1570 D HeapDumpReceiver: onReceive(): Intent { act=android.intent.action.BOOT_COMPLETED flg=0x89000010 cmp=com.android.shell/.HeapDumpReceiver (has extras) }
04-21 12:03:11.865 1570 1591 D HeapDumpReceiver: Deleting from /data/user_de/0/com.android.shell/files/heapdumps
04-21 12:03:11.866 508 522 I am_uid_running: 10083
04-21 12:03:11.867 508 522 D CompatibilityChangeReporter: Compat change id reported: 135634846; UID 10083; state: DISABLED
04-21 12:03:11.867 508 522 D CompatibilityChangeReporter: Compat change id reported: 135754954; UID 10083; state: DISABLED
04-21 12:03:11.868 508 535 D CompatibilityChangeReporter: Compat change id reported: 143937733; UID 10083; state: DISABLED
04-21 12:03:11.882 333 333 D Zygote : Forked child process 1592
04-21 12:03:11.885 508 535 I am_proc_start: [0,1592,10083,com.android.traceur,broadcast,{com.android.traceur/com.android.traceur.Receiver}]
04-21 12:03:11.885 1592 1592 I Zygote : seccomp disabled by setenforce 0
04-21 12:03:11.885 508 535 I ActivityManager: Start proc 1592:com.android.traceur/u0a83 for broadcast {com.android.traceur/com.android.traceur.Receiver}
04-21 12:03:11.886 1592 1592 I libc : SetHeapTaggingLevel: tag level set to 0
04-21 12:03:11.896 448 468 I adbd : jdwp connection from 1592
04-21 12:03:11.904 508 522 I am_proc_bound: [0,1592,com.android.traceur]
04-21 12:03:11.920 1592 1592 D ApplicationLoaders: Returning zygote-cached class loader: /system/framework/android.test.base.jar
04-21 12:03:11.939 508 1102 D CompatibilityChangeReporter: Compat change id reported: 135634846; UID 1000; state: DISABLED
04-21 12:03:11.940 508 1102 D CompatibilityChangeReporter: Compat change id reported: 135754954; UID 1000; state: ENABLED
04-21 12:03:11.941 508 1102 I backup_transport_lifecycle: [com.android.localtransport/.LocalTransportService,1]
04-21 12:03:11.954 333 333 D Zygote : Forked child process 1612
04-21 12:03:11.957 1612 1612 I Zygote : seccomp disabled by setenforce 0
04-21 12:03:11.959 508 535 I am_proc_start: [0,1612,1000,com.android.localtransport,service,{com.android.localtransport/com.android.localtransport.LocalTransportService}]
04-21 12:03:11.959 508 535 I ActivityManager: Start proc 1612:com.android.localtransport/1000 for service {com.android.localtransport/com.android.localtransport.LocalTransportService}
04-21 12:03:11.969 448 468 I adbd : jdwp connection from 1612
04-21 12:03:11.970 1592 1592 I android.traceu: The ClassLoaderContext is a special shared library.
04-21 12:03:11.978 508 962 I am_proc_bound: [0,1612,com.android.localtransport]
04-21 12:03:11.998 1592 1592 D NetworkSecurityConfig: No Network Security Config specified, using platform default
04-21 12:03:11.999 1592 1592 D NetworkSecurityConfig: No Network Security Config specified, using platform default
04-21 12:03:12.000 1612 1612 I .localtranspor: The ClassLoaderContext is a special shared library.
04-21 12:03:12.013 1612 1612 D NetworkSecurityConfig: No Network Security Config specified, using platform default
04-21 12:03:12.013 1612 1612 D NetworkSecurityConfig: No Network Security Config specified, using platform default
04-21 12:03:12.025 508 508 I backup_transport_connection: [com.android.localtransport/.LocalTransportService,1]
04-21 12:03:12.026 508 508 I TransportClient: LocalTransportService#0: Notifying [TransportManager.registerTransport()] transport = IBackupTransport
04-21 12:03:12.028 508 522 I ActivityManager: Finished processing BOOT_COMPLETED for u0
04-21 12:03:12.028 508 522 I am_uid_running: 10064
04-21 12:03:12.029 508 522 D CompatibilityChangeReporter: Compat change id reported: 135634846; UID 10064; state: DISABLED
04-21 12:03:12.029 508 522 D CompatibilityChangeReporter: Compat change id reported: 135754954; UID 10064; state: ENABLED
04-21 12:03:12.030 508 1102 D BackupTransportManager: Transport com.android.localtransport/.LocalTransportService registered
04-21 12:03:12.030 508 1102 D BackupManagerService: [UserID:0] Transport com.android.localtransport/.LocalTransport registered 3096ms after first request (delay = 3000ms)
04-21 12:03:12.030 508 535 D CompatibilityChangeReporter: Compat change id reported: 143937733; UID 10064; state: ENABLED
04-21 12:03:12.031 508 522 I ActivityManager: Killing 1147:com.android.quicksearchbox/u0a101 (adj 985): empty #17
04-21 12:03:12.031 508 522 I am_kill : [0,1147,com.android.quicksearchbox,985,empty #17]
04-21 12:03:12.032 508 1102 I backup_transport_lifecycle: [com.android.localtransport/.LocalTransportService,0]
04-21 12:03:12.032 508 1102 I backup_transport_connection: [com.android.localtransport/.LocalTransportService,0]
04-21 12:03:12.039 508 1102 I BackupManagerService: [UserID:0] Found stale backup journal, scheduling
04-21 12:03:12.040 508 1102 V BackupManagerConstants: getKeyValueBackupIntervalMilliseconds(...) returns 14400000
04-21 12:03:12.040 508 1102 V BackupManagerConstants: getKeyValueBackupFuzzMilliseconds(...) returns 600000
04-21 12:03:12.040 508 1102 V BackupManagerConstants: getKeyValueBackupRequiredNetworkType(...) returns 1
04-21 12:03:12.040 508 1102 V BackupManagerConstants: getKeyValueBackupRequireCharging(...) returns true
04-21 12:03:12.040 508 1102 V KeyValueBackupJob: Scheduling k/v pass in 241 minutes
04-21 12:03:12.042 508 1102 I BackupManagerService: [UserID:0] Found stale backup journal, scheduling
04-21 12:03:12.043 508 1102 I chatty : uid=1000(system) backup-0 identical 10 lines
04-21 12:03:12.044 508 1102 I BackupManagerService: [UserID:0] Found stale backup journal, scheduling
04-21 12:03:12.044 508 522 I ActivityManager: Killing 1209:com.android.keychain/1000 (adj 975): empty #17
04-21 12:03:12.045 508 522 I am_kill : [0,1209,com.android.keychain,975,empty #17]
04-21 12:03:12.045 508 1102 I BackupManagerService: [UserID:0] Found stale backup journal, scheduling
04-21 12:03:12.054 333 333 D Zygote : Forked child process 1636
04-21 12:03:12.056 508 1102 I chatty : uid=1000(system) backup-0 identical 57 lines
04-21 12:03:12.056 508 1102 I BackupManagerService: [UserID:0] Found stale backup journal, scheduling
04-21 12:03:12.057 508 535 I am_proc_start: [0,1636,10064,com.android.externalstorage,broadcast,{com.android.externalstorage/com.android.externalstorage.MountReceiver}]
04-21 12:03:12.057 508 535 I ActivityManager: Start proc 1636:com.android.externalstorage/u0a64 for broadcast {com.android.externalstorage/com.android.externalstorage.MountReceiver}
04-21 12:03:12.058 508 1102 I BackupManagerService: [UserID:0] Found stale backup journal, scheduling
04-21 12:03:12.059 1636 1636 I Zygote : seccomp disabled by setenforce 0
04-21 12:03:12.074 448 468 I adbd : jdwp connection from 1636
04-21 12:03:12.082 508 522 I am_proc_died: [0,1209,com.android.keychain,975,19]
04-21 12:03:12.082 333 333 I Zygote : Process 1209 exited due to signal 9 (Killed)
04-21 12:03:12.088 508 522 I am_proc_bound: [0,1636,com.android.externalstorage]
04-21 12:03:12.095 508 523 I am_proc_died: [0,1147,com.android.quicksearchbox,985,19]
04-21 12:03:12.095 508 523 I am_uid_stopped: 10101
04-21 12:03:12.099 333 333 I Zygote : Process 1147 exited due to signal 9 (Killed)
04-21 12:03:12.119 1636 1636 I externalstorag: The ClassLoaderContext is a special shared library.
04-21 12:03:12.119 508 536 I libprocessgroup: Successfully killed process cgroup uid 10101 pid 1147 in 86ms
04-21 12:03:12.120 508 536 I libprocessgroup: Successfully killed process cgroup uid 1000 pid 1209 in 0ms
04-21 12:03:12.137 1636 1636 D NetworkSecurityConfig: No Network Security Config specified, using platform default
04-21 12:03:12.138 1636 1636 D NetworkSecurityConfig: No Network Security Config specified, using platform default
04-21 12:03:12.152 1636 1636 D ExternalStorage: After updating volumes, found 2 active roots
04-21 12:03:12.160 1636 1636 D ExternalStorage: After updating volumes, found 2 active roots
04-21 12:03:12.165 1636 1636 D ExternalStorage: After updating volumes, found 2 active roots
04-21 12:03:12.169 1636 1636 D ExternalStorage: After updating volumes, found 2 active roots
04-21 12:03:12.174 508 1102 I chatty : uid=1000(system) backup-0 identical 610 lines
04-21 12:03:12.174 508 1102 I BackupManagerService: [UserID:0] Found stale backup journal, scheduling
04-21 12:03:12.175 508 523 I ActivityManager: Killing 1313:com.android.calendar/u0a102 (adj 985): empty #17
04-21 12:03:12.175 508 523 I am_kill : [0,1313,com.android.calendar,985,empty #17]
04-21 12:03:12.176 508 1102 I BackupManagerService: [UserID:0] Found stale backup journal, scheduling
04-21 12:03:12.201 508 523 I am_proc_died: [0,1313,com.android.calendar,985,19]
04-21 12:03:12.202 508 523 I am_uid_stopped: 10102
04-21 12:03:12.203 333 333 I Zygote : Process 1313 exited due to signal 9 (Killed)
04-21 12:03:12.219 508 536 I libprocessgroup: Successfully killed process cgroup uid 10102 pid 1313 in 43ms
04-21 12:03:12.224 1636 1636 D ExternalStorage: After updating volumes, found 2 active roots
04-21 12:03:12.229 1103 1658 I MediaProvider: Begin Intent { act=android.intent.action.MEDIA_MOUNTED dat=file:///storage/emulated/0 flg=0x5000010 cmp=com.android.providers.media.module/com.android.providers.media.MediaService (has extras) }
04-21 12:03:12.243 508 1102 I chatty : uid=1000(system) backup-0 identical 310 lines
04-21 12:03:12.244 508 1102 I BackupManagerService: [UserID:0] Found stale backup journal, scheduling
04-21 12:03:12.253 1636 1636 D ExternalStorage: After updating volumes, found 2 active roots
04-21 12:03:12.256 1103 1658 V MediaProvider: onConfigure() for internal.db
04-21 12:03:12.258 1636 1636 D ExternalStorage: After updating volumes, found 2 active roots
04-21 12:03:12.262 1103 1658 V MediaProvider: onOpen() for internal.db
04-21 12:03:12.262 1103 1658 V MediaProvider: onOpen() finished for internal.db
04-21 12:03:12.270 1103 1658 W ModernMediaScanner: Failed to visit /system/media: java.nio.file.NoSuchFileException: /system/media
04-21 12:03:12.276 508 805 D CompatibilityChangeReporter: Compat change id reported: 149924527; UID 10121; state: ENABLED
04-21 12:03:12.277 508 805 D CompatibilityChangeReporter: Compat change id reported: 132649864; UID 10121; state: DISABLED
04-21 12:03:12.288 1103 1658 I MediaProvider: Scanned internal due to REASON_MOUNTED, found 0 items in 25ms, 0 inserts 0 updates 0 deletes
04-21 12:03:12.320 1103 1658 W ModernMediaScanner: Failed to visit /oem/media: java.nio.file.NoSuchFileException: /oem/media
04-21 12:03:12.324 1103 1658 I MediaProvider: Scanned internal due to REASON_MOUNTED, found 0 items in 4ms, 0 inserts 0 updates 0 deletes
04-21 12:03:12.461 416 482 E Utils : did not find channel-count and/or sample-rate
04-21 12:03:12.462 416 482 E Utils : did not find channel-count and/or sample-rate
04-21 12:03:12.489 416 482 E Utils : did not find channel-count and/or sample-rate
04-21 12:03:12.490 416 482 E Utils : did not find channel-count and/or sample-rate
04-21 12:03:12.757 508 648 I commit_sys_config_file: [appops,11]
04-21 12:03:12.833 416 482 E Utils : did not find channel-count and/or sample-rate
04-21 12:03:12.834 416 482 E Utils : did not find channel-count and/or sample-rate
04-21 12:03:12.893 416 482 E Utils : did not find channel-count and/or sample-rate
04-21 12:03:12.894 416 482 E Utils : did not find channel-count and/or sample-rate
04-21 12:03:12.975 416 482 E Utils : did not find channel-count and/or sample-rate
