04-21 12:03:12.976 416 482 E Utils : did not find channel-count and/or sample-rate
04-21 12:03:13.067 416 482 E Utils : did not find channel-count and/or sample-rate
04-21 12:03:13.068 416 482 E Utils : did not find channel-count and/or sample-rate
04-21 12:03:13.133 416 482 E Utils : did not find channel-count and/or sample-rate
04-21 12:03:13.134 416 482 E Utils : did not find channel-count and/or sample-rate
04-21 12:03:13.188 1103 1658 I MediaProvider: Scanned internal due to REASON_MOUNTED, found 230 items in 859ms, 0 inserts 7 updates 0 deletes
04-21 12:03:13.275 1103 1658 I MediaProvider: Scanned external_primary due to REASON_MOUNTED, found 14 items in 62ms, 0 inserts 0 updates 0 deletes
04-21 12:03:13.280 1103 1658 I MediaProvider: End Intent { act=android.intent.action.MEDIA_MOUNTED dat=file:///storage/emulated/0 flg=0x5000010 cmp=com.android.providers.media.module/com.android.providers.media.MediaService (has extras) }
04-21 12:03:13.282 1103 1658 I MediaProvider: Begin Intent { act=android.intent.action.MEDIA_MOUNTED dat=file:///storage/emulated/0 flg=0x5000010 cmp=com.android.providers.media.module/com.android.providers.media.MediaService (has extras) }
04-21 12:03:13.289 1103 1658 W ModernMediaScanner: Failed to visit /system/media: java.nio.file.NoSuchFileException: /system/media
04-21 12:03:13.293 1103 1658 I MediaProvider: Scanned internal due to REASON_MOUNTED, found 0 items in 5ms, 0 inserts 0 updates 0 deletes
04-21 12:03:13.297 1103 1658 W ModernMediaScanner: Failed to visit /oem/media: java.nio.file.NoSuchFileException: /oem/media
04-21 12:03:13.299 340 1139 I audio_hw_primary: start_output_stream: primary: 1, out: 0xec9c7180, device: 2, address: , mode: 0, flags 0x2
04-21 12:03:13.299 340 1139 I audio_hw_primary: select_output_device(), headphone 0 ,headset 0 ,speaker 2
04-21 12:03:13.299 340 1139 D audio_hw_primary: start_output_stream: pcm_open: card: -1, pcm_device_id: 0, rate: 48000, channel: 2, format: 0, period_size: 0xc0, flag: 9
04-21 12:03:13.300 340 1139 E audio_hw_primary: start_output_stream: Invalid PCM card id: -1
04-21 12:03:13.300 1103 1658 I MediaProvider: Scanned internal due to REASON_MOUNTED, found 0 items in 3ms, 0 inserts 0 updates 0 deletes
04-21 12:03:13.304 340 1139 I audio_hw_primary: start_output_stream: primary: 1, out: 0xec9c7180, device: 2, address: , mode: 0, flags 0x2
04-21 12:03:13.304 340 1139 I audio_hw_primary: select_output_device(), headphone 0 ,headset 0 ,speaker 2
04-21 12:03:13.304 340 1139 D audio_hw_primary: start_output_stream: pcm_open: card: -1, pcm_device_id: 0, rate: 48000, channel: 2, format: 0, period_size: 0xc0, flag: 9
04-21 12:03:13.304 340 1139 E audio_hw_primary: start_output_stream: Invalid PCM card id: -1
04-21 12:03:13.309 340 1139 I audio_hw_primary: start_output_stream: primary: 1, out: 0xec9c7180, device: 2, address: , mode: 0, flags 0x2
04-21 12:03:13.309 340 1139 I audio_hw_primary: select_output_device(), headphone 0 ,headset 0 ,speaker 2
04-21 12:03:13.309 340 1139 D audio_hw_primary: start_output_stream: pcm_open: card: -1, pcm_device_id: 0, rate: 48000, channel: 2, format: 0, period_size: 0xc0, flag: 9
04-21 12:03:13.309 340 1139 E audio_hw_primary: start_output_stream: Invalid PCM card id: -1
04-21 12:03:13.314 340 1139 I audio_hw_primary: start_output_stream: primary: 1, out: 0xec9c7180, device: 2, address: , mode: 0, flags 0x2
04-21 12:03:13.314 340 1139 I audio_hw_primary: select_output_device(), headphone 0 ,headset 0 ,speaker 2
04-21 12:03:13.314 340 1139 D audio_hw_primary: start_output_stream: pcm_open: card: -1, pcm_device_id: 0, rate: 48000, channel: 2, format: 0, period_size: 0xc0, flag: 9
04-21 12:03:13.314 340 1139 E audio_hw_primary: start_output_stream: Invalid PCM card id: -1
04-21 12:03:13.318 340 1139 I audio_hw_primary: start_output_stream: primary: 1, out: 0xec9c7180, device: 2, address: , mode: 0, flags 0x2
04-21 12:03:13.319 340 1139 I audio_hw_primary: select_output_device(), headphone 0 ,headset 0 ,speaker 2
04-21 12:03:13.319 340 1139 D audio_hw_primary: start_output_stream: pcm_open: card: -1, pcm_device_id: 0, rate: 48000, channel: 2, format: 0, period_size: 0xc0, flag: 9
04-21 12:03:13.319 340 1139 E audio_hw_primary: start_output_stream: Invalid PCM card id: -1
04-21 12:03:13.323 340 1139 I audio_hw_primary: start_output_stream: primary: 1, out: 0xec9c7180, device: 2, address: , mode: 0, flags 0x2
04-21 12:03:13.323 340 1139 I audio_hw_primary: select_output_device(), headphone 0 ,headset 0 ,speaker 2
04-21 12:03:13.323 340 1139 D audio_hw_primary: start_output_stream: pcm_open: card: -1, pcm_device_id: 0, rate: 48000, channel: 2, format: 0, period_size: 0xc0, flag: 9
04-21 12:03:13.323 340 1139 E audio_hw_primary: start_output_stream: Invalid PCM card id: -1
04-21 12:03:13.328 340 1139 I audio_hw_primary: start_output_stream: primary: 1, out: 0xec9c7180, device: 2, address: , mode: 0, flags 0x2
04-21 12:03:13.328 340 1139 I audio_hw_primary: select_output_device(), headphone 0 ,headset 0 ,speaker 2
04-21 12:03:13.328 340 1139 D audio_hw_primary: start_output_stream: pcm_open: card: -1, pcm_device_id: 0, rate: 48000, channel: 2, format: 0, period_size: 0xc0, flag: 9
04-21 12:03:13.328 340 1139 E audio_hw_primary: start_output_stream: Invalid PCM card id: -1
04-21 12:03:13.333 340 1139 I audio_hw_primary: start_output_stream: primary: 1, out: 0xec9c7180, device: 2, address: , mode: 0, flags 0x2
04-21 12:03:13.333 340 1139 I audio_hw_primary: select_output_device(), headphone 0 ,headset 0 ,speaker 2
04-21 12:03:13.333 340 1139 D audio_hw_primary: start_output_stream: pcm_open: card: -1, pcm_device_id: 0, rate: 48000, channel: 2, format: 0, period_size: 0xc0, flag: 9
04-21 12:03:13.333 340 1139 E audio_hw_primary: start_output_stream: Invalid PCM card id: -1
04-21 12:03:13.338 340 1139 I audio_hw_primary: start_output_stream: primary: 1, out: 0xec9c7180, device: 2, address: , mode: 0, flags 0x2
04-21 12:03:13.338 340 1139 I audio_hw_primary: select_output_device(), headphone 0 ,headset 0 ,speaker 2
04-21 12:03:13.338 340 1139 D audio_hw_primary: start_output_stream: pcm_open: card: -1, pcm_device_id: 0, rate: 48000, channel: 2, format: 0, period_size: 0xc0, flag: 9
04-21 12:03:13.338 340 1139 E audio_hw_primary: start_output_stream: Invalid PCM card id: -1
04-21 12:03:13.342 340 1139 I audio_hw_primary: start_output_stream: primary: 1, out: 0xec9c7180, device: 2, address: , mode: 0, flags 0x2
04-21 12:03:13.342 340 1139 I audio_hw_primary: select_output_device(), headphone 0 ,headset 0 ,speaker 2
04-21 12:03:13.342 340 1139 D audio_hw_primary: start_output_stream: pcm_open: card: -1, pcm_device_id: 0, rate: 48000, channel: 2, format: 0, period_size: 0xc0, flag: 9
04-21 12:03:13.342 340 1139 E audio_hw_primary: start_output_stream: Invalid PCM card id: -1
04-21 12:03:13.347 340 1139 I audio_hw_primary: start_output_stream: primary: 1, out: 0xec9c7180, device: 2, address: , mode: 0, flags 0x2
04-21 12:03:13.347 340 1139 I audio_hw_primary: select_output_device(), headphone 0 ,headset 0 ,speaker 2
04-21 12:03:13.347 340 1139 D audio_hw_primary: start_output_stream: pcm_open: card: -1, pcm_device_id: 0, rate: 48000, channel: 2, format: 0, period_size: 0xc0, flag: 9
04-21 12:03:13.347 340 1139 E audio_hw_primary: start_output_stream: Invalid PCM card id: -1
04-21 12:03:13.352 340 1139 I audio_hw_primary: start_output_stream: primary: 1, out: 0xec9c7180, device: 2, address: , mode: 0, flags 0x2
04-21 12:03:13.352 340 1139 I audio_hw_primary: select_output_device(), headphone 0 ,headset 0 ,speaker 2
04-21 12:03:13.352 340 1139 D audio_hw_primary: start_output_stream: pcm_open: card: -1, pcm_device_id: 0, rate: 48000, channel: 2, format: 0, period_size: 0xc0, flag: 9
04-21 12:03:13.352 340 1139 E audio_hw_primary: start_output_stream: Invalid PCM card id: -1
04-21 12:03:13.356 340 1139 I audio_hw_primary: start_output_stream: primary: 1, out: 0xec9c7180, device: 2, address: , mode: 0, flags 0x2
04-21 12:03:13.356 340 1139 I audio_hw_primary: select_output_device(), headphone 0 ,headset 0 ,speaker 2
04-21 12:03:13.356 340 1139 D audio_hw_primary: start_output_stream: pcm_open: card: -1, pcm_device_id: 0, rate: 48000, channel: 2, format: 0, period_size: 0xc0, flag: 9
04-21 12:03:13.356 340 1139 E audio_hw_primary: start_output_stream: Invalid PCM card id: -1
04-21 12:03:13.361 340 1139 I audio_hw_primary: start_output_stream: primary: 1, out: 0xec9c7180, device: 2, address: , mode: 0, flags 0x2
04-21 12:03:13.361 340 1139 I audio_hw_primary: select_output_device(), headphone 0 ,headset 0 ,speaker 2
04-21 12:03:13.361 340 1139 D audio_hw_primary: start_output_stream: pcm_open: card: -1, pcm_device_id: 0, rate: 48000, channel: 2, format: 0, period_size: 0xc0, flag: 9
04-21 12:03:13.361 340 1139 E audio_hw_primary: start_output_stream: Invalid PCM card id: -1
04-21 12:03:13.366 340 1139 I audio_hw_primary: start_output_stream: primary: 1, out: 0xec9c7180, device: 2, address: , mode: 0, flags 0x2
04-21 12:03:13.366 340 1139 I audio_hw_primary: select_output_device(), headphone 0 ,headset 0 ,speaker 2
04-21 12:03:13.366 340 1139 D audio_hw_primary: start_output_stream: pcm_open: card: -1, pcm_device_id: 0, rate: 48000, channel: 2, format: 0, period_size: 0xc0, flag: 9
04-21 12:03:13.366 340 1139 E audio_hw_primary: start_output_stream: Invalid PCM card id: -1
04-21 12:03:13.371 340 1139 I audio_hw_primary: start_output_stream: primary: 1, out: 0xec9c7180, device: 2, address: , mode: 0, flags 0x2
04-21 12:03:13.371 340 1139 I audio_hw_primary: select_output_device(), headphone 0 ,headset 0 ,speaker 2
04-21 12:03:13.371 340 1139 D audio_hw_primary: start_output_stream: pcm_open: card: -1, pcm_device_id: 0, rate: 48000, channel: 2, format: 0, period_size: 0xc0, flag: 9
04-21 12:03:13.371 340 1139 E audio_hw_primary: start_output_stream: Invalid PCM card id: -1
04-21 12:03:13.373 416 482 E Utils : did not find channel-count and/or sample-rate
04-21 12:03:13.374 416 482 E Utils : did not find channel-count and/or sample-rate
04-21 12:03:13.375 340 1139 I audio_hw_primary: start_output_stream: primary: 1, out: 0xec9c7180, device: 2, address: , mode: 0, flags 0x2
04-21 12:03:13.375 340 1139 I audio_hw_primary: select_output_device(), headphone 0 ,headset 0 ,speaker 2
04-21 12:03:13.375 340 1139 D audio_hw_primary: start_output_stream: pcm_open: card: -1, pcm_device_id: 0, rate: 48000, channel: 2, format: 0, period_size: 0xc0, flag: 9
04-21 12:03:13.375 340 1139 E audio_hw_primary: start_output_stream: Invalid PCM card id: -1
04-21 12:03:13.380 340 1139 I audio_hw_primary: start_output_stream: primary: 1, out: 0xec9c7180, device: 2, address: , mode: 0, flags 0x2
04-21 12:03:13.380 340 1139 I audio_hw_primary: select_output_device(), headphone 0 ,headset 0 ,speaker 2
04-21 12:03:13.380 340 1139 D audio_hw_primary: start_output_stream: pcm_open: card: -1, pcm_device_id: 0, rate: 48000, channel: 2, format: 0, period_size: 0xc0, flag: 9
04-21 12:03:13.380 340 1139 E audio_hw_primary: start_output_stream: Invalid PCM card id: -1
04-21 12:03:13.384 340 1139 I audio_hw_primary: start_output_stream: primary: 1, out: 0xec9c7180, device: 2, address: , mode: 0, flags 0x2
04-21 12:03:13.384 340 1139 I audio_hw_primary: select_output_device(), headphone 0 ,headset 0 ,speaker 2
04-21 12:03:13.384 340 1139 D audio_hw_primary: start_output_stream: pcm_open: card: -1, pcm_device_id: 0, rate: 48000, channel: 2, format: 0, period_size: 0xc0, flag: 9
04-21 12:03:13.384 340 1139 E audio_hw_primary: start_output_stream: Invalid PCM card id: -1
04-21 12:03:13.389 340 1139 I audio_hw_primary: start_output_stream: primary: 1, out: 0xec9c7180, device: 2, address: , mode: 0, flags 0x2
04-21 12:03:13.389 340 1139 I audio_hw_primary: select_output_device(), headphone 0 ,headset 0 ,speaker 2
04-21 12:03:13.389 340 1139 D audio_hw_primary: start_output_stream: pcm_open: card: -1, pcm_device_id: 0, rate: 48000, channel: 2, format: 0, period_size: 0xc0, flag: 9
04-21 12:03:13.389 340 1139 E audio_hw_primary: start_output_stream: Invalid PCM card id: -1
04-21 12:03:13.393 340 1139 I audio_hw_primary: start_output_stream: primary: 1, out: 0xec9c7180, device: 2, address: , mode: 0, flags 0x2
04-21 12:03:13.393 340 1139 I audio_hw_primary: select_output_device(), headphone 0 ,headset 0 ,speaker 2
04-21 12:03:13.393 340 1139 D audio_hw_primary: start_output_stream: pcm_open: card: -1, pcm_device_id: 0, rate: 48000, channel: 2, format: 0, period_size: 0xc0, flag: 9
04-21 12:03:13.393 340 1139 E audio_hw_primary: start_output_stream: Invalid PCM card id: -1
04-21 12:03:13.394 416 482 E Utils : did not find channel-count and/or sample-rate
04-21 12:03:13.395 416 482 E Utils : did not find channel-count and/or sample-rate
04-21 12:03:13.397 340 1139 I audio_hw_primary: start_output_stream: primary: 1, out: 0xec9c7180, device: 2, address: , mode: 0, flags 0x2
04-21 12:03:13.397 340 1139 I audio_hw_primary: select_output_device(), headphone 0 ,headset 0 ,speaker 2
04-21 12:03:13.397 340 1139 D audio_hw_primary: start_output_stream: pcm_open: card: -1, pcm_device_id: 0, rate: 48000, channel: 2, format: 0, period_size: 0xc0, flag: 9
04-21 12:03:13.398 340 1139 E audio_hw_primary: start_output_stream: Invalid PCM card id: -1
04-21 12:03:13.402 340 1139 I audio_hw_primary: start_output_stream: primary: 1, out: 0xec9c7180, device: 2, address: , mode: 0, flags 0x2
04-21 12:03:13.402 340 1139 I audio_hw_primary: select_output_device(), headphone 0 ,headset 0 ,speaker 2
04-21 12:03:13.402 340 1139 D audio_hw_primary: start_output_stream: pcm_open: card: -1, pcm_device_id: 0, rate: 48000, channel: 2, format: 0, period_size: 0xc0, flag: 9
04-21 12:03:13.402 340 1139 E audio_hw_primary: start_output_stream: Invalid PCM card id: -1
04-21 12:03:13.406 340 1139 I audio_hw_primary: start_output_stream: primary: 1, out: 0xec9c7180, device: 2, address: , mode: 0, flags 0x2
04-21 12:03:13.406 340 1139 I audio_hw_primary: select_output_device(), headphone 0 ,headset 0 ,speaker 2
04-21 12:03:13.406 340 1139 D audio_hw_primary: start_output_stream: pcm_open: card: -1, pcm_device_id: 0, rate: 48000, channel: 2, format: 0, period_size: 0xc0, flag: 9
04-21 12:03:13.406 340 1139 E audio_hw_primary: start_output_stream: Invalid PCM card id: -1
04-21 12:03:13.411 340 1139 I audio_hw_primary: start_output_stream: primary: 1, out: 0xec9c7180, device: 2, address: , mode: 0, flags 0x2
04-21 12:03:13.411 340 1139 I audio_hw_primary: select_output_device(), headphone 0 ,headset 0 ,speaker 2
04-21 12:03:13.411 340 1139 D audio_hw_primary: start_output_stream: pcm_open: card: -1, pcm_device_id: 0, rate: 48000, channel: 2, format: 0, period_size: 0xc0, flag: 9
04-21 12:03:13.411 340 1139 E audio_hw_primary: start_output_stream: Invalid PCM card id: -1
04-21 12:03:13.415 340 1139 I audio_hw_primary: start_output_stream: primary: 1, out: 0xec9c7180, device: 2, address: , mode: 0, flags 0x2
04-21 12:03:13.415 340 1139 I audio_hw_primary: select_output_device(), headphone 0 ,headset 0 ,speaker 2
04-21 12:03:13.415 340 1139 D audio_hw_primary: start_output_stream: pcm_open: card: -1, pcm_device_id: 0, rate: 48000, channel: 2, format: 0, period_size: 0xc0, flag: 9
04-21 12:03:13.415 340 1139 E audio_hw_primary: start_output_stream: Invalid PCM card id: -1
04-21 12:03:13.420 340 1139 I audio_hw_primary: start_output_stream: primary: 1, out: 0xec9c7180, device: 2, address: , mode: 0, flags 0x2
04-21 12:03:13.420 340 1139 I audio_hw_primary: select_output_device(), headphone 0 ,headset 0 ,speaker 2
04-21 12:03:13.420 340 1139 D audio_hw_primary: start_output_stream: pcm_open: card: -1, pcm_device_id: 0, rate: 48000, channel: 2, format: 0, period_size: 0xc0, flag: 9
04-21 12:03:13.420 340 1139 E audio_hw_primary: start_output_stream: Invalid PCM card id: -1
04-21 12:03:13.424 340 1139 I audio_hw_primary: start_output_stream: primary: 1, out: 0xec9c7180, device: 2, address: , mode: 0, flags 0x2
04-21 12:03:13.424 340 1139 I audio_hw_primary: select_output_device(), headphone 0 ,headset 0 ,speaker 2
04-21 12:03:13.424 340 1139 D audio_hw_primary: start_output_stream: pcm_open: card: -1, pcm_device_id: 0, rate: 48000, channel: 2, format: 0, period_size: 0xc0, flag: 9
04-21 12:03:13.424 340 1139 E audio_hw_primary: start_output_stream: Invalid PCM card id: -1
04-21 12:03:13.428 340 1139 I audio_hw_primary: start_output_stream: primary: 1, out: 0xec9c7180, device: 2, address: , mode: 0, flags 0x2
04-21 12:03:13.429 340 1139 I audio_hw_primary: select_output_device(), headphone 0 ,headset 0 ,speaker 2
04-21 12:03:13.429 340 1139 D audio_hw_primary: start_output_stream: pcm_open: card: -1, pcm_device_id: 0, rate: 48000, channel: 2, format: 0, period_size: 0xc0, flag: 9
04-21 12:03:13.429 340 1139 E audio_hw_primary: start_output_stream: Invalid PCM card id: -1
04-21 12:03:13.433 340 1139 I audio_hw_primary: start_output_stream: primary: 1, out: 0xec9c7180, device: 2, address: , mode: 0, flags 0x2
04-21 12:03:13.433 340 1139 I audio_hw_primary: select_output_device(), headphone 0 ,headset 0 ,speaker 2
04-21 12:03:13.433 340 1139 D audio_hw_primary: start_output_stream: pcm_open: card: -1, pcm_device_id: 0, rate: 48000, channel: 2, format: 0, period_size: 0xc0, flag: 9
04-21 12:03:13.433 340 1139 E audio_hw_primary: start_output_stream: Invalid PCM card id: -1
04-21 12:03:13.438 340 1139 I audio_hw_primary: start_output_stream: primary: 1, out: 0xec9c7180, device: 2, address: , mode: 0, flags 0x2
04-21 12:03:13.438 340 1139 I audio_hw_primary: select_output_device(), headphone 0 ,headset 0 ,speaker 2
04-21 12:03:13.438 340 1139 D audio_hw_primary: start_output_stream: pcm_open: card: -1, pcm_device_id: 0, rate: 48000, channel: 2, format: 0, period_size: 0xc0, flag: 9
04-21 12:03:13.438 340 1139 E audio_hw_primary: start_output_stream: Invalid PCM card id: -1
04-21 12:03:13.443 340 1139 I audio_hw_primary: start_output_stream: primary: 1, out: 0xec9c7180, device: 2, address: , mode: 0, flags 0x2
04-21 12:03:13.443 340 1139 I audio_hw_primary: select_output_device(), headphone 0 ,headset 0 ,speaker 2
04-21 12:03:13.443 340 1139 D audio_hw_primary: start_output_stream: pcm_open: card: -1, pcm_device_id: 0, rate: 48000, channel: 2, format: 0, period_size: 0xc0, flag: 9
04-21 12:03:13.443 340 1139 E audio_hw_primary: start_output_stream: Invalid PCM card id: -1
04-21 12:03:13.447 340 1139 I audio_hw_primary: start_output_stream: primary: 1, out: 0xec9c7180, device: 2, address: , mode: 0, flags 0x2
04-21 12:03:13.447 340 1139 I audio_hw_primary: select_output_device(), headphone 0 ,headset 0 ,speaker 2
04-21 12:03:13.447 340 1139 D audio_hw_primary: start_output_stream: pcm_open: card: -1, pcm_device_id: 0, rate: 48000, channel: 2, format: 0, period_size: 0xc0, flag: 9
04-21 12:03:13.447 340 1139 E audio_hw_primary: start_output_stream: Invalid PCM card id: -1
04-21 12:03:13.451 340 1139 I audio_hw_primary: start_output_stream: primary: 1, out: 0xec9c7180, device: 2, address: , mode: 0, flags 0x2
04-21 12:03:13.452 340 1139 I audio_hw_primary: select_output_device(), headphone 0 ,headset 0 ,speaker 2
04-21 12:03:13.452 340 1139 D audio_hw_primary: start_output_stream: pcm_open: card: -1, pcm_device_id: 0, rate: 48000, channel: 2, format: 0, period_size: 0xc0, flag: 9
04-21 12:03:13.452 340 1139 E audio_hw_primary: start_output_stream: Invalid PCM card id: -1
04-21 12:03:13.456 340 1139 I audio_hw_primary: start_output_stream: primary: 1, out: 0xec9c7180, device: 2, address: , mode: 0, flags 0x2
04-21 12:03:13.456 340 1139 I audio_hw_primary: select_output_device(), headphone 0 ,headset 0 ,speaker 2
04-21 12:03:13.456 340 1139 D audio_hw_primary: start_output_stream: pcm_open: card: -1, pcm_device_id: 0, rate: 48000, channel: 2, format: 0, period_size: 0xc0, flag: 9
04-21 12:03:13.456 340 1139 E audio_hw_primary: start_output_stream: Invalid PCM card id: -1
04-21 12:03:13.461 340 1139 I audio_hw_primary: start_output_stream: primary: 1, out: 0xec9c7180, device: 2, address: , mode: 0, flags 0x2
04-21 12:03:13.461 340 1139 I audio_hw_primary: select_output_device(), headphone 0 ,headset 0 ,speaker 2
04-21 12:03:13.461 340 1139 D audio_hw_primary: start_output_stream: pcm_open: card: -1, pcm_device_id: 0, rate: 48000, channel: 2, format: 0, period_size: 0xc0, flag: 9
04-21 12:03:13.461 340 1139 E audio_hw_primary: start_output_stream: Invalid PCM card id: -1
04-21 12:03:13.466 340 1139 I audio_hw_primary: start_output_stream: primary: 1, out: 0xec9c7180, device: 2, address: , mode: 0, flags 0x2
04-21 12:03:13.466 340 1139 I audio_hw_primary: select_output_device(), headphone 0 ,headset 0 ,speaker 2
04-21 12:03:13.466 340 1139 D audio_hw_primary: start_output_stream: pcm_open: card: -1, pcm_device_id: 0, rate: 48000, channel: 2, format: 0, period_size: 0xc0, flag: 9
04-21 12:03:13.466 340 1139 E audio_hw_primary: start_output_stream: Invalid PCM card id: -1
04-21 12:03:13.470 340 1139 I audio_hw_primary: start_output_stream: primary: 1, out: 0xec9c7180, device: 2, address: , mode: 0, flags 0x2
04-21 12:03:13.471 340 1139 I audio_hw_primary: select_output_device(), headphone 0 ,headset 0 ,speaker 2
04-21 12:03:13.471 340 1139 D audio_hw_primary: start_output_stream: pcm_open: card: -1, pcm_device_id: 0, rate: 48000, channel: 2, format: 0, period_size: 0xc0, flag: 9
04-21 12:03:13.471 340 1139 E audio_hw_primary: start_output_stream: Invalid PCM card id: -1
04-21 12:03:13.475 340 1139 I audio_hw_primary: start_output_stream: primary: 1, out: 0xec9c7180, device: 2, address: , mode: 0, flags 0x2
04-21 12:03:13.475 340 1139 I audio_hw_primary: select_output_device(), headphone 0 ,headset 0 ,speaker 2
04-21 12:03:13.475 340 1139 D audio_hw_primary: start_output_stream: pcm_open: card: -1, pcm_device_id: 0, rate: 48000, channel: 2, format: 0, period_size: 0xc0, flag: 9
04-21 12:03:13.475 340 1139 E audio_hw_primary: start_output_stream: Invalid PCM card id: -1
04-21 12:03:13.480 340 1139 I audio_hw_primary: start_output_stream: primary: 1, out: 0xec9c7180, device: 2, address: , mode: 0, flags 0x2
04-21 12:03:13.480 340 1139 I audio_hw_primary: select_output_device(), headphone 0 ,headset 0 ,speaker 2
04-21 12:03:13.480 340 1139 D audio_hw_primary: start_output_stream: pcm_open: card: -1, pcm_device_id: 0, rate: 48000, channel: 2, format: 0, period_size: 0xc0, flag: 9
04-21 12:03:13.480 340 1139 E audio_hw_primary: start_output_stream: Invalid PCM card id: -1
04-21 12:03:13.484 340 1139 I audio_hw_primary: start_output_stream: primary: 1, out: 0xec9c7180, device: 2, address: , mode: 0, flags 0x2
04-21 12:03:13.485 340 1139 I audio_hw_primary: select_output_device(), headphone 0 ,headset 0 ,speaker 2
04-21 12:03:13.485 340 1139 D audio_hw_primary: start_output_stream: pcm_open: card: -1, pcm_device_id: 0, rate: 48000, channel: 2, format: 0, period_size: 0xc0, flag: 9
04-21 12:03:13.485 340 1139 E audio_hw_primary: start_output_stream: Invalid PCM card id: -1
04-21 12:03:13.489 340 1139 I audio_hw_primary: start_output_stream: primary: 1, out: 0xec9c7180, device: 2, address: , mode: 0, flags 0x2
04-21 12:03:13.489 340 1139 I audio_hw_primary: select_output_device(), headphone 0 ,headset 0 ,speaker 2
04-21 12:03:13.489 340 1139 D audio_hw_primary: start_output_stream: pcm_open: card: -1, pcm_device_id: 0, rate: 48000, channel: 2, format: 0, period_size: 0xc0, flag: 9
04-21 12:03:13.489 340 1139 E audio_hw_primary: start_output_stream: Invalid PCM card id: -1
04-21 12:03:13.494 340 1139 I audio_hw_primary: start_output_stream: primary: 1, out: 0xec9c7180, device: 2, address: , mode: 0, flags 0x2
04-21 12:03:13.494 340 1139 I audio_hw_primary: select_output_device(), headphone 0 ,headset 0 ,speaker 2
04-21 12:03:13.494 340 1139 D audio_hw_primary: start_output_stream: pcm_open: card: -1, pcm_device_id: 0, rate: 48000, channel: 2, format: 0, period_size: 0xc0, flag: 9
04-21 12:03:13.494 340 1139 E audio_hw_primary: start_output_stream: Invalid PCM card id: -1
04-21 12:03:13.498 340 1139 I audio_hw_primary: start_output_stream: primary: 1, out: 0xec9c7180, device: 2, address: , mode: 0, flags 0x2
04-21 12:03:13.498 340 1139 I audio_hw_primary: select_output_device(), headphone 0 ,headset 0 ,speaker 2
04-21 12:03:13.498 340 1139 D audio_hw_primary: start_output_stream: pcm_open: card: -1, pcm_device_id: 0, rate: 48000, channel: 2, format: 0, period_size: 0xc0, flag: 9
04-21 12:03:13.498 340 1139 E audio_hw_primary: start_output_stream: Invalid PCM card id: -1
04-21 12:03:13.503 340 1139 I audio_hw_primary: start_output_stream: primary: 1, out: 0xec9c7180, device: 2, address: , mode: 0, flags 0x2
04-21 12:03:13.503 340 1139 I audio_hw_primary: select_output_device(), headphone 0 ,headset 0 ,speaker 2
04-21 12:03:13.503 340 1139 D audio_hw_primary: start_output_stream: pcm_open: card: -1, pcm_device_id: 0, rate: 48000, channel: 2, format: 0, period_size: 0xc0, flag: 9
04-21 12:03:13.503 340 1139 E audio_hw_primary: start_output_stream: Invalid PCM card id: -1
04-21 12:03:13.507 340 1139 I audio_hw_primary: start_output_stream: primary: 1, out: 0xec9c7180, device: 2, address: , mode: 0, flags 0x2
04-21 12:03:13.507 340 1139 I audio_hw_primary: select_output_device(), headphone 0 ,headset 0 ,speaker 2
04-21 12:03:13.507 340 1139 D audio_hw_primary: start_output_stream: pcm_open: card: -1, pcm_device_id: 0, rate: 48000, channel: 2, format: 0, period_size: 0xc0, flag: 9
04-21 12:03:13.507 340 1139 E audio_hw_primary: start_output_stream: Invalid PCM card id: -1
04-21 12:03:13.512 340 1139 I audio_hw_primary: start_output_stream: primary: 1, out: 0xec9c7180, device: 2, address: , mode: 0, flags 0x2
04-21 12:03:13.512 340 1139 I audio_hw_primary: select_output_device(), headphone 0 ,headset 0 ,speaker 2
04-21 12:03:13.512 340 1139 D audio_hw_primary: start_output_stream: pcm_open: card: -1, pcm_device_id: 0, rate: 48000, channel: 2, format: 0, period_size: 0xc0, flag: 9
04-21 12:03:13.512 340 1139 E audio_hw_primary: start_output_stream: Invalid PCM card id: -1
04-21 12:03:13.516 340 1139 I audio_hw_primary: start_output_stream: primary: 1, out: 0xec9c7180, device: 2, address: , mode: 0, flags 0x2
04-21 12:03:13.517 340 1139 I audio_hw_primary: select_output_device(), headphone 0 ,headset 0 ,speaker 2
04-21 12:03:13.517 340 1139 D audio_hw_primary: start_output_stream: pcm_open: card: -1, pcm_device_id: 0, rate: 48000, channel: 2, format: 0, period_size: 0xc0, flag: 9
04-21 12:03:13.517 340 1139 E audio_hw_primary: start_output_stream: Invalid PCM card id: -1
04-21 12:03:13.521 340 1139 I audio_hw_primary: start_output_stream: primary: 1, out: 0xec9c7180, device: 2, address: , mode: 0, flags 0x2
04-21 12:03:13.521 340 1139 I audio_hw_primary: select_output_device(), headphone 0 ,headset 0 ,speaker 2
04-21 12:03:13.521 340 1139 D audio_hw_primary: start_output_stream: pcm_open: card: -1, pcm_device_id: 0, rate: 48000, channel: 2, format: 0, period_size: 0xc0, flag: 9
04-21 12:03:13.521 340 1139 E audio_hw_primary: start_output_stream: Invalid PCM card id: -1
04-21 12:03:13.526 340 1139 I audio_hw_primary: start_output_stream: primary: 1, out: 0xec9c7180, device: 2, address: , mode: 0, flags 0x2
04-21 12:03:13.526 340 1139 I audio_hw_primary: select_output_device(), headphone 0 ,headset 0 ,speaker 2
04-21 12:03:13.526 340 1139 D audio_hw_primary: start_output_stream: pcm_open: card: -1, pcm_device_id: 0, rate: 48000, channel: 2, format: 0, period_size: 0xc0, flag: 9
04-21 12:03:13.526 340 1139 E audio_hw_primary: start_output_stream: Invalid PCM card id: -1
04-21 12:03:13.530 340 1139 I audio_hw_primary: start_output_stream: primary: 1, out: 0xec9c7180, device: 2, address: , mode: 0, flags 0x2
04-21 12:03:13.530 340 1139 I audio_hw_primary: select_output_device(), headphone 0 ,headset 0 ,speaker 2
04-21 12:03:13.531 340 1139 D audio_hw_primary: start_output_stream: pcm_open: card: -1, pcm_device_id: 0, rate: 48000, channel: 2, format: 0, period_size: 0xc0, flag: 9
04-21 12:03:13.531 340 1139 E audio_hw_primary: start_output_stream: Invalid PCM card id: -1
04-21 12:03:13.532 508 533 I sysui_multi_action: [757,1717,758,1,759,0]
04-21 12:03:13.532 508 533 I sysui_multi_action: [757,1717,758,2,759,0]
04-21 12:03:13.532 508 533 I sysui_multi_action: [757,1717,758,3,759,0]
04-21 12:03:13.535 340 1139 I audio_hw_primary: start_output_stream: primary: 1, out: 0xec9c7180, device: 2, address: , mode: 0, flags 0x2
04-21 12:03:13.535 340 1139 I audio_hw_primary: select_output_device(), headphone 0 ,headset 0 ,speaker 2
04-21 12:03:13.535 340 1139 D audio_hw_primary: start_output_stream: pcm_open: card: -1, pcm_device_id: 0, rate: 48000, channel: 2, format: 0, period_size: 0xc0, flag: 9
04-21 12:03:13.535 340 1139 E audio_hw_primary: start_output_stream: Invalid PCM card id: -1
04-21 12:03:13.540 340 1139 I audio_hw_primary: start_output_stream: primary: 1, out: 0xec9c7180, device: 2, address: , mode: 0, flags 0x2
04-21 12:03:13.540 340 1139 I audio_hw_primary: select_output_device(), headphone 0 ,headset 0 ,speaker 2
04-21 12:03:13.540 340 1139 D audio_hw_primary: start_output_stream: pcm_open: card: -1, pcm_device_id: 0, rate: 48000, channel: 2, format: 0, period_size: 0xc0, flag: 9
04-21 12:03:13.540 340 1139 E audio_hw_primary: start_output_stream: Invalid PCM card id: -1
04-21 12:03:13.544 340 1139 I audio_hw_primary: start_output_stream: primary: 1, out: 0xec9c7180, device: 2, address: , mode: 0, flags 0x2
04-21 12:03:13.545 340 1139 I audio_hw_primary: select_output_device(), headphone 0 ,headset 0 ,speaker 2
04-21 12:03:13.545 340 1139 D audio_hw_primary: start_output_stream: pcm_open: card: -1, pcm_device_id: 0, rate: 48000, channel: 2, format: 0, period_size: 0xc0, flag: 9
04-21 12:03:13.545 340 1139 E audio_hw_primary: start_output_stream: Invalid PCM card id: -1
04-21 12:03:13.549 340 1139 I audio_hw_primary: start_output_stream: primary: 1, out: 0xec9c7180, device: 2, address: , mode: 0, flags 0x2
04-21 12:03:13.549 340 1139 I audio_hw_primary: select_output_device(), headphone 0 ,headset 0 ,speaker 2
04-21 12:03:13.549 340 1139 D audio_hw_primary: start_output_stream: pcm_open: card: -1, pcm_device_id: 0, rate: 48000, channel: 2, format: 0, period_size: 0xc0, flag: 9
04-21 12:03:13.549 340 1139 E audio_hw_primary: start_output_stream: Invalid PCM card id: -1
04-21 12:03:13.554 340 1139 I audio_hw_primary: start_output_stream: primary: 1, out: 0xec9c7180, device: 2, address: , mode: 0, flags 0x2
04-21 12:03:13.554 340 1139 I audio_hw_primary: select_output_device(), headphone 0 ,headset 0 ,speaker 2
04-21 12:03:13.554 340 1139 D audio_hw_primary: start_output_stream: pcm_open: card: -1, pcm_device_id: 0, rate: 48000, channel: 2, format: 0, period_size: 0xc0, flag: 9
04-21 12:03:13.554 340 1139 E audio_hw_primary: start_output_stream: Invalid PCM card id: -1
04-21 12:03:13.559 340 1139 I audio_hw_primary: start_output_stream: primary: 1, out: 0xec9c7180, device: 2, address: , mode: 0, flags 0x2
04-21 12:03:13.559 340 1139 I audio_hw_primary: select_output_device(), headphone 0 ,headset 0 ,speaker 2
04-21 12:03:13.559 340 1139 D audio_hw_primary: start_output_stream: pcm_open: card: -1, pcm_device_id: 0, rate: 48000, channel: 2, format: 0, period_size: 0xc0, flag: 9
04-21 12:03:13.559 340 1139 E audio_hw_primary: start_output_stream: Invalid PCM card id: -1
04-21 12:03:13.563 340 1139 I audio_hw_primary: start_output_stream: primary: 1, out: 0xec9c7180, device: 2, address: , mode: 0, flags 0x2
04-21 12:03:13.563 340 1139 I audio_hw_primary: select_output_device(), headphone 0 ,headset 0 ,speaker 2
04-21 12:03:13.564 340 1139 D audio_hw_primary: start_output_stream: pcm_open: card: -1, pcm_device_id: 0, rate: 48000, channel: 2, format: 0, period_size: 0xc0, flag: 9
04-21 12:03:13.564 340 1139 E audio_hw_primary: start_output_stream: Invalid PCM card id: -1
04-21 12:03:13.568 340 1139 I audio_hw_primary: start_output_stream: primary: 1, out: 0xec9c7180, device: 2, address: , mode: 0, flags 0x2
04-21 12:03:13.568 340 1139 I audio_hw_primary: select_output_device(), headphone 0 ,headset 0 ,speaker 2
04-21 12:03:13.568 340 1139 D audio_hw_primary: start_output_stream: pcm_open: card: -1, pcm_device_id: 0, rate: 48000, channel: 2, format: 0, period_size: 0xc0, flag: 9
04-21 12:03:13.568 340 1139 E audio_hw_primary: start_output_stream: Invalid PCM card id: -1
04-21 12:03:13.573 340 1139 I audio_hw_primary: start_output_stream: primary: 1, out: 0xec9c7180, device: 2, address: , mode: 0, flags 0x2
04-21 12:03:13.573 340 1139 I audio_hw_primary: select_output_device(), headphone 0 ,headset 0 ,speaker 2
04-21 12:03:13.573 340 1139 D audio_hw_primary: start_output_stream: pcm_open: card: -1, pcm_device_id: 0, rate: 48000, channel: 2, format: 0, period_size: 0xc0, flag: 9
04-21 12:03:13.573 340 1139 E audio_hw_primary: start_output_stream: Invalid PCM card id: -1
04-21 12:03:13.578 340 1139 I audio_hw_primary: start_output_stream: primary: 1, out: 0xec9c7180, device: 2, address: , mode: 0, flags 0x2
04-21 12:03:13.578 340 1139 I audio_hw_primary: select_output_device(), headphone 0 ,headset 0 ,speaker 2
04-21 12:03:13.578 340 1139 D audio_hw_primary: start_output_stream: pcm_open: card: -1, pcm_device_id: 0, rate: 48000, channel: 2, format: 0, period_size: 0xc0, flag: 9
04-21 12:03:13.578 340 1139 E audio_hw_primary: start_output_stream: Invalid PCM card id: -1
04-21 12:03:13.582 340 1139 I audio_hw_primary: start_output_stream: primary: 1, out: 0xec9c7180, device: 2, address: , mode: 0, flags 0x2
04-21 12:03:13.582 340 1139 I audio_hw_primary: select_output_device(), headphone 0 ,headset 0 ,speaker 2
04-21 12:03:13.582 340 1139 D audio_hw_primary: start_output_stream: pcm_open: card: -1, pcm_device_id: 0, rate: 48000, channel: 2, format: 0, period_size: 0xc0, flag: 9
04-21 12:03:13.582 340 1139 E audio_hw_primary: start_output_stream: Invalid PCM card id: -1
04-21 12:03:13.587 340 1139 I audio_hw_primary: start_output_stream: primary: 1, out: 0xec9c7180, device: 2, address: , mode: 0, flags 0x2
04-21 12:03:13.587 340 1139 I audio_hw_primary: select_output_device(), headphone 0 ,headset 0 ,speaker 2
04-21 12:03:13.587 340 1139 D audio_hw_primary: start_output_stream: pcm_open: card: -1, pcm_device_id: 0, rate: 48000, channel: 2, format: 0, period_size: 0xc0, flag: 9
04-21 12:03:13.587 340 1139 E audio_hw_primary: start_output_stream: Invalid PCM card id: -1
04-21 12:03:13.591 340 1139 I audio_hw_primary: start_output_stream: primary: 1, out: 0xec9c7180, device: 2, address: , mode: 0, flags 0x2
04-21 12:03:13.592 340 1139 I audio_hw_primary: select_output_device(), headphone 0 ,headset 0 ,speaker 2
04-21 12:03:13.592 340 1139 D audio_hw_primary: start_output_stream: pcm_open: card: -1, pcm_device_id: 0, rate: 48000, channel: 2, format: 0, period_size: 0xc0, flag: 9
04-21 12:03:13.592 340 1139 E audio_hw_primary: start_output_stream: Invalid PCM card id: -1
04-21 12:03:13.596 340 1139 I audio_hw_primary: start_output_stream: primary: 1, out: 0xec9c7180, device: 2, address: , mode: 0, flags 0x2
04-21 12:03:13.596 340 1139 I audio_hw_primary: select_output_device(), headphone 0 ,headset 0 ,speaker 2
04-21 12:03:13.596 340 1139 D audio_hw_primary: start_output_stream: pcm_open: card: -1, pcm_device_id: 0, rate: 48000, channel: 2, format: 0, period_size: 0xc0, flag: 9
04-21 12:03:13.596 340 1139 E audio_hw_primary: start_output_stream: Invalid PCM card id: -1
04-21 12:03:13.601 340 1139 I audio_hw_primary: start_output_stream: primary: 1, out: 0xec9c7180, device: 2, address: , mode: 0, flags 0x2
04-21 12:03:13.601 340 1139 I audio_hw_primary: select_output_device(), headphone 0 ,headset 0 ,speaker 2
04-21 12:03:13.601 340 1139 D audio_hw_primary: start_output_stream: pcm_open: card: -1, pcm_device_id: 0, rate: 48000, channel: 2, format: 0, period_size: 0xc0, flag: 9
04-21 12:03:13.601 340 1139 E audio_hw_primary: start_output_stream: Invalid PCM card id: -1
04-21 12:03:13.605 340 1139 I audio_hw_primary: start_output_stream: primary: 1, out: 0xec9c7180, device: 2, address: , mode: 0, flags 0x2
04-21 12:03:13.606 340 1139 I audio_hw_primary: select_output_device(), headphone 0 ,headset 0 ,speaker 2
04-21 12:03:13.606 340 1139 D audio_hw_primary: start_output_stream: pcm_open: card: -1, pcm_device_id: 0, rate: 48000, channel: 2, format: 0, period_size: 0xc0, flag: 9
04-21 12:03:13.606 340 1139 E audio_hw_primary: start_output_stream: Invalid PCM card id: -1
04-21 12:03:13.610 340 1139 I audio_hw_primary: start_output_stream: primary: 1, out: 0xec9c7180, device: 2, address: , mode: 0, flags 0x2
04-21 12:03:13.610 340 1139 I audio_hw_primary: select_output_device(), headphone 0 ,headset 0 ,speaker 2
04-21 12:03:13.610 340 1139 D audio_hw_primary: start_output_stream: pcm_open: card: -1, pcm_device_id: 0, rate: 48000, channel: 2, format: 0, period_size: 0xc0, flag: 9
04-21 12:03:13.610 340 1139 E audio_hw_primary: start_output_stream: Invalid PCM card id: -1
04-21 12:03:13.614 340 1139 I audio_hw_primary: start_output_stream: primary: 1, out: 0xec9c7180, device: 2, address: , mode: 0, flags 0x2
04-21 12:03:13.614 340 1139 I audio_hw_primary: select_output_device(), headphone 0 ,headset 0 ,speaker 2
04-21 12:03:13.614 340 1139 D audio_hw_primary: start_output_stream: pcm_open: card: -1, pcm_device_id: 0, rate: 48000, channel: 2, format: 0, period_size: 0xc0, flag: 9
04-21 12:03:13.615 340 1139 E audio_hw_primary: start_output_stream: Invalid PCM card id: -1
04-21 12:03:13.619 340 1139 I audio_hw_primary: start_output_stream: primary: 1, out: 0xec9c7180, device: 2, address: , mode: 0, flags 0x2
04-21 12:03:13.619 340 1139 I audio_hw_primary: select_output_device(), headphone 0 ,headset 0 ,speaker 2
04-21 12:03:13.619 340 1139 D audio_hw_primary: start_output_stream: pcm_open: card: -1, pcm_device_id: 0, rate: 48000, channel: 2, format: 0, period_size: 0xc0, flag: 9
04-21 12:03:13.619 340 1139 E audio_hw_primary: start_output_stream: Invalid PCM card id: -1
04-21 12:03:13.624 340 1139 I audio_hw_primary: start_output_stream: primary: 1, out: 0xec9c7180, device: 2, address: , mode: 0, flags 0x2
04-21 12:03:13.624 340 1139 I audio_hw_primary: select_output_device(), headphone 0 ,headset 0 ,speaker 2
04-21 12:03:13.624 340 1139 D audio_hw_primary: start_output_stream: pcm_open: card: -1, pcm_device_id: 0, rate: 48000, channel: 2, format: 0, period_size: 0xc0, flag: 9
04-21 12:03:13.624 340 1139 E audio_hw_primary: start_output_stream: Invalid PCM card id: -1
04-21 12:03:13.629 340 1139 I audio_hw_primary: start_output_stream: primary: 1, out: 0xec9c7180, device: 2, address: , mode: 0, flags 0x2
04-21 12:03:13.629 340 1139 I audio_hw_primary: select_output_device(), headphone 0 ,headset 0 ,speaker 2
04-21 12:03:13.629 340 1139 D audio_hw_primary: start_output_stream: pcm_open: card: -1, pcm_device_id: 0, rate: 48000, channel: 2, format: 0, period_size: 0xc0, flag: 9
04-21 12:03:13.629 340 1139 E audio_hw_primary: start_output_stream: Invalid PCM card id: -1
04-21 12:03:13.633 340 1139 I audio_hw_primary: start_output_stream: primary: 1, out: 0xec9c7180, device: 2, address: , mode: 0, flags 0x2
04-21 12:03:13.633 340 1139 I audio_hw_primary: select_output_device(), headphone 0 ,headset 0 ,speaker 2
04-21 12:03:13.633 340 1139 D audio_hw_primary: start_output_stream: pcm_open: card: -1, pcm_device_id: 0, rate: 48000, channel: 2, format: 0, period_size: 0xc0, flag: 9
04-21 12:03:13.633 340 1139 E audio_hw_primary: start_output_stream: Invalid PCM card id: -1
04-21 12:03:13.637 340 1139 I audio_hw_primary: start_output_stream: primary: 1, out: 0xec9c7180, device: 2, address: , mode: 0, flags 0x2
04-21 12:03:13.638 340 1139 I audio_hw_primary: select_output_device(), headphone 0 ,headset 0 ,speaker 2
04-21 12:03:13.638 340 1139 D audio_hw_primary: start_output_stream: pcm_open: card: -1, pcm_device_id: 0, rate: 48000, channel: 2, format: 0, period_size: 0xc0, flag: 9
04-21 12:03:13.638 416 482 E Utils : did not find channel-count and/or sample-rate
04-21 12:03:13.638 340 1139 E audio_hw_primary: start_output_stream: Invalid PCM card id: -1
04-21 12:03:13.638 416 482 E Utils : did not find channel-count and/or sample-rate
04-21 12:03:13.642 340 1139 I audio_hw_primary: start_output_stream: primary: 1, out: 0xec9c7180, device: 2, address: , mode: 0, flags 0x2
04-21 12:03:13.642 340 1139 I audio_hw_primary: select_output_device(), headphone 0 ,headset 0 ,speaker 2
04-21 12:03:13.642 340 1139 D audio_hw_primary: start_output_stream: pcm_open: card: -1, pcm_device_id: 0, rate: 48000, channel: 2, format: 0, period_size: 0xc0, flag: 9
04-21 12:03:13.642 340 1139 E audio_hw_primary: start_output_stream: Invalid PCM card id: -1
04-21 12:03:13.646 340 1139 I audio_hw_primary: start_output_stream: primary: 1, out: 0xec9c7180, device: 2, address: , mode: 0, flags 0x2
04-21 12:03:13.646 340 1139 I audio_hw_primary: select_output_device(), headphone 0 ,headset 0 ,speaker 2
04-21 12:03:13.646 340 1139 D audio_hw_primary: start_output_stream: pcm_open: card: -1, pcm_device_id: 0, rate: 48000, channel: 2, format: 0, period_size: 0xc0, flag: 9
04-21 12:03:13.646 340 1139 E audio_hw_primary: start_output_stream: Invalid PCM card id: -1
04-21 12:03:13.651 340 1139 I audio_hw_primary: start_output_stream: primary: 1, out: 0xec9c7180, device: 2, address: , mode: 0, flags 0x2
04-21 12:03:13.651 340 1139 I audio_hw_primary: select_output_device(), headphone 0 ,headset 0 ,speaker 2
04-21 12:03:13.651 340 1139 D audio_hw_primary: start_output_stream: pcm_open: card: -1, pcm_device_id: 0, rate: 48000, channel: 2, format: 0, period_size: 0xc0, flag: 9
04-21 12:03:13.651 340 1139 E audio_hw_primary: start_output_stream: Invalid PCM card id: -1
04-21 12:03:13.655 340 1139 I audio_hw_primary: start_output_stream: primary: 1, out: 0xec9c7180, device: 2, address: , mode: 0, flags 0x2
04-21 12:03:13.655 340 1139 I audio_hw_primary: select_output_device(), headphone 0 ,headset 0 ,speaker 2
04-21 12:03:13.655 340 1139 D audio_hw_primary: start_output_stream: pcm_open: card: -1, pcm_device_id: 0, rate: 48000, channel: 2, format: 0, period_size: 0xc0, flag: 9
04-21 12:03:13.655 340 1139 E audio_hw_primary: start_output_stream: Invalid PCM card id: -1
04-21 12:03:13.659 340 1139 I audio_hw_primary: start_output_stream: primary: 1, out: 0xec9c7180, device: 2, address: , mode: 0, flags 0x2
04-21 12:03:13.660 340 1139 I audio_hw_primary: select_output_device(), headphone 0 ,headset 0 ,speaker 2
04-21 12:03:13.660 340 1139 D audio_hw_primary: start_output_stream: pcm_open: card: -1, pcm_device_id: 0, rate: 48000, channel: 2, format: 0, period_size: 0xc0, flag: 9
04-21 12:03:13.660 340 1139 E audio_hw_primary: start_output_stream: Invalid PCM card id: -1
04-21 12:03:13.664 340 1139 I audio_hw_primary: start_output_stream: primary: 1, out: 0xec9c7180, device: 2, address: , mode: 0, flags 0x2
04-21 12:03:13.664 340 1139 I audio_hw_primary: select_output_device(), headphone 0 ,headset 0 ,speaker 2
04-21 12:03:13.664 340 1139 D audio_hw_primary: start_output_stream: pcm_open: card: -1, pcm_device_id: 0, rate: 48000, channel: 2, format: 0, period_size: 0xc0, flag: 9
04-21 12:03:13.664 340 1139 E audio_hw_primary: start_output_stream: Invalid PCM card id: -1
04-21 12:03:13.668 340 1139 I audio_hw_primary: start_output_stream: primary: 1, out: 0xec9c7180, device: 2, address: , mode: 0, flags 0x2
04-21 12:03:13.668 340 1139 I audio_hw_primary: select_output_device(), headphone 0 ,headset 0 ,speaker 2
04-21 12:03:13.668 340 1139 D audio_hw_primary: start_output_stream: pcm_open: card: -1, pcm_device_id: 0, rate: 48000, channel: 2, format: 0, period_size: 0xc0, flag: 9
04-21 12:03:13.668 340 1139 E audio_hw_primary: start_output_stream: Invalid PCM card id: -1
04-21 12:03:13.672 340 1139 I audio_hw_primary: start_output_stream: primary: 1, out: 0xec9c7180, device: 2, address: , mode: 0, flags 0x2
04-21 12:03:13.673 340 1139 I audio_hw_primary: select_output_device(), headphone 0 ,headset 0 ,speaker 2
04-21 12:03:13.673 340 1139 D audio_hw_primary: start_output_stream: pcm_open: card: -1, pcm_device_id: 0, rate: 48000, channel: 2, format: 0, period_size: 0xc0, flag: 9
04-21 12:03:13.673 340 1139 E audio_hw_primary: start_output_stream: Invalid PCM card id: -1
04-21 12:03:13.677 340 1139 I audio_hw_primary: start_output_stream: primary: 1, out: 0xec9c7180, device: 2, address: , mode: 0, flags 0x2
04-21 12:03:13.677 340 1139 I audio_hw_primary: select_output_device(), headphone 0 ,headset 0 ,speaker 2
04-21 12:03:13.677 340 1139 D audio_hw_primary: start_output_stream: pcm_open: card: -1, pcm_device_id: 0, rate: 48000, channel: 2, format: 0, period_size: 0xc0, flag: 9
04-21 12:03:13.677 340 1139 E audio_hw_primary: start_output_stream: Invalid PCM card id: -1
04-21 12:03:13.680 416 482 E Utils : did not find channel-count and/or sample-rate
04-21 12:03:13.681 416 482 E Utils : did not find channel-count and/or sample-rate
04-21 12:03:13.681 340 1139 I audio_hw_primary: start_output_stream: primary: 1, out: 0xec9c7180, device: 2, address: , mode: 0, flags 0x2
04-21 12:03:13.681 340 1139 I audio_hw_primary: select_output_device(), headphone 0 ,headset 0 ,speaker 2
04-21 12:03:13.681 340 1139 D audio_hw_primary: start_output_stream: pcm_open: card: -1, pcm_device_id: 0, rate: 48000, channel: 2, format: 0, period_size: 0xc0, flag: 9
04-21 12:03:13.682 340 1139 E audio_hw_primary: start_output_stream: Invalid PCM card id: -1
04-21 12:03:13.686 340 1139 I audio_hw_primary: start_output_stream: primary: 1, out: 0xec9c7180, device: 2, address: , mode: 0, flags 0x2
04-21 12:03:13.686 340 1139 I audio_hw_primary: select_output_device(), headphone 0 ,headset 0 ,speaker 2
04-21 12:03:13.686 340 1139 D audio_hw_primary: start_output_stream: pcm_open: card: -1, pcm_device_id: 0, rate: 48000, channel: 2, format: 0, period_size: 0xc0, flag: 9
04-21 12:03:13.686 340 1139 E audio_hw_primary: start_output_stream: Invalid PCM card id: -1
04-21 12:03:13.690 340 1139 I audio_hw_primary: start_output_stream: primary: 1, out: 0xec9c7180, device: 2, address: , mode: 0, flags 0x2
04-21 12:03:13.690 340 1139 I audio_hw_primary: select_output_device(), headphone 0 ,headset 0 ,speaker 2
04-21 12:03:13.690 340 1139 D audio_hw_primary: start_output_stream: pcm_open: card: -1, pcm_device_id: 0, rate: 48000, channel: 2, format: 0, period_size: 0xc0, flag: 9
04-21 12:03:13.690 340 1139 E audio_hw_primary: start_output_stream: Invalid PCM card id: -1
04-21 12:03:13.695 340 1139 I audio_hw_primary: start_output_stream: primary: 1, out: 0xec9c7180, device: 2, address: , mode: 0, flags 0x2
04-21 12:03:13.695 340 1139 I audio_hw_primary: select_output_device(), headphone 0 ,headset 0 ,speaker 2
04-21 12:03:13.695 340 1139 D audio_hw_primary: start_output_stream: pcm_open: card: -1, pcm_device_id: 0, rate: 48000, channel: 2, format: 0, period_size: 0xc0, flag: 9
04-21 12:03:13.695 340 1139 E audio_hw_primary: start_output_stream: Invalid PCM card id: -1
04-21 12:03:13.699 340 1139 I audio_hw_primary: start_output_stream: primary: 1, out: 0xec9c7180, device: 2, address: , mode: 0, flags 0x2
04-21 12:03:13.699 340 1139 I audio_hw_primary: select_output_device(), headphone 0 ,headset 0 ,speaker 2
04-21 12:03:13.699 340 1139 D audio_hw_primary: start_output_stream: pcm_open: card: -1, pcm_device_id: 0, rate: 48000, channel: 2, format: 0, period_size: 0xc0, flag: 9
04-21 12:03:13.699 340 1139 E audio_hw_primary: start_output_stream: Invalid PCM card id: -1
04-21 12:03:13.704 340 1139 I audio_hw_primary: start_output_stream: primary: 1, out: 0xec9c7180, device: 2, address: , mode: 0, flags 0x2
04-21 12:03:13.704 340 1139 I audio_hw_primary: select_output_device(), headphone 0 ,headset 0 ,speaker 2
04-21 12:03:13.704 340 1139 D audio_hw_primary: start_output_stream: pcm_open: card: -1, pcm_device_id: 0, rate: 48000, channel: 2, format: 0, period_size: 0xc0, flag: 9
04-21 12:03:13.704 340 1139 E audio_hw_primary: start_output_stream: Invalid PCM card id: -1
04-21 12:03:13.708 340 1139 I audio_hw_primary: start_output_stream: primary: 1, out: 0xec9c7180, device: 2, address: , mode: 0, flags 0x2
04-21 12:03:13.708 340 1139 I audio_hw_primary: select_output_device(), headphone 0 ,headset 0 ,speaker 2
04-21 12:03:13.708 340 1139 D audio_hw_primary: start_output_stream: pcm_open: card: -1, pcm_device_id: 0, rate: 48000, channel: 2, format: 0, period_size: 0xc0, flag: 9
04-21 12:03:13.708 340 1139 E audio_hw_primary: start_output_stream: Invalid PCM card id: -1
04-21 12:03:13.712 340 1139 I audio_hw_primary: start_output_stream: primary: 1, out: 0xec9c7180, device: 2, address: , mode: 0, flags 0x2
04-21 12:03:13.712 340 1139 I audio_hw_primary: select_output_device(), headphone 0 ,headset 0 ,speaker 2
04-21 12:03:13.712 340 1139 D audio_hw_primary: start_output_stream: pcm_open: card: -1, pcm_device_id: 0, rate: 48000, channel: 2, format: 0, period_size: 0xc0, flag: 9
04-21 12:03:13.712 340 1139 E audio_hw_primary: start_output_stream: Invalid PCM card id: -1
04-21 12:03:13.717 340 1139 I audio_hw_primary: start_output_stream: primary: 1, out: 0xec9c7180, device: 2, address: , mode: 0, flags 0x2
04-21 12:03:13.717 340 1139 I audio_hw_primary: select_output_device(), headphone 0 ,headset 0 ,speaker 2
04-21 12:03:13.717 340 1139 D audio_hw_primary: start_output_stream: pcm_open: card: -1, pcm_device_id: 0, rate: 48000, channel: 2, format: 0, period_size: 0xc0, flag: 9
04-21 12:03:13.717 340 1139 E audio_hw_primary: start_output_stream: Invalid PCM card id: -1
04-21 12:03:13.721 340 1139 I audio_hw_primary: start_output_stream: primary: 1, out: 0xec9c7180, device: 2, address: , mode: 0, flags 0x2
04-21 12:03:13.721 340 1139 I audio_hw_primary: select_output_device(), headphone 0 ,headset 0 ,speaker 2
04-21 12:03:13.721 340 1139 D audio_hw_primary: start_output_stream: pcm_open: card: -1, pcm_device_id: 0, rate: 48000, channel: 2, format: 0, period_size: 0xc0, flag: 9
04-21 12:03:13.721 340 1139 E audio_hw_primary: start_output_stream: Invalid PCM card id: -1
04-21 12:03:13.725 340 1139 I audio_hw_primary: start_output_stream: primary: 1, out: 0xec9c7180, device: 2, address: , mode: 0, flags 0x2
