04-21 12:03:14.160 340 1139 D audio_hw_primary: start_output_stream: pcm_open: card: -1, pcm_device_id: 0, rate: 48000, channel: 2, format: 0, period_size: 0xc0, flag: 9
04-21 12:03:14.160 340 1139 E audio_hw_primary: start_output_stream: Invalid PCM card id: -1
04-21 12:03:14.164 340 1139 I audio_hw_primary: start_output_stream: primary: 1, out: 0xec9c7180, device: 2, address: , mode: 0, flags 0x2
04-21 12:03:14.164 340 1139 I audio_hw_primary: select_output_device(), headphone 0 ,headset 0 ,speaker 2
04-21 12:03:14.165 340 1139 D audio_hw_primary: start_output_stream: pcm_open: card: -1, pcm_device_id: 0, rate: 48000, channel: 2, format: 0, period_size: 0xc0, flag: 9
04-21 12:03:14.165 340 1139 E audio_hw_primary: start_output_stream: Invalid PCM card id: -1
04-21 12:03:14.169 340 1139 I audio_hw_primary: start_output_stream: primary: 1, out: 0xec9c7180, device: 2, address: , mode: 0, flags 0x2
04-21 12:03:14.169 340 1139 I audio_hw_primary: select_output_device(), headphone 0 ,headset 0 ,speaker 2
04-21 12:03:14.169 340 1139 D audio_hw_primary: start_output_stream: pcm_open: card: -1, pcm_device_id: 0, rate: 48000, channel: 2, format: 0, period_size: 0xc0, flag: 9
04-21 12:03:14.169 340 1139 E audio_hw_primary: start_output_stream: Invalid PCM card id: -1
04-21 12:03:14.173 340 1139 I audio_hw_primary: start_output_stream: primary: 1, out: 0xec9c7180, device: 2, address: , mode: 0, flags 0x2
04-21 12:03:14.173 340 1139 I audio_hw_primary: select_output_device(), headphone 0 ,headset 0 ,speaker 2
04-21 12:03:14.173 340 1139 D audio_hw_primary: start_output_stream: pcm_open: card: -1, pcm_device_id: 0, rate: 48000, channel: 2, format: 0, period_size: 0xc0, flag: 9
04-21 12:03:14.173 340 1139 E audio_hw_primary: start_output_stream: Invalid PCM card id: -1
04-21 12:03:14.177 340 1139 I audio_hw_primary: start_output_stream: primary: 1, out: 0xec9c7180, device: 2, address: , mode: 0, flags 0x2
04-21 12:03:14.177 340 1139 I audio_hw_primary: select_output_device(), headphone 0 ,headset 0 ,speaker 2
04-21 12:03:14.177 340 1139 D audio_hw_primary: start_output_stream: pcm_open: card: -1, pcm_device_id: 0, rate: 48000, channel: 2, format: 0, period_size: 0xc0, flag: 9
04-21 12:03:14.177 340 1139 E audio_hw_primary: start_output_stream: Invalid PCM card id: -1
04-21 12:03:14.181 340 1139 I audio_hw_primary: start_output_stream: primary: 1, out: 0xec9c7180, device: 2, address: , mode: 0, flags 0x2
04-21 12:03:14.181 340 1139 I audio_hw_primary: select_output_device(), headphone 0 ,headset 0 ,speaker 2
04-21 12:03:14.182 340 1139 D audio_hw_primary: start_output_stream: pcm_open: card: -1, pcm_device_id: 0, rate: 48000, channel: 2, format: 0, period_size: 0xc0, flag: 9
04-21 12:03:14.182 340 1139 E audio_hw_primary: start_output_stream: Invalid PCM card id: -1
04-21 12:03:14.186 340 1139 I audio_hw_primary: start_output_stream: primary: 1, out: 0xec9c7180, device: 2, address: , mode: 0, flags 0x2
04-21 12:03:14.186 340 1139 I audio_hw_primary: select_output_device(), headphone 0 ,headset 0 ,speaker 2
04-21 12:03:14.186 340 1139 D audio_hw_primary: start_output_stream: pcm_open: card: -1, pcm_device_id: 0, rate: 48000, channel: 2, format: 0, period_size: 0xc0, flag: 9
04-21 12:03:14.186 340 1139 E audio_hw_primary: start_output_stream: Invalid PCM card id: -1
04-21 12:03:14.190 340 1139 I audio_hw_primary: start_output_stream: primary: 1, out: 0xec9c7180, device: 2, address: , mode: 0, flags 0x2
04-21 12:03:14.190 340 1139 I audio_hw_primary: select_output_device(), headphone 0 ,headset 0 ,speaker 2
04-21 12:03:14.190 340 1139 D audio_hw_primary: start_output_stream: pcm_open: card: -1, pcm_device_id: 0, rate: 48000, channel: 2, format: 0, period_size: 0xc0, flag: 9
04-21 12:03:14.190 340 1139 E audio_hw_primary: start_output_stream: Invalid PCM card id: -1
04-21 12:03:14.194 340 1139 I audio_hw_primary: start_output_stream: primary: 1, out: 0xec9c7180, device: 2, address: , mode: 0, flags 0x2
04-21 12:03:14.195 340 1139 I audio_hw_primary: select_output_device(), headphone 0 ,headset 0 ,speaker 2
04-21 12:03:14.195 340 1139 D audio_hw_primary: start_output_stream: pcm_open: card: -1, pcm_device_id: 0, rate: 48000, channel: 2, format: 0, period_size: 0xc0, flag: 9
04-21 12:03:14.195 340 1139 E audio_hw_primary: start_output_stream: Invalid PCM card id: -1
04-21 12:03:14.199 340 1139 I audio_hw_primary: start_output_stream: primary: 1, out: 0xec9c7180, device: 2, address: , mode: 0, flags 0x2
04-21 12:03:14.199 340 1139 I audio_hw_primary: select_output_device(), headphone 0 ,headset 0 ,speaker 2
04-21 12:03:14.199 340 1139 D audio_hw_primary: start_output_stream: pcm_open: card: -1, pcm_device_id: 0, rate: 48000, channel: 2, format: 0, period_size: 0xc0, flag: 9
04-21 12:03:14.199 340 1139 E audio_hw_primary: start_output_stream: Invalid PCM card id: -1
04-21 12:03:14.203 340 1139 I audio_hw_primary: start_output_stream: primary: 1, out: 0xec9c7180, device: 2, address: , mode: 0, flags 0x2
04-21 12:03:14.203 340 1139 I audio_hw_primary: select_output_device(), headphone 0 ,headset 0 ,speaker 2
04-21 12:03:14.203 340 1139 D audio_hw_primary: start_output_stream: pcm_open: card: -1, pcm_device_id: 0, rate: 48000, channel: 2, format: 0, period_size: 0xc0, flag: 9
04-21 12:03:14.203 340 1139 E audio_hw_primary: start_output_stream: Invalid PCM card id: -1
04-21 12:03:14.208 340 1139 I audio_hw_primary: start_output_stream: primary: 1, out: 0xec9c7180, device: 2, address: , mode: 0, flags 0x2
04-21 12:03:14.208 340 1139 I audio_hw_primary: select_output_device(), headphone 0 ,headset 0 ,speaker 2
04-21 12:03:14.208 340 1139 D audio_hw_primary: start_output_stream: pcm_open: card: -1, pcm_device_id: 0, rate: 48000, channel: 2, format: 0, period_size: 0xc0, flag: 9
04-21 12:03:14.208 340 1139 E audio_hw_primary: start_output_stream: Invalid PCM card id: -1
04-21 12:03:14.212 340 1139 I audio_hw_primary: start_output_stream: primary: 1, out: 0xec9c7180, device: 2, address: , mode: 0, flags 0x2
04-21 12:03:14.212 340 1139 I audio_hw_primary: select_output_device(), headphone 0 ,headset 0 ,speaker 2
04-21 12:03:14.212 340 1139 D audio_hw_primary: start_output_stream: pcm_open: card: -1, pcm_device_id: 0, rate: 48000, channel: 2, format: 0, period_size: 0xc0, flag: 9
04-21 12:03:14.212 340 1139 E audio_hw_primary: start_output_stream: Invalid PCM card id: -1
04-21 12:03:14.216 340 1139 I audio_hw_primary: start_output_stream: primary: 1, out: 0xec9c7180, device: 2, address: , mode: 0, flags 0x2
04-21 12:03:14.216 340 1139 I audio_hw_primary: select_output_device(), headphone 0 ,headset 0 ,speaker 2
04-21 12:03:14.217 340 1139 D audio_hw_primary: start_output_stream: pcm_open: card: -1, pcm_device_id: 0, rate: 48000, channel: 2, format: 0, period_size: 0xc0, flag: 9
04-21 12:03:14.217 340 1139 E audio_hw_primary: start_output_stream: Invalid PCM card id: -1
04-21 12:03:14.221 340 1139 I audio_hw_primary: start_output_stream: primary: 1, out: 0xec9c7180, device: 2, address: , mode: 0, flags 0x2
04-21 12:03:14.221 340 1139 I audio_hw_primary: select_output_device(), headphone 0 ,headset 0 ,speaker 2
04-21 12:03:14.221 340 1139 D audio_hw_primary: start_output_stream: pcm_open: card: -1, pcm_device_id: 0, rate: 48000, channel: 2, format: 0, period_size: 0xc0, flag: 9
04-21 12:03:14.221 340 1139 E audio_hw_primary: start_output_stream: Invalid PCM card id: -1
04-21 12:03:14.226 340 1139 I audio_hw_primary: start_output_stream: primary: 1, out: 0xec9c7180, device: 2, address: , mode: 0, flags 0x2
04-21 12:03:14.226 340 1139 I audio_hw_primary: select_output_device(), headphone 0 ,headset 0 ,speaker 2
04-21 12:03:14.226 340 1139 D audio_hw_primary: start_output_stream: pcm_open: card: -1, pcm_device_id: 0, rate: 48000, channel: 2, format: 0, period_size: 0xc0, flag: 9
04-21 12:03:14.226 340 1139 E audio_hw_primary: start_output_stream: Invalid PCM card id: -1
04-21 12:03:14.230 340 1139 I audio_hw_primary: start_output_stream: primary: 1, out: 0xec9c7180, device: 2, address: , mode: 0, flags 0x2
04-21 12:03:14.230 340 1139 I audio_hw_primary: select_output_device(), headphone 0 ,headset 0 ,speaker 2
04-21 12:03:14.231 340 1139 D audio_hw_primary: start_output_stream: pcm_open: card: -1, pcm_device_id: 0, rate: 48000, channel: 2, format: 0, period_size: 0xc0, flag: 9
04-21 12:03:14.231 340 1139 E audio_hw_primary: start_output_stream: Invalid PCM card id: -1
04-21 12:03:14.235 340 1139 I audio_hw_primary: start_output_stream: primary: 1, out: 0xec9c7180, device: 2, address: , mode: 0, flags 0x2
04-21 12:03:14.235 340 1139 I audio_hw_primary: select_output_device(), headphone 0 ,headset 0 ,speaker 2
04-21 12:03:14.235 340 1139 D audio_hw_primary: start_output_stream: pcm_open: card: -1, pcm_device_id: 0, rate: 48000, channel: 2, format: 0, period_size: 0xc0, flag: 9
04-21 12:03:14.235 340 1139 E audio_hw_primary: start_output_stream: Invalid PCM card id: -1
04-21 12:03:14.240 340 1139 I audio_hw_primary: start_output_stream: primary: 1, out: 0xec9c7180, device: 2, address: , mode: 0, flags 0x2
04-21 12:03:14.240 340 1139 I audio_hw_primary: select_output_device(), headphone 0 ,headset 0 ,speaker 2
04-21 12:03:14.240 340 1139 D audio_hw_primary: start_output_stream: pcm_open: card: -1, pcm_device_id: 0, rate: 48000, channel: 2, format: 0, period_size: 0xc0, flag: 9
04-21 12:03:14.240 340 1139 E audio_hw_primary: start_output_stream: Invalid PCM card id: -1
04-21 12:03:14.245 340 1139 I audio_hw_primary: start_output_stream: primary: 1, out: 0xec9c7180, device: 2, address: , mode: 0, flags 0x2
04-21 12:03:14.245 340 1139 I audio_hw_primary: select_output_device(), headphone 0 ,headset 0 ,speaker 2
04-21 12:03:14.245 340 1139 D audio_hw_primary: start_output_stream: pcm_open: card: -1, pcm_device_id: 0, rate: 48000, channel: 2, format: 0, period_size: 0xc0, flag: 9
04-21 12:03:14.245 340 1139 E audio_hw_primary: start_output_stream: Invalid PCM card id: -1
04-21 12:03:14.249 340 1139 I audio_hw_primary: start_output_stream: primary: 1, out: 0xec9c7180, device: 2, address: , mode: 0, flags 0x2
04-21 12:03:14.249 340 1139 I audio_hw_primary: select_output_device(), headphone 0 ,headset 0 ,speaker 2
04-21 12:03:14.249 340 1139 D audio_hw_primary: start_output_stream: pcm_open: card: -1, pcm_device_id: 0, rate: 48000, channel: 2, format: 0, period_size: 0xc0, flag: 9
04-21 12:03:14.249 340 1139 E audio_hw_primary: start_output_stream: Invalid PCM card id: -1
04-21 12:03:14.253 340 1139 I audio_hw_primary: start_output_stream: primary: 1, out: 0xec9c7180, device: 2, address: , mode: 0, flags 0x2
04-21 12:03:14.253 340 1139 I audio_hw_primary: select_output_device(), headphone 0 ,headset 0 ,speaker 2
04-21 12:03:14.253 340 1139 D audio_hw_primary: start_output_stream: pcm_open: card: -1, pcm_device_id: 0, rate: 48000, channel: 2, format: 0, period_size: 0xc0, flag: 9
04-21 12:03:14.253 340 1139 E audio_hw_primary: start_output_stream: Invalid PCM card id: -1
04-21 12:03:14.258 340 1139 I audio_hw_primary: start_output_stream: primary: 1, out: 0xec9c7180, device: 2, address: , mode: 0, flags 0x2
04-21 12:03:14.258 340 1139 I audio_hw_primary: select_output_device(), headphone 0 ,headset 0 ,speaker 2
04-21 12:03:14.258 340 1139 D audio_hw_primary: start_output_stream: pcm_open: card: -1, pcm_device_id: 0, rate: 48000, channel: 2, format: 0, period_size: 0xc0, flag: 9
04-21 12:03:14.258 340 1139 E audio_hw_primary: start_output_stream: Invalid PCM card id: -1
04-21 12:03:14.262 340 1139 I audio_hw_primary: start_output_stream: primary: 1, out: 0xec9c7180, device: 2, address: , mode: 0, flags 0x2
04-21 12:03:14.262 340 1139 I audio_hw_primary: select_output_device(), headphone 0 ,headset 0 ,speaker 2
04-21 12:03:14.262 340 1139 D audio_hw_primary: start_output_stream: pcm_open: card: -1, pcm_device_id: 0, rate: 48000, channel: 2, format: 0, period_size: 0xc0, flag: 9
04-21 12:03:14.262 340 1139 E audio_hw_primary: start_output_stream: Invalid PCM card id: -1
04-21 12:03:14.270 508 805 I system_server: oneway function results will be dropped but finished with status OK and parcel size 4
04-21 12:03:15.708 1395 1416 I droid.dynsyste: Waiting for a blocking GC ProfileSaver
04-21 12:03:15.715 1395 1416 I droid.dynsyste: WaitForGcToComplete blocked ProfileSaver on ClassLinker for 6.929ms
04-21 12:03:16.424 1519 1540 I ssioncontrolle: Waiting for a blocking GC ProfileSaver
04-21 12:03:16.433 1519 1540 I ssioncontrolle: WaitForGcToComplete blocked ProfileSaver on ClassLinker for 8.866ms
04-21 12:03:16.612 1544 1565 I viders.calenda: Waiting for a blocking GC ProfileSaver
04-21 12:03:16.624 1544 1565 I viders.calenda: WaitForGcToComplete blocked ProfileSaver on ClassLinker for 12.734ms
04-21 12:03:16.730 508 534 I ActivityManager: Killing 1339:com.android.camera2/u0a107 (adj 985): empty #17
04-21 12:03:16.730 508 534 I am_kill : [0,1339,com.android.camera2,985,empty #17]
04-21 12:03:16.731 508 534 I am_uid_active: 10076
04-21 12:03:16.774 508 522 I am_proc_died: [0,1339,com.android.camera2,985,19]
04-21 12:03:16.774 333 333 I Zygote : Process 1339 exited due to signal 9 (Killed)
04-21 12:03:16.774 508 522 I am_uid_stopped: 10107
04-21 12:03:16.777 508 536 I libprocessgroup: Successfully killed process cgroup uid 10107 pid 1339 in 45ms
04-21 12:03:16.840 508 547 V DisplayPowerController: Brightness [0.05] reason changing to: 'manual [ dim ]', previous reason: 'manual'.
04-21 12:03:16.840 508 547 I sysui_multi_action: [757,1696,758,6,759,2]
04-21 12:03:16.865 429 692 D BufferPoolAccessor2.0: bufferpool2 0xb400fca371450568 : 0(0 size) total buffers - 0(0 size) used buffers - 167/171 (recycle/alloc) - 4/170 (fetch/transfer)
04-21 12:03:16.865 429 692 D BufferPoolAccessor2.0: evictor expired: 1, evicted: 1
04-21 12:03:16.880 365 1130 D BufferPoolAccessor2.0: bufferpool2 0xefd80da8 : 0(0 size) total buffers - 0(0 size) used buffers - 170/178 (recycle/alloc) - 8/346 (fetch/transfer)
04-21 12:03:16.880 365 1130 D BufferPoolAccessor2.0: evictor expired: 1, evicted: 1
04-21 12:03:17.140 1636 1657 I externalstorag: Waiting for a blocking GC ProfileSaver
04-21 12:03:17.150 1636 1657 I externalstorag: WaitForGcToComplete blocked ProfileSaver on ClassLinker for 10.444ms
04-21 12:03:22.551 222 222 I BpBinder: onLastStrongRef automatically unlinking death recipients:
04-21 12:03:22.705 335 335 E WifiHAL : Timed out wating on Driver ready ...
04-21 12:03:22.705 335 335 E android.hardware.wifi@1.0-service: Failed or timed out awaiting driver ready
04-21 12:03:22.705 335 335 E android.hardware.wifi@1.0-service: Failed to start legacy HAL: TIMED_OUT
04-21 12:03:22.706 508 593 D HalDevMgr: updateRttController: no one is interested in RTT controllers
04-21 12:03:22.706 508 593 E HalDevMgr: executeChipReconfiguration: configureChip error: 9 (, timed out)
04-21 12:03:22.706 508 593 E WifiVendorHal: Failed to create STA iface
04-21 12:03:22.707 508 593 E WifiNative: Failed to create iface in vendor HAL
04-21 12:03:22.707 508 593 E WifiClientModeManager: Failed to create ClientInterface. Sit in Idle
04-21 12:03:22.707 508 594 W system_server: Long monitor contention with owner WifiHandlerThread (593) at com.android.server.wifi.HalDeviceManager$WifiChipInfo[] com.android.server.wifi.HalDeviceManager.getAllChipInfo()(HalDeviceManager.java:1160) waiters=0 in void com.android.server.wifi.HalDeviceManager.dispatchAvailableForRequestListenersForType(int, com.android.server.wifi.HalDeviceManager$WifiChipInfo[]) for 20.087s
04-21 12:03:22.707 508 594 I dvm_lock_sample: [system_server,0,WifiP2pService,20087,HalDeviceManager.java,2041,void com.android.server.wifi.HalDeviceManager.dispatchAvailableForRequestListenersForType(int, com.android.server.wifi.HalDeviceManager$WifiChipInfo[]),-,1160,com.android.server.wifi.HalDeviceManager$WifiChipInfo[] com.android.server.wifi.HalDeviceManager.getAllChipInfo(),100]
04-21 12:03:22.708 508 594 D WifiP2pNative: P2P InterfaceAvailableListener true
04-21 12:03:22.708 508 594 D WifiP2pService: Wifi enabled=false, P2P Interface availability=true
04-21 12:03:22.709 508 593 D WifiScanRequestProxy: Sending scan available broadcast: false
04-21 12:03:22.710 508 593 I WifiScanRequestProxy: Scanning is disabled
04-21 12:03:22.710 508 596 I WifiScanningService: Received a request to disable scanning, UID = 1000
04-21 12:03:22.710 508 593 D WifiClientModeManager: received an invalid message: { when=-20s131ms what=2 arg1=2 target=com.android.wifi.x.com.android.internal.util.StateMachine$SmHandler }
04-21 12:03:22.710 508 596 I WifiScanningService: wifi driver unloaded
04-21 12:03:22.716 508 593 E WifiNative: Could not get Iface object for interface null
04-21 12:03:22.718 508 593 D ApConfigUtil: Update Softap capability, add acs feature support
04-21 12:03:22.718 508 593 D ApConfigUtil: Update Softap capability, add client control feature support
04-21 12:03:22.719 508 593 D ApConfigUtil: Update Softap capability, max client = 16
04-21 12:03:22.719 508 593 D WifiActiveModeWarden: Starting ClientModeManager
04-21 12:03:22.720 508 593 D WifiClientModeManager: entering IdleState
04-21 12:03:22.721 508 593 D WifiService: Handle boot completed
04-21 12:03:22.725 834 1118 I service_manager_stats: [100,139,43029]
04-21 12:03:22.729 834 1118 D PhoneInterfaceManager: getServiceStateForSubscriber returning null for inactive subId=-1
04-21 12:03:22.729 508 593 I WifiScoreCard: Installing MemoryStore
04-21 12:03:22.729 508 593 I WifiHealthMonitor: Installing MemoryStore
04-21 12:03:22.749 508 593 D WakeupConfigStoreData: WifiWake user data has been read
04-21 12:03:22.751 508 593 D WifiConfigStore: Reading from user stores completed in 16 ms.
04-21 12:03:22.772 508 593 D WifiConfigStore: Writing to stores completed in 15 ms.
04-21 12:03:22.772 508 593 D WifiController: STA disabled, remain in EnabledState.
04-21 12:03:22.777 508 593 I WifiVendorHal: Vendor Hal started successfully
04-21 12:03:22.777 508 594 I WifiP2pNative: Registering for interface available listener
04-21 12:03:22.779 834 834 E RILJ : getRadioProxy: mRadioProxy for slot1 is disabled [PHONE0]
04-21 12:03:22.780 834 834 E RILJ : getRadioProxy: mRadioProxy == null [PHONE0]
04-21 12:03:22.780 834 834 E PhoneInterfaceManager: [PhoneIntfMgr] queryModemActivityInfo: Empty response
04-21 12:03:22.788 508 541 W BatteryExternalStatsWorker: modem info is invalid: ModemActivityInfo{ mTimestamp=0 mSleepTimeMs=0 mIdleTimeMs=0 mTransmitPowerInfo[]=[TransmitPower{ mTimeInMillis=0 mPowerRangeInDbm={-2147483648,0}}, TransmitPower{ mTimeInMillis=0 mPowerRangeInDbm={0,5}}, TransmitPower{ mTimeInMillis=0 mPowerRangeInDbm={5,15}}, TransmitPower{ mTimeInMillis=0 mPowerRangeInDbm={15,20}}, TransmitPower{ mTimeInMillis=0 mPowerRangeInDbm={20,2147483647}}] mRxTimeMs=0}
04-21 12:03:22.790 508 541 W KernelCpuProcStringReader: File not found. It's normal if not implemented: /proc/uid_time_in_state
04-21 12:03:22.790 508 541 W KernelCpuProcStringReader: File not found. It's normal if not implemented: /proc/uid_concurrent_active_time
04-21 12:03:22.791 508 541 W KernelCpuProcStringReader: File not found. It's normal if not implemented: /proc/uid_concurrent_policy_time
04-21 12:03:22.994 346 945 I gralloc_driver: is_supported check descriptor name=Bitmap::allocateHardwareBitmap pid [668], width=44, height=48, droid_format=RGBA8888, usage=GPU_TEXTURE
04-21 12:03:23.006 986 986 D TouchInteractionService: Touch service connected
04-21 12:03:23.009 346 945 I gralloc_driver: is_supported check descriptor name=Bitmap::allocateHardwareBitmap pid [668], width=44, height=48, droid_format=RGBA8888, usage=GPU_TEXTURE
04-21 12:03:23.097 346 945 I chatty : uid=1000(system) HwBinder:346_2 identical 1 line
04-21 12:03:23.106 346 945 I gralloc_driver: is_supported check descriptor name=Bitmap::allocateHardwareBitmap pid [668], width=44, height=48, droid_format=RGBA8888, usage=GPU_TEXTURE
04-21 12:03:23.182 508 523 D CompatibilityChangeReporter: Compat change id reported: 135634846; UID 1000; state: DISABLED
04-21 12:03:23.182 508 523 D CompatibilityChangeReporter: Compat change id reported: 135754954; UID 1000; state: ENABLED
04-21 12:03:23.197 333 333 D Zygote : Forked child process 1671
04-21 12:03:23.200 508 535 I am_proc_start: [0,1671,1000,com.android.keychain,service,{com.android.keychain/com.android.keychain.KeyChainService}]
04-21 12:03:23.200 1671 1671 I Zygote : seccomp disabled by setenforce 0
04-21 12:03:23.200 508 535 I ActivityManager: Start proc 1671:com.android.keychain/1000 for service {com.android.keychain/com.android.keychain.KeyChainService}
04-21 12:03:23.213 448 468 I adbd : jdwp connection from 1671
04-21 12:03:23.221 508 523 I am_proc_bound: [0,1671,com.android.keychain]
04-21 12:03:23.241 1671 1671 I ndroid.keychai: The ClassLoaderContext is a special shared library.
04-21 12:03:23.244 668 668 W View : requestLayout() improperly called by android.widget.FrameLayout{f324c8c I.E...... ......I. 0,0-0,0 #7f0a00c4 app:id/big_clock_container} during layout: running second layout pass
04-21 12:03:23.254 1671 1671 D NetworkSecurityConfig: No Network Security Config specified, using platform default
04-21 12:03:23.255 1671 1671 D NetworkSecurityConfig: No Network Security Config specified, using platform default
04-21 12:03:23.414 508 804 I sysui_multi_action: [757,128,758,1,793,15433,794,0,795,15433,796,26,798,0,806,android,857,DEVELOPER_IMPORTANT,858,4,947,0,1395,4,1500,15228,1688,1]
04-21 12:03:23.415 508 804 I sysui_multi_action: [757,804,799,note_freshness,801,15433,802,1]
04-21 12:03:23.420 508 804 I notification_visibility: [-1|android|26|null|1000,1,15433,15433,0,0]
04-21 12:03:26.774 508 533 I ActivityManager: Killing 1366:com.android.contacts/u0a99 (adj 985): empty #17
04-21 12:03:26.774 508 533 I am_kill : [0,1366,com.android.contacts,985,empty #17]
04-21 12:03:26.799 508 523 I am_proc_died: [0,1366,com.android.contacts,985,19]
04-21 12:03:26.799 333 333 I Zygote : Process 1366 exited due to signal 9 (Killed)
04-21 12:03:26.799 508 523 I am_uid_stopped: 10099
04-21 12:03:26.819 508 536 I libprocessgroup: Successfully killed process cgroup uid 10099 pid 1366 in 44ms
04-21 12:03:31.593 508 804 I ActivityManager: Killing 1058:com.android.deskclock/u0a104 (adj 985): empty #17
04-21 12:03:31.594 508 804 I am_kill : [0,1058,com.android.deskclock,985,empty #17]
04-21 12:03:31.596 508 804 I ActivityManager: Killing 1289:android.process.acore/u0a63 (adj 985): empty #18
04-21 12:03:31.596 508 804 I am_kill : [0,1289,android.process.acore,985,empty #18]
04-21 12:03:31.634 508 522 I am_proc_died: [0,1289,android.process.acore,985,19]
04-21 12:03:31.634 508 962 D CountryDetector: No listener is left
04-21 12:03:31.635 508 522 I am_uid_stopped: 10063
04-21 12:03:31.636 333 333 I Zygote : Process 1289 exited due to signal 9 (Killed)
04-21 12:03:31.645 508 821 I am_proc_died: [0,1058,com.android.deskclock,985,19]
04-21 12:03:31.645 333 333 I Zygote : Process 1058 exited due to signal 9 (Killed)
04-21 12:03:31.646 508 821 I am_uid_stopped: 10104
04-21 12:03:31.673 508 518 I system_server: Background young concurrent copying GC freed 135115(6859KB) AllocSpace objects, 41(1836KB) LOS objects, 48% free, 9500KB/17MB, paused 237us total 100.315ms
04-21 12:03:31.687 508 536 I libprocessgroup: Successfully killed process cgroup uid 10104 pid 1058 in 87ms
04-21 12:03:31.688 508 536 I libprocessgroup: Successfully killed process cgroup uid 10063 pid 1289 in 0ms
04-21 12:03:42.872 335 335 E WifiHAL : Timed out wating on Driver ready ...
04-21 12:03:42.872 335 335 E android.hardware.wifi@1.0-service: Failed or timed out awaiting driver ready
04-21 12:03:42.872 335 335 E android.hardware.wifi@1.0-service: Failed to start legacy HAL: TIMED_OUT
04-21 12:03:42.873 508 593 D HalDevMgr: updateRttController: no one is interested in RTT controllers
04-21 12:03:42.873 508 593 E HalDevMgr: executeChipReconfiguration: configureChip error: 9 (, timed out)
04-21 12:03:42.873 508 593 E WifiVendorHal: Failed to create STA iface
04-21 12:03:42.873 508 593 E WifiNative: Failed to create iface in vendor HAL
04-21 12:03:42.873 508 593 E WifiClientModeManager: Failed to create ClientInterface. Sit in Idle
04-21 12:03:42.874 508 594 W system_server: Long monitor contention with owner WifiHandlerThread (593) at com.android.server.wifi.HalDeviceManager$WifiChipInfo[] com.android.server.wifi.HalDeviceManager.getAllChipInfo()(HalDeviceManager.java:1160) waiters=0 in void com.android.server.wifi.HalDeviceManager.registerInterfaceAvailableForRequestListener(int, com.android.server.wifi.HalDeviceManager$InterfaceAvailableForRequestListener, android.os.Handler) for 20.096s
04-21 12:03:42.874 508 593 D WifiScanRequestProxy: Sending scan available broadcast: false
04-21 12:03:42.874 508 594 I dvm_lock_sample: [system_server,0,WifiP2pService,20096,HalDeviceManager.java,353,void com.android.server.wifi.HalDeviceManager.registerInterfaceAvailableForRequestListener(int, com.android.server.wifi.HalDeviceManager$InterfaceAvailableForRequestListener, android.os.Handler),-,1160,com.android.server.wifi.HalDeviceManager$WifiChipInfo[] com.android.server.wifi.HalDeviceManager.getAllChipInfo(),100]
04-21 12:03:42.874 508 596 I WifiScanningService: Received a request to disable scanning, UID = 1000
04-21 12:03:42.874 508 596 I WifiScanningService: wifi driver unloaded
04-21 12:03:42.874 508 593 I WifiScanRequestProxy: Scanning is disabled
04-21 12:03:42.875 508 593 D WifiClientModeManager: received an invalid message: { when=-20s155ms what=2 arg1=2 target=com.android.wifi.x.com.android.internal.util.StateMachine$SmHandler }
04-21 12:03:42.876 508 593 D WifiNetworkFactory: Registering NetworkFactory
04-21 12:03:42.877 508 593 D UntrustedWifiNetworkFactory: Registering NetworkFactory
04-21 12:03:42.877 508 597 D ConnectivityService: Got NetworkProvider Messenger for WifiNetworkFactory
04-21 12:03:42.877 508 597 D ConnectivityService: Got NetworkProvider Messenger for UntrustedWifiNetworkFactory
04-21 12:03:42.878 508 593 D WifiController: STA disabled, return to DisabledState.
04-21 12:03:42.878 508 593 D WifiController: EnabledState.exit()
04-21 12:03:42.878 508 593 D WifiController: DisabledState.enter()
04-21 12:03:42.879 508 593 D WifiNetworkFactory: got request NetworkRequest [ BACKGROUND_REQUEST id=2, [ Transports: CELLULAR Capabilities: INTERNET&NOT_RESTRICTED&TRUSTED&NOT_VPN AdministratorUids: [] RequestorUid: 1000 RequestorPackageName: android] ] with score 0 and providerId -1
04-21 12:03:42.879 508 593 D WifiNetworkFactory: got request NetworkRequest [ TRACK_DEFAULT id=8, [ Capabilities: INTERNET&NOT_RESTRICTED&TRUSTED Uid: 1000 AdministratorUids: [] RequestorUid: 1000 RequestorPackageName: android] ] with score 0 and providerId -1
04-21 12:03:42.880 508 593 D WifiNetworkFactory: got request NetworkRequest [ TRACK_DEFAULT id=14, [ Capabilities: INTERNET&NOT_RESTRICTED&TRUSTED Uid: 10118 AdministratorUids: [] RequestorUid: 10118 RequestorPackageName: com.android.systemui] ] with score 0 and providerId -1
04-21 12:03:42.880 508 593 D WifiNetworkFactory: got request NetworkRequest [ TRACK_DEFAULT id=15, [ Capabilities: INTERNET&NOT_RESTRICTED&TRUSTED Uid: 10118 AdministratorUids: [] RequestorUid: 10118 RequestorPackageName: com.android.systemui] ] with score 0 and providerId -1
04-21 12:03:42.880 508 593 D WifiNetworkFactory: got request NetworkRequest [ REQUEST id=11, [ Capabilities: INTERNET&NOT_RESTRICTED&TRUSTED&NOT_VPN AdministratorUids: [] RequestorUid: 1073 RequestorPackageName: com.android.networkstack] ] with score 0 and providerId -1
04-21 12:03:42.880 508 593 D WifiNetworkFactory: got request NetworkRequest [ TRACK_DEFAULT id=9, [ Capabilities: INTERNET&NOT_RESTRICTED&TRUSTED Uid: 1073 AdministratorUids: [] RequestorUid: 1073 RequestorPackageName: com.android.networkstack] ] with score 0 and providerId -1
04-21 12:03:42.880 508 593 D WifiNetworkFactory: got request NetworkRequest [ REQUEST id=1, [ Capabilities: INTERNET&NOT_RESTRICTED&TRUSTED&NOT_VPN AdministratorUids: [] RequestorUid: 1000 RequestorPackageName: android] ] with score 0 and providerId -1
04-21 12:03:42.881 508 593 D UntrustedWifiNetworkFactory: got request NetworkRequest [ BACKGROUND_REQUEST id=2, [ Transports: CELLULAR Capabilities: INTERNET&NOT_RESTRICTED&TRUSTED&NOT_VPN AdministratorUids: [] RequestorUid: 1000 RequestorPackageName: android] ] with score 0 and providerId -1
04-21 12:03:42.881 508 593 D UntrustedWifiNetworkFactory: got request NetworkRequest [ TRACK_DEFAULT id=8, [ Capabilities: INTERNET&NOT_RESTRICTED&TRUSTED Uid: 1000 AdministratorUids: [] RequestorUid: 1000 RequestorPackageName: android] ] with score 0 and providerId -1
04-21 12:03:42.881 508 593 D UntrustedWifiNetworkFactory: got request NetworkRequest [ TRACK_DEFAULT id=14, [ Capabilities: INTERNET&NOT_RESTRICTED&TRUSTED Uid: 10118 AdministratorUids: [] RequestorUid: 10118 RequestorPackageName: com.android.systemui] ] with score 0 and providerId -1
04-21 12:03:42.881 508 593 D UntrustedWifiNetworkFactory: got request NetworkRequest [ TRACK_DEFAULT id=15, [ Capabilities: INTERNET&NOT_RESTRICTED&TRUSTED Uid: 10118 AdministratorUids: [] RequestorUid: 10118 RequestorPackageName: com.android.systemui] ] with score 0 and providerId -1
04-21 12:03:42.881 508 593 D UntrustedWifiNetworkFactory: got request NetworkRequest [ REQUEST id=11, [ Capabilities: INTERNET&NOT_RESTRICTED&TRUSTED&NOT_VPN AdministratorUids: [] RequestorUid: 1073 RequestorPackageName: com.android.networkstack] ] with score 0 and providerId -1
04-21 12:03:42.881 508 593 D UntrustedWifiNetworkFactory: got request NetworkRequest [ TRACK_DEFAULT id=9, [ Capabilities: INTERNET&NOT_RESTRICTED&TRUSTED Uid: 1073 AdministratorUids: [] RequestorUid: 1073 RequestorPackageName: com.android.networkstack] ] with score 0 and providerId -1
04-21 12:03:42.881 508 593 D UntrustedWifiNetworkFactory: got request NetworkRequest [ REQUEST id=1, [ Capabilities: INTERNET&NOT_RESTRICTED&TRUSTED&NOT_VPN AdministratorUids: [] RequestorUid: 1000 RequestorPackageName: android] ] with score 0 and providerId -1
04-21 12:03:53.442 0 0 W healthd : battery l=85 v=3 t=35.0 h=2 st=2 c=400000 fc=4000000 cc=32 chg=a
04-21 12:04:00.028 668 668 D KeyguardClockSwitch: Updating clock: 1204
04-21 12:04:02.385 508 1698 I system_server: The ClassLoaderContext is a special shared library.
04-21 12:04:02.647 508 1698 I chatty : uid=1000(system) Binder:508_3 identical 38 lines
04-21 12:04:02.649 508 525 I am_uid_active: 10124
04-21 12:04:02.653 508 1698 I system_server: The ClassLoaderContext is a special shared library.
04-21 12:04:02.657 1519 1539 I PermissionControllerServiceImpl: Updating user sensitive for user 0
04-21 12:04:02.659 508 1698 I system_server: The ClassLoaderContext is a special shared library.
04-21 12:04:02.662 508 533 I am_pss : [892,10126,android.ext.services,13159424,4743168,0,123707392,0,5,8]
04-21 12:04:02.668 508 1698 I chatty : uid=1000(system) Binder:508_3 identical 1 line
04-21 12:04:02.674 508 1698 I system_server: The ClassLoaderContext is a special shared library.
04-21 12:04:02.687 1519 1701 I LancherPackagesLiveData: updating LauncherPackageLiveData
04-21 12:04:02.687 508 1698 I system_server: The ClassLoaderContext is a special shared library.
04-21 12:04:02.688 1519 1700 I UserPackageInfos: updating UserPackageInfosLiveData for user 0
04-21 12:04:02.705 508 1698 I system_server: The ClassLoaderContext is a special shared library.
04-21 12:04:03.043 508 1698 I chatty : uid=1000(system) Binder:508_3 identical 38 lines
04-21 12:04:03.051 508 1698 I system_server: The ClassLoaderContext is a special shared library.
04-21 12:04:03.052 508 1698 I BackgroundDexOptService: Pinning optimized code {}
04-21 12:04:04.635 448 448 I adbd : UsbFfs: offline
04-21 12:04:04.635 448 448 I adbd : authentication not required
04-21 12:04:07.741 0 0 D logd : logdr: UID=2000 GID=2000 PID=1705 b tail=0 logMask=99 pid=0 start=0ns timeout=0ns
04-21 12:04:10.934 508 534 I am_uid_idle: 10068
04-21 12:04:12.966 508 533 I am_pss : [1103,10121,com.android.providers.media.module,27968512,20770816,0,143151104,0,0,10]
04-21 12:04:12.976 508 533 I am_pss : [741,1073,com.android.networkstack.process,12403712,6443008,0,123199488,0,0,9]
04-21 12:04:12.993 508 533 I am_pss : [668,10118,com.android.systemui,80688128,59633664,0,242343936,0,1,14]
04-21 12:04:13.013 508 533 I am_pss : [508,1000,system,126910464,102555648,0,297988096,0,0,18]
04-21 12:04:13.024 508 533 I am_pss : [1544,10076,com.android.providers.calendar,9225216,4743168,0,108691456,0,19,8]
04-21 12:04:13.034 508 533 I am_pss : [1636,10064,com.android.externalstorage,7279616,3252224,0,103415808,0,19,7]
04-21 12:04:13.045 508 533 I am_pss : [1254,10068,android.process.media,11230208,6828032,0,110284800,0,19,8]
04-21 12:04:13.054 508 533 I am_pss : [1612,1000,com.android.localtransport,6949888,3137536,0,100421632,0,19,8]
04-21 12:04:13.061 508 533 I am_pss : [1592,10083,com.android.traceur,10762240,6742016,0,107380736,0,19,6]
04-21 12:04:13.069 508 533 I am_pss : [1570,2000,com.android.shell,7536640,3620864,0,102875136,0,19,6]
04-21 12:04:13.079 508 533 I am_pss : [868,1000,com.android.settings,24538112,13037568,0,140939264,0,19,7]
04-21 12:04:13.087 508 533 I am_pss : [1497,10069,com.android.packageinstaller,8560640,4841472,0,101167104,0,19,6]
04-21 12:04:13.095 508 533 I am_pss : [1472,10097,com.android.onetimeinitializer,6729728,2924544,0,100315136,0,19,6]
04-21 12:04:13.103 508 533 I am_pss : [1443,10074,com.android.managedprovisioning,10740736,6926336,0,104968192,0,19,6]
04-21 12:04:13.112 508 533 I am_pss : [1419,10108,com.android.inputmethod.latin,9871360,3878912,0,112414720,0,19,7]
04-21 12:04:13.120 508 533 I am_pss : [1395,1000,com.android.dynsystem,6928384,3174400,0,99794944,0,19,5]
04-21 12:04:13.128 508 533 I am_pss : [1232,10100,com.android.dialer,12897280,7540736,0,111177728,0,19,7]
04-21 12:04:13.137 508 533 I am_pss : [834,1001,com.android.phone,22067200,13410304,0,140746752,0,0,7]
04-21 12:04:13.145 508 533 I am_pss : [763,1068,com.android.se,7883776,3469312,0,106528768,0,0,6]
04-21 12:04:14.505 508 534 I am_uid_idle: 10077
04-21 12:04:21.021 448 448 W adbd : timeout expired while flushing socket, closing
04-21 12:04:26.787 508 534 I am_uid_idle: 10076
04-21 12:04:53.441 0 0 W healthd : battery l=85 v=3 t=35.0 h=2 st=2 c=400000 fc=4000000 cc=32 chg=a
04-21 12:05:00.027 668 668 D KeyguardClockSwitch: Updating clock: 1205
04-21 12:05:12.963 508 534 I am_uid_idle: 10124
04-21 12:05:45.547 0 0 D logd : logdr: UID=2000 GID=2000 PID=1708 b tail=0 logMask=ff pid=0 start=0ns timeout=0ns