04-21 12:03:02.589 508 508 D SystemServerTiming: OnBootPhase_500_com.android.server.biometrics.AuthService took to complete: 0ms
04-21 12:03:02.589 508 508 I SystemServerTiming: OnBootPhase_500_com.android.server.pm.ShortcutService$Lifecycle
04-21 12:03:02.589 508 508 D SystemServerTiming: OnBootPhase_500_com.android.server.pm.ShortcutService$Lifecycle took to complete: 0ms
04-21 12:03:02.589 508 508 I SystemServerTiming: OnBootPhase_500_com.android.server.pm.LauncherAppsService
04-21 12:03:02.589 508 508 D SystemServerTiming: OnBootPhase_500_com.android.server.pm.LauncherAppsService took to complete: 0ms
04-21 12:03:02.589 508 508 I SystemServerTiming: OnBootPhase_500_com.android.server.pm.CrossProfileAppsService
04-21 12:03:02.589 508 508 D SystemServerTiming: OnBootPhase_500_com.android.server.pm.CrossProfileAppsService took to complete: 0ms
04-21 12:03:02.589 508 508 I SystemServerTiming: OnBootPhase_500_com.android.server.people.PeopleService
04-21 12:03:02.590 508 508 D SystemServerTiming: OnBootPhase_500_com.android.server.people.PeopleService took to complete: 0ms
04-21 12:03:02.590 508 508 I SystemServerTiming: OnBootPhase_500_com.android.server.media.projection.MediaProjectionManagerService
04-21 12:03:02.590 508 508 D SystemServerTiming: OnBootPhase_500_com.android.server.media.projection.MediaProjectionManagerService took to complete: 0ms
04-21 12:03:02.590 508 508 I SystemServerTiming: OnBootPhase_500_com.android.server.slice.SliceManagerService$Lifecycle
04-21 12:03:02.590 508 508 D SystemServerTiming: OnBootPhase_500_com.android.server.slice.SliceManagerService$Lifecycle took to complete: 0ms
04-21 12:03:02.590 508 508 I SystemServerTiming: OnBootPhase_500_com.android.server.camera.CameraServiceProxy
04-21 12:03:02.590 508 508 D SystemServerTiming: OnBootPhase_500_com.android.server.camera.CameraServiceProxy took to complete: 0ms
04-21 12:03:02.590 508 508 I SystemServerTiming: OnBootPhase_500_com.android.server.stats.StatsCompanion$Lifecycle
04-21 12:03:02.590 508 508 D SystemServerTiming: OnBootPhase_500_com.android.server.stats.StatsCompanion$Lifecycle took to complete: 0ms
04-21 12:03:02.590 508 508 I SystemServerTiming: OnBootPhase_500_com.android.server.stats.pull.StatsPullAtomService
04-21 12:03:02.590 508 508 D SystemServerTiming: OnBootPhase_500_com.android.server.stats.pull.StatsPullAtomService took to complete: 0ms
04-21 12:03:02.590 508 508 I SystemServerTiming: OnBootPhase_500_com.android.server.incident.IncidentCompanionService
04-21 12:03:02.590 508 508 D SystemServerTiming: OnBootPhase_500_com.android.server.incident.IncidentCompanionService took to complete: 0ms
04-21 12:03:02.590 508 508 I SystemServerTiming: OnBootPhase_500_com.android.server.MmsServiceBroker
04-21 12:03:02.590 508 508 D SystemServerTiming: OnBootPhase_500_com.android.server.MmsServiceBroker took to complete: 0ms
04-21 12:03:02.590 508 508 I SystemServerTiming: OnBootPhase_500_com.android.server.autofill.AutofillManagerService
04-21 12:03:02.590 508 508 D SystemServerTiming: OnBootPhase_500_com.android.server.autofill.AutofillManagerService took to complete: 0ms
04-21 12:03:02.590 508 508 I SystemServerTiming: OnBootPhase_500_com.android.server.clipboard.ClipboardService
04-21 12:03:02.590 508 508 D SystemServerTiming: OnBootPhase_500_com.android.server.clipboard.ClipboardService took to complete: 0ms
04-21 12:03:02.590 508 508 I SystemServerTiming: OnBootPhase_500_com.android.server.appbinding.AppBindingService$Lifecycle
04-21 12:03:02.591 508 508 D SystemServerTiming: OnBootPhase_500_com.android.server.appbinding.AppBindingService$Lifecycle took to complete: 0ms
04-21 12:03:02.591 508 508 D SystemServerTiming: OnBootPhase_500 took to complete: 112ms
04-21 12:03:02.591 508 508 D SystemServerTiming: StartBootPhaseSystemServicesReady took to complete: 112ms
04-21 12:03:02.591 508 508 I SystemServerTiming: MakeWindowManagerServiceReady
04-21 12:03:02.595 508 508 D SystemServerTiming: MakeWindowManagerServiceReady took to complete: 4ms
04-21 12:03:02.596 508 508 I SystemServerTiming: MakePowerManagerServiceReady
04-21 12:03:02.600 508 533 E KernelCpuThreadReader: Failed to initialize KernelCpuThreadReader
04-21 12:03:02.600 508 533 E KernelCpuThreadReader: java.nio.file.NoSuchFileException: /proc/self/time_in_state
04-21 12:03:02.600 508 533 E KernelCpuThreadReader: at sun.nio.fs.UnixFileSystemProvider.newByteChannel(UnixFileSystemProvider.java:214)
04-21 12:03:02.600 508 533 E KernelCpuThreadReader: at java.nio.file.Files.newByteChannel(Files.java:361)
04-21 12:03:02.600 508 533 E KernelCpuThreadReader: at java.nio.file.Files.newByteChannel(Files.java:407)
04-21 12:03:02.600 508 533 E KernelCpuThreadReader: at java.nio.file.Files.readAllBytes(Files.java:3152)
04-21 12:03:02.600 508 533 E KernelCpuThreadReader: at com.android.internal.os.ProcTimeInStateReader.initializeTimeInStateFormat(ProcTimeInStateReader.java:163)
04-21 12:03:02.600 508 533 E KernelCpuThreadReader: at com.android.internal.os.ProcTimeInStateReader.(ProcTimeInStateReader.java:110)
04-21 12:03:02.600 508 533 E KernelCpuThreadReader: at com.android.internal.os.KernelCpuThreadReader.(KernelCpuThreadReader.java:138)
04-21 12:03:02.600 508 533 E KernelCpuThreadReader: at com.android.internal.os.KernelCpuThreadReader.create(KernelCpuThreadReader.java:151)
04-21 12:03:02.600 508 533 E KernelCpuThreadReader: at com.android.internal.os.KernelCpuThreadReaderSettingsObserver.(KernelCpuThreadReaderSettingsObserver.java:95)
04-21 12:03:02.600 508 533 E KernelCpuThreadReader: at com.android.internal.os.KernelCpuThreadReaderSettingsObserver.getSettingsModifiedReader(KernelCpuThreadReaderSettingsObserver.java:80)
04-21 12:03:02.600 508 533 E KernelCpuThreadReader: at com.android.server.stats.pull.StatsPullAtomService.initializePullersState(StatsPullAtomService.java:729)
04-21 12:03:02.600 508 533 E KernelCpuThreadReader: at com.android.server.stats.pull.StatsPullAtomService.lambda$onBootPhase$0$StatsPullAtomService(StatsPullAtomService.java:676)
04-21 12:03:02.600 508 533 E KernelCpuThreadReader: at com.android.server.stats.pull.-$$Lambda$StatsPullAtomService$DD__7RQZDPvJeL9pnb_7J1voUNE.run(Unknown Source:2)
04-21 12:03:02.600 508 533 E KernelCpuThreadReader: at android.os.Handler.handleCallback(Handler.java:938)
04-21 12:03:02.600 508 533 E KernelCpuThreadReader: at android.os.Handler.dispatchMessage(Handler.java:99)
04-21 12:03:02.600 508 533 E KernelCpuThreadReader: at android.os.Looper.loop(Looper.java:223)
04-21 12:03:02.600 508 533 E KernelCpuThreadReader: at android.os.HandlerThread.run(HandlerThread.java:67)
04-21 12:03:02.601 335 335 I android.hardware.wifi@1.0-service: Wifi HAL started
04-21 12:03:02.604 508 508 E DisplayPowerController: failed to set up display white-balance: java.lang.IllegalStateException: cannot find light sensor
04-21 12:03:02.606 508 533 I HealthServiceWrapper: health: HealthServiceWrapper listening to instance default
04-21 12:03:02.610 508 533 D StatsPullAtomService: Registering pullers with statsd
04-21 12:03:02.619 508 597 D ConnectivityService: NetReassign [no changes]
04-21 12:03:02.619 508 541 W KernelCpuProcStringReader: File not found. It's normal if not implemented: /proc/uid_time_in_state
04-21 12:03:02.620 508 541 W KernelCpuProcStringReader: File not found. It's normal if not implemented: /proc/uid_concurrent_active_time
04-21 12:03:02.620 508 541 W KernelCpuProcStringReader: File not found. It's normal if not implemented: /proc/uid_concurrent_policy_time
04-21 12:03:02.629 508 547 W KeyguardServiceDelegate: onScreenTurningOn(): no keyguard service!
04-21 12:03:02.630 508 533 I service_manager_slow: [10,thermalservice]
04-21 12:03:02.630 508 533 I StatsPullAtomService: register thermal listener successfully
04-21 12:03:02.632 508 547 V DisplayPowerController: Brightness [0.39763778] reason changing to: 'override', previous reason: '0'.
04-21 12:03:02.638 508 508 D SystemServerTiming: MakePowerManagerServiceReady took to complete: 43ms
04-21 12:03:02.639 508 508 I SystemServerTiming: StartPermissionPolicyService
04-21 12:03:02.639 508 508 I SystemServiceManager: Starting com.android.server.policy.PermissionPolicyService
04-21 12:03:02.645 508 508 D SystemServerTiming: StartPermissionPolicyService took to complete: 6ms
04-21 12:03:02.645 508 508 I SystemServerTiming: MakePackageManagerServiceReady
04-21 12:03:02.660 508 508 I PackageManager: Permission ownership changed. Updating all permissions.
04-21 12:03:02.711 508 508 I commit_sys_config_file: [package-session,6]
04-21 12:03:02.711 334 334 D ZygoteInitTiming_lazy: PreloadClasses took to complete: 1826ms
04-21 12:03:02.714 508 508 V UserDataPreparer: Found /data/user_de/0 with serial number 0
04-21 12:03:02.714 508 508 V UserDataPreparer: Found /data/user/0 with serial number 0
04-21 12:03:02.714 508 508 V UserDataPreparer: Found /data/system_de/0 with serial number 0
04-21 12:03:02.714 508 508 V UserDataPreparer: Found /data/system_ce/0 with serial number 0
04-21 12:03:02.714 508 508 V UserDataPreparer: Found /data/misc_ce/0 with serial number 0
04-21 12:03:02.722 508 508 D SystemServerTiming: MakePackageManagerServiceReady took to complete: 78ms
04-21 12:03:02.722 508 508 I SystemServerTiming: MakeDisplayManagerServiceReady
04-21 12:03:02.725 508 528 E DisplayModeDirector: Asked about unknown display, returning empty display mode specs!(id=0)
04-21 12:03:02.725 508 528 E DisplayModeDirector: Asked about unknown display, returning empty display mode specs!(id=0)
04-21 12:03:02.727 508 508 D SystemServerTiming: MakeDisplayManagerServiceReady took to complete: 5ms
04-21 12:03:02.727 508 508 I SystemServerTiming: StartDeviceSpecificServices
04-21 12:03:02.727 508 508 D SystemServerTiming: StartDeviceSpecificServices took to complete: 0ms
04-21 12:03:02.727 508 508 I SystemServerTiming: StartBootPhaseDeviceSpecificServicesReady
04-21 12:03:02.728 508 508 I SystemServiceManager: Starting phase 520
04-21 12:03:02.728 508 508 I SystemServerTiming: OnBootPhase_520
04-21 12:03:02.728 508 508 I SystemServerTiming: OnBootPhase_520_com.android.server.security.FileIntegrityService
04-21 12:03:02.728 508 508 D SystemServerTiming: OnBootPhase_520_com.android.server.security.FileIntegrityService took to complete: 0ms
04-21 12:03:02.728 508 508 I SystemServerTiming: OnBootPhase_520_com.android.server.pm.Installer
04-21 12:03:02.728 508 508 D SystemServerTiming: OnBootPhase_520_com.android.server.pm.Installer took to complete: 0ms
04-21 12:03:02.728 508 508 I SystemServerTiming: OnBootPhase_520_com.android.server.os.DeviceIdentifiersPolicyService
04-21 12:03:02.728 508 508 D SystemServerTiming: OnBootPhase_520_com.android.server.os.DeviceIdentifiersPolicyService took to complete: 0ms
04-21 12:03:02.728 508 508 I SystemServerTiming: OnBootPhase_520_com.android.server.uri.UriGrantsManagerService$Lifecycle
04-21 12:03:02.728 508 508 D SystemServerTiming: OnBootPhase_520_com.android.server.uri.UriGrantsManagerService$Lifecycle took to complete: 0ms
04-21 12:03:02.728 508 508 I SystemServerTiming: OnBootPhase_520_com.android.server.wm.ActivityTaskManagerService$Lifecycle
04-21 12:03:02.728 508 508 D SystemServerTiming: OnBootPhase_520_com.android.server.wm.ActivityTaskManagerService$Lifecycle took to complete: 0ms
04-21 12:03:02.728 508 508 I SystemServerTiming: OnBootPhase_520_com.android.server.am.ActivityManagerService$Lifecycle
04-21 12:03:02.728 508 508 D SystemServerTiming: OnBootPhase_520_com.android.server.am.ActivityManagerService$Lifecycle took to complete: 0ms
04-21 12:03:02.728 508 508 I SystemServerTiming: OnBootPhase_520_com.android.server.pm.DataLoaderManagerService
04-21 12:03:02.728 508 508 D SystemServerTiming: OnBootPhase_520_com.android.server.pm.DataLoaderManagerService took to complete: 0ms
04-21 12:03:02.728 508 508 I SystemServerTiming: OnBootPhase_520_com.android.server.power.PowerManagerService
04-21 12:03:02.728 508 508 D SystemServerTiming: OnBootPhase_520_com.android.server.power.PowerManagerService took to complete: 0ms
04-21 12:03:02.728 508 508 I SystemServerTiming: OnBootPhase_520_com.android.server.power.ThermalManagerService
04-21 12:03:02.728 508 508 D SystemServerTiming: OnBootPhase_520_com.android.server.power.ThermalManagerService took to complete: 0ms
04-21 12:03:02.728 508 508 I SystemServerTiming: OnBootPhase_520_com.android.server.recoverysystem.RecoverySystemService$Lifecycle
04-21 12:03:02.728 508 508 D SystemServerTiming: OnBootPhase_520_com.android.server.recoverysystem.RecoverySystemService$Lifecycle took to complete: 0ms
04-21 12:03:02.728 508 508 I SystemServerTiming: OnBootPhase_520_com.android.server.lights.LightsService
04-21 12:03:02.728 508 508 D SystemServerTiming: OnBootPhase_520_com.android.server.lights.LightsService took to complete: 0ms
04-21 12:03:02.728 508 508 I SystemServerTiming: OnBootPhase_520_com.android.server.display.DisplayManagerService
04-21 12:03:02.728 508 508 D SystemServerTiming: OnBootPhase_520_com.android.server.display.DisplayManagerService took to complete: 0ms
04-21 12:03:02.728 508 508 I SystemServerTiming: OnBootPhase_520_com.android.server.pm.UserManagerService$LifeCycle
04-21 12:03:02.729 508 508 D SystemServerTiming: OnBootPhase_520_com.android.server.pm.UserManagerService$LifeCycle took to complete: 0ms
04-21 12:03:02.729 508 508 I SystemServerTiming: OnBootPhase_520_com.android.server.om.OverlayManagerService
04-21 12:03:02.729 508 508 D SystemServerTiming: OnBootPhase_520_com.android.server.om.OverlayManagerService took to complete: 0ms
04-21 12:03:02.729 508 508 I SystemServerTiming: OnBootPhase_520_com.android.server.SensorPrivacyService
04-21 12:03:02.729 508 508 D SystemServerTiming: OnBootPhase_520_com.android.server.SensorPrivacyService took to complete: 0ms
04-21 12:03:02.729 508 508 I SystemServerTiming: OnBootPhase_520_com.android.server.SystemConfigService
04-21 12:03:02.729 508 508 D SystemServerTiming: OnBootPhase_520_com.android.server.SystemConfigService took to complete: 0ms
04-21 12:03:02.729 508 508 I SystemServerTiming: OnBootPhase_520_com.android.server.BatteryService
04-21 12:03:02.729 508 508 D SystemServerTiming: OnBootPhase_520_com.android.server.BatteryService took to complete: 0ms
04-21 12:03:02.729 508 508 I SystemServerTiming: OnBootPhase_520_com.android.server.usage.UsageStatsService
04-21 12:03:02.729 508 508 D SystemServerTiming: OnBootPhase_520_com.android.server.usage.UsageStatsService took to complete: 0ms
04-21 12:03:02.729 508 508 I SystemServerTiming: OnBootPhase_520_com.android.server.webkit.WebViewUpdateService
04-21 12:03:02.729 508 508 D SystemServerTiming: OnBootPhase_520_com.android.server.webkit.WebViewUpdateService took to complete: 0ms
04-21 12:03:02.729 508 508 I SystemServerTiming: OnBootPhase_520_com.android.server.CachedDeviceStateService
04-21 12:03:02.729 508 508 D SystemServerTiming: OnBootPhase_520_com.android.server.CachedDeviceStateService took to complete: 0ms
04-21 12:03:02.729 508 508 I SystemServerTiming: OnBootPhase_520_com.android.server.BinderCallsStatsService$LifeCycle
04-21 12:03:02.729 508 508 D SystemServerTiming: OnBootPhase_520_com.android.server.BinderCallsStatsService$LifeCycle took to complete: 0ms
04-21 12:03:02.729 508 508 I SystemServerTiming: OnBootPhase_520_com.android.server.LooperStatsService$Lifecycle
04-21 12:03:02.729 508 508 D SystemServerTiming: OnBootPhase_520_com.android.server.LooperStatsService$Lifecycle took to complete: 0ms
04-21 12:03:02.729 508 508 I SystemServerTiming: OnBootPhase_520_com.android.server.rollback.RollbackManagerService
04-21 12:03:02.729 508 508 D SystemServerTiming: OnBootPhase_520_com.android.server.rollback.RollbackManagerService took to complete: 0ms
04-21 12:03:02.729 508 508 I SystemServerTiming: OnBootPhase_520_com.android.server.os.BugreportManagerService
04-21 12:03:02.729 508 508 D SystemServerTiming: OnBootPhase_520_com.android.server.os.BugreportManagerService took to complete: 0ms
04-21 12:03:02.729 508 508 I SystemServerTiming: OnBootPhase_520_com.android.server.gpu.GpuService
04-21 12:03:02.729 508 508 D SystemServerTiming: OnBootPhase_520_com.android.server.gpu.GpuService took to complete: 0ms
04-21 12:03:02.729 508 508 I SystemServerTiming: OnBootPhase_520_com.android.server.security.KeyChainSystemService
04-21 12:03:02.729 508 508 D SystemServerTiming: OnBootPhase_520_com.android.server.security.KeyChainSystemService took to complete: 0ms
04-21 12:03:02.730 508 508 I SystemServerTiming: OnBootPhase_520_com.android.server.telecom.TelecomLoaderService
04-21 12:03:02.730 508 508 D SystemServerTiming: OnBootPhase_520_com.android.server.telecom.TelecomLoaderService took to complete: 0ms
04-21 12:03:02.730 508 508 I SystemServerTiming: OnBootPhase_520_com.android.server.accounts.AccountManagerService$Lifecycle
04-21 12:03:02.730 508 508 D SystemServerTiming: OnBootPhase_520_com.android.server.accounts.AccountManagerService$Lifecycle took to complete: 0ms
04-21 12:03:02.730 508 508 I SystemServerTiming: OnBootPhase_520_com.android.server.content.ContentService$Lifecycle
04-21 12:03:02.730 508 508 D SystemServerTiming: OnBootPhase_520_com.android.server.content.ContentService$Lifecycle took to complete: 0ms
04-21 12:03:02.730 508 508 I SystemServerTiming: OnBootPhase_520_com.android.server.DropBoxManagerService
04-21 12:03:02.730 508 508 D SystemServerTiming: OnBootPhase_520_com.android.server.DropBoxManagerService took to complete: 0ms
04-21 12:03:02.730 508 508 I SystemServerTiming: OnBootPhase_520_com.android.server.AlarmManagerService
04-21 12:03:02.730 508 508 D SystemServerTiming: OnBootPhase_520_com.android.server.AlarmManagerService took to complete: 0ms
04-21 12:03:02.730 508 508 I SystemServerTiming: OnBootPhase_520_com.android.server.BluetoothService
04-21 12:03:02.730 508 508 D SystemServerTiming: OnBootPhase_520_com.android.server.BluetoothService took to complete: 0ms
04-21 12:03:02.730 508 508 I SystemServerTiming: OnBootPhase_520_com.android.server.connectivity.IpConnectivityMetrics
04-21 12:03:02.730 508 508 D SystemServerTiming: OnBootPhase_520_com.android.server.connectivity.IpConnectivityMetrics took to complete: 0ms
04-21 12:03:02.730 508 508 I SystemServerTiming: OnBootPhase_520_com.android.server.net.watchlist.NetworkWatchlistService$Lifecycle
04-21 12:03:02.730 508 508 D SystemServerTiming: OnBootPhase_520_com.android.server.net.watchlist.NetworkWatchlistService$Lifecycle took to complete: 0ms
04-21 12:03:02.730 508 508 I SystemServerTiming: OnBootPhase_520_com.android.server.PinnerService
04-21 12:03:02.730 508 508 D SystemServerTiming: OnBootPhase_520_com.android.server.PinnerService took to complete: 0ms
04-21 12:03:02.730 508 508 I SystemServerTiming: OnBootPhase_520_com.google.android.startop.iorap.IorapForwardingService
04-21 12:03:02.730 508 508 D SystemServerTiming: OnBootPhase_520_com.google.android.startop.iorap.IorapForwardingService took to complete: 0ms
04-21 12:03:02.730 508 508 I SystemServerTiming: OnBootPhase_520_com.android.server.integrity.AppIntegrityManagerService
04-21 12:03:02.730 508 508 D SystemServerTiming: OnBootPhase_520_com.android.server.integrity.AppIntegrityManagerService took to complete: 0ms
04-21 12:03:02.730 508 508 I SystemServerTiming: OnBootPhase_520_com.android.server.inputmethod.InputMethodManagerService$Lifecycle
04-21 12:03:02.730 508 508 D SystemServerTiming: OnBootPhase_520_com.android.server.inputmethod.InputMethodManagerService$Lifecycle took to complete: 0ms
04-21 12:03:02.730 508 508 I SystemServerTiming: OnBootPhase_520_com.android.server.accessibility.AccessibilityManagerService$Lifecycle
04-21 12:03:02.730 508 508 D SystemServerTiming: OnBootPhase_520_com.android.server.accessibility.AccessibilityManagerService$Lifecycle took to complete: 0ms
04-21 12:03:02.730 508 508 I SystemServerTiming: OnBootPhase_520_com.android.server.StorageManagerService$Lifecycle
04-21 12:03:02.730 508 508 D SystemServerTiming: OnBootPhase_520_com.android.server.StorageManagerService$Lifecycle took to complete: 0ms
04-21 12:03:02.730 508 508 I SystemServerTiming: OnBootPhase_520_com.android.server.usage.StorageStatsService$Lifecycle
04-21 12:03:02.730 508 508 D SystemServerTiming: OnBootPhase_520_com.android.server.usage.StorageStatsService$Lifecycle took to complete: 0ms
04-21 12:03:02.730 508 508 I SystemServerTiming: OnBootPhase_520_com.android.server.UiModeManagerService
04-21 12:03:02.730 508 508 D SystemServerTiming: OnBootPhase_520_com.android.server.UiModeManagerService took to complete: 0ms
04-21 12:03:02.730 508 508 I SystemServerTiming: OnBootPhase_520_com.android.server.locksettings.LockSettingsService$Lifecycle
04-21 12:03:02.730 508 508 D SystemServerTiming: OnBootPhase_520_com.android.server.locksettings.LockSettingsService$Lifecycle took to complete: 0ms
04-21 12:03:02.731 508 508 I SystemServerTiming: OnBootPhase_520_com.android.server.PersistentDataBlockService
04-21 12:03:02.731 508 508 D SystemServerTiming: OnBootPhase_520_com.android.server.PersistentDataBlockService took to complete: 0ms
04-21 12:03:02.731 508 508 I SystemServerTiming: OnBootPhase_520_com.android.server.testharness.TestHarnessModeService
04-21 12:03:02.731 508 508 D SystemServerTiming: OnBootPhase_520_com.android.server.testharness.TestHarnessModeService took to complete: 0ms
04-21 12:03:02.731 508 508 I SystemServerTiming: OnBootPhase_520_com.android.server.oemlock.OemLockService
04-21 12:03:02.731 508 508 D SystemServerTiming: OnBootPhase_520_com.android.server.oemlock.OemLockService took to complete: 0ms
04-21 12:03:02.731 508 508 I SystemServerTiming: OnBootPhase_520_com.android.server.DeviceIdleController
04-21 12:03:02.731 508 508 D SystemServerTiming: OnBootPhase_520_com.android.server.DeviceIdleController took to complete: 0ms
04-21 12:03:02.731 508 508 I SystemServerTiming: OnBootPhase_520_com.android.server.devicepolicy.DevicePolicyManagerService$Lifecycle
04-21 12:03:02.731 508 508 D SystemServerTiming: OnBootPhase_520_com.android.server.devicepolicy.DevicePolicyManagerService$Lifecycle took to complete: 0ms
04-21 12:03:02.731 508 508 I SystemServerTiming: OnBootPhase_520_com.android.server.textservices.TextServicesManagerService$Lifecycle
04-21 12:03:02.731 508 508 D SystemServerTiming: OnBootPhase_520_com.android.server.textservices.TextServicesManagerService$Lifecycle took to complete: 0ms
04-21 12:03:02.731 508 508 I SystemServerTiming: OnBootPhase_520_com.android.server.textclassifier.TextClassificationManagerService$Lifecycle
04-21 12:03:02.731 508 508 D SystemServerTiming: OnBootPhase_520_com.android.server.textclassifier.TextClassificationManagerService$Lifecycle took to complete: 0ms
04-21 12:03:02.731 508 508 I SystemServerTiming: OnBootPhase_520_com.android.server.NetworkScoreService$Lifecycle
04-21 12:03:02.731 508 508 D SystemServerTiming: OnBootPhase_520_com.android.server.NetworkScoreService$Lifecycle took to complete: 0ms
04-21 12:03:02.731 508 508 I SystemServerTiming: OnBootPhase_520_com.android.server.wifi.WifiService
04-21 12:03:02.731 508 508 D SystemServerTiming: OnBootPhase_520_com.android.server.wifi.WifiService took to complete: 0ms
04-21 12:03:02.731 508 508 I SystemServerTiming: OnBootPhase_520_com.android.server.wifi.scanner.WifiScanningService
04-21 12:03:02.731 508 508 D SystemServerTiming: OnBootPhase_520_com.android.server.wifi.scanner.WifiScanningService took to complete: 0ms
04-21 12:03:02.731 508 508 I SystemServerTiming: OnBootPhase_520_com.android.server.wifi.p2p.WifiP2pService
04-21 12:03:02.731 508 508 D SystemServerTiming: OnBootPhase_520_com.android.server.wifi.p2p.WifiP2pService took to complete: 0ms
04-21 12:03:02.731 334 334 D ZygoteInitTiming_lazy: CacheNonBootClasspathClassLoaders took to complete: 20ms
04-21 12:03:02.731 508 508 I SystemServerTiming: OnBootPhase_520_com.android.server.ethernet.EthernetService
04-21 12:03:02.731 508 508 D SystemServerTiming: OnBootPhase_520_com.android.server.ethernet.EthernetService took to complete: 0ms
04-21 12:03:02.731 508 508 I SystemServerTiming: OnBootPhase_520_com.android.server.notification.NotificationManagerService
04-21 12:03:02.731 508 508 D SystemServerTiming: OnBootPhase_520_com.android.server.notification.NotificationManagerService took to complete: 0ms
04-21 12:03:02.731 508 508 I SystemServerTiming: OnBootPhase_520_com.android.server.storage.DeviceStorageMonitorService
04-21 12:03:02.731 508 508 D SystemServerTiming: OnBootPhase_520_com.android.server.storage.DeviceStorageMonitorService took to complete: 0ms
04-21 12:03:02.731 508 508 I SystemServerTiming: OnBootPhase_520_com.android.server.location.LocationManagerService$Lifecycle
04-21 12:03:02.732 508 508 D SystemServerTiming: OnBootPhase_520_com.android.server.location.LocationManagerService$Lifecycle took to complete: 0ms
04-21 12:03:02.732 508 508 I SystemServerTiming: OnBootPhase_520_com.android.server.timedetector.TimeDetectorService$Lifecycle
04-21 12:03:02.732 508 508 D SystemServerTiming: OnBootPhase_520_com.android.server.timedetector.TimeDetectorService$Lifecycle took to complete: 0ms
04-21 12:03:02.732 508 508 I SystemServerTiming: OnBootPhase_520_com.android.server.timezonedetector.TimeZoneDetectorService$Lifecycle
04-21 12:03:02.732 508 508 D SystemServerTiming: OnBootPhase_520_com.android.server.timezonedetector.TimeZoneDetectorService$Lifecycle took to complete: 0ms
04-21 12:03:02.732 508 508 I SystemServerTiming: OnBootPhase_520_com.android.server.search.SearchManagerService$Lifecycle
04-21 12:03:02.732 508 508 D SystemServerTiming: OnBootPhase_520_com.android.server.search.SearchManagerService$Lifecycle took to complete: 0ms
04-21 12:03:02.732 508 508 I SystemServerTiming: OnBootPhase_520_com.android.server.wallpaper.WallpaperManagerService$Lifecycle
04-21 12:03:02.732 508 508 D SystemServerTiming: OnBootPhase_520_com.android.server.wallpaper.WallpaperManagerService$Lifecycle took to complete: 0ms
04-21 12:03:02.732 508 508 I SystemServerTiming: OnBootPhase_520_com.android.server.audio.AudioService$Lifecycle
04-21 12:03:02.732 508 508 D SystemServerTiming: OnBootPhase_520_com.android.server.audio.AudioService$Lifecycle took to complete: 0ms
04-21 12:03:02.732 508 508 I SystemServerTiming: OnBootPhase_520_com.android.server.soundtrigger_middleware.SoundTriggerMiddlewareService$Lifecycle
04-21 12:03:02.732 508 508 D SystemServerTiming: OnBootPhase_520_com.android.server.soundtrigger_middleware.SoundTriggerMiddlewareService$Lifecycle took to complete: 0ms
04-21 12:03:02.732 508 508 I SystemServerTiming: OnBootPhase_520_com.android.server.DockObserver
04-21 12:03:02.732 508 508 D SystemServerTiming: OnBootPhase_520_com.android.server.DockObserver took to complete: 0ms
04-21 12:03:02.732 508 508 I SystemServerTiming: OnBootPhase_520_com.android.server.midi.MidiService$Lifecycle
04-21 12:03:02.732 508 508 D SystemServerTiming: OnBootPhase_520_com.android.server.midi.MidiService$Lifecycle took to complete: 0ms
04-21 12:03:02.732 508 508 I SystemServerTiming: OnBootPhase_520_com.android.server.adb.AdbService$Lifecycle
04-21 12:03:02.732 508 508 D SystemServerTiming: OnBootPhase_520_com.android.server.adb.AdbService$Lifecycle took to complete: 0ms
04-21 12:03:02.732 508 508 I SystemServerTiming: OnBootPhase_520_com.android.server.usb.UsbService$Lifecycle
04-21 12:03:02.732 508 508 D SystemServerTiming: OnBootPhase_520_com.android.server.usb.UsbService$Lifecycle took to complete: 0ms
04-21 12:03:02.732 508 508 I SystemServerTiming: OnBootPhase_520_com.android.server.twilight.TwilightService
04-21 12:03:02.732 508 508 D SystemServerTiming: OnBootPhase_520_com.android.server.twilight.TwilightService took to complete: 0ms
04-21 12:03:02.732 508 508 I SystemServerTiming: OnBootPhase_520_com.android.server.display.color.ColorDisplayService
04-21 12:03:02.732 508 508 D SystemServerTiming: OnBootPhase_520_com.android.server.display.color.ColorDisplayService took to complete: 0ms
04-21 12:03:02.732 508 508 I SystemServerTiming: OnBootPhase_520_com.android.server.job.JobSchedulerService
04-21 12:03:02.732 508 508 D SystemServerTiming: OnBootPhase_520_com.android.server.job.JobSchedulerService took to complete: 0ms
04-21 12:03:02.732 508 508 I SystemServerTiming: OnBootPhase_520_com.android.server.soundtrigger.SoundTriggerService
04-21 12:03:02.732 508 508 D SoundTriggerService: onBootPhase: 520 : false
04-21 12:03:02.735 508 508 W SoundTriggerHelper: listModules status=0, # of modules=0
04-21 12:03:02.735 508 508 D SystemServerTiming: OnBootPhase_520_com.android.server.soundtrigger.SoundTriggerService took to complete: 2ms
04-21 12:03:02.735 508 508 I SystemServerTiming: OnBootPhase_520_com.android.server.trust.TrustManagerService
04-21 12:03:02.735 508 508 D SystemServerTiming: OnBootPhase_520_com.android.server.trust.TrustManagerService took to complete: 0ms
04-21 12:03:02.735 508 508 I SystemServerTiming: OnBootPhase_520_com.android.server.backup.BackupManagerService$Lifecycle
04-21 12:03:02.735 508 508 D SystemServerTiming: OnBootPhase_520_com.android.server.backup.BackupManagerService$Lifecycle took to complete: 0ms
04-21 12:03:02.735 508 508 I SystemServerTiming: OnBootPhase_520_com.android.server.appwidget.AppWidgetService
04-21 12:03:02.735 508 508 D SystemServerTiming: OnBootPhase_520_com.android.server.appwidget.AppWidgetService took to complete: 0ms
04-21 12:03:02.735 508 508 I SystemServerTiming: OnBootPhase_520_com.android.server.role.RoleManagerService
04-21 12:03:02.735 508 508 D SystemServerTiming: OnBootPhase_520_com.android.server.role.RoleManagerService took to complete: 0ms
04-21 12:03:02.735 508 508 I SystemServerTiming: OnBootPhase_520_com.android.server.voiceinteraction.VoiceInteractionManagerService
04-21 12:03:02.735 508 508 D SystemServerTiming: OnBootPhase_520_com.android.server.voiceinteraction.VoiceInteractionManagerService took to complete: 0ms
04-21 12:03:02.735 508 508 I SystemServerTiming: OnBootPhase_520_com.android.server.GestureLauncherService
04-21 12:03:02.735 508 508 D SystemServerTiming: OnBootPhase_520_com.android.server.GestureLauncherService took to complete: 0ms
04-21 12:03:02.735 508 508 I SystemServerTiming: OnBootPhase_520_com.android.server.SensorNotificationService
04-21 12:03:02.735 508 508 D SystemServerTiming: OnBootPhase_520_com.android.server.SensorNotificationService took to complete: 0ms
04-21 12:03:02.735 508 508 I SystemServerTiming: OnBootPhase_520_com.android.server.emergency.EmergencyAffordanceService
04-21 12:03:02.735 508 508 D SystemServerTiming: OnBootPhase_520_com.android.server.emergency.EmergencyAffordanceService took to complete: 0ms
04-21 12:03:02.735 508 508 I SystemServerTiming: OnBootPhase_520_com.android.server.dreams.DreamManagerService
04-21 12:03:02.735 508 508 D SystemServerTiming: OnBootPhase_520_com.android.server.dreams.DreamManagerService took to complete: 0ms
04-21 12:03:02.735 508 508 I SystemServerTiming: OnBootPhase_520_com.android.server.print.PrintManagerService
04-21 12:03:02.735 508 508 D SystemServerTiming: OnBootPhase_520_com.android.server.print.PrintManagerService took to complete: 0ms
04-21 12:03:02.736 508 508 I SystemServerTiming: OnBootPhase_520_com.android.server.companion.CompanionDeviceManagerService
04-21 12:03:02.736 508 508 D SystemServerTiming: OnBootPhase_520_com.android.server.companion.CompanionDeviceManagerService took to complete: 0ms
04-21 12:03:02.736 508 508 I SystemServerTiming: OnBootPhase_520_com.android.server.restrictions.RestrictionsManagerService
04-21 12:03:02.736 508 508 D SystemServerTiming: OnBootPhase_520_com.android.server.restrictions.RestrictionsManagerService took to complete: 0ms
04-21 12:03:02.736 508 508 I SystemServerTiming: OnBootPhase_520_com.android.server.media.MediaSessionService
04-21 12:03:02.736 508 508 D SystemServerTiming: OnBootPhase_520_com.android.server.media.MediaSessionService took to complete: 0ms
04-21 12:03:02.736 508 508 I SystemServerTiming: OnBootPhase_520_com.android.server.blob.BlobStoreManagerService
04-21 12:03:02.736 508 508 D SystemServerTiming: OnBootPhase_520_com.android.server.blob.BlobStoreManagerService took to complete: 0ms
04-21 12:03:02.736 508 508 I SystemServerTiming: OnBootPhase_520_com.android.server.media.MediaResourceMonitorService
04-21 12:03:02.736 508 508 D SystemServerTiming: OnBootPhase_520_com.android.server.media.MediaResourceMonitorService took to complete: 0ms
04-21 12:03:02.736 508 508 I SystemServerTiming: OnBootPhase_520_com.android.server.biometrics.BiometricService
04-21 12:03:02.736 508 508 D SystemServerTiming: OnBootPhase_520_com.android.server.biometrics.BiometricService took to complete: 0ms
04-21 12:03:02.736 508 508 I SystemServerTiming: OnBootPhase_520_com.android.server.biometrics.AuthService
04-21 12:03:02.736 508 508 D SystemServerTiming: OnBootPhase_520_com.android.server.biometrics.AuthService took to complete: 0ms
04-21 12:03:02.736 508 508 I SystemServerTiming: OnBootPhase_520_com.android.server.pm.ShortcutService$Lifecycle
04-21 12:03:02.736 508 508 D SystemServerTiming: OnBootPhase_520_com.android.server.pm.ShortcutService$Lifecycle took to complete: 0ms
04-21 12:03:02.736 508 508 I SystemServerTiming: OnBootPhase_520_com.android.server.pm.LauncherAppsService
04-21 12:03:02.736 508 508 D SystemServerTiming: OnBootPhase_520_com.android.server.pm.LauncherAppsService took to complete: 0ms
04-21 12:03:02.736 508 508 I SystemServerTiming: OnBootPhase_520_com.android.server.pm.CrossProfileAppsService
04-21 12:03:02.736 508 508 D SystemServerTiming: OnBootPhase_520_com.android.server.pm.CrossProfileAppsService took to complete: 0ms
04-21 12:03:02.736 508 508 I SystemServerTiming: OnBootPhase_520_com.android.server.people.PeopleService
04-21 12:03:02.736 508 508 D SystemServerTiming: OnBootPhase_520_com.android.server.people.PeopleService took to complete: 0ms
04-21 12:03:02.736 508 508 I SystemServerTiming: OnBootPhase_520_com.android.server.media.projection.MediaProjectionManagerService
04-21 12:03:02.736 508 508 D SystemServerTiming: OnBootPhase_520_com.android.server.media.projection.MediaProjectionManagerService took to complete: 0ms
04-21 12:03:02.736 508 508 I SystemServerTiming: OnBootPhase_520_com.android.server.slice.SliceManagerService$Lifecycle
04-21 12:03:02.736 508 508 D SystemServerTiming: OnBootPhase_520_com.android.server.slice.SliceManagerService$Lifecycle took to complete: 0ms
04-21 12:03:02.736 508 508 I SystemServerTiming: OnBootPhase_520_com.android.server.camera.CameraServiceProxy
04-21 12:03:02.736 508 508 D SystemServerTiming: OnBootPhase_520_com.android.server.camera.CameraServiceProxy took to complete: 0ms
04-21 12:03:02.736 508 508 I SystemServerTiming: OnBootPhase_520_com.android.server.stats.StatsCompanion$Lifecycle
04-21 12:03:02.736 508 508 D SystemServerTiming: OnBootPhase_520_com.android.server.stats.StatsCompanion$Lifecycle took to complete: 0ms
04-21 12:03:02.736 508 508 I SystemServerTiming: OnBootPhase_520_com.android.server.stats.pull.StatsPullAtomService
04-21 12:03:02.736 508 508 D SystemServerTiming: OnBootPhase_520_com.android.server.stats.pull.StatsPullAtomService took to complete: 0ms
04-21 12:03:02.736 508 508 I SystemServerTiming: OnBootPhase_520_com.android.server.incident.IncidentCompanionService
04-21 12:03:02.736 508 508 D SystemServerTiming: OnBootPhase_520_com.android.server.incident.IncidentCompanionService took to complete: 0ms
04-21 12:03:02.737 508 508 I SystemServerTiming: OnBootPhase_520_com.android.server.MmsServiceBroker
04-21 12:03:02.737 508 508 D SystemServerTiming: OnBootPhase_520_com.android.server.MmsServiceBroker took to complete: 0ms
04-21 12:03:02.737 508 508 I SystemServerTiming: OnBootPhase_520_com.android.server.autofill.AutofillManagerService
04-21 12:03:02.737 508 508 D SystemServerTiming: OnBootPhase_520_com.android.server.autofill.AutofillManagerService took to complete: 0ms
04-21 12:03:02.737 508 508 I SystemServerTiming: OnBootPhase_520_com.android.server.clipboard.ClipboardService
04-21 12:03:02.737 508 508 D SystemServerTiming: OnBootPhase_520_com.android.server.clipboard.ClipboardService took to complete: 0ms
04-21 12:03:02.737 508 508 I SystemServerTiming: OnBootPhase_520_com.android.server.appbinding.AppBindingService$Lifecycle
04-21 12:03:02.737 508 508 D SystemServerTiming: OnBootPhase_520_com.android.server.appbinding.AppBindingService$Lifecycle took to complete: 0ms
04-21 12:03:02.737 508 508 I SystemServerTiming: OnBootPhase_520_com.android.server.policy.PermissionPolicyService
04-21 12:03:02.737 508 508 D SystemServerTiming: OnBootPhase_520_com.android.server.policy.PermissionPolicyService took to complete: 0ms
04-21 12:03:02.737 508 508 I SystemServerTiming: OnBootPhase_520_com.android.server.pm.StagingManager$Lifecycle
04-21 12:03:02.737 508 508 D SystemServerTiming: OnBootPhase_520_com.android.server.pm.StagingManager$Lifecycle took to complete: 0ms
04-21 12:03:02.737 508 508 D SystemServerTiming: OnBootPhase_520 took to complete: 9ms
04-21 12:03:02.737 508 508 D SystemServerTiming: StartBootPhaseDeviceSpecificServicesReady took to complete: 9ms
04-21 12:03:02.737 508 508 I SystemServerTiming: PhaseActivityManagerReady
04-21 12:03:02.737 508 508 I SystemServerTiming: controllersReady
04-21 12:03:02.744 508 562 I SystemServerTimingAsync: InitThreadPoolExec:Update app-ops uidState in case package com.android.providers.media.module changed
04-21 12:03:02.745 508 562 D SystemServerInitThreadPool: Started executing Update app-ops uidState in case package com.android.providers.media.module changed
04-21 12:03:02.745 508 532 I SystemServerTimingAsync: InitThreadPoolExec:Update app-ops uidState in case package com.android.systemui changed
04-21 12:03:02.745 508 532 D SystemServerInitThreadPool: Started executing Update app-ops uidState in case package com.android.systemui changed
04-21 12:03:02.745 508 565 I SystemServerTimingAsync: InitThreadPoolExec:Update app-ops uidState in case package com.nxp.directaudioplayer changed
04-21 12:03:02.745 508 565 D SystemServerInitThreadPool: Started executing Update app-ops uidState in case package com.nxp.directaudioplayer changed
04-21 12:03:02.745 508 562 D SystemServerInitThreadPool: Finished executing Update app-ops uidState in case package com.android.providers.media.module changed
04-21 12:03:02.746 508 562 D SystemServerTimingAsync: InitThreadPoolExec:Update app-ops uidState in case package com.android.providers.media.module changed took to complete: 1ms
04-21 12:03:02.746 508 565 D SystemServerInitThreadPool: Finished executing Update app-ops uidState in case package com.nxp.directaudioplayer changed
04-21 12:03:02.746 508 562 I SystemServerTimingAsync: InitThreadPoolExec:Update app-ops uidState in case package com.android.deskclock changed
04-21 12:03:02.746 508 562 D SystemServerInitThreadPool: Started executing Update app-ops uidState in case package com.android.deskclock changed
04-21 12:03:02.746 508 565 D SystemServerTimingAsync: InitThreadPoolExec:Update app-ops uidState in case package com.nxp.directaudioplayer changed took to complete: 0ms
04-21 12:03:02.746 508 565 I SystemServerTimingAsync: InitThreadPoolExec:Update app-ops uidState in case package com.android.gallery3d changed
04-21 12:03:02.746 508 562 D SystemServerInitThreadPool: Finished executing Update app-ops uidState in case package com.android.deskclock changed
04-21 12:03:02.746 508 532 D SystemServerInitThreadPool: Finished executing Update app-ops uidState in case package com.android.systemui changed
04-21 12:03:02.746 508 532 D SystemServerTimingAsync: InitThreadPoolExec:Update app-ops uidState in case package com.android.systemui changed took to complete: 0ms
04-21 12:03:02.746 508 562 D SystemServerTimingAsync: InitThreadPoolExec:Update app-ops uidState in case package com.android.deskclock changed took to complete: 0ms
04-21 12:03:02.746 508 532 I SystemServerTimingAsync: InitThreadPoolExec:Update app-ops uidState in case package com.android.dialer changed
04-21 12:03:02.746 508 532 D SystemServerInitThreadPool: Started executing Update app-ops uidState in case package com.android.dialer changed
04-21 12:03:02.746 508 532 D SystemServerInitThreadPool: Finished executing Update app-ops uidState in case package com.android.dialer changed
04-21 12:03:02.746 508 532 D SystemServerTimingAsync: InitThreadPoolExec:Update app-ops uidState in case package com.android.dialer changed took to complete: 1ms
04-21 12:03:02.746 508 532 I SystemServerTimingAsync: InitThreadPoolExec:Update app-ops uidState in case package com.android.providers.userdictionary changed
04-21 12:03:02.746 508 532 D SystemServerInitThreadPool: Started executing Update app-ops uidState in case package com.android.providers.userdictionary changed
04-21 12:03:02.746 508 532 D SystemServerInitThreadPool: Finished executing Update app-ops uidState in case package com.android.providers.userdictionary changed
04-21 12:03:02.746 508 532 D SystemServerTimingAsync: InitThreadPoolExec:Update app-ops uidState in case package com.android.providers.userdictionary changed took to complete: 0ms
04-21 12:03:02.746 508 532 I SystemServerTimingAsync: InitThreadPoolExec:Update app-ops uidState in case package com.android.providers.contacts changed
04-21 12:03:02.747 508 565 D SystemServerInitThreadPool: Started executing Update app-ops uidState in case package com.android.gallery3d changed
04-21 12:03:02.747 508 508 D SystemServerTiming: controllersReady took to complete: 9ms
04-21 12:03:02.747 508 565 D SystemServerInitThreadPool: Finished executing Update app-ops uidState in case package com.android.gallery3d changed
04-21 12:03:02.747 508 565 D SystemServerTimingAsync: InitThreadPoolExec:Update app-ops uidState in case package com.android.gallery3d changed took to complete: 1ms
04-21 12:03:02.747 508 565 I SystemServerTimingAsync: InitThreadPoolExec:Update app-ops uidState in case package com.android.cellbroadcastservice changed
04-21 12:03:02.747 508 565 D SystemServerInitThreadPool: Started executing Update app-ops uidState in case package com.android.cellbroadcastservice changed
04-21 12:03:02.747 508 565 D SystemServerInitThreadPool: Finished executing Update app-ops uidState in case package com.android.cellbroadcastservice changed
04-21 12:03:02.747 508 565 D SystemServerTimingAsync: InitThreadPoolExec:Update app-ops uidState in case package com.android.cellbroadcastservice changed took to complete: 1ms
04-21 12:03:02.747 508 565 I SystemServerTimingAsync: InitThreadPoolExec:Update app-ops uidState in case package com.android.phone changed
04-21 12:03:02.747 508 565 D SystemServerInitThreadPool: Started executing Update app-ops uidState in case package com.android.phone changed
04-21 12:03:02.747 508 565 D SystemServerInitThreadPool: Finished executing Update app-ops uidState in case package com.android.phone changed
04-21 12:03:02.747 508 565 D SystemServerTimingAsync: InitThreadPoolExec:Update app-ops uidState in case package com.android.phone changed took to complete: 0ms
04-21 12:03:02.747 508 565 I SystemServerTimingAsync: InitThreadPoolExec:Update app-ops uidState in case package android changed
04-21 12:03:02.747 508 565 D SystemServerInitThreadPool: Started executing Update app-ops uidState in case package android changed
04-21 12:03:02.748 508 565 D SystemServerInitThreadPool: Finished executing Update app-ops uidState in case package android changed
04-21 12:03:02.748 508 565 D SystemServerTimingAsync: InitThreadPoolExec:Update app-ops uidState in case package android changed took to complete: 0ms
04-21 12:03:02.748 508 565 I SystemServerTimingAsync: InitThreadPoolExec:Update app-ops uidState in case package com.android.server.telecom changed
04-21 12:03:02.748 508 565 D SystemServerInitThreadPool: Started executing Update app-ops uidState in case package com.android.server.telecom changed
04-21 12:03:02.748 508 565 D SystemServerInitThreadPool: Finished executing Update app-ops uidState in case package com.android.server.telecom changed
04-21 12:03:02.748 508 565 D SystemServerTimingAsync: InitThreadPoolExec:Update app-ops uidState in case package com.android.server.telecom changed took to complete: 0ms
04-21 12:03:02.748 508 565 I SystemServerTimingAsync: InitThreadPoolExec:Update app-ops uidState in case package com.android.settings changed
04-21 12:03:02.748 508 565 D SystemServerInitThreadPool: Started executing Update app-ops uidState in case package com.android.settings changed
04-21 12:03:02.748 508 565 D SystemServerInitThreadPool: Finished executing Update app-ops uidState in case package com.android.settings changed
04-21 12:03:02.748 508 565 D SystemServerTimingAsync: InitThreadPoolExec:Update app-ops uidState in case package com.android.settings changed took to complete: 1ms
04-21 12:03:02.748 508 562 I SystemServerTimingAsync: InitThreadPoolExec:Update app-ops uidState in case package com.android.providers.calendar changed
04-21 12:03:02.749 508 562 D SystemServerInitThreadPool: Started executing Update app-ops uidState in case package com.android.providers.calendar changed
04-21 12:03:02.749 508 562 D SystemServerInitThreadPool: Finished executing Update app-ops uidState in case package com.android.providers.calendar changed
04-21 12:03:02.749 508 562 D SystemServerTimingAsync: InitThreadPoolExec:Update app-ops uidState in case package com.android.providers.calendar changed took to complete: 0ms
04-21 12:03:02.749 508 532 D SystemServerInitThreadPool: Started executing Update app-ops uidState in case package com.android.providers.contacts changed
04-21 12:03:02.750 508 508 I SystemServerTiming: killProcesses
04-21 12:03:02.750 508 508 D SystemServerTiming: killProcesses took to complete: 0ms
04-21 12:03:02.750 508 508 I ActivityManager: System now ready
04-21 12:03:02.750 508 508 I boot_progress_ams_ready: 23054
04-21 12:03:02.750 508 532 D SystemServerInitThreadPool: Finished executing Update app-ops uidState in case package com.android.providers.contacts changed
04-21 12:03:02.750 508 508 I SystemServerTiming: updateTopComponentForFactoryTest
04-21 12:03:02.750 508 532 D SystemServerTimingAsync: InitThreadPoolExec:Update app-ops uidState in case package com.android.providers.contacts changed took to complete: 0ms
04-21 12:03:02.750 508 508 D SystemServerTiming: updateTopComponentForFactoryTest took to complete: 0ms
04-21 12:03:02.750 508 508 I SystemServerTiming: registerActivityLaunchObserver
04-21 12:03:02.750 508 508 D SystemServerTiming: registerActivityLaunchObserver took to complete: 1ms
04-21 12:03:02.750 508 508 I SystemServerTiming: watchDeviceProvisioning
04-21 12:03:02.766 508 508 D SystemServerTiming: watchDeviceProvisioning took to complete: 15ms
04-21 12:03:02.766 508 508 I SystemServerTiming: retrieveSettings
04-21 12:03:02.769 508 508 D SystemServerTiming: retrieveSettings took to complete: 3ms
04-21 12:03:02.769 508 508 I SystemServerTiming: Ugm.onSystemReady
04-21 12:03:02.770 508 508 D SystemServerTiming: Ugm.onSystemReady took to complete: 0ms
04-21 12:03:02.770 508 508 I SystemServerTiming: updateForceBackgroundCheck
04-21 12:03:02.770 508 508 D SystemServerTiming: updateForceBackgroundCheck took to complete: 0ms
04-21 12:03:02.770 508 508 I SystemServer: Making services ready
04-21 12:03:02.770 508 508 I SystemServerTiming: StartActivityManagerReadyPhase
04-21 12:03:02.770 508 508 I SystemServiceManager: Starting phase 550
04-21 12:03:02.770 508 508 I SystemServerTiming: OnBootPhase_550
04-21 12:03:02.770 508 508 I SystemServerTiming: OnBootPhase_550_com.android.server.security.FileIntegrityService
04-21 12:03:02.770 508 508 D SystemServerTiming: OnBootPhase_550_com.android.server.security.FileIntegrityService took to complete: 0ms
04-21 12:03:02.770 508 508 I SystemServerTiming: OnBootPhase_550_com.android.server.pm.Installer
04-21 12:03:02.770 508 508 D SystemServerTiming: OnBootPhase_550_com.android.server.pm.Installer took to complete: 0ms
04-21 12:03:02.770 508 508 I SystemServerTiming: OnBootPhase_550_com.android.server.os.DeviceIdentifiersPolicyService
04-21 12:03:02.776 508 508 D SystemServerTiming: OnBootPhase_550_com.android.server.os.DeviceIdentifiersPolicyService took to complete: 0ms
04-21 12:03:02.776 508 508 I SystemServerTiming: OnBootPhase_550_com.android.server.uri.UriGrantsManagerService$Lifecycle
04-21 12:03:02.776 508 508 D SystemServerTiming: OnBootPhase_550_com.android.server.uri.UriGrantsManagerService$Lifecycle took to complete: 0ms
04-21 12:03:02.776 508 508 I SystemServerTiming: OnBootPhase_550_com.android.server.wm.ActivityTaskManagerService$Lifecycle
04-21 12:03:02.776 508 508 D SystemServerTiming: OnBootPhase_550_com.android.server.wm.ActivityTaskManagerService$Lifecycle took to complete: 0ms
04-21 12:03:02.776 508 508 I SystemServerTiming: OnBootPhase_550_com.android.server.am.ActivityManagerService$Lifecycle
04-21 12:03:02.778 508 508 D SystemServerTiming: OnBootPhase_550_com.android.server.am.ActivityManagerService$Lifecycle took to complete: 1ms
04-21 12:03:02.778 508 508 I SystemServerTiming: OnBootPhase_550_com.android.server.pm.DataLoaderManagerService
04-21 12:03:02.778 508 508 D SystemServerTiming: OnBootPhase_550_com.android.server.pm.DataLoaderManagerService took to complete: 0ms
04-21 12:03:02.778 508 508 I SystemServerTiming: OnBootPhase_550_com.android.server.power.PowerManagerService
04-21 12:03:02.778 508 508 D SystemServerTiming: OnBootPhase_550_com.android.server.power.PowerManagerService took to complete: 0ms
04-21 12:03:02.778 508 508 I SystemServerTiming: OnBootPhase_550_com.android.server.power.ThermalManagerService
04-21 12:03:02.782 508 508 I ThermalHalWrapper: Thermal HAL 2.0 service connected.
04-21 12:03:02.785 508 508 I thermal_changed: [battery,2,35.000000,0,0]
04-21 12:03:02.785 508 508 I thermal_changed: [cpu-thermal,0,54.000004,0,0]
04-21 12:03:02.789 508 508 E ThermalHalWrapper: Couldn't get temperature thresholds because of HAL error: Failed to read thermal sensors.
04-21 12:03:02.789 508 508 D SystemServerTiming: OnBootPhase_550_com.android.server.power.ThermalManagerService took to complete: 10ms
