04-21 12:03:08.772 508 534 D SystemServerTimingAsync: ssm.onUnlockingUser-0_com.android.server.storage.DeviceStorageMonitorService took to complete: 0ms
04-21 12:03:08.772 508 508 I NotificationHistory: Attempted to unlock gone/disabled user 0
04-21 12:03:08.772 508 534 I SystemServerTimingAsync: ssm.onUnlockingUser-0_com.android.server.location.LocationManagerService$Lifecycle
04-21 12:03:08.772 508 534 D SystemServerTimingAsync: ssm.onUnlockingUser-0_com.android.server.location.LocationManagerService$Lifecycle took to complete: 0ms
04-21 12:03:08.772 508 534 I SystemServerTimingAsync: ssm.onUnlockingUser-0_com.android.server.timedetector.TimeDetectorService$Lifecycle
04-21 12:03:08.772 508 534 D SystemServerTimingAsync: ssm.onUnlockingUser-0_com.android.server.timedetector.TimeDetectorService$Lifecycle took to complete: 0ms
04-21 12:03:08.772 508 534 I SystemServerTimingAsync: ssm.onUnlockingUser-0_com.android.server.timezonedetector.TimeZoneDetectorService$Lifecycle
04-21 12:03:08.772 508 534 D SystemServerTimingAsync: ssm.onUnlockingUser-0_com.android.server.timezonedetector.TimeZoneDetectorService$Lifecycle took to complete: 0ms
04-21 12:03:08.772 508 534 I SystemServerTimingAsync: ssm.onUnlockingUser-0_com.android.server.search.SearchManagerService$Lifecycle
04-21 12:03:08.772 508 534 D SystemServerTimingAsync: ssm.onUnlockingUser-0_com.android.server.search.SearchManagerService$Lifecycle took to complete: 0ms
04-21 12:03:08.772 508 534 I SystemServerTimingAsync: ssm.onUnlockingUser-0_com.android.server.wallpaper.WallpaperManagerService$Lifecycle
04-21 12:03:08.772 508 534 I WallpaperManagerService: on-unlock-user-0
04-21 12:03:08.772 508 534 D WallpaperManagerService: on-unlock-user-0 took to complete: 0ms
04-21 12:03:08.772 508 534 D SystemServerTimingAsync: ssm.onUnlockingUser-0_com.android.server.wallpaper.WallpaperManagerService$Lifecycle took to complete: 0ms
04-21 12:03:08.772 508 534 I SystemServerTimingAsync: ssm.onUnlockingUser-0_com.android.server.audio.AudioService$Lifecycle
04-21 12:03:08.772 508 534 D SystemServerTimingAsync: ssm.onUnlockingUser-0_com.android.server.audio.AudioService$Lifecycle took to complete: 0ms
04-21 12:03:08.772 508 534 I SystemServerTimingAsync: ssm.onUnlockingUser-0_com.android.server.soundtrigger_middleware.SoundTriggerMiddlewareService$Lifecycle
04-21 12:03:08.773 508 534 D SystemServerTimingAsync: ssm.onUnlockingUser-0_com.android.server.soundtrigger_middleware.SoundTriggerMiddlewareService$Lifecycle took to complete: 0ms
04-21 12:03:08.773 508 534 I SystemServerTimingAsync: ssm.onUnlockingUser-0_com.android.server.DockObserver
04-21 12:03:08.773 508 534 D SystemServerTimingAsync: ssm.onUnlockingUser-0_com.android.server.DockObserver took to complete: 0ms
04-21 12:03:08.773 508 534 I SystemServerTimingAsync: ssm.onUnlockingUser-0_com.android.server.midi.MidiService$Lifecycle
04-21 12:03:08.773 436 436 I update_engine: Read merge statistics file failed: No such file or directory
04-21 12:03:08.773 508 534 D SystemServerTimingAsync: ssm.onUnlockingUser-0_com.android.server.midi.MidiService$Lifecycle took to complete: 1ms
04-21 12:03:08.773 508 534 I SystemServerTimingAsync: ssm.onUnlockingUser-0_com.android.server.adb.AdbService$Lifecycle
04-21 12:03:08.773 508 534 D SystemServerTimingAsync: ssm.onUnlockingUser-0_com.android.server.adb.AdbService$Lifecycle took to complete: 0ms
04-21 12:03:08.773 508 534 I SystemServerTimingAsync: ssm.onUnlockingUser-0_com.android.server.usb.UsbService$Lifecycle
04-21 12:03:08.774 508 534 D SystemServerTimingAsync: ssm.onUnlockingUser-0_com.android.server.usb.UsbService$Lifecycle took to complete: 0ms
04-21 12:03:08.774 508 534 I SystemServerTimingAsync: ssm.onUnlockingUser-0_com.android.server.twilight.TwilightService
04-21 12:03:08.774 508 534 D SystemServerTimingAsync: ssm.onUnlockingUser-0_com.android.server.twilight.TwilightService took to complete: 0ms
04-21 12:03:08.774 508 534 I SystemServerTimingAsync: ssm.onUnlockingUser-0_com.android.server.display.color.ColorDisplayService
04-21 12:03:08.774 508 534 D SystemServerTimingAsync: ssm.onUnlockingUser-0_com.android.server.display.color.ColorDisplayService took to complete: 0ms
04-21 12:03:08.774 508 534 I SystemServerTimingAsync: ssm.onUnlockingUser-0_com.android.server.job.JobSchedulerService
04-21 12:03:08.774 508 534 D SystemServerTimingAsync: ssm.onUnlockingUser-0_com.android.server.job.JobSchedulerService took to complete: 1ms
04-21 12:03:08.774 508 534 I SystemServerTimingAsync: ssm.onUnlockingUser-0_com.android.server.soundtrigger.SoundTriggerService
04-21 12:03:08.774 508 534 D SystemServerTimingAsync: ssm.onUnlockingUser-0_com.android.server.soundtrigger.SoundTriggerService took to complete: 0ms
04-21 12:03:08.774 508 534 I SystemServerTimingAsync: ssm.onUnlockingUser-0_com.android.server.trust.TrustManagerService
04-21 12:03:08.774 508 534 D SystemServerTimingAsync: ssm.onUnlockingUser-0_com.android.server.trust.TrustManagerService took to complete: 0ms
04-21 12:03:08.774 508 534 I SystemServerTimingAsync: ssm.onUnlockingUser-0_com.android.server.backup.BackupManagerService$Lifecycle
04-21 12:03:08.774 508 534 D SystemServerTimingAsync: ssm.onUnlockingUser-0_com.android.server.backup.BackupManagerService$Lifecycle took to complete: 0ms
04-21 12:03:08.774 508 534 I SystemServerTimingAsync: ssm.onUnlockingUser-0_com.android.server.appwidget.AppWidgetService
04-21 12:03:08.774 508 534 D SystemServerTimingAsync: ssm.onUnlockingUser-0_com.android.server.appwidget.AppWidgetService took to complete: 0ms
04-21 12:03:08.774 508 534 I SystemServerTimingAsync: ssm.onUnlockingUser-0_com.android.server.role.RoleManagerService
04-21 12:03:08.774 508 534 D SystemServerTimingAsync: ssm.onUnlockingUser-0_com.android.server.role.RoleManagerService took to complete: 0ms
04-21 12:03:08.774 508 534 I SystemServerTimingAsync: ssm.onUnlockingUser-0_com.android.server.voiceinteraction.VoiceInteractionManagerService
04-21 12:03:08.775 508 534 W VoiceInteractionManager: no available voice recognition services found for user 0
04-21 12:03:08.775 508 534 D SystemServerTimingAsync: ssm.onUnlockingUser-0_com.android.server.voiceinteraction.VoiceInteractionManagerService took to complete: 1ms
04-21 12:03:08.775 508 534 I SystemServerTimingAsync: ssm.onUnlockingUser-0_com.android.server.GestureLauncherService
04-21 12:03:08.775 508 534 D SystemServerTimingAsync: ssm.onUnlockingUser-0_com.android.server.GestureLauncherService took to complete: 0ms
04-21 12:03:08.775 508 534 I SystemServerTimingAsync: ssm.onUnlockingUser-0_com.android.server.SensorNotificationService
04-21 12:03:08.775 508 534 D SystemServerTimingAsync: ssm.onUnlockingUser-0_com.android.server.SensorNotificationService took to complete: 0ms
04-21 12:03:08.775 508 534 I SystemServerTimingAsync: ssm.onUnlockingUser-0_com.android.server.emergency.EmergencyAffordanceService
04-21 12:03:08.775 508 534 D SystemServerTimingAsync: ssm.onUnlockingUser-0_com.android.server.emergency.EmergencyAffordanceService took to complete: 0ms
04-21 12:03:08.775 508 534 I SystemServerTimingAsync: ssm.onUnlockingUser-0_com.android.server.dreams.DreamManagerService
04-21 12:03:08.775 508 534 D SystemServerTimingAsync: ssm.onUnlockingUser-0_com.android.server.dreams.DreamManagerService took to complete: 0ms
04-21 12:03:08.776 508 534 I SystemServerTimingAsync: ssm.onUnlockingUser-0_com.android.server.print.PrintManagerService
04-21 12:03:08.776 508 534 D SystemServerTimingAsync: ssm.onUnlockingUser-0_com.android.server.print.PrintManagerService took to complete: 0ms
04-21 12:03:08.776 508 534 I SystemServerTimingAsync: ssm.onUnlockingUser-0_com.android.server.companion.CompanionDeviceManagerService
04-21 12:03:08.776 508 534 D SystemServerTimingAsync: ssm.onUnlockingUser-0_com.android.server.companion.CompanionDeviceManagerService took to complete: 1ms
04-21 12:03:08.776 508 534 I SystemServerTimingAsync: ssm.onUnlockingUser-0_com.android.server.restrictions.RestrictionsManagerService
04-21 12:03:08.776 508 534 D SystemServerTimingAsync: ssm.onUnlockingUser-0_com.android.server.restrictions.RestrictionsManagerService took to complete: 0ms
04-21 12:03:08.776 508 534 I SystemServerTimingAsync: ssm.onUnlockingUser-0_com.android.server.media.MediaSessionService
04-21 12:03:08.776 508 534 D SystemServerTimingAsync: ssm.onUnlockingUser-0_com.android.server.media.MediaSessionService took to complete: 0ms
04-21 12:03:08.776 508 534 I SystemServerTimingAsync: ssm.onUnlockingUser-0_com.android.server.blob.BlobStoreManagerService
04-21 12:03:08.777 508 534 D SystemServerTimingAsync: ssm.onUnlockingUser-0_com.android.server.blob.BlobStoreManagerService took to complete: 0ms
04-21 12:03:08.777 508 534 I SystemServerTimingAsync: ssm.onUnlockingUser-0_com.android.server.media.MediaResourceMonitorService
04-21 12:03:08.777 508 534 D SystemServerTimingAsync: ssm.onUnlockingUser-0_com.android.server.media.MediaResourceMonitorService took to complete: 0ms
04-21 12:03:08.777 508 534 I SystemServerTimingAsync: ssm.onUnlockingUser-0_com.android.server.biometrics.BiometricService
04-21 12:03:08.777 508 534 D SystemServerTimingAsync: ssm.onUnlockingUser-0_com.android.server.biometrics.BiometricService took to complete: 0ms
04-21 12:03:08.777 508 534 I SystemServerTimingAsync: ssm.onUnlockingUser-0_com.android.server.biometrics.AuthService
04-21 12:03:08.777 508 534 D SystemServerTimingAsync: ssm.onUnlockingUser-0_com.android.server.biometrics.AuthService took to complete: 0ms
04-21 12:03:08.777 508 534 I SystemServerTimingAsync: ssm.onUnlockingUser-0_com.android.server.pm.ShortcutService$Lifecycle
04-21 12:03:08.777 508 534 D SystemServerTimingAsync: ssm.onUnlockingUser-0_com.android.server.pm.ShortcutService$Lifecycle took to complete: 1ms
04-21 12:03:08.777 508 534 I SystemServerTimingAsync: ssm.onUnlockingUser-0_com.android.server.pm.LauncherAppsService
04-21 12:03:08.777 508 534 D SystemServerTimingAsync: ssm.onUnlockingUser-0_com.android.server.pm.LauncherAppsService took to complete: 0ms
04-21 12:03:08.777 508 534 I SystemServerTimingAsync: ssm.onUnlockingUser-0_com.android.server.pm.CrossProfileAppsService
04-21 12:03:08.777 508 534 D SystemServerTimingAsync: ssm.onUnlockingUser-0_com.android.server.pm.CrossProfileAppsService took to complete: 0ms
04-21 12:03:08.777 508 534 I SystemServerTimingAsync: ssm.onUnlockingUser-0_com.android.server.people.PeopleService
04-21 12:03:08.777 508 534 D SystemServerTimingAsync: ssm.onUnlockingUser-0_com.android.server.people.PeopleService took to complete: 0ms
04-21 12:03:08.777 508 534 I SystemServerTimingAsync: ssm.onUnlockingUser-0_com.android.server.media.projection.MediaProjectionManagerService
04-21 12:03:08.778 508 534 D SystemServerTimingAsync: ssm.onUnlockingUser-0_com.android.server.media.projection.MediaProjectionManagerService took to complete: 0ms
04-21 12:03:08.778 508 534 I SystemServerTimingAsync: ssm.onUnlockingUser-0_com.android.server.slice.SliceManagerService$Lifecycle
04-21 12:03:08.778 508 534 D SystemServerTimingAsync: ssm.onUnlockingUser-0_com.android.server.slice.SliceManagerService$Lifecycle took to complete: 0ms
04-21 12:03:08.778 508 534 I SystemServerTimingAsync: ssm.onUnlockingUser-0_com.android.server.camera.CameraServiceProxy
04-21 12:03:08.778 508 534 D SystemServerTimingAsync: ssm.onUnlockingUser-0_com.android.server.camera.CameraServiceProxy took to complete: 0ms
04-21 12:03:08.778 508 534 I SystemServerTimingAsync: ssm.onUnlockingUser-0_com.android.server.stats.StatsCompanion$Lifecycle
04-21 12:03:08.778 508 534 D SystemServerTimingAsync: ssm.onUnlockingUser-0_com.android.server.stats.StatsCompanion$Lifecycle took to complete: 0ms
04-21 12:03:08.778 508 534 I SystemServerTimingAsync: ssm.onUnlockingUser-0_com.android.server.stats.pull.StatsPullAtomService
04-21 12:03:08.778 508 534 D SystemServerTimingAsync: ssm.onUnlockingUser-0_com.android.server.stats.pull.StatsPullAtomService took to complete: 0ms
04-21 12:03:08.778 508 534 I SystemServerTimingAsync: ssm.onUnlockingUser-0_com.android.server.incident.IncidentCompanionService
04-21 12:03:08.778 508 534 D SystemServerTimingAsync: ssm.onUnlockingUser-0_com.android.server.incident.IncidentCompanionService took to complete: 0ms
04-21 12:03:08.778 508 534 I SystemServerTimingAsync: ssm.onUnlockingUser-0_com.android.server.MmsServiceBroker
04-21 12:03:08.778 508 534 D SystemServerTimingAsync: ssm.onUnlockingUser-0_com.android.server.MmsServiceBroker took to complete: 0ms
04-21 12:03:08.778 508 534 I SystemServerTimingAsync: ssm.onUnlockingUser-0_com.android.server.autofill.AutofillManagerService
04-21 12:03:08.778 508 526 D AutofillUI: destroySaveUiUiThread(): already destroyed
04-21 12:03:08.778 508 534 D AutofillManagerServiceImpl: Reset component for user 0:
04-21 12:03:08.780 508 534 D FieldClassificationStrategy: reset(): service is not bound. Do nothing.
04-21 12:03:08.780 508 534 D SystemServerTimingAsync: ssm.onUnlockingUser-0_com.android.server.autofill.AutofillManagerService took to complete: 3ms
04-21 12:03:08.780 508 534 I SystemServerTimingAsync: ssm.onUnlockingUser-0_com.android.server.clipboard.ClipboardService
04-21 12:03:08.780 508 534 D SystemServerTimingAsync: ssm.onUnlockingUser-0_com.android.server.clipboard.ClipboardService took to complete: 0ms
04-21 12:03:08.780 508 534 I SystemServerTimingAsync: ssm.onUnlockingUser-0_com.android.server.appbinding.AppBindingService$Lifecycle
04-21 12:03:08.781 508 534 W AppBindingService: [Default SMS app] u0 Target package not found
04-21 12:03:08.781 508 534 D SystemServerTimingAsync: ssm.onUnlockingUser-0_com.android.server.appbinding.AppBindingService$Lifecycle took to complete: 0ms
04-21 12:03:08.781 508 534 I SystemServerTimingAsync: ssm.onUnlockingUser-0_com.android.server.policy.PermissionPolicyService
04-21 12:03:08.781 508 534 D SystemServerTimingAsync: ssm.onUnlockingUser-0_com.android.server.policy.PermissionPolicyService took to complete: 0ms
04-21 12:03:08.781 508 534 I SystemServerTimingAsync: ssm.onUnlockingUser-0_com.android.server.pm.StagingManager$Lifecycle
04-21 12:03:08.781 508 534 D SystemServerTimingAsync: ssm.onUnlockingUser-0_com.android.server.pm.StagingManager$Lifecycle took to complete: 0ms
04-21 12:03:08.781 508 534 D SystemServerTimingAsync: ssm.UnlockingUser-0 took to complete: 71ms
04-21 12:03:08.781 508 534 W ActivityManager: UserLifecycleEvent 5 received without an active userJourneySession.
04-21 12:03:08.781 508 534 W ActivityManager: UserLifecycleEvent 6 received without an active userJourneySession.
04-21 12:03:08.781 508 534 I uc_finish_user_unlocked: 0
04-21 12:03:08.781 508 525 I ActivityTaskManager: Loading recents for user 0 into memory.
04-21 12:03:08.781 508 534 I ActivityManager: User 0 state changed from RUNNING_UNLOCKING to RUNNING_UNLOCKED
04-21 12:03:08.781 508 534 I am_user_state_changed: [0,3]
04-21 12:03:08.782 508 534 D SystemServerTiming: SystemUserUnlock took to complete: 760ms
04-21 12:03:08.783 508 617 I BackupManagerService: Starting service for user: 0
04-21 12:03:08.783 508 617 V BackupManagerService: [UserID:0] Starting with transport com.android.localtransport/.LocalTransport
04-21 12:03:08.785 508 525 I wm_task_created: [18,-1]
04-21 12:03:08.785 508 525 I wm_stack_created: 18
04-21 12:03:08.787 508 525 I wm_task_created: [67,-1]
04-21 12:03:08.787 508 525 I wm_stack_created: 67
04-21 12:03:08.791 508 534 V ActivityManager: Installing ContentProviderInfo{name=com.android.launcher3 className=com.android.quickstep.LauncherSearchIndexablesProvider}
04-21 12:03:08.791 508 525 I wm_task_created: [35,-1]
04-21 12:03:08.791 508 525 I wm_stack_created: 35
04-21 12:03:08.791 508 617 D BackupManagerService: [UserID:0] Started thread backup-0
04-21 12:03:08.792 508 534 V ActivityManager: Installing ContentProviderInfo{name=com.android.launcher3.overview.fileprovider className=androidx.core.content.FileProvider}
04-21 12:03:08.793 508 534 V ActivityManager: Installing ContentProviderInfo{name=com.android.launcher3.settings className=com.android.launcher3.LauncherProvider}
04-21 12:03:08.793 508 534 V ActivityManager: Installing ContentProviderInfo{name=com.android.launcher3.grid_control className=com.android.launcher3.graphics.GridCustomizationsProvider}
04-21 12:03:08.793 508 525 I wm_task_created: [16,-1]
04-21 12:03:08.794 508 525 I wm_stack_created: 16
04-21 12:03:08.796 508 525 I wm_task_created: [71,-1]
04-21 12:03:08.797 508 525 I wm_stack_created: 71
04-21 12:03:08.797 436 436 I update_engine: [INFO:cleanup_previous_update_action.cc(206)] Waiting for any previous merge request to complete. This can take up to several minutes.
04-21 12:03:08.797 508 534 I uc_send_user_broadcast: [0,android.intent.action.USER_UNLOCKED]
04-21 12:03:08.798 508 534 I uc_finish_user_unlocked_completed: 0
04-21 12:03:08.799 508 525 I wm_task_created: [34,-1]
04-21 12:03:08.799 508 525 I wm_stack_created: 34
04-21 12:03:08.800 333 333 D Zygote : Forked child process 1103
04-21 12:03:08.801 508 534 I ActivityManager: Posting BOOT_COMPLETED user #0
04-21 12:03:08.803 508 525 I wm_task_created: [58,-1]
04-21 12:03:08.803 508 525 I wm_stack_created: 58
04-21 12:03:08.805 508 525 I wm_task_created: [62,-1]
04-21 12:03:08.805 508 525 I wm_stack_created: 62
04-21 12:03:08.806 508 527 I DropBoxManagerService: add tag=system_server_strictmode isTagEnabled=true flags=0x2
04-21 12:03:08.808 508 525 I wm_task_created: [29,-1]
04-21 12:03:08.808 508 525 I wm_stack_created: 29
04-21 12:03:08.808 365 1087 I GenericSource: start
04-21 12:03:08.813 508 525 I wm_task_created: [68,-1]
04-21 12:03:08.813 508 527 I DropBoxManagerService: add tag=system_server_strictmode isTagEnabled=true flags=0x2
04-21 12:03:08.813 1103 1103 I Zygote : seccomp disabled by setenforce 0
04-21 12:03:08.813 508 525 I wm_stack_created: 68
04-21 12:03:08.815 508 525 I wm_task_created: [39,-1]
04-21 12:03:08.816 508 525 I wm_stack_created: 39
04-21 12:03:08.817 508 617 E BackupPasswordManager: Unable to read backup pw version
04-21 12:03:08.817 508 617 E BackupPasswordManager: Unable to read saved backup pw hash
04-21 12:03:08.820 508 525 I wm_task_created: [22,-1]
04-21 12:03:08.820 436 436 E update_engine: Read state file failed: No such file or directory
04-21 12:03:08.820 508 525 I wm_stack_created: 22
04-21 12:03:08.823 508 525 I wm_task_created: [66,-1]
04-21 12:03:08.824 508 525 I wm_stack_created: 66
04-21 12:03:08.826 508 525 I wm_task_created: [69,-1]
04-21 12:03:08.827 508 525 I wm_stack_created: 69
04-21 12:03:08.829 508 534 I SystemServerTimingAsync: ssm.UnlockedUser-0
04-21 12:03:08.829 508 534 I SystemServiceManager: Calling onUnlockedUser 0
04-21 12:03:08.829 508 534 I SystemServerTimingAsync: ssm.onUnlockedUser-0_com.android.server.security.FileIntegrityService
04-21 12:03:08.829 508 525 I wm_task_created: [60,-1]
04-21 12:03:08.829 508 534 D SystemServerTimingAsync: ssm.onUnlockedUser-0_com.android.server.security.FileIntegrityService took to complete: 0ms
04-21 12:03:08.829 508 534 I SystemServerTimingAsync: ssm.onUnlockedUser-0_com.android.server.pm.Installer
04-21 12:03:08.829 508 525 I wm_stack_created: 60
04-21 12:03:08.829 508 534 D SystemServerTimingAsync: ssm.onUnlockedUser-0_com.android.server.pm.Installer took to complete: 0ms
04-21 12:03:08.829 508 534 I SystemServerTimingAsync: ssm.onUnlockedUser-0_com.android.server.os.DeviceIdentifiersPolicyService
04-21 12:03:08.829 508 534 D SystemServerTimingAsync: ssm.onUnlockedUser-0_com.android.server.os.DeviceIdentifiersPolicyService took to complete: 0ms
04-21 12:03:08.829 508 534 I SystemServerTimingAsync: ssm.onUnlockedUser-0_com.android.server.uri.UriGrantsManagerService$Lifecycle
04-21 12:03:08.829 508 534 D SystemServerTimingAsync: ssm.onUnlockedUser-0_com.android.server.uri.UriGrantsManagerService$Lifecycle took to complete: 0ms
04-21 12:03:08.829 508 534 I SystemServerTimingAsync: ssm.onUnlockedUser-0_com.android.server.wm.ActivityTaskManagerService$Lifecycle
04-21 12:03:08.829 508 534 D SystemServerTimingAsync: ssm.onUnlockedUser-0_com.android.server.wm.ActivityTaskManagerService$Lifecycle took to complete: 0ms
04-21 12:03:08.829 508 534 I SystemServerTimingAsync: ssm.onUnlockedUser-0_com.android.server.am.ActivityManagerService$Lifecycle
04-21 12:03:08.829 508 534 D SystemServerTimingAsync: ssm.onUnlockedUser-0_com.android.server.am.ActivityManagerService$Lifecycle took to complete: 0ms
04-21 12:03:08.829 508 534 I SystemServerTimingAsync: ssm.onUnlockedUser-0_com.android.server.pm.DataLoaderManagerService
04-21 12:03:08.829 508 534 D SystemServerTimingAsync: ssm.onUnlockedUser-0_com.android.server.pm.DataLoaderManagerService took to complete: 0ms
04-21 12:03:08.829 508 534 I SystemServerTimingAsync: ssm.onUnlockedUser-0_com.android.server.power.PowerManagerService
04-21 12:03:08.829 508 534 D SystemServerTimingAsync: ssm.onUnlockedUser-0_com.android.server.power.PowerManagerService took to complete: 0ms
04-21 12:03:08.829 508 534 I SystemServerTimingAsync: ssm.onUnlockedUser-0_com.android.server.power.ThermalManagerService
04-21 12:03:08.829 508 534 D SystemServerTimingAsync: ssm.onUnlockedUser-0_com.android.server.power.ThermalManagerService took to complete: 0ms
04-21 12:03:08.829 508 534 I SystemServerTimingAsync: ssm.onUnlockedUser-0_com.android.server.recoverysystem.RecoverySystemService$Lifecycle
04-21 12:03:08.829 508 534 D SystemServerTimingAsync: ssm.onUnlockedUser-0_com.android.server.recoverysystem.RecoverySystemService$Lifecycle took to complete: 0ms
04-21 12:03:08.829 508 534 I SystemServerTimingAsync: ssm.onUnlockedUser-0_com.android.server.lights.LightsService
04-21 12:03:08.829 508 534 D SystemServerTimingAsync: ssm.onUnlockedUser-0_com.android.server.lights.LightsService took to complete: 0ms
04-21 12:03:08.830 508 534 I SystemServerTimingAsync: ssm.onUnlockedUser-0_com.android.server.display.DisplayManagerService
04-21 12:03:08.830 508 534 D SystemServerTimingAsync: ssm.onUnlockedUser-0_com.android.server.display.DisplayManagerService took to complete: 0ms
04-21 12:03:08.830 508 534 I SystemServerTimingAsync: ssm.onUnlockedUser-0_com.android.server.pm.UserManagerService$LifeCycle
04-21 12:03:08.830 508 534 D SystemServerTimingAsync: ssm.onUnlockedUser-0_com.android.server.pm.UserManagerService$LifeCycle took to complete: 0ms
04-21 12:03:08.830 508 534 I SystemServerTimingAsync: ssm.onUnlockedUser-0_com.android.server.om.OverlayManagerService
04-21 12:03:08.830 508 534 D SystemServerTimingAsync: ssm.onUnlockedUser-0_com.android.server.om.OverlayManagerService took to complete: 0ms
04-21 12:03:08.830 508 534 I SystemServerTimingAsync: ssm.onUnlockedUser-0_com.android.server.SensorPrivacyService
04-21 12:03:08.830 508 534 D SystemServerTimingAsync: ssm.onUnlockedUser-0_com.android.server.SensorPrivacyService took to complete: 0ms
04-21 12:03:08.830 508 534 I SystemServerTimingAsync: ssm.onUnlockedUser-0_com.android.server.SystemConfigService
04-21 12:03:08.830 508 534 D SystemServerTimingAsync: ssm.onUnlockedUser-0_com.android.server.SystemConfigService took to complete: 0ms
04-21 12:03:08.830 508 534 I SystemServerTimingAsync: ssm.onUnlockedUser-0_com.android.server.BatteryService
04-21 12:03:08.830 508 534 D SystemServerTimingAsync: ssm.onUnlockedUser-0_com.android.server.BatteryService took to complete: 0ms
04-21 12:03:08.830 508 534 I SystemServerTimingAsync: ssm.onUnlockedUser-0_com.android.server.usage.UsageStatsService
04-21 12:03:08.830 508 534 D SystemServerTimingAsync: ssm.onUnlockedUser-0_com.android.server.usage.UsageStatsService took to complete: 0ms
04-21 12:03:08.830 508 534 I SystemServerTimingAsync: ssm.onUnlockedUser-0_com.android.server.webkit.WebViewUpdateService
04-21 12:03:08.830 508 534 D SystemServerTimingAsync: ssm.onUnlockedUser-0_com.android.server.webkit.WebViewUpdateService took to complete: 0ms
04-21 12:03:08.830 508 534 I SystemServerTimingAsync: ssm.onUnlockedUser-0_com.android.server.CachedDeviceStateService
04-21 12:03:08.830 508 534 D SystemServerTimingAsync: ssm.onUnlockedUser-0_com.android.server.CachedDeviceStateService took to complete: 0ms
04-21 12:03:08.830 508 534 I SystemServerTimingAsync: ssm.onUnlockedUser-0_com.android.server.BinderCallsStatsService$LifeCycle
04-21 12:03:08.830 508 534 D SystemServerTimingAsync: ssm.onUnlockedUser-0_com.android.server.BinderCallsStatsService$LifeCycle took to complete: 0ms
04-21 12:03:08.830 508 534 I SystemServerTimingAsync: ssm.onUnlockedUser-0_com.android.server.LooperStatsService$Lifecycle
04-21 12:03:08.830 508 534 D SystemServerTimingAsync: ssm.onUnlockedUser-0_com.android.server.LooperStatsService$Lifecycle took to complete: 0ms
04-21 12:03:08.830 508 534 I SystemServerTimingAsync: ssm.onUnlockedUser-0_com.android.server.rollback.RollbackManagerService
04-21 12:03:08.830 508 534 D SystemServerTimingAsync: ssm.onUnlockedUser-0_com.android.server.rollback.RollbackManagerService took to complete: 0ms
04-21 12:03:08.830 508 534 I SystemServerTimingAsync: ssm.onUnlockedUser-0_com.android.server.os.BugreportManagerService
04-21 12:03:08.830 508 534 D SystemServerTimingAsync: ssm.onUnlockedUser-0_com.android.server.os.BugreportManagerService took to complete: 0ms
04-21 12:03:08.830 508 534 I SystemServerTimingAsync: ssm.onUnlockedUser-0_com.android.server.gpu.GpuService
04-21 12:03:08.830 508 534 D SystemServerTimingAsync: ssm.onUnlockedUser-0_com.android.server.gpu.GpuService took to complete: 0ms
04-21 12:03:08.830 508 534 I SystemServerTimingAsync: ssm.onUnlockedUser-0_com.android.server.security.KeyChainSystemService
04-21 12:03:08.830 508 534 D SystemServerTimingAsync: ssm.onUnlockedUser-0_com.android.server.security.KeyChainSystemService took to complete: 0ms
04-21 12:03:08.830 508 534 I SystemServerTimingAsync: ssm.onUnlockedUser-0_com.android.server.telecom.TelecomLoaderService
04-21 12:03:08.830 508 534 D SystemServerTimingAsync: ssm.onUnlockedUser-0_com.android.server.telecom.TelecomLoaderService took to complete: 0ms
04-21 12:03:08.831 508 534 I SystemServerTimingAsync: ssm.onUnlockedUser-0_com.android.server.accounts.AccountManagerService$Lifecycle
04-21 12:03:08.831 508 534 D SystemServerTimingAsync: ssm.onUnlockedUser-0_com.android.server.accounts.AccountManagerService$Lifecycle took to complete: 0ms
04-21 12:03:08.831 508 534 I SystemServerTimingAsync: ssm.onUnlockedUser-0_com.android.server.content.ContentService$Lifecycle
04-21 12:03:08.831 508 534 D SystemServerTimingAsync: ssm.onUnlockedUser-0_com.android.server.content.ContentService$Lifecycle took to complete: 0ms
04-21 12:03:08.831 508 534 I SystemServerTimingAsync: ssm.onUnlockedUser-0_com.android.server.DropBoxManagerService
04-21 12:03:08.831 508 534 D SystemServerTimingAsync: ssm.onUnlockedUser-0_com.android.server.DropBoxManagerService took to complete: 0ms
04-21 12:03:08.831 508 534 I SystemServerTimingAsync: ssm.onUnlockedUser-0_com.android.server.AlarmManagerService
04-21 12:03:08.831 508 534 D SystemServerTimingAsync: ssm.onUnlockedUser-0_com.android.server.AlarmManagerService took to complete: 0ms
04-21 12:03:08.831 508 534 I SystemServerTimingAsync: ssm.onUnlockedUser-0_com.android.server.BluetoothService
04-21 12:03:08.831 508 534 D SystemServerTimingAsync: ssm.onUnlockedUser-0_com.android.server.BluetoothService took to complete: 0ms
04-21 12:03:08.831 508 534 I SystemServerTimingAsync: ssm.onUnlockedUser-0_com.android.server.connectivity.IpConnectivityMetrics
04-21 12:03:08.831 508 534 D SystemServerTimingAsync: ssm.onUnlockedUser-0_com.android.server.connectivity.IpConnectivityMetrics took to complete: 0ms
04-21 12:03:08.831 508 534 I SystemServerTimingAsync: ssm.onUnlockedUser-0_com.android.server.net.watchlist.NetworkWatchlistService$Lifecycle
04-21 12:03:08.831 508 534 D SystemServerTimingAsync: ssm.onUnlockedUser-0_com.android.server.net.watchlist.NetworkWatchlistService$Lifecycle took to complete: 0ms
04-21 12:03:08.831 508 534 I SystemServerTimingAsync: ssm.onUnlockedUser-0_com.android.server.PinnerService
04-21 12:03:08.831 508 534 D SystemServerTimingAsync: ssm.onUnlockedUser-0_com.android.server.PinnerService took to complete: 0ms
04-21 12:03:08.831 508 534 I SystemServerTimingAsync: ssm.onUnlockedUser-0_com.google.android.startop.iorap.IorapForwardingService
04-21 12:03:08.832 436 436 I update_engine: [INFO:cleanup_previous_update_action.cc(229)] Can't find any snapshot to merge.
04-21 12:03:08.832 834 834 D WAP PUSH: Received broadcast android.intent.action.USER_UNLOCKED
04-21 12:03:08.833 834 834 D WAP PUSH: Received broadcast android.intent.action.USER_UNLOCKED
04-21 12:03:08.834 668 668 V MediaRouter: Selecting route: RouteInfo{ name=Tablet, description=null, status=null, category=RouteCategory{ name=System types=ROUTE_TYPE_LIVE_AUDIO ROUTE_TYPE_LIVE_VIDEO groupable=false }, supportedTypes=ROUTE_TYPE_LIVE_AUDIO ROUTE_TYPE_LIVE_VIDEO , presentationDisplay=null }
04-21 12:03:08.834 834 834 D SmsBroadcastUndelivered: Received broadcast android.intent.action.USER_UNLOCKED
04-21 12:03:08.835 834 834 D SmsDispatchersController: Received broadcast android.intent.action.USER_UNLOCKED
04-21 12:03:08.836 868 868 D FallbackHome: User unlocked and real home found; let's go!
04-21 12:03:08.836 508 508 V NotificationAssistants: disabling notification assistant for user 0: ComponentInfo{android.ext.services/android.ext.services.notification.Assistant}
04-21 12:03:08.836 508 508 D NotificationListeners: Removing active service ComponentInfo{android.ext.services/android.ext.services.notification.Assistant}
04-21 12:03:08.837 508 535 W ActivityManager: Slow operation: 64ms so far, now at startProcess: done updating battery stats
04-21 12:03:08.837 508 535 I am_proc_start: [0,1103,10121,com.android.providers.media.module,service,{com.android.providers.media.module/com.android.providers.media.fuse.ExternalStorageServiceImpl}]
04-21 12:03:08.837 508 535 I Watchdog: Interesting Java process com.android.providers.media.module started. Pid 1103
04-21 12:03:08.837 508 535 W ActivityManager: Slow operation: 68ms so far, now at startProcess: building log message
04-21 12:03:08.837 508 535 I ActivityManager: Start proc 1103:com.android.providers.media.module/u0a121 for service {com.android.providers.media.module/com.android.providers.media.fuse.ExternalStorageServiceImpl}
04-21 12:03:08.837 508 535 W ActivityManager: Slow operation: 68ms so far, now at startProcess: starting to update pids map
04-21 12:03:08.837 508 535 W ActivityManager: Slow operation: 68ms so far, now at startProcess: done updating pids map
04-21 12:03:08.838 508 534 D SystemServerTimingAsync: ssm.onUnlockedUser-0_com.google.android.startop.iorap.IorapForwardingService took to complete: 0ms
04-21 12:03:08.838 508 534 I SystemServerTimingAsync: ssm.onUnlockedUser-0_com.android.server.integrity.AppIntegrityManagerService
04-21 12:03:08.838 508 534 D SystemServerTimingAsync: ssm.onUnlockedUser-0_com.android.server.integrity.AppIntegrityManagerService took to complete: 0ms
04-21 12:03:08.838 508 534 I SystemServerTimingAsync: ssm.onUnlockedUser-0_com.android.server.inputmethod.InputMethodManagerService$Lifecycle
04-21 12:03:08.838 508 534 D SystemServerTimingAsync: ssm.onUnlockedUser-0_com.android.server.inputmethod.InputMethodManagerService$Lifecycle took to complete: 0ms
04-21 12:03:08.838 508 534 I SystemServerTimingAsync: ssm.onUnlockedUser-0_com.android.server.accessibility.AccessibilityManagerService$Lifecycle
04-21 12:03:08.838 508 534 D SystemServerTimingAsync: ssm.onUnlockedUser-0_com.android.server.accessibility.AccessibilityManagerService$Lifecycle took to complete: 0ms
04-21 12:03:08.838 508 534 I SystemServerTimingAsync: ssm.onUnlockedUser-0_com.android.server.StorageManagerService$Lifecycle
04-21 12:03:08.838 508 534 D SystemServerTimingAsync: ssm.onUnlockedUser-0_com.android.server.StorageManagerService$Lifecycle took to complete: 0ms
04-21 12:03:08.838 508 534 I SystemServerTimingAsync: ssm.onUnlockedUser-0_com.android.server.usage.StorageStatsService$Lifecycle
04-21 12:03:08.838 508 534 D SystemServerTimingAsync: ssm.onUnlockedUser-0_com.android.server.usage.StorageStatsService$Lifecycle took to complete: 0ms
04-21 12:03:08.838 508 534 I SystemServerTimingAsync: ssm.onUnlockedUser-0_com.android.server.UiModeManagerService
04-21 12:03:08.838 508 534 D SystemServerTimingAsync: ssm.onUnlockedUser-0_com.android.server.UiModeManagerService took to complete: 0ms
04-21 12:03:08.838 508 534 I SystemServerTimingAsync: ssm.onUnlockedUser-0_com.android.server.locksettings.LockSettingsService$Lifecycle
04-21 12:03:08.838 508 534 D SystemServerTimingAsync: ssm.onUnlockedUser-0_com.android.server.locksettings.LockSettingsService$Lifecycle took to complete: 0ms
04-21 12:03:08.838 508 534 I SystemServerTimingAsync: ssm.onUnlockedUser-0_com.android.server.PersistentDataBlockService
04-21 12:03:08.838 508 534 D SystemServerTimingAsync: ssm.onUnlockedUser-0_com.android.server.PersistentDataBlockService took to complete: 0ms
04-21 12:03:08.838 508 534 I SystemServerTimingAsync: ssm.onUnlockedUser-0_com.android.server.testharness.TestHarnessModeService
04-21 12:03:08.838 508 534 D SystemServerTimingAsync: ssm.onUnlockedUser-0_com.android.server.testharness.TestHarnessModeService took to complete: 0ms
04-21 12:03:08.838 508 534 I SystemServerTimingAsync: ssm.onUnlockedUser-0_com.android.server.oemlock.OemLockService
04-21 12:03:08.838 508 534 D SystemServerTimingAsync: ssm.onUnlockedUser-0_com.android.server.oemlock.OemLockService took to complete: 0ms
04-21 12:03:08.838 508 534 I SystemServerTimingAsync: ssm.onUnlockedUser-0_com.android.server.DeviceIdleController
04-21 12:03:08.838 508 534 D SystemServerTimingAsync: ssm.onUnlockedUser-0_com.android.server.DeviceIdleController took to complete: 0ms
04-21 12:03:08.838 508 534 I SystemServerTimingAsync: ssm.onUnlockedUser-0_com.android.server.devicepolicy.DevicePolicyManagerService$Lifecycle
04-21 12:03:08.838 508 534 D SystemServerTimingAsync: ssm.onUnlockedUser-0_com.android.server.devicepolicy.DevicePolicyManagerService$Lifecycle took to complete: 0ms
04-21 12:03:08.839 508 534 I SystemServerTimingAsync: ssm.onUnlockedUser-0_com.android.server.textservices.TextServicesManagerService$Lifecycle
04-21 12:03:08.839 508 534 D SystemServerTimingAsync: ssm.onUnlockedUser-0_com.android.server.textservices.TextServicesManagerService$Lifecycle took to complete: 0ms
04-21 12:03:08.839 508 534 I SystemServerTimingAsync: ssm.onUnlockedUser-0_com.android.server.textclassifier.TextClassificationManagerService$Lifecycle
04-21 12:03:08.839 508 534 D SystemServerTimingAsync: ssm.onUnlockedUser-0_com.android.server.textclassifier.TextClassificationManagerService$Lifecycle took to complete: 0ms
04-21 12:03:08.839 508 534 I SystemServerTimingAsync: ssm.onUnlockedUser-0_com.android.server.NetworkScoreService$Lifecycle
04-21 12:03:08.839 508 534 D SystemServerTimingAsync: ssm.onUnlockedUser-0_com.android.server.NetworkScoreService$Lifecycle took to complete: 0ms
04-21 12:03:08.839 508 534 I SystemServerTimingAsync: ssm.onUnlockedUser-0_com.android.server.wifi.WifiService
04-21 12:03:08.839 508 534 D SystemServerTimingAsync: ssm.onUnlockedUser-0_com.android.server.wifi.WifiService took to complete: 0ms
04-21 12:03:08.839 508 534 I SystemServerTimingAsync: ssm.onUnlockedUser-0_com.android.server.wifi.scanner.WifiScanningService
04-21 12:03:08.839 508 534 D SystemServerTimingAsync: ssm.onUnlockedUser-0_com.android.server.wifi.scanner.WifiScanningService took to complete: 0ms
04-21 12:03:08.839 508 534 I SystemServerTimingAsync: ssm.onUnlockedUser-0_com.android.server.wifi.p2p.WifiP2pService
04-21 12:03:08.839 508 534 D SystemServerTimingAsync: ssm.onUnlockedUser-0_com.android.server.wifi.p2p.WifiP2pService took to complete: 0ms
04-21 12:03:08.839 508 534 I SystemServerTimingAsync: ssm.onUnlockedUser-0_com.android.server.ethernet.EthernetService
04-21 12:03:08.839 508 534 D SystemServerTimingAsync: ssm.onUnlockedUser-0_com.android.server.ethernet.EthernetService took to complete: 0ms
04-21 12:03:08.839 508 534 I SystemServerTimingAsync: ssm.onUnlockedUser-0_com.android.server.notification.NotificationManagerService
04-21 12:03:08.839 508 534 D SystemServerTimingAsync: ssm.onUnlockedUser-0_com.android.server.notification.NotificationManagerService took to complete: 0ms
04-21 12:03:08.839 508 534 I SystemServerTimingAsync: ssm.onUnlockedUser-0_com.android.server.storage.DeviceStorageMonitorService
04-21 12:03:08.839 508 534 D SystemServerTimingAsync: ssm.onUnlockedUser-0_com.android.server.storage.DeviceStorageMonitorService took to complete: 0ms
04-21 12:03:08.839 508 534 I SystemServerTimingAsync: ssm.onUnlockedUser-0_com.android.server.location.LocationManagerService$Lifecycle
04-21 12:03:08.839 508 534 D SystemServerTimingAsync: ssm.onUnlockedUser-0_com.android.server.location.LocationManagerService$Lifecycle took to complete: 0ms
04-21 12:03:08.839 508 534 I SystemServerTimingAsync: ssm.onUnlockedUser-0_com.android.server.timedetector.TimeDetectorService$Lifecycle
04-21 12:03:08.839 508 534 D SystemServerTimingAsync: ssm.onUnlockedUser-0_com.android.server.timedetector.TimeDetectorService$Lifecycle took to complete: 0ms
04-21 12:03:08.839 508 534 I SystemServerTimingAsync: ssm.onUnlockedUser-0_com.android.server.timezonedetector.TimeZoneDetectorService$Lifecycle
04-21 12:03:08.839 508 534 D SystemServerTimingAsync: ssm.onUnlockedUser-0_com.android.server.timezonedetector.TimeZoneDetectorService$Lifecycle took to complete: 0ms
04-21 12:03:08.839 508 534 I SystemServerTimingAsync: ssm.onUnlockedUser-0_com.android.server.search.SearchManagerService$Lifecycle
04-21 12:03:08.839 508 534 D SystemServerTimingAsync: ssm.onUnlockedUser-0_com.android.server.search.SearchManagerService$Lifecycle took to complete: 0ms
04-21 12:03:08.840 508 534 I SystemServerTimingAsync: ssm.onUnlockedUser-0_com.android.server.wallpaper.WallpaperManagerService$Lifecycle
04-21 12:03:08.840 508 534 D SystemServerTimingAsync: ssm.onUnlockedUser-0_com.android.server.wallpaper.WallpaperManagerService$Lifecycle took to complete: 0ms
04-21 12:03:08.840 508 534 I SystemServerTimingAsync: ssm.onUnlockedUser-0_com.android.server.audio.AudioService$Lifecycle
04-21 12:03:08.840 508 534 D SystemServerTimingAsync: ssm.onUnlockedUser-0_com.android.server.audio.AudioService$Lifecycle took to complete: 0ms
04-21 12:03:08.840 508 534 I SystemServerTimingAsync: ssm.onUnlockedUser-0_com.android.server.soundtrigger_middleware.SoundTriggerMiddlewareService$Lifecycle
04-21 12:03:08.840 508 534 D SystemServerTimingAsync: ssm.onUnlockedUser-0_com.android.server.soundtrigger_middleware.SoundTriggerMiddlewareService$Lifecycle took to complete: 0ms
04-21 12:03:08.842 508 508 V NotificationAssistants: enabling notification assistant for 0: ComponentInfo{android.ext.services/android.ext.services.notification.Assistant}
04-21 12:03:08.842 508 508 V NotificationAssistants: binding: Intent { act=android.service.notification.NotificationAssistantService cmp=android.ext.services/.notification.Assistant (has extras) }
04-21 12:03:08.844 508 693 I wm_finish_activity: [0,18624062,2,com.android.settings/.FallbackHome,app-request]
04-21 12:03:08.845 508 693 I wm_task_moved: [2,1,2147483647]
04-21 12:03:08.847 834 834 D CarrierSvcBindHelper: Received android.intent.action.USER_UNLOCKED
04-21 12:03:08.849 834 1122 D SmsBroadcastUndelivered: scanning raw table for undelivered messages
04-21 12:03:08.850 834 834 E PhoneInterfaceManager: [PhoneIntfMgr] getCarrierPackageNamesForIntentAndPhone: No UICC
04-21 12:03:08.850 834 834 D CarrierSvcBindHelper: No carrier app for: 0
04-21 12:03:08.851 365 1111 D CCodec : allocate(c2.android.vorbis.decoder)
04-21 12:03:08.852 508 693 I ActivityTaskManager: START u0 {act=android.intent.action.MAIN cat=[android.intent.category.HOME] flg=0x10000100 cmp=com.android.launcher3/.uioverrides.QuickstepLauncher} from uid 0
04-21 12:03:08.852 448 468 I adbd : jdwp connection from 1103
04-21 12:03:08.854 834 1119 E WAP PUSH: bindService() for wappush manager failed
04-21 12:03:08.855 508 534 I SystemServerTimingAsync: ssm.onUnlockedUser-0_com.android.server.DockObserver
04-21 12:03:08.856 365 1111 I CCodec : setting up 'default' as default (vendor) store
04-21 12:03:08.856 508 534 D SystemServerTimingAsync: ssm.onUnlockedUser-0_com.android.server.DockObserver took to complete: 0ms
04-21 12:03:08.856 508 534 I SystemServerTimingAsync: ssm.onUnlockedUser-0_com.android.server.midi.MidiService$Lifecycle
04-21 12:03:08.856 508 534 D SystemServerTimingAsync: ssm.onUnlockedUser-0_com.android.server.midi.MidiService$Lifecycle took to complete: 0ms
04-21 12:03:08.856 508 534 I SystemServerTimingAsync: ssm.onUnlockedUser-0_com.android.server.adb.AdbService$Lifecycle
04-21 12:03:08.856 508 534 D SystemServerTimingAsync: ssm.onUnlockedUser-0_com.android.server.adb.AdbService$Lifecycle took to complete: 0ms
04-21 12:03:08.856 508 534 I SystemServerTimingAsync: ssm.onUnlockedUser-0_com.android.server.usb.UsbService$Lifecycle
04-21 12:03:08.856 508 534 D SystemServerTimingAsync: ssm.onUnlockedUser-0_com.android.server.usb.UsbService$Lifecycle took to complete: 0ms
04-21 12:03:08.856 508 534 I SystemServerTimingAsync: ssm.onUnlockedUser-0_com.android.server.twilight.TwilightService
04-21 12:03:08.856 508 534 D SystemServerTimingAsync: ssm.onUnlockedUser-0_com.android.server.twilight.TwilightService took to complete: 0ms
04-21 12:03:08.857 508 534 I SystemServerTimingAsync: ssm.onUnlockedUser-0_com.android.server.display.color.ColorDisplayService
04-21 12:03:08.857 508 534 D SystemServerTimingAsync: ssm.onUnlockedUser-0_com.android.server.display.color.ColorDisplayService took to complete: 0ms
04-21 12:03:08.857 508 534 I SystemServerTimingAsync: ssm.onUnlockedUser-0_com.android.server.job.JobSchedulerService
04-21 12:03:08.857 508 534 D SystemServerTimingAsync: ssm.onUnlockedUser-0_com.android.server.job.JobSchedulerService took to complete: 0ms
04-21 12:03:08.857 508 534 I SystemServerTimingAsync: ssm.onUnlockedUser-0_com.android.server.soundtrigger.SoundTriggerService
04-21 12:03:08.857 429 806 V C2Store : in init
04-21 12:03:08.857 429 806 V C2Store : loading dll
04-21 12:03:08.858 508 534 D SystemServerTimingAsync: ssm.onUnlockedUser-0_com.android.server.soundtrigger.SoundTriggerService took to complete: 0ms
04-21 12:03:08.858 508 534 I SystemServerTimingAsync: ssm.onUnlockedUser-0_com.android.server.trust.TrustManagerService
04-21 12:03:08.858 508 534 D SystemServerTimingAsync: ssm.onUnlockedUser-0_com.android.server.trust.TrustManagerService took to complete: 0ms
04-21 12:03:08.858 508 534 I SystemServerTimingAsync: ssm.onUnlockedUser-0_com.android.server.backup.BackupManagerService$Lifecycle
04-21 12:03:08.858 508 534 D SystemServerTimingAsync: ssm.onUnlockedUser-0_com.android.server.backup.BackupManagerService$Lifecycle took to complete: 0ms
04-21 12:03:08.858 508 534 I SystemServerTimingAsync: ssm.onUnlockedUser-0_com.android.server.appwidget.AppWidgetService
04-21 12:03:08.858 508 534 D SystemServerTimingAsync: ssm.onUnlockedUser-0_com.android.server.appwidget.AppWidgetService took to complete: 0ms
04-21 12:03:08.859 508 534 I SystemServerTimingAsync: ssm.onUnlockedUser-0_com.android.server.role.RoleManagerService
04-21 12:03:08.859 508 534 D SystemServerTimingAsync: ssm.onUnlockedUser-0_com.android.server.role.RoleManagerService took to complete: 0ms
04-21 12:03:08.859 508 534 I SystemServerTimingAsync: ssm.onUnlockedUser-0_com.android.server.voiceinteraction.VoiceInteractionManagerService
04-21 12:03:08.859 508 534 D SystemServerTimingAsync: ssm.onUnlockedUser-0_com.android.server.voiceinteraction.VoiceInteractionManagerService took to complete: 0ms
04-21 12:03:08.859 508 534 I SystemServerTimingAsync: ssm.onUnlockedUser-0_com.android.server.GestureLauncherService
04-21 12:03:08.859 508 534 D SystemServerTimingAsync: ssm.onUnlockedUser-0_com.android.server.GestureLauncherService took to complete: 0ms
04-21 12:03:08.859 508 534 I SystemServerTimingAsync: ssm.onUnlockedUser-0_com.android.server.SensorNotificationService
04-21 12:03:08.859 508 534 D SystemServerTimingAsync: ssm.onUnlockedUser-0_com.android.server.SensorNotificationService took to complete: 0ms
04-21 12:03:08.859 508 534 I SystemServerTimingAsync: ssm.onUnlockedUser-0_com.android.server.emergency.EmergencyAffordanceService
04-21 12:03:08.859 508 534 D SystemServerTimingAsync: ssm.onUnlockedUser-0_com.android.server.emergency.EmergencyAffordanceService took to complete: 0ms
04-21 12:03:08.859 508 534 I SystemServerTimingAsync: ssm.onUnlockedUser-0_com.android.server.dreams.DreamManagerService
04-21 12:03:08.859 508 534 D SystemServerTimingAsync: ssm.onUnlockedUser-0_com.android.server.dreams.DreamManagerService took to complete: 0ms
04-21 12:03:08.859 508 534 I SystemServerTimingAsync: ssm.onUnlockedUser-0_com.android.server.print.PrintManagerService
04-21 12:03:08.859 508 534 D SystemServerTimingAsync: ssm.onUnlockedUser-0_com.android.server.print.PrintManagerService took to complete: 0ms
04-21 12:03:08.859 508 534 I SystemServerTimingAsync: ssm.onUnlockedUser-0_com.android.server.companion.CompanionDeviceManagerService
04-21 12:03:08.859 508 534 D SystemServerTimingAsync: ssm.onUnlockedUser-0_com.android.server.companion.CompanionDeviceManagerService took to complete: 0ms
04-21 12:03:08.861 508 811 D BufferPoolAccessor2.0: bufferpool2 0xb400e756b8422d28 : 0(0 size) total buffers - 0(0 size) used buffers - 1/7 (recycle/alloc) - 6/18 (fetch/transfer)
04-21 12:03:08.861 508 811 D BufferPoolAccessor2.0: bufferpool2 0xb400e756b841eeb8 : 0(0 size) total buffers - 0(0 size) used buffers - 2/7 (recycle/alloc) - 5/24 (fetch/transfer)
04-21 12:03:08.861 508 811 D BufferPoolAccessor2.0: evictor expired: 2, evicted: 2
04-21 12:03:08.862 365 1111 I CCodec : Created component [c2.android.vorbis.decoder]
04-21 12:03:08.862 365 1111 D CCodecConfig: read media type: audio/vorbis
04-21 12:03:08.862 429 692 D BufferPoolAccessor2.0: bufferpool2 0xb400fca371452818 : 0(0 size) total buffers - 0(0 size) used buffers - 8/10 (recycle/alloc) - 2/9 (fetch/transfer)
04-21 12:03:08.863 834 1120 E WAP PUSH: bindService() for wappush manager failed
04-21 12:03:08.863 429 692 D BufferPoolAccessor2.0: evictor expired: 1, evicted: 1
04-21 12:03:08.863 508 534 I SystemServerTimingAsync: ssm.onUnlockedUser-0_com.android.server.restrictions.RestrictionsManagerService
04-21 12:03:08.863 508 534 D SystemServerTimingAsync: ssm.onUnlockedUser-0_com.android.server.restrictions.RestrictionsManagerService took to complete: 0ms
04-21 12:03:08.863 508 534 I SystemServerTimingAsync: ssm.onUnlockedUser-0_com.android.server.media.MediaSessionService
04-21 12:03:08.863 508 534 D SystemServerTimingAsync: ssm.onUnlockedUser-0_com.android.server.media.MediaSessionService took to complete: 0ms
04-21 12:03:08.863 508 534 I SystemServerTimingAsync: ssm.onUnlockedUser-0_com.android.server.blob.BlobStoreManagerService
04-21 12:03:08.863 508 534 D SystemServerTimingAsync: ssm.onUnlockedUser-0_com.android.server.blob.BlobStoreManagerService took to complete: 0ms
04-21 12:03:08.863 508 534 I SystemServerTimingAsync: ssm.onUnlockedUser-0_com.android.server.media.MediaResourceMonitorService
04-21 12:03:08.863 508 534 D SystemServerTimingAsync: ssm.onUnlockedUser-0_com.android.server.media.MediaResourceMonitorService took to complete: 0ms
04-21 12:03:08.863 508 534 I SystemServerTimingAsync: ssm.onUnlockedUser-0_com.android.server.biometrics.BiometricService
04-21 12:03:08.864 508 534 D SystemServerTimingAsync: ssm.onUnlockedUser-0_com.android.server.biometrics.BiometricService took to complete: 0ms
04-21 12:03:08.864 508 534 I SystemServerTimingAsync: ssm.onUnlockedUser-0_com.android.server.biometrics.AuthService
04-21 12:03:08.864 508 534 D SystemServerTimingAsync: ssm.onUnlockedUser-0_com.android.server.biometrics.AuthService took to complete: 0ms
04-21 12:03:08.864 508 534 I SystemServerTimingAsync: ssm.onUnlockedUser-0_com.android.server.pm.ShortcutService$Lifecycle
04-21 12:03:08.864 508 534 D SystemServerTimingAsync: ssm.onUnlockedUser-0_com.android.server.pm.ShortcutService$Lifecycle took to complete: 0ms
04-21 12:03:08.864 508 534 I SystemServerTimingAsync: ssm.onUnlockedUser-0_com.android.server.pm.LauncherAppsService
04-21 12:03:08.864 508 534 D SystemServerTimingAsync: ssm.onUnlockedUser-0_com.android.server.pm.LauncherAppsService took to complete: 0ms
04-21 12:03:08.864 508 534 I SystemServerTimingAsync: ssm.onUnlockedUser-0_com.android.server.pm.CrossProfileAppsService
04-21 12:03:08.864 508 534 D SystemServerTimingAsync: ssm.onUnlockedUser-0_com.android.server.pm.CrossProfileAppsService took to complete: 0ms
04-21 12:03:08.864 508 534 I SystemServerTimingAsync: ssm.onUnlockedUser-0_com.android.server.people.PeopleService
04-21 12:03:08.865 508 534 D SystemServerTimingAsync: ssm.onUnlockedUser-0_com.android.server.people.PeopleService took to complete: 1ms
04-21 12:03:08.865 508 534 I SystemServerTimingAsync: ssm.onUnlockedUser-0_com.android.server.media.projection.MediaProjectionManagerService
04-21 12:03:08.865 508 534 D SystemServerTimingAsync: ssm.onUnlockedUser-0_com.android.server.media.projection.MediaProjectionManagerService took to complete: 0ms
04-21 12:03:08.865 508 534 I SystemServerTimingAsync: ssm.onUnlockedUser-0_com.android.server.slice.SliceManagerService$Lifecycle
04-21 12:03:08.865 508 534 D SystemServerTimingAsync: ssm.onUnlockedUser-0_com.android.server.slice.SliceManagerService$Lifecycle took to complete: 0ms
04-21 12:03:08.865 508 534 I SystemServerTimingAsync: ssm.onUnlockedUser-0_com.android.server.camera.CameraServiceProxy
04-21 12:03:08.865 508 534 D SystemServerTimingAsync: ssm.onUnlockedUser-0_com.android.server.camera.CameraServiceProxy took to complete: 0ms
04-21 12:03:08.865 508 534 I SystemServerTimingAsync: ssm.onUnlockedUser-0_com.android.server.stats.StatsCompanion$Lifecycle
04-21 12:03:08.865 508 534 D SystemServerTimingAsync: ssm.onUnlockedUser-0_com.android.server.stats.StatsCompanion$Lifecycle took to complete: 0ms
