04-21 12:03:04.338 868 868 D NetworkSecurityConfig: No Network Security Config specified, using platform default
04-21 12:03:04.339 868 868 D NetworkSecurityConfig: No Network Security Config specified, using platform default
04-21 12:03:04.342 741 741 D NetworkSecurityConfig: No Network Security Config specified, using platform default
04-21 12:03:04.342 741 741 W nsconfig: com.android.networkstack.process: New config does not match the previously set config.
04-21 12:03:04.350 508 508 I system_server: The ClassLoaderContext is a special shared library.
04-21 12:03:04.358 508 508 D NetworkSecurityConfig: No Network Security Config specified, using platform default
04-21 12:03:04.361 834 834 D NetworkSecurityConfig: No Network Security Config specified, using platform default
04-21 12:03:04.362 834 834 D NetworkSecurityConfig: No Network Security Config specified, using platform default
04-21 12:03:04.372 892 892 D NetworkSecurityConfig: No Network Security Config specified, using platform default
04-21 12:03:04.373 892 892 D NetworkSecurityConfig: No Network Security Config specified, using platform default
04-21 12:03:04.375 508 508 E TrustManagerService: EXTRA_USER_HANDLE missing or invalid, value=0
04-21 12:03:04.377 508 534 I am_wtf : [0,508,system_server,-1,TrustManagerService,EXTRA_USER_HANDLE missing or invalid, value=0]
04-21 12:03:04.379 508 534 I DropBoxManagerService: add tag=system_server_wtf isTagEnabled=true flags=0x2
04-21 12:03:04.396 508 508 V NotificationAssistants: enabling notification assistant for 0: ComponentInfo{android.ext.services/android.ext.services.notification.Assistant}
04-21 12:03:04.397 508 508 V NotificationAssistants: binding: Intent { act=android.service.notification.NotificationAssistantService cmp=android.ext.services/.notification.Assistant (has extras) }
04-21 12:03:04.400 834 834 I m.android.phon: The ClassLoaderContext is a special shared library.
04-21 12:03:04.401 668 668 D MediaResumeListener: loaded resume components []
04-21 12:03:04.409 668 668 D LocalBluetoothProfileManager: LocalBluetoothProfileManager construction complete
04-21 12:03:04.410 668 668 D LocalBluetoothProfileManager: supportedList is null
04-21 12:03:04.422 834 834 D CarrierProvider: onCreate
04-21 12:03:04.426 508 787 D NetworkStats: registerNetworkStatsProvider from OffloadController uid/pid=1073/741
04-21 12:03:04.451 834 834 D CarrierIdProvider: onCreate
04-21 12:03:04.453 834 834 D CarrierIdDatabaseHelper: CarrierIdDatabaseHelper: 5
04-21 12:03:04.467 868 868 I wm_on_create_called: [18624062,com.android.settings.FallbackHome,performCreate]
04-21 12:03:04.471 508 522 D NetworkStats: registerNetworkStatsProvider from BpfCoordinator uid/pid=1073/741
04-21 12:03:04.472 868 868 I wm_on_start_called: [18624062,com.android.settings.FallbackHome,handleStartActivity]
04-21 12:03:04.473 868 868 I wm_on_resume_called: [18624062,com.android.settings.FallbackHome,RESUME_ACTIVITY]
04-21 12:03:04.480 741 741 D CompatibilityChangeReporter: Compat change id reported: 147600208; UID 1073; state: ENABLED
04-21 12:03:04.482 668 668 W AlarmManager: Unrecognized alarm listener com.android.systemui.keyguard.-$$Lambda$KeyguardSliceProvider$IhzByd8TsqFuOrSyuGurVskyPLo@8477731
04-21 12:03:04.500 834 834 D CarrierIdProvider: update database from pb file
04-21 12:03:04.502 868 868 I wm_on_top_resumed_gained_called: [18624062,com.android.settings.FallbackHome,topStateChangedWhenResumed]
04-21 12:03:04.505 741 741 V WifiManager: registerSoftApCallback: callback=com.android.networkstack.tethering.Tethering$TetheringSoftApCallback@62aa114, executor=com.android.networkstack.tethering.Tethering$TetheringThreadExecutor@6b2ddbd
04-21 12:03:04.510 668 668 V SystemUIService: SystemUIApplication created.
04-21 12:03:04.512 668 668 D SystemUIBootTiming: DependencyInjection took to complete: 1ms
04-21 12:03:04.515 508 805 D ConnectivityService: requestNetwork for uid/pid:1073/741 NetworkRequest [ REQUEST id=11, [ Capabilities: INTERNET&NOT_RESTRICTED&TRUSTED&NOT_VPN AdministratorUids: [] RequestorUid: 1073 RequestorPackageName: com.android.networkstack] ]
04-21 12:03:04.516 508 597 D ConnectivityService: NetReassign [no changes]
04-21 12:03:04.516 508 626 D Ethernet: got request NetworkRequest [ REQUEST id=11, [ Capabilities: INTERNET&NOT_RESTRICTED&TRUSTED&NOT_VPN AdministratorUids: [] RequestorUid: 1073 RequestorPackageName: com.android.networkstack] ] with score 0 and providerId 0
04-21 12:03:04.533 668 668 V SystemUIService: Starting SystemUI services for user 0.
04-21 12:03:04.535 223 223 I hwservicemanager: getTransport: Cannot find entry android.hardware.configstore@1.0::ISurfaceFlingerConfigs/default in either framework or device manifest.
04-21 12:03:04.545 357 826 I chatty : uid=1041(audioserver) Binder:357_5 expire 1 line
04-21 12:03:04.555 346 372 I gralloc_driver: is_supported check descriptor name=com.android.settings/com.android.settings.FallbackHome#0, width=1280, height=800, droid_format=RGBA8888, usage=COMPOSER_OVERLAY|GPU_RENDER_TARGET|GPU_TEXTURE
04-21 12:03:04.564 868 931 I display : open gpu gralloc module!
04-21 12:03:04.569 346 372 I gralloc_driver: is_supported check descriptor name=com.android.settings/com.android.settings.FallbackHome#0, width=1280, height=800, droid_format=RGBA8888, usage=COMPOSER_OVERLAY|GPU_RENDER_TARGET|GPU_TEXTURE
04-21 12:03:04.571 508 508 W Looper : Slow dispatch took 158ms main h=android.app.ActivityThread$H c=android.app.-$$Lambda$LoadedApk$ReceiverDispatcher$Args$_BumDX2UKsnxLVrE6UJsJZkotuA@590bbd8 m=0
04-21 12:03:04.576 668 668 D SystemUIBootTiming: StartServicescom.android.systemui.util.NotificationChannels took to complete: 44ms
04-21 12:03:04.576 346 346 I gralloc_driver: is_supported check descriptor name=com.android.settings/com.android.settings.FallbackHome#0, width=1280, height=800, droid_format=RGBA8888, usage=COMPOSER_OVERLAY|GPU_RENDER_TARGET|GPU_TEXTURE
04-21 12:03:04.579 346 945 I gralloc_driver: is_supported check descriptor name=com.android.settings/com.android.settings.FallbackHome#0, width=1280, height=800, droid_format=RGBA8888, usage=COMPOSER_OVERLAY|GPU_RENDER_TARGET|GPU_TEXTURE
04-21 12:03:04.580 508 527 I commit_sys_config_file: [notification-policy,8]
04-21 12:03:04.589 508 508 D ConditionProviders.SCP: onSubscribe condition://android/schedule?days=1.2.3.4.5.6.7&start=22.0&end=7.0&exitAtAlarm=true
04-21 12:03:04.590 508 525 D UsbDeviceManager: push notification:Charging this device via USB
04-21 12:03:04.598 508 508 D ConditionProviders.SCP: setRegistered true
04-21 12:03:04.625 508 508 D ConditionProviders.SCP: evaluateSubscriptionLocked cal=ScheduleCalendar[mDays={1, 2, 3, 4, 5, 6, 7}, mSchedule=ScheduleInfo{days=[1, 2, 3, 4, 5, 6, 7], startHour=22, startMinute=0, endHour=7, endMinute=0, exitAtAlarm=true, nextAlarm=Thu Jan 01 00:00:00 GMT 1970 (0)}], now=Thu Apr 21 12:03:04 GMT 2022 (1650542584598), nextUserAlarmTime=Thu Jan 01 00:00:00 GMT 1970 (0)
04-21 12:03:04.625 508 508 D ConditionProviders.SCP: notifyCondition condition://android/schedule?days=1.2.3.4.5.6.7&start=22.0&end=7.0&exitAtAlarm=true STATE_FALSE reason=!meetsSchedule
04-21 12:03:04.627 508 508 D ConditionProviders.SCP: Scheduling evaluate for Thu Apr 21 22:00:00 GMT 2022 (1650578400000), in +9h56m55s402ms, now=Thu Apr 21 12:03:04 GMT 2022 (1650542584598)
04-21 12:03:04.630 508 508 D BluetoothManagerService: Bluetooth Adapter name changed to iMX8
04-21 12:03:04.630 508 508 D BluetoothManagerService: Stored Bluetooth name: iMX8
04-21 12:03:04.631 508 508 D BluetoothManagerService: BluetoothServiceConnection: com.android.bluetooth.btservice.AdapterService
04-21 12:03:04.632 508 527 D BluetoothManagerService: MESSAGE_BLUETOOTH_SERVICE_CONNECTED: 1
04-21 12:03:04.632 508 527 D BluetoothManagerService: MESSAGE_GET_NAME_AND_ADDRESS
04-21 12:03:04.636 508 527 D BluetoothManagerService: Stored Bluetooth name: iMX8
04-21 12:03:04.636 508 527 D BluetoothManagerService: unbindAndFinish(): android.bluetooth.IBluetooth$Stub$Proxy@79af223 mBinding = false mUnbinding = false
04-21 12:03:04.647 668 668 I FalsingManager: xdpi, ydpi: 150.518, 150.518
04-21 12:03:04.647 668 668 I FalsingManager: width, height: 1280, 728
04-21 12:03:04.670 508 528 I dvm_lock_sample: [system_server,1,android.display,28,ActivityManagerService.java,19346,void com.android.server.am.ActivityManagerService$LocalService.scheduleAppGcs(),,0,null,5]
04-21 12:03:04.671 508 528 I ActivityManagerTiming: FinishBooting
04-21 12:03:04.671 643 643 D BluetoothAdapterService: onUnbind() - calling cleanup
04-21 12:03:04.671 643 643 D BluetoothAdapterService: cleanup()
04-21 12:03:04.671 508 528 I boot_progress_enable_screen: 24976
04-21 12:03:04.674 508 528 I screen_toggled: 1
04-21 12:03:04.674 508 528 W KeyguardServiceDelegate: onScreenTurningOn(): no keyguard service!
04-21 12:03:04.682 834 834 E CarrierIdProvider: read carrier list from ota pb failure: java.io.FileNotFoundException: /data/misc/carrierid/carrier_list.pb: open failed: ENOENT (No such file or directory)
04-21 12:03:04.683 834 834 D CarrierIdProvider: latest version: 33554468 need update: false
04-21 12:03:04.687 508 508 D BluetoothManagerService: Trying to bind to profile: 1, while Bluetooth was disabled
04-21 12:03:04.690 643 643 W BluetoothSdpJni: Cleaning up Bluetooth SDP Interface...
04-21 12:03:04.690 643 643 W BluetoothSdpJni: Cleaning up Bluetooth SDP object
04-21 12:03:04.690 643 643 D BluetoothKeystoreService: cleanup
04-21 12:03:04.690 643 643 D BluetoothKeystoreService: setBluetoothKeystoreService(): set to: null
04-21 12:03:04.690 643 643 D BluetoothAdapterService: cleanup() - Cleaning up adapter native
04-21 12:03:04.690 643 840 I bt_stack_manager: event_clean_up_stack is cleaning up the stack
04-21 12:03:04.690 643 840 I bt_btif_core: btif_cleanup_bluetooth entered
04-21 12:03:04.691 643 840 E droid.bluetoot: [0421/120304.690961:ERROR:message_loop_thread.cc(69)] DoInThreadDelayed: message loop is null for thread bt_main_thread(-1), from pc:0xe7556fde2b78
04-21 12:03:04.691 643 840 E droid.bluetoot: [0421/120304.691095:ERROR:btu_task.cc(94)] do_in_main_thread: failed from pc:0xe7556fde2b78
04-21 12:03:04.691 643 840 I bt_btif_queue: btif_queue_release
04-21 12:03:04.691 643 862 I droid.bluetoot: [0421/120304.691643:INFO:message_loop_thread.cc(196)] Run: message loop finished for thread bt_jni_thread
04-21 12:03:04.696 643 840 I bt_core_module: module_clean_up Cleaning up module "stack_config_module"
04-21 12:03:04.696 643 840 I bt_core_module: module_clean_up Cleanup of module "stack_config_module" completed
04-21 12:03:04.696 643 840 I bt_core_module: module_clean_up Cleaning up module "interop_module"
04-21 12:03:04.696 643 840 I bt_core_module: module_clean_up Cleanup of module "interop_module" completed
04-21 12:03:04.696 643 840 I bt_btif_core: btif_cleanup_bluetooth finished
04-21 12:03:04.696 643 840 I bt_core_module: module_clean_up Cleaning up module "btif_config_module"
04-21 12:03:04.704 508 602 W ActivityThread: Failed to find provider info for com.android.calendar (user not unlocked)
04-21 12:03:04.704 668 668 D NavigationModeController: getCurrentUserContext: contextUser=0 currentUser=0
04-21 12:03:04.704 668 668 D NavigationModeController: getCurrentInteractionMode: mode=0 contextUser=0
04-21 12:03:04.705 668 668 E NavigationModeController: updateCurrentInteractionMode: mode=0
04-21 12:03:04.705 668 668 D NavigationModeController: contextUser=0
04-21 12:03:04.705 668 668 D NavigationModeController: assetPaths=
04-21 12:03:04.705 668 668 D NavigationModeController: /system/framework/framework-res.apk
04-21 12:03:04.705 668 668 D NavigationModeController: /system_ext/priv-app/SystemUI/SystemUI.apk
04-21 12:03:04.707 643 840 I bt_core_module: module_clean_up Cleanup of module "btif_config_module" completed
04-21 12:03:04.707 643 840 I bt_core_module: module_clean_up Cleaning up module "bt_utils_module"
04-21 12:03:04.707 643 840 I bt_core_module: module_clean_up Cleanup of module "bt_utils_module" completed
04-21 12:03:04.708 643 840 I bt_core_module: module_clean_up Cleaning up module "osi_module"
04-21 12:03:04.708 643 859 D bt_osi_alarm: callback_dispatch Callback thread exited
04-21 12:03:04.708 508 949 I Telecom : BluetoothRouteManager: getBluetoothAudioConnectedDevice: no service available.
04-21 12:03:04.708 643 859 W bt_osi_thread: run_thread: thread id 859, thread name alarm_dispatcher exited
04-21 12:03:04.708 643 852 W bt_osi_thread: run_thread: thread id 852, thread name alarm_default_ca exited
04-21 12:03:04.709 643 840 I bt_core_module: module_clean_up Cleanup of module "osi_module" completed
04-21 12:03:04.709 643 840 I bt_stack_manager: event_clean_up_stack finished
04-21 12:03:04.710 643 840 I droid.bluetoot: [0421/120304.709977:INFO:message_loop_thread.cc(196)] Run: message loop finished for thread bt_stack_manager_thread
04-21 12:03:04.710 643 643 I BluetoothServiceJni: cleanupNative: return from cleanup
04-21 12:03:04.713 508 508 I Telecom : SystemStateHelper: Registering car mode receiver: android.content.IntentFilter@189c4d6: TS.init@AAA
04-21 12:03:04.722 508 602 W ActivityThread: Failed to find provider info for com.android.calendar (user not unlocked)
04-21 12:03:04.730 508 955 I Telecom : Logging.Events: Non-call EVENT: AUDIO_ROUTE, Entering state QuiescentSpeakerRoute
04-21 12:03:04.731 508 955 I Telecom : BluetoothRouteManager: getBluetoothAudioConnectedDevice: no service available.
04-21 12:03:04.732 668 668 D NavigationModeController: getCurrentInteractionMode: mode=0 contextUser=0
04-21 12:03:04.732 643 643 D BluetoothActiveDeviceManager: cleanup()
04-21 12:03:04.734 643 643 D BluetoothAdapterService: onDestroy()
04-21 12:03:04.734 643 643 I BluetoothAdapterService: Force exit to cleanup internal state in Bluetooth stack
04-21 12:03:04.744 643 643 I droid.bluetoot: System.exit called, status: 0
04-21 12:03:04.744 643 643 I AndroidRuntime: VM exiting with result code 0, cleanup skipped.
04-21 12:03:04.753 508 958 I Telecom : CallAudioModeStateMachine: Message received: null.: TS.init->CAMSM.pM_1@AAA
04-21 12:03:04.757 508 508 I Telecom : MissedCallNotifierImpl: reloadFromDatabase: Boot not yet complete -- call log db may not be available. Deferring loading until boot complete for user 0: TS.init@AAA
04-21 12:03:04.758 508 508 I Telecom : MissedCallNotifierImpl: reloadFromDatabase: Boot not yet complete -- call log db may not be available. Deferring loading until boot complete for user 0: TS.init@AAA
04-21 12:03:04.760 508 508 D BluetoothManagerService: Trying to bind to profile: 1, while Bluetooth was disabled
04-21 12:03:04.776 834 834 D TelephonyComponentFactory: validated paths: null
04-21 12:03:04.776 834 834 D TelephonyComponentFactory: Total components injected: 0
04-21 12:03:04.777 508 508 I Telecom : Class: TelecomSystem.INSTANCE being set
04-21 12:03:04.777 834 834 D TDC : updateOrInsert: inserting: Modem { uuid=modem, state=0, rilModel=0, rat={}, maxActiveVoiceCall=1, maxActiveDataCall=1, maxStandby=1 }
04-21 12:03:04.777 834 834 D TDC : updateOrInsert: inserting: Sim { uuid=sim, modemUuid=modem, state=0 }
04-21 12:03:04.778 508 508 W ContextImpl: Calling a method in the system process without a qualified user: android.app.ContextImpl.startService:1669 android.content.ContextWrapper.startService:720 com.android.server.telecom.components.TelecomService.initializeTelecomSystem:213 com.android.server.telecom.components.TelecomService$1.createTelecomService:81 com.android.server.telecom.TelecomLoaderService$TelecomServiceConnection.onServiceConnected:62
04-21 12:03:04.782 508 508 W Looper : Slow dispatch took 151ms main h=android.app.ActivityThread$H c=android.app.LoadedApk$ServiceDispatcher$RunConnection@c5592cc m=0
04-21 12:03:04.783 508 508 I ConnectivityModuleConnector: Networking module service connected
04-21 12:03:04.783 508 508 I ConnectivityModuleConnector: Networking module service connected
04-21 12:03:04.784 508 508 I NetworkStackClient: Network stack service connected
04-21 12:03:04.790 508 508 D AutofillManagerService: Restriction did not change for user 0
04-21 12:03:04.800 508 508 I ExplicitHealthCheckController: Explicit health check service is connected ComponentInfo{android.ext.services/android.ext.services.watchdog.ExplicitHealthCheckServiceImpl}
04-21 12:03:04.800 508 508 I ExplicitHealthCheckController: Service initialized, syncing requests
04-21 12:03:04.800 508 508 V NotificationAssistants: 0 notification assistant service connected: ComponentInfo{android.ext.services/android.ext.services.notification.Assistant}
04-21 12:03:04.802 508 508 I ConnectivityModuleConnector: Networking module service connected
04-21 12:03:04.803 508 508 I ConnectivityModuleConnector: Networking module service connected
04-21 12:03:04.814 508 508 I notification_cancel_all: [1000,508,com.android.systemui,0,0,0,17,NULL]
04-21 12:03:04.814 508 508 D TelephonyRegistry: notifyCellLocationForSubscriber: subId=0 cellLocation=null
04-21 12:03:04.816 508 508 I notification_enqueue: [1000,508,android,32,NULL,-1,Notification(channel=USB shortcut=null contentView=null vibrate=null sound=null tick defaults=0x0 flags=0x2 color=0xff607d8b vis=PUBLIC),0]
04-21 12:03:04.819 508 508 I Telecom : WiredHeadsetManager: ACTION_HEADSET_PLUG event, plugged in: false, : WHC.oADA@AAE
04-21 12:03:04.822 508 508 D MediaSessionService: Global priority session is changed from null to com.android.server.telecom/HeadsetMediaButton (userId=0)
04-21 12:03:04.822 834 834 E PersistAtomsStorage: cannot load/parse PersistAtoms
04-21 12:03:04.822 834 834 E PersistAtomsStorage: java.nio.file.NoSuchFileException: /data/user_de/0/com.android.phone/files/persist_atoms.pb
04-21 12:03:04.822 834 834 E PersistAtomsStorage: at sun.nio.fs.UnixFileSystemProvider.newByteChannel(UnixFileSystemProvider.java:214)
04-21 12:03:04.822 834 834 E PersistAtomsStorage: at java.nio.file.Files.newByteChannel(Files.java:361)
04-21 12:03:04.822 834 834 E PersistAtomsStorage: at java.nio.file.Files.newByteChannel(Files.java:407)
04-21 12:03:04.822 834 834 E PersistAtomsStorage: at java.nio.file.Files.readAllBytes(Files.java:3152)
04-21 12:03:04.822 834 834 E PersistAtomsStorage: at com.android.internal.telephony.metrics.PersistAtomsStorage.loadAtomsFromFile(PersistAtomsStorage.java:132)
04-21 12:03:04.822 834 834 E PersistAtomsStorage: at com.android.internal.telephony.metrics.PersistAtomsStorage.(PersistAtomsStorage.java:60)
04-21 12:03:04.822 834 834 E PersistAtomsStorage: at com.android.internal.telephony.metrics.MetricsCollector.(MetricsCollector.java:88)
04-21 12:03:04.822 834 834 E PersistAtomsStorage: at com.android.internal.telephony.PhoneFactory.makeDefaultPhone(PhoneFactory.java:149)
04-21 12:03:04.822 834 834 E PersistAtomsStorage: at com.android.internal.telephony.PhoneFactory.makeDefaultPhones(PhoneFactory.java:105)
04-21 12:03:04.822 834 834 E PersistAtomsStorage: at com.android.phone.PhoneGlobals.onCreate(PhoneGlobals.java:346)
04-21 12:03:04.822 834 834 E PersistAtomsStorage: at com.android.phone.PhoneApp.onCreate(PhoneApp.java:39)
04-21 12:03:04.822 834 834 E PersistAtomsStorage: at android.app.Instrumentation.callApplicationOnCreate(Instrumentation.java:1192)
04-21 12:03:04.822 834 834 E PersistAtomsStorage: at android.app.ActivityThread.handleBindApplication(ActivityThread.java:6715)
04-21 12:03:04.822 834 834 E PersistAtomsStorage: at android.app.ActivityThread.access$1300(ActivityThread.java:237)
04-21 12:03:04.822 834 834 E PersistAtomsStorage: at android.app.ActivityThread$H.handleMessage(ActivityThread.java:1913)
04-21 12:03:04.822 834 834 E PersistAtomsStorage: at android.os.Handler.dispatchMessage(Handler.java:106)
04-21 12:03:04.822 834 834 E PersistAtomsStorage: at android.os.Looper.loop(Looper.java:223)
04-21 12:03:04.822 834 834 E PersistAtomsStorage: at android.app.ActivityThread.main(ActivityThread.java:7660)
04-21 12:03:04.822 834 834 E PersistAtomsStorage: at java.lang.reflect.Method.invoke(Native Method)
04-21 12:03:04.822 834 834 E PersistAtomsStorage: at com.android.internal.os.RuntimeInit$MethodAndArgsCaller.run(RuntimeInit.java:592)
04-21 12:03:04.822 834 834 E PersistAtomsStorage: at com.android.internal.os.ZygoteInit.main(ZygoteInit.java:947)
04-21 12:03:04.823 834 834 D PersistAtomsStorage: created new PersistAtoms
04-21 12:03:04.826 508 693 I ActivityManager: Process com.android.bluetooth (pid 643) has died: fg SVC
04-21 12:03:04.826 508 693 I am_proc_died: [0,643,com.android.bluetooth,0,10]
04-21 12:03:04.827 508 693 I am_uid_stopped: 1002
04-21 12:03:04.829 508 693 I am_low_memory: 7
04-21 12:03:04.830 333 333 I Zygote : Process 643 exited cleanly (0)
04-21 12:03:04.830 508 508 D PackageWatchdog: Getting all observed packages pending health checks
04-21 12:03:04.830 508 508 I PackageWatchdog: Syncing health check requests for packages: {}
04-21 12:03:04.830 508 508 D ExplicitHealthCheckController: Getting health check supported packages
04-21 12:03:04.831 508 508 W Looper : Drained
04-21 12:03:04.834 508 804 I ExplicitHealthCheckController: Explicit health check supported packages [PackageConfig{com.android.networkstack, 86400000}]
04-21 12:03:04.834 508 804 D PackageWatchdog: Received supported packages [PackageConfig{com.android.networkstack, 86400000}]
04-21 12:03:04.834 508 804 D ExplicitHealthCheckController: Getting health check requested packages
04-21 12:03:04.836 508 804 I ExplicitHealthCheckController: Explicit health check requested packages []
04-21 12:03:04.837 508 804 I ExplicitHealthCheckController: No more health check requests, unbinding...
04-21 12:03:04.839 508 804 I ExplicitHealthCheckController: Explicit health check service is unbound
04-21 12:03:04.840 834 834 D MetricsCollector: registered
04-21 12:03:04.847 668 668 V MediaRouter: Selecting route: RouteInfo{ name=Tablet, description=null, status=null, category=RouteCategory{ name=System types=ROUTE_TYPE_LIVE_AUDIO ROUTE_TYPE_LIVE_VIDEO groupable=false }, supportedTypes=ROUTE_TYPE_LIVE_AUDIO ROUTE_TYPE_LIVE_VIDEO , presentationDisplay=null }
04-21 12:03:04.850 834 834 D CdmaSSM : subscriptionSource from settings: 0
04-21 12:03:04.850 834 834 I PhoneFactory: Cdma Subscription set to 0
04-21 12:03:04.851 834 834 I PhoneFactory: Network Mode set to 0
04-21 12:03:04.851 834 834 D RILJ : RIL: init preferredNetworkType=0 cdmaSubscription=0) [PHONEnull]
04-21 12:03:04.858 668 953 D KeyguardViewMediator: updateActivityLockScreenState(true, false)
04-21 12:03:04.859 508 962 I wm_set_keyguard_shown: [1,0,0,setKeyguardShown]
04-21 12:03:04.862 508 962 D ActivityTaskManager: Top Process State changed to PROCESS_STATE_TOP_SLEEPING
04-21 12:03:04.862 223 223 I hwservicemanager: getTransport: Cannot find entry android.hardware.radio@1.5::IRadio/slot1 in either framework or device manifest.
04-21 12:03:04.866 508 962 I wm_pause_activity: [0,18624062,com.android.settings/.FallbackHome,userLeaving=false]
04-21 12:03:04.869 868 868 I wm_on_top_resumed_lost_called: [18624062,com.android.settings.FallbackHome,topStateChangedWhenResumed]
04-21 12:03:04.872 508 536 I libprocessgroup: Successfully killed process cgroup uid 1002 pid 643 in 45ms
04-21 12:03:04.872 223 223 I hwservicemanager: getTransport: Cannot find entry android.hardware.radio@1.4::IRadio/slot1 in either framework or device manifest.
04-21 12:03:04.873 223 223 I hwservicemanager: getTransport: Cannot find entry android.hardware.radio@1.3::IRadio/slot1 in either framework or device manifest.
04-21 12:03:04.874 223 223 I hwservicemanager: getTransport: Cannot find entry android.hardware.radio@1.2::IRadio/slot1 in either framework or device manifest.
04-21 12:03:04.874 508 962 I wm_add_to_stopping: [0,18624062,com.android.settings/.FallbackHome,makeInvisible]
04-21 12:03:04.875 868 868 I wm_on_paused_called: [18624062,com.android.settings.FallbackHome,performPause]
04-21 12:03:04.877 223 223 I hwservicemanager: getTransport: Cannot find entry android.hardware.radio@1.1::IRadio/slot1 in either framework or device manifest.
04-21 12:03:04.881 508 528 I sysui_multi_action: [757,1144,758,7,806,com.android.settings,871,com.android.settings.FallbackHome]
04-21 12:03:04.883 508 528 I wm_stop_activity: [0,18624062,com.android.settings/.FallbackHome]
04-21 12:03:04.884 508 518 I system_server: Background concurrent copying GC freed 36014(2459KB) AllocSpace objects, 6(248KB) LOS objects, 49% free, 9166KB/17MB, paused 213us total 357.060ms
04-21 12:03:04.896 868 868 I wm_on_stop_called: [18624062,com.android.settings.FallbackHome,STOP_ACTIVITY_ITEM]
04-21 12:03:04.897 416 482 E Utils : did not find channel-count and/or sample-rate
04-21 12:03:04.897 416 639 E Utils : did not find channel-count and/or sample-rate
04-21 12:03:04.897 508 528 I sysui_multi_action: [757,803,799,window_time_0,802,6]
04-21 12:03:04.900 223 223 I hwservicemanager: getTransport: Cannot find entry android.hardware.radio@1.0::IRadio/slot1 in either framework or device manifest.
04-21 12:03:04.901 834 834 E RILJ : getRadioProxy: mRadioProxy for slot1 is disabled [PHONE0]
04-21 12:03:04.901 834 834 E RILJ : getRadioProxy: mRadioProxy == null [PHONE0]
04-21 12:03:04.901 834 834 E RILJ : getRadioProxy: mRadioProxy for slot1 is disabled [PHONE0]
04-21 12:03:04.901 834 834 E RILJ : getRadioProxy: mRadioProxy == null [PHONE0]
04-21 12:03:04.902 223 223 I hwservicemanager: getTransport: Cannot find entry android.hardware.radio.deprecated@1.0::IOemHook/slot1 in either framework or device manifest.
04-21 12:03:04.902 834 834 E RILJ : IOemHook service is not on the device HAL: java.util.NoSuchElementException [PHONE0]
04-21 12:03:04.902 668 967 D CCodec : allocate(c2.android.vorbis.decoder)
04-21 12:03:04.902 834 834 D RILJ : Radio HAL version: -1.-1 [PHONE0]
04-21 12:03:04.903 868 868 W Choreographer: Frame time is 0.266819 ms in the future! Check that graphics HAL is generating vsync timestamps using the correct timebase.
04-21 12:03:04.907 668 968 D CCodec : allocate(c2.android.vorbis.decoder)
04-21 12:03:04.907 668 668 D SystemUIBootTiming: StartServicescom.android.systemui.keyguard.KeyguardViewMediator took to complete: 329ms
04-21 12:03:04.909 668 967 I Codec2Client: Available Codec2 services: "default" "software"
04-21 12:03:04.911 668 967 I CCodec : setting up 'default' as default (vendor) store
04-21 12:03:04.912 668 968 I CCodec : setting up 'default' as default (vendor) store
04-21 12:03:04.913 834 834 D UiccController: Creating UiccController
04-21 12:03:04.914 349 349 V ImxC2Store: ImxC2Store::createComponent name=c2.android.vorbis.decoder, ret=2
04-21 12:03:04.914 349 409 V ImxC2Store: ImxC2Store::createComponent name=c2.android.vorbis.decoder, ret=2
04-21 12:03:04.915 834 834 D UiccController: config_num_physical_slots = 1
04-21 12:03:04.916 429 922 V C2Store : in init
04-21 12:03:04.916 429 922 V C2Store : loading dll
04-21 12:03:04.920 668 968 I CCodec : Created component [c2.android.vorbis.decoder]
04-21 12:03:04.920 668 968 D CCodecConfig: read media type: audio/vorbis
04-21 12:03:04.921 668 967 I CCodec : Created component [c2.android.vorbis.decoder]
04-21 12:03:04.922 668 968 D ReflectedParamUpdater: extent() != 1 for single value type: algo.buffers.max-count.values
04-21 12:03:04.924 668 968 D ReflectedParamUpdater: extent() != 1 for single value type: output.subscribed-indices.values
04-21 12:03:04.924 668 967 D CCodecConfig: read media type: audio/vorbis
04-21 12:03:04.925 668 968 D ReflectedParamUpdater: extent() != 1 for single value type: input.buffers.allocator-ids.values
04-21 12:03:04.925 668 968 D ReflectedParamUpdater: extent() != 1 for single value type: output.buffers.allocator-ids.values
04-21 12:03:04.925 668 968 D ReflectedParamUpdater: extent() != 1 for single value type: algo.buffers.allocator-ids.values
04-21 12:03:04.925 668 968 D ReflectedParamUpdater: extent() != 1 for single value type: output.buffers.pool-ids.values
04-21 12:03:04.925 668 968 D ReflectedParamUpdater: extent() != 1 for single value type: algo.buffers.pool-ids.values
04-21 12:03:04.927 668 968 I CCodecConfig: query failed after returning 7 values (BAD_INDEX)
04-21 12:03:04.927 668 968 D CCodecConfig: c2 config diff is Dict {
04-21 12:03:04.927 668 968 D CCodecConfig: c2::u32 coded.bitrate.value = 64000
04-21 12:03:04.927 668 968 D CCodecConfig: c2::u32 input.buffers.max-size.value = 32768
04-21 12:03:04.927 668 968 D CCodecConfig: c2::u32 input.delay.value = 0
04-21 12:03:04.927 668 968 D CCodecConfig: string input.media-type.value = "audio/vorbis"
04-21 12:03:04.927 668 968 D CCodecConfig: string output.media-type.value = "audio/raw"
04-21 12:03:04.927 668 968 D CCodecConfig: c2::u32 raw.channel-count.value = 1
04-21 12:03:04.927 668 968 D CCodecConfig: c2::u32 raw.sample-rate.value = 48000
04-21 12:03:04.927 668 968 D CCodecConfig: }
04-21 12:03:04.928 668 968 D CCodec : [c2.android.vorbis.decoder] buffers are bound to CCodec for this session
04-21 12:03:04.928 668 968 D CCodecConfig: no c2 equivalents for durationUs
04-21 12:03:04.928 668 968 D CCodecConfig: no c2 equivalents for track-id
04-21 12:03:04.928 668 968 D CCodecConfig: no c2 equivalents for csd-1
04-21 12:03:04.928 668 968 D CCodecConfig: no c2 equivalents for channel-mask
04-21 12:03:04.928 668 968 D CCodecConfig: no c2 equivalents for flags
04-21 12:03:04.929 668 968 D CCodecConfig: c2 config diff is c2::u32 coded.bitrate.value = 160000
04-21 12:03:04.929 668 968 D CCodecConfig: c2::u32 raw.channel-count.value = 2
04-21 12:03:04.929 668 968 D CCodecConfig: c2::u32 raw.sample-rate.value = 44100
04-21 12:03:04.930 668 968 W Codec2Client: query -- param skipped: index = 1107298332.
04-21 12:03:04.930 668 968 D CCodec : setup formats input: AMessage(what = 0x00000000) = {
04-21 12:03:04.930 668 968 D CCodec : int32_t bitrate = 160000
04-21 12:03:04.930 668 968 D CCodec : int32_t channel-count = 2
04-21 12:03:04.930 668 968 D CCodec : int32_t max-input-size = 32768
04-21 12:03:04.930 668 968 D CCodec : string mime = "audio/vorbis"
04-21 12:03:04.930 668 968 D CCodec : int32_t sample-rate = 44100
04-21 12:03:04.930 668 968 D CCodec : } and output: AMessage(what = 0x00000000) = {
04-21 12:03:04.930 668 968 D CCodec : int32_t bitrate = 160000
04-21 12:03:04.930 668 968 D CCodec : int32_t channel-count = 2
04-21 12:03:04.930 668 968 D CCodec : string mime = "audio/raw"
04-21 12:03:04.930 668 968 D CCodec : int32_t sample-rate = 44100
04-21 12:03:04.930 668 968 D CCodec : int32_t channel-mask = 3
04-21 12:03:04.930 668 968 D CCodec : }
04-21 12:03:04.930 668 968 W Codec2Client: query -- param skipped: index = 1342179345.
04-21 12:03:04.930 668 968 W Codec2Client: query -- param skipped: index = 2415921170.
04-21 12:03:04.932 668 968 E FMQ : grantorIdx must be less than 3
04-21 12:03:04.932 668 968 E FMQ : grantorIdx must be less than 3
04-21 12:03:04.932 668 968 D CCodecBufferChannel: [c2.android.vorbis.decoder#406] Created input block pool with allocatorID 16 => poolID 17 - OK (0)
04-21 12:03:04.933 429 922 E FMQ : grantorIdx must be less than 3
04-21 12:03:04.933 668 967 D ReflectedParamUpdater: extent() != 1 for single value type: algo.buffers.max-count.values
04-21 12:03:04.933 429 922 E FMQ : grantorIdx must be less than 3
04-21 12:03:04.934 668 968 I CCodecBufferChannel: [c2.android.vorbis.decoder#406] Created output block pool with allocatorID 16 => poolID 23 - OK
04-21 12:03:04.934 668 967 D ReflectedParamUpdater: extent() != 1 for single value type: output.subscribed-indices.values
04-21 12:03:04.934 668 968 D CCodecBufferChannel: [c2.android.vorbis.decoder#406] Configured output block pool ids 23 => OK
04-21 12:03:04.935 668 968 E ion : ioctl c0044901 failed with code -1: Inappropriate ioctl for device
04-21 12:03:04.935 668 967 D ReflectedParamUpdater: extent() != 1 for single value type: input.buffers.allocator-ids.values
04-21 12:03:04.936 834 834 I service_manager_slow: [18,tethering]
04-21 12:03:04.936 834 834 I TetheringManager: registerTetheringEventCallback:com.android.phone
04-21 12:03:04.939 668 967 D ReflectedParamUpdater: extent() != 1 for single value type: output.buffers.allocator-ids.values
04-21 12:03:04.939 668 967 D ReflectedParamUpdater: extent() != 1 for single value type: algo.buffers.allocator-ids.values
04-21 12:03:04.939 668 967 D ReflectedParamUpdater: extent() != 1 for single value type: output.buffers.pool-ids.values
04-21 12:03:04.940 668 967 D ReflectedParamUpdater: extent() != 1 for single value type: algo.buffers.pool-ids.values
04-21 12:03:04.943 668 967 I CCodecConfig: query failed after returning 7 values (BAD_INDEX)
04-21 12:03:04.943 668 967 D CCodecConfig: c2 config diff is Dict {
04-21 12:03:04.943 668 967 D CCodecConfig: c2::u32 coded.bitrate.value = 64000
04-21 12:03:04.943 668 967 D CCodecConfig: c2::u32 input.buffers.max-size.value = 32768
04-21 12:03:04.943 668 967 D CCodecConfig: c2::u32 input.delay.value = 0
04-21 12:03:04.943 668 967 D CCodecConfig: string input.media-type.value = "audio/vorbis"
04-21 12:03:04.943 668 967 D CCodecConfig: string output.media-type.value = "audio/raw"
04-21 12:03:04.943 668 967 D CCodecConfig: c2::u32 raw.channel-count.value = 1
04-21 12:03:04.943 668 967 D CCodecConfig: c2::u32 raw.sample-rate.value = 48000
04-21 12:03:04.943 668 967 D CCodecConfig: }
04-21 12:03:04.946 429 973 D SimpleC2Component: Using output block pool with poolID 23 => got 23 - 0
04-21 12:03:04.948 668 968 E FMQ : grantorIdx must be less than 3
04-21 12:03:04.949 429 922 E FMQ : grantorIdx must be less than 3
04-21 12:03:04.949 668 967 D CCodec : [c2.android.vorbis.decoder] buffers are bound to CCodec for this session
04-21 12:03:04.949 668 967 D CCodecConfig: no c2 equivalents for durationUs
04-21 12:03:04.950 668 967 D CCodecConfig: no c2 equivalents for track-id
04-21 12:03:04.950 668 967 D CCodecConfig: no c2 equivalents for csd-1
04-21 12:03:04.950 668 967 D CCodecConfig: no c2 equivalents for channel-mask
04-21 12:03:04.950 668 967 D CCodecConfig: no c2 equivalents for flags
04-21 12:03:04.951 668 967 D CCodecConfig: c2 config diff is c2::u32 coded.bitrate.value = 160000
04-21 12:03:04.951 668 967 D CCodecConfig: c2::u32 raw.channel-count.value = 2
04-21 12:03:04.951 668 967 D CCodecConfig: c2::u32 raw.sample-rate.value = 44100
04-21 12:03:04.952 668 967 W Codec2Client: query -- param skipped: index = 1107298332.
04-21 12:03:04.953 668 967 D CCodec : setup formats input: AMessage(what = 0x00000000) = {
04-21 12:03:04.953 668 967 D CCodec : int32_t bitrate = 160000
04-21 12:03:04.953 668 967 D CCodec : int32_t channel-count = 2
04-21 12:03:04.953 668 967 D CCodec : int32_t max-input-size = 32768
04-21 12:03:04.953 668 967 D CCodec : string mime = "audio/vorbis"
04-21 12:03:04.953 668 967 D CCodec : int32_t sample-rate = 44100
04-21 12:03:04.953 668 967 D CCodec : } and output: AMessage(what = 0x00000000) = {
04-21 12:03:04.953 668 967 D CCodec : int32_t bitrate = 160000
04-21 12:03:04.953 668 967 D CCodec : int32_t channel-count = 2
04-21 12:03:04.953 668 967 D CCodec : string mime = "audio/raw"
04-21 12:03:04.953 668 967 D CCodec : int32_t sample-rate = 44100
04-21 12:03:04.953 668 967 D CCodec : int32_t channel-mask = 3
04-21 12:03:04.953 668 967 D CCodec : }
04-21 12:03:04.954 834 834 I PhoneFactory: Creating SubscriptionController
04-21 12:03:04.955 668 967 W Codec2Client: query -- param skipped: index = 1342179345.
04-21 12:03:04.955 668 967 W Codec2Client: query -- param skipped: index = 2415921170.
04-21 12:03:04.960 668 967 E FMQ : grantorIdx must be less than 3
04-21 12:03:04.960 668 967 E FMQ : grantorIdx must be less than 3
04-21 12:03:04.960 668 967 D CCodecBufferChannel: [c2.android.vorbis.decoder#206] Created input block pool with allocatorID 16 => poolID 18 - OK (0)
04-21 12:03:04.962 429 806 E FMQ : grantorIdx must be less than 3
04-21 12:03:04.962 429 806 E FMQ : grantorIdx must be less than 3
04-21 12:03:04.963 668 967 I CCodecBufferChannel: [c2.android.vorbis.decoder#206] Created output block pool with allocatorID 16 => poolID 24 - OK
04-21 12:03:04.963 668 967 D CCodecBufferChannel: [c2.android.vorbis.decoder#206] Configured output block pool ids 24 => OK
04-21 12:03:04.968 429 973 E FMQ : grantorIdx must be less than 3
04-21 12:03:04.968 668 972 E FMQ : grantorIdx must be less than 3
04-21 12:03:04.970 668 968 D CCodecBuffers: [c2.android.vorbis.decoder#406:Output[N]] popFromStashAndRegister: output format changed to AMessage(what = 0x00000000) = {
04-21 12:03:04.970 668 968 D CCodecBuffers: int32_t bitrate = 160000
04-21 12:03:04.970 668 968 D CCodecBuffers: int32_t channel-count = 2
04-21 12:03:04.970 668 968 D CCodecBuffers: string mime = "audio/raw"
04-21 12:03:04.970 668 968 D CCodecBuffers: int32_t sample-rate = 44100
04-21 12:03:04.970 668 968 D CCodecBuffers: int32_t channel-mask = 3
04-21 12:03:04.970 668 968 D CCodecBuffers: }
04-21 12:03:04.970 429 974 D SimpleC2Component: Using output block pool with poolID 24 => got 24 - 0
04-21 12:03:04.976 668 967 E FMQ : grantorIdx must be less than 3
04-21 12:03:04.977 429 806 E FMQ : grantorIdx must be less than 3
04-21 12:03:04.982 834 834 D TelephonyProvider: dbh.onOpen: ok, queried table=siminfo
04-21 12:03:04.983 834 834 D TelephonyProvider: dbh.onOpen: ok, queried table=carriers
04-21 12:03:04.991 834 834 D SubscriptionController: [SubscriptionController] init by Context
04-21 12:03:04.993 834 834 I PhoneFactory: Creating Phone with type = 1 phoneId = 0
04-21 12:03:04.994 834 834 D TelephonyTester: register for intent action=com.android.internal.telephony.action_detached
04-21 12:03:04.994 834 834 D TelephonyTester: register for intent action=com.android.internal.telephony.action_attached
04-21 12:03:04.994 834 834 D TelephonyTester: register for intent action=com.android.internal.telephony.TestServiceState
04-21 12:03:04.994 834 834 D TelephonyTester: register for intent action=com.android.internal.telephony.TestChangeNumber
04-21 12:03:05.002 834 834 D Phone : mDoesRilSendMultipleCallRing=true
04-21 12:03:05.002 834 834 D Phone : mCallRingDelay=3000
04-21 12:03:05.009 429 974 E FMQ : grantorIdx must be less than 3
04-21 12:03:05.010 668 972 E FMQ : grantorIdx must be less than 3
04-21 12:03:05.012 834 834 E RILJ : getRadioProxy: mRadioProxy for slot1 is disabled [PHONE0]
04-21 12:03:05.012 668 967 D CCodecBuffers: [c2.android.vorbis.decoder#206:Output[N]] popFromStashAndRegister: output format changed to AMessage(what = 0x00000000) = {
04-21 12:03:05.012 668 967 D CCodecBuffers: int32_t bitrate = 160000
04-21 12:03:05.012 668 967 D CCodecBuffers: int32_t channel-count = 2
04-21 12:03:05.012 668 967 D CCodecBuffers: string mime = "audio/raw"
04-21 12:03:05.012 668 967 D CCodecBuffers: int32_t sample-rate = 44100
04-21 12:03:05.012 668 967 D CCodecBuffers: int32_t channel-mask = 3
04-21 12:03:05.012 668 967 D CCodecBuffers: }
04-21 12:03:05.012 834 834 E RILJ : getRadioProxy: mRadioProxy == null [PHONE0]
04-21 12:03:05.015 834 834 D SmsDispatchersController: SmsDispatchersController created
04-21 12:03:05.018 508 508 I sysui_multi_action: [757,1501,758,1,793,427,794,0,795,427,796,32,806,android,857,USB,858,1,947,0,1500,0]
04-21 12:03:05.019 508 508 I sysui_multi_action: [757,804,799,note_interruptive,801,0,802,1]
04-21 12:03:05.020 834 834 E ImsSmsDispatcher [0]: Failed to get sms format. Error: getSmsFormat()
04-21 12:03:05.021 834 834 D SMSDispatcher: SMSDispatcher: ctor mSmsCapable=true format=unknown mSmsSendDisabled=false
04-21 12:03:05.021 834 834 W FeatureConnector: [ImsSmsDispatcher, 0] connect: not supported.
04-21 12:03:05.022 508 508 W NotificationHistory: Attempted to add notif for locked/gone/disabled user 0
04-21 12:03:05.023 834 834 D SMSDispatcher: SMSDispatcher: ctor mSmsCapable=true format=3gpp2 mSmsSendDisabled=false
04-21 12:03:05.025 834 834 D CdmaSMSDispatcher: CdmaSMSDispatcher created
04-21 12:03:05.026 668 968 D CCodecBufferChannel: [c2.android.vorbis.decoder#406] MediaCodec discarded an unknown buffer
04-21 12:03:05.028 668 968 I hw-BpHwBinder: onLastStrongRef automatically unlinking death recipients
04-21 12:03:05.034 834 834 D CellBroadcastServiceManager: CellBroadcastServiceManager created for phone 0
04-21 12:03:05.035 834 834 D GsmInboundSmsHandler: created InboundSmsHandler
04-21 12:03:05.042 834 834 D CellBroadcastServiceManager: getCellBroadcastServicePackageName: com.android.cellbroadcastservice
04-21 12:03:05.048 416 639 E Utils : did not find channel-count and/or sample-rate
04-21 12:03:05.052 834 834 D CellBroadcastServiceManager: serviceWasBound=true
04-21 12:03:05.054 741 741 D NetworkSecurityConfig: No Network Security Config specified, using platform default
04-21 12:03:05.054 741 741 W nsconfig: com.android.networkstack.process: New config does not match the previously set config.
04-21 12:03:05.059 834 979 D GsmInboundSmsHandler: StartupState.enter: entering StartupState
04-21 12:03:05.062 834 834 D CellBroadcastServiceManager: CellBroadcastServiceManager created for phone 0
04-21 12:03:05.063 834 834 D CdmaInboundSmsHandler: created InboundSmsHandler
04-21 12:03:05.065 668 967 D CCodecBufferChannel: [c2.android.vorbis.decoder#206] MediaCodec discarded an unknown buffer
04-21 12:03:05.065 668 967 I chatty : uid=10118(com.android.systemui) identical 1 line
04-21 12:03:05.065 668 967 D CCodecBufferChannel: [c2.android.vorbis.decoder#206] MediaCodec discarded an unknown buffer
04-21 12:03:05.067 668 668 D NavigationModeController: getCurrentInteractionMode: mode=0 contextUser=0
04-21 12:03:05.071 834 834 D CellBroadcastServiceManager: getCellBroadcastServicePackageName: com.android.cellbroadcastservice
04-21 12:03:05.072 668 967 I hw-BpHwBinder: onLastStrongRef automatically unlinking death recipients
04-21 12:03:05.073 834 834 D CellBroadcastServiceManager: serviceWasBound=true
04-21 12:03:05.073 429 841 I hw-BpHwBinder: onLastStrongRef automatically unlinking death recipients
04-21 12:03:05.073 429 841 V C2Store : in ~ComponentModule
04-21 12:03:05.073 429 841 V C2Store : unloading dll
04-21 12:03:05.076 834 981 D CdmaInboundSmsHandler: StartupState.enter: entering StartupState
04-21 12:03:05.077 668 982 D CCodec : allocate(c2.android.vorbis.decoder)
04-21 12:03:05.078 834 834 D SMSDispatcher: SMSDispatcher: ctor mSmsCapable=true format=3gpp mSmsSendDisabled=false
04-21 12:03:05.079 668 982 I CCodec : setting up 'default' as default (vendor) store
04-21 12:03:05.079 508 804 I am_uid_running: 10113
04-21 12:03:05.080 429 806 V C2Store : in init
04-21 12:03:05.080 834 834 D GsmSMSDispatcher: GsmSMSDispatcher created
04-21 12:03:05.080 429 806 V C2Store : loading dll
04-21 12:03:05.083 668 982 I CCodec : Created component [c2.android.vorbis.decoder]
04-21 12:03:05.083 668 982 D CCodecConfig: read media type: audio/vorbis
04-21 12:03:05.084 508 804 D CompatibilityChangeReporter: Compat change id reported: 135634846; UID 10113; state: DISABLED
04-21 12:03:05.084 508 804 D CompatibilityChangeReporter: Compat change id reported: 135754954; UID 10113; state: ENABLED
04-21 12:03:05.085 508 535 D CompatibilityChangeReporter: Compat change id reported: 143937733; UID 10113; state: ENABLED
04-21 12:03:05.086 668 982 D ReflectedParamUpdater: extent() != 1 for single value type: algo.buffers.max-count.values
04-21 12:03:05.087 668 982 D ReflectedParamUpdater: extent() != 1 for single value type: output.subscribed-indices.values
04-21 12:03:05.087 668 982 D ReflectedParamUpdater: extent() != 1 for single value type: input.buffers.allocator-ids.values
04-21 12:03:05.087 668 982 D ReflectedParamUpdater: extent() != 1 for single value type: output.buffers.allocator-ids.values
04-21 12:03:05.088 668 982 D ReflectedParamUpdater: extent() != 1 for single value type: algo.buffers.allocator-ids.values
04-21 12:03:05.088 668 982 D ReflectedParamUpdater: extent() != 1 for single value type: output.buffers.pool-ids.values
04-21 12:03:05.088 668 982 D ReflectedParamUpdater: extent() != 1 for single value type: algo.buffers.pool-ids.values
04-21 12:03:05.090 668 982 I CCodecConfig: query failed after returning 7 values (BAD_INDEX)
04-21 12:03:05.090 668 982 D CCodecConfig: c2 config diff is Dict {
04-21 12:03:05.090 668 982 D CCodecConfig: c2::u32 coded.bitrate.value = 64000
04-21 12:03:05.090 668 982 D CCodecConfig: c2::u32 input.buffers.max-size.value = 32768
04-21 12:03:05.090 668 982 D CCodecConfig: c2::u32 input.delay.value = 0
04-21 12:03:05.090 668 982 D CCodecConfig: string input.media-type.value = "audio/vorbis"
04-21 12:03:05.090 668 982 D CCodecConfig: string output.media-type.value = "audio/raw"
04-21 12:03:05.090 668 982 D CCodecConfig: c2::u32 raw.channel-count.value = 1
04-21 12:03:05.090 668 982 D CCodecConfig: c2::u32 raw.sample-rate.value = 48000
04-21 12:03:05.090 668 982 D CCodecConfig: }
04-21 12:03:05.091 834 979 D GsmInboundSmsHandler: StartupState.processMessage: processing EVENT_START_ACCEPTING_SMS
04-21 12:03:05.091 834 979 D GsmInboundSmsHandler: IdleState.enter: entering IdleState
04-21 12:03:05.092 834 981 D CdmaInboundSmsHandler: StartupState.processMessage: processing EVENT_START_ACCEPTING_SMS
04-21 12:03:05.092 834 979 D GsmInboundSmsHandler: IdleState.processMessage: processing EVENT_RELEASE_WAKELOCK
04-21 12:03:05.092 834 981 D CdmaInboundSmsHandler: IdleState.enter: entering IdleState
04-21 12:03:05.092 668 982 D CCodec : [c2.android.vorbis.decoder] buffers are bound to CCodec for this session
04-21 12:03:05.092 668 982 D CCodecConfig: no c2 equivalents for durationUs
04-21 12:03:05.092 668 982 D CCodecConfig: no c2 equivalents for track-id
04-21 12:03:05.092 668 982 D CCodecConfig: no c2 equivalents for csd-1
04-21 12:03:05.092 834 981 D CdmaInboundSmsHandler: IdleState.processMessage: processing EVENT_RELEASE_WAKELOCK
04-21 12:03:05.092 668 982 D CCodecConfig: no c2 equivalents for channel-mask
04-21 12:03:05.092 668 982 D CCodecConfig: no c2 equivalents for flags
04-21 12:03:05.093 668 982 D CCodecConfig: c2 config diff is c2::u32 coded.bitrate.value = 160000
04-21 12:03:05.093 668 982 D CCodecConfig: c2::u32 raw.channel-count.value = 2
04-21 12:03:05.094 668 982 W Codec2Client: query -- param skipped: index = 1107298332.
04-21 12:03:05.094 668 982 D CCodec : setup formats input: AMessage(what = 0x00000000) = {
04-21 12:03:05.094 668 982 D CCodec : int32_t bitrate = 160000
04-21 12:03:05.094 668 982 D CCodec : int32_t channel-count = 2
04-21 12:03:05.094 668 982 D CCodec : int32_t max-input-size = 32768
04-21 12:03:05.094 668 982 D CCodec : string mime = "audio/vorbis"
04-21 12:03:05.094 668 982 D CCodec : int32_t sample-rate = 48000
04-21 12:03:05.094 668 982 D CCodec : } and output: AMessage(what = 0x00000000) = {
04-21 12:03:05.094 668 982 D CCodec : int32_t bitrate = 160000
04-21 12:03:05.094 668 982 D CCodec : int32_t channel-count = 2
04-21 12:03:05.094 668 982 D CCodec : string mime = "audio/raw"
04-21 12:03:05.094 668 982 D CCodec : int32_t sample-rate = 48000
04-21 12:03:05.094 668 982 D CCodec : int32_t channel-mask = 3
04-21 12:03:05.094 668 982 D CCodec : }
04-21 12:03:05.094 834 981 D CdmaInboundSmsHandler: IdleState.processMessage: EVENT_RELEASE_WAKELOCK: mWakeLock released
04-21 12:03:05.095 668 982 W Codec2Client: query -- param skipped: index = 1342179345.
04-21 12:03:05.095 668 982 W Codec2Client: query -- param skipped: index = 2415921170.
04-21 12:03:05.096 834 979 D GsmInboundSmsHandler: IdleState.processMessage: EVENT_RELEASE_WAKELOCK: mWakeLock released
04-21 12:03:05.096 668 982 E FMQ : grantorIdx must be less than 3
04-21 12:03:05.097 668 982 E FMQ : grantorIdx must be less than 3
04-21 12:03:05.097 668 982 D CCodecBufferChannel: [c2.android.vorbis.decoder#367] Created input block pool with allocatorID 16 => poolID 19 - OK (0)
04-21 12:03:05.097 834 834 D CdmaSSM : subscriptionSource from settings: 0
04-21 12:03:05.097 834 834 D CdmaSSM : cdmaSSM constructor: 0
04-21 12:03:05.098 429 818 E FMQ : grantorIdx must be less than 3
04-21 12:03:05.098 429 818 E FMQ : grantorIdx must be less than 3
04-21 12:03:05.098 668 982 I CCodecBufferChannel: [c2.android.vorbis.decoder#367] Created output block pool with allocatorID 16 => poolID 25 - OK
04-21 12:03:05.099 668 982 D CCodecBufferChannel: [c2.android.vorbis.decoder#367] Configured output block pool ids 25 => OK
04-21 12:03:05.102 668 668 D SystemUIBootTiming: StartServicescom.android.systemui.recents.Recents took to complete: 192ms
04-21 12:03:05.103 834 834 D GsmCdmaPhone: [0] Precise phone type 1
04-21 12:03:05.104 834 834 D RILJ : setPhoneType=1 old value=0 [PHONE0]
04-21 12:03:05.108 834 834 D CarrierActionAgent: [0]Creating CarrierActionAgent
04-21 12:03:05.109 834 834 W CarrierConfigManager: Error getting config for subId -1 ICarrierConfigLoader is null
04-21 12:03:05.110 834 834 D TransportManager: operates in legacy mode.
04-21 12:03:05.112 333 333 D Zygote : Forked child process 986
04-21 12:03:05.114 429 984 D SimpleC2Component: Using output block pool with poolID 25 => got 25 - 0
04-21 12:03:05.116 668 668 I vol.Events: writeEvent collection_started
04-21 12:03:05.116 668 982 E FMQ : grantorIdx must be less than 3
04-21 12:03:05.117 429 818 E FMQ : grantorIdx must be less than 3
04-21 12:03:05.121 508 535 I am_proc_start: [0,986,10113,com.android.launcher3,service,{com.android.launcher3/com.android.quickstep.TouchInteractionService}]
04-21 12:03:05.122 508 535 I ActivityManager: Start proc 986:com.android.launcher3/u0a113 for service {com.android.launcher3/com.android.quickstep.TouchInteractionService}
04-21 12:03:05.129 986 986 I Zygote : seccomp disabled by setenforce 0
04-21 12:03:05.130 429 984 E FMQ : grantorIdx must be less than 3
04-21 12:03:05.133 668 972 E FMQ : grantorIdx must be less than 3
04-21 12:03:05.134 668 982 D CCodecBuffers: [c2.android.vorbis.decoder#367:Output[N]] popFromStashAndRegister: output format changed to AMessage(what = 0x00000000) = {
04-21 12:03:05.134 668 982 D CCodecBuffers: int32_t bitrate = 160000
04-21 12:03:05.134 668 982 D CCodecBuffers: int32_t channel-count = 2
04-21 12:03:05.134 668 982 D CCodecBuffers: string mime = "audio/raw"
04-21 12:03:05.134 668 982 D CCodecBuffers: int32_t sample-rate = 48000
