04-21 12:03:03.185 508 508 D SystemServerTiming: OnBootPhase_600_com.android.server.timedetector.TimeDetectorService$Lifecycle took to complete: 0ms
04-21 12:03:03.185 508 508 I SystemServerTiming: OnBootPhase_600_com.android.server.timezonedetector.TimeZoneDetectorService$Lifecycle
04-21 12:03:03.185 508 508 D SystemServerTiming: OnBootPhase_600_com.android.server.timezonedetector.TimeZoneDetectorService$Lifecycle took to complete: 0ms
04-21 12:03:03.185 508 508 I SystemServerTiming: OnBootPhase_600_com.android.server.search.SearchManagerService$Lifecycle
04-21 12:03:03.185 508 508 D SystemServerTiming: OnBootPhase_600_com.android.server.search.SearchManagerService$Lifecycle took to complete: 0ms
04-21 12:03:03.185 508 508 I SystemServerTiming: OnBootPhase_600_com.android.server.wallpaper.WallpaperManagerService$Lifecycle
04-21 12:03:03.185 508 508 I WallpaperManagerService: switch-user-0
04-21 12:03:03.185 508 508 V WallpaperManagerService: bindWallpaperComponentLocked: componentName=ComponentInfo{com.android.systemui/com.android.systemui.ImageWallpaper}
04-21 12:03:03.187 508 508 D WallpaperManagerService: switch-user-0 took to complete: 2ms
04-21 12:03:03.187 508 508 D SystemServerTiming: OnBootPhase_600_com.android.server.wallpaper.WallpaperManagerService$Lifecycle took to complete: 3ms
04-21 12:03:03.188 508 508 I SystemServerTiming: OnBootPhase_600_com.android.server.audio.AudioService$Lifecycle
04-21 12:03:03.188 508 508 D SystemServerTiming: OnBootPhase_600_com.android.server.audio.AudioService$Lifecycle took to complete: 0ms
04-21 12:03:03.188 508 508 I SystemServerTiming: OnBootPhase_600_com.android.server.soundtrigger_middleware.SoundTriggerMiddlewareService$Lifecycle
04-21 12:03:03.188 508 508 D SystemServerTiming: OnBootPhase_600_com.android.server.soundtrigger_middleware.SoundTriggerMiddlewareService$Lifecycle took to complete: 0ms
04-21 12:03:03.188 508 508 I SystemServerTiming: OnBootPhase_600_com.android.server.DockObserver
04-21 12:03:03.188 508 508 D SystemServerTiming: OnBootPhase_600_com.android.server.DockObserver took to complete: 0ms
04-21 12:03:03.188 508 508 I SystemServerTiming: OnBootPhase_600_com.android.server.midi.MidiService$Lifecycle
04-21 12:03:03.188 508 508 D SystemServerTiming: OnBootPhase_600_com.android.server.midi.MidiService$Lifecycle took to complete: 0ms
04-21 12:03:03.188 508 508 I SystemServerTiming: OnBootPhase_600_com.android.server.adb.AdbService$Lifecycle
04-21 12:03:03.188 508 508 D SystemServerTiming: OnBootPhase_600_com.android.server.adb.AdbService$Lifecycle took to complete: 0ms
04-21 12:03:03.188 508 508 I SystemServerTiming: OnBootPhase_600_com.android.server.usb.UsbService$Lifecycle
04-21 12:03:03.188 508 508 D SystemServerTiming: OnBootPhase_600_com.android.server.usb.UsbService$Lifecycle took to complete: 0ms
04-21 12:03:03.188 508 508 I SystemServerTiming: OnBootPhase_600_com.android.server.twilight.TwilightService
04-21 12:03:03.188 508 508 D SystemServerTiming: OnBootPhase_600_com.android.server.twilight.TwilightService took to complete: 0ms
04-21 12:03:03.188 508 508 I SystemServerTiming: OnBootPhase_600_com.android.server.display.color.ColorDisplayService
04-21 12:03:03.188 508 508 D SystemServerTiming: OnBootPhase_600_com.android.server.display.color.ColorDisplayService took to complete: 0ms
04-21 12:03:03.188 508 508 I SystemServerTiming: OnBootPhase_600_com.android.server.job.JobSchedulerService
04-21 12:03:03.193 508 508 D SystemServerTiming: OnBootPhase_600_com.android.server.job.JobSchedulerService took to complete: 4ms
04-21 12:03:03.193 508 508 I SystemServerTiming: OnBootPhase_600_com.android.server.soundtrigger.SoundTriggerService
04-21 12:03:03.193 508 508 D SoundTriggerService: onBootPhase: 600 : false
04-21 12:03:03.193 508 508 D SystemServerTiming: OnBootPhase_600_com.android.server.soundtrigger.SoundTriggerService took to complete: 1ms
04-21 12:03:03.193 508 508 I SystemServerTiming: OnBootPhase_600_com.android.server.trust.TrustManagerService
04-21 12:03:03.195 508 508 D SystemServerTiming: OnBootPhase_600_com.android.server.trust.TrustManagerService took to complete: 1ms
04-21 12:03:03.195 508 508 I SystemServerTiming: OnBootPhase_600_com.android.server.backup.BackupManagerService$Lifecycle
04-21 12:03:03.195 508 508 D SystemServerTiming: OnBootPhase_600_com.android.server.backup.BackupManagerService$Lifecycle took to complete: 0ms
04-21 12:03:03.195 508 508 I SystemServerTiming: OnBootPhase_600_com.android.server.appwidget.AppWidgetService
04-21 12:03:03.195 508 508 D SystemServerTiming: OnBootPhase_600_com.android.server.appwidget.AppWidgetService took to complete: 0ms
04-21 12:03:03.195 508 508 I SystemServerTiming: OnBootPhase_600_com.android.server.role.RoleManagerService
04-21 12:03:03.195 508 508 D SystemServerTiming: OnBootPhase_600_com.android.server.role.RoleManagerService took to complete: 0ms
04-21 12:03:03.195 508 508 I SystemServerTiming: OnBootPhase_600_com.android.server.voiceinteraction.VoiceInteractionManagerService
04-21 12:03:03.198 508 508 D SystemServerTiming: OnBootPhase_600_com.android.server.voiceinteraction.VoiceInteractionManagerService took to complete: 3ms
04-21 12:03:03.198 508 508 I SystemServerTiming: OnBootPhase_600_com.android.server.GestureLauncherService
04-21 12:03:03.199 429 486 V C2Store : in ~ComponentModule
04-21 12:03:03.200 508 508 D SystemServerTiming: OnBootPhase_600_com.android.server.GestureLauncherService took to complete: 3ms
04-21 12:03:03.200 508 508 I SystemServerTiming: OnBootPhase_600_com.android.server.SensorNotificationService
04-21 12:03:03.201 429 486 V C2Store : unloading dll
04-21 12:03:03.202 429 486 V C2Store : in init
04-21 12:03:03.202 429 486 V C2Store : loading dll
04-21 12:03:03.202 508 508 D SystemServerTiming: OnBootPhase_600_com.android.server.SensorNotificationService took to complete: 2ms
04-21 12:03:03.202 508 508 I SystemServerTiming: OnBootPhase_600_com.android.server.emergency.EmergencyAffordanceService
04-21 12:03:03.202 508 508 D SystemServerTiming: OnBootPhase_600_com.android.server.emergency.EmergencyAffordanceService took to complete: 0ms
04-21 12:03:03.202 508 508 I SystemServerTiming: OnBootPhase_600_com.android.server.dreams.DreamManagerService
04-21 12:03:03.205 508 508 D SystemServerTiming: OnBootPhase_600_com.android.server.dreams.DreamManagerService took to complete: 2ms
04-21 12:03:03.205 508 508 I SystemServerTiming: OnBootPhase_600_com.android.server.print.PrintManagerService
04-21 12:03:03.205 508 508 D SystemServerTiming: OnBootPhase_600_com.android.server.print.PrintManagerService took to complete: 0ms
04-21 12:03:03.205 508 508 I SystemServerTiming: OnBootPhase_600_com.android.server.companion.CompanionDeviceManagerService
04-21 12:03:03.205 508 508 D SystemServerTiming: OnBootPhase_600_com.android.server.companion.CompanionDeviceManagerService took to complete: 0ms
04-21 12:03:03.205 508 508 I SystemServerTiming: OnBootPhase_600_com.android.server.restrictions.RestrictionsManagerService
04-21 12:03:03.205 508 508 D SystemServerTiming: OnBootPhase_600_com.android.server.restrictions.RestrictionsManagerService took to complete: 0ms
04-21 12:03:03.205 508 508 I SystemServerTiming: OnBootPhase_600_com.android.server.media.MediaSessionService
04-21 12:03:03.205 508 508 D SystemServerTiming: OnBootPhase_600_com.android.server.media.MediaSessionService took to complete: 0ms
04-21 12:03:03.206 508 508 I SystemServerTiming: OnBootPhase_600_com.android.server.blob.BlobStoreManagerService
04-21 12:03:03.213 508 508 D SystemServerTiming: OnBootPhase_600_com.android.server.blob.BlobStoreManagerService took to complete: 7ms
04-21 12:03:03.213 508 508 I SystemServerTiming: OnBootPhase_600_com.android.server.media.MediaResourceMonitorService
04-21 12:03:03.213 508 508 D SystemServerTiming: OnBootPhase_600_com.android.server.media.MediaResourceMonitorService took to complete: 0ms
04-21 12:03:03.213 508 508 I SystemServerTiming: OnBootPhase_600_com.android.server.biometrics.BiometricService
04-21 12:03:03.213 508 508 D SystemServerTiming: OnBootPhase_600_com.android.server.biometrics.BiometricService took to complete: 0ms
04-21 12:03:03.213 508 508 I SystemServerTiming: OnBootPhase_600_com.android.server.biometrics.AuthService
04-21 12:03:03.213 508 508 D SystemServerTiming: OnBootPhase_600_com.android.server.biometrics.AuthService took to complete: 0ms
04-21 12:03:03.213 508 508 I SystemServerTiming: OnBootPhase_600_com.android.server.pm.ShortcutService$Lifecycle
04-21 12:03:03.213 508 508 D SystemServerTiming: OnBootPhase_600_com.android.server.pm.ShortcutService$Lifecycle took to complete: 0ms
04-21 12:03:03.213 508 508 I SystemServerTiming: OnBootPhase_600_com.android.server.pm.LauncherAppsService
04-21 12:03:03.213 508 508 D SystemServerTiming: OnBootPhase_600_com.android.server.pm.LauncherAppsService took to complete: 0ms
04-21 12:03:03.213 508 508 I SystemServerTiming: OnBootPhase_600_com.android.server.pm.CrossProfileAppsService
04-21 12:03:03.213 508 508 D SystemServerTiming: OnBootPhase_600_com.android.server.pm.CrossProfileAppsService took to complete: 0ms
04-21 12:03:03.213 508 508 I SystemServerTiming: OnBootPhase_600_com.android.server.people.PeopleService
04-21 12:03:03.213 508 508 D SystemServerTiming: OnBootPhase_600_com.android.server.people.PeopleService took to complete: 0ms
04-21 12:03:03.213 508 508 I SystemServerTiming: OnBootPhase_600_com.android.server.media.projection.MediaProjectionManagerService
04-21 12:03:03.213 508 508 D SystemServerTiming: OnBootPhase_600_com.android.server.media.projection.MediaProjectionManagerService took to complete: 0ms
04-21 12:03:03.213 508 508 I SystemServerTiming: OnBootPhase_600_com.android.server.slice.SliceManagerService$Lifecycle
04-21 12:03:03.213 508 508 D SystemServerTiming: OnBootPhase_600_com.android.server.slice.SliceManagerService$Lifecycle took to complete: 0ms
04-21 12:03:03.213 508 508 I SystemServerTiming: OnBootPhase_600_com.android.server.camera.CameraServiceProxy
04-21 12:03:03.213 508 508 D SystemServerTiming: OnBootPhase_600_com.android.server.camera.CameraServiceProxy took to complete: 0ms
04-21 12:03:03.213 508 508 I SystemServerTiming: OnBootPhase_600_com.android.server.stats.StatsCompanion$Lifecycle
04-21 12:03:03.215 508 508 W AlarmManager: Unrecognized alarm listener com.android.server.stats.StatsCompanionService$AnomalyAlarmListener@2fce2a
04-21 12:03:03.215 508 508 W AlarmManager: Unrecognized alarm listener com.android.server.stats.StatsCompanionService$PullingAlarmListener@3a7c41b
04-21 12:03:03.215 508 508 W AlarmManager: Unrecognized alarm listener com.android.server.stats.StatsCompanionService$PeriodicAlarmListener@410e9b8
04-21 12:03:03.222 429 486 V C2Store : in ~ComponentModule
04-21 12:03:03.224 429 486 V C2Store : unloading dll
04-21 12:03:03.225 429 486 V C2Store : in init
04-21 12:03:03.225 429 486 V C2Store : loading dll
04-21 12:03:03.239 429 486 V C2Store : in ~ComponentModule
04-21 12:03:03.239 429 486 V C2Store : unloading dll
04-21 12:03:03.239 429 486 V C2Store : in init
04-21 12:03:03.239 429 486 V C2Store : loading dll
04-21 12:03:03.240 334 334 D Zygote : Forked child process 696
04-21 12:03:03.242 508 535 W ActivityManager: Slow operation: 214ms so far, now at startProcess: returned from zygote!
04-21 12:03:03.243 508 535 W ActivityManager: Slow operation: 215ms so far, now at startProcess: done updating battery stats
04-21 12:03:03.243 508 535 I am_proc_start: [0,696,1037,WebViewLoader-armeabi-v7a,NULL,]
04-21 12:03:03.243 508 535 W ActivityManager: Slow operation: 215ms so far, now at startProcess: building log message
04-21 12:03:03.243 508 535 I ActivityManager: Start proc 696:WebViewLoader-armeabi-v7a/1037 [android.webkit.WebViewLibraryLoader$RelroFileCreator] for null
04-21 12:03:03.244 508 535 W ActivityManager: Slow operation: 215ms so far, now at startProcess: starting to update pids map
04-21 12:03:03.244 508 535 W ActivityManager: Slow operation: 215ms so far, now at startProcess: done updating pids map
04-21 12:03:03.244 508 535 W ActivityManager: Slow operation: 214ms so far, now at startProcess: asking zygote to start proc
04-21 12:03:03.244 643 643 D NetworkSecurityConfig: No Network Security Config specified, using platform default
04-21 12:03:03.245 643 643 D NetworkSecurityConfig: No Network Security Config specified, using platform default
04-21 12:03:03.246 696 696 I Zygote : seccomp disabled by setenforce 0
04-21 12:03:03.256 696 696 W WebViewLoader-: Using default instruction set features for ARM CPU variant (cortex-a9) using conservative defaults
04-21 12:03:03.260 429 486 V C2Store : in ~ComponentModule
04-21 12:03:03.260 429 486 V C2Store : unloading dll
04-21 12:03:03.260 429 486 V C2Store : in init
04-21 12:03:03.260 429 486 V C2Store : loading dll
04-21 12:03:03.262 508 508 I StatsCompanionService: Told statsd that StatsCompanionService is alive.
04-21 12:03:03.263 508 508 D SystemServerTiming: OnBootPhase_600_com.android.server.stats.StatsCompanion$Lifecycle took to complete: 49ms
04-21 12:03:03.263 508 508 I SystemServerTiming: OnBootPhase_600_com.android.server.stats.pull.StatsPullAtomService
04-21 12:03:03.263 508 508 D SystemServerTiming: OnBootPhase_600_com.android.server.stats.pull.StatsPullAtomService took to complete: 0ms
04-21 12:03:03.263 508 508 I SystemServerTiming: OnBootPhase_600_com.android.server.incident.IncidentCompanionService
04-21 12:03:03.263 508 508 D SystemServerTiming: OnBootPhase_600_com.android.server.incident.IncidentCompanionService took to complete: 0ms
04-21 12:03:03.263 508 508 I SystemServerTiming: OnBootPhase_600_com.android.server.MmsServiceBroker
04-21 12:03:03.263 508 508 D SystemServerTiming: OnBootPhase_600_com.android.server.MmsServiceBroker took to complete: 0ms
04-21 12:03:03.263 508 508 I SystemServerTiming: OnBootPhase_600_com.android.server.autofill.AutofillManagerService
04-21 12:03:03.264 508 533 D StatsPullAtomService: Registering NetworkStats pullers with statsd
04-21 12:03:03.267 508 508 D SystemServerTiming: OnBootPhase_600_com.android.server.autofill.AutofillManagerService took to complete: 4ms
04-21 12:03:03.267 508 508 I SystemServerTiming: OnBootPhase_600_com.android.server.clipboard.ClipboardService
04-21 12:03:03.267 508 508 D SystemServerTiming: OnBootPhase_600_com.android.server.clipboard.ClipboardService took to complete: 0ms
04-21 12:03:03.267 508 508 I SystemServerTiming: OnBootPhase_600_com.android.server.appbinding.AppBindingService$Lifecycle
04-21 12:03:03.267 508 508 D SystemServerTiming: OnBootPhase_600_com.android.server.appbinding.AppBindingService$Lifecycle took to complete: 1ms
04-21 12:03:03.267 508 508 I SystemServerTiming: OnBootPhase_600_com.android.server.policy.PermissionPolicyService
04-21 12:03:03.267 508 508 D SystemServerTiming: OnBootPhase_600_com.android.server.policy.PermissionPolicyService took to complete: 0ms
04-21 12:03:03.267 508 508 I SystemServerTiming: OnBootPhase_600_com.android.server.pm.StagingManager$Lifecycle
04-21 12:03:03.267 508 508 D SystemServerTiming: OnBootPhase_600_com.android.server.pm.StagingManager$Lifecycle took to complete: 0ms
04-21 12:03:03.268 508 508 D SystemServerTiming: OnBootPhase_600 took to complete: 106ms
04-21 12:03:03.268 508 508 D SystemServerTiming: PhaseThirdPartyAppsCanStart took to complete: 106ms
04-21 12:03:03.268 508 508 I SystemServerTiming: StartNetworkStack
04-21 12:03:03.268 508 508 D ConnectivityModuleConnector: Starting networking module android.net.INetworkStackConnector
04-21 12:03:03.268 429 486 V C2Store : in ~ComponentModule
04-21 12:03:03.269 429 486 V C2Store : unloading dll
04-21 12:03:03.269 429 486 V C2Store : in init
04-21 12:03:03.269 429 486 V C2Store : loading dll
04-21 12:03:03.269 508 508 D ConnectivityModuleConnector: Starting networking module in network_stack process
04-21 12:03:03.271 508 533 W BestClock: java.time.DateTimeException: Missing NTP fix
04-21 12:03:03.272 333 333 D Zygote : Forked child process 711
04-21 12:03:03.274 448 468 I adbd : jdwp connection from 696
04-21 12:03:03.275 508 535 W ActivityManager: Slow operation: 246ms so far, now at startProcess: returned from zygote!
04-21 12:03:03.276 711 711 I Zygote : seccomp disabled by setenforce 0
04-21 12:03:03.277 711 711 I libc : SetHeapTaggingLevel: tag level set to 0
04-21 12:03:03.284 429 486 V C2Store : in ~ComponentModule
04-21 12:03:03.285 429 486 V C2Store : unloading dll
04-21 12:03:03.285 429 486 V C2Store : in init
04-21 12:03:03.285 429 486 V C2Store : loading dll
04-21 12:03:03.292 448 468 I adbd : jdwp connection from 711
04-21 12:03:03.292 429 486 I mediaswcodec: missing struct descriptor #Param::CoreIndex(--004) for field values of struct #Param::CoreIndex(F-12004)
04-21 12:03:03.294 429 486 V C2Store : in ~ComponentModule
04-21 12:03:03.294 429 486 V C2Store : unloading dll
04-21 12:03:03.295 429 486 V C2Store : in init
04-21 12:03:03.295 429 486 V C2Store : loading dll
04-21 12:03:03.304 508 508 I am_uid_running: 1073
04-21 12:03:03.307 508 508 D CompatibilityChangeReporter: Compat change id reported: 135634846; UID 1073; state: DISABLED
04-21 12:03:03.307 508 508 D CompatibilityChangeReporter: Compat change id reported: 135754954; UID 1073; state: ENABLED
04-21 12:03:03.308 508 508 D ConnectivityModuleConnector: Networking module service start requested
04-21 12:03:03.308 508 535 I dvm_lock_sample: [system_server,1,ActivityManager:procStart,32,ProcessList.java,2060,void com.android.server.am.ProcessList.handleProcessStart(com.android.server.am.ProcessRecord, java.lang.String, int[], int, int, int, java.lang.String, java.lang.String, java.lang.String, long),ActivityManagerService.java,15168,int com.android.server.am.ActivityManagerService.bindIsolatedService(android.app.IApplicationThread, android.os.IBinder, android.content.Intent, java.lang.String, android.app.IServiceConnection, int, java.lang.String, java.lang.String, int),6]
04-21 12:03:03.308 508 508 D SystemServerTiming: StartNetworkStack took to complete: 41ms
04-21 12:03:03.308 508 535 W ActivityManager: Slow operation: 279ms so far, now at startProcess: done updating battery stats
04-21 12:03:03.308 508 508 I SystemServerTiming: StartTethering
04-21 12:03:03.309 508 535 I am_proc_start: [0,711,1037,WebViewLoader-arm64-v8a,NULL,]
04-21 12:03:03.309 508 535 W ActivityManager: Slow operation: 279ms so far, now at startProcess: building log message
04-21 12:03:03.309 508 535 I ActivityManager: Start proc 711:WebViewLoader-arm64-v8a/1037 [android.webkit.WebViewLibraryLoader$RelroFileCreator] for null
04-21 12:03:03.309 508 535 W ActivityManager: Slow operation: 279ms so far, now at startProcess: starting to update pids map
04-21 12:03:03.309 508 508 D ConnectivityModuleConnector: Starting networking module android.net.ITetheringConnector
04-21 12:03:03.309 508 535 W ActivityManager: Slow operation: 279ms so far, now at startProcess: done updating pids map
04-21 12:03:03.309 508 585 I am_proc_bound: [0,696,WebViewLoader-armeabi-v7a]
04-21 12:03:03.310 429 486 V C2Store : in ~ComponentModule
04-21 12:03:03.310 429 486 V C2Store : unloading dll
04-21 12:03:03.310 429 486 V C2Store : in init
04-21 12:03:03.310 429 486 V C2Store : loading dll
04-21 12:03:03.311 508 508 D ConnectivityModuleConnector: Starting networking module in network_stack process
04-21 12:03:03.312 508 585 I am_uid_active: 1037
04-21 12:03:03.313 508 693 I am_proc_bound: [0,711,WebViewLoader-arm64-v8a]
04-21 12:03:03.316 696 696 V WebViewLibraryLoader: RelroFileCreator (64bit = false), package: com.android.webview library: libwebviewchromium.so
04-21 12:03:03.317 508 508 D ConnectivityModuleConnector: Networking module service start requested
04-21 12:03:03.317 508 508 D SystemServerTiming: StartTethering took to complete: 9ms
04-21 12:03:03.318 508 508 I SystemServerTiming: MakeCountryDetectionServiceReady
04-21 12:03:03.318 508 508 D SystemServerTiming: MakeCountryDetectionServiceReady took to complete: 0ms
04-21 12:03:03.318 508 508 I SystemServerTiming: MakeNetworkTimeUpdateReady
04-21 12:03:03.320 508 508 D ConnectivityService: requestNetwork for uid/pid:1000/508 NetworkRequest [ TRACK_DEFAULT id=8, [ Capabilities: INTERNET&NOT_RESTRICTED&TRUSTED Uid: 1000 AdministratorUids: [] RequestorUid: 1000 RequestorPackageName: android] ]
04-21 12:03:03.321 508 508 D SystemServerTiming: MakeNetworkTimeUpdateReady took to complete: 3ms
04-21 12:03:03.321 508 508 I SystemServerTiming: MakeInputManagerServiceReady
04-21 12:03:03.322 508 597 D ConnectivityService: NetReassign [no changes]
04-21 12:03:03.322 508 579 I InputReader: Reconfiguring input devices, changes=DEVICE_ALIAS |
04-21 12:03:03.323 508 626 D Ethernet: got request NetworkRequest [ TRACK_DEFAULT id=8, [ Capabilities: INTERNET&NOT_RESTRICTED&TRUSTED Uid: 1000 AdministratorUids: [] RequestorUid: 1000 RequestorPackageName: android] ] with score 0 and providerId 0
04-21 12:03:03.327 508 508 D SystemServerTiming: MakeInputManagerServiceReady took to complete: 6ms
04-21 12:03:03.327 508 508 I SystemServerTiming: MakeTelephonyRegistryReady
04-21 12:03:03.328 508 508 D TelephonyRegistry: systemRunning register for intents
04-21 12:03:03.328 508 508 D SystemServerTiming: MakeTelephonyRegistryReady took to complete: 0ms
04-21 12:03:03.328 508 508 I SystemServerTiming: MakeMediaRouterServiceReady
04-21 12:03:03.328 508 508 D SystemServerTiming: MakeMediaRouterServiceReady took to complete: 1ms
04-21 12:03:03.329 508 508 I SystemServerTiming: MakeMmsServiceReady
04-21 12:03:03.329 508 508 I MmsServiceBroker: Delay connecting to MmsService until an API is called
04-21 12:03:03.329 508 508 D SystemServerTiming: MakeMmsServiceReady took to complete: 0ms
04-21 12:03:03.329 508 508 I SystemServerTiming: IncidentDaemonReady
04-21 12:03:03.329 333 333 D Zygote : Forked child process 741
04-21 12:03:03.330 508 508 D SystemServerTiming: IncidentDaemonReady took to complete: 2ms
04-21 12:03:03.331 508 508 I SystemServerTiming: MakeIncrementalServiceReady
04-21 12:03:03.331 508 508 D SystemServerTiming: MakeIncrementalServiceReady took to complete: 0ms
04-21 12:03:03.331 508 508 I SystemServerTiming: getCurrentUser
04-21 12:03:03.331 508 508 I ActivityManager: Current user:0
04-21 12:03:03.331 508 508 D SystemServerTiming: getCurrentUser took to complete: 0ms
04-21 12:03:03.331 508 508 I SystemServerTiming: ActivityManagerStartApps
04-21 12:03:03.331 508 508 I SystemServerTiming: ssm.StartUser-0
04-21 12:03:03.331 508 508 I SystemServiceManager: Calling onStartUser 0
04-21 12:03:03.331 508 508 I SystemServerTiming: ssm.onStartUser-0_com.android.server.security.FileIntegrityService
04-21 12:03:03.331 508 508 D SystemServerTiming: ssm.onStartUser-0_com.android.server.security.FileIntegrityService took to complete: 0ms
04-21 12:03:03.331 508 508 I SystemServerTiming: ssm.onStartUser-0_com.android.server.pm.Installer
04-21 12:03:03.331 508 508 D SystemServerTiming: ssm.onStartUser-0_com.android.server.pm.Installer took to complete: 0ms
04-21 12:03:03.331 508 508 I SystemServerTiming: ssm.onStartUser-0_com.android.server.os.DeviceIdentifiersPolicyService
04-21 12:03:03.331 508 508 D SystemServerTiming: ssm.onStartUser-0_com.android.server.os.DeviceIdentifiersPolicyService took to complete: 0ms
04-21 12:03:03.331 508 508 I SystemServerTiming: ssm.onStartUser-0_com.android.server.uri.UriGrantsManagerService$Lifecycle
04-21 12:03:03.331 508 508 D SystemServerTiming: ssm.onStartUser-0_com.android.server.uri.UriGrantsManagerService$Lifecycle took to complete: 0ms
04-21 12:03:03.331 508 508 I SystemServerTiming: ssm.onStartUser-0_com.android.server.wm.ActivityTaskManagerService$Lifecycle
04-21 12:03:03.332 508 535 I am_proc_start: [0,741,1073,com.android.networkstack.process,service,{com.android.networkstack/com.android.server.NetworkStackService}]
04-21 12:03:03.333 711 711 V WebViewLibraryLoader: RelroFileCreator (64bit = true), package: com.android.webview library: libwebviewchromium.so
04-21 12:03:03.334 508 535 I ActivityManager: Start proc 741:com.android.networkstack.process/1073 for service {com.android.networkstack/com.android.server.NetworkStackService}
04-21 12:03:03.334 508 579 I InputReader: Reconfiguring input devices, changes=KEYBOARD_LAYOUTS |
04-21 12:03:03.334 508 508 D SystemServerTiming: ssm.onStartUser-0_com.android.server.wm.ActivityTaskManagerService$Lifecycle took to complete: 1ms
04-21 12:03:03.334 508 508 I SystemServerTiming: ssm.onStartUser-0_com.android.server.am.ActivityManagerService$Lifecycle
04-21 12:03:03.334 508 508 D SystemServerTiming: ssm.onStartUser-0_com.android.server.am.ActivityManagerService$Lifecycle took to complete: 0ms
04-21 12:03:03.334 508 508 I SystemServerTiming: ssm.onStartUser-0_com.android.server.pm.DataLoaderManagerService
04-21 12:03:03.334 508 508 D SystemServerTiming: ssm.onStartUser-0_com.android.server.pm.DataLoaderManagerService took to complete: 0ms
04-21 12:03:03.334 508 508 I SystemServerTiming: ssm.onStartUser-0_com.android.server.power.PowerManagerService
04-21 12:03:03.334 508 508 D SystemServerTiming: ssm.onStartUser-0_com.android.server.power.PowerManagerService took to complete: 0ms
04-21 12:03:03.334 508 508 I SystemServerTiming: ssm.onStartUser-0_com.android.server.power.ThermalManagerService
04-21 12:03:03.334 508 508 D SystemServerTiming: ssm.onStartUser-0_com.android.server.power.ThermalManagerService took to complete: 0ms
04-21 12:03:03.334 508 508 I SystemServerTiming: ssm.onStartUser-0_com.android.server.recoverysystem.RecoverySystemService$Lifecycle
04-21 12:03:03.334 508 508 D SystemServerTiming: ssm.onStartUser-0_com.android.server.recoverysystem.RecoverySystemService$Lifecycle took to complete: 0ms
04-21 12:03:03.334 508 508 I SystemServerTiming: ssm.onStartUser-0_com.android.server.lights.LightsService
04-21 12:03:03.334 508 508 D SystemServerTiming: ssm.onStartUser-0_com.android.server.lights.LightsService took to complete: 0ms
04-21 12:03:03.335 508 508 I SystemServerTiming: ssm.onStartUser-0_com.android.server.display.DisplayManagerService
04-21 12:03:03.335 508 508 D SystemServerTiming: ssm.onStartUser-0_com.android.server.display.DisplayManagerService took to complete: 0ms
04-21 12:03:03.335 508 508 I SystemServerTiming: ssm.onStartUser-0_com.android.server.pm.UserManagerService$LifeCycle
04-21 12:03:03.335 508 508 D SystemServerTiming: ssm.onStartUser-0_com.android.server.pm.UserManagerService$LifeCycle took to complete: 0ms
04-21 12:03:03.335 508 508 I SystemServerTiming: ssm.onStartUser-0_com.android.server.om.OverlayManagerService
04-21 12:03:03.335 508 508 D SystemServerTiming: ssm.onStartUser-0_com.android.server.om.OverlayManagerService took to complete: 0ms
04-21 12:03:03.335 508 508 I SystemServerTiming: ssm.onStartUser-0_com.android.server.SensorPrivacyService
04-21 12:03:03.335 508 508 D SystemServerTiming: ssm.onStartUser-0_com.android.server.SensorPrivacyService took to complete: 0ms
04-21 12:03:03.335 508 508 I SystemServerTiming: ssm.onStartUser-0_com.android.server.SystemConfigService
04-21 12:03:03.335 508 508 D SystemServerTiming: ssm.onStartUser-0_com.android.server.SystemConfigService took to complete: 0ms
04-21 12:03:03.335 508 508 I SystemServerTiming: ssm.onStartUser-0_com.android.server.BatteryService
04-21 12:03:03.335 508 508 D SystemServerTiming: ssm.onStartUser-0_com.android.server.BatteryService took to complete: 0ms
04-21 12:03:03.335 508 508 I SystemServerTiming: ssm.onStartUser-0_com.android.server.usage.UsageStatsService
04-21 12:03:03.335 508 508 D SystemServerTiming: ssm.onStartUser-0_com.android.server.usage.UsageStatsService took to complete: 0ms
04-21 12:03:03.335 508 508 I SystemServerTiming: ssm.onStartUser-0_com.android.server.webkit.WebViewUpdateService
04-21 12:03:03.335 508 508 D SystemServerTiming: ssm.onStartUser-0_com.android.server.webkit.WebViewUpdateService took to complete: 0ms
04-21 12:03:03.335 508 508 I SystemServerTiming: ssm.onStartUser-0_com.android.server.CachedDeviceStateService
04-21 12:03:03.335 508 508 D SystemServerTiming: ssm.onStartUser-0_com.android.server.CachedDeviceStateService took to complete: 0ms
04-21 12:03:03.335 508 508 I SystemServerTiming: ssm.onStartUser-0_com.android.server.BinderCallsStatsService$LifeCycle
04-21 12:03:03.335 508 508 D SystemServerTiming: ssm.onStartUser-0_com.android.server.BinderCallsStatsService$LifeCycle took to complete: 0ms
04-21 12:03:03.335 508 508 I SystemServerTiming: ssm.onStartUser-0_com.android.server.LooperStatsService$Lifecycle
04-21 12:03:03.335 508 508 D SystemServerTiming: ssm.onStartUser-0_com.android.server.LooperStatsService$Lifecycle took to complete: 0ms
04-21 12:03:03.335 508 508 I SystemServerTiming: ssm.onStartUser-0_com.android.server.rollback.RollbackManagerService
04-21 12:03:03.335 508 508 D SystemServerTiming: ssm.onStartUser-0_com.android.server.rollback.RollbackManagerService took to complete: 0ms
04-21 12:03:03.335 508 508 I SystemServerTiming: ssm.onStartUser-0_com.android.server.os.BugreportManagerService
04-21 12:03:03.335 508 508 D SystemServerTiming: ssm.onStartUser-0_com.android.server.os.BugreportManagerService took to complete: 0ms
04-21 12:03:03.336 508 508 I SystemServerTiming: ssm.onStartUser-0_com.android.server.gpu.GpuService
04-21 12:03:03.336 508 508 D SystemServerTiming: ssm.onStartUser-0_com.android.server.gpu.GpuService took to complete: 0ms
04-21 12:03:03.336 508 508 I SystemServerTiming: ssm.onStartUser-0_com.android.server.security.KeyChainSystemService
04-21 12:03:03.336 508 508 D SystemServerTiming: ssm.onStartUser-0_com.android.server.security.KeyChainSystemService took to complete: 0ms
04-21 12:03:03.336 508 508 I SystemServerTiming: ssm.onStartUser-0_com.android.server.telecom.TelecomLoaderService
04-21 12:03:03.336 508 508 D SystemServerTiming: ssm.onStartUser-0_com.android.server.telecom.TelecomLoaderService took to complete: 0ms
04-21 12:03:03.336 508 508 I SystemServerTiming: ssm.onStartUser-0_com.android.server.accounts.AccountManagerService$Lifecycle
04-21 12:03:03.336 508 508 D SystemServerTiming: ssm.onStartUser-0_com.android.server.accounts.AccountManagerService$Lifecycle took to complete: 0ms
04-21 12:03:03.336 508 508 I SystemServerTiming: ssm.onStartUser-0_com.android.server.content.ContentService$Lifecycle
04-21 12:03:03.336 508 508 D SystemServerTiming: ssm.onStartUser-0_com.android.server.content.ContentService$Lifecycle took to complete: 0ms
04-21 12:03:03.336 508 508 I SystemServerTiming: ssm.onStartUser-0_com.android.server.DropBoxManagerService
04-21 12:03:03.336 508 508 D SystemServerTiming: ssm.onStartUser-0_com.android.server.DropBoxManagerService took to complete: 0ms
04-21 12:03:03.336 508 508 I SystemServerTiming: ssm.onStartUser-0_com.android.server.AlarmManagerService
04-21 12:03:03.336 508 508 D SystemServerTiming: ssm.onStartUser-0_com.android.server.AlarmManagerService took to complete: 0ms
04-21 12:03:03.336 508 508 I SystemServerTiming: ssm.onStartUser-0_com.android.server.BluetoothService
04-21 12:03:03.336 508 508 D SystemServerTiming: ssm.onStartUser-0_com.android.server.BluetoothService took to complete: 0ms
04-21 12:03:03.336 508 508 I SystemServerTiming: ssm.onStartUser-0_com.android.server.connectivity.IpConnectivityMetrics
04-21 12:03:03.336 508 508 D SystemServerTiming: ssm.onStartUser-0_com.android.server.connectivity.IpConnectivityMetrics took to complete: 0ms
04-21 12:03:03.336 508 508 I SystemServerTiming: ssm.onStartUser-0_com.android.server.net.watchlist.NetworkWatchlistService$Lifecycle
04-21 12:03:03.336 508 508 D SystemServerTiming: ssm.onStartUser-0_com.android.server.net.watchlist.NetworkWatchlistService$Lifecycle took to complete: 0ms
04-21 12:03:03.336 508 508 I SystemServerTiming: ssm.onStartUser-0_com.android.server.PinnerService
04-21 12:03:03.336 508 508 D SystemServerTiming: ssm.onStartUser-0_com.android.server.PinnerService took to complete: 0ms
04-21 12:03:03.336 508 508 I SystemServerTiming: ssm.onStartUser-0_com.google.android.startop.iorap.IorapForwardingService
04-21 12:03:03.336 508 508 D SystemServerTiming: ssm.onStartUser-0_com.google.android.startop.iorap.IorapForwardingService took to complete: 0ms
04-21 12:03:03.336 508 508 I SystemServerTiming: ssm.onStartUser-0_com.android.server.integrity.AppIntegrityManagerService
04-21 12:03:03.336 508 508 D SystemServerTiming: ssm.onStartUser-0_com.android.server.integrity.AppIntegrityManagerService took to complete: 0ms
04-21 12:03:03.336 508 508 I SystemServerTiming: ssm.onStartUser-0_com.android.server.inputmethod.InputMethodManagerService$Lifecycle
04-21 12:03:03.337 508 508 D SystemServerTiming: ssm.onStartUser-0_com.android.server.inputmethod.InputMethodManagerService$Lifecycle took to complete: 0ms
04-21 12:03:03.337 508 508 I SystemServerTiming: ssm.onStartUser-0_com.android.server.accessibility.AccessibilityManagerService$Lifecycle
04-21 12:03:03.337 508 508 D SystemServerTiming: ssm.onStartUser-0_com.android.server.accessibility.AccessibilityManagerService$Lifecycle took to complete: 0ms
04-21 12:03:03.337 508 508 I SystemServerTiming: ssm.onStartUser-0_com.android.server.StorageManagerService$Lifecycle
04-21 12:03:03.337 429 486 V C2Store : in ~ComponentModule
04-21 12:03:03.337 429 486 V C2Store : unloading dll
04-21 12:03:03.337 429 486 V C2Store : in init
04-21 12:03:03.337 429 486 V C2Store : loading dll
04-21 12:03:03.337 741 741 I Zygote : seccomp disabled by setenforce 0
04-21 12:03:03.342 508 508 V StorageManagerService: Package com.android.cts.priv.ctsshim does not have legacy storage
04-21 12:03:03.343 508 508 V StorageManagerService: Package com.android.internal.display.cutout.emulation.corner does not have legacy storage
04-21 12:03:03.343 508 508 V StorageManagerService: Package com.example.android.livecubes does not have legacy storage
04-21 12:03:03.343 508 508 V StorageManagerService: Package com.android.internal.display.cutout.emulation.double does not have legacy storage
04-21 12:03:03.343 508 508 V StorageManagerService: Package com.android.providers.telephony does not have legacy storage
04-21 12:03:03.343 508 508 V StorageManagerService: Package com.android.dynsystem does not have legacy storage
04-21 12:03:03.343 508 508 V StorageManagerService: Package com.fsl.ethernet does not have legacy storage
04-21 12:03:03.343 508 508 V StorageManagerService: Package com.android.theme.color.amethyst does not have legacy storage
04-21 12:03:03.343 508 508 V StorageManagerService: Package com.android.theme.icon.pebble does not have legacy storage
04-21 12:03:03.343 508 508 V StorageManagerService: Package com.android.providers.calendar does not have legacy storage
04-21 12:03:03.343 508 508 V StorageManagerService: Package com.android.providers.media has legacy storage
04-21 12:03:03.343 508 508 V StorageManagerService: Package com.android.internal.systemui.navbar.gestural_wide_back does not have legacy storage
04-21 12:03:03.343 508 508 V StorageManagerService: Package com.android.theme.color.sand does not have legacy storage
04-21 12:03:03.344 508 508 V StorageManagerService: Package com.android.wallpapercropper does not have legacy storage
04-21 12:03:03.344 508 508 V StorageManagerService: Package com.android.theme.icon.vessel does not have legacy storage
04-21 12:03:03.344 508 508 V StorageManagerService: Package com.android.theme.color.cinnamon does not have legacy storage
04-21 12:03:03.345 508 508 V StorageManagerService: Package com.android.theme.icon_pack.victor.settings does not have legacy storage
04-21 12:03:03.345 508 508 V StorageManagerService: Package com.android.theme.icon_pack.rounded.systemui does not have legacy storage
04-21 12:03:03.345 508 508 V StorageManagerService: Package com.nxp.directaudioplayer has legacy storage
04-21 12:03:03.345 508 508 V StorageManagerService: Package com.android.theme.icon.taperedrect does not have legacy storage
04-21 12:03:03.345 508 508 V StorageManagerService: Package com.android.documentsui does not have legacy storage
04-21 12:03:03.346 508 508 V StorageManagerService: Package com.android.externalstorage has legacy storage
04-21 12:03:03.346 508 508 V StorageManagerService: Package com.android.htmlviewer does not have legacy storage
04-21 12:03:03.346 508 508 V StorageManagerService: Package com.android.companiondevicemanager does not have legacy storage
04-21 12:03:03.346 508 508 V StorageManagerService: Package com.android.quicksearchbox does not have legacy storage
04-21 12:03:03.346 508 508 V StorageManagerService: Package com.android.mms.service does not have legacy storage
04-21 12:03:03.346 508 508 V StorageManagerService: Package com.android.providers.downloads has legacy storage
04-21 12:03:03.346 508 508 V StorageManagerService: Package com.android.theme.icon_pack.rounded.android does not have legacy storage
04-21 12:03:03.346 508 508 V StorageManagerService: Package com.android.theme.icon_pack.victor.systemui does not have legacy storage
04-21 12:03:03.346 508 508 V StorageManagerService: Package com.android.theme.icon_pack.circular.themepicker does not have legacy storage
04-21 12:03:03.346 508 508 V StorageManagerService: Package com.android.soundrecorder does not have legacy storage
04-21 12:03:03.346 508 508 V StorageManagerService: Package com.android.theme.color.tangerine does not have legacy storage
04-21 12:03:03.346 508 508 V StorageManagerService: Package com.android.providers.downloads.ui has legacy storage
04-21 12:03:03.346 508 508 V StorageManagerService: Package com.android.pacprocessor does not have legacy storage
04-21 12:03:03.346 508 508 V StorageManagerService: Package com.android.simappdialog does not have legacy storage
04-21 12:03:03.347 508 508 V StorageManagerService: Package com.android.networkstack does not have legacy storage
04-21 12:03:03.347 508 508 V StorageManagerService: Package com.android.theme.color.aquamarine does not have legacy storage
04-21 12:03:03.347 508 508 V StorageManagerService: Package com.android.internal.display.cutout.emulation.hole does not have legacy storage
04-21 12:03:03.347 508 508 V StorageManagerService: Package com.android.internal.display.cutout.emulation.tall does not have legacy storage
04-21 12:03:03.347 508 508 V StorageManagerService: Package com.android.modulemetadata does not have legacy storage
04-21 12:03:03.347 508 508 V StorageManagerService: Package com.android.certinstaller does not have legacy storage
04-21 12:03:03.347 508 508 V StorageManagerService: Package com.android.theme.color.black does not have legacy storage
04-21 12:03:03.348 508 508 V StorageManagerService: Package com.android.carrierconfig does not have legacy storage
04-21 12:03:03.348 508 508 V StorageManagerService: Package com.android.theme.color.green does not have legacy storage
04-21 12:03:03.348 508 508 V StorageManagerService: Package com.android.theme.color.ocean does not have legacy storage
04-21 12:03:03.348 508 508 V StorageManagerService: Package com.android.theme.color.space does not have legacy storage
04-21 12:03:03.348 508 508 V StorageManagerService: Package com.android.internal.systemui.navbar.threebutton does not have legacy storage
04-21 12:03:03.348 508 508 V StorageManagerService: Package android does not have legacy storage
04-21 12:03:03.349 508 508 V StorageManagerService: Package com.android.contacts does not have legacy storage
04-21 12:03:03.349 508 508 V StorageManagerService: Package com.android.camera2 has legacy storage
04-21 12:03:03.349 508 508 V StorageManagerService: Package com.android.theme.icon_pack.rounded.launcher does not have legacy storage
04-21 12:03:03.349 508 508 V StorageManagerService: Package com.android.theme.icon_pack.kai.settings does not have legacy storage
04-21 12:03:03.349 508 508 V StorageManagerService: Package com.android.egg does not have legacy storage
04-21 12:03:03.349 508 508 V StorageManagerService: Package com.android.mtp has legacy storage
04-21 12:03:03.349 508 508 V StorageManagerService: Package com.android.nfc does not have legacy storage
04-21 12:03:03.349 508 508 V StorageManagerService: Package com.android.ons does not have legacy storage
04-21 12:03:03.349 508 508 V StorageManagerService: Package com.android.launcher3 does not have legacy storage
04-21 12:03:03.349 508 508 V StorageManagerService: Package com.android.backupconfirm does not have legacy storage
04-21 12:03:03.349 508 508 V StorageManagerService: Package com.android.provision does not have legacy storage
04-21 12:03:03.349 508 508 V StorageManagerService: Package com.android.statementservice does not have legacy storage
04-21 12:03:03.349 508 508 V StorageManagerService: Package com.android.theme.icon_pack.sam.settings does not have legacy storage
04-21 12:03:03.349 508 508 V StorageManagerService: Package com.android.settings.intelligence does not have legacy storage
04-21 12:03:03.350 508 508 V StorageManagerService: Package com.android.calendar does not have legacy storage
04-21 12:03:03.350 508 508 V StorageManagerService: Package com.android.internal.systemui.navbar.gestural_extra_wide_back does not have legacy storage
04-21 12:03:03.350 508 508 V StorageManagerService: Package com.android.theme.icon_pack.kai.themepicker does not have legacy storage
04-21 12:03:03.350 508 508 V StorageManagerService: Package com.android.providers.settings does not have legacy storage
04-21 12:03:03.350 508 508 V StorageManagerService: Package com.android.wifi.resources.imx does not have legacy storage
04-21 12:03:03.350 508 508 V StorageManagerService: Package com.android.sharedstoragebackup has legacy storage
04-21 12:03:03.350 508 508 V StorageManagerService: Package com.android.theme.icon_pack.victor.launcher does not have legacy storage
04-21 12:03:03.350 508 508 V StorageManagerService: Package com.android.printspooler does not have legacy storage
04-21 12:03:03.350 508 508 V StorageManagerService: Package com.android.theme.icon_pack.filled.settings does not have legacy storage
04-21 12:03:03.350 508 508 V StorageManagerService: Package com.android.dreams.basic does not have legacy storage
04-21 12:03:03.350 508 508 V StorageManagerService: Package com.android.theme.icon_pack.kai.systemui does not have legacy storage
04-21 12:03:03.350 508 508 V StorageManagerService: Package com.android.webview does not have legacy storage
04-21 12:03:03.350 508 508 V StorageManagerService: Package com.android.se does not have legacy storage
04-21 12:03:03.350 508 508 V StorageManagerService: Package com.android.inputdevices does not have legacy storage
04-21 12:03:03.351 508 508 V StorageManagerService: Package com.android.bips does not have legacy storage
04-21 12:03:03.351 508 508 V StorageManagerService: Package com.android.theme.icon_pack.circular.settings does not have legacy storage
04-21 12:03:03.351 508 508 V StorageManagerService: Package com.android.musicfx does not have legacy storage
04-21 12:03:03.351 508 508 V StorageManagerService: Package com.android.theme.icon_pack.sam.systemui does not have legacy storage
04-21 12:03:03.351 508 508 V StorageManagerService: Package com.android.cellbroadcastreceiver does not have legacy storage
04-21 12:03:03.351 508 508 V StorageManagerService: Package com.android.theme.icon.teardrop does not have legacy storage
04-21 12:03:03.351 508 508 V StorageManagerService: Package android.ext.shared does not have legacy storage
04-21 12:03:03.351 508 508 V StorageManagerService: Package com.android.onetimeinitializer does not have legacy storage
04-21 12:03:03.352 508 508 V StorageManagerService: Package com.android.server.telecom does not have legacy storage
04-21 12:03:03.352 508 508 V StorageManagerService: Package com.android.cellbroadcastservice does not have legacy storage
04-21 12:03:03.353 508 508 V StorageManagerService: Package com.android.theme.icon_pack.rounded.themepicker does not have legacy storage
04-21 12:03:03.353 508 508 V StorageManagerService: Package com.android.keychain does not have legacy storage
04-21 12:03:03.353 508 508 V StorageManagerService: Package com.android.printservice.recommendation does not have legacy storage
04-21 12:03:03.353 508 508 V StorageManagerService: Package com.android.dialer has legacy storage
04-21 12:03:03.353 508 508 V StorageManagerService: Package com.android.gallery3d has legacy storage
04-21 12:03:03.353 508 508 V StorageManagerService: Package com.android.theme.icon_pack.filled.systemui does not have legacy storage
04-21 12:03:03.353 508 508 V StorageManagerService: Package android.ext.services does not have legacy storage
04-21 12:03:03.353 508 508 V StorageManagerService: Package com.android.wifi.resources does not have legacy storage
04-21 12:03:03.353 508 508 V StorageManagerService: Package com.android.calllogbackup does not have legacy storage
04-21 12:03:03.353 508 508 V StorageManagerService: Package com.android.localtransport does not have legacy storage
04-21 12:03:03.353 508 508 V StorageManagerService: Package com.android.packageinstaller does not have legacy storage
04-21 12:03:03.354 508 508 V StorageManagerService: Package com.android.carrierdefaultapp does not have legacy storage
04-21 12:03:03.354 508 508 V StorageManagerService: Package com.android.theme.icon_pack.sam.android does not have legacy storage
04-21 12:03:03.354 508 508 V StorageManagerService: Package com.android.theme.font.notoserifsource does not have legacy storage
04-21 12:03:03.354 508 508 V StorageManagerService: Package com.android.theme.icon_pack.filled.android does not have legacy storage
04-21 12:03:03.354 508 508 V StorageManagerService: Package com.android.proxyhandler does not have legacy storage
04-21 12:03:03.354 508 508 V StorageManagerService: Package com.android.internal.display.cutout.emulation.waterfall does not have legacy storage
04-21 12:03:03.354 508 508 V StorageManagerService: Package com.android.theme.icon_pack.circular.systemui does not have legacy storage
04-21 12:03:03.354 508 508 V StorageManagerService: Package com.android.inputmethod.latin has legacy storage
04-21 12:03:03.354 508 508 V StorageManagerService: Package org.chromium.webview_shell has legacy storage
04-21 12:03:03.354 508 508 V StorageManagerService: Package com.android.theme.icon_pack.kai.android does not have legacy storage
04-21 12:03:03.354 508 508 V StorageManagerService: Package com.android.managedprovisioning does not have legacy storage
04-21 12:03:03.354 508 508 V StorageManagerService: Package com.android.networkstack.tethering does not have legacy storage
04-21 12:03:03.355 508 508 V StorageManagerService: Package com.android.soundpicker has legacy storage
04-21 12:03:03.355 508 508 V StorageManagerService: Package com.android.theme.icon_pack.kai.launcher does not have legacy storage
04-21 12:03:03.355 508 508 V StorageManagerService: Package com.android.wallpaper.livepicker does not have legacy storage
04-21 12:03:03.355 508 508 V StorageManagerService: Package com.android.cellbroadcastreceiver.module does not have legacy storage
04-21 12:03:03.355 508 508 V StorageManagerService: Package com.android.theme.icon_pack.sam.launcher does not have legacy storage
04-21 12:03:03.355 508 508 V StorageManagerService: Package com.android.theme.icon.squircle does not have legacy storage
04-21 12:03:03.355 508 508 V StorageManagerService: Package com.android.theme.icon_pack.victor.android does not have legacy storage
04-21 12:03:03.356 508 508 V StorageManagerService: Package com.android.storagemanager does not have legacy storage
04-21 12:03:03.356 508 508 V StorageManagerService: Package com.android.theme.color.palette does not have legacy storage
04-21 12:03:03.356 448 468 I adbd : jdwp connection from 741
04-21 12:03:03.356 508 508 V StorageManagerService: Package com.android.bookmarkprovider does not have legacy storage
04-21 12:03:03.356 508 508 V StorageManagerService: Package com.android.settings does not have legacy storage
04-21 12:03:03.356 508 508 V StorageManagerService: Package com.android.theme.icon_pack.filled.launcher does not have legacy storage
04-21 12:03:03.357 508 508 V StorageManagerService: Package com.android.networkstack.permissionconfig does not have legacy storage
04-21 12:03:03.357 508 508 V StorageManagerService: Package com.freescale.cactusplayer has legacy storage
04-21 12:03:03.357 508 508 V StorageManagerService: Package com.android.cts.ctsshim does not have legacy storage
04-21 12:03:03.357 508 508 V StorageManagerService: Package com.android.theme.color.carbon does not have legacy storage
04-21 12:03:03.357 508 508 V StorageManagerService: Package com.example.android.systemupdatersample does not have legacy storage
04-21 12:03:03.357 508 508 V StorageManagerService: Package com.android.theme.icon_pack.circular.launcher does not have legacy storage
04-21 12:03:03.357 508 508 V StorageManagerService: Package com.android.vpndialogs does not have legacy storage
04-21 12:03:03.357 508 508 V StorageManagerService: Package com.example.android.camera2.basic does not have legacy storage
04-21 12:03:03.357 508 508 V StorageManagerService: Package com.android.music does not have legacy storage
04-21 12:03:03.357 508 508 V StorageManagerService: Package com.android.phone does not have legacy storage
04-21 12:03:03.357 508 508 V StorageManagerService: Package com.android.shell has legacy storage
04-21 12:03:03.358 508 508 V StorageManagerService: Package com.android.theme.icon_pack.filled.themepicker does not have legacy storage
04-21 12:03:03.358 508 508 V StorageManagerService: Package com.android.wallpaperbackup does not have legacy storage
04-21 12:03:03.358 508 508 V StorageManagerService: Package com.android.providers.blockednumber does not have legacy storage
04-21 12:03:03.358 508 508 V StorageManagerService: Package com.android.providers.userdictionary does not have legacy storage
04-21 12:03:03.358 508 508 V StorageManagerService: Package com.android.providers.media.module has legacy storage
04-21 12:03:03.358 508 508 V StorageManagerService: Package com.android.emergency does not have legacy storage
