04-21 12:03:02.789 508 508 I SystemServerTiming: OnBootPhase_550_com.android.server.recoverysystem.RecoverySystemService$Lifecycle
04-21 12:03:02.789 508 508 D SystemServerTiming: OnBootPhase_550_com.android.server.recoverysystem.RecoverySystemService$Lifecycle took to complete: 0ms
04-21 12:03:02.789 508 508 I SystemServerTiming: OnBootPhase_550_com.android.server.lights.LightsService
04-21 12:03:02.789 508 508 D SystemServerTiming: OnBootPhase_550_com.android.server.lights.LightsService took to complete: 0ms
04-21 12:03:02.789 508 508 I SystemServerTiming: OnBootPhase_550_com.android.server.display.DisplayManagerService
04-21 12:03:02.789 508 508 D SystemServerTiming: OnBootPhase_550_com.android.server.display.DisplayManagerService took to complete: 0ms
04-21 12:03:02.789 508 508 I SystemServerTiming: OnBootPhase_550_com.android.server.pm.UserManagerService$LifeCycle
04-21 12:03:02.789 508 508 D SystemServerTiming: OnBootPhase_550_com.android.server.pm.UserManagerService$LifeCycle took to complete: 0ms
04-21 12:03:02.789 508 508 I SystemServerTiming: OnBootPhase_550_com.android.server.om.OverlayManagerService
04-21 12:03:02.789 508 508 D SystemServerTiming: OnBootPhase_550_com.android.server.om.OverlayManagerService took to complete: 0ms
04-21 12:03:02.789 508 508 I SystemServerTiming: OnBootPhase_550_com.android.server.SensorPrivacyService
04-21 12:03:02.789 508 508 D SystemServerTiming: OnBootPhase_550_com.android.server.SensorPrivacyService took to complete: 0ms
04-21 12:03:02.789 508 508 I SystemServerTiming: OnBootPhase_550_com.android.server.SystemConfigService
04-21 12:03:02.790 508 508 D SystemServerTiming: OnBootPhase_550_com.android.server.SystemConfigService took to complete: 0ms
04-21 12:03:02.790 508 508 I SystemServerTiming: OnBootPhase_550_com.android.server.BatteryService
04-21 12:03:02.791 508 508 D SystemServerTiming: OnBootPhase_550_com.android.server.BatteryService took to complete: 1ms
04-21 12:03:02.791 508 508 I SystemServerTiming: OnBootPhase_550_com.android.server.usage.UsageStatsService
04-21 12:03:02.791 508 508 D SystemServerTiming: OnBootPhase_550_com.android.server.usage.UsageStatsService took to complete: 0ms
04-21 12:03:02.791 508 508 I SystemServerTiming: OnBootPhase_550_com.android.server.webkit.WebViewUpdateService
04-21 12:03:02.791 508 508 D SystemServerTiming: OnBootPhase_550_com.android.server.webkit.WebViewUpdateService took to complete: 0ms
04-21 12:03:02.791 508 508 I SystemServerTiming: OnBootPhase_550_com.android.server.CachedDeviceStateService
04-21 12:03:02.791 508 508 D SystemServerTiming: OnBootPhase_550_com.android.server.CachedDeviceStateService took to complete: 0ms
04-21 12:03:02.791 508 508 I SystemServerTiming: OnBootPhase_550_com.android.server.BinderCallsStatsService$LifeCycle
04-21 12:03:02.791 508 508 D SystemServerTiming: OnBootPhase_550_com.android.server.BinderCallsStatsService$LifeCycle took to complete: 0ms
04-21 12:03:02.791 508 508 I SystemServerTiming: OnBootPhase_550_com.android.server.LooperStatsService$Lifecycle
04-21 12:03:02.791 508 508 D SystemServerTiming: OnBootPhase_550_com.android.server.LooperStatsService$Lifecycle took to complete: 0ms
04-21 12:03:02.791 508 508 I SystemServerTiming: OnBootPhase_550_com.android.server.rollback.RollbackManagerService
04-21 12:03:02.791 508 508 D SystemServerTiming: OnBootPhase_550_com.android.server.rollback.RollbackManagerService took to complete: 0ms
04-21 12:03:02.791 508 508 I SystemServerTiming: OnBootPhase_550_com.android.server.os.BugreportManagerService
04-21 12:03:02.791 508 508 D SystemServerTiming: OnBootPhase_550_com.android.server.os.BugreportManagerService took to complete: 0ms
04-21 12:03:02.791 508 508 I SystemServerTiming: OnBootPhase_550_com.android.server.gpu.GpuService
04-21 12:03:02.791 508 508 D SystemServerTiming: OnBootPhase_550_com.android.server.gpu.GpuService took to complete: 0ms
04-21 12:03:02.791 508 508 I SystemServerTiming: OnBootPhase_550_com.android.server.security.KeyChainSystemService
04-21 12:03:02.791 508 508 D SystemServerTiming: OnBootPhase_550_com.android.server.security.KeyChainSystemService took to complete: 0ms
04-21 12:03:02.791 508 508 I SystemServerTiming: OnBootPhase_550_com.android.server.telecom.TelecomLoaderService
04-21 12:03:02.794 508 508 W ActivityManager: Too early to start/bind service in system_server: Phase=550 ComponentInfo{com.android.server.telecom/com.android.server.telecom.components.TelecomService}
04-21 12:03:02.794 334 334 D ZygoteInitTiming_lazy: PreloadResources took to complete: 63ms
04-21 12:03:02.795 508 508 W ActivityManager: Too early to start/bind service in system_server: Phase=550 ComponentInfo{com.android.server.telecom/com.android.server.telecom.components.TelecomService}
04-21 12:03:02.795 508 508 D SystemServerTiming: OnBootPhase_550_com.android.server.telecom.TelecomLoaderService took to complete: 4ms
04-21 12:03:02.795 508 508 I SystemServerTiming: OnBootPhase_550_com.android.server.accounts.AccountManagerService$Lifecycle
04-21 12:03:02.795 508 508 D SystemServerTiming: OnBootPhase_550_com.android.server.accounts.AccountManagerService$Lifecycle took to complete: 0ms
04-21 12:03:02.795 508 508 I SystemServerTiming: OnBootPhase_550_com.android.server.content.ContentService$Lifecycle
04-21 12:03:02.799 508 508 I SyncManager: No initial accounts
04-21 12:03:02.803 508 508 D SystemServerTiming: OnBootPhase_550_com.android.server.content.ContentService$Lifecycle took to complete: 8ms
04-21 12:03:02.803 508 508 I SystemServerTiming: OnBootPhase_550_com.android.server.DropBoxManagerService
04-21 12:03:02.803 508 508 D SystemServerTiming: OnBootPhase_550_com.android.server.DropBoxManagerService took to complete: 0ms
04-21 12:03:02.803 508 508 I SystemServerTiming: OnBootPhase_550_com.android.server.AlarmManagerService
04-21 12:03:02.804 508 508 D SystemServerTiming: OnBootPhase_550_com.android.server.AlarmManagerService took to complete: 0ms
04-21 12:03:02.804 508 508 I SystemServerTiming: OnBootPhase_550_com.android.server.BluetoothService
04-21 12:03:02.804 508 508 D BluetoothManagerService: Bluetooth boot completed
04-21 12:03:02.804 508 508 D BluetoothManagerService: Getting adapter name and address
04-21 12:03:02.806 508 527 D BluetoothManagerService: MESSAGE_GET_NAME_AND_ADDRESS
04-21 12:03:02.806 508 527 D BluetoothManagerService: Binding to service to get name and address
04-21 12:03:02.806 508 508 D SystemServerTiming: OnBootPhase_550_com.android.server.BluetoothService took to complete: 3ms
04-21 12:03:02.806 508 508 I SystemServerTiming: OnBootPhase_550_com.android.server.connectivity.IpConnectivityMetrics
04-21 12:03:02.806 508 508 D SystemServerTiming: OnBootPhase_550_com.android.server.connectivity.IpConnectivityMetrics took to complete: 0ms
04-21 12:03:02.806 508 508 I SystemServerTiming: OnBootPhase_550_com.android.server.net.watchlist.NetworkWatchlistService$Lifecycle
04-21 12:03:02.808 508 527 I am_uid_running: 1002
04-21 12:03:02.811 508 527 D CompatibilityChangeReporter: Compat change id reported: 135634846; UID 1002; state: DISABLED
04-21 12:03:02.811 508 527 D CompatibilityChangeReporter: Compat change id reported: 135754954; UID 1002; state: ENABLED
04-21 12:03:02.813 508 508 D SystemServerTiming: OnBootPhase_550_com.android.server.net.watchlist.NetworkWatchlistService$Lifecycle took to complete: 6ms
04-21 12:03:02.813 508 508 I SystemServerTiming: OnBootPhase_550_com.android.server.PinnerService
04-21 12:03:02.813 508 508 D SystemServerTiming: OnBootPhase_550_com.android.server.PinnerService took to complete: 0ms
04-21 12:03:02.813 508 508 I SystemServerTiming: OnBootPhase_550_com.google.android.startop.iorap.IorapForwardingService
04-21 12:03:02.813 508 508 D SystemServerTiming: OnBootPhase_550_com.google.android.startop.iorap.IorapForwardingService took to complete: 0ms
04-21 12:03:02.813 508 508 I SystemServerTiming: OnBootPhase_550_com.android.server.integrity.AppIntegrityManagerService
04-21 12:03:02.813 508 508 D SystemServerTiming: OnBootPhase_550_com.android.server.integrity.AppIntegrityManagerService took to complete: 0ms
04-21 12:03:02.813 508 508 I SystemServerTiming: OnBootPhase_550_com.android.server.inputmethod.InputMethodManagerService$Lifecycle
04-21 12:03:02.880 508 574 I commit_sys_config_file: [settings-0-0,8]
04-21 12:03:02.889 508 508 W SystemServiceManager: Service com.android.server.inputmethod.InputMethodManagerService$Lifecycle took 77 ms in onBootPhase
04-21 12:03:02.889 508 508 D SystemServerTiming: OnBootPhase_550_com.android.server.inputmethod.InputMethodManagerService$Lifecycle took to complete: 77ms
04-21 12:03:02.889 508 508 I SystemServerTiming: OnBootPhase_550_com.android.server.accessibility.AccessibilityManagerService$Lifecycle
04-21 12:03:02.890 508 508 D SystemServerTiming: OnBootPhase_550_com.android.server.accessibility.AccessibilityManagerService$Lifecycle took to complete: 0ms
04-21 12:03:02.890 508 508 I SystemServerTiming: OnBootPhase_550_com.android.server.StorageManagerService$Lifecycle
04-21 12:03:02.890 508 508 D SystemServerTiming: OnBootPhase_550_com.android.server.StorageManagerService$Lifecycle took to complete: 0ms
04-21 12:03:02.890 508 508 I SystemServerTiming: OnBootPhase_550_com.android.server.usage.StorageStatsService$Lifecycle
04-21 12:03:02.890 508 508 D SystemServerTiming: OnBootPhase_550_com.android.server.usage.StorageStatsService$Lifecycle took to complete: 0ms
04-21 12:03:02.890 508 508 I SystemServerTiming: OnBootPhase_550_com.android.server.UiModeManagerService
04-21 12:03:02.890 508 508 D SystemServerTiming: OnBootPhase_550_com.android.server.UiModeManagerService took to complete: 0ms
04-21 12:03:02.890 508 508 I SystemServerTiming: OnBootPhase_550_com.android.server.locksettings.LockSettingsService$Lifecycle
04-21 12:03:02.891 508 508 D SystemServerTiming: OnBootPhase_550_com.android.server.locksettings.LockSettingsService$Lifecycle took to complete: 1ms
04-21 12:03:02.891 508 508 I SystemServerTiming: OnBootPhase_550_com.android.server.PersistentDataBlockService
04-21 12:03:02.891 508 508 D SystemServerTiming: OnBootPhase_550_com.android.server.PersistentDataBlockService took to complete: 0ms
04-21 12:03:02.891 508 508 I SystemServerTiming: OnBootPhase_550_com.android.server.testharness.TestHarnessModeService
04-21 12:03:02.891 508 508 D SystemServerTiming: OnBootPhase_550_com.android.server.testharness.TestHarnessModeService took to complete: 0ms
04-21 12:03:02.891 508 508 I SystemServerTiming: OnBootPhase_550_com.android.server.oemlock.OemLockService
04-21 12:03:02.891 508 508 D SystemServerTiming: OnBootPhase_550_com.android.server.oemlock.OemLockService took to complete: 0ms
04-21 12:03:02.891 508 508 I SystemServerTiming: OnBootPhase_550_com.android.server.DeviceIdleController
04-21 12:03:02.891 508 508 D SystemServerTiming: OnBootPhase_550_com.android.server.DeviceIdleController took to complete: 0ms
04-21 12:03:02.891 508 508 I SystemServerTiming: OnBootPhase_550_com.android.server.devicepolicy.DevicePolicyManagerService$Lifecycle
04-21 12:03:02.892 508 508 D SystemServerTiming: OnBootPhase_550_com.android.server.devicepolicy.DevicePolicyManagerService$Lifecycle took to complete: 0ms
04-21 12:03:02.892 508 508 I SystemServerTiming: OnBootPhase_550_com.android.server.textservices.TextServicesManagerService$Lifecycle
04-21 12:03:02.892 508 508 D SystemServerTiming: OnBootPhase_550_com.android.server.textservices.TextServicesManagerService$Lifecycle took to complete: 0ms
04-21 12:03:02.892 508 508 I SystemServerTiming: OnBootPhase_550_com.android.server.textclassifier.TextClassificationManagerService$Lifecycle
04-21 12:03:02.892 508 508 D SystemServerTiming: OnBootPhase_550_com.android.server.textclassifier.TextClassificationManagerService$Lifecycle took to complete: 0ms
04-21 12:03:02.892 508 508 I SystemServerTiming: OnBootPhase_550_com.android.server.NetworkScoreService$Lifecycle
04-21 12:03:02.892 508 508 D SystemServerTiming: OnBootPhase_550_com.android.server.NetworkScoreService$Lifecycle took to complete: 0ms
04-21 12:03:02.892 508 508 I SystemServerTiming: OnBootPhase_550_com.android.server.wifi.WifiService
04-21 12:03:02.892 508 508 D SystemServerTiming: OnBootPhase_550_com.android.server.wifi.WifiService took to complete: 0ms
04-21 12:03:02.892 508 508 I SystemServerTiming: OnBootPhase_550_com.android.server.wifi.scanner.WifiScanningService
04-21 12:03:02.892 508 508 D SystemServerTiming: OnBootPhase_550_com.android.server.wifi.scanner.WifiScanningService took to complete: 0ms
04-21 12:03:02.892 508 508 I SystemServerTiming: OnBootPhase_550_com.android.server.wifi.p2p.WifiP2pService
04-21 12:03:02.892 508 508 D SystemServerTiming: OnBootPhase_550_com.android.server.wifi.p2p.WifiP2pService took to complete: 0ms
04-21 12:03:02.892 508 508 I SystemServerTiming: OnBootPhase_550_com.android.server.ethernet.EthernetService
04-21 12:03:02.892 508 508 D SystemServerTiming: OnBootPhase_550_com.android.server.ethernet.EthernetService took to complete: 0ms
04-21 12:03:02.892 508 508 I SystemServerTiming: OnBootPhase_550_com.android.server.notification.NotificationManagerService
04-21 12:03:02.892 508 508 D SystemServerTiming: OnBootPhase_550_com.android.server.notification.NotificationManagerService took to complete: 0ms
04-21 12:03:02.892 508 508 I SystemServerTiming: OnBootPhase_550_com.android.server.storage.DeviceStorageMonitorService
04-21 12:03:02.892 508 508 D SystemServerTiming: OnBootPhase_550_com.android.server.storage.DeviceStorageMonitorService took to complete: 0ms
04-21 12:03:02.892 508 508 I SystemServerTiming: OnBootPhase_550_com.android.server.location.LocationManagerService$Lifecycle
04-21 12:03:02.892 508 508 D SystemServerTiming: OnBootPhase_550_com.android.server.location.LocationManagerService$Lifecycle took to complete: 0ms
04-21 12:03:02.892 508 508 I SystemServerTiming: OnBootPhase_550_com.android.server.timedetector.TimeDetectorService$Lifecycle
04-21 12:03:02.893 508 586 D StorageManagerService: Isolated storage local flag 0 and remote flag 0 resolved to true
04-21 12:03:02.893 508 508 D SystemServerTiming: OnBootPhase_550_com.android.server.timedetector.TimeDetectorService$Lifecycle took to complete: 0ms
04-21 12:03:02.893 508 508 I SystemServerTiming: OnBootPhase_550_com.android.server.timezonedetector.TimeZoneDetectorService$Lifecycle
04-21 12:03:02.893 508 508 D SystemServerTiming: OnBootPhase_550_com.android.server.timezonedetector.TimeZoneDetectorService$Lifecycle took to complete: 0ms
04-21 12:03:02.894 508 508 I SystemServerTiming: OnBootPhase_550_com.android.server.search.SearchManagerService$Lifecycle
04-21 12:03:02.894 508 508 D SystemServerTiming: OnBootPhase_550_com.android.server.search.SearchManagerService$Lifecycle took to complete: 0ms
04-21 12:03:02.894 508 508 I SystemServerTiming: OnBootPhase_550_com.android.server.wallpaper.WallpaperManagerService$Lifecycle
04-21 12:03:02.896 508 508 I WallpaperManagerService: No static wallpaper imagery; defaults will be shown
04-21 12:03:02.896 508 508 V WallpaperManagerService: bindWallpaperComponentLocked: componentName=ComponentInfo{com.android.systemui/com.android.systemui.ImageWallpaper}
04-21 12:03:02.898 508 508 I am_uid_running: 10118
04-21 12:03:02.899 508 508 D CompatibilityChangeReporter: Compat change id reported: 135634846; UID 10118; state: DISABLED
04-21 12:03:02.900 508 508 D CompatibilityChangeReporter: Compat change id reported: 135754954; UID 10118; state: ENABLED
04-21 12:03:02.904 508 508 W WallpaperManagerService: Invalid wallpaper data
04-21 12:03:02.904 508 508 E WallpaperManagerService: Unable to apply new wallpaper
04-21 12:03:02.905 508 508 D SystemServerTiming: OnBootPhase_550_com.android.server.wallpaper.WallpaperManagerService$Lifecycle took to complete: 10ms
04-21 12:03:02.905 508 508 I SystemServerTiming: OnBootPhase_550_com.android.server.audio.AudioService$Lifecycle
04-21 12:03:02.905 508 508 D SystemServerTiming: OnBootPhase_550_com.android.server.audio.AudioService$Lifecycle took to complete: 0ms
04-21 12:03:02.905 508 508 I SystemServerTiming: OnBootPhase_550_com.android.server.soundtrigger_middleware.SoundTriggerMiddlewareService$Lifecycle
04-21 12:03:02.905 508 508 D SystemServerTiming: OnBootPhase_550_com.android.server.soundtrigger_middleware.SoundTriggerMiddlewareService$Lifecycle took to complete: 0ms
04-21 12:03:02.905 508 508 I SystemServerTiming: OnBootPhase_550_com.android.server.DockObserver
04-21 12:03:02.905 508 508 D SystemServerTiming: OnBootPhase_550_com.android.server.DockObserver took to complete: 0ms
04-21 12:03:02.905 508 508 I SystemServerTiming: OnBootPhase_550_com.android.server.midi.MidiService$Lifecycle
04-21 12:03:02.906 508 508 D SystemServerTiming: OnBootPhase_550_com.android.server.midi.MidiService$Lifecycle took to complete: 0ms
04-21 12:03:02.906 508 508 I SystemServerTiming: OnBootPhase_550_com.android.server.adb.AdbService$Lifecycle
04-21 12:03:02.906 508 508 D SystemServerTiming: OnBootPhase_550_com.android.server.adb.AdbService$Lifecycle took to complete: 1ms
04-21 12:03:02.906 508 508 I SystemServerTiming: OnBootPhase_550_com.android.server.usb.UsbService$Lifecycle
04-21 12:03:02.907 508 565 I SystemServerTimingAsync: InitThreadPoolExec:UsbService$Lifecycle#onBootPhase
04-21 12:03:02.907 508 565 D SystemServerInitThreadPool: Started executing UsbService$Lifecycle#onBootPhase
04-21 12:03:02.907 508 508 D SystemServerTiming: OnBootPhase_550_com.android.server.usb.UsbService$Lifecycle took to complete: 0ms
04-21 12:03:02.907 508 508 I SystemServerTiming: OnBootPhase_550_com.android.server.twilight.TwilightService
04-21 12:03:02.908 508 565 D SystemServerInitThreadPool: Finished executing UsbService$Lifecycle#onBootPhase
04-21 12:03:02.908 508 565 D SystemServerTimingAsync: InitThreadPoolExec:UsbService$Lifecycle#onBootPhase took to complete: 2ms
04-21 12:03:02.909 508 508 D SystemServerTiming: OnBootPhase_550_com.android.server.twilight.TwilightService took to complete: 0ms
04-21 12:03:02.909 508 508 I SystemServerTiming: OnBootPhase_550_com.android.server.display.color.ColorDisplayService
04-21 12:03:02.909 508 508 D SystemServerTiming: OnBootPhase_550_com.android.server.display.color.ColorDisplayService took to complete: 0ms
04-21 12:03:02.909 508 508 I SystemServerTiming: OnBootPhase_550_com.android.server.job.JobSchedulerService
04-21 12:03:02.909 508 508 D SystemServerTiming: OnBootPhase_550_com.android.server.job.JobSchedulerService took to complete: 0ms
04-21 12:03:02.909 508 508 I SystemServerTiming: OnBootPhase_550_com.android.server.soundtrigger.SoundTriggerService
04-21 12:03:02.909 508 508 D SoundTriggerService: onBootPhase: 550 : false
04-21 12:03:02.909 508 508 D SystemServerTiming: OnBootPhase_550_com.android.server.soundtrigger.SoundTriggerService took to complete: 0ms
04-21 12:03:02.909 508 508 I SystemServerTiming: OnBootPhase_550_com.android.server.trust.TrustManagerService
04-21 12:03:02.909 508 508 D SystemServerTiming: OnBootPhase_550_com.android.server.trust.TrustManagerService took to complete: 0ms
04-21 12:03:02.909 508 508 I SystemServerTiming: OnBootPhase_550_com.android.server.backup.BackupManagerService$Lifecycle
04-21 12:03:02.909 508 508 D SystemServerTiming: OnBootPhase_550_com.android.server.backup.BackupManagerService$Lifecycle took to complete: 0ms
04-21 12:03:02.909 508 508 I SystemServerTiming: OnBootPhase_550_com.android.server.appwidget.AppWidgetService
04-21 12:03:02.909 508 508 D SystemServerTiming: OnBootPhase_550_com.android.server.appwidget.AppWidgetService took to complete: 0ms
04-21 12:03:02.909 508 508 I SystemServerTiming: OnBootPhase_550_com.android.server.role.RoleManagerService
04-21 12:03:02.909 508 508 D SystemServerTiming: OnBootPhase_550_com.android.server.role.RoleManagerService took to complete: 0ms
04-21 12:03:02.909 508 508 I SystemServerTiming: OnBootPhase_550_com.android.server.voiceinteraction.VoiceInteractionManagerService
04-21 12:03:02.909 508 508 D SystemServerTiming: OnBootPhase_550_com.android.server.voiceinteraction.VoiceInteractionManagerService took to complete: 0ms
04-21 12:03:02.909 508 508 I SystemServerTiming: OnBootPhase_550_com.android.server.GestureLauncherService
04-21 12:03:02.909 508 508 D SystemServerTiming: OnBootPhase_550_com.android.server.GestureLauncherService took to complete: 0ms
04-21 12:03:02.909 508 508 I SystemServerTiming: OnBootPhase_550_com.android.server.SensorNotificationService
04-21 12:03:02.909 508 508 D SystemServerTiming: OnBootPhase_550_com.android.server.SensorNotificationService took to complete: 0ms
04-21 12:03:02.909 508 616 I UsbPortManager: ClientCallback V1_1: port0
04-21 12:03:02.909 508 508 I SystemServerTiming: OnBootPhase_550_com.android.server.emergency.EmergencyAffordanceService
04-21 12:03:02.909 508 508 D SystemServerTiming: OnBootPhase_550_com.android.server.emergency.EmergencyAffordanceService took to complete: 0ms
04-21 12:03:02.910 508 508 I SystemServerTiming: OnBootPhase_550_com.android.server.dreams.DreamManagerService
04-21 12:03:02.910 508 508 D SystemServerTiming: OnBootPhase_550_com.android.server.dreams.DreamManagerService took to complete: 0ms
04-21 12:03:02.910 508 508 I SystemServerTiming: OnBootPhase_550_com.android.server.print.PrintManagerService
04-21 12:03:02.910 508 508 D SystemServerTiming: OnBootPhase_550_com.android.server.print.PrintManagerService took to complete: 0ms
04-21 12:03:02.910 508 508 I SystemServerTiming: OnBootPhase_550_com.android.server.companion.CompanionDeviceManagerService
04-21 12:03:02.910 508 508 D SystemServerTiming: OnBootPhase_550_com.android.server.companion.CompanionDeviceManagerService took to complete: 0ms
04-21 12:03:02.910 508 508 I SystemServerTiming: OnBootPhase_550_com.android.server.restrictions.RestrictionsManagerService
04-21 12:03:02.910 508 508 D SystemServerTiming: OnBootPhase_550_com.android.server.restrictions.RestrictionsManagerService took to complete: 0ms
04-21 12:03:02.910 508 508 I SystemServerTiming: OnBootPhase_550_com.android.server.media.MediaSessionService
04-21 12:03:02.910 508 508 D SystemServerTiming: OnBootPhase_550_com.android.server.media.MediaSessionService took to complete: 0ms
04-21 12:03:02.910 508 508 I SystemServerTiming: OnBootPhase_550_com.android.server.blob.BlobStoreManagerService
04-21 12:03:02.910 508 525 I UsbPortManager: USB port added: port=UsbPort{id=port0, supportedModes=dualsupportedContaminantProtectionModes=0supportsEnableContaminantPresenceProtection=falsesupportsEnableContaminantPresenceDetection=false, status=UsbPortStatus{connected=true, currentMode=ufp, currentPowerRole=sink, currentDataRole=device, supportedRoleCombinations=[sink:device], contaminantDetectionStatus=0, contaminantProtectionStatus=0}, canChangeMode=false, canChangePowerRole=false, canChangeDataRole=false, connectedAtMillis=23215, lastConnectDurationMillis=0
04-21 12:03:02.912 508 508 D SystemServerTiming: OnBootPhase_550_com.android.server.blob.BlobStoreManagerService took to complete: 2ms
04-21 12:03:02.912 508 508 I SystemServerTiming: OnBootPhase_550_com.android.server.media.MediaResourceMonitorService
04-21 12:03:02.912 508 508 D SystemServerTiming: OnBootPhase_550_com.android.server.media.MediaResourceMonitorService took to complete: 0ms
04-21 12:03:02.912 508 508 I SystemServerTiming: OnBootPhase_550_com.android.server.biometrics.BiometricService
04-21 12:03:02.912 508 508 D SystemServerTiming: OnBootPhase_550_com.android.server.biometrics.BiometricService took to complete: 0ms
04-21 12:03:02.912 508 508 I SystemServerTiming: OnBootPhase_550_com.android.server.biometrics.AuthService
04-21 12:03:02.912 508 508 D SystemServerTiming: OnBootPhase_550_com.android.server.biometrics.AuthService took to complete: 0ms
04-21 12:03:02.912 508 508 I SystemServerTiming: OnBootPhase_550_com.android.server.pm.ShortcutService$Lifecycle
04-21 12:03:02.912 508 508 D SystemServerTiming: OnBootPhase_550_com.android.server.pm.ShortcutService$Lifecycle took to complete: 0ms
04-21 12:03:02.912 508 508 I SystemServerTiming: OnBootPhase_550_com.android.server.pm.LauncherAppsService
04-21 12:03:02.912 508 508 D SystemServerTiming: OnBootPhase_550_com.android.server.pm.LauncherAppsService took to complete: 0ms
04-21 12:03:02.912 508 508 I SystemServerTiming: OnBootPhase_550_com.android.server.pm.CrossProfileAppsService
04-21 12:03:02.912 508 508 D SystemServerTiming: OnBootPhase_550_com.android.server.pm.CrossProfileAppsService took to complete: 0ms
04-21 12:03:02.913 508 508 I SystemServerTiming: OnBootPhase_550_com.android.server.people.PeopleService
04-21 12:03:02.913 508 508 D SystemServerTiming: OnBootPhase_550_com.android.server.people.PeopleService took to complete: 0ms
04-21 12:03:02.913 508 508 I SystemServerTiming: OnBootPhase_550_com.android.server.media.projection.MediaProjectionManagerService
04-21 12:03:02.913 508 606 D BluetoothManagerService: Trying to bind to profile: 1, while Bluetooth was disabled
04-21 12:03:02.913 508 508 D SystemServerTiming: OnBootPhase_550_com.android.server.media.projection.MediaProjectionManagerService took to complete: 0ms
04-21 12:03:02.913 508 508 I SystemServerTiming: OnBootPhase_550_com.android.server.slice.SliceManagerService$Lifecycle
04-21 12:03:02.913 508 508 D SystemServerTiming: OnBootPhase_550_com.android.server.slice.SliceManagerService$Lifecycle took to complete: 0ms
04-21 12:03:02.913 508 508 I SystemServerTiming: OnBootPhase_550_com.android.server.camera.CameraServiceProxy
04-21 12:03:02.913 508 508 D SystemServerTiming: OnBootPhase_550_com.android.server.camera.CameraServiceProxy took to complete: 0ms
04-21 12:03:02.913 508 508 I SystemServerTiming: OnBootPhase_550_com.android.server.stats.StatsCompanion$Lifecycle
04-21 12:03:02.913 508 508 D SystemServerTiming: OnBootPhase_550_com.android.server.stats.StatsCompanion$Lifecycle took to complete: 0ms
04-21 12:03:02.913 508 508 I SystemServerTiming: OnBootPhase_550_com.android.server.stats.pull.StatsPullAtomService
04-21 12:03:02.913 508 508 D SystemServerTiming: OnBootPhase_550_com.android.server.stats.pull.StatsPullAtomService took to complete: 0ms
04-21 12:03:02.913 508 508 I SystemServerTiming: OnBootPhase_550_com.android.server.incident.IncidentCompanionService
04-21 12:03:02.913 508 508 D SystemServerTiming: OnBootPhase_550_com.android.server.incident.IncidentCompanionService took to complete: 0ms
04-21 12:03:02.913 508 508 I SystemServerTiming: OnBootPhase_550_com.android.server.MmsServiceBroker
04-21 12:03:02.913 508 508 D SystemServerTiming: OnBootPhase_550_com.android.server.MmsServiceBroker took to complete: 0ms
04-21 12:03:02.913 508 508 I SystemServerTiming: OnBootPhase_550_com.android.server.autofill.AutofillManagerService
04-21 12:03:02.913 508 508 D SystemServerTiming: OnBootPhase_550_com.android.server.autofill.AutofillManagerService took to complete: 0ms
04-21 12:03:02.913 508 508 I SystemServerTiming: OnBootPhase_550_com.android.server.clipboard.ClipboardService
04-21 12:03:02.913 508 508 D SystemServerTiming: OnBootPhase_550_com.android.server.clipboard.ClipboardService took to complete: 0ms
04-21 12:03:02.913 508 508 I SystemServerTiming: OnBootPhase_550_com.android.server.appbinding.AppBindingService$Lifecycle
04-21 12:03:02.914 508 508 I AppBindingService: Updating constants with: null
04-21 12:03:02.915 508 508 D SystemServerTiming: OnBootPhase_550_com.android.server.appbinding.AppBindingService$Lifecycle took to complete: 1ms
04-21 12:03:02.915 508 508 I SystemServerTiming: OnBootPhase_550_com.android.server.policy.PermissionPolicyService
04-21 12:03:02.976 508 606 I dvm_lock_sample: [system_server,0,AudioService,60,PackageManagerService.java,7130,java.lang.String com.android.server.pm.PackageManagerService.getInstantAppPackageName(int),-,25277,com.android.server.pm.PackageSetting com.android.server.pm.PackageManagerService.getPackageSettingInternal(java.lang.String, int),12]
04-21 12:03:02.986 508 508 I PackageManager: Permission ownership changed. Updating all permissions.
04-21 12:03:03.006 508 572 D SystemServerTimingAsync: SecondaryZygotePreload took to complete: 2156ms
04-21 12:03:03.006 508 572 D SystemServerInitThreadPool: Finished executing SecondaryZygotePreload
04-21 12:03:03.006 508 572 D SystemServerTimingAsync: InitThreadPoolExec:SecondaryZygotePreload took to complete: 2157ms
04-21 12:03:03.023 508 508 W SystemServiceManager: Service com.android.server.policy.PermissionPolicyService took 109 ms in onBootPhase
04-21 12:03:03.024 508 508 D SystemServerTiming: OnBootPhase_550_com.android.server.policy.PermissionPolicyService took to complete: 109ms
04-21 12:03:03.024 508 508 I SystemServerTiming: OnBootPhase_550_com.android.server.pm.StagingManager$Lifecycle
04-21 12:03:03.024 508 508 D SystemServerTiming: OnBootPhase_550_com.android.server.pm.StagingManager$Lifecycle took to complete: 0ms
04-21 12:03:03.024 508 508 D SystemServerTiming: OnBootPhase_550 took to complete: 253ms
04-21 12:03:03.024 508 508 D SystemServerTiming: StartActivityManagerReadyPhase took to complete: 253ms
04-21 12:03:03.024 508 508 I SystemServerTiming: StartObservingNativeCrashes
04-21 12:03:03.024 508 508 D SystemServerTiming: StartObservingNativeCrashes took to complete: 1ms
04-21 12:03:03.024 508 562 I SystemServerTimingAsync: InitThreadPoolExec:WebViewFactoryPreparation
04-21 12:03:03.025 508 562 D SystemServerInitThreadPool: Started executing WebViewFactoryPreparation
04-21 12:03:03.025 508 562 I SystemServer: WebViewFactoryPreparation
04-21 12:03:03.025 508 562 I SystemServerTimingAsync: WebViewFactoryPreparation
04-21 12:03:03.029 508 562 I am_uid_running: 1037
04-21 12:03:03.031 508 562 D SystemServerTimingAsync: WebViewFactoryPreparation took to complete: 6ms
04-21 12:03:03.031 508 562 D SystemServerInitThreadPool: Finished executing WebViewFactoryPreparation
04-21 12:03:03.031 508 562 D SystemServerTimingAsync: InitThreadPoolExec:WebViewFactoryPreparation took to complete: 7ms
04-21 12:03:03.031 508 508 I SystemServerTiming: StartSystemUI
04-21 12:03:03.034 508 508 D SystemServerTiming: StartSystemUI took to complete: 3ms
04-21 12:03:03.034 508 508 I SystemServerTiming: MakeNetworkManagementServiceReady
04-21 12:03:03.037 508 535 W ActivityManager: Slow operation: 229ms so far, now at startProcess: returned from zygote!
04-21 12:03:03.038 508 535 W ActivityManager: Slow operation: 229ms so far, now at startProcess: done updating battery stats
04-21 12:03:03.038 508 535 I am_proc_start: [0,643,1002,com.android.bluetooth,service,{com.android.bluetooth/com.android.bluetooth.btservice.AdapterService}]
04-21 12:03:03.038 508 535 W ActivityManager: Slow operation: 230ms so far, now at startProcess: building log message
04-21 12:03:03.038 508 508 D SystemServerTiming: MakeNetworkManagementServiceReady took to complete: 4ms
04-21 12:03:03.038 508 508 I SystemServerTiming: MakeIpSecServiceReady
04-21 12:03:03.039 508 535 I ActivityManager: Start proc 643:com.android.bluetooth/1002 for service {com.android.bluetooth/com.android.bluetooth.btservice.AdapterService}
04-21 12:03:03.039 508 535 W ActivityManager: Slow operation: 230ms so far, now at startProcess: starting to update pids map
04-21 12:03:03.039 508 535 W ActivityManager: Slow operation: 230ms so far, now at startProcess: done updating pids map
04-21 12:03:03.039 508 535 W ActivityManager: Slow operation: 141ms so far, now at startProcess: asking zygote to start proc
04-21 12:03:03.040 508 535 D CompatibilityChangeReporter: Compat change id reported: 143937733; UID 10118; state: ENABLED
04-21 12:03:03.042 508 508 D IpSecService: IpSecService is ready
04-21 12:03:03.042 508 508 D SystemServerTiming: MakeIpSecServiceReady took to complete: 4ms
04-21 12:03:03.042 508 508 I SystemServerTiming: MakeNetworkStatsServiceReady
04-21 12:03:03.049 508 590 I commit_sys_config_file: [net-policy,9]
04-21 12:03:03.049 508 590 W NetworkPolicy: setRestrictBackgroundUL: already false
04-21 12:03:03.055 508 585 I am_proc_bound: [0,643,com.android.bluetooth]
04-21 12:03:03.062 508 535 W ActivityManager: Slow operation: 164ms so far, now at startProcess: returned from zygote!
04-21 12:03:03.071 508 585 I am_uid_active: 1002
04-21 12:03:03.077 508 535 W ActivityManager: Slow operation: 178ms so far, now at startProcess: done updating battery stats
04-21 12:03:03.077 508 535 I am_proc_start: [0,668,10118,com.android.systemui,service,{com.android.systemui/com.android.systemui.ImageWallpaper}]
04-21 12:03:03.077 508 535 W ActivityManager: Slow operation: 178ms so far, now at startProcess: building log message
04-21 12:03:03.077 508 535 I ActivityManager: Start proc 668:com.android.systemui/u0a118 for service {com.android.systemui/com.android.systemui.ImageWallpaper}
04-21 12:03:03.077 508 535 W ActivityManager: Slow operation: 178ms so far, now at startProcess: starting to update pids map
04-21 12:03:03.077 508 535 W ActivityManager: Slow operation: 179ms so far, now at startProcess: done updating pids map
04-21 12:03:03.087 508 522 I am_proc_bound: [0,668,com.android.systemui]
04-21 12:03:03.090 508 522 I am_uid_active: 10118
04-21 12:03:03.099 508 508 D TelephonyRegistry: listen oscl: mHasNotifySubscriptionInfoChangedOccurred==false no callback
04-21 12:03:03.106 508 597 D ConnectivityService: NetReassign [no changes]
04-21 12:03:03.107 508 508 D SystemServerTiming: MakeNetworkStatsServiceReady took to complete: 64ms
04-21 12:03:03.107 508 508 I SystemServerTiming: MakeConnectivityServiceReady
04-21 12:03:03.110 508 590 D TelephonyRegistry: listen oscl: mHasNotifySubscriptionInfoChangedOccurred==false no callback
04-21 12:03:03.157 508 589 I netstats_mobile_sample: [0,0,0,0,0,0,0,0,0,0,0,0,1650542583157]
04-21 12:03:03.157 508 589 I netstats_wifi_sample: [0,0,0,0,0,0,0,0,0,0,0,0,1650542583157]
04-21 12:03:03.161 508 508 D SystemServerTiming: MakeConnectivityServiceReady took to complete: 54ms
04-21 12:03:03.161 508 508 I SystemServerTiming: MakeNetworkPolicyServiceReady
04-21 12:03:03.161 508 508 D SystemServerTiming: MakeNetworkPolicyServiceReady took to complete: 0ms
04-21 12:03:03.161 508 508 I SystemServerTiming: PhaseThirdPartyAppsCanStart
04-21 12:03:03.161 508 508 I SystemServiceManager: Starting phase 600
04-21 12:03:03.161 508 508 I SystemServerTiming: OnBootPhase_600
04-21 12:03:03.161 508 508 I SystemServerTiming: OnBootPhase_600_com.android.server.security.FileIntegrityService
04-21 12:03:03.161 508 508 D SystemServerTiming: OnBootPhase_600_com.android.server.security.FileIntegrityService took to complete: 0ms
04-21 12:03:03.161 508 508 I SystemServerTiming: OnBootPhase_600_com.android.server.pm.Installer
04-21 12:03:03.161 508 508 D SystemServerTiming: OnBootPhase_600_com.android.server.pm.Installer took to complete: 0ms
04-21 12:03:03.161 508 508 I SystemServerTiming: OnBootPhase_600_com.android.server.os.DeviceIdentifiersPolicyService
04-21 12:03:03.161 508 508 D SystemServerTiming: OnBootPhase_600_com.android.server.os.DeviceIdentifiersPolicyService took to complete: 0ms
04-21 12:03:03.161 508 508 I SystemServerTiming: OnBootPhase_600_com.android.server.uri.UriGrantsManagerService$Lifecycle
04-21 12:03:03.161 508 508 D SystemServerTiming: OnBootPhase_600_com.android.server.uri.UriGrantsManagerService$Lifecycle took to complete: 0ms
04-21 12:03:03.161 508 508 I SystemServerTiming: OnBootPhase_600_com.android.server.wm.ActivityTaskManagerService$Lifecycle
04-21 12:03:03.161 508 508 D SystemServerTiming: OnBootPhase_600_com.android.server.wm.ActivityTaskManagerService$Lifecycle took to complete: 0ms
04-21 12:03:03.161 508 508 I SystemServerTiming: OnBootPhase_600_com.android.server.am.ActivityManagerService$Lifecycle
04-21 12:03:03.163 508 508 I ExplicitHealthCheckController: Explicit health checks enabled.
04-21 12:03:03.163 508 508 I PackageWatchdog: Syncing state, reason: health check state enabled
04-21 12:03:03.163 508 508 I PackageWatchdog: Not pruning observers, elapsed time: 0ms
04-21 12:03:03.163 508 508 I PackageWatchdog: Cancelling state sync, nothing to sync
04-21 12:03:03.163 508 597 D ConnectivityService: NetReassign [no changes]
04-21 12:03:03.163 508 508 D SystemServerTiming: OnBootPhase_600_com.android.server.am.ActivityManagerService$Lifecycle took to complete: 2ms
04-21 12:03:03.163 508 508 I SystemServerTiming: OnBootPhase_600_com.android.server.pm.DataLoaderManagerService
04-21 12:03:03.163 508 508 D SystemServerTiming: OnBootPhase_600_com.android.server.pm.DataLoaderManagerService took to complete: 0ms
04-21 12:03:03.163 508 508 I SystemServerTiming: OnBootPhase_600_com.android.server.power.PowerManagerService
04-21 12:03:03.164 508 508 D SystemServerTiming: OnBootPhase_600_com.android.server.power.PowerManagerService took to complete: 1ms
04-21 12:03:03.164 508 508 I SystemServerTiming: OnBootPhase_600_com.android.server.power.ThermalManagerService
04-21 12:03:03.164 508 508 D SystemServerTiming: OnBootPhase_600_com.android.server.power.ThermalManagerService took to complete: 0ms
04-21 12:03:03.164 508 508 I SystemServerTiming: OnBootPhase_600_com.android.server.recoverysystem.RecoverySystemService$Lifecycle
04-21 12:03:03.164 508 508 D SystemServerTiming: OnBootPhase_600_com.android.server.recoverysystem.RecoverySystemService$Lifecycle took to complete: 0ms
04-21 12:03:03.164 508 508 I SystemServerTiming: OnBootPhase_600_com.android.server.lights.LightsService
04-21 12:03:03.164 508 508 D SystemServerTiming: OnBootPhase_600_com.android.server.lights.LightsService took to complete: 0ms
04-21 12:03:03.164 508 508 I SystemServerTiming: OnBootPhase_600_com.android.server.display.DisplayManagerService
04-21 12:03:03.165 508 508 D SystemServerTiming: OnBootPhase_600_com.android.server.display.DisplayManagerService took to complete: 0ms
04-21 12:03:03.165 508 508 I SystemServerTiming: OnBootPhase_600_com.android.server.pm.UserManagerService$LifeCycle
04-21 12:03:03.165 508 508 D SystemServerTiming: OnBootPhase_600_com.android.server.pm.UserManagerService$LifeCycle took to complete: 0ms
04-21 12:03:03.165 508 508 I SystemServerTiming: OnBootPhase_600_com.android.server.om.OverlayManagerService
04-21 12:03:03.165 508 508 D SystemServerTiming: OnBootPhase_600_com.android.server.om.OverlayManagerService took to complete: 0ms
04-21 12:03:03.165 508 508 I SystemServerTiming: OnBootPhase_600_com.android.server.SensorPrivacyService
04-21 12:03:03.165 508 508 D SystemServerTiming: OnBootPhase_600_com.android.server.SensorPrivacyService took to complete: 0ms
04-21 12:03:03.165 508 508 I SystemServerTiming: OnBootPhase_600_com.android.server.SystemConfigService
04-21 12:03:03.165 508 508 D SystemServerTiming: OnBootPhase_600_com.android.server.SystemConfigService took to complete: 0ms
04-21 12:03:03.165 508 508 I SystemServerTiming: OnBootPhase_600_com.android.server.BatteryService
04-21 12:03:03.165 508 508 D SystemServerTiming: OnBootPhase_600_com.android.server.BatteryService took to complete: 0ms
04-21 12:03:03.165 508 508 I SystemServerTiming: OnBootPhase_600_com.android.server.usage.UsageStatsService
04-21 12:03:03.165 508 508 D SystemServerTiming: OnBootPhase_600_com.android.server.usage.UsageStatsService took to complete: 0ms
04-21 12:03:03.165 508 508 I SystemServerTiming: OnBootPhase_600_com.android.server.webkit.WebViewUpdateService
04-21 12:03:03.165 508 508 D SystemServerTiming: OnBootPhase_600_com.android.server.webkit.WebViewUpdateService took to complete: 0ms
04-21 12:03:03.165 508 508 I SystemServerTiming: OnBootPhase_600_com.android.server.CachedDeviceStateService
04-21 12:03:03.165 508 508 D SystemServerTiming: OnBootPhase_600_com.android.server.CachedDeviceStateService took to complete: 0ms
04-21 12:03:03.165 508 508 I SystemServerTiming: OnBootPhase_600_com.android.server.BinderCallsStatsService$LifeCycle
04-21 12:03:03.165 508 508 D SystemServerTiming: OnBootPhase_600_com.android.server.BinderCallsStatsService$LifeCycle took to complete: 0ms
04-21 12:03:03.165 508 508 I SystemServerTiming: OnBootPhase_600_com.android.server.LooperStatsService$Lifecycle
04-21 12:03:03.165 508 597 D ConnectivityService: NetReassign [no changes]
04-21 12:03:03.165 508 508 D SystemServerTiming: OnBootPhase_600_com.android.server.LooperStatsService$Lifecycle took to complete: 0ms
04-21 12:03:03.165 508 508 I SystemServerTiming: OnBootPhase_600_com.android.server.rollback.RollbackManagerService
04-21 12:03:03.165 508 508 D SystemServerTiming: OnBootPhase_600_com.android.server.rollback.RollbackManagerService took to complete: 0ms
04-21 12:03:03.165 508 508 I SystemServerTiming: OnBootPhase_600_com.android.server.os.BugreportManagerService
04-21 12:03:03.165 508 508 D SystemServerTiming: OnBootPhase_600_com.android.server.os.BugreportManagerService took to complete: 0ms
04-21 12:03:03.165 508 508 I SystemServerTiming: OnBootPhase_600_com.android.server.gpu.GpuService
04-21 12:03:03.165 508 508 D SystemServerTiming: OnBootPhase_600_com.android.server.gpu.GpuService took to complete: 0ms
04-21 12:03:03.165 508 508 I SystemServerTiming: OnBootPhase_600_com.android.server.security.KeyChainSystemService
04-21 12:03:03.165 508 508 D SystemServerTiming: OnBootPhase_600_com.android.server.security.KeyChainSystemService took to complete: 0ms
04-21 12:03:03.165 508 508 I SystemServerTiming: OnBootPhase_600_com.android.server.telecom.TelecomLoaderService
04-21 12:03:03.165 508 508 D SystemServerTiming: OnBootPhase_600_com.android.server.telecom.TelecomLoaderService took to complete: 0ms
04-21 12:03:03.166 508 508 I SystemServerTiming: OnBootPhase_600_com.android.server.accounts.AccountManagerService$Lifecycle
04-21 12:03:03.166 508 508 D SystemServerTiming: OnBootPhase_600_com.android.server.accounts.AccountManagerService$Lifecycle took to complete: 0ms
04-21 12:03:03.166 508 508 I SystemServerTiming: OnBootPhase_600_com.android.server.content.ContentService$Lifecycle
04-21 12:03:03.166 508 508 D SystemServerTiming: OnBootPhase_600_com.android.server.content.ContentService$Lifecycle took to complete: 0ms
04-21 12:03:03.166 508 508 I SystemServerTiming: OnBootPhase_600_com.android.server.DropBoxManagerService
04-21 12:03:03.166 508 508 D SystemServerTiming: OnBootPhase_600_com.android.server.DropBoxManagerService took to complete: 0ms
04-21 12:03:03.166 508 508 I SystemServerTiming: OnBootPhase_600_com.android.server.AlarmManagerService
04-21 12:03:03.166 508 508 D SystemServerTiming: OnBootPhase_600_com.android.server.AlarmManagerService took to complete: 0ms
04-21 12:03:03.166 508 508 I SystemServerTiming: OnBootPhase_600_com.android.server.BluetoothService
04-21 12:03:03.166 508 508 D SystemServerTiming: OnBootPhase_600_com.android.server.BluetoothService took to complete: 0ms
04-21 12:03:03.166 508 508 I SystemServerTiming: OnBootPhase_600_com.android.server.connectivity.IpConnectivityMetrics
04-21 12:03:03.166 508 508 D SystemServerTiming: OnBootPhase_600_com.android.server.connectivity.IpConnectivityMetrics took to complete: 0ms
04-21 12:03:03.166 508 508 I SystemServerTiming: OnBootPhase_600_com.android.server.net.watchlist.NetworkWatchlistService$Lifecycle
04-21 12:03:03.166 508 508 D SystemServerTiming: OnBootPhase_600_com.android.server.net.watchlist.NetworkWatchlistService$Lifecycle took to complete: 0ms
04-21 12:03:03.166 508 508 I SystemServerTiming: OnBootPhase_600_com.android.server.PinnerService
04-21 12:03:03.166 508 508 D SystemServerTiming: OnBootPhase_600_com.android.server.PinnerService took to complete: 0ms
04-21 12:03:03.166 508 508 I SystemServerTiming: OnBootPhase_600_com.google.android.startop.iorap.IorapForwardingService
04-21 12:03:03.166 508 508 D SystemServerTiming: OnBootPhase_600_com.google.android.startop.iorap.IorapForwardingService took to complete: 0ms
04-21 12:03:03.166 508 508 I SystemServerTiming: OnBootPhase_600_com.android.server.integrity.AppIntegrityManagerService
04-21 12:03:03.166 508 508 D SystemServerTiming: OnBootPhase_600_com.android.server.integrity.AppIntegrityManagerService took to complete: 0ms
04-21 12:03:03.166 508 508 I SystemServerTiming: OnBootPhase_600_com.android.server.inputmethod.InputMethodManagerService$Lifecycle
04-21 12:03:03.166 508 508 D SystemServerTiming: OnBootPhase_600_com.android.server.inputmethod.InputMethodManagerService$Lifecycle took to complete: 0ms
04-21 12:03:03.166 508 508 I SystemServerTiming: OnBootPhase_600_com.android.server.accessibility.AccessibilityManagerService$Lifecycle
04-21 12:03:03.166 508 508 D SystemServerTiming: OnBootPhase_600_com.android.server.accessibility.AccessibilityManagerService$Lifecycle took to complete: 0ms
04-21 12:03:03.166 508 508 I SystemServerTiming: OnBootPhase_600_com.android.server.StorageManagerService$Lifecycle
04-21 12:03:03.166 508 508 D SystemServerTiming: OnBootPhase_600_com.android.server.StorageManagerService$Lifecycle took to complete: 0ms
04-21 12:03:03.166 508 508 I SystemServerTiming: OnBootPhase_600_com.android.server.usage.StorageStatsService$Lifecycle
04-21 12:03:03.166 508 508 D SystemServerTiming: OnBootPhase_600_com.android.server.usage.StorageStatsService$Lifecycle took to complete: 0ms
04-21 12:03:03.166 508 508 I SystemServerTiming: OnBootPhase_600_com.android.server.UiModeManagerService
04-21 12:03:03.166 508 508 D SystemServerTiming: OnBootPhase_600_com.android.server.UiModeManagerService took to complete: 0ms
04-21 12:03:03.166 508 508 I SystemServerTiming: OnBootPhase_600_com.android.server.locksettings.LockSettingsService$Lifecycle
04-21 12:03:03.166 508 508 D SystemServerTiming: OnBootPhase_600_com.android.server.locksettings.LockSettingsService$Lifecycle took to complete: 0ms
04-21 12:03:03.166 508 508 I SystemServerTiming: OnBootPhase_600_com.android.server.PersistentDataBlockService
04-21 12:03:03.166 508 508 D SystemServerTiming: OnBootPhase_600_com.android.server.PersistentDataBlockService took to complete: 0ms
04-21 12:03:03.166 508 508 I SystemServerTiming: OnBootPhase_600_com.android.server.testharness.TestHarnessModeService
04-21 12:03:03.167 508 508 D SystemServerTiming: OnBootPhase_600_com.android.server.testharness.TestHarnessModeService took to complete: 0ms
04-21 12:03:03.167 508 508 I SystemServerTiming: OnBootPhase_600_com.android.server.oemlock.OemLockService
04-21 12:03:03.167 508 508 D SystemServerTiming: OnBootPhase_600_com.android.server.oemlock.OemLockService took to complete: 0ms
04-21 12:03:03.167 508 533 I PackageWatchdog: Saving observer state to file
04-21 12:03:03.167 508 508 I SystemServerTiming: OnBootPhase_600_com.android.server.DeviceIdleController
04-21 12:03:03.167 508 508 D SystemServerTiming: OnBootPhase_600_com.android.server.DeviceIdleController took to complete: 0ms
04-21 12:03:03.168 508 508 I SystemServerTiming: OnBootPhase_600_com.android.server.devicepolicy.DevicePolicyManagerService$Lifecycle
04-21 12:03:03.168 508 508 D SystemServerTiming: OnBootPhase_600_com.android.server.devicepolicy.DevicePolicyManagerService$Lifecycle took to complete: 0ms
04-21 12:03:03.168 508 508 I SystemServerTiming: OnBootPhase_600_com.android.server.textservices.TextServicesManagerService$Lifecycle
04-21 12:03:03.168 508 508 D SystemServerTiming: OnBootPhase_600_com.android.server.textservices.TextServicesManagerService$Lifecycle took to complete: 0ms
04-21 12:03:03.168 508 508 I SystemServerTiming: OnBootPhase_600_com.android.server.textclassifier.TextClassificationManagerService$Lifecycle
04-21 12:03:03.168 508 508 D SystemServerTiming: OnBootPhase_600_com.android.server.textclassifier.TextClassificationManagerService$Lifecycle took to complete: 0ms
04-21 12:03:03.168 508 508 I SystemServerTiming: OnBootPhase_600_com.android.server.NetworkScoreService$Lifecycle
04-21 12:03:03.168 508 508 D SystemServerTiming: OnBootPhase_600_com.android.server.NetworkScoreService$Lifecycle took to complete: 0ms
04-21 12:03:03.168 508 508 I SystemServerTiming: OnBootPhase_600_com.android.server.wifi.WifiService
04-21 12:03:03.168 508 508 D SystemServerTiming: OnBootPhase_600_com.android.server.wifi.WifiService took to complete: 0ms
04-21 12:03:03.168 508 508 I SystemServerTiming: OnBootPhase_600_com.android.server.wifi.scanner.WifiScanningService
04-21 12:03:03.168 508 508 D SystemServerTiming: OnBootPhase_600_com.android.server.wifi.scanner.WifiScanningService took to complete: 0ms
04-21 12:03:03.168 508 508 I SystemServerTiming: OnBootPhase_600_com.android.server.wifi.p2p.WifiP2pService
04-21 12:03:03.168 508 508 D SystemServerTiming: OnBootPhase_600_com.android.server.wifi.p2p.WifiP2pService took to complete: 0ms
04-21 12:03:03.168 508 508 I SystemServerTiming: OnBootPhase_600_com.android.server.ethernet.EthernetService
04-21 12:03:03.168 508 508 D SystemServerTiming: OnBootPhase_600_com.android.server.ethernet.EthernetService took to complete: 0ms
04-21 12:03:03.168 508 508 I SystemServerTiming: OnBootPhase_600_com.android.server.notification.NotificationManagerService
04-21 12:03:03.173 508 508 D SystemServerTiming: OnBootPhase_600_com.android.server.notification.NotificationManagerService took to complete: 5ms
04-21 12:03:03.173 508 508 I SystemServerTiming: OnBootPhase_600_com.android.server.storage.DeviceStorageMonitorService
04-21 12:03:03.173 508 508 D SystemServerTiming: OnBootPhase_600_com.android.server.storage.DeviceStorageMonitorService took to complete: 0ms
04-21 12:03:03.174 508 508 I SystemServerTiming: OnBootPhase_600_com.android.server.location.LocationManagerService$Lifecycle --------- beginning of main
04-21 12:03:03.182 223 223 I hwservicemanager: getTransport: Cannot find entry android.hardware.gnss@1.1::IGnss/default in either framework or device manifest.
04-21 12:03:03.182 508 508 D GnssLocationProvider: gnssHal 1.1 was null, trying 1.0
04-21 12:03:03.183 223 223 I hwservicemanager: getTransport: Cannot find entry android.hardware.gnss@1.0::IGnss/default in either framework or device manifest.
04-21 12:03:03.185 508 508 D SystemServerTiming: OnBootPhase_600_com.android.server.location.LocationManagerService$Lifecycle took to complete: 11ms
04-21 12:03:03.185 508 508 I SystemServerTiming: OnBootPhase_600_com.android.server.timedetector.TimeDetectorService$Lifecycle
