04-21 12:03:07.956 508 528 I ActivityManagerTiming: OnBootPhase_1000_com.android.server.backup.BackupManagerService$Lifecycle
04-21 12:03:07.956 508 528 D ActivityManagerTiming: OnBootPhase_1000_com.android.server.backup.BackupManagerService$Lifecycle took to complete: 0ms
04-21 12:03:07.956 508 528 I ActivityManagerTiming: OnBootPhase_1000_com.android.server.appwidget.AppWidgetService
04-21 12:03:07.956 508 528 D ActivityManagerTiming: OnBootPhase_1000_com.android.server.appwidget.AppWidgetService took to complete: 0ms
04-21 12:03:07.956 508 528 I ActivityManagerTiming: OnBootPhase_1000_com.android.server.role.RoleManagerService
04-21 12:03:07.956 508 528 D ActivityManagerTiming: OnBootPhase_1000_com.android.server.role.RoleManagerService took to complete: 0ms
04-21 12:03:07.956 508 528 I ActivityManagerTiming: OnBootPhase_1000_com.android.server.voiceinteraction.VoiceInteractionManagerService
04-21 12:03:07.956 508 528 D ActivityManagerTiming: OnBootPhase_1000_com.android.server.voiceinteraction.VoiceInteractionManagerService took to complete: 0ms
04-21 12:03:07.956 508 528 I ActivityManagerTiming: OnBootPhase_1000_com.android.server.GestureLauncherService
04-21 12:03:07.956 508 528 D ActivityManagerTiming: OnBootPhase_1000_com.android.server.GestureLauncherService took to complete: 0ms
04-21 12:03:07.956 508 528 I ActivityManagerTiming: OnBootPhase_1000_com.android.server.SensorNotificationService
04-21 12:03:07.961 668 668 W Choreographer: Frame time is 0.168322 ms in the future! Check that graphics HAL is generating vsync timestamps using the correct timebase.
04-21 12:03:07.961 508 547 W Choreographer: Frame time is 0.168197 ms in the future! Check that graphics HAL is generating vsync timestamps using the correct timebase.
04-21 12:03:07.979 508 547 W Choreographer: Frame time is 0.168714 ms in the future! Check that graphics HAL is generating vsync timestamps using the correct timebase.
04-21 12:03:07.980 508 528 D ActivityManagerTiming: OnBootPhase_1000_com.android.server.SensorNotificationService took to complete: 24ms
04-21 12:03:07.981 508 528 I ActivityManagerTiming: OnBootPhase_1000_com.android.server.emergency.EmergencyAffordanceService
04-21 12:03:07.981 508 528 D ActivityManagerTiming: OnBootPhase_1000_com.android.server.emergency.EmergencyAffordanceService took to complete: 0ms
04-21 12:03:07.981 508 528 I ActivityManagerTiming: OnBootPhase_1000_com.android.server.dreams.DreamManagerService
04-21 12:03:07.981 508 528 D ActivityManagerTiming: OnBootPhase_1000_com.android.server.dreams.DreamManagerService took to complete: 0ms
04-21 12:03:07.981 508 528 I ActivityManagerTiming: OnBootPhase_1000_com.android.server.print.PrintManagerService
04-21 12:03:07.981 508 528 D ActivityManagerTiming: OnBootPhase_1000_com.android.server.print.PrintManagerService took to complete: 0ms
04-21 12:03:07.981 508 528 I ActivityManagerTiming: OnBootPhase_1000_com.android.server.companion.CompanionDeviceManagerService
04-21 12:03:07.981 508 528 D ActivityManagerTiming: OnBootPhase_1000_com.android.server.companion.CompanionDeviceManagerService took to complete: 0ms
04-21 12:03:07.981 508 528 I ActivityManagerTiming: OnBootPhase_1000_com.android.server.restrictions.RestrictionsManagerService
04-21 12:03:07.981 508 528 D ActivityManagerTiming: OnBootPhase_1000_com.android.server.restrictions.RestrictionsManagerService took to complete: 0ms
04-21 12:03:07.981 508 528 I ActivityManagerTiming: OnBootPhase_1000_com.android.server.media.MediaSessionService
04-21 12:03:07.981 508 528 D ActivityManagerTiming: OnBootPhase_1000_com.android.server.media.MediaSessionService took to complete: 0ms
04-21 12:03:07.981 508 528 I ActivityManagerTiming: OnBootPhase_1000_com.android.server.blob.BlobStoreManagerService
04-21 12:03:07.982 508 508 I notification_enqueue: [1000,508,android,26,NULL,-1,Notification(channel=DEVELOPER_IMPORTANT shortcut=null contentView=null vibrate=null sound=null tick defaults=0x0 flags=0x2 color=0xff607d8b vis=PUBLIC),0]
04-21 12:03:07.982 508 528 D ActivityManagerTiming: OnBootPhase_1000_com.android.server.blob.BlobStoreManagerService took to complete: 1ms
04-21 12:03:07.982 508 528 I ActivityManagerTiming: OnBootPhase_1000_com.android.server.media.MediaResourceMonitorService
04-21 12:03:07.982 508 528 D ActivityManagerTiming: OnBootPhase_1000_com.android.server.media.MediaResourceMonitorService took to complete: 0ms
04-21 12:03:07.982 508 528 I ActivityManagerTiming: OnBootPhase_1000_com.android.server.biometrics.BiometricService
04-21 12:03:07.982 508 528 D ActivityManagerTiming: OnBootPhase_1000_com.android.server.biometrics.BiometricService took to complete: 0ms
04-21 12:03:07.982 508 528 I ActivityManagerTiming: OnBootPhase_1000_com.android.server.biometrics.AuthService
04-21 12:03:07.982 508 528 D ActivityManagerTiming: OnBootPhase_1000_com.android.server.biometrics.AuthService took to complete: 0ms
04-21 12:03:07.982 508 528 I ActivityManagerTiming: OnBootPhase_1000_com.android.server.pm.ShortcutService$Lifecycle
04-21 12:03:07.982 508 528 D ActivityManagerTiming: OnBootPhase_1000_com.android.server.pm.ShortcutService$Lifecycle took to complete: 0ms
04-21 12:03:07.982 508 528 I ActivityManagerTiming: OnBootPhase_1000_com.android.server.pm.LauncherAppsService
04-21 12:03:07.982 508 528 D ActivityManagerTiming: OnBootPhase_1000_com.android.server.pm.LauncherAppsService took to complete: 0ms
04-21 12:03:07.983 508 528 I ActivityManagerTiming: OnBootPhase_1000_com.android.server.pm.CrossProfileAppsService
04-21 12:03:07.983 508 528 D ActivityManagerTiming: OnBootPhase_1000_com.android.server.pm.CrossProfileAppsService took to complete: 0ms
04-21 12:03:07.983 508 528 I ActivityManagerTiming: OnBootPhase_1000_com.android.server.people.PeopleService
04-21 12:03:07.983 508 528 D ActivityManagerTiming: OnBootPhase_1000_com.android.server.people.PeopleService took to complete: 0ms
04-21 12:03:07.983 508 528 I ActivityManagerTiming: OnBootPhase_1000_com.android.server.media.projection.MediaProjectionManagerService
04-21 12:03:07.983 508 528 D ActivityManagerTiming: OnBootPhase_1000_com.android.server.media.projection.MediaProjectionManagerService took to complete: 0ms
04-21 12:03:07.983 508 528 I ActivityManagerTiming: OnBootPhase_1000_com.android.server.slice.SliceManagerService$Lifecycle
04-21 12:03:07.983 508 528 D ActivityManagerTiming: OnBootPhase_1000_com.android.server.slice.SliceManagerService$Lifecycle took to complete: 0ms
04-21 12:03:07.983 508 528 I ActivityManagerTiming: OnBootPhase_1000_com.android.server.camera.CameraServiceProxy
04-21 12:03:07.983 508 528 D ActivityManagerTiming: OnBootPhase_1000_com.android.server.camera.CameraServiceProxy took to complete: 0ms
04-21 12:03:07.983 508 528 I ActivityManagerTiming: OnBootPhase_1000_com.android.server.stats.StatsCompanion$Lifecycle
04-21 12:03:07.983 508 528 D ActivityManagerTiming: OnBootPhase_1000_com.android.server.stats.StatsCompanion$Lifecycle took to complete: 1ms
04-21 12:03:07.983 508 528 I ActivityManagerTiming: OnBootPhase_1000_com.android.server.stats.pull.StatsPullAtomService
04-21 12:03:07.983 508 528 D ActivityManagerTiming: OnBootPhase_1000_com.android.server.stats.pull.StatsPullAtomService took to complete: 0ms
04-21 12:03:07.983 508 528 I ActivityManagerTiming: OnBootPhase_1000_com.android.server.incident.IncidentCompanionService
04-21 12:03:07.983 508 528 D ActivityManagerTiming: OnBootPhase_1000_com.android.server.incident.IncidentCompanionService took to complete: 0ms
04-21 12:03:07.983 508 528 I ActivityManagerTiming: OnBootPhase_1000_com.android.server.MmsServiceBroker
04-21 12:03:07.983 508 528 D ActivityManagerTiming: OnBootPhase_1000_com.android.server.MmsServiceBroker took to complete: 0ms
04-21 12:03:07.984 508 528 I ActivityManagerTiming: OnBootPhase_1000_com.android.server.autofill.AutofillManagerService
04-21 12:03:07.984 508 528 D ActivityManagerTiming: OnBootPhase_1000_com.android.server.autofill.AutofillManagerService took to complete: 0ms
04-21 12:03:07.984 508 528 I ActivityManagerTiming: OnBootPhase_1000_com.android.server.clipboard.ClipboardService
04-21 12:03:07.984 508 528 D ActivityManagerTiming: OnBootPhase_1000_com.android.server.clipboard.ClipboardService took to complete: 0ms
04-21 12:03:07.984 508 528 I ActivityManagerTiming: OnBootPhase_1000_com.android.server.appbinding.AppBindingService$Lifecycle
04-21 12:03:07.984 508 528 D ActivityManagerTiming: OnBootPhase_1000_com.android.server.appbinding.AppBindingService$Lifecycle took to complete: 0ms
04-21 12:03:07.984 508 528 I ActivityManagerTiming: OnBootPhase_1000_com.android.server.policy.PermissionPolicyService
04-21 12:03:07.984 448 466 I adbd : adbd_auth: received a new framework connection
04-21 12:03:07.984 508 528 D ActivityManagerTiming: OnBootPhase_1000_com.android.server.policy.PermissionPolicyService took to complete: 1ms
04-21 12:03:07.984 508 528 I ActivityManagerTiming: OnBootPhase_1000_com.android.server.pm.StagingManager$Lifecycle
04-21 12:03:07.984 448 466 I adbd : adbd_auth: received new framework fd 27 (current = -1)
04-21 12:03:07.984 508 528 D ActivityManagerTiming: OnBootPhase_1000_com.android.server.pm.StagingManager$Lifecycle took to complete: 0ms
04-21 12:03:07.984 508 528 D ActivityManagerTiming: OnBootPhase_1000 took to complete: 97ms
04-21 12:03:07.984 508 528 D ActivityManagerTiming: TotalBootTime took to complete: 9328ms
04-21 12:03:07.984 508 528 D SystemServerInitThreadPool: Shutdown requested
04-21 12:03:07.984 508 528 I SystemServerTiming: WaitInitThreadPoolShutdown
04-21 12:03:07.987 508 528 D SystemServerInitThreadPool: Shutdown successful
04-21 12:03:07.987 508 528 D SystemServerTiming: WaitInitThreadPoolShutdown took to complete: 3ms
04-21 12:03:07.989 508 528 I uc_finish_user_boot: 0
04-21 12:03:07.989 508 528 I ActivityManager: User 0 state changed from BOOTING to RUNNING_LOCKED
04-21 12:03:07.990 508 528 I am_user_state_changed: [0,1]
04-21 12:03:07.990 508 528 W ActivityManager: UserLifecycleEvent 4 received without an active userJourneySession.
04-21 12:03:07.992 508 528 I uc_send_user_broadcast: [0,android.intent.action.LOCKED_BOOT_COMPLETED]
04-21 12:03:07.996 508 528 D StorageManagerService: unlockUserKey: 0 isFileEncryptedNativeOrEmulated: true hasToken: false hasSecret: false
04-21 12:03:07.996 232 232 D vold : fscrypt_unlock_user_key 0 serial=0 token_present=0
04-21 12:03:08.001 232 232 D vold : Skipping non-key ..
04-21 12:03:08.001 232 232 D vold : Skipping non-key .
04-21 12:03:08.002 232 232 D vold : Trying user CE key /data/misc/vold/user_keys/ce/0/current
04-21 12:03:08.011 508 547 W Choreographer: Frame time is 0.237747 ms in the future! Check that graphics HAL is generating vsync timestamps using the correct timebase.
04-21 12:03:08.016 223 223 I hwservicemanager: getTransport: Cannot find entry android.hardware.keymaster@3.0::IKeymasterDevice/default in either framework or device manifest.
04-21 12:03:08.016 232 232 I vold : List of Keymaster HALs found:
04-21 12:03:08.017 232 232 I vold : Keymaster HAL #1: SoftwareKeymasterDevice from Google SecurityLevel: SOFTWARE HAL: android.hardware.keymaster@4.1::IKeymasterDevice/default
04-21 12:03:08.017 232 232 I vold : Using SoftwareKeymasterDevice from Google for encryption. Security level: SOFTWARE, HAL: android.hardware.keymaster@4.1::IKeymasterDevice/default
04-21 12:03:08.019 232 232 D vold : Successfully retrieved key
04-21 12:03:08.021 232 232 D vold : Installed fscrypt key with ref 472cd92c64eeed674f2296fc72e17ee0 to /data
04-21 12:03:08.021 232 232 D vold : Added fscrypt-provisioning key for 472cd92c64eeed674f2296fc72e17ee0 to session keyring
04-21 12:03:08.021 232 232 D vold : Installed ce key for user 0
04-21 12:03:08.022 508 528 I uc_finish_user_unlocking: 0
04-21 12:03:08.022 508 528 W ActivityManager: UserLifecycleEvent 5 received without an active userJourneySession.
04-21 12:03:08.022 508 528 D ActivityManager: Started unlocking user 0
04-21 12:03:08.022 508 528 D ActivityManager: Unlocking user 0 progress 0
04-21 12:03:08.022 508 528 D ActivityManager: Unlocking user 0 progress 5
04-21 12:03:08.023 508 528 E UserspaceRebootLogger: Userspace reboot is not supported.
04-21 12:03:08.025 508 534 I am_uid_running: 10104
04-21 12:03:08.026 508 534 D CompatibilityChangeReporter: Compat change id reported: 135634846; UID 10104; state: DISABLED
04-21 12:03:08.026 508 534 D CompatibilityChangeReporter: Compat change id reported: 135754954; UID 10104; state: DISABLED
04-21 12:03:08.027 508 534 I am_wtf : [0,508,system_server,-1,UserspaceRebootLogger,Userspace reboot is not supported.]
04-21 12:03:08.027 508 528 D ActivityManagerTiming: FinishBooting took to complete: 142ms
04-21 12:03:08.027 508 535 D CompatibilityChangeReporter: Compat change id reported: 143937733; UID 10104; state: DISABLED
04-21 12:03:08.028 508 547 W Choreographer: Frame time is 0.221602 ms in the future! Check that graphics HAL is generating vsync timestamps using the correct timebase.
04-21 12:03:08.028 508 508 I notification_enqueue: [1000,508,android,55,NULL,-1,Notification(channel=DEVELOPER shortcut=null contentView=null vibrate=null sound=null tick defaults=0x0 flags=0x2 color=0xff607d8b vis=PUBLIC),0]
04-21 12:03:08.030 508 534 I DropBoxManagerService: add tag=system_server_wtf isTagEnabled=true flags=0x2
04-21 12:03:08.035 232 232 D vold : fscrypt_prepare_user_storage for volume null, user 0, serial 0, flags 2
04-21 12:03:08.035 232 232 D vold : Preparing: /data/system_ce/0
04-21 12:03:08.035 232 232 D vold : Preparing: /data/misc_ce/0
04-21 12:03:08.035 232 232 D vold : Preparing: /data/vendor_ce/0
04-21 12:03:08.037 232 232 D vold : Preparing: /data/media/0
04-21 12:03:08.038 232 232 D vold : Preparing: /data/data
04-21 12:03:08.038 232 232 I vold : Verified that /data/system_ce/0 has the encryption policy 472cd92c64eeed674f2296fc72e17ee0 v2 modes 1/4 flags 0x2
04-21 12:03:08.038 232 232 I vold : Verified that /data/misc_ce/0 has the encryption policy 472cd92c64eeed674f2296fc72e17ee0 v2 modes 1/4 flags 0x2
04-21 12:03:08.039 232 232 I vold : Verified that /data/vendor_ce/0 has the encryption policy 472cd92c64eeed674f2296fc72e17ee0 v2 modes 1/4 flags 0x2
04-21 12:03:08.039 232 232 I vold : Verified that /data/media/0 has the encryption policy 472cd92c64eeed674f2296fc72e17ee0 v2 modes 1/4 flags 0x2
04-21 12:03:08.039 232 232 I vold : Verified that /data/data has the encryption policy 472cd92c64eeed674f2296fc72e17ee0 v2 modes 1/4 flags 0x2
04-21 12:03:08.039 232 232 D vold : Starting restorecon of /data/system_ce/0
04-21 12:03:08.040 508 527 I DropBoxManagerService: add tag=system_server_strictmode isTagEnabled=true flags=0x2
04-21 12:03:08.051 508 527 I DropBoxManagerService: add tag=system_server_strictmode isTagEnabled=true flags=0x2
04-21 12:03:08.055 508 528 D ColorDisplayService: setUp: currentUser=0
04-21 12:03:08.058 333 333 D Zygote : Forked child process 1058
04-21 12:03:08.059 508 527 I DropBoxManagerService: add tag=system_server_strictmode isTagEnabled=true flags=0x2
04-21 12:03:08.067 1058 1058 I Zygote : seccomp disabled by setenforce 0
04-21 12:03:08.068 508 535 I am_proc_start: [0,1058,10104,com.android.deskclock,broadcast,{com.android.deskclock/com.android.deskclock.AlarmInitReceiver}]
04-21 12:03:08.068 508 535 I ActivityManager: Start proc 1058:com.android.deskclock/u0a104 for broadcast {com.android.deskclock/com.android.deskclock.AlarmInitReceiver}
04-21 12:03:08.068 1058 1058 I libc : SetHeapTaggingLevel: tag level set to 0
04-21 12:03:08.075 232 232 D vold : Finished restorecon of /data/system_ce/0
04-21 12:03:08.076 232 232 D vold : Starting restorecon of /data/vendor_ce/0
04-21 12:03:08.081 508 527 I DropBoxManagerService: add tag=system_server_strictmode isTagEnabled=true flags=0x2
04-21 12:03:08.088 448 468 I adbd : jdwp connection from 1058
04-21 12:03:08.089 232 232 D vold : Finished restorecon of /data/vendor_ce/0
04-21 12:03:08.089 232 232 D vold : Starting restorecon of /data/misc_ce/0
04-21 12:03:08.096 232 232 D vold : Finished restorecon of /data/misc_ce/0
04-21 12:03:08.096 232 232 D vold : /system/bin/vold_prepare_subdirs
04-21 12:03:08.096 232 232 D vold : prepare
04-21 12:03:08.096 232 232 D vold :
04-21 12:03:08.096 232 232 D vold : 0
04-21 12:03:08.096 232 232 D vold : 2
04-21 12:03:08.101 508 523 I am_proc_bound: [0,1058,com.android.deskclock]
04-21 12:03:08.116 508 547 W Choreographer: Frame time is 0.235396 ms in the future! Check that graphics HAL is generating vsync timestamps using the correct timebase.
04-21 12:03:08.130 1058 1058 D ApplicationLoaders: Returning zygote-cached class loader: /system/framework/android.test.base.jar
04-21 12:03:08.131 1058 1058 D ApplicationLoaders: Returning zygote-cached class loader: /system/framework/android.hidl.base-V1.0-java.jar
04-21 12:03:08.131 1058 1058 D ApplicationLoaders: Returning zygote-cached class loader: /system/framework/android.hidl.manager-V1.0-java.jar
04-21 12:03:08.131 1058 1058 D ApplicationLoaders: Returning zygote-cached class loader: /system/framework/android.hidl.base-V1.0-java.jar
04-21 12:03:08.134 508 547 W Choreographer: Frame time is 0.224413 ms in the future! Check that graphics HAL is generating vsync timestamps using the correct timebase.
04-21 12:03:08.137 1079 1079 D vold_prepare_subdirs: Setting up mode 700 uid 0 gid 0 context u:object_r:vold_data_file:s0 on path: /data/misc_ce/0/vold
04-21 12:03:08.138 1058 1058 I droid.deskcloc: The ClassLoaderContext is a special shared library.
04-21 12:03:08.143 1079 1079 D vold_prepare_subdirs: Setting up mode 700 uid 0 gid 0 context u:object_r:storaged_data_file:s0 on path: /data/misc_ce/0/storaged
04-21 12:03:08.146 1079 1079 D vold_prepare_subdirs: Setting up mode 700 uid 0 gid 0 context u:object_r:rollback_data_file:s0 on path: /data/misc_ce/0/rollback
04-21 12:03:08.147 1079 1079 D vold_prepare_subdirs: Setting up mode 700 uid 0 gid 0 context u:object_r:apex_rollback_data_file:s0 on path: /data/misc_ce/0/apexrollback
04-21 12:03:08.148 1079 1079 D vold_prepare_subdirs: Setting up mode 711 uid 0 gid 0 context u:object_r:apex_module_data_file:s0 on path: /data/misc_ce/0/apexdata
04-21 12:03:08.150 1079 1079 D vold_prepare_subdirs: Setting up mode 771 uid 0 gid 1000 context u:object_r:apex_module_data_file:s0 on path: /data/misc_ce/0/apexdata/com.android.adbd
04-21 12:03:08.152 508 547 W Choreographer: Frame time is 0.23143 ms in the future! Check that graphics HAL is generating vsync timestamps using the correct timebase.
04-21 12:03:08.152 1079 1079 D vold_prepare_subdirs: Setting up mode 771 uid 0 gid 1000 context u:object_r:apex_module_data_file:s0 on path: /data/misc_ce/0/apexdata/com.android.extservices
04-21 12:03:08.153 1079 1079 D vold_prepare_subdirs: Setting up mode 771 uid 0 gid 1000 context u:object_r:apex_module_data_file:s0 on path: /data/misc_ce/0/apexdata/com.android.conscrypt
04-21 12:03:08.155 1079 1079 D vold_prepare_subdirs: Setting up mode 771 uid 0 gid 1000 context u:object_r:apex_module_data_file:s0 on path: /data/misc_ce/0/apexdata/com.android.media
04-21 12:03:08.156 1079 1079 D vold_prepare_subdirs: Setting up mode 771 uid 0 gid 1000 context u:object_r:apex_module_data_file:s0 on path: /data/misc_ce/0/apexdata/com.android.ipsec
04-21 12:03:08.157 1079 1079 D vold_prepare_subdirs: Setting up mode 771 uid 0 gid 1000 context u:object_r:apex_module_data_file:s0 on path: /data/misc_ce/0/apexdata/com.android.cellbroadcast
04-21 12:03:08.159 1079 1079 D vold_prepare_subdirs: Setting up mode 771 uid 0 gid 1000 context u:object_r:apex_module_data_file:s0 on path: /data/misc_ce/0/apexdata/com.android.neuralnetworks
04-21 12:03:08.161 1079 1079 D vold_prepare_subdirs: Setting up mode 771 uid 0 gid 1000 context u:object_r:apex_module_data_file:s0 on path: /data/misc_ce/0/apexdata/com.android.resolv
04-21 12:03:08.163 741 741 D CdmaServiceCategoryProgramHandler: Idle: release wakelock
04-21 12:03:08.164 1079 1079 D vold_prepare_subdirs: Setting up mode 771 uid 0 gid 1000 context u:object_r:apex_module_data_file:s0 on path: /data/misc_ce/0/apexdata/com.android.mediaprovider
04-21 12:03:08.165 1079 1079 D vold_prepare_subdirs: Setting up mode 771 uid 0 gid 1000 context u:object_r:apex_module_data_file:s0 on path: /data/misc_ce/0/apexdata/com.android.tethering
04-21 12:03:08.166 1081 1081 I bootstat: Service started: /system/bin/bootstat --record_boot_complete --record_boot_reason --record_time_since_factory_reset -l
04-21 12:03:08.167 1079 1079 D vold_prepare_subdirs: Setting up mode 771 uid 0 gid 1000 context u:object_r:apex_module_data_file:s0 on path: /data/misc_ce/0/apexdata/com.android.sdkext
04-21 12:03:08.167 1081 1081 E bootstat: Failed to read /data/misc/bootstat/post_decrypt_time_elapsed: No such file or directory
04-21 12:03:08.168 1081 1081 E bootstat: Failed to parse boot time record: /data/misc/bootstat/post_decrypt_time_elapsed
04-21 12:03:08.168 741 741 D CellBroadcastHandler: Idle: release wakelock
04-21 12:03:08.169 1079 1079 D vold_prepare_subdirs: Setting up mode 771 uid 0 gid 1000 context u:object_r:apex_module_data_file:s0 on path: /data/misc_ce/0/apexdata/com.android.apex.cts.shim
04-21 12:03:08.170 508 547 W Choreographer: Frame time is 0.210447 ms in the future! Check that graphics HAL is generating vsync timestamps using the correct timebase.
04-21 12:03:08.170 741 741 D GsmCellBroadcastHandler: Idle: release wakelock
04-21 12:03:08.171 1079 1079 D vold_prepare_subdirs: Setting up mode 771 uid 0 gid 1000 context u:object_r:apex_module_data_file:s0 on path: /data/misc_ce/0/apexdata/com.android.media.swcodec
04-21 12:03:08.173 1079 1079 D vold_prepare_subdirs: Setting up mode 771 uid 0 gid 1000 context u:object_r:apex_permission_data_file:s0 on path: /data/misc_ce/0/apexdata/com.android.permission
04-21 12:03:08.174 1079 1079 D vold_prepare_subdirs: Setting up mode 771 uid 0 gid 1000 context u:object_r:apex_wifi_data_file:s0 on path: /data/misc_ce/0/apexdata/com.android.wifi
04-21 12:03:08.175 1081 1081 W bootstat: LogBootEvents, atomInfo not defined for events:system_boot_reason,time_since_last_boot,boottime.bootloader.KD,last_boot_time_utc,ro.boottime.init.cold_boot_wait,boot_reason,build_date,boottime.bootloader.AVB,boottime.bootloader.ODT
04-21 12:03:08.176 1079 1079 D vold_prepare_subdirs: Setting up mode 771 uid 0 gid 1000 context u:object_r:apex_module_data_file:s0 on path: /data/misc_ce/0/apexdata/com.android.tzdata
04-21 12:03:08.177 1079 1079 D vold_prepare_subdirs: Setting up mode 771 uid 0 gid 1000 context u:object_r:apex_module_data_file:s0 on path: /data/misc_ce/0/apexdata/com.android.i18n
04-21 12:03:08.180 1079 1079 D vold_prepare_subdirs: Setting up mode 771 uid 0 gid 1000 context u:object_r:apex_module_data_file:s0 on path: /data/misc_ce/0/apexdata/com.android.art
04-21 12:03:08.182 1079 1079 D vold_prepare_subdirs: Setting up mode 771 uid 0 gid 1000 context u:object_r:apex_module_data_file:s0 on path: /data/misc_ce/0/apexdata/com.android.vndk.v30
04-21 12:03:08.182 508 508 I sysui_multi_action: [757,1501,758,1,793,201,794,0,795,201,796,26,806,android,857,DEVELOPER_IMPORTANT,858,4,947,0,1500,0]
04-21 12:03:08.182 1058 1058 I droid.deskcloc: The ClassLoaderContext is a special shared library.
04-21 12:03:08.183 1079 1079 D vold_prepare_subdirs: Setting up mode 771 uid 0 gid 1000 context u:object_r:apex_module_data_file:s0 on path: /data/misc_ce/0/apexdata/com.android.runtime
04-21 12:03:08.183 508 508 I sysui_multi_action: [757,804,799,note_interruptive,801,0,802,1]
04-21 12:03:08.183 1058 1058 D nativeloader: classloader namespace configured for unbundled product apk. library_path=/product/app/DeskClock/lib/arm64:/product/lib64:/system/product/lib64
04-21 12:03:08.184 1079 1079 D vold_prepare_subdirs: Setting up mode 771 uid 0 gid 1000 context u:object_r:apex_module_data_file:s0 on path: /data/misc_ce/0/apexdata/com.android.os.statsd
04-21 12:03:08.185 1079 1079 D vold_prepare_subdirs: Setting up mode 700 uid 1000 gid 1000 context u:object_r:backup_data_file:s0 on path: /data/system_ce/0/backup
04-21 12:03:08.186 508 508 I sysui_multi_action: [757,1501,758,1,793,205,794,0,795,205,796,26,806,android,857,DEVELOPER_IMPORTANT,858,4,947,0,1500,0,1688,1]
04-21 12:03:08.187 508 508 I sysui_multi_action: [757,804,799,note_interruptive,801,0,802,1]
04-21 12:03:08.187 508 547 W Choreographer: Frame time is 0.239089 ms in the future! Check that graphics HAL is generating vsync timestamps using the correct timebase.
04-21 12:03:08.190 1079 1079 D vold_prepare_subdirs: Setting up mode 700 uid 1000 gid 1000 context u:object_r:backup_data_file:s0 on path: /data/system_ce/0/backup_stage
04-21 12:03:08.191 508 508 I sysui_multi_action: [757,199,758,1,759,2,793,209,794,0,795,209,796,26,806,android,857,DEVELOPER_IMPORTANT,858,4,947,0,1500,4,1688,1]
04-21 12:03:08.192 1079 1079 D vold_prepare_subdirs: Setting up mode 700 uid 1000 gid 1000 context u:object_r:face_vendor_data_file:s0 on path: /data/vendor_ce/0/facedata
04-21 12:03:08.196 508 508 I notification_alert: [-1|android|26|null|1000,0,1,0]
04-21 12:03:08.199 508 508 W NotificationHistory: Attempted to add notif for locked/gone/disabled user 0
04-21 12:03:08.202 508 547 W Choreographer: Frame time is 0.164551 ms in the future! Check that graphics HAL is generating vsync timestamps using the correct timebase.
04-21 12:03:08.202 508 525 V UserDataPreparer: Found /data/user/0 with serial number 0
04-21 12:03:08.203 508 525 V UserDataPreparer: Found /data/system_ce/0 with serial number 0
04-21 12:03:08.204 508 525 D UserDataPreparer: Setting property: sys.user.0.ce_available=true
04-21 12:03:08.206 508 525 V PackageManager: reconcileAppsData for null u0 0x2 migrateAppData=false
04-21 12:03:08.217 508 523 I system_server: oneway function results will be dropped but finished with status OK and parcel size 4
04-21 12:03:08.218 508 585 I system_server: oneway function results will be dropped but finished with status OK and parcel size 4
04-21 12:03:08.219 508 547 W Choreographer: Frame time is 0.098093 ms in the future! Check that graphics HAL is generating vsync timestamps using the correct timebase.
04-21 12:03:08.226 668 668 D InterruptionStateProvider: No bubble up: not allowed to bubble: -1|android|26|null|1000
04-21 12:03:08.229 508 508 I sysui_multi_action: [757,1501,758,1,793,205,794,0,795,205,796,55,806,android,857,DEVELOPER,858,2,947,0,1500,0]
04-21 12:03:08.230 508 508 I sysui_multi_action: [757,804,799,note_interruptive,801,0,802,1]
04-21 12:03:08.230 668 668 W NotifBindPipeline: Row is not set so pipeline will not run. notif = -1|android|26|null|1000
04-21 12:03:08.232 508 522 I SELinux : SELinux: Loaded file_contexts
04-21 12:03:08.233 508 508 W NotificationHistory: Attempted to add notif for locked/gone/disabled user 0
04-21 12:03:08.250 668 668 D InterruptionStateProvider: No bubble up: not allowed to bubble: -1|android|55|null|1000
04-21 12:03:08.251 668 668 D InterruptionStateProvider: No heads up: unimportant notification: -1|android|55|null|1000
04-21 12:03:08.254 668 682 I ndroid.systemu: WaitForGcToComplete blocked RunEmptyCheckpoint on ProfileSaver for 16.681ms
04-21 12:03:08.271 365 365 D NuPlayerDriver: NuPlayerDriver(0xf4a405b0) created, clientPid(668)
04-21 12:03:08.279 1058 1058 D NetworkSecurityConfig: No Network Security Config specified, using platform default
04-21 12:03:08.279 1058 1058 D NetworkSecurityConfig: No Network Security Config specified, using platform default
04-21 12:03:08.284 365 1090 D GenericSource: FileSource remote
04-21 12:03:08.292 416 482 E Utils : did not find channel-count and/or sample-rate
04-21 12:03:08.292 416 482 E Utils : did not find channel-count and/or sample-rate
04-21 12:03:08.302 508 522 I MediaFocusControl: requestAudioFocus() from uid/pid 10118/668 clientId=android.media.AudioManager@9294fe3 callingPack=com.android.systemui req=3 flags=0x0 sdk=30
04-21 12:03:08.333 1058 1058 I AlarmClock: AlarmInitReceiver android.intent.action.LOCKED_BOOT_COMPLETED
04-21 12:03:08.344 1058 1094 I AlarmClock: Fixing alarm instances
04-21 12:03:08.393 1058 1094 V AlarmClock: AlarmInitReceiver finished
04-21 12:03:08.406 834 834 I m.android.phon: The ClassLoaderContext is a special shared library.
04-21 12:03:08.414 834 834 D NetworkSecurityConfig: No Network Security Config specified, using platform default
04-21 12:03:08.415 834 834 W nsconfig: com.android.phone: New config does not match the previously set config.
04-21 12:03:08.415 834 834 D ONSAutoboot: Received android.intent.action.LOCKED_BOOT_COMPLETED
04-21 12:03:08.421 834 834 D ONSNetworkScanCtlr: init called
04-21 12:03:08.426 508 522 D TelephonyRegistry: listen ooscl: hasNotifyOpptSubInfoChangedOccurred==false no callback
04-21 12:03:08.426 834 834 D ONSProfileSelector: ONSProfileSelector init complete
04-21 12:03:08.430 834 834 D ONS : service is enable state true
04-21 12:03:08.441 508 533 I system_server: Using smaps_rollup for pss collection
04-21 12:03:08.542 508 533 I am_meminfo: [293826560,2790608896,12288,110235648,353119232]
04-21 12:03:08.549 508 533 I am_pss : [986,10113,com.android.launcher3,18031616,7528448,0,113270784,2,5,7]
04-21 12:03:08.557 508 533 I am_pss : [892,10126,android.ext.services,14484480,3940352,0,111448064,2,5,6]
04-21 12:03:08.566 508 533 I am_pss : [868,1000,com.android.settings,32850944,14278656,0,140435456,2,12,7]
04-21 12:03:08.576 508 533 I am_pss : [834,1001,com.android.phone,27687936,12894208,0,139280384,2,0,8]
04-21 12:03:08.583 508 533 I am_pss : [763,1068,com.android.se,13376512,3596288,0,106475520,2,0,7]
04-21 12:03:08.592 508 533 I am_pss : [741,1073,com.android.networkstack.process,18526208,6402048,0,123097088,2,0,7]
04-21 12:03:08.605 508 533 I am_pss : [668,10118,com.android.systemui,92860416,68530176,0,239218688,2,1,12]
04-21 12:03:08.621 508 533 I am_pss : [508,1000,system,132110336,102649856,0,287727616,2,0,14]
04-21 12:03:08.709 508 525 V PackageManager: reconcileAppsData finished 157 packages
04-21 12:03:08.709 508 525 I ActivityManager: User 0 state changed from RUNNING_LOCKED to RUNNING_UNLOCKING
04-21 12:03:08.709 508 525 I am_user_state_changed: [0,2]
04-21 12:03:08.710 508 525 D ActivityManager: Unlocking user 0 progress 20
04-21 12:03:08.710 508 534 I SystemServerTimingAsync: ssm.UnlockingUser-0
04-21 12:03:08.710 508 525 W Looper : Slow dispatch took 676ms android.fg h=android.os.Handler c=com.android.server.am.-$$Lambda$UserController$stQk1028ON105v_u-VMykVjcxLk@38f16a2 m=0
04-21 12:03:08.710 508 534 I SystemServiceManager: Calling onUnlockingUser 0
04-21 12:03:08.710 508 525 W Looper : Slow delivery took 686ms android.fg h=android.os.Handler c=com.android.server.am.-$$Lambda$UserController$G0WJmqt4X_QG30fRlvXobn18mrE@1e2f33 m=0
04-21 12:03:08.710 508 534 I SystemServerTimingAsync: ssm.onUnlockingUser-0_com.android.server.security.FileIntegrityService
04-21 12:03:08.710 508 534 D SystemServerTimingAsync: ssm.onUnlockingUser-0_com.android.server.security.FileIntegrityService took to complete: 1ms
04-21 12:03:08.710 508 534 I SystemServerTimingAsync: ssm.onUnlockingUser-0_com.android.server.pm.Installer
04-21 12:03:08.710 508 534 D SystemServerTimingAsync: ssm.onUnlockingUser-0_com.android.server.pm.Installer took to complete: 0ms
04-21 12:03:08.710 508 534 I SystemServerTimingAsync: ssm.onUnlockingUser-0_com.android.server.os.DeviceIdentifiersPolicyService
04-21 12:03:08.710 508 534 D SystemServerTimingAsync: ssm.onUnlockingUser-0_com.android.server.os.DeviceIdentifiersPolicyService took to complete: 0ms
04-21 12:03:08.710 508 534 I SystemServerTimingAsync: ssm.onUnlockingUser-0_com.android.server.uri.UriGrantsManagerService$Lifecycle
04-21 12:03:08.710 508 534 D SystemServerTimingAsync: ssm.onUnlockingUser-0_com.android.server.uri.UriGrantsManagerService$Lifecycle took to complete: 0ms
04-21 12:03:08.710 508 534 I SystemServerTimingAsync: ssm.onUnlockingUser-0_com.android.server.wm.ActivityTaskManagerService$Lifecycle
04-21 12:03:08.712 508 534 I LaunchParamsPersister: Didn't find launch param folder for user 0
04-21 12:03:08.712 508 534 D SystemServerTimingAsync: ssm.onUnlockingUser-0_com.android.server.wm.ActivityTaskManagerService$Lifecycle took to complete: 1ms
04-21 12:03:08.712 508 534 I SystemServerTimingAsync: ssm.onUnlockingUser-0_com.android.server.am.ActivityManagerService$Lifecycle
04-21 12:03:08.712 508 534 D SystemServerTimingAsync: ssm.onUnlockingUser-0_com.android.server.am.ActivityManagerService$Lifecycle took to complete: 0ms
04-21 12:03:08.712 508 534 I SystemServerTimingAsync: ssm.onUnlockingUser-0_com.android.server.pm.DataLoaderManagerService
04-21 12:03:08.712 508 534 D SystemServerTimingAsync: ssm.onUnlockingUser-0_com.android.server.pm.DataLoaderManagerService took to complete: 0ms
04-21 12:03:08.712 508 534 I SystemServerTimingAsync: ssm.onUnlockingUser-0_com.android.server.power.PowerManagerService
04-21 12:03:08.712 508 534 D SystemServerTimingAsync: ssm.onUnlockingUser-0_com.android.server.power.PowerManagerService took to complete: 0ms
04-21 12:03:08.712 508 534 I SystemServerTimingAsync: ssm.onUnlockingUser-0_com.android.server.power.ThermalManagerService
04-21 12:03:08.712 508 534 D SystemServerTimingAsync: ssm.onUnlockingUser-0_com.android.server.power.ThermalManagerService took to complete: 0ms
04-21 12:03:08.712 508 534 I SystemServerTimingAsync: ssm.onUnlockingUser-0_com.android.server.recoverysystem.RecoverySystemService$Lifecycle
04-21 12:03:08.712 508 534 D SystemServerTimingAsync: ssm.onUnlockingUser-0_com.android.server.recoverysystem.RecoverySystemService$Lifecycle took to complete: 0ms
04-21 12:03:08.712 508 534 I SystemServerTimingAsync: ssm.onUnlockingUser-0_com.android.server.lights.LightsService
04-21 12:03:08.712 508 534 D SystemServerTimingAsync: ssm.onUnlockingUser-0_com.android.server.lights.LightsService took to complete: 0ms
04-21 12:03:08.712 508 534 I SystemServerTimingAsync: ssm.onUnlockingUser-0_com.android.server.display.DisplayManagerService
04-21 12:03:08.712 508 534 D SystemServerTimingAsync: ssm.onUnlockingUser-0_com.android.server.display.DisplayManagerService took to complete: 0ms
04-21 12:03:08.712 508 534 I SystemServerTimingAsync: ssm.onUnlockingUser-0_com.android.server.pm.UserManagerService$LifeCycle
04-21 12:03:08.712 508 534 D SystemServerTimingAsync: ssm.onUnlockingUser-0_com.android.server.pm.UserManagerService$LifeCycle took to complete: 0ms
04-21 12:03:08.712 508 534 I SystemServerTimingAsync: ssm.onUnlockingUser-0_com.android.server.om.OverlayManagerService
04-21 12:03:08.712 508 534 D SystemServerTimingAsync: ssm.onUnlockingUser-0_com.android.server.om.OverlayManagerService took to complete: 0ms
04-21 12:03:08.712 508 534 I SystemServerTimingAsync: ssm.onUnlockingUser-0_com.android.server.SensorPrivacyService
04-21 12:03:08.712 508 534 D SystemServerTimingAsync: ssm.onUnlockingUser-0_com.android.server.SensorPrivacyService took to complete: 0ms
04-21 12:03:08.712 508 534 I SystemServerTimingAsync: ssm.onUnlockingUser-0_com.android.server.SystemConfigService
04-21 12:03:08.713 508 534 D SystemServerTimingAsync: ssm.onUnlockingUser-0_com.android.server.SystemConfigService took to complete: 0ms
04-21 12:03:08.713 508 534 I SystemServerTimingAsync: ssm.onUnlockingUser-0_com.android.server.BatteryService
04-21 12:03:08.713 508 534 D SystemServerTimingAsync: ssm.onUnlockingUser-0_com.android.server.BatteryService took to complete: 0ms
04-21 12:03:08.713 508 534 I SystemServerTimingAsync: ssm.onUnlockingUser-0_com.android.server.usage.UsageStatsService
04-21 12:03:08.713 508 534 D SystemServerTimingAsync: ssm.onUnlockingUser-0_com.android.server.usage.UsageStatsService took to complete: 0ms
04-21 12:03:08.713 508 534 I SystemServerTimingAsync: ssm.onUnlockingUser-0_com.android.server.webkit.WebViewUpdateService
04-21 12:03:08.713 508 534 D SystemServerTimingAsync: ssm.onUnlockingUser-0_com.android.server.webkit.WebViewUpdateService took to complete: 0ms
04-21 12:03:08.713 508 534 I SystemServerTimingAsync: ssm.onUnlockingUser-0_com.android.server.CachedDeviceStateService
04-21 12:03:08.713 508 534 D SystemServerTimingAsync: ssm.onUnlockingUser-0_com.android.server.CachedDeviceStateService took to complete: 0ms
04-21 12:03:08.713 508 534 I SystemServerTimingAsync: ssm.onUnlockingUser-0_com.android.server.BinderCallsStatsService$LifeCycle
04-21 12:03:08.713 508 534 D SystemServerTimingAsync: ssm.onUnlockingUser-0_com.android.server.BinderCallsStatsService$LifeCycle took to complete: 0ms
04-21 12:03:08.713 508 534 I SystemServerTimingAsync: ssm.onUnlockingUser-0_com.android.server.LooperStatsService$Lifecycle
04-21 12:03:08.713 508 534 D SystemServerTimingAsync: ssm.onUnlockingUser-0_com.android.server.LooperStatsService$Lifecycle took to complete: 0ms
04-21 12:03:08.713 508 534 I SystemServerTimingAsync: ssm.onUnlockingUser-0_com.android.server.rollback.RollbackManagerService
04-21 12:03:08.713 508 534 D SystemServerTimingAsync: ssm.onUnlockingUser-0_com.android.server.rollback.RollbackManagerService took to complete: 0ms
04-21 12:03:08.713 508 534 I SystemServerTimingAsync: ssm.onUnlockingUser-0_com.android.server.os.BugreportManagerService
04-21 12:03:08.713 508 534 D SystemServerTimingAsync: ssm.onUnlockingUser-0_com.android.server.os.BugreportManagerService took to complete: 0ms
04-21 12:03:08.713 508 534 I SystemServerTimingAsync: ssm.onUnlockingUser-0_com.android.server.gpu.GpuService
04-21 12:03:08.713 508 534 D SystemServerTimingAsync: ssm.onUnlockingUser-0_com.android.server.gpu.GpuService took to complete: 0ms
04-21 12:03:08.713 508 534 I SystemServerTimingAsync: ssm.onUnlockingUser-0_com.android.server.security.KeyChainSystemService
04-21 12:03:08.713 508 534 D SystemServerTimingAsync: ssm.onUnlockingUser-0_com.android.server.security.KeyChainSystemService took to complete: 0ms
04-21 12:03:08.713 508 534 I SystemServerTimingAsync: ssm.onUnlockingUser-0_com.android.server.telecom.TelecomLoaderService
04-21 12:03:08.713 508 534 D SystemServerTimingAsync: ssm.onUnlockingUser-0_com.android.server.telecom.TelecomLoaderService took to complete: 0ms
04-21 12:03:08.713 508 534 I SystemServerTimingAsync: ssm.onUnlockingUser-0_com.android.server.accounts.AccountManagerService$Lifecycle
04-21 12:03:08.714 508 534 D SystemServerTimingAsync: ssm.onUnlockingUser-0_com.android.server.accounts.AccountManagerService$Lifecycle took to complete: 0ms
04-21 12:03:08.714 508 534 I SystemServerTimingAsync: ssm.onUnlockingUser-0_com.android.server.content.ContentService$Lifecycle
04-21 12:03:08.714 508 534 D SystemServerTimingAsync: ssm.onUnlockingUser-0_com.android.server.content.ContentService$Lifecycle took to complete: 0ms
04-21 12:03:08.714 508 534 I SystemServerTimingAsync: ssm.onUnlockingUser-0_com.android.server.DropBoxManagerService
04-21 12:03:08.714 508 534 D SystemServerTimingAsync: ssm.onUnlockingUser-0_com.android.server.DropBoxManagerService took to complete: 0ms
04-21 12:03:08.714 508 534 I SystemServerTimingAsync: ssm.onUnlockingUser-0_com.android.server.AlarmManagerService
04-21 12:03:08.714 508 534 D SystemServerTimingAsync: ssm.onUnlockingUser-0_com.android.server.AlarmManagerService took to complete: 0ms
04-21 12:03:08.714 508 534 I SystemServerTimingAsync: ssm.onUnlockingUser-0_com.android.server.BluetoothService
04-21 12:03:08.714 508 534 D BluetoothManagerService: User 0 unlocked
04-21 12:03:08.714 508 534 D SystemServerTimingAsync: ssm.onUnlockingUser-0_com.android.server.BluetoothService took to complete: 0ms
04-21 12:03:08.714 508 534 I SystemServerTimingAsync: ssm.onUnlockingUser-0_com.android.server.connectivity.IpConnectivityMetrics
04-21 12:03:08.714 508 534 D SystemServerTimingAsync: ssm.onUnlockingUser-0_com.android.server.connectivity.IpConnectivityMetrics took to complete: 0ms
04-21 12:03:08.714 508 534 I SystemServerTimingAsync: ssm.onUnlockingUser-0_com.android.server.net.watchlist.NetworkWatchlistService$Lifecycle
04-21 12:03:08.714 508 534 D SystemServerTimingAsync: ssm.onUnlockingUser-0_com.android.server.net.watchlist.NetworkWatchlistService$Lifecycle took to complete: 0ms
04-21 12:03:08.714 508 534 I SystemServerTimingAsync: ssm.onUnlockingUser-0_com.android.server.PinnerService
04-21 12:03:08.714 508 534 D SystemServerTimingAsync: ssm.onUnlockingUser-0_com.android.server.PinnerService took to complete: 0ms
04-21 12:03:08.714 508 534 I SystemServerTimingAsync: ssm.onUnlockingUser-0_com.google.android.startop.iorap.IorapForwardingService
04-21 12:03:08.714 508 534 D SystemServerTimingAsync: ssm.onUnlockingUser-0_com.google.android.startop.iorap.IorapForwardingService took to complete: 0ms
04-21 12:03:08.714 508 534 I SystemServerTimingAsync: ssm.onUnlockingUser-0_com.android.server.integrity.AppIntegrityManagerService
04-21 12:03:08.714 508 534 D SystemServerTimingAsync: ssm.onUnlockingUser-0_com.android.server.integrity.AppIntegrityManagerService took to complete: 0ms
04-21 12:03:08.714 508 534 I SystemServerTimingAsync: ssm.onUnlockingUser-0_com.android.server.inputmethod.InputMethodManagerService$Lifecycle
04-21 12:03:08.714 508 534 D SystemServerTimingAsync: ssm.onUnlockingUser-0_com.android.server.inputmethod.InputMethodManagerService$Lifecycle took to complete: 0ms
04-21 12:03:08.715 508 534 I SystemServerTimingAsync: ssm.onUnlockingUser-0_com.android.server.accessibility.AccessibilityManagerService$Lifecycle
04-21 12:03:08.715 508 534 D SystemServerTimingAsync: ssm.onUnlockingUser-0_com.android.server.accessibility.AccessibilityManagerService$Lifecycle took to complete: 0ms
04-21 12:03:08.715 508 534 I SystemServerTimingAsync: ssm.onUnlockingUser-0_com.android.server.StorageManagerService$Lifecycle
04-21 12:03:08.715 508 534 D StorageManagerService: onUnlockUser 0
04-21 12:03:08.715 508 534 I StorageSessionController: On user unlock 0
04-21 12:03:08.715 508 534 I StorageSessionController: Initialialising...
04-21 12:03:08.715 508 527 D BluetoothManagerService: MESSAGE_USER_UNLOCKED
04-21 12:03:08.724 232 232 I vold : onUserStarted: 0
04-21 12:03:08.725 232 232 D vold : /system/bin/sgdisk
04-21 12:03:08.725 508 522 V StorageManagerService: Found primary storage at VolumeInfo{emulated;0}:
04-21 12:03:08.725 508 522 V StorageManagerService: type=EMULATED diskId=null partGuid= mountFlags=0 mountUserId=0
04-21 12:03:08.725 508 522 V StorageManagerService: state=UNMOUNTED
04-21 12:03:08.725 508 522 V StorageManagerService: fsType=null fsUuid=null fsLabel=null
04-21 12:03:08.725 508 522 V StorageManagerService: path=null internalPath=null
04-21 12:03:08.725 232 232 D vold : --android-dump
04-21 12:03:08.725 232 232 D vold : /dev/block/vold/disk:179,96
04-21 12:03:08.726 508 586 I StorageManagerService: Mounting volume VolumeInfo{emulated;0}:
04-21 12:03:08.726 508 586 I StorageManagerService: type=EMULATED diskId=null partGuid= mountFlags=PRIMARY|VISIBLE
04-21 12:03:08.726 508 586 I StorageManagerService: mountUserId=0 state=UNMOUNTED
04-21 12:03:08.726 508 586 I StorageManagerService: fsType=null fsUuid=null fsLabel=null
04-21 12:03:08.726 508 586 I StorageManagerService: path=null internalPath=null
04-21 12:03:08.727 508 525 W Looper : Drained
04-21 12:03:08.739 436 436 I update_engine: [INFO:cleanup_previous_update_action.cc(137)] Boot completed, waiting on markBootSuccessful()
04-21 12:03:08.749 508 533 I UsageStatsService: User[0] Rollover scheduled @ 2022-04-22 12:03:08(1650628988731)
04-21 12:03:08.752 232 232 D vold : DISK mbr
04-21 12:03:08.752 232 232 D vold : PART 1 c
04-21 12:03:08.753 508 533 I UsageStatsService: User[0] Flushing usage stats to disk
04-21 12:03:08.755 232 236 I vold : Mounting emulated fuse volume
04-21 12:03:08.757 436 436 I update_engine: EnsureMetadataMounted does nothing in Android mode.
04-21 12:03:08.765 232 236 I vold : Bind mounting /data/media to /mnt/pass_through/0/emulated
04-21 12:03:08.767 508 586 I StorageSessionController: On volume mount VolumeInfo{emulated;0}:
04-21 12:03:08.767 508 586 I StorageSessionController: type=EMULATED diskId=null partGuid= mountFlags=PRIMARY|VISIBLE
04-21 12:03:08.767 508 586 I StorageSessionController: mountUserId=0 state=CHECKING
04-21 12:03:08.767 508 586 I StorageSessionController: fsType=null fsUuid=null fsLabel=null
04-21 12:03:08.767 508 586 I StorageSessionController: path=/storage/emulated internalPath=/data/media
04-21 12:03:08.767 508 586 I StorageSessionController: Creating connection for user: 0
04-21 12:03:08.768 508 586 I StorageSessionController: Creating and starting session with id: emulated;0
04-21 12:03:08.768 508 586 I StorageUserConnection: Binding to the ExternalStorageService for user 0
04-21 12:03:08.768 508 534 W SystemServiceManager: Service com.android.server.StorageManagerService$Lifecycle took 53 ms in onUnlockingUser-0
04-21 12:03:08.768 508 534 D SystemServerTimingAsync: ssm.onUnlockingUser-0_com.android.server.StorageManagerService$Lifecycle took to complete: 53ms
04-21 12:03:08.768 508 534 I SystemServerTimingAsync: ssm.onUnlockingUser-0_com.android.server.usage.StorageStatsService$Lifecycle
04-21 12:03:08.768 508 534 D SystemServerTimingAsync: ssm.onUnlockingUser-0_com.android.server.usage.StorageStatsService$Lifecycle took to complete: 0ms
04-21 12:03:08.768 508 534 I SystemServerTimingAsync: ssm.onUnlockingUser-0_com.android.server.UiModeManagerService
04-21 12:03:08.768 508 534 D SystemServerTimingAsync: ssm.onUnlockingUser-0_com.android.server.UiModeManagerService took to complete: 0ms
04-21 12:03:08.768 508 534 I SystemServerTimingAsync: ssm.onUnlockingUser-0_com.android.server.locksettings.LockSettingsService$Lifecycle
04-21 12:03:08.768 508 534 D SystemServerTimingAsync: ssm.onUnlockingUser-0_com.android.server.locksettings.LockSettingsService$Lifecycle took to complete: 0ms
04-21 12:03:08.768 508 534 I SystemServerTimingAsync: ssm.onUnlockingUser-0_com.android.server.PersistentDataBlockService
04-21 12:03:08.768 508 534 D SystemServerTimingAsync: ssm.onUnlockingUser-0_com.android.server.PersistentDataBlockService took to complete: 0ms
04-21 12:03:08.768 508 534 I SystemServerTimingAsync: ssm.onUnlockingUser-0_com.android.server.testharness.TestHarnessModeService
04-21 12:03:08.768 508 534 D SystemServerTimingAsync: ssm.onUnlockingUser-0_com.android.server.testharness.TestHarnessModeService took to complete: 0ms
04-21 12:03:08.768 508 534 I SystemServerTimingAsync: ssm.onUnlockingUser-0_com.android.server.oemlock.OemLockService
04-21 12:03:08.768 508 534 D SystemServerTimingAsync: ssm.onUnlockingUser-0_com.android.server.oemlock.OemLockService took to complete: 0ms
04-21 12:03:08.768 508 534 I SystemServerTimingAsync: ssm.onUnlockingUser-0_com.android.server.DeviceIdleController
04-21 12:03:08.768 508 534 D SystemServerTimingAsync: ssm.onUnlockingUser-0_com.android.server.DeviceIdleController took to complete: 0ms
04-21 12:03:08.769 508 534 I SystemServerTimingAsync: ssm.onUnlockingUser-0_com.android.server.devicepolicy.DevicePolicyManagerService$Lifecycle
04-21 12:03:08.769 508 534 D SystemServerTimingAsync: ssm.onUnlockingUser-0_com.android.server.devicepolicy.DevicePolicyManagerService$Lifecycle took to complete: 0ms
04-21 12:03:08.769 508 534 I SystemServerTimingAsync: ssm.onUnlockingUser-0_com.android.server.textservices.TextServicesManagerService$Lifecycle
04-21 12:03:08.769 508 586 I am_uid_running: 10121
04-21 12:03:08.771 508 586 D CompatibilityChangeReporter: Compat change id reported: 135634846; UID 10121; state: DISABLED
04-21 12:03:08.771 508 534 D SystemServerTimingAsync: ssm.onUnlockingUser-0_com.android.server.textservices.TextServicesManagerService$Lifecycle took to complete: 2ms
04-21 12:03:08.771 508 534 I SystemServerTimingAsync: ssm.onUnlockingUser-0_com.android.server.textclassifier.TextClassificationManagerService$Lifecycle
04-21 12:03:08.771 508 534 D SystemServerTimingAsync: ssm.onUnlockingUser-0_com.android.server.textclassifier.TextClassificationManagerService$Lifecycle took to complete: 0ms
04-21 12:03:08.771 508 534 I SystemServerTimingAsync: ssm.onUnlockingUser-0_com.android.server.NetworkScoreService$Lifecycle
04-21 12:03:08.771 508 534 D SystemServerTimingAsync: ssm.onUnlockingUser-0_com.android.server.NetworkScoreService$Lifecycle took to complete: 0ms
04-21 12:03:08.771 508 534 I SystemServerTimingAsync: ssm.onUnlockingUser-0_com.android.server.wifi.WifiService
04-21 12:03:08.771 508 586 D CompatibilityChangeReporter: Compat change id reported: 135754954; UID 10121; state: ENABLED
04-21 12:03:08.771 508 534 D WifiService: Handle user unlock 0
04-21 12:03:08.771 508 534 D SystemServerTimingAsync: ssm.onUnlockingUser-0_com.android.server.wifi.WifiService took to complete: 0ms
04-21 12:03:08.771 508 534 I SystemServerTimingAsync: ssm.onUnlockingUser-0_com.android.server.wifi.scanner.WifiScanningService
04-21 12:03:08.771 508 586 I StorageUserConnection: Bound to the ExternalStorageService for user 0
04-21 12:03:08.772 508 534 D SystemServerTimingAsync: ssm.onUnlockingUser-0_com.android.server.wifi.scanner.WifiScanningService took to complete: 0ms
04-21 12:03:08.772 508 534 I SystemServerTimingAsync: ssm.onUnlockingUser-0_com.android.server.wifi.p2p.WifiP2pService
04-21 12:03:08.772 508 534 D SystemServerTimingAsync: ssm.onUnlockingUser-0_com.android.server.wifi.p2p.WifiP2pService took to complete: 0ms
04-21 12:03:08.772 508 535 D CompatibilityChangeReporter: Compat change id reported: 143937733; UID 10121; state: ENABLED
04-21 12:03:08.772 508 534 I SystemServerTimingAsync: ssm.onUnlockingUser-0_com.android.server.ethernet.EthernetService
04-21 12:03:08.772 508 534 D SystemServerTimingAsync: ssm.onUnlockingUser-0_com.android.server.ethernet.EthernetService took to complete: 0ms
04-21 12:03:08.772 508 534 I SystemServerTimingAsync: ssm.onUnlockingUser-0_com.android.server.notification.NotificationManagerService
04-21 12:03:08.772 508 534 D SystemServerTimingAsync: ssm.onUnlockingUser-0_com.android.server.notification.NotificationManagerService took to complete: 0ms
04-21 12:03:08.772 508 534 I SystemServerTimingAsync: ssm.onUnlockingUser-0_com.android.server.storage.DeviceStorageMonitorService
