04-21 12:03:05.874 834 834 D TelephonyNetworkFactory[0]: onNeedNetworkFor NetworkRequest [ TRACK_DEFAULT id=14, [ Capabilities: INTERNET&NOT_RESTRICTED&TRUSTED Uid: 10118 AdministratorUids: [] RequestorUid: 10118 RequestorPackageName: com.android.systemui] ] shouldApply false
04-21 12:03:05.877 834 834 D DcRequest: Cellular request confirmed: NetworkRequest [ TRACK_DEFAULT id=14, [ Capabilities: INTERNET&NOT_RESTRICTED&TRUSTED Uid: 10118 AdministratorUids: [] RequestorUid: 10118 RequestorPackageName: com.android.systemui] ]
04-21 12:03:05.878 834 834 D PhoneSwitcher: evaluating due to netRequest
04-21 12:03:05.880 834 834 D PhoneSwitcher: notifyPreferredDataSubIdChanged to -1
04-21 12:03:05.881 834 834 D PhoneSwitcher: Added DcRequest, size: 6
04-21 12:03:05.881 834 834 D TelephonyNetworkFactory[0]: onNeedNetworkFor NetworkRequest [ TRACK_DEFAULT id=15, [ Capabilities: INTERNET&NOT_RESTRICTED&TRUSTED Uid: 10118 AdministratorUids: [] RequestorUid: 10118 RequestorPackageName: com.android.systemui] ] shouldApply false
04-21 12:03:05.883 834 834 D DcRequest: Cellular request confirmed: NetworkRequest [ TRACK_DEFAULT id=15, [ Capabilities: INTERNET&NOT_RESTRICTED&TRUSTED Uid: 10118 AdministratorUids: [] RequestorUid: 10118 RequestorPackageName: com.android.systemui] ]
04-21 12:03:05.883 834 834 D PhoneSwitcher: evaluating due to netRequest
04-21 12:03:05.883 834 834 D PhoneSwitcher: notifyPreferredDataSubIdChanged to -1
04-21 12:03:05.885 834 834 D PhoneSwitcher: Added DcRequest, size: 7
04-21 12:03:05.886 834 834 I Telephony: handleVideoCapabilitesChanged. Video capability - false
04-21 12:03:05.888 834 834 E PhoneInterfaceManager: [PhoneIntfMgr] getIccId: No UICC
04-21 12:03:05.889 834 834 D Telephony: isEmergencyPreferredAccount: subId=-1, activeData=-1
04-21 12:03:05.889 834 834 D Telephony: isEmergencyPreferredAccount: Device does not require preference.
04-21 12:03:05.889 834 834 I Telephony: isRttCurrentlySupported -- emergency acct and no device support
04-21 12:03:05.895 508 523 W Telecom : : registerPhoneAccount not allowed on non-voice capable device.: TSI.rPA@AAc
04-21 12:03:05.896 834 834 D NRM-C-0 : service ComponentInfo{com.android.phone/com.android.internal.telephony.CellularNetworkService} for transport WWAN is now connected.
04-21 12:03:05.896 834 834 D DSM-C-0 : onServiceConnected
04-21 12:03:05.897 834 1034 D CellularDataService: Cellular data service created for slot 0
04-21 12:03:05.897 834 834 D Telephony: isEmergencyPreferredAccount: subId=-1, activeData=-1
04-21 12:03:05.897 834 834 D Telephony: isEmergencyPreferredAccount: Device does not require preference.
04-21 12:03:05.897 834 834 D Telephony: isEmergencyPreferredAccount: subId=-1, activeData=-1
04-21 12:03:05.898 834 834 D Telephony: isEmergencyPreferredAccount: Device does not require preference.
04-21 12:03:05.898 834 834 D TelephonyNetworkFactory[0]: onNeedNetworkFor NetworkRequest [ TRACK_DEFAULT id=16, [ Capabilities: INTERNET&NOT_RESTRICTED&TRUSTED Uid: 1001 AdministratorUids: [] RequestorUid: 1001 RequestorPackageName: com.android.phone] ] shouldApply false
04-21 12:03:05.900 834 834 D DcRequest: Cellular request confirmed: NetworkRequest [ TRACK_DEFAULT id=16, [ Capabilities: INTERNET&NOT_RESTRICTED&TRUSTED Uid: 1001 AdministratorUids: [] RequestorUid: 1001 RequestorPackageName: com.android.phone] ]
04-21 12:03:05.900 834 834 D PhoneSwitcher: evaluating due to netRequest
04-21 12:03:05.901 834 834 D PhoneSwitcher: notifyPreferredDataSubIdChanged to -1
04-21 12:03:05.902 834 834 D PhoneSwitcher: Added DcRequest, size: 8
04-21 12:03:05.902 834 834 D Telephony: isEmergencyPreferredAccount: subId=-1, activeData=-1
04-21 12:03:05.903 834 834 D Telephony: isEmergencyPreferredAccount: Device does not require preference.
04-21 12:03:05.903 834 834 D Telephony: isEmergencyPreferredAccount: subId=-1, activeData=-1
04-21 12:03:05.903 834 834 D Telephony: isEmergencyPreferredAccount: Device does not require preference.
04-21 12:03:05.904 834 834 D Telephony: isEmergencyPreferredAccount: subId=-1, activeData=-1
04-21 12:03:05.904 834 834 D Telephony: isEmergencyPreferredAccount: Device does not require preference.
04-21 12:03:05.905 834 834 D Telephony: isEmergencyPreferredAccount: subId=-1, activeData=-1
04-21 12:03:05.905 834 834 D Telephony: isEmergencyPreferredAccount: Device does not require preference.
04-21 12:03:05.905 834 834 D Telephony: isEmergencyPreferredAccount: subId=-1, activeData=-1
04-21 12:03:05.905 834 834 D Telephony: isEmergencyPreferredAccount: Device does not require preference.
04-21 12:03:05.906 834 834 D Telephony: isEmergencyPreferredAccount: subId=-1, activeData=-1
04-21 12:03:05.906 834 834 D Telephony: isEmergencyPreferredAccount: Device does not require preference.
04-21 12:03:05.906 668 668 D NavigationModeController: getCurrentInteractionMode: mode=0 contextUser=0
04-21 12:03:05.915 340 340 I chatty : uid=1041(audioserver) /vendor/bin/hw/android.hardware.audio.service expire 6 lines
04-21 12:03:05.949 668 668 D NavigationModeController: getCurrentInteractionMode: mode=0 contextUser=0
04-21 12:03:05.979 668 668 D StatusBar: mUserSetupObserver - DeviceProvisionedListener called for user 0
04-21 12:03:05.980 668 668 D StatusBar: updateQsExpansionEnabled - QS Expand enabled: true
04-21 12:03:05.981 668 668 D StatusBar: mUserSetupObserver - DeviceProvisionedListener called for user 0
04-21 12:03:05.982 668 1036 D OpenGLRenderer: profile bars disabled
04-21 12:03:05.982 668 1036 D OpenGLRenderer: ambientRatio = 1.50
04-21 12:03:06.020 668 668 W AudioManager: attempt to call registerAudioRecordingCallback() on a previouslyregistered callback
04-21 12:03:06.020 668 668 D NotifPipeline: Notif pipeline initialized
04-21 12:03:06.034 668 668 V WifiManager: registerSoftApCallback: callback=com.android.systemui.statusbar.policy.HotspotControllerImpl@a803541, executor=android.os.HandlerExecutor@a16aae6
04-21 12:03:06.044 508 597 D ConnectivityService: NetReassign [no changes]
04-21 12:03:06.048 668 668 D KeyguardViewMediator: adjustStatusBarLocked: mShowing=true mOccluded=false isSecure=false force=false --> flags=0x1200000
04-21 12:03:06.049 668 668 D NavigationModeController: getCurrentInteractionMode: mode=0 contextUser=0
04-21 12:03:06.060 668 668 D SystemUIBootTiming: StartServicescom.android.systemui.statusbar.phone.StatusBar took to complete: 719ms
04-21 12:03:06.061 668 1023 W ActivityThread: Failed to find provider info for com.android.contacts (user not unlocked)
04-21 12:03:06.065 668 668 D StorageNotification: Notifying about private volume: VolumeInfo{private}:
04-21 12:03:06.065 668 668 D StorageNotification: type=PRIVATE diskId=null partGuid=null mountFlags=0 mountUserId=-10000
04-21 12:03:06.065 668 668 D StorageNotification: state=MOUNTED
04-21 12:03:06.065 668 668 D StorageNotification: fsType=null fsUuid=null fsLabel=null
04-21 12:03:06.065 668 668 D StorageNotification: path=/data internalPath=null
04-21 12:03:06.066 834 857 W System : A resource failed to call end.
04-21 12:03:06.067 668 668 D SystemUIBootTiming: StartServicescom.android.systemui.usb.StorageNotification took to complete: 7ms
04-21 12:03:06.081 668 668 D SystemUIBootTiming: StartServicescom.android.systemui.power.PowerUI took to complete: 13ms
04-21 12:03:06.083 668 668 D SystemUIBootTiming: StartServicescom.android.systemui.media.RingtonePlayer took to complete: 2ms
04-21 12:03:06.084 668 668 D SystemUIBootTiming: StartServicescom.android.systemui.keyboard.KeyboardUI took to complete: 1ms
04-21 12:03:06.084 668 668 D SystemUIBootTiming: StartServicescom.android.systemui.pip.PipUI took to complete: 1ms
04-21 12:03:06.086 668 668 D SystemUIBootTiming: StartServicescom.android.systemui.shortcut.ShortcutKeyDispatcher took to complete: 2ms
04-21 12:03:06.087 668 668 D SystemUIBootTiming: StartServicescom.android.systemui.VendorServices took to complete: 0ms
04-21 12:03:06.089 668 668 D SystemUIBootTiming: StartServicescom.android.systemui.util.leak.GarbageMonitor$Service took to complete: 2ms
04-21 12:03:06.089 668 668 D SystemUIBootTiming: StartServicescom.android.systemui.LatencyTester took to complete: 1ms
04-21 12:03:06.092 668 668 D SystemUIBootTiming: StartServicescom.android.systemui.globalactions.GlobalActionsComponent took to complete: 2ms
04-21 12:03:06.094 668 668 D SystemUIBootTiming: StartServicescom.android.systemui.ScreenDecorations took to complete: 1ms
04-21 12:03:06.096 668 668 D SystemUIBootTiming: StartServicescom.android.systemui.biometrics.AuthController took to complete: 1ms
04-21 12:03:06.096 668 668 D SystemUIBootTiming: StartServicescom.android.systemui.SliceBroadcastRelayHandler took to complete: 1ms
04-21 12:03:06.097 668 668 D SystemUIBootTiming: StartServicescom.android.systemui.SizeCompatModeActivityController took to complete: 0ms
04-21 12:03:06.100 668 668 D SystemUIBootTiming: StartServicescom.android.systemui.statusbar.notification.InstantAppNotifier took to complete: 2ms
04-21 12:03:06.104 668 668 D SystemUIBootTiming: StartServicescom.android.systemui.theme.ThemeOverlayController took to complete: 3ms
04-21 12:03:06.106 668 668 D SystemUIBootTiming: StartServicescom.android.systemui.accessibility.WindowMagnification took to complete: 1ms
04-21 12:03:06.129 668 668 D SystemUIBootTiming: StartServicescom.android.systemui.accessibility.SystemActions took to complete: 24ms
04-21 12:03:06.130 668 668 D SystemUIBootTiming: StartServicescom.android.systemui.toast.ToastUI took to complete: 0ms
04-21 12:03:06.156 668 668 D StatusBar: disable disable2
04-21 12:03:06.156 668 668 D SystemUIBootTiming: StartServices took to complete: 1624ms
04-21 12:03:06.170 668 668 W KeyguardUpdateMonitor: invalid subId in handleServiceStateChange()
04-21 12:03:06.172 668 1042 D KeyguardViewMediator: onStartedWakingUp, seq = 1
04-21 12:03:06.172 668 1042 D KeyguardViewMediator: notifyStartedWakingUp
04-21 12:03:06.173 668 1042 D KeyguardViewMediator: notifyScreenOn
04-21 12:03:06.173 668 689 D KeyguardViewMediator: notifyScreenTurnedOn
04-21 12:03:06.175 668 689 D KeyguardViewMediator: adjustStatusBarLocked: mShowing=true mOccluded=false isSecure=false force=false --> flags=0x1200000
04-21 12:03:06.176 508 508 D BluetoothA2dp: Binding service...
04-21 12:03:06.185 668 668 E libEGL : validate_display:89 error 3001 (EGL_NOT_INITIALIZED)
04-21 12:03:06.322 508 522 I wm_task_created: [3,-1]
04-21 12:03:06.322 508 522 I wm_stack_created: 3
04-21 12:03:06.325 223 223 I hwservicemanager: getTransport: Cannot find entry android.hardware.configstore@1.0::ISurfaceFlingerConfigs/default in either framework or device manifest.
04-21 12:03:06.326 668 942 D EglHelper: createEglContext start
04-21 12:03:06.333 508 523 I wm_task_created: [4,-1]
04-21 12:03:06.333 508 523 I wm_stack_created: 4
04-21 12:03:06.335 668 942 D EglHelper: createEglContext done
04-21 12:03:06.335 668 942 D EglHelper: createEglSurface start
04-21 12:03:06.336 346 945 I gralloc_driver: is_supported check descriptor name=com.android.systemui.ImageWallpaper#0, width=1600, height=1280, droid_format=RGBX8888, usage=COMPOSER_OVERLAY|GPU_RENDER_TARGET|GPU_TEXTURE
04-21 12:03:06.341 360 397 W ServiceManager: Permission failure: android.permission.ACCESS_SURFACE_FLINGER from uid=10118 pid=668
04-21 12:03:06.342 360 397 D PermissionCache: checking android.permission.ACCESS_SURFACE_FLINGER for uid=10118 => denied (1191 us)
04-21 12:03:06.342 668 942 I display : open gpu gralloc module!
04-21 12:03:06.351 668 942 D EglHelper: createEglSurface done
04-21 12:03:06.364 668 668 D Tonal : Tonal Palette - index: 1. Main color: ff03252e
04-21 12:03:06.364 668 668 D Tonal : Colors: ff011216, ff03252e, ff053c46, ff065463, ff097986, ff0b89aa, ff0da5ce, ff3cbddf, ff4fc6f3, ff6cccf5, ff8ed2f8, ffbde4fb, ffdef3fd
04-21 12:03:06.365 668 668 D Tonal : Tonal Palette - index: 1. Main color: ff03252e
04-21 12:03:06.365 668 668 D Tonal : Colors: ff011216, ff03252e, ff053c46, ff065463, ff097986, ff0b89aa, ff0da5ce, ff3cbddf, ff4fc6f3, ff6cccf5, ff8ed2f8, ffbde4fb, ffdef3fd
04-21 12:03:06.473 508 522 E WindowManager: Window Session Crash
04-21 12:03:06.473 508 522 E WindowManager: java.lang.IllegalArgumentException: Requested window null does not exist
04-21 12:03:06.473 508 522 E WindowManager: at com.android.server.wm.WindowManagerService.windowForClientLocked(WindowManagerService.java:5443)
04-21 12:03:06.473 508 522 E WindowManager: at com.android.server.wm.Session.actionOnWallpaper(Session.java:356)
04-21 12:03:06.473 508 522 E WindowManager: at com.android.server.wm.Session.setWallpaperZoomOut(Session.java:382)
04-21 12:03:06.473 508 522 E WindowManager: at android.view.IWindowSession$Stub.onTransact(IWindowSession.java:1154)
04-21 12:03:06.473 508 522 E WindowManager: at com.android.server.wm.Session.onTransact(Session.java:139)
04-21 12:03:06.473 508 522 E WindowManager: at android.os.Binder.execTransactInternal(Binder.java:1159)
04-21 12:03:06.473 508 522 E WindowManager: at android.os.Binder.execTransact(Binder.java:1123)
04-21 12:03:06.474 508 534 I am_wtf : [0,0,system_server,-1,WindowManager,Requested window null does not exist]
04-21 12:03:06.474 508 522 W Binder : Caught a RuntimeException from the binder stub implementation.
04-21 12:03:06.474 508 522 W Binder : java.lang.IllegalArgumentException: Requested window null does not exist
04-21 12:03:06.474 508 522 W Binder : at com.android.server.wm.WindowManagerService.windowForClientLocked(WindowManagerService.java:5443)
04-21 12:03:06.474 508 522 W Binder : at com.android.server.wm.Session.actionOnWallpaper(Session.java:356)
04-21 12:03:06.474 508 522 W Binder : at com.android.server.wm.Session.setWallpaperZoomOut(Session.java:382)
04-21 12:03:06.474 508 522 W Binder : at android.view.IWindowSession$Stub.onTransact(IWindowSession.java:1154)
04-21 12:03:06.474 508 522 W Binder : at com.android.server.wm.Session.onTransact(Session.java:139)
04-21 12:03:06.474 508 522 W Binder : at android.os.Binder.execTransactInternal(Binder.java:1159)
04-21 12:03:06.474 508 522 W Binder : at android.os.Binder.execTransact(Binder.java:1123)
04-21 12:03:06.475 508 534 I DropBoxManagerService: add tag=system_server_wtf isTagEnabled=true flags=0x2
04-21 12:03:06.508 346 945 I gralloc_driver: is_supported check descriptor name=NavigationBar0#0, width=1280, height=72, droid_format=RGBA8888, usage=COMPOSER_OVERLAY|GPU_RENDER_TARGET|GPU_TEXTURE
04-21 12:03:06.509 346 945 I gralloc_driver: is_supported check descriptor name=NavigationBar0#0, width=1280, height=72, droid_format=RGBA8888, usage=COMPOSER_OVERLAY|GPU_RENDER_TARGET|GPU_TEXTURE
04-21 12:03:06.510 346 346 I gralloc_driver: is_supported check descriptor name=NavigationBar0#0, width=1280, height=72, droid_format=RGBA8888, usage=COMPOSER_OVERLAY|GPU_RENDER_TARGET|GPU_TEXTURE
04-21 12:03:06.511 346 346 I gralloc_driver: is_supported check descriptor name=NavigationBar0#0, width=1280, height=72, droid_format=RGBA8888, usage=COMPOSER_OVERLAY|GPU_RENDER_TARGET|GPU_TEXTURE
04-21 12:03:06.516 668 668 D KeyguardClockSwitch: Updating clock: 1203
04-21 12:03:06.565 346 346 I gralloc_driver: is_supported check descriptor name=com.android.systemui.ImageWallpaper#0, width=1600, height=1280, droid_format=RGBX8888, usage=COMPOSER_OVERLAY|GPU_RENDER_TARGET|GPU_TEXTURE
04-21 12:03:06.575 668 937 W ActivityThread: Failed to find provider info for com.android.contacts (user not unlocked)
04-21 12:03:06.595 668 937 W ActivityThread: Failed to find provider info for com.android.contacts (user not unlocked)
04-21 12:03:06.648 346 346 I gralloc_driver: is_supported check descriptor name=NotificationShade#0, width=1280, height=800, droid_format=RGBA8888, usage=COMPOSER_OVERLAY|GPU_RENDER_TARGET|GPU_TEXTURE
04-21 12:03:06.652 346 346 I chatty : uid=1000(system) allocator@4.0-s identical 1 line
04-21 12:03:06.654 346 346 I gralloc_driver: is_supported check descriptor name=NotificationShade#0, width=1280, height=800, droid_format=RGBA8888, usage=COMPOSER_OVERLAY|GPU_RENDER_TARGET|GPU_TEXTURE
04-21 12:03:06.658 346 945 I gralloc_driver: is_supported check descriptor name=NotificationShade#0, width=1280, height=800, droid_format=RGBA8888, usage=COMPOSER_OVERLAY|GPU_RENDER_TARGET|GPU_TEXTURE
04-21 12:03:06.674 668 668 W Resources: Drawable com.android.systemui:anim/lock_unlock has unresolved theme attributes! Consider using Resources.getDrawable(int, Theme) or Context.getDrawable(int).
04-21 12:03:06.674 668 668 W Resources: java.lang.RuntimeException
04-21 12:03:06.674 668 668 W Resources: at android.content.res.Resources.getDrawable(Resources.java:899)
04-21 12:03:06.674 668 668 W Resources: at com.android.systemui.statusbar.phone.LockIcon.getIcon(LockIcon.java:174)
04-21 12:03:06.674 668 668 W Resources: at com.android.systemui.statusbar.phone.LockIcon.access$200(LockIcon.java:45)
04-21 12:03:06.674 668 668 W Resources: at com.android.systemui.statusbar.phone.LockIcon$1.onPreDraw(LockIcon.java:68)
04-21 12:03:06.674 668 668 W Resources: at android.view.ViewTreeObserver.dispatchOnPreDraw(ViewTreeObserver.java:1093)
04-21 12:03:06.674 668 668 W Resources: at android.view.ViewRootImpl.performTraversals(ViewRootImpl.java:3094)
04-21 12:03:06.674 668 668 W Resources: at android.view.ViewRootImpl.doTraversal(ViewRootImpl.java:1948)
04-21 12:03:06.674 668 668 W Resources: at android.view.ViewRootImpl$TraversalRunnable.run(ViewRootImpl.java:8177)
04-21 12:03:06.674 668 668 W Resources: at android.view.Choreographer$CallbackRecord.run(Choreographer.java:972)
04-21 12:03:06.674 668 668 W Resources: at android.view.Choreographer.doCallbacks(Choreographer.java:796)
04-21 12:03:06.674 668 668 W Resources: at android.view.Choreographer.doFrame(Choreographer.java:731)
04-21 12:03:06.674 668 668 W Resources: at android.view.Choreographer$FrameDisplayEventReceiver.run(Choreographer.java:957)
04-21 12:03:06.674 668 668 W Resources: at android.os.Handler.handleCallback(Handler.java:938)
04-21 12:03:06.674 668 668 W Resources: at android.os.Handler.dispatchMessage(Handler.java:99)
04-21 12:03:06.674 668 668 W Resources: at android.os.Looper.loop(Looper.java:223)
04-21 12:03:06.674 668 668 W Resources: at android.app.ActivityThread.main(ActivityThread.java:7660)
04-21 12:03:06.674 668 668 W Resources: at java.lang.reflect.Method.invoke(Native Method)
04-21 12:03:06.674 668 668 W Resources: at com.android.internal.os.RuntimeInit$MethodAndArgsCaller.run(RuntimeInit.java:592)
04-21 12:03:06.674 668 668 W Resources: at com.android.internal.os.ZygoteInit.main(ZygoteInit.java:947)
04-21 12:03:06.697 668 1036 I OpenGLRenderer: Davey! duration=748ms; Flags=1, IntendedVsync=26250179375, Vsync=26768036493, OldestInputEvent=9223372036854775807, NewestInputEvent=0, HandleInputStart=26777257000, AnimationStart=26777259000, PerformTraversalsStart=26779008625, DrawStart=26987443875, SyncQueued=26987909375, SyncStart=26990834750, IssueDrawCommandsStart=26990942500, SwapBuffers=26998614000, FrameCompleted=27002060750, DequeueBufferDuration=113125, QueueBufferDuration=746375, GpuCompleted=0,
04-21 12:03:06.725 346 945 I gralloc_driver: is_supported check descriptor name=StatusBar#0, width=1280, height=36, droid_format=RGBA8888, usage=COMPOSER_OVERLAY|GPU_RENDER_TARGET|GPU_TEXTURE
04-21 12:03:06.728 346 945 I gralloc_driver: is_supported check descriptor name=StatusBar#0, width=1280, height=36, droid_format=RGBA8888, usage=COMPOSER_OVERLAY|GPU_RENDER_TARGET|GPU_TEXTURE
04-21 12:03:06.731 346 346 I gralloc_driver: is_supported check descriptor name=StatusBar#0, width=1280, height=36, droid_format=RGBA8888, usage=COMPOSER_OVERLAY|GPU_RENDER_TARGET|GPU_TEXTURE
04-21 12:03:06.733 346 346 I gralloc_driver: is_supported check descriptor name=StatusBar#0, width=1280, height=36, droid_format=RGBA8888, usage=COMPOSER_OVERLAY|GPU_RENDER_TARGET|GPU_TEXTURE
04-21 12:03:06.763 668 1036 I OpenGLRenderer: Davey! duration=815ms; Flags=1, IntendedVsync=26250179375, Vsync=26768036493, OldestInputEvent=9223372036854775807, NewestInputEvent=0, HandleInputStart=26777257000, AnimationStart=26777259000, PerformTraversalsStart=26779008625, DrawStart=27038861250, SyncQueued=27040903750, SyncStart=27042956375, IssueDrawCommandsStart=27043108500, SwapBuffers=27066103250, FrameCompleted=27067615625, DequeueBufferDuration=89000, QueueBufferDuration=413500, GpuCompleted=0,
04-21 12:03:06.765 508 529 V WindowManager: Orientation start waiting for draw, mDrawState=DRAW_PENDING in Window{a96caa8 u0 NotificationShade}, surfaceController Surface(name=NotificationShade)/@0xf445bd3
04-21 12:03:06.771 508 529 V WindowManager: Orientation start waiting for draw, mDrawState=DRAW_PENDING in Window{f38b5fe u0 com.android.systemui.ImageWallpaper}, surfaceController Surface(name=com.android.systemui.ImageWallpaper)/@0x92521c5
04-21 12:03:06.772 668 668 D QSTileHost: Recreating tiles
04-21 12:03:06.774 668 668 D QSTileHost: Creating tile: wifi
04-21 12:03:06.779 668 668 D QSTileHost: Creating tile: bt
04-21 12:03:06.781 668 668 D QSTileHost: Creating tile: dnd
04-21 12:03:06.783 668 668 D QSTileHost: Creating tile: flashlight
04-21 12:03:06.785 668 668 D QSTileHost: Destroying not available tile: flashlight
04-21 12:03:06.785 668 668 D QSTileHost: Creating tile: rotation
04-21 12:03:06.786 668 668 D QSTileHost: Creating tile: battery
04-21 12:03:06.787 668 668 D QSTileHost: Creating tile: cell
04-21 12:03:06.788 668 668 D QSTileHost: Destroying not available tile: cell
04-21 12:03:06.788 668 668 D QSTileHost: Creating tile: airplane
04-21 12:03:06.789 668 668 D QSTileHost: Creating tile: cast
04-21 12:03:06.790 668 668 D QSTileHost: Creating tile: screenrecord
04-21 12:03:06.792 668 668 D QSTileHost: Creating tile: dbg:mem
04-21 12:03:07.096 668 668 V ShadeControllerImpl: NotificationShadeWindow: com.android.systemui.statusbar.phone.NotificationShadeWindowView{7fdf261 V.E...... .......D 0,0-1280,800} canPanelBeCollapsed(): false
04-21 12:03:07.098 668 668 D KeyguardViewMediator: onSystemReady
04-21 12:03:07.100 232 232 E Cryptfs : cryptfs_get_password not valid for file encryption
04-21 12:03:07.101 668 668 D KeyguardViewMediator: doKeyguard: showing the lock screen
04-21 12:03:07.101 668 668 D KeyguardViewMediator: showLocked
04-21 12:03:07.103 668 668 D KeyguardViewMediator: adjustStatusBarLocked: mShowing=true mOccluded=false isSecure=false force=false --> flags=0x1200000
04-21 12:03:07.104 668 668 D KeyguardViewMediator: handleNotifyWakingUp
04-21 12:03:07.123 668 668 D KeyguardViewMediator: handleNotifyScreenTurningOn
04-21 12:03:07.125 668 668 D KeyguardClockSwitch: Updating clock: 1203
04-21 12:03:07.126 508 529 V WindowManager: Orientation start waiting for draw, mDrawState=DRAW_PENDING in Window{a96caa8 u0 NotificationShade}, surfaceController Surface(name=NotificationShade)/@0xf445bd3
04-21 12:03:07.138 668 668 D KeyguardViewMediator: handleNotifyScreenTurnedOn
04-21 12:03:07.140 668 668 D StatusBar: disable disable2
04-21 12:03:07.150 346 346 I gralloc_driver: is_supported check descriptor name=com.android.systemui.ImageWallpaper#0, width=1600, height=1280, droid_format=RGBX8888, usage=COMPOSER_OVERLAY|GPU_RENDER_TARGET|GPU_TEXTURE
04-21 12:03:07.158 668 668 V KeyguardUpdateMonitor: onSubscriptionInfoChanged()
04-21 12:03:07.177 668 668 I chatty : uid=10118(com.android.systemui) identical 9 lines
04-21 12:03:07.178 668 668 V KeyguardUpdateMonitor: onSubscriptionInfoChanged()
04-21 12:03:07.181 668 668 I Choreographer: Skipped 39 frames! The application may be doing too much work on its main thread.
04-21 12:03:07.252 668 1036 I OpenGLRenderer: Davey! duration=766ms; Flags=1, IntendedVsync=26788415229, Vsync=27484843767, OldestInputEvent=9223372036854775807, NewestInputEvent=0, HandleInputStart=27486008250, AnimationStart=27486011000, PerformTraversalsStart=27486843250, DrawStart=27551335500, SyncQueued=27551582125, SyncStart=27554081250, IssueDrawCommandsStart=27554156000, SwapBuffers=27555362500, FrameCompleted=27556921250, DequeueBufferDuration=248625, QueueBufferDuration=804750, GpuCompleted=0,
04-21 12:03:07.253 668 668 D StatusBar: disable disable2
04-21 12:03:07.259 668 668 D NavigationModeController: getCurrentInteractionMode: mode=0 contextUser=0
04-21 12:03:07.286 668 668 D NavigationModeController: getCurrentUserContext: contextUser=0 currentUser=0
04-21 12:03:07.300 668 668 D NavigationModeController: getCurrentInteractionMode: mode=0 contextUser=0
04-21 12:03:07.339 668 668 D NavigationModeController: getCurrentUserContext: contextUser=0 currentUser=0
04-21 12:03:07.450 668 668 D InterruptionStateProvider: No bubble up: not allowed to bubble: -1|android|32|null|1000
04-21 12:03:07.452 668 668 D InterruptionStateProvider: No heads up: unimportant notification: -1|android|32|null|1000
04-21 12:03:07.453 668 668 D KeyguardViewMediator: handleShow
04-21 12:03:07.468 668 668 D StatusBar: updateQsExpansionEnabled - QS Expand enabled: true
04-21 12:03:07.486 668 668 I sysui_multi_action: [757,111,758,1]
04-21 12:03:07.487 668 668 I sysui_multi_action: [757,126,758,1,759,126,927,0,928,0,1593,0]
04-21 12:03:07.488 668 668 I sysui_multi_action: [757,113,758,1,759,113,927,1,928,0,1593,0]
04-21 12:03:07.488 668 668 I sysui_multi_action: [757,118,758,1,759,118,927,2,928,0,1593,0]
04-21 12:03:07.488 668 668 I sysui_multi_action: [757,123,758,1,759,123,927,4,928,0,1593,0]
04-21 12:03:07.488 668 668 I sysui_multi_action: [757,261,758,1,759,261,927,5,928,0,1593,0]
04-21 12:03:07.489 668 668 I sysui_multi_action: [757,112,758,1,759,112,927,7,928,0,1593,0]
04-21 12:03:07.497 668 668 D StatusBar: disable disable2
04-21 12:03:07.497 508 522 I sysui_multi_action: [757,127,758,1]
04-21 12:03:07.498 508 522 I sysui_multi_action: [757,804,799,note_load,801,0,802,1]
04-21 12:03:07.498 508 522 I notification_panel_revealed: 0
04-21 12:03:07.502 668 668 E KeyguardBouncer: onFullyShown when view was null
04-21 12:03:07.503 508 522 I am_wtf : [0,668,com.android.systemui,818462221,KeyguardBouncer,onFullyShown when view was null]
04-21 12:03:07.505 508 1048 I DropBoxManagerService: add tag=system_app_wtf isTagEnabled=true flags=0x2
04-21 12:03:07.509 668 668 D StatusBar: disable disable2
04-21 12:03:07.511 508 528 V WindowManager: Orientation start waiting for draw, mDrawState=DRAW_PENDING in Window{a96caa8 u0 NotificationShade}, surfaceController Surface(name=NotificationShade)/@0xf445bd3
04-21 12:03:07.512 508 528 V WindowManager: Orientation start waiting for draw, mDrawState=DRAW_PENDING in Window{f38b5fe u0 com.android.systemui.ImageWallpaper}, surfaceController Surface(name=com.android.systemui.ImageWallpaper)/@0x92521c5
04-21 12:03:07.564 668 668 D StatusBar: disable disable2
04-21 12:03:07.565 668 668 D KeyguardUpdateMonitor: onKeyguardVisibilityChanged(true)
04-21 12:03:07.566 668 668 D KeyguardClockSwitch: Updating clock: 1203
04-21 12:03:07.569 668 668 I sysui_multi_action: [757,196,758,1,759,0]
04-21 12:03:07.570 668 668 I sysui_status_bar_state: [1,1,0,0,0,1]
04-21 12:03:07.571 668 668 D StatusBar: disable disable2
04-21 12:03:07.573 668 668 D KeyguardViewMediator: adjustStatusBarLocked: mShowing=true mOccluded=false isSecure=false force=false --> flags=0x1200000
04-21 12:03:07.591 668 668 D KeyguardViewMediator: adjustStatusBarLocked: mShowing=true mOccluded=false isSecure=false force=false --> flags=0x1200000
04-21 12:03:07.623 508 528 I user_activity_timeout_override: 10000
04-21 12:03:07.641 668 668 W View : requestLayout() improperly called by com.android.keyguard.CarrierText{b04b68 V.ED..... ......ID 24,0-1175,60 #7f0a0266 app:id/keyguard_carrier_text} during layout: running second layout pass
04-21 12:03:07.697 346 346 I gralloc_driver: is_supported check descriptor name=Bitmap::allocateHardwareBitmap pid [668], width=44, height=48, droid_format=RGBA8888, usage=GPU_TEXTURE
04-21 12:03:07.710 346 346 I gralloc_driver: is_supported check descriptor name=Bitmap::allocateHardwareBitmap pid [668], width=44, height=48, droid_format=RGBA8888, usage=GPU_TEXTURE
04-21 12:03:07.796 501 501 D BootAnimation: BootAnimationStopTiming start time: 28100ms
04-21 12:03:07.876 508 528 I WindowManager: ******* TELLING SURFACE FLINGER WE ARE BOOTED!
04-21 12:03:07.876 360 944 I SurfaceFlinger: Boot is finished (14183 ms)
04-21 12:03:07.880 360 944 I sf_stop_bootanim: 28185
04-21 12:03:07.883 508 528 I wm_boot_animation_done: 28187
04-21 12:03:07.884 508 528 I ActivityManagerTiming: FinishBooting
04-21 12:03:07.886 508 528 I ActivityManager: About to commit checkpoint
04-21 12:03:07.887 508 528 I SystemServiceManager: Starting phase 1000
04-21 12:03:07.887 508 528 I ActivityManagerTiming: OnBootPhase_1000
04-21 12:03:07.887 508 528 I ActivityManagerTiming: OnBootPhase_1000_com.android.server.security.FileIntegrityService
04-21 12:03:07.887 508 528 D ActivityManagerTiming: OnBootPhase_1000_com.android.server.security.FileIntegrityService took to complete: 0ms
04-21 12:03:07.887 508 528 I ActivityManagerTiming: OnBootPhase_1000_com.android.server.pm.Installer
04-21 12:03:07.887 508 528 D ActivityManagerTiming: OnBootPhase_1000_com.android.server.pm.Installer took to complete: 0ms
04-21 12:03:07.887 508 528 I ActivityManagerTiming: OnBootPhase_1000_com.android.server.os.DeviceIdentifiersPolicyService
04-21 12:03:07.887 508 528 D ActivityManagerTiming: OnBootPhase_1000_com.android.server.os.DeviceIdentifiersPolicyService took to complete: 0ms
04-21 12:03:07.887 508 528 I ActivityManagerTiming: OnBootPhase_1000_com.android.server.uri.UriGrantsManagerService$Lifecycle
04-21 12:03:07.887 508 528 D ActivityManagerTiming: OnBootPhase_1000_com.android.server.uri.UriGrantsManagerService$Lifecycle took to complete: 0ms
04-21 12:03:07.887 508 528 I ActivityManagerTiming: OnBootPhase_1000_com.android.server.wm.ActivityTaskManagerService$Lifecycle
04-21 12:03:07.888 508 528 D ActivityManagerTiming: OnBootPhase_1000_com.android.server.wm.ActivityTaskManagerService$Lifecycle took to complete: 0ms
04-21 12:03:07.888 508 528 I ActivityManagerTiming: OnBootPhase_1000_com.android.server.am.ActivityManagerService$Lifecycle
04-21 12:03:07.888 508 528 D ActivityManagerTiming: OnBootPhase_1000_com.android.server.am.ActivityManagerService$Lifecycle took to complete: 0ms
04-21 12:03:07.888 508 528 I ActivityManagerTiming: OnBootPhase_1000_com.android.server.pm.DataLoaderManagerService
04-21 12:03:07.888 508 528 D ActivityManagerTiming: OnBootPhase_1000_com.android.server.pm.DataLoaderManagerService took to complete: 0ms
04-21 12:03:07.888 508 528 I ActivityManagerTiming: OnBootPhase_1000_com.android.server.power.PowerManagerService
04-21 12:03:07.892 222 222 I servicemanager: Found android.hardware.power.IPower/default in device VINTF manifest.
04-21 12:03:07.892 360 396 I PowerAdvisor: Loaded AIDL Power HAL service
04-21 12:03:07.893 262 262 I libperfmgr: Hint type not present in actions: EXPENSIVE_RENDERING
04-21 12:03:07.893 262 262 I android.hardware.power-service.imx: Power mode EXPENSIVE_RENDERING isModeSupported: 0
04-21 12:03:07.894 262 262 I libperfmgr: Hint type not present in actions: DISPLAY_UPDATE_IMMINENT
04-21 12:03:07.894 262 262 I android.hardware.power-service.imx: Power boost DISPLAY_UPDATE_IMMINENT isBoostSupported: 0
04-21 12:03:07.895 508 528 D ActivityManagerTiming: OnBootPhase_1000_com.android.server.power.PowerManagerService took to complete: 7ms
04-21 12:03:07.895 508 528 I ActivityManagerTiming: OnBootPhase_1000_com.android.server.power.ThermalManagerService
04-21 12:03:07.895 508 528 D ActivityManagerTiming: OnBootPhase_1000_com.android.server.power.ThermalManagerService took to complete: 0ms
04-21 12:03:07.896 508 528 I ActivityManagerTiming: OnBootPhase_1000_com.android.server.recoverysystem.RecoverySystemService$Lifecycle
04-21 12:03:07.896 508 528 D ActivityManagerTiming: OnBootPhase_1000_com.android.server.recoverysystem.RecoverySystemService$Lifecycle took to complete: 0ms
04-21 12:03:07.896 508 528 I ActivityManagerTiming: OnBootPhase_1000_com.android.server.lights.LightsService
04-21 12:03:07.896 508 528 D ActivityManagerTiming: OnBootPhase_1000_com.android.server.lights.LightsService took to complete: 0ms
04-21 12:03:07.896 508 528 I ActivityManagerTiming: OnBootPhase_1000_com.android.server.display.DisplayManagerService
04-21 12:03:07.896 508 528 D ActivityManagerTiming: OnBootPhase_1000_com.android.server.display.DisplayManagerService took to complete: 0ms
04-21 12:03:07.896 508 528 I ActivityManagerTiming: OnBootPhase_1000_com.android.server.pm.UserManagerService$LifeCycle
04-21 12:03:07.896 508 528 D ActivityManagerTiming: OnBootPhase_1000_com.android.server.pm.UserManagerService$LifeCycle took to complete: 0ms
04-21 12:03:07.896 508 528 I ActivityManagerTiming: OnBootPhase_1000_com.android.server.om.OverlayManagerService
04-21 12:03:07.896 508 528 D ActivityManagerTiming: OnBootPhase_1000_com.android.server.om.OverlayManagerService took to complete: 0ms
04-21 12:03:07.896 508 528 I ActivityManagerTiming: OnBootPhase_1000_com.android.server.SensorPrivacyService
04-21 12:03:07.896 508 528 D ActivityManagerTiming: OnBootPhase_1000_com.android.server.SensorPrivacyService took to complete: 0ms
04-21 12:03:07.896 508 528 I ActivityManagerTiming: OnBootPhase_1000_com.android.server.SystemConfigService
04-21 12:03:07.896 508 528 D ActivityManagerTiming: OnBootPhase_1000_com.android.server.SystemConfigService took to complete: 0ms
04-21 12:03:07.896 508 528 I ActivityManagerTiming: OnBootPhase_1000_com.android.server.BatteryService
04-21 12:03:07.896 508 528 D ActivityManagerTiming: OnBootPhase_1000_com.android.server.BatteryService took to complete: 0ms
04-21 12:03:07.896 508 528 I ActivityManagerTiming: OnBootPhase_1000_com.android.server.usage.UsageStatsService
04-21 12:03:07.897 508 547 V DisplayPowerController: Brightness [0.1643581] reason changing to: 'manual', previous reason: 'override'.
04-21 12:03:07.898 508 528 D ActivityManagerTiming: OnBootPhase_1000_com.android.server.usage.UsageStatsService took to complete: 1ms
04-21 12:03:07.898 508 528 I ActivityManagerTiming: OnBootPhase_1000_com.android.server.webkit.WebViewUpdateService
04-21 12:03:07.898 508 528 D ActivityManagerTiming: OnBootPhase_1000_com.android.server.webkit.WebViewUpdateService took to complete: 0ms
04-21 12:03:07.898 508 528 I ActivityManagerTiming: OnBootPhase_1000_com.android.server.CachedDeviceStateService
04-21 12:03:07.898 508 528 D ActivityManagerTiming: OnBootPhase_1000_com.android.server.CachedDeviceStateService took to complete: 0ms
04-21 12:03:07.898 508 528 I ActivityManagerTiming: OnBootPhase_1000_com.android.server.BinderCallsStatsService$LifeCycle
04-21 12:03:07.898 508 528 D ActivityManagerTiming: OnBootPhase_1000_com.android.server.BinderCallsStatsService$LifeCycle took to complete: 0ms
04-21 12:03:07.898 508 528 I ActivityManagerTiming: OnBootPhase_1000_com.android.server.LooperStatsService$Lifecycle
04-21 12:03:07.898 508 528 D ActivityManagerTiming: OnBootPhase_1000_com.android.server.LooperStatsService$Lifecycle took to complete: 0ms
04-21 12:03:07.898 508 528 I ActivityManagerTiming: OnBootPhase_1000_com.android.server.rollback.RollbackManagerService
04-21 12:03:07.899 508 528 D ActivityManagerTiming: OnBootPhase_1000_com.android.server.rollback.RollbackManagerService took to complete: 1ms
04-21 12:03:07.900 508 528 I ActivityManagerTiming: OnBootPhase_1000_com.android.server.os.BugreportManagerService
04-21 12:03:07.900 508 528 D ActivityManagerTiming: OnBootPhase_1000_com.android.server.os.BugreportManagerService took to complete: 0ms
04-21 12:03:07.900 508 528 I ActivityManagerTiming: OnBootPhase_1000_com.android.server.gpu.GpuService
04-21 12:03:07.900 508 528 D ActivityManagerTiming: OnBootPhase_1000_com.android.server.gpu.GpuService took to complete: 0ms
04-21 12:03:07.900 508 528 I ActivityManagerTiming: OnBootPhase_1000_com.android.server.security.KeyChainSystemService
04-21 12:03:07.900 508 528 D ActivityManagerTiming: OnBootPhase_1000_com.android.server.security.KeyChainSystemService took to complete: 0ms
04-21 12:03:07.900 508 528 I ActivityManagerTiming: OnBootPhase_1000_com.android.server.telecom.TelecomLoaderService
04-21 12:03:07.900 508 528 D ActivityManagerTiming: OnBootPhase_1000_com.android.server.telecom.TelecomLoaderService took to complete: 0ms
04-21 12:03:07.900 508 528 I ActivityManagerTiming: OnBootPhase_1000_com.android.server.accounts.AccountManagerService$Lifecycle
04-21 12:03:07.900 508 528 D ActivityManagerTiming: OnBootPhase_1000_com.android.server.accounts.AccountManagerService$Lifecycle took to complete: 0ms
04-21 12:03:07.900 508 528 I ActivityManagerTiming: OnBootPhase_1000_com.android.server.content.ContentService$Lifecycle
04-21 12:03:07.900 508 528 D ActivityManagerTiming: OnBootPhase_1000_com.android.server.content.ContentService$Lifecycle took to complete: 0ms
04-21 12:03:07.900 508 528 I ActivityManagerTiming: OnBootPhase_1000_com.android.server.DropBoxManagerService
04-21 12:03:07.900 508 528 D ActivityManagerTiming: OnBootPhase_1000_com.android.server.DropBoxManagerService took to complete: 0ms
04-21 12:03:07.900 508 528 I ActivityManagerTiming: OnBootPhase_1000_com.android.server.AlarmManagerService
04-21 12:03:07.900 508 528 D ActivityManagerTiming: OnBootPhase_1000_com.android.server.AlarmManagerService took to complete: 0ms
04-21 12:03:07.901 508 528 I ActivityManagerTiming: OnBootPhase_1000_com.android.server.BluetoothService
04-21 12:03:07.901 508 528 D ActivityManagerTiming: OnBootPhase_1000_com.android.server.BluetoothService took to complete: 0ms
04-21 12:03:07.901 508 528 I ActivityManagerTiming: OnBootPhase_1000_com.android.server.connectivity.IpConnectivityMetrics
04-21 12:03:07.901 508 528 D ActivityManagerTiming: OnBootPhase_1000_com.android.server.connectivity.IpConnectivityMetrics took to complete: 0ms
04-21 12:03:07.901 508 528 I ActivityManagerTiming: OnBootPhase_1000_com.android.server.net.watchlist.NetworkWatchlistService$Lifecycle
04-21 12:03:07.901 508 528 D ActivityManagerTiming: OnBootPhase_1000_com.android.server.net.watchlist.NetworkWatchlistService$Lifecycle took to complete: 0ms
04-21 12:03:07.901 508 528 I ActivityManagerTiming: OnBootPhase_1000_com.android.server.PinnerService
04-21 12:03:07.901 508 528 D ActivityManagerTiming: OnBootPhase_1000_com.android.server.PinnerService took to complete: 0ms
04-21 12:03:07.901 508 528 I ActivityManagerTiming: OnBootPhase_1000_com.google.android.startop.iorap.IorapForwardingService
04-21 12:03:07.901 508 528 D ActivityManagerTiming: OnBootPhase_1000_com.google.android.startop.iorap.IorapForwardingService took to complete: 0ms
04-21 12:03:07.901 508 528 I ActivityManagerTiming: OnBootPhase_1000_com.android.server.integrity.AppIntegrityManagerService
04-21 12:03:07.901 508 528 D ActivityManagerTiming: OnBootPhase_1000_com.android.server.integrity.AppIntegrityManagerService took to complete: 0ms
04-21 12:03:07.901 508 528 I ActivityManagerTiming: OnBootPhase_1000_com.android.server.inputmethod.InputMethodManagerService$Lifecycle
04-21 12:03:07.901 508 528 D ActivityManagerTiming: OnBootPhase_1000_com.android.server.inputmethod.InputMethodManagerService$Lifecycle took to complete: 0ms
04-21 12:03:07.909 508 528 I ActivityManagerTiming: OnBootPhase_1000_com.android.server.accessibility.AccessibilityManagerService$Lifecycle
04-21 12:03:07.909 508 571 D RollbackManager: mRollbackLifetimeDurationInMillis=1209600000
04-21 12:03:07.909 508 528 D ActivityManagerTiming: OnBootPhase_1000_com.android.server.accessibility.AccessibilityManagerService$Lifecycle took to complete: 0ms
04-21 12:03:07.909 508 528 I ActivityManagerTiming: OnBootPhase_1000_com.android.server.StorageManagerService$Lifecycle
04-21 12:03:07.909 508 586 D StorageManagerService: Thinking about init, mBootCompleted=true, mDaemonConnected=true
04-21 12:03:07.910 508 528 D StorageManagerService: FUSE flags. Settings: true. Default: true
04-21 12:03:07.910 508 586 D StorageManagerService: Thinking about reset, mBootCompleted=true, mDaemonConnected=true
04-21 12:03:07.910 508 586 I StorageSessionController: Started resetting external storage service...
04-21 12:03:07.910 508 586 I StorageSessionController: Finished resetting external storage service
04-21 12:03:07.910 508 586 I StorageManagerService: Resetting vold...
04-21 12:03:07.911 508 528 D ActivityManagerTiming: OnBootPhase_1000_com.android.server.StorageManagerService$Lifecycle took to complete: 1ms
04-21 12:03:07.911 508 528 I ActivityManagerTiming: OnBootPhase_1000_com.android.server.usage.StorageStatsService$Lifecycle
04-21 12:03:07.911 508 528 D ActivityManagerTiming: OnBootPhase_1000_com.android.server.usage.StorageStatsService$Lifecycle took to complete: 0ms
04-21 12:03:07.911 508 528 I ActivityManagerTiming: OnBootPhase_1000_com.android.server.UiModeManagerService
04-21 12:03:07.911 508 528 D ActivityManagerTiming: OnBootPhase_1000_com.android.server.UiModeManagerService took to complete: 0ms
04-21 12:03:07.911 508 528 I ActivityManagerTiming: OnBootPhase_1000_com.android.server.locksettings.LockSettingsService$Lifecycle
04-21 12:03:07.911 508 528 D ActivityManagerTiming: OnBootPhase_1000_com.android.server.locksettings.LockSettingsService$Lifecycle took to complete: 0ms
04-21 12:03:07.911 508 586 I StorageManagerService: Reset vold
04-21 12:03:07.912 232 232 I vold : onUserAdded: 0
04-21 12:03:07.912 508 533 D AppStandbyController: Loading headless system app cache. appIdleEnabled=false
04-21 12:03:07.912 508 528 I ActivityManagerTiming: OnBootPhase_1000_com.android.server.PersistentDataBlockService
04-21 12:03:07.913 508 528 D ActivityManagerTiming: OnBootPhase_1000_com.android.server.PersistentDataBlockService took to complete: 0ms
04-21 12:03:07.913 508 528 I ActivityManagerTiming: OnBootPhase_1000_com.android.server.testharness.TestHarnessModeService
04-21 12:03:07.913 508 528 D TestHarnessModeService: Completing Test Harness Mode setup.
04-21 12:03:07.926 508 547 W Choreographer: Frame time is 0.007038 ms in the future! Check that graphics HAL is generating vsync timestamps using the correct timebase.
04-21 12:03:07.943 508 547 W Choreographer: Frame time is 0.13943 ms in the future! Check that graphics HAL is generating vsync timestamps using the correct timebase.
04-21 12:03:07.944 668 668 W Choreographer: Frame time is 0.07193 ms in the future! Check that graphics HAL is generating vsync timestamps using the correct timebase.
04-21 12:03:07.950 508 528 D ActivityManagerTiming: OnBootPhase_1000_com.android.server.testharness.TestHarnessModeService took to complete: 38ms
04-21 12:03:07.950 508 528 I ActivityManagerTiming: OnBootPhase_1000_com.android.server.oemlock.OemLockService
04-21 12:03:07.950 508 528 D ActivityManagerTiming: OnBootPhase_1000_com.android.server.oemlock.OemLockService took to complete: 0ms
04-21 12:03:07.950 508 528 I ActivityManagerTiming: OnBootPhase_1000_com.android.server.DeviceIdleController
04-21 12:03:07.950 508 528 D ActivityManagerTiming: OnBootPhase_1000_com.android.server.DeviceIdleController took to complete: 0ms
04-21 12:03:07.950 508 528 I ActivityManagerTiming: OnBootPhase_1000_com.android.server.devicepolicy.DevicePolicyManagerService$Lifecycle
04-21 12:03:07.950 508 528 D ActivityManagerTiming: OnBootPhase_1000_com.android.server.devicepolicy.DevicePolicyManagerService$Lifecycle took to complete: 0ms
04-21 12:03:07.951 508 528 I ActivityManagerTiming: OnBootPhase_1000_com.android.server.textservices.TextServicesManagerService$Lifecycle
04-21 12:03:07.951 508 528 D ActivityManagerTiming: OnBootPhase_1000_com.android.server.textservices.TextServicesManagerService$Lifecycle took to complete: 0ms
04-21 12:03:07.951 508 528 I ActivityManagerTiming: OnBootPhase_1000_com.android.server.textclassifier.TextClassificationManagerService$Lifecycle
04-21 12:03:07.951 508 528 D ActivityManagerTiming: OnBootPhase_1000_com.android.server.textclassifier.TextClassificationManagerService$Lifecycle took to complete: 0ms
04-21 12:03:07.951 508 528 I ActivityManagerTiming: OnBootPhase_1000_com.android.server.NetworkScoreService$Lifecycle
04-21 12:03:07.951 508 528 D ActivityManagerTiming: OnBootPhase_1000_com.android.server.NetworkScoreService$Lifecycle took to complete: 0ms
04-21 12:03:07.951 508 528 I ActivityManagerTiming: OnBootPhase_1000_com.android.server.wifi.WifiService
04-21 12:03:07.951 508 528 D ActivityManagerTiming: OnBootPhase_1000_com.android.server.wifi.WifiService took to complete: 0ms
04-21 12:03:07.951 508 528 I ActivityManagerTiming: OnBootPhase_1000_com.android.server.wifi.scanner.WifiScanningService
04-21 12:03:07.951 508 528 D ActivityManagerTiming: OnBootPhase_1000_com.android.server.wifi.scanner.WifiScanningService took to complete: 0ms
04-21 12:03:07.951 508 528 I ActivityManagerTiming: OnBootPhase_1000_com.android.server.wifi.p2p.WifiP2pService
04-21 12:03:07.951 508 528 D ActivityManagerTiming: OnBootPhase_1000_com.android.server.wifi.p2p.WifiP2pService took to complete: 0ms
04-21 12:03:07.952 508 528 I ActivityManagerTiming: OnBootPhase_1000_com.android.server.ethernet.EthernetService
04-21 12:03:07.952 508 528 D ActivityManagerTiming: OnBootPhase_1000_com.android.server.ethernet.EthernetService took to complete: 0ms
04-21 12:03:07.952 508 528 I ActivityManagerTiming: OnBootPhase_1000_com.android.server.notification.NotificationManagerService
04-21 12:03:07.952 508 528 D ActivityManagerTiming: OnBootPhase_1000_com.android.server.notification.NotificationManagerService took to complete: 0ms
04-21 12:03:07.952 508 528 I ActivityManagerTiming: OnBootPhase_1000_com.android.server.storage.DeviceStorageMonitorService
04-21 12:03:07.952 508 528 D ActivityManagerTiming: OnBootPhase_1000_com.android.server.storage.DeviceStorageMonitorService took to complete: 0ms
04-21 12:03:07.952 508 528 I ActivityManagerTiming: OnBootPhase_1000_com.android.server.location.LocationManagerService$Lifecycle
04-21 12:03:07.952 508 528 D ActivityManagerTiming: OnBootPhase_1000_com.android.server.location.LocationManagerService$Lifecycle took to complete: 0ms
04-21 12:03:07.952 508 528 I ActivityManagerTiming: OnBootPhase_1000_com.android.server.timedetector.TimeDetectorService$Lifecycle
04-21 12:03:07.952 508 528 D ActivityManagerTiming: OnBootPhase_1000_com.android.server.timedetector.TimeDetectorService$Lifecycle took to complete: 0ms
04-21 12:03:07.952 508 528 I ActivityManagerTiming: OnBootPhase_1000_com.android.server.timezonedetector.TimeZoneDetectorService$Lifecycle
04-21 12:03:07.952 508 528 D ActivityManagerTiming: OnBootPhase_1000_com.android.server.timezonedetector.TimeZoneDetectorService$Lifecycle took to complete: 0ms
04-21 12:03:07.952 508 528 I ActivityManagerTiming: OnBootPhase_1000_com.android.server.search.SearchManagerService$Lifecycle
04-21 12:03:07.952 508 528 D ActivityManagerTiming: OnBootPhase_1000_com.android.server.search.SearchManagerService$Lifecycle took to complete: 0ms
04-21 12:03:07.952 508 528 I ActivityManagerTiming: OnBootPhase_1000_com.android.server.wallpaper.WallpaperManagerService$Lifecycle
04-21 12:03:07.952 508 528 D ActivityManagerTiming: OnBootPhase_1000_com.android.server.wallpaper.WallpaperManagerService$Lifecycle took to complete: 0ms
04-21 12:03:07.952 508 528 I ActivityManagerTiming: OnBootPhase_1000_com.android.server.audio.AudioService$Lifecycle
04-21 12:03:07.952 508 528 D ActivityManagerTiming: OnBootPhase_1000_com.android.server.audio.AudioService$Lifecycle took to complete: 0ms
04-21 12:03:07.952 508 528 I ActivityManagerTiming: OnBootPhase_1000_com.android.server.soundtrigger_middleware.SoundTriggerMiddlewareService$Lifecycle
04-21 12:03:07.952 508 528 D ActivityManagerTiming: OnBootPhase_1000_com.android.server.soundtrigger_middleware.SoundTriggerMiddlewareService$Lifecycle took to complete: 0ms
04-21 12:03:07.952 508 528 I ActivityManagerTiming: OnBootPhase_1000_com.android.server.DockObserver
04-21 12:03:07.952 508 528 D ActivityManagerTiming: OnBootPhase_1000_com.android.server.DockObserver took to complete: 0ms
04-21 12:03:07.953 508 528 I ActivityManagerTiming: OnBootPhase_1000_com.android.server.midi.MidiService$Lifecycle
04-21 12:03:07.953 508 528 D ActivityManagerTiming: OnBootPhase_1000_com.android.server.midi.MidiService$Lifecycle took to complete: 0ms
04-21 12:03:07.953 508 528 I ActivityManagerTiming: OnBootPhase_1000_com.android.server.adb.AdbService$Lifecycle
04-21 12:03:07.953 508 528 D ActivityManagerTiming: OnBootPhase_1000_com.android.server.adb.AdbService$Lifecycle took to complete: 1ms
04-21 12:03:07.953 508 528 I ActivityManagerTiming: OnBootPhase_1000_com.android.server.usb.UsbService$Lifecycle
04-21 12:03:07.953 508 528 D ActivityManagerTiming: OnBootPhase_1000_com.android.server.usb.UsbService$Lifecycle took to complete: 0ms
04-21 12:03:07.954 508 528 I ActivityManagerTiming: OnBootPhase_1000_com.android.server.twilight.TwilightService
04-21 12:03:07.955 508 528 D ActivityManagerTiming: OnBootPhase_1000_com.android.server.twilight.TwilightService took to complete: 2ms
04-21 12:03:07.955 508 528 I ActivityManagerTiming: OnBootPhase_1000_com.android.server.display.color.ColorDisplayService
04-21 12:03:07.955 508 528 D ActivityManagerTiming: OnBootPhase_1000_com.android.server.display.color.ColorDisplayService took to complete: 0ms
04-21 12:03:07.956 508 528 I ActivityManagerTiming: OnBootPhase_1000_com.android.server.job.JobSchedulerService
04-21 12:03:07.956 508 528 D ActivityManagerTiming: OnBootPhase_1000_com.android.server.job.JobSchedulerService took to complete: 0ms
04-21 12:03:07.956 508 528 I ActivityManagerTiming: OnBootPhase_1000_com.android.server.soundtrigger.SoundTriggerService
04-21 12:03:07.956 508 528 D SoundTriggerService: onBootPhase: 1000 : false
04-21 12:03:07.956 508 528 D ActivityManagerTiming: OnBootPhase_1000_com.android.server.soundtrigger.SoundTriggerService took to complete: 0ms
04-21 12:03:07.956 508 528 I ActivityManagerTiming: OnBootPhase_1000_com.android.server.trust.TrustManagerService
04-21 12:03:07.956 508 528 D ActivityManagerTiming: OnBootPhase_1000_com.android.server.trust.TrustManagerService took to complete: 0ms
