04-21 12:03:08.865 508 534 I SystemServerTimingAsync: ssm.onUnlockedUser-0_com.android.server.stats.pull.StatsPullAtomService
04-21 12:03:08.865 508 534 D SystemServerTimingAsync: ssm.onUnlockedUser-0_com.android.server.stats.pull.StatsPullAtomService took to complete: 0ms
04-21 12:03:08.865 508 534 I SystemServerTimingAsync: ssm.onUnlockedUser-0_com.android.server.incident.IncidentCompanionService
04-21 12:03:08.865 508 534 D SystemServerTimingAsync: ssm.onUnlockedUser-0_com.android.server.incident.IncidentCompanionService took to complete: 0ms
04-21 12:03:08.865 508 534 I SystemServerTimingAsync: ssm.onUnlockedUser-0_com.android.server.MmsServiceBroker
04-21 12:03:08.865 508 534 D SystemServerTimingAsync: ssm.onUnlockedUser-0_com.android.server.MmsServiceBroker took to complete: 0ms
04-21 12:03:08.865 508 534 I SystemServerTimingAsync: ssm.onUnlockedUser-0_com.android.server.autofill.AutofillManagerService
04-21 12:03:08.865 365 1111 D ReflectedParamUpdater: extent() != 1 for single value type: algo.buffers.max-count.values
04-21 12:03:08.865 508 534 D SystemServerTimingAsync: ssm.onUnlockedUser-0_com.android.server.autofill.AutofillManagerService took to complete: 0ms
04-21 12:03:08.865 508 534 I SystemServerTimingAsync: ssm.onUnlockedUser-0_com.android.server.clipboard.ClipboardService
04-21 12:03:08.865 508 534 D SystemServerTimingAsync: ssm.onUnlockedUser-0_com.android.server.clipboard.ClipboardService took to complete: 0ms
04-21 12:03:08.865 508 534 I SystemServerTimingAsync: ssm.onUnlockedUser-0_com.android.server.appbinding.AppBindingService$Lifecycle
04-21 12:03:08.865 508 534 D SystemServerTimingAsync: ssm.onUnlockedUser-0_com.android.server.appbinding.AppBindingService$Lifecycle took to complete: 0ms
04-21 12:03:08.865 508 534 I SystemServerTimingAsync: ssm.onUnlockedUser-0_com.android.server.policy.PermissionPolicyService
04-21 12:03:08.866 508 534 D SystemServerTimingAsync: ssm.onUnlockedUser-0_com.android.server.policy.PermissionPolicyService took to complete: 0ms
04-21 12:03:08.866 508 534 I SystemServerTimingAsync: ssm.onUnlockedUser-0_com.android.server.pm.StagingManager$Lifecycle
04-21 12:03:08.866 508 534 D SystemServerTimingAsync: ssm.onUnlockedUser-0_com.android.server.pm.StagingManager$Lifecycle took to complete: 0ms
04-21 12:03:08.866 508 534 D SystemServerTimingAsync: ssm.UnlockedUser-0 took to complete: 37ms
04-21 12:03:08.866 508 534 W ActivityManager: UserLifecycleEvent 6 received without an active userJourneySession.
04-21 12:03:08.866 365 1111 D ReflectedParamUpdater: extent() != 1 for single value type: output.subscribed-indices.values
04-21 12:03:08.866 365 1111 D ReflectedParamUpdater: extent() != 1 for single value type: input.buffers.allocator-ids.values
04-21 12:03:08.866 365 1111 D ReflectedParamUpdater: extent() != 1 for single value type: output.buffers.allocator-ids.values
04-21 12:03:08.867 365 1111 D ReflectedParamUpdater: extent() != 1 for single value type: algo.buffers.allocator-ids.values
04-21 12:03:08.867 365 1111 D ReflectedParamUpdater: extent() != 1 for single value type: output.buffers.pool-ids.values
04-21 12:03:08.868 365 1111 D ReflectedParamUpdater: extent() != 1 for single value type: algo.buffers.pool-ids.values
04-21 12:03:08.870 365 1111 I CCodecConfig: query failed after returning 7 values (BAD_INDEX)
04-21 12:03:08.871 365 1111 D CCodecConfig: c2 config diff is Dict {
04-21 12:03:08.871 365 1111 D CCodecConfig: c2::u32 coded.bitrate.value = 64000
04-21 12:03:08.871 365 1111 D CCodecConfig: c2::u32 input.buffers.max-size.value = 32768
04-21 12:03:08.871 365 1111 D CCodecConfig: c2::u32 input.delay.value = 0
04-21 12:03:08.871 365 1111 D CCodecConfig: string input.media-type.value = "audio/vorbis"
04-21 12:03:08.871 365 1111 D CCodecConfig: string output.media-type.value = "audio/raw"
04-21 12:03:08.871 365 1111 D CCodecConfig: c2::u32 raw.channel-count.value = 1
04-21 12:03:08.871 365 1111 D CCodecConfig: c2::u32 raw.sample-rate.value = 48000
04-21 12:03:08.871 365 1111 D CCodecConfig: }
04-21 12:03:08.872 365 1111 D CCodec : [c2.android.vorbis.decoder] buffers are bound to CCodec for this session
04-21 12:03:08.873 365 1111 D CCodecConfig: no c2 equivalents for durationUs
04-21 12:03:08.873 365 1111 D CCodecConfig: no c2 equivalents for csd-1
04-21 12:03:08.873 365 1111 D CCodecConfig: no c2 equivalents for channel-mask
04-21 12:03:08.873 365 1111 D CCodecConfig: no c2 equivalents for streaming
04-21 12:03:08.873 365 1111 D CCodecConfig: no c2 equivalents for flags
04-21 12:03:08.874 365 1111 D CCodecConfig: c2 config diff is c2::u32 coded.bitrate.value = 80000
04-21 12:03:08.874 365 1111 D CCodecConfig: c2::u32 raw.sample-rate.value = 44100
04-21 12:03:08.876 365 1111 W Codec2Client: query -- param skipped: index = 1107298332.
04-21 12:03:08.876 365 1111 D CCodec : setup formats input: AMessage(what = 0x00000000) = {
04-21 12:03:08.876 365 1111 D CCodec : int32_t bitrate = 80000
04-21 12:03:08.876 365 1111 D CCodec : int32_t channel-count = 1
04-21 12:03:08.876 365 1111 D CCodec : int32_t max-input-size = 32768
04-21 12:03:08.876 365 1111 D CCodec : string mime = "audio/vorbis"
04-21 12:03:08.876 365 1111 D CCodec : int32_t sample-rate = 44100
04-21 12:03:08.876 365 1111 D CCodec : } and output: AMessage(what = 0x00000000) = {
04-21 12:03:08.876 365 1111 D CCodec : int32_t bitrate = 80000
04-21 12:03:08.876 365 1111 D CCodec : int32_t channel-count = 1
04-21 12:03:08.876 365 1111 D CCodec : string mime = "audio/raw"
04-21 12:03:08.876 365 1111 D CCodec : int32_t sample-rate = 44100
04-21 12:03:08.876 365 1111 D CCodec : int32_t channel-mask = 1
04-21 12:03:08.876 365 1111 D CCodec : }
04-21 12:03:08.876 365 1111 I MediaCodec: MediaCodec will operate in async mode
04-21 12:03:08.877 365 1111 W Codec2Client: query -- param skipped: index = 1342179345.
04-21 12:03:08.877 365 1111 W Codec2Client: query -- param skipped: index = 2415921170.
04-21 12:03:08.879 365 1111 E FMQ : grantorIdx must be less than 3
04-21 12:03:08.880 365 1111 E FMQ : grantorIdx must be less than 3
04-21 12:03:08.880 365 1111 D CCodecBufferChannel: [c2.android.vorbis.decoder#488] Created input block pool with allocatorID 16 => poolID 17 - OK (0)
04-21 12:03:08.881 508 693 I wm_task_created: [72,0]
04-21 12:03:08.881 508 693 I wm_stack_created: 72
04-21 12:03:08.881 429 806 E FMQ : grantorIdx must be less than 3
04-21 12:03:08.882 429 806 E FMQ : grantorIdx must be less than 3
04-21 12:03:08.882 365 1111 I CCodecBufferChannel: [c2.android.vorbis.decoder#488] Created output block pool with allocatorID 16 => poolID 26 - OK
04-21 12:03:08.883 365 1111 D CCodecBufferChannel: [c2.android.vorbis.decoder#488] Configured output block pool ids 26 => OK
04-21 12:03:08.883 508 693 I wm_task_moved: [72,1,2147483647]
04-21 12:03:08.884 365 1111 E ion : ioctl c0044901 failed with code -1: Inappropriate ioctl for device
04-21 12:03:08.885 508 693 I wm_create_task: [0,72]
04-21 12:03:08.886 508 693 I wm_create_activity: [0,121504968,72,com.android.launcher3/.uioverrides.QuickstepLauncher,android.intent.action.MAIN,NULL,NULL,268435712]
04-21 12:03:08.886 508 693 I wm_task_moved: [72,1,2147483647]
04-21 12:03:08.892 429 1131 D SimpleC2Component: Using output block pool with poolID 26 => got 26 - 0
04-21 12:03:08.895 508 528 I wm_restart_activity: [0,121504968,72,com.android.launcher3/.uioverrides.QuickstepLauncher]
04-21 12:03:08.896 365 1111 E FMQ : grantorIdx must be less than 3
04-21 12:03:08.897 429 806 E FMQ : grantorIdx must be less than 3
04-21 12:03:08.899 508 528 I wm_set_resumed_activity: [0,com.android.launcher3/.uioverrides.QuickstepLauncher,minimalResumeActivityLocked]
04-21 12:03:08.899 508 528 I wm_add_to_stopping: [0,121504968,com.android.launcher3/.uioverrides.QuickstepLauncher,makeInvisible]
04-21 12:03:08.901 508 528 I wm_pause_activity: [0,121504968,com.android.launcher3/.uioverrides.QuickstepLauncher,userLeaving=false]
04-21 12:03:08.910 429 1131 E FMQ : grantorIdx must be less than 3
04-21 12:03:08.910 365 1089 E FMQ : grantorIdx must be less than 3
04-21 12:03:08.911 508 962 I am_proc_bound: [0,1103,com.android.providers.media.module]
04-21 12:03:08.912 365 1111 D CCodecBuffers: [c2.android.vorbis.decoder#488:Output[N]] popFromStashAndRegister: output format changed to AMessage(what = 0x00000000) = {
04-21 12:03:08.912 365 1111 D CCodecBuffers: int32_t bitrate = 80000
04-21 12:03:08.912 365 1111 D CCodecBuffers: int32_t channel-count = 1
04-21 12:03:08.912 365 1111 D CCodecBuffers: string mime = "audio/raw"
04-21 12:03:08.912 365 1111 D CCodecBuffers: int32_t sample-rate = 44100
04-21 12:03:08.912 365 1111 D CCodecBuffers: int32_t channel-mask = 1
04-21 12:03:08.912 365 1111 D CCodecBuffers: }
04-21 12:03:08.936 436 436 E update_engine: Read state file failed: No such file or directory
04-21 12:03:08.939 508 617 V BackupManagerService: [UserID:0] No ancestral data
04-21 12:03:08.939 357 609 I chatty : uid=1041(audioserver) Binder:357_4 expire 2 lines
04-21 12:03:08.954 508 962 I am_uid_active: 10121
04-21 12:03:08.956 508 523 I system_server: oneway function results will be dropped but finished with status OK and parcel size 4
04-21 12:03:08.958 357 472 I chatty : uid=1041(audioserver) FastMixer expire 2 lines
04-21 12:03:08.959 340 1139 I chatty : uid=1041(audioserver) writer expire 2028 lines
04-21 12:03:08.960 508 522 I system_server: oneway function results will be dropped but finished with status OK and parcel size 8
04-21 12:03:08.963 508 962 W ActivityManager: Slow operation: 52ms so far, now at attachApplicationLocked: after mServices.attachApplicationLocked
04-21 12:03:08.963 508 528 I dvm_lock_sample: [system_server,1,android.display,62,ProcessRecord.java,1481,void com.android.server.am.ProcessRecord.onStartActivity(int, boolean, java.lang.String, long),,0,null,12]
04-21 12:03:08.969 508 528 I sysui_multi_action: [757,1144,758,8,806,com.android.launcher3,871,com.android.launcher3.uioverrides.QuickstepLauncher]
04-21 12:03:08.972 508 528 I wm_destroy_activity: [0,18624062,2,com.android.settings/.FallbackHome,finish-idle]
04-21 12:03:08.975 868 868 I wm_on_destroy_called: [18624062,com.android.settings.FallbackHome,performDestroy]
04-21 12:03:08.992 508 585 I wm_task_removed: [2,removeTask]
04-21 12:03:08.993 508 585 I wm_stack_removed: 2
04-21 12:03:08.994 508 585 I wm_task_removed: [2,removeChild: last r=ActivityRecord{11c2e3e u0 com.android.settings/.FallbackHome t-1 f}} in t=Task{62c61b5 #2 visible=false type=home mode=fullscreen translucent=true A=1000:com.android.settings.FallbackHome U=0 StackId=2 sz=0}]
04-21 12:03:08.994 508 585 I wm_task_removed: [2,removeTask]
04-21 12:03:09.038 508 508 I AccountManagerService: User 0 is unlocked - opening CE database
04-21 12:03:09.055 834 1122 D SmsBroadcastUndelivered: finished scanning raw table in 205 ms
04-21 12:03:09.058 508 1101 E system_server: No package ID 7f found for ID 0x7f080272.
04-21 12:03:09.058 508 1101 E system_server: No package ID 7f found for ID 0x7f121304.
04-21 12:03:09.059 508 1101 E system_server: No package ID 7f found for ID 0x7f080271.
04-21 12:03:09.059 508 1101 E system_server: No package ID 7f found for ID 0x7f12059b.
04-21 12:03:09.059 508 1101 E system_server: No package ID 7f found for ID 0x7f080270.
04-21 12:03:09.059 508 1101 E system_server: No package ID 7f found for ID 0x7f120c3b.
04-21 12:03:09.072 508 1102 V BackupManagerConstants: getKeyValueBackupIntervalMilliseconds(...) returns 14400000
04-21 12:03:09.073 508 1102 V BackupManagerConstants: getKeyValueBackupFuzzMilliseconds(...) returns 600000
04-21 12:03:09.073 508 1102 V BackupManagerConstants: getKeyValueBackupRequiredNetworkType(...) returns 1
04-21 12:03:09.073 508 1102 V BackupManagerConstants: getKeyValueBackupRequireCharging(...) returns true
04-21 12:03:09.073 508 1102 V KeyValueBackupJob: Scheduling k/v pass in 249 minutes
04-21 12:03:09.078 436 436 I update_engine: [INFO:cleanup_previous_update_action.cc(397)] Not reporting merge stats because state is None
04-21 12:03:09.082 508 508 W Looper : Slow dispatch took 175ms main h=android.app.ActivityThread$H c=android.app.-$$Lambda$LoadedApk$ReceiverDispatcher$Args$_BumDX2UKsnxLVrE6UJsJZkotuA@4f1833b m=0
04-21 12:03:09.082 508 508 W Looper : Slow delivery took 251ms main h=com.android.server.accessibility.AccessibilityManagerService$MainHandler c= m=0
04-21 12:03:09.089 436 436 I update_engine: [INFO:action_processor.cc(116)] ActionProcessor: finished last action CleanupPreviousUpdateAction with code ErrorCode::kSuccess
04-21 12:03:09.089 508 633 I SyncManager: Loaded persisted syncs: 0 periodic syncs, 0 oneshot syncs, 16 total system server jobs, JobStats: FirstLoad: 5/4/0 LastSave: -1/-1/-1
04-21 12:03:09.090 508 508 V NotificationAssistants: 0 notification assistant service connected: ComponentInfo{android.ext.services/android.ext.services.notification.Assistant}
04-21 12:03:09.099 436 436 I update_engine: [INFO:update_attempter_android.cc(522)] Processing Done.
04-21 12:03:09.110 436 436 I update_engine: [INFO:update_attempter_android.cc(662)] Terminating cleanup previous update.
04-21 12:03:09.113 508 518 I system_server: Background young concurrent copying GC freed 122907(7840KB) AllocSpace objects, 58(1540KB) LOS objects, 49% free, 9172KB/17MB, paused 527us total 179.475ms
04-21 12:03:09.153 1103 1103 D NetworkSecurityConfig: No Network Security Config specified, using platform default
04-21 12:03:09.154 508 525 I AppWidgetServiceImpl: Processing of handleUserUnlocked u0 took 319 ms
04-21 12:03:09.154 508 525 W Looper : Slow dispatch took 319ms android.fg h=android.os.Handler c=com.android.server.am.-$$Lambda$UserController$Injector$MYTLl7MOQKjyMJknWdxPeBLoPCc@8134201 m=0
04-21 12:03:09.154 508 525 I uc_send_user_broadcast: [0,android.intent.action.BOOT_COMPLETED]
04-21 12:03:09.154 508 534 I am_uid_running: 10101
04-21 12:03:09.155 1103 1103 D NetworkSecurityConfig: No Network Security Config specified, using platform default
04-21 12:03:09.156 508 534 D CompatibilityChangeReporter: Compat change id reported: 135634846; UID 10101; state: DISABLED
04-21 12:03:09.156 508 534 D CompatibilityChangeReporter: Compat change id reported: 135754954; UID 10101; state: DISABLED
04-21 12:03:09.157 508 535 D CompatibilityChangeReporter: Compat change id reported: 143937733; UID 10101; state: DISABLED
04-21 12:03:09.162 508 525 W Looper : Slow delivery took 352ms android.fg h=android.os.Handler c=com.android.server.am.-$$Lambda$UserController$I0p0bKjuvsSPLZB71mKQFfdUjZ4@18c2e7 m=0
04-21 12:03:09.164 508 525 W Looper : Drained
04-21 12:03:09.172 508 533 I am_uid_running: 10077
04-21 12:03:09.196 333 333 D Zygote : Forked child process 1147
04-21 12:03:09.197 508 533 D CompatibilityChangeReporter: Compat change id reported: 135634846; UID 10077; state: DISABLED
04-21 12:03:09.198 508 533 D CompatibilityChangeReporter: Compat change id reported: 135754954; UID 10077; state: ENABLED
04-21 12:03:09.207 1147 1147 I Zygote : seccomp disabled by setenforce 0
04-21 12:03:09.208 1147 1147 I libc : SetHeapTaggingLevel: tag level set to 0
04-21 12:03:09.212 508 535 W ActivityManager: Slow operation: 58ms so far, now at startProcess: returned from zygote!
04-21 12:03:09.221 508 535 W ActivityManager: Slow operation: 67ms so far, now at startProcess: done updating battery stats
04-21 12:03:09.222 508 535 I am_proc_start: [0,1147,10101,com.android.quicksearchbox,broadcast,{com.android.quicksearchbox/com.android.quicksearchbox.SearchWidgetProvider}]
04-21 12:03:09.222 508 535 W ActivityManager: Slow operation: 67ms so far, now at startProcess: building log message
04-21 12:03:09.222 508 535 I ActivityManager: Start proc 1147:com.android.quicksearchbox/u0a101 for broadcast {com.android.quicksearchbox/com.android.quicksearchbox.SearchWidgetProvider}
04-21 12:03:09.222 508 535 W ActivityManager: Slow operation: 68ms so far, now at startProcess: starting to update pids map
04-21 12:03:09.223 508 535 W ActivityManager: Slow operation: 69ms so far, now at startProcess: done updating pids map
04-21 12:03:09.224 508 535 W ActivityManager: Slow operation: 51ms so far, now at startProcess: asking zygote to start proc
04-21 12:03:09.225 508 535 D CompatibilityChangeReporter: Compat change id reported: 143937733; UID 10077; state: ENABLED
04-21 12:03:09.236 448 468 I adbd : jdwp connection from 1147
04-21 12:03:09.260 508 585 I am_proc_bound: [0,1147,com.android.quicksearchbox]
04-21 12:03:09.268 333 333 D Zygote : Forked child process 1168
04-21 12:03:09.283 508 535 W ActivityManager: Slow operation: 110ms so far, now at startProcess: returned from zygote!
04-21 12:03:09.284 1168 1168 I Zygote : seccomp disabled by setenforce 0
04-21 12:03:09.304 508 535 W ActivityManager: Slow operation: 131ms so far, now at startProcess: done updating battery stats
04-21 12:03:09.304 508 535 I am_proc_start: [0,1168,10077,com.android.printspooler,service,{com.android.printspooler/com.android.printspooler.model.PrintSpoolerService}]
04-21 12:03:09.304 508 535 W ActivityManager: Slow operation: 132ms so far, now at startProcess: building log message
04-21 12:03:09.304 508 535 I ActivityManager: Start proc 1168:com.android.printspooler/u0a77 for service {com.android.printspooler/com.android.printspooler.model.PrintSpoolerService}
04-21 12:03:09.304 508 535 W ActivityManager: Slow operation: 132ms so far, now at startProcess: starting to update pids map
04-21 12:03:09.305 508 508 W Looper : Drained
04-21 12:03:09.307 1103 1103 V MediaProvider: Attached media from com.android.providers.media.module
04-21 12:03:09.325 448 468 I adbd : jdwp connection from 1168
04-21 12:03:09.329 508 1101 E system_server: No package ID 7f found for ID 0x7f080077.
04-21 12:03:09.329 508 1101 E system_server: No package ID 7f found for ID 0x7f100206.
04-21 12:03:09.334 508 535 W ActivityManager: Slow operation: 161ms so far, now at startProcess: done updating pids map
04-21 12:03:09.347 508 585 I am_proc_bound: [0,1168,com.android.printspooler]
04-21 12:03:09.348 668 668 W Choreographer: Frame time is 0.224719 ms in the future! Check that graphics HAL is generating vsync timestamps using the correct timebase.
04-21 12:03:09.353 508 585 I am_uid_active: 10077
04-21 12:03:09.353 986 986 E ContextImpl: Tried to access visual service WallpaperManager from a non-visual Context:android.app.Application@92b1a40 Visual services, such as WindowManager, WallpaperService or LayoutInflater should be accessed from Activity or other visual Context. Use an Activity or a Context created with Context#createWindowContext(int, Bundle), which are adjusted to the configuration and visual bounds of an area on screen.
04-21 12:03:09.353 986 986 E ContextImpl: java.lang.IllegalAccessException: Tried to access visual service WallpaperManager from a non-visual Context:android.app.Application@92b1a40
04-21 12:03:09.353 986 986 E ContextImpl: at android.app.ContextImpl.getSystemService(ContextImpl.java:1914)
04-21 12:03:09.353 986 986 E ContextImpl: at android.content.ContextWrapper.getSystemService(ContextWrapper.java:803)
04-21 12:03:09.353 986 986 E ContextImpl: at android.content.Context.getSystemService(Context.java:3705)
04-21 12:03:09.353 986 986 E ContextImpl: at com.android.launcher3.uioverrides.WallpaperColorInfo.(WallpaperColorInfo.java:55)
04-21 12:03:09.353 986 986 E ContextImpl: at com.android.launcher3.uioverrides.WallpaperColorInfo.lambda$tLetMNUhFw-gX6-W-n47DqKz3p0(Unknown Source:2)
04-21 12:03:09.353 986 986 E ContextImpl: at com.android.launcher3.uioverrides.-$$Lambda$WallpaperColorInfo$tLetMNUhFw-gX6-W-n47DqKz3p0.get(Unknown Source:0)
04-21 12:03:09.353 986 986 E ContextImpl: at com.android.launcher3.util.MainThreadInitializedObject.lambda$get$0$MainThreadInitializedObject(MainThreadInitializedObject.java:50)
04-21 12:03:09.353 986 986 E ContextImpl: at com.android.launcher3.util.-$$Lambda$MainThreadInitializedObject$31I13NSyZWlVLw9-SvduyHO4fhM.get(Unknown Source:4)
04-21 12:03:09.353 986 986 E ContextImpl: at com.android.launcher3.util.TraceHelper.allowIpcs(TraceHelper.java:84)
04-21 12:03:09.353 986 986 E ContextImpl: at com.android.launcher3.util.MainThreadInitializedObject.get(MainThreadInitializedObject.java:49)
04-21 12:03:09.353 986 986 E ContextImpl: at com.android.launcher3.BaseDraggingActivity.onCreate(BaseDraggingActivity.java:90)
04-21 12:03:09.353 986 986 E ContextImpl: at com.android.launcher3.Launcher.onCreate(Launcher.java:368)
04-21 12:03:09.353 986 986 E ContextImpl: at com.android.launcher3.BaseQuickstepLauncher.onCreate(BaseQuickstepLauncher.java:83)
04-21 12:03:09.353 986 986 E ContextImpl: at com.android.launcher3.uioverrides.QuickstepLauncher.onCreate(QuickstepLauncher.java:98)
04-21 12:03:09.353 986 986 E ContextImpl: at android.app.Activity.performCreate(Activity.java:8000)
04-21 12:03:09.353 986 986 E ContextImpl: at android.app.Activity.performCreate(Activity.java:7984)
04-21 12:03:09.353 986 986 E ContextImpl: at android.app.Instrumentation.callActivityOnCreate(Instrumentation.java:1309)
04-21 12:03:09.353 986 986 E ContextImpl: at android.app.ActivityThread.performLaunchActivity(ActivityThread.java:3404)
04-21 12:03:09.353 986 986 E ContextImpl: at android.app.ActivityThread.handleLaunchActivity(ActivityThread.java:3595)
04-21 12:03:09.353 986 986 E ContextImpl: at android.app.servertransaction.LaunchActivityItem.execute(LaunchActivityItem.java:85)
04-21 12:03:09.353 986 986 E ContextImpl: at android.app.servertransaction.TransactionExecutor.executeCallbacks(TransactionExecutor.java:135)
04-21 12:03:09.353 986 986 E ContextImpl: at android.app.servertransaction.TransactionExecutor.execute(TransactionExecutor.java:95)
04-21 12:03:09.353 986 986 E ContextImpl: at android.app.ActivityThread$H.handleMessage(ActivityThread.java:2066)
04-21 12:03:09.353 986 986 E ContextImpl: at android.os.Handler.dispatchMessage(Handler.java:106)
04-21 12:03:09.353 986 986 E ContextImpl: at android.os.Looper.loop(Looper.java:223)
04-21 12:03:09.353 986 986 E ContextImpl: at android.app.ActivityThread.main(ActivityThread.java:7660)
04-21 12:03:09.353 986 986 E ContextImpl: at java.lang.reflect.Method.invoke(Native Method)
04-21 12:03:09.353 986 986 E ContextImpl: at com.android.internal.os.RuntimeInit$MethodAndArgsCaller.run(RuntimeInit.java:592)
04-21 12:03:09.353 986 986 E ContextImpl: at com.android.internal.os.ZygoteInit.main(ZygoteInit.java:947)
04-21 12:03:09.395 868 885 I ndroid.setting: WaitForGcToComplete blocked RunEmptyCheckpoint on ProfileSaver for 68.466ms
04-21 12:03:09.399 1147 1147 D ApplicationLoaders: Returning zygote-cached class loader: /system/framework/android.test.base.jar
04-21 12:03:09.400 1147 1147 D ApplicationLoaders: Returning zygote-cached class loader: /system/framework/android.hidl.base-V1.0-java.jar
04-21 12:03:09.400 1147 1147 D ApplicationLoaders: Returning zygote-cached class loader: /system/framework/android.hidl.manager-V1.0-java.jar
04-21 12:03:09.400 1147 1147 D ApplicationLoaders: Returning zygote-cached class loader: /system/framework/android.hidl.base-V1.0-java.jar
04-21 12:03:09.402 508 528 W ActivityTaskManager: Activity top resumed state loss timeout for ActivityRecord{73e04c8 u0 com.android.launcher3/.uioverrides.QuickstepLauncher t72}
04-21 12:03:09.404 508 528 W ActivityTaskManager: Activity pause timeout for ActivityRecord{73e04c8 u0 com.android.launcher3/.uioverrides.QuickstepLauncher t72}
04-21 12:03:09.409 508 528 I sysui_multi_action: [757,803,799,window_time_0,802,4]
04-21 12:03:09.410 1147 1147 I .quicksearchbo: The ClassLoaderContext is a special shared library.
04-21 12:03:09.429 508 617 D BackupManagerService: user:0 readBackupEnableState enabled:false
04-21 12:03:09.429 508 617 I BackupManagerService: [UserID:0] Backup enabled => false
04-21 12:03:09.429 508 617 D BackupManagerService: user:0 writeBackupEnableState enable:false
04-21 12:03:09.433 508 1101 E system_server: No package ID 7f found for ID 0x7f070095.
04-21 12:03:09.433 508 1101 E system_server: No package ID 7f found for ID 0x7f100096.
04-21 12:03:09.435 1103 1103 V MediaStore: Examining volume emulated;0 with name external_primary and state checking
04-21 12:03:09.435 1103 1103 V MediaProvider: Updated external volumes to: {}
04-21 12:03:09.447 1147 1147 I .quicksearchbo: The ClassLoaderContext is a special shared library.
04-21 12:03:09.448 1168 1168 I id.printspoole: The ClassLoaderContext is a special shared library.
04-21 12:03:09.448 1147 1147 D nativeloader: classloader namespace configured for unbundled product apk. library_path=/product/app/QuickSearchBox/lib/arm64:/product/lib64:/system/product/lib64
04-21 12:03:09.454 1103 1103 D CompatibilityChangeReporter: Compat change id reported: 148180766; UID 10121; state: ENABLED
04-21 12:03:09.459 508 527 I DropBoxManagerService: add tag=system_app_strictmode isTagEnabled=true flags=0x2
04-21 12:03:09.462 986 986 D Tonal : Tonal Palette - index: 1. Main color: ff03252e
04-21 12:03:09.462 986 986 D Tonal : Colors: ff011216, ff03252e, ff053c46, ff065463, ff097986, ff0b89aa, ff0da5ce, ff3cbddf, ff4fc6f3, ff6cccf5, ff8ed2f8, ffbde4fb, ffdef3fd
04-21 12:03:09.463 986 986 V Launcher: LauncherAppState initiated
04-21 12:03:09.467 1147 1147 D NetworkSecurityConfig: No Network Security Config specified, using platform default
04-21 12:03:09.468 1168 1168 D NetworkSecurityConfig: No Network Security Config specified, using platform default
04-21 12:03:09.468 1147 1147 D NetworkSecurityConfig: No Network Security Config specified, using platform default
04-21 12:03:09.468 1168 1168 D NetworkSecurityConfig: No Network Security Config specified, using platform default
04-21 12:03:09.491 1103 1198 V MediaProvider: onConfigure() for external.db
04-21 12:03:09.496 508 533 D CompatibilityChangeReporter: Compat change id reported: 135634846; UID 1000; state: DISABLED
04-21 12:03:09.497 508 533 D CompatibilityChangeReporter: Compat change id reported: 135754954; UID 1000; state: ENABLED
04-21 12:03:09.498 508 508 I StorageUserConnection: Service: [ComponentInfo{com.android.providers.media.module/com.android.providers.media.fuse.ExternalStorageServiceImpl}] connected. User [0]
04-21 12:03:09.499 223 223 I hwservicemanager: getTransport: Cannot find entry android.hardware.configstore@1.0::ISurfaceFlingerConfigs/default in either framework or device manifest.
04-21 12:03:09.500 1103 1198 V MediaProvider: onOpen() for external.db
04-21 12:03:09.500 1103 1198 V MediaProvider: onOpen() finished for external.db
04-21 12:03:09.501 1103 1201 I ExternalStorageServiceImpl: Starting session for id: emulated;0
04-21 12:03:09.503 1103 1201 V FuseDaemonThread: Waiting 1000ms for FUSE start. Count 4
04-21 12:03:09.514 1103 1205 I FuseDaemonThread: Starting thread for emulated;0 ...
04-21 12:03:09.515 1103 1205 I FuseDaemon: Starting fuse...
04-21 12:03:09.516 333 333 D Zygote : Forked child process 1209
04-21 12:03:09.519 1209 1209 I Zygote : seccomp disabled by setenforce 0
04-21 12:03:09.524 508 535 I am_proc_start: [0,1209,1000,com.android.keychain,service,{com.android.keychain/com.android.keychain.KeyChainService}]
04-21 12:03:09.524 508 535 I ActivityManager: Start proc 1209:com.android.keychain/1000 for service {com.android.keychain/com.android.keychain.KeyChainService}
04-21 12:03:09.539 448 468 I adbd : jdwp connection from 1209
04-21 12:03:09.545 668 668 D KeyguardViewMediator: adjustStatusBarLocked: mShowing=true mOccluded=false isSecure=false force=false --> flags=0x1200000
04-21 12:03:09.546 668 668 D StatusBar: disable disable2
04-21 12:03:09.550 508 508 D NetworkSecurityConfig: No Network Security Config specified, using platform default
04-21 12:03:09.550 508 805 I am_proc_bound: [0,1209,com.android.keychain]
04-21 12:03:09.556 508 508 I am_uid_running: 10100
04-21 12:03:09.556 508 1230 I RecoverySystem: No recovery log file
04-21 12:03:09.558 986 1174 I display : open gpu gralloc module!
04-21 12:03:09.558 508 508 D CompatibilityChangeReporter: Compat change id reported: 135634846; UID 10100; state: DISABLED
04-21 12:03:09.558 508 508 D CompatibilityChangeReporter: Compat change id reported: 135754954; UID 10100; state: DISABLED
04-21 12:03:09.559 508 535 D CompatibilityChangeReporter: Compat change id reported: 143937733; UID 10100; state: DISABLED
04-21 12:03:09.563 346 945 I gralloc_driver: is_supported check descriptor name=ImageReader-22x22f1u256m2-986-0, width=22, height=22, droid_format=RGBA8888, usage=GPU_RENDER_TARGET|GPU_TEXTURE
04-21 12:03:09.567 508 1230 I DropBoxManagerService: add tag=SYSTEM_BOOT isTagEnabled=true flags=0x2
04-21 12:03:09.574 508 1230 I BootReceiver: Copying audit failures to DropBox
04-21 12:03:09.576 508 1230 I BootReceiver: Checking for fsck errors
04-21 12:03:09.578 333 333 D Zygote : Forked child process 1232
04-21 12:03:09.581 1232 1232 I Zygote : seccomp disabled by setenforce 0
04-21 12:03:09.582 1232 1232 I libc : SetHeapTaggingLevel: tag level set to 0
04-21 12:03:09.584 508 1230 I commit_sys_config_file: [log-files,6]
04-21 12:03:09.586 508 1230 I am_uid_running: 10068
04-21 12:03:09.586 986 1174 E FrameEvents: updateAcquireFence: Did not find frame.
04-21 12:03:09.586 346 945 I gralloc_driver: is_supported check descriptor name=ImageReader-22x22f1u256m2-986-0, width=22, height=22, droid_format=RGBA8888, usage=GPU_RENDER_TARGET|GPU_TEXTURE
04-21 12:03:09.587 508 1230 D CompatibilityChangeReporter: Compat change id reported: 135634846; UID 10068; state: DISABLED
04-21 12:03:09.588 508 1230 D CompatibilityChangeReporter: Compat change id reported: 135754954; UID 10068; state: ENABLED
04-21 12:03:09.590 508 535 I am_proc_start: [0,1232,10100,com.android.dialer,broadcast,{com.android.dialer/com.android.dialer.app.calllog.CallLogReceiver}]
04-21 12:03:09.590 1209 1209 I ndroid.keychai: The ClassLoaderContext is a special shared library.
04-21 12:03:09.590 508 535 I ActivityManager: Start proc 1232:com.android.dialer/u0a100 for broadcast {com.android.dialer/com.android.dialer.app.calllog.CallLogReceiver}
04-21 12:03:09.591 508 535 D CompatibilityChangeReporter: Compat change id reported: 143937733; UID 10068; state: ENABLED
04-21 12:03:09.599 448 468 I adbd : jdwp connection from 1232
04-21 12:03:09.604 346 945 I gralloc_driver: is_supported check descriptor name=ImageReader-22x22f1u256m2-986-1, width=22, height=22, droid_format=RGBA8888, usage=GPU_RENDER_TARGET|GPU_TEXTURE
04-21 12:03:09.607 1209 1209 D NetworkSecurityConfig: No Network Security Config specified, using platform default
04-21 12:03:09.608 1209 1209 D NetworkSecurityConfig: No Network Security Config specified, using platform default
04-21 12:03:09.611 508 805 I am_proc_bound: [0,1232,com.android.dialer]
04-21 12:03:09.612 986 1174 E FrameEvents: updateAcquireFence: Did not find frame.
04-21 12:03:09.612 346 945 I gralloc_driver: is_supported check descriptor name=ImageReader-22x22f1u256m2-986-1, width=22, height=22, droid_format=RGBA8888, usage=GPU_RENDER_TARGET|GPU_TEXTURE
04-21 12:03:09.624 333 333 D Zygote : Forked child process 1254
04-21 12:03:09.631 508 535 I am_proc_start: [0,1254,10068,android.process.media,content provider,{com.android.providers.downloads/com.android.providers.downloads.DownloadProvider}]
04-21 12:03:09.631 508 535 I ActivityManager: Start proc 1254:android.process.media/u0a68 for content provider {com.android.providers.downloads/com.android.providers.downloads.DownloadProvider}
04-21 12:03:09.640 1254 1254 I Zygote : seccomp disabled by setenforce 0
04-21 12:03:09.642 508 527 I DropBoxManagerService: add tag=system_server_strictmode isTagEnabled=true flags=0x2
04-21 12:03:09.645 1232 1232 D ApplicationLoaders: Returning zygote-cached class loader: /system/framework/android.test.base.jar
04-21 12:03:09.646 1232 1232 D ApplicationLoaders: Returning zygote-cached class loader: /system/framework/android.hidl.base-V1.0-java.jar
04-21 12:03:09.646 1232 1232 D ApplicationLoaders: Returning zygote-cached class loader: /system/framework/android.hidl.manager-V1.0-java.jar
04-21 12:03:09.646 1232 1232 D ApplicationLoaders: Returning zygote-cached class loader: /system/framework/android.hidl.base-V1.0-java.jar
04-21 12:03:09.650 1232 1232 I .android.diale: The ClassLoaderContext is a special shared library.
04-21 12:03:09.658 448 468 I adbd : jdwp connection from 1254
04-21 12:03:09.668 1232 1232 I .android.diale: The ClassLoaderContext is a special shared library.
04-21 12:03:09.669 1232 1232 D nativeloader: classloader namespace configured for unbundled product apk. library_path=/product/priv-app/Dialer/lib/arm64:/product/lib64:/system/product/lib64
04-21 12:03:09.671 508 527 I DropBoxManagerService: add tag=system_server_strictmode isTagEnabled=true flags=0x2
04-21 12:03:09.673 508 805 I am_proc_bound: [0,1254,android.process.media]
04-21 12:03:09.679 508 805 I am_uid_active: 10068
04-21 12:03:09.711 1232 1232 D NetworkSecurityConfig: No Network Security Config specified, using platform default
04-21 12:03:09.711 1232 1232 D NetworkSecurityConfig: No Network Security Config specified, using platform default
04-21 12:03:09.715 1254 1254 I d.process.medi: The ClassLoaderContext is a special shared library.
04-21 12:03:09.731 1254 1254 D NetworkSecurityConfig: No Network Security Config specified, using platform default
04-21 12:03:09.732 1254 1254 D NetworkSecurityConfig: No Network Security Config specified, using platform default
04-21 12:03:09.756 1254 1254 I d.process.medi: The ClassLoaderContext is a special shared library.
04-21 12:03:09.796 1232 1232 I Dialer : DialerExecutorModule.newThread - creating low priority thread
04-21 12:03:09.816 1232 1232 I Dialer : CallLogConfigImpl.schedulePollingJob - scheduling
04-21 12:03:09.819 1232 1232 I Dialer : DialerApplication.initializeAnnotatedCallLog - framework not enabled
04-21 12:03:09.834 1232 1232 W Dialer : TelecomUtil - Dialer is not currently set to be default dialer
04-21 12:03:09.835 1232 1232 I Dialer : VisualVoicemailUpdateTask.scheduleTask - not default dialer, not running
04-21 12:03:09.839 1232 1282 I Dialer : BlockedNumbersAutoMigrator - not attempting auto-migrate: current user can't block
04-21 12:03:09.839 508 508 I Telecom : DefaultDialerCache: Refreshing default dialer for user 0: now null: DDC.oR@AA0
04-21 12:03:09.840 508 508 I Telecom : MissedCallNotifierImpl: reloadAfterBootComplete: user=0: TSBCR.oR@AA4
04-21 12:03:09.842 508 508 I Telecom : MissedCallNotifierImpl: reloadAfterBootComplete: user=0: TSBCR.oR@AA4
04-21 12:03:09.844 834 834 D CarrierConfigLoader: mHandler: 13 phoneId: 0
04-21 12:03:09.847 508 1287 I am_uid_running: 10063
04-21 12:03:09.849 508 1287 D CompatibilityChangeReporter: Compat change id reported: 135634846; UID 10063; state: DISABLED
04-21 12:03:09.849 508 1287 D CompatibilityChangeReporter: Compat change id reported: 135754954; UID 10063; state: ENABLED
04-21 12:03:09.850 508 535 D CompatibilityChangeReporter: Compat change id reported: 143937733; UID 10063; state: ENABLED
04-21 12:03:09.856 1254 1254 I d.process.medi: The ClassLoaderContext is a special shared library.
04-21 12:03:09.862 508 811 D BufferPoolAccessor2.0: bufferpool2 0xb400e756b8415d08 : 0(0 size) total buffers - 0(0 size) used buffers - 2/7 (recycle/alloc) - 5/34 (fetch/transfer)
04-21 12:03:09.862 508 811 D BufferPoolAccessor2.0: bufferpool2 0xb400e756b842b348 : 0(0 size) total buffers - 0(0 size) used buffers - 2/7 (recycle/alloc) - 5/24 (fetch/transfer)
04-21 12:03:09.862 508 811 D BufferPoolAccessor2.0: bufferpool2 0xb400e756b84256c8 : 0(0 size) total buffers - 0(0 size) used buffers - 2/7 (recycle/alloc) - 5/34 (fetch/transfer)
04-21 12:03:09.862 508 811 D BufferPoolAccessor2.0: bufferpool2 0xb400e756b8422198 : 0(0 size) total buffers - 0(0 size) used buffers - 2/7 (recycle/alloc) - 5/26 (fetch/transfer)
04-21 12:03:09.862 508 811 D BufferPoolAccessor2.0: evictor expired: 4, evicted: 4
04-21 12:03:09.863 429 692 D BufferPoolAccessor2.0: bufferpool2 0xb400fca371453f38 : 0(0 size) total buffers - 0(0 size) used buffers - 7/10 (recycle/alloc) - 3/9 (fetch/transfer)
04-21 12:03:09.863 429 692 D BufferPoolAccessor2.0: bufferpool2 0xb400fca371451348 : 0(0 size) total buffers - 0(0 size) used buffers - 8/11 (recycle/alloc) - 3/10 (fetch/transfer)
04-21 12:03:09.863 429 692 D BufferPoolAccessor2.0: bufferpool2 0xb400fca3714517e8 : 0(0 size) total buffers - 0(0 size) used buffers - 3/7 (recycle/alloc) - 4/6 (fetch/transfer)
04-21 12:03:09.863 429 692 D BufferPoolAccessor2.0: bufferpool2 0xb400fca37144f538 : 0(0 size) total buffers - 0(0 size) used buffers - 10/15 (recycle/alloc) - 5/14 (fetch/transfer)
04-21 12:03:09.863 429 692 D BufferPoolAccessor2.0: bufferpool2 0xb400fca371452128 : 0(0 size) total buffers - 0(0 size) used buffers - 12/15 (recycle/alloc) - 3/14 (fetch/transfer)
04-21 12:03:09.863 429 692 D BufferPoolAccessor2.0: evictor expired: 5, evicted: 5
04-21 12:03:09.866 508 962 I am_uid_running: 10102
04-21 12:03:09.867 508 962 D CompatibilityChangeReporter: Compat change id reported: 135634846; UID 10102; state: DISABLED
04-21 12:03:09.867 508 962 D CompatibilityChangeReporter: Compat change id reported: 135754954; UID 10102; state: DISABLED
04-21 12:03:09.874 986 986 D RecentsOrientedState: current RecentsOrientedState: [this=RecentsOrientedState@83160d8 mOrientationHandler=PortraitPagedViewHandler@7983c31 mDisplayRotation=0 mTouchRotation=0 mRecentsActivityRotation=0 isRecentsActivityRotationAllowed=false mSystemRotation=false mFlags=259]
04-21 12:03:09.874 986 986 D RecentsOrientedState: current RecentsOrientedState: [this=RecentsOrientedState@83160d8 mOrientationHandler=PortraitPagedViewHandler@7983c31 mDisplayRotation=0 mTouchRotation=0 mRecentsActivityRotation=0 isRecentsActivityRotationAllowed=false mSystemRotation=false mFlags=259]
04-21 12:03:09.876 333 333 D Zygote : Forked child process 1289
04-21 12:03:09.879 508 535 I am_proc_start: [0,1289,10063,android.process.acore,content provider,{com.android.providers.contacts/com.android.providers.contacts.CallLogProvider}]
04-21 12:03:09.879 508 535 I ActivityManager: Start proc 1289:android.process.acore/u0a63 for content provider {com.android.providers.contacts/com.android.providers.contacts.CallLogProvider}
04-21 12:03:09.880 508 535 D CompatibilityChangeReporter: Compat change id reported: 143937733; UID 10102; state: DISABLED
04-21 12:03:09.884 1289 1289 I Zygote : seccomp disabled by setenforce 0
04-21 12:03:09.894 834 834 D SipService: SipService: started!
04-21 12:03:09.901 448 468 I adbd : jdwp connection from 1289
04-21 12:03:09.907 834 834 D SipService: start:
04-21 12:03:09.912 508 962 I am_proc_bound: [0,1289,android.process.acore]
04-21 12:03:09.914 834 1311 D SIP : [SipPreferences] isReceivingCallsEnabled, option not set; use default value, exception: android.provider.Settings$SettingNotFoundException: sip_receive_calls
04-21 12:03:09.916 508 962 I am_uid_active: 10063
04-21 12:03:09.924 333 333 D Zygote : Forked child process 1313
04-21 12:03:09.932 668 971 D BufferPoolAccessor2.0: bufferpool2 0xb400e756b8405318 : 0(0 size) total buffers - 0(0 size) used buffers - 2/7 (recycle/alloc) - 6/36 (fetch/transfer)
04-21 12:03:09.933 668 971 D BufferPoolAccessor2.0: evictor expired: 1, evicted: 1
04-21 12:03:09.934 508 535 W ActivityManager: Slow operation: 68ms so far, now at startProcess: returned from zygote!
04-21 12:03:09.935 1313 1313 I Zygote : seccomp disabled by setenforce 0
04-21 12:03:09.935 508 535 W ActivityManager: Slow operation: 68ms so far, now at startProcess: done updating battery stats
04-21 12:03:09.935 508 535 I am_proc_start: [0,1313,10102,com.android.calendar,broadcast,{com.android.calendar/com.android.calendar.alerts.AlertReceiver}]
04-21 12:03:09.935 508 535 W ActivityManager: Slow operation: 69ms so far, now at startProcess: building log message
04-21 12:03:09.935 508 535 I ActivityManager: Start proc 1313:com.android.calendar/u0a102 for broadcast {com.android.calendar/com.android.calendar.alerts.AlertReceiver}
04-21 12:03:09.935 508 535 W ActivityManager: Slow operation: 69ms so far, now at startProcess: starting to update pids map
04-21 12:03:09.935 508 535 W ActivityManager: Slow operation: 69ms so far, now at startProcess: done updating pids map
04-21 12:03:09.937 1313 1313 I libc : SetHeapTaggingLevel: tag level set to 0
04-21 12:03:09.947 1289 1289 I d.process.acor: The ClassLoaderContext is a special shared library.
04-21 12:03:09.955 448 468 I adbd : jdwp connection from 1313
04-21 12:03:09.967 1289 1289 D NetworkSecurityConfig: No Network Security Config specified, using platform default
04-21 12:03:09.968 1289 1289 D NetworkSecurityConfig: No Network Security Config specified, using platform default
04-21 12:03:09.968 508 805 I am_proc_bound: [0,1313,com.android.calendar]
04-21 12:03:09.991 1289 1289 I d.process.acor: The ClassLoaderContext is a special shared library.
04-21 12:03:09.993 1313 1313 D ApplicationLoaders: Returning zygote-cached class loader: /system/framework/android.test.base.jar
04-21 12:03:10.002 1313 1313 I ndroid.calenda: The ClassLoaderContext is a special shared library.
04-21 12:03:10.004 1313 1313 D nativeloader: classloader namespace configured for unbundled product apk. library_path=/product/app/Calendar/lib/arm64:/product/lib64:/system/product/lib64
04-21 12:03:10.015 1289 1289 I d.process.acor: The ClassLoaderContext is a special shared library.
04-21 12:03:10.021 1313 1313 D NetworkSecurityConfig: No Network Security Config specified, using platform default
04-21 12:03:10.022 1313 1313 D NetworkSecurityConfig: No Network Security Config specified, using platform default
04-21 12:03:10.023 1289 1289 I ContactsPerf: VoicemailContentProvider.onCreate start
04-21 12:03:10.032 1289 1289 I ContactsPerf: VoicemailContentProvider.onCreate finish
04-21 12:03:10.034 1313 1313 D AlertReceiver: onReceive: a=android.intent.action.BOOT_COMPLETED Intent { act=android.intent.action.BOOT_COMPLETED flg=0x89000010 cmp=com.android.calendar/.alerts.AlertReceiver (has extras) }
04-21 12:03:10.036 508 525 D AutofillManagerService: Close system dialogs
04-21 12:03:10.038 508 585 I am_uid_running: 10107
04-21 12:03:10.039 508 585 D CompatibilityChangeReporter: Compat change id reported: 135634846; UID 10107; state: DISABLED
04-21 12:03:10.040 508 585 D CompatibilityChangeReporter: Compat change id reported: 135754954; UID 10107; state: DISABLED
04-21 12:03:10.040 508 535 D CompatibilityChangeReporter: Compat change id reported: 143937733; UID 10107; state: DISABLED
04-21 12:03:10.061 508 805 D CountryDetector: The first listener is added
04-21 12:03:10.061 333 333 D Zygote : Forked child process 1339
04-21 12:03:10.062 1289 1289 I ContactsDatabaseHelper: updateUseStrictPhoneNumberComparison: US
04-21 12:03:10.066 1289 1289 D ActivityThread: Loading provider contacts;com.android.contacts: com.android.providers.contacts.ContactsProvider2
04-21 12:03:10.066 508 535 I am_proc_start: [0,1339,10107,com.android.camera2,broadcast,{com.android.camera2/com.android.camera.SetActivitiesCameraReceiver}]
04-21 12:03:10.066 508 535 I ActivityManager: Start proc 1339:com.android.camera2/u0a107 for broadcast {com.android.camera2/com.android.camera.SetActivitiesCameraReceiver}
04-21 12:03:10.069 1339 1339 I Zygote : seccomp disabled by setenforce 0
04-21 12:03:10.070 1339 1339 I libc : SetHeapTaggingLevel: tag level set to 0
04-21 12:03:10.087 448 468 I adbd : jdwp connection from 1339
04-21 12:03:10.100 508 805 I am_proc_bound: [0,1339,com.android.camera2]
04-21 12:03:10.134 1339 1339 D ApplicationLoaders: Returning zygote-cached class loader: /system/framework/android.test.base.jar
04-21 12:03:10.134 1339 1339 D ApplicationLoaders: Returning zygote-cached class loader: /system/framework/android.hidl.base-V1.0-java.jar
04-21 12:03:10.134 1339 1339 D ApplicationLoaders: Returning zygote-cached class loader: /system/framework/android.hidl.manager-V1.0-java.jar
04-21 12:03:10.134 1339 1339 D ApplicationLoaders: Returning zygote-cached class loader: /system/framework/android.hidl.base-V1.0-java.jar
04-21 12:03:10.138 986 1018 D LoaderTask: loadWorkspace: loading default favorites
04-21 12:03:10.138 1339 1339 I android.camera: The ClassLoaderContext is a special shared library.
04-21 12:03:10.154 1339 1339 I android.camera: The ClassLoaderContext is a special shared library.
04-21 12:03:10.156 1339 1339 D nativeloader: classloader namespace configured for unbundled product apk. library_path=/product/app/Camera2/lib/arm64:/product/app/Camera2/Camera2.apk!/lib/arm64-v8a:/product/lib64:/system/product/lib64
04-21 12:03:10.158 986 986 I wm_on_create_called: [121504968,com.android.launcher3.uioverrides.QuickstepLauncher,performCreate]
04-21 12:03:10.164 1289 1361 D ContactsDatabaseHelper: WAL enabled for contacts2.db: true
04-21 12:03:10.166 986 986 I wm_on_start_called: [121504968,com.android.launcher3.uioverrides.QuickstepLauncher,handleStartActivity]
04-21 12:03:10.169 986 986 I wm_on_resume_called: [121504968,com.android.launcher3.uioverrides.QuickstepLauncher,RESUME_ACTIVITY]
04-21 12:03:10.184 986 986 I wm_on_top_resumed_gained_called: [121504968,com.android.launcher3.uioverrides.QuickstepLauncher,topStateChangedWhenResumed]
04-21 12:03:10.184 986 986 I wm_on_top_resumed_lost_called: [121504968,com.android.launcher3.uioverrides.QuickstepLauncher,topStateChangedWhenResumed]
04-21 12:03:10.188 986 986 I wm_on_paused_called: [121504968,com.android.launcher3.uioverrides.QuickstepLauncher,performPause]
04-21 12:03:10.189 508 523 I wm_failed_to_pause: [0,121504968,com.android.launcher3/.uioverrides.QuickstepLauncher,(none)]
04-21 12:03:10.197 1339 1339 D NetworkSecurityConfig: No Network Security Config specified, using platform default
04-21 12:03:10.198 1339 1339 D NetworkSecurityConfig: No Network Security Config specified, using platform default
04-21 12:03:10.217 1339 1339 V CAM_Profiler: [ 0.000ms][ui] GUARD: CameraApp onCreate() - START
04-21 12:03:10.217 346 945 I gralloc_driver: is_supported check descriptor name=Bitmap::allocateHardwareBitmap pid [986], width=84, height=84, droid_format=RGBA8888, usage=GPU_TEXTURE
04-21 12:03:10.218 1339 1339 V CAM_Profiler: [ 0.000ms][ui] GUARD: FirstRunDetector getTimeOfFirstRun - START
04-21 12:03:10.223 1339 1339 V CAM_Profiler: [ 5.009ms][ui] GUARD: FirstRunDetector getTimeOfFirstRun - [ 5.009ms] PreferenceManager.getDefaultSharedPreferences
04-21 12:03:10.232 1339 1339 V CAM_Profiler: [ 13.869ms][ui] GUARD: FirstRunDetector getTimeOfFirstRun - [ 8.859ms] preferences.getLong
04-21 12:03:10.232 1339 1339 V CAM_Profiler: [ 14.294ms][ui] GUARD: FirstRunDetector getTimeOfFirstRun - STOP
04-21 12:03:10.233 1339 1339 I CAM_Profiler: [ 18.956ms][ui] GUARD: CameraApp onCreate() - [18.956ms] initializeTimeOfFirstRun
04-21 12:03:10.233 1339 1339 V CAM_Profiler: [ 19.521ms][ui] GUARD: CameraApp onCreate() - [ 0.565ms] UsageStatistics.initialize
04-21 12:03:10.236 1339 1339 V CAM_Profiler: [ 22.043ms][ui] GUARD: CameraApp onCreate() - [ 2.522ms] clearNotifications
04-21 12:03:10.236 508 508 I notification_cancel_all: [10107,1339,com.android.camera2,0,0,64,9,NULL]
04-21 12:03:10.236 1339 1339 I CAM_Profiler: [ 22.043ms][ui] GUARD: CameraApp onCreate() - STOP
04-21 12:03:10.238 1339 1339 W CAM_Log : Tag SetActivitiesCameraReceiver is 8 chars longer than limit.
04-21 12:03:10.241 405 405 W ServiceManager: Permission failure: android.permission.SYSTEM_CAMERA from uid=10107 pid=1339
04-21 12:03:10.241 1339 1339 I CAM_SetActivitiesCamera: number of camera: 0
04-21 12:03:10.242 1339 1339 I CAM_SetActivitiesCamera: component state is 1
04-21 12:03:10.245 508 962 I am_uid_running: 10099
04-21 12:03:10.246 508 962 D CompatibilityChangeReporter: Compat change id reported: 135634846; UID 10099; state: DISABLED
04-21 12:03:10.247 508 962 D CompatibilityChangeReporter: Compat change id reported: 135754954; UID 10099; state: DISABLED
04-21 12:03:10.247 508 535 D CompatibilityChangeReporter: Compat change id reported: 143937733; UID 10099; state: DISABLED
04-21 12:03:10.274 333 333 D Zygote : Forked child process 1366
04-21 12:03:10.277 1366 1366 I Zygote : seccomp disabled by setenforce 0
04-21 12:03:10.277 346 945 I gralloc_driver: is_supported check descriptor name=Bitmap::allocateHardwareBitmap pid [986], width=84, height=84, droid_format=RGBA8888, usage=GPU_TEXTURE
04-21 12:03:10.278 1366 1366 I libc : SetHeapTaggingLevel: tag level set to 0
04-21 12:03:10.282 508 535 I am_proc_start: [0,1366,10099,com.android.contacts,broadcast,{com.android.contacts/com.android.contacts.interactions.OnBootOrUpgradeReceiver}]
04-21 12:03:10.282 508 535 I ActivityManager: Start proc 1366:com.android.contacts/u0a99 for broadcast {com.android.contacts/com.android.contacts.interactions.OnBootOrUpgradeReceiver}
04-21 12:03:10.289 346 945 I gralloc_driver: is_supported check descriptor name=Bitmap::allocateHardwareBitmap pid [986], width=84, height=84, droid_format=RGBA8888, usage=GPU_TEXTURE
04-21 12:03:10.296 448 468 I adbd : jdwp connection from 1366
04-21 12:03:10.297 346 945 I gralloc_driver: is_supported check descriptor name=Bitmap::allocateHardwareBitmap pid [986], width=84, height=84, droid_format=RGBA8888, usage=GPU_TEXTURE
04-21 12:03:10.308 508 962 I am_proc_bound: [0,1366,com.android.contacts]
04-21 12:03:10.336 1366 1366 D ApplicationLoaders: Returning zygote-cached class loader: /system/framework/android.test.base.jar
04-21 12:03:10.351 346 945 I gralloc_driver: is_supported check descriptor name=com.android.launcher3/com.android.launcher3.uioverrides.QuickstepLauncher#0, width=1280, height=800, droid_format=RGBA8888, usage=COMPOSER_OVERLAY|GPU_RENDER_TARGET|GPU_TEXTURE
04-21 12:03:10.365 1366 1366 I ndroid.contact: The ClassLoaderContext is a special shared library.
04-21 12:03:10.369 1366 1366 D nativeloader: classloader namespace configured for unbundled product apk. library_path=/product/priv-app/Contacts/lib/arm64:/product/lib64:/system/product/lib64
