01-01 00:00:14.749 0 0 I EXT4-fs (loop3): mounted filesystem without journal. Opts: (null)
01-01 00:00:14.765 0 0 I EXT4-fs (loop4): mounted filesystem without journal. Opts: (null)
01-01 00:00:14.780 0 0 I EXT4-fs (loop5): mounted filesystem without journal. Opts: (null)
01-01 00:00:14.795 0 0 W printk : apexd: 82 output lines suppressed due to ratelimiting
01-01 00:00:15.045 0 0 W mlan : loading out-of-tree module taints kernel.
01-01 00:00:15.071 0 0 F wlan : Loading MWLAN driver
01-01 00:00:15.075 0 0 F wlan : Driver loaded successfully
01-01 00:00:15.145 0 0 I : Registered swp emulation handler
01-01 00:00:15.199 0 0 I Console : switching to colour dummy device 80x25
01-01 00:00:15.212 0 0 I logd.auditd: start
01-01 00:00:15.216 0 0 I watchdogd: watchdogd started (interval 10, margin 20)!
01-01 00:00:15.331 0 0 I zram0 : detected capacity change from 0 to 629145600
01-01 00:00:15.360 0 0 I mkswap : Swapspace size: 614396k, UUID=433e713a-a280-4007-9620-41193e1a3ba5
01-01 00:00:15.390 0 0 I : Adding 614396k swap on /dev/block/zram0. Priority:-2 extents:1 across:614396k SS
01-01 00:00:15.424 242 242 I auditd : type=1400 audit(0.0:5): avc: denied { search } for comm="android.hardwar" name="gsi" dev="mmcblk2p8" ino=20 scontext=u:r:hal_bootctl_default:s0 tcontext=u:object_r:gsi_metadata_file:s0 tclass=dir permissive=1
01-01 00:00:15.467 0 0 I wait_for_keymaster: Waiting for Keymaster device
01-01 00:00:15.492 0 0 I HidlServiceManagement: getService: Trying again for android.hardware.keymaster@4.0::IKeymasterDevice/default...
01-01 00:00:15.510 0 0 I wait_for_keymaster: List of Keymaster HALs found:
01-01 00:00:15.529 0 0 I wait_for_keymaster: Keymaster HAL #1: SoftwareKeymasterDevice from Google SecurityLevel: SOFTWARE HAL: android.hardware.keymaster@4.1::IKeymasterDevice/default
01-01 00:00:20.798 0 0 I random : crng init done
01-01 00:00:20.801 0 0 I random : 7 urandom warning(s) missed due to ratelimiting
01-01 00:00:20.808 0 0 D wait_for_keymaster: Computing HMAC with params { (seed: , nonce: 901580e22da1f218ca2b7e32f9ec70d06e9d31cd41b898117321e103d935afb) }
01-01 00:00:20.808 0 0 D wait_for_keymaster: Computing HMAC for SoftwareKeymasterDevice from Google SecurityLevel: SOFTWARE HAL: android.hardware.keymaster@4.1::IKeymasterDevice/default
01-01 00:00:20.809 0 0 I wait_for_keymaster: Using SoftwareKeymasterDevice from Google for encryption. Security level: SOFTWARE, HAL: android.hardware.keymaster@4.1::IKeymasterDevice/default
01-01 00:00:20.825 0 0 I wait_for_keymaster: Keymaster device ready
01-01 00:00:20.832 0 0 I init : Service 'wait_for_keymaster' (pid 245) exited with status 0 waiting took 5.399000 seconds
01-01 00:00:20.842 0 0 I init : Sending signal 9 to service 'wait_for_keymaster' (pid 245) process group...
01-01 00:00:20.851 0 0 I libprocessgroup: Successfully killed process cgroup uid 0 pid 245 in 0ms
01-01 00:00:20.860 0 0 I init : Calling: /system/bin/vdc checkpoint restoreCheckpoint /dev/block/by-name/userdata
01-01 00:00:20.887 0 0 D vdc : Waited 0ms for vold
01-01 00:00:20.891 0 0 E vdc : Command: checkpoint restoreCheckpoint /dev/block/by-name/userdata Failed: Status(-8, EX_SERVICE_SPECIFIC): '22: No magic'
01-01 00:00:20.905 0 0 I vdc : vdc terminated by exit(25)
01-01 00:00:20.909 0 0 I vdc :
01-01 00:00:20.911 0 0 E init : vdc call failed with error code: 25
01-01 00:00:20.916 0 0 I init : Calling: /system/bin/vdc checkpoint needsCheckpoint
01-01 00:00:20.920 31 31 I auditd : type=1400 audit(0.0:6): avc: denied { setattr } for comm="kdevtmpfs" name="dm-4" dev="devtmpfs" ino=213 scontext=u:r:kernel:s0 tcontext=u:object_r:device:s0 tclass=blk_file permissive=1
01-01 00:00:20.940 0 0 D vdc : Waited 0ms for vold
01-01 00:00:20.946 0 0 I init : [libfs_mgr]Invalid ext4 superblock on '/dev/block/by-name/userdata'
01-01 00:00:20.954 0 0 E init : [libfs_mgr]mount_with_alternatives(): skipping mount due to invalid magic, mountpoint=/data blk_dev=/dev/block/mmcblk2p11 rec[1].fs_type=ext4
01-01 00:00:20.987 0 0 D vdc : Waited 0ms for vold
01-01 00:00:21.017 0 0 I EXT4-fs (dm-4): Using encoding defined by superblock: utf8-12.1.0 with flags 0x0
01-01 00:00:21.029 0 0 I EXT4-fs (dm-4): mounted filesystem with ordered data mode. Opts: noauto_da_alloc,errors=panic
01-01 00:00:21.095 0 0 D vdc : Waited 0ms for vold
01-01 00:00:21.123 0 0 I fscrypt : AES-256-CTS-CBC using implementation "cts-cbc-aes-ce"
01-01 00:00:21.142 0 0 I fscrypt : AES-256-XTS using implementation "xts-aes-ce"
01-01 00:00:21.163 0 0 I apexd : Scanning /system/apex for preinstalled data
01-01 00:00:21.174 0 0 I apexd : Scanning /system_ext/apex for preinstalled data
01-01 00:00:21.180 0 0 I apexd : ... does not exist. Skipping
01-01 00:00:21.185 0 0 I apexd : Scanning /product/apex for preinstalled data
01-01 00:00:21.191 0 0 I apexd : ... does not exist. Skipping
01-01 00:00:21.196 0 0 I apexd : Scanning /vendor/apex for preinstalled data
01-01 00:00:21.202 0 0 I apexd : ... does not exist. Skipping
01-01 00:00:21.206 0 0 I apexd : Populating APEX database from mounts...
01-01 00:00:21.213 0 0 I apexd : 0 packages restored.
01-01 00:00:21.217 0 0 I apexd : Marking APEXd as starting
01-01 00:00:21.238 0 0 I EXT4-fs (loop6): mounted filesystem without journal. Opts: (null)
01-01 00:00:21.254 0 0 I EXT4-fs (loop7): mounted filesystem without journal. Opts: (null)
01-01 00:00:21.274 0 0 I EXT4-fs (loop8): mounted filesystem without journal. Opts: (null)
01-01 00:00:21.291 0 0 I EXT4-fs (loop9): mounted filesystem without journal. Opts: (null)
01-01 00:00:21.309 0 0 I EXT4-fs (loop10): mounted filesystem without journal. Opts: (null)
01-01 00:00:21.326 0 0 I EXT4-fs (loop11): mounted filesystem without journal. Opts: (null)
01-01 00:00:21.344 0 0 I EXT4-fs (loop12): mounted filesystem without journal. Opts: (null)
01-01 00:00:21.363 0 0 I EXT4-fs (loop13): mounted filesystem without journal. Opts: (null)
01-01 00:00:21.380 0 0 I EXT4-fs (loop14): mounted filesystem without journal. Opts: (null)
01-01 00:00:21.397 0 0 I EXT4-fs (loop15): mounted filesystem without journal. Opts: (null)
01-01 00:00:21.414 0 0 I EXT4-fs (loop16): mounted filesystem without journal. Opts: (null)
01-01 00:00:21.433 0 0 I EXT4-fs (loop17): mounted filesystem without journal. Opts: (null)
01-01 00:00:21.449 0 0 I EXT4-fs (loop18): mounted filesystem without journal. Opts: (null)
01-01 00:00:21.466 0 0 I EXT4-fs (loop19): mounted filesystem without journal. Opts: (null)
01-01 00:00:21.483 0 0 I EXT4-fs (loop20): mounted filesystem without journal. Opts: (null)
01-01 00:00:21.499 0 0 I EXT4-fs (loop21): mounted filesystem without journal. Opts: (null)
01-01 00:00:21.516 0 0 I EXT4-fs (loop22): mounted filesystem without journal. Opts: (null)
01-01 00:00:21.533 0 0 I EXT4-fs (loop23): mounted filesystem without journal. Opts: (null)
01-01 00:00:21.548 0 0 I EXT4-fs (loop24): mounted filesystem without journal. Opts: (null)
01-01 00:00:21.565 0 0 I EXT4-fs (loop25): mounted filesystem without journal. Opts: (null)
01-01 00:00:21.582 0 0 I EXT4-fs (loop26): mounted filesystem without journal. Opts: (null)
01-01 00:00:21.735 0 0 D vdc : Waited 0ms for vold
01-01 00:00:21.823 0 0 I apexd : Snapshot DE subcommand detected
01-01 00:00:21.829 0 0 I apexd : Marking APEXd as ready
01-01 00:00:21.904 0 0 I logd.daemon: reinit
01-01 00:00:21.961 0 0 I update_verifier: Started with arg 1: nonencrypted
01-01 00:00:21.969 0 0 I update_verifier: Booting slot 0: isSlotMarkedSuccessful=1
01-01 00:00:21.976 0 0 I update_verifier: Leaving update_verifier.
01-01 00:00:22.039 0 0 W <<<<<<<<<<<<<<<>>>>>>>>>>>>>>>>>
01-01 00:00:22.039 0 0 E imx-drm 32c00000.bus: display-subsystem: sn65dsi83_connector_detect
01-01 00:00:22.043 0 0 I : Mass Storage Function, version: 2009/09/11
01-01 00:00:22.048 0 0 W <<<<<<<<<<<<<<<>>>>>>>>>>>>>>>>>
01-01 00:00:22.055 0 0 I LUN : removable file: (no medium)
01-01 00:00:22.063 0 0 W : using random self ethernet address
01-01 00:00:22.071 0 0 E imx-drm 32c00000.bus: display-subsystem: sn65dsi83_connector_get_modes
01-01 00:00:22.074 0 0 W : using random host ethernet address
01-01 00:00:22.078 0 0 I : file system registered
01-01 00:00:22.081 0 0 W <<<<<<<<<<<<<<<>>>>>>>>>>>>>>>>
01-01 00:00:22.097 0 0 W <<<<<<<<<<<<<<<>>>>>>>>>>>>>>>>>
01-01 00:00:22.106 0 0 E imx-drm 32c00000.bus: display-subsystem: sn65dsi83_connector_mode_valid: mode: 1280*800@72400 is valid
01-01 00:00:22.394 0 0 W healthd : batteryCapacityLevelPath not found
01-01 00:00:22.416 0 0 W healthd : batteryChargeTimeToFullNowPath. not found
01-01 00:00:22.423 0 0 W healthd : batteryFullChargeDesignCapacityUahPath. not found
01-01 00:00:22.443 0 0 W healthd : battery l=85 v=3 t=35.0 h=2 st=2 c=400000 fc=4000000 cc=32 chg=a
01-01 00:00:22.918 333 333 I boot_progress_start: 14227
01-01 00:00:23.157 0 0 W <<<<<<<<<<<<<<<>>>>>>>>>>>>>>>>>
01-01 00:00:23.157 0 0 E imx-drm 32c00000.bus: display-subsystem: sn65dsi83_connector_detect
01-01 00:00:23.187 0 0 W <<<<<<<<<<<<<<<>>>>>>>>>>>>>>>>>
01-01 00:00:23.187 0 0 E imx-drm 32c00000.bus: display-subsystem: sn65dsi83_connector_get_modes
01-01 00:00:23.224 0 0 W <<<<<<<<<<<<<<<>>>>>>>>>>>>>>>>
01-01 00:00:23.224 0 0 W <<<<<<<<<<<<<<<>>>>>>>>>>>>>>>>>
01-01 00:00:23.248 0 0 E imx-drm 32c00000.bus: display-subsystem: sn65dsi83_connector_mode_valid: mode: 1280*800@72400 is valid
01-01 00:00:23.294 0 0 W <<<<<<<<<<<<<<<>>>>>>>>>>>>>>>>>
01-01 00:00:23.294 0 0 E imx-drm 32c00000.bus: display-subsystem: sn65dsi83_connector_detect
01-01 00:00:23.330 0 0 W <<<<<<<<<<<<<<<>>>>>>>>>>>>>>>>>
01-01 00:00:23.330 0 0 E imx-drm 32c00000.bus: display-subsystem: sn65dsi83_connector_get_modes
01-01 00:00:23.370 0 0 W <<<<<<<<<<<<<<<>>>>>>>>>>>>>>>>
01-01 00:00:23.370 0 0 W <<<<<<<<<<<<<<<>>>>>>>>>>>>>>>>>
01-01 00:00:23.414 0 0 E imx-drm 32c00000.bus: display-subsystem: sn65dsi83_connector_mode_valid: mode: 1280*800@72400 is valid
01-01 00:00:23.440 0 0 W <<<<<<<<<<<<<<<>>>>>>>>>>>>>>>>>
01-01 00:00:23.440 0 0 E imx-drm 32c00000.bus: display-subsystem: sn65dsi83_connector_detect
01-01 00:00:23.459 0 0 W <<<<<<<<<<<<<<<>>>>>>>>>>>>>>>>>
01-01 00:00:23.459 0 0 E imx-drm 32c00000.bus: display-subsystem: sn65dsi83_connector_get_modes
01-01 00:00:23.472 1 1 I auditd : type=1107 audit(0.0:7): uid=0 auid=4294967295 ses=4294967295 subj=u:r:init:s0 msg='avc: denied { set } for property=vendor.display.state pid=347 uid=1000 gid=1003 scontext=u:r:hal_graphics_composer_default:s0 tcontext=u:object_r:vendor_default_prop:s0 tclass=property_service permissive=1'
01-01 00:00:23.474 0 0 W <<<<<<<<<<<<<<<>>>>>>>>>>>>>>>>
01-01 00:00:23.474 0 0 W <<<<<<<<<<<<<<<>>>>>>>>>>>>>>>>>
01-01 00:00:23.485 0 0 E imx-drm 32c00000.bus: display-subsystem: sn65dsi83_connector_mode_valid: mode: 1280*800@72400 is valid --------- beginning of radio
01-01 00:00:23.517 426 426 D RILD : **RIL Daemon Started**
01-01 00:00:23.517 426 426 D RILD : **RILd param count=1**
01-01 00:00:23.517 426 426 D RILD : RIL_Init starting sleep loop
01-01 00:00:23.716 0 0 I : read descriptors
01-01 00:00:23.724 0 0 I : read strings
01-01 00:00:24.173 333 333 I boot_progress_preload_start: 15481
01-01 00:00:24.514 0 0 I android_work: sent uevent USB_STATE=CONNECTED
01-01 00:00:24.524 0 0 I android_work: sent uevent USB_STATE=DISCONNECTED
01-01 00:00:24.672 0 0 I android_work: sent uevent USB_STATE=CONNECTED
01-01 00:00:24.692 0 0 I android_work: sent uevent USB_STATE=CONFIGURED
01-01 00:00:24.899 0 0 W <<<<<<<<<<<<<<<<<<>>>>>>>>>>>>>>>>>>>
01-01 00:00:24.899 0 0 E imx-drm 32c00000.bus: display-subsystem: sn65dsi83_bridge_disable
01-01 00:00:24.913 0 0 E sn65dsi83 1-002c: sn65dsi83_brg_stop_stream
01-01 00:00:24.919 0 0 E sn65dsi83 1-002c: sn65dsi83_write: write reg 0x0d data 0x00
01-01 00:00:24.926 0 0 E sn65dsi83 1-002c: sn65dsi83_brg_power_off
01-01 00:00:24.950 0 0 W <<<<<<<<<<<<<<<<<<>>>>>>>>>>>>>>>>>>>
01-01 00:00:24.950 0 0 E imx-drm 32c00000.bus: display-subsystem: sn65dsi83_bridge_mode_set: mode: 1280*800@72400
01-01 00:00:24.970 0 0 W <<<<<<<<<<<<<<<<<<>>>>>>>>>>>>>>>>>>>
01-01 00:00:24.970 0 0 E imx-drm 32c00000.bus: display-subsystem: sn65dsi83_bridge_enable
01-01 00:00:24.985 0 0 E sn65dsi83 1-002c: sn65dsi83_brg_setup
01-01 00:00:24.990 0 0 E sn65dsi83 1-002c: sn65dsi83_brg_power_on
01-01 00:00:25.006 0 0 E sn65dsi83 1-002c: DSI clock [ 217200000 ] Hz
01-01 00:00:25.012 0 0 E sn65dsi83 1-002c: Resolution [ 1280 x 800 ]
01-01 00:00:25.018 0 0 E sn65dsi83 1-002c: sn65dsi83_write: write reg 0x09 data 0x00
01-01 00:00:25.025 0 0 E sn65dsi83 1-002c: sn65dsi83_write: write reg 0x0d data 0x00
01-01 00:00:25.033 0 0 E sn65dsi83 1-002c: lvds_clk=72400000 lvds_clk_range=0x2
01-01 00:00:25.039 0 0 E sn65dsi83 1-002c: LTTS: regval << LVDS_CLK_RANGE_SHIFT : regval=0x4
01-01 00:00:25.049 0 0 E sn65dsi83 1-002c: LTTS: regval |= (1 << HS_CLK_SRC_SHIFT) : regval=0x5
01-01 00:00:25.058 0 0 E sn65dsi83 1-002c: sn65dsi83_write: write reg 0x0a data 0x05
01-01 00:00:25.067 0 0 E sn65dsi83 1-002c: sn65dsi83_write: write reg 0x12 data 0x2b
01-01 00:00:25.075 0 0 E sn65dsi83 1-002c: sn65dsi83_write: write reg 0x13 data 0x00
01-01 00:00:25.083 0 0 E sn65dsi83 1-002c: dsi_clk_range=0x2b
01-01 00:00:25.089 0 0 E sn65dsi83 1-002c: dsi_clk_div=0x2
01-01 00:00:25.094 0 0 E sn65dsi83 1-002c: sn65dsi83_write: write reg 0x0b data 0x10
01-01 00:00:25.102 0 0 E sn65dsi83 1-002c: sn65dsi83_read client 0x00000000e82ecef9
01-01 00:00:25.110 0 0 E sn65dsi83 1-002c: sn65dsi83_read: read reg 0x10 data 0x3e
01-01 00:00:25.116 0 0 E sn65dsi83 1-002c: sn65dsi83_write: write reg 0x10 data 0x26
01-01 00:00:25.123 0 0 E sn65dsi83 1-002c: sn65dsi83_write: write reg 0x11 data 0x00
01-01 00:00:25.130 0 0 E sn65dsi83 1-002c: sn65dsi83_write: write reg 0x18 data 0x1c
01-01 00:00:25.137 0 0 E sn65dsi83 1-002c: sn65dsi83_write: write reg 0x19 data 0x00
01-01 00:00:25.144 0 0 E sn65dsi83 1-002c: sn65dsi83_write: write reg 0x1a data 0x03
01-01 00:00:25.151 0 0 E sn65dsi83 1-002c: sn65dsi83_write: write reg 0x1b data 0x00
01-01 00:00:25.158 0 0 E sn65dsi83 1-002c: sn65dsi83_write: write reg 0x28 data 0x21
01-01 00:00:25.166 0 0 E sn65dsi83 1-002c: sn65dsi83_write: write reg 0x29 data 0x00
01-01 00:00:25.175 0 0 E sn65dsi83 1-002c: sn65dsi83_write: write reg 0x2a data 0x00
01-01 00:00:25.183 0 0 E sn65dsi83 1-002c: sn65dsi83_write: write reg 0x2b data 0x00
01-01 00:00:25.191 0 0 E sn65dsi83 1-002c: sn65dsi83_write: write reg 0x20 data 0x00
01-01 00:00:25.200 0 0 E sn65dsi83 1-002c: sn65dsi83_write: write reg 0x21 data 0x05
01-01 00:00:25.209 0 0 E sn65dsi83 1-002c: sn65dsi83_write: write reg 0x22 data 0x00
01-01 00:00:25.217 0 0 E sn65dsi83 1-002c: sn65dsi83_write: write reg 0x23 data 0x00
01-01 00:00:25.224 0 0 E sn65dsi83 1-002c: sn65dsi83_write: write reg 0x24 data 0x20
01-01 00:00:25.231 0 0 E sn65dsi83 1-002c: sn65dsi83_write: write reg 0x25 data 0x03
01-01 00:00:25.238 0 0 E sn65dsi83 1-002c: sn65dsi83_write: write reg 0x26 data 0x00
01-01 00:00:25.245 0 0 E sn65dsi83 1-002c: sn65dsi83_write: write reg 0x27 data 0x00
01-01 00:00:25.252 0 0 E sn65dsi83 1-002c: sn65dsi83_write: write reg 0x2c data 0x50
01-01 00:00:25.259 0 0 E sn65dsi83 1-002c: sn65dsi83_write: write reg 0x2d data 0x00
01-01 00:00:25.268 0 0 E sn65dsi83 1-002c: sn65dsi83_write: write reg 0x2e data 0x00
01-01 00:00:25.276 0 0 E sn65dsi83 1-002c: sn65dsi83_write: write reg 0x2f data 0x00
01-01 00:00:25.284 0 0 E sn65dsi83 1-002c: sn65dsi83_write: write reg 0x30 data 0x0a
01-01 00:00:25.293 0 0 E sn65dsi83 1-002c: sn65dsi83_write: write reg 0x31 data 0x00
01-01 00:00:25.300 0 0 E sn65dsi83 1-002c: sn65dsi83_write: write reg 0x32 data 0x00
01-01 00:00:25.307 0 0 E sn65dsi83 1-002c: sn65dsi83_write: write reg 0x33 data 0x00
01-01 00:00:25.314 0 0 E sn65dsi83 1-002c: sn65dsi83_write: write reg 0x34 data 0x58
01-01 00:00:25.321 0 0 E sn65dsi83 1-002c: sn65dsi83_write: write reg 0x36 data 0x17
01-01 00:00:25.328 0 0 E sn65dsi83 1-002c: sn65dsi83_write: write reg 0x35 data 0x00
01-01 00:00:25.335 0 0 E sn65dsi83 1-002c: sn65dsi83_write: write reg 0x37 data 0x00
01-01 00:00:25.342 0 0 E sn65dsi83 1-002c: sn65dsi83_write: write reg 0x38 data 0x48
01-01 00:00:25.349 0 0 E sn65dsi83 1-002c: sn65dsi83_write: write reg 0x3a data 0x0f
01-01 00:00:25.357 0 0 E sn65dsi83 1-002c: sn65dsi83_write: write reg 0x39 data 0x00
01-01 00:00:25.364 0 0 E sn65dsi83 1-002c: sn65dsi83_write: write reg 0x3b data 0x00
01-01 00:00:25.371 0 0 E sn65dsi83 1-002c: sn65dsi83_write: write reg 0x3c data 0x00
01-01 00:00:25.378 0 0 E sn65dsi83 1-002c: sn65dsi83_write: write reg 0x3d data 0x00
01-01 00:00:25.385 0 0 E sn65dsi83 1-002c: sn65dsi83_write: write reg 0x3e data 0x00
01-01 00:00:25.391 0 0 E sn65dsi83 1-002c: sn65dsi83_brg_start_stream
01-01 00:00:25.397 0 0 E sn65dsi83 1-002c: sn65dsi83_write: write reg 0x0d data 0x01
01-01 00:00:25.610 0 0 E sn65dsi83 1-002c: sn65dsi83_write: write reg 0x09 data 0x01
01-01 00:00:25.617 0 0 E sn65dsi83 1-002c: sn65dsi83_read client 0x00000000e82ecef9
01-01 00:00:25.626 0 0 E sn65dsi83 1-002c: sn65dsi83_read: read reg 0xe5 data 0x01
01-01 00:00:25.633 0 0 E sn65dsi83 1-002c: CHA (0xe5) = 0x01
01-01 00:00:26.158 333 333 D TelephonyManager: No /proc/cmdline exception=java.io.FileNotFoundException: /proc/cmdline: open failed: EACCES (Permission denied)
01-01 00:00:26.158 333 333 D TelephonyManager: /proc/cmdline=
01-01 00:00:27.053 333 333 I boot_progress_preload_end: 18361
01-01 00:00:27.654 508 508 I system_server_start: [1,18961,18961]
01-01 00:00:27.654 508 508 I boot_progress_system_run: 18963
01-01 00:00:28.048 508 508 I dvm_lock_sample: [system_server,0,main,21,SystemConfig.java,247,com.android.server.SystemConfig com.android.server.SystemConfig.getInstance(),-,251,com.android.server.SystemConfig com.android.server.SystemConfig.getInstance(),4]
01-01 00:00:28.108 508 533 I commit_sys_config_file: [batterystats,7]
01-01 00:00:28.115 508 533 I commit_sys_config_file: [batterystats,6]
01-01 00:00:28.199 508 508 I service_manager_stats: [100,25,19508]
01-01 00:00:28.255 508 508 I rescue_note: [0,1,19563]
01-01 00:00:28.291 508 508 I boot_progress_pms_start: 19599
01-01 00:00:28.599 508 508 I boot_progress_pms_system_scan_start: 19907
01-01 00:00:28.683 0 0 E apexd : Can't open /system_ext/apex for reading : No such file or directory
01-01 00:00:28.691 0 0 E apexd : Can't open /product/apex for reading : No such file or directory
01-01 00:00:28.699 0 0 E apexd : Can't open /vendor/apex for reading : No such file or directory
01-01 00:00:29.237 508 508 I boot_progress_pms_data_scan_start: 20545
01-01 00:00:29.245 508 508 I boot_progress_pms_scan_end: 20553
01-01 00:00:29.455 508 508 I commit_sys_config_file: [package-user-0,8]
01-01 00:00:29.455 508 508 I commit_sys_config_file: [package,87]
01-01 00:00:29.455 508 508 I boot_progress_pms_ready: 20763
01-01 00:00:29.607 508 508 I am_uid_running: 1000
01-01 00:00:29.608 508 508 I am_uid_active: 1000
01-01 00:00:29.700 0 0 I init : Control message: Processed ctl.start for 'idmap2d' from pid: 508 (system_server)
01-01 00:00:29.804 508 527 I commit_sys_config_file: [overlays,10]
01-01 00:00:29.804 508 548 I battery_status: [2,2,1,1,Li-ion]
01-01 00:00:29.805 508 548 I battery_level: [85,3600,350]
01-01 00:00:29.876 0 0 W healthd : battery l=85 v=3 t=35.0 h=2 st=2 c=400000 fc=4000000 cc=32 chg=a
01-01 00:00:30.231 0 0 I AidlLazyServiceRegistrar: Process has 1 (of 1 available) client(s) in use after notification android.apex.IApexService has clients: 1
01-01 00:00:30.256 0 0 I AidlLazyServiceRegistrar: Process has 0 (of 1 available) client(s) in use after notification android.apex.IApexService has clients: 0
01-01 00:00:30.282 0 0 I AidlLazyServiceRegistrar: Shutdown prevented by forcePersist override flag.
01-01 00:00:30.289 0 0 I init : processing action (sys.sysctl.extra_free_kbytes=*) from (/system/etc/init/hw/init.rc:990)
01-01 00:00:31.337 0 0 I : read descriptors
01-01 00:00:31.340 0 0 I : read strings
01-01 00:00:31.342 0 0 I : read descriptors
01-01 00:00:31.345 0 0 I : read strings
01-01 00:00:36.895 0 0 I init : Service 'bootanim' (pid 501) exited with status 0 oneshot service took 12.475000 seconds in background
01-01 00:00:36.908 0 0 I init : Sending signal 9 to service 'bootanim' (pid 501) process group...
01-01 00:00:36.917 0 0 I libprocessgroup: Successfully killed process cgroup uid 1003 pid 501 in 0ms
01-01 00:00:37.055 0 0 I init : processing action (sys.boot_completed=1) from (/system/etc/init/hw/init.rc:981)
01-01 00:00:37.067 0 0 I init : starting service 'exec 15 (/bin/rm -rf /data/per_boot)'...
01-01 00:00:37.079 0 0 I init : SVC_EXEC service 'exec 15 (/bin/rm -rf /data/per_boot)' pid 1056 (uid 1000 gid 1000+0 context default) started; waiting...
01-01 00:00:37.128 0 0 I selinux : SELinux: Skipping restorecon on directory(/data/system_ce/0)
01-01 00:00:37.138 0 0 I selinux :
01-01 00:00:37.141 0 0 I init : Service 'exec 15 (/bin/rm -rf /data/per_boot)' (pid 1056) exited with status 0 waiting took 0.062000 seconds
01-01 00:00:37.153 0 0 I init : Sending signal 9 to service 'exec 15 (/bin/rm -rf /data/per_boot)' (pid 1056) process group...
01-01 00:00:37.781 0 0 D apexd : destroyCeSnapshotsNotSpecified() received by ApexService.
01-01 00:00:39.901 0 0 W FAT-fs (mmcblk1p1): Volume was not properly unmounted. Some data may be corrupt. Please run fsck.
01-01 00:00:40.232 0 0 I AidlLazyServiceRegistrar: Process has 1 (of 1 available) client(s) in use after notification android.apex.IApexService has clients: 1
01-01 00:00:40.246 0 0 I AidlLazyServiceRegistrar: Process has 0 (of 1 available) client(s) in use after notification android.apex.IApexService has clients: 0
01-01 00:00:40.259 0 0 I AidlLazyServiceRegistrar: Shutdown prevented by forcePersist override flag.
01-01 00:00:51.607 0 0 I AidlLazyServiceRegistrar: Trying to shut down the service. No clients in use for any service in process.
01-01 00:00:51.619 0 0 I AidlLazyServiceRegistrar: Unregistered all clients and exiting
01-01 00:00:51.629 0 0 W printk : Binder:272_1: 221 output lines suppressed due to ratelimiting
01-01 00:00:51.638 0 0 I init : Service 'apexd' (pid 272) exited with status 0 oneshot service took 30.500000 seconds in background
01-01 00:00:51.648 0 0 I init : Sending signal 9 to service 'apexd' (pid 272) process group...
01-01 00:00:51.656 0 0 I libprocessgroup: Successfully killed process cgroup uid 0 pid 272 in 0ms
04-21 12:03:01.114 508 508 I wm_task_created: [1,-1]
04-21 12:03:01.115 508 508 I wm_stack_created: 1
04-21 12:03:01.204 508 508 I configuration_changed: 536894968
04-21 12:03:01.206 508 508 I sysui_multi_action: [757,1659,758,4,759,2,1660,0]
04-21 12:03:01.224 508 508 I configuration_changed: 8
04-21 12:03:02.115 508 527 I commit_sys_config_file: [notification-policy,11]
04-21 12:03:02.117 508 603 I storage_state: [41217664-9172-527a-b3d5-edabb50a7d69,0,0,2640031744,2746384384]
04-21 12:03:02.124 508 527 I commit_sys_config_file: [notification-policy,8]
04-21 12:03:02.216 508 508 I stream_devices_changed: [0,0,2]
04-21 12:03:02.216 508 508 I stream_devices_changed: [2,0,2]
04-21 12:03:02.217 508 508 I stream_devices_changed: [3,0,2]
04-21 12:03:02.217 508 508 I stream_devices_changed: [4,0,2]
04-21 12:03:02.218 508 508 I stream_devices_changed: [6,0,2]
04-21 12:03:02.243 334 334 D TelephonyManager: No /proc/cmdline exception=java.io.FileNotFoundException: /proc/cmdline: open failed: EACCES (Permission denied)
04-21 12:03:02.243 334 334 D TelephonyManager: /proc/cmdline= --------- beginning of system
04-21 12:03:02.478 508 508 D SystemServerTiming: OnBootPhase_480_com.android.server.slice.SliceManagerService$Lifecycle took to complete: 0ms
04-21 12:03:02.478 508 508 I SystemServerTiming: OnBootPhase_480_com.android.server.camera.CameraServiceProxy
04-21 12:03:02.478 508 508 D SystemServerTiming: OnBootPhase_480_com.android.server.camera.CameraServiceProxy took to complete: 0ms
04-21 12:03:02.478 508 508 I SystemServerTiming: OnBootPhase_480_com.android.server.stats.StatsCompanion$Lifecycle
04-21 12:03:02.478 508 508 D SystemServerTiming: OnBootPhase_480_com.android.server.stats.StatsCompanion$Lifecycle took to complete: 0ms
04-21 12:03:02.478 508 508 I SystemServerTiming: OnBootPhase_480_com.android.server.stats.pull.StatsPullAtomService
04-21 12:03:02.478 508 508 D SystemServerTiming: OnBootPhase_480_com.android.server.stats.pull.StatsPullAtomService took to complete: 0ms
04-21 12:03:02.478 508 508 I SystemServerTiming: OnBootPhase_480_com.android.server.incident.IncidentCompanionService
04-21 12:03:02.478 508 508 D SystemServerTiming: OnBootPhase_480_com.android.server.incident.IncidentCompanionService took to complete: 0ms
04-21 12:03:02.478 508 508 I SystemServerTiming: OnBootPhase_480_com.android.server.MmsServiceBroker
04-21 12:03:02.478 508 508 D SystemServerTiming: OnBootPhase_480_com.android.server.MmsServiceBroker took to complete: 0ms
04-21 12:03:02.478 508 508 I SystemServerTiming: OnBootPhase_480_com.android.server.autofill.AutofillManagerService
04-21 12:03:02.478 508 508 D SystemServerTiming: OnBootPhase_480_com.android.server.autofill.AutofillManagerService took to complete: 0ms
04-21 12:03:02.478 508 508 I SystemServerTiming: OnBootPhase_480_com.android.server.clipboard.ClipboardService
04-21 12:03:02.478 508 508 D SystemServerTiming: OnBootPhase_480_com.android.server.clipboard.ClipboardService took to complete: 0ms
04-21 12:03:02.478 508 508 I SystemServerTiming: OnBootPhase_480_com.android.server.appbinding.AppBindingService$Lifecycle
04-21 12:03:02.478 508 508 D SystemServerTiming: OnBootPhase_480_com.android.server.appbinding.AppBindingService$Lifecycle took to complete: 0ms
04-21 12:03:02.478 508 508 D SystemServerTiming: OnBootPhase_480 took to complete: 14ms
04-21 12:03:02.478 508 508 D SystemServerTiming: StartBootPhaseLockSettingsReady took to complete: 14ms
04-21 12:03:02.478 508 508 I SystemServerTiming: StartBootPhaseSystemServicesReady
04-21 12:03:02.478 508 508 I SystemServiceManager: Starting phase 500
04-21 12:03:02.478 508 508 I SystemServerTiming: OnBootPhase_500
04-21 12:03:02.478 508 508 I SystemServerTiming: OnBootPhase_500_com.android.server.security.FileIntegrityService
04-21 12:03:02.478 508 508 D SystemServerTiming: OnBootPhase_500_com.android.server.security.FileIntegrityService took to complete: 0ms
04-21 12:03:02.479 508 508 I SystemServerTiming: OnBootPhase_500_com.android.server.pm.Installer
04-21 12:03:02.479 508 508 D SystemServerTiming: OnBootPhase_500_com.android.server.pm.Installer took to complete: 0ms
04-21 12:03:02.479 508 508 I SystemServerTiming: OnBootPhase_500_com.android.server.os.DeviceIdentifiersPolicyService
04-21 12:03:02.479 508 508 D SystemServerTiming: OnBootPhase_500_com.android.server.os.DeviceIdentifiersPolicyService took to complete: 0ms
04-21 12:03:02.479 508 508 I SystemServerTiming: OnBootPhase_500_com.android.server.uri.UriGrantsManagerService$Lifecycle
04-21 12:03:02.479 508 508 D SystemServerTiming: OnBootPhase_500_com.android.server.uri.UriGrantsManagerService$Lifecycle took to complete: 0ms
04-21 12:03:02.479 508 508 I SystemServerTiming: OnBootPhase_500_com.android.server.wm.ActivityTaskManagerService$Lifecycle
04-21 12:03:02.479 508 508 D SystemServerTiming: OnBootPhase_500_com.android.server.wm.ActivityTaskManagerService$Lifecycle took to complete: 0ms
04-21 12:03:02.479 508 508 I SystemServerTiming: OnBootPhase_500_com.android.server.am.ActivityManagerService$Lifecycle
04-21 12:03:02.480 508 508 D SystemServerTiming: OnBootPhase_500_com.android.server.am.ActivityManagerService$Lifecycle took to complete: 2ms
04-21 12:03:02.480 508 508 I SystemServerTiming: OnBootPhase_500_com.android.server.pm.DataLoaderManagerService
04-21 12:03:02.481 508 508 D SystemServerTiming: OnBootPhase_500_com.android.server.pm.DataLoaderManagerService took to complete: 0ms
04-21 12:03:02.481 508 508 I SystemServerTiming: OnBootPhase_500_com.android.server.power.PowerManagerService
04-21 12:03:02.481 508 508 D SystemServerTiming: OnBootPhase_500_com.android.server.power.PowerManagerService took to complete: 0ms
04-21 12:03:02.481 508 508 I SystemServerTiming: OnBootPhase_500_com.android.server.power.ThermalManagerService
04-21 12:03:02.481 508 508 D SystemServerTiming: OnBootPhase_500_com.android.server.power.ThermalManagerService took to complete: 0ms
04-21 12:03:02.481 508 508 I SystemServerTiming: OnBootPhase_500_com.android.server.recoverysystem.RecoverySystemService$Lifecycle
04-21 12:03:02.481 508 508 D SystemServerTiming: OnBootPhase_500_com.android.server.recoverysystem.RecoverySystemService$Lifecycle took to complete: 0ms
04-21 12:03:02.481 508 508 I SystemServerTiming: OnBootPhase_500_com.android.server.lights.LightsService
04-21 12:03:02.481 508 508 D SystemServerTiming: OnBootPhase_500_com.android.server.lights.LightsService took to complete: 0ms
04-21 12:03:02.481 508 508 I SystemServerTiming: OnBootPhase_500_com.android.server.display.DisplayManagerService
04-21 12:03:02.481 508 508 D SystemServerTiming: OnBootPhase_500_com.android.server.display.DisplayManagerService took to complete: 0ms
04-21 12:03:02.481 508 508 I SystemServerTiming: OnBootPhase_500_com.android.server.pm.UserManagerService$LifeCycle
04-21 12:03:02.481 508 508 D SystemServerTiming: OnBootPhase_500_com.android.server.pm.UserManagerService$LifeCycle took to complete: 0ms
04-21 12:03:02.481 508 508 I SystemServerTiming: OnBootPhase_500_com.android.server.om.OverlayManagerService
04-21 12:03:02.481 508 508 D SystemServerTiming: OnBootPhase_500_com.android.server.om.OverlayManagerService took to complete: 0ms
04-21 12:03:02.481 508 508 I SystemServerTiming: OnBootPhase_500_com.android.server.SensorPrivacyService
04-21 12:03:02.481 508 508 D SystemServerTiming: OnBootPhase_500_com.android.server.SensorPrivacyService took to complete: 0ms
04-21 12:03:02.481 508 508 I SystemServerTiming: OnBootPhase_500_com.android.server.SystemConfigService
04-21 12:03:02.481 508 508 D SystemServerTiming: OnBootPhase_500_com.android.server.SystemConfigService took to complete: 0ms
04-21 12:03:02.481 508 508 I SystemServerTiming: OnBootPhase_500_com.android.server.BatteryService
04-21 12:03:02.481 508 508 D SystemServerTiming: OnBootPhase_500_com.android.server.BatteryService took to complete: 0ms
04-21 12:03:02.481 508 508 I SystemServerTiming: OnBootPhase_500_com.android.server.usage.UsageStatsService
04-21 12:03:02.483 508 508 D AppStandbyController: Setting app idle enabled state
04-21 12:03:02.486 508 508 E HistoricalRegistry: Interaction before persistence initialized
04-21 12:03:02.486 508 508 D SystemServerTiming: OnBootPhase_500_com.android.server.usage.UsageStatsService took to complete: 5ms
04-21 12:03:02.486 508 508 I SystemServerTiming: OnBootPhase_500_com.android.server.webkit.WebViewUpdateService
04-21 12:03:02.486 508 508 D SystemServerTiming: OnBootPhase_500_com.android.server.webkit.WebViewUpdateService took to complete: 0ms
04-21 12:03:02.486 508 508 I SystemServerTiming: OnBootPhase_500_com.android.server.CachedDeviceStateService
04-21 12:03:02.487 508 508 D SystemServerTiming: OnBootPhase_500_com.android.server.CachedDeviceStateService took to complete: 0ms
04-21 12:03:02.487 508 508 I SystemServerTiming: OnBootPhase_500_com.android.server.BinderCallsStatsService$LifeCycle
04-21 12:03:02.494 508 508 D SystemServerTiming: OnBootPhase_500_com.android.server.BinderCallsStatsService$LifeCycle took to complete: 8ms
04-21 12:03:02.495 508 508 I SystemServerTiming: OnBootPhase_500_com.android.server.LooperStatsService$Lifecycle
04-21 12:03:02.495 508 508 D SystemServerTiming: OnBootPhase_500_com.android.server.LooperStatsService$Lifecycle took to complete: 1ms
04-21 12:03:02.495 508 508 I SystemServerTiming: OnBootPhase_500_com.android.server.rollback.RollbackManagerService
04-21 12:03:02.495 508 508 D SystemServerTiming: OnBootPhase_500_com.android.server.rollback.RollbackManagerService took to complete: 0ms
04-21 12:03:02.496 508 508 I SystemServerTiming: OnBootPhase_500_com.android.server.os.BugreportManagerService
04-21 12:03:02.496 508 508 D SystemServerTiming: OnBootPhase_500_com.android.server.os.BugreportManagerService took to complete: 0ms
04-21 12:03:02.496 508 508 I SystemServerTiming: OnBootPhase_500_com.android.server.gpu.GpuService
04-21 12:03:02.496 508 508 D SystemServerTiming: OnBootPhase_500_com.android.server.gpu.GpuService took to complete: 0ms
04-21 12:03:02.496 508 508 I SystemServerTiming: OnBootPhase_500_com.android.server.security.KeyChainSystemService
04-21 12:03:02.496 508 508 D SystemServerTiming: OnBootPhase_500_com.android.server.security.KeyChainSystemService took to complete: 0ms
04-21 12:03:02.496 508 508 I SystemServerTiming: OnBootPhase_500_com.android.server.telecom.TelecomLoaderService
04-21 12:03:02.496 508 508 D SystemServerTiming: OnBootPhase_500_com.android.server.telecom.TelecomLoaderService took to complete: 0ms
04-21 12:03:02.496 508 508 I SystemServerTiming: OnBootPhase_500_com.android.server.accounts.AccountManagerService$Lifecycle
04-21 12:03:02.496 508 508 D SystemServerTiming: OnBootPhase_500_com.android.server.accounts.AccountManagerService$Lifecycle took to complete: 0ms
04-21 12:03:02.496 508 508 I SystemServerTiming: OnBootPhase_500_com.android.server.content.ContentService$Lifecycle
04-21 12:03:02.496 508 508 D SystemServerTiming: OnBootPhase_500_com.android.server.content.ContentService$Lifecycle took to complete: 0ms
04-21 12:03:02.496 508 508 I SystemServerTiming: OnBootPhase_500_com.android.server.DropBoxManagerService
04-21 12:03:02.497 508 508 D SystemServerTiming: OnBootPhase_500_com.android.server.DropBoxManagerService took to complete: 1ms
04-21 12:03:02.497 508 508 I SystemServerTiming: OnBootPhase_500_com.android.server.AlarmManagerService
04-21 12:03:02.498 508 508 D SystemServerTiming: OnBootPhase_500_com.android.server.AlarmManagerService took to complete: 1ms
04-21 12:03:02.498 508 508 I SystemServerTiming: OnBootPhase_500_com.android.server.BluetoothService
04-21 12:03:02.499 508 508 D SystemServerTiming: OnBootPhase_500_com.android.server.BluetoothService took to complete: 0ms
04-21 12:03:02.499 508 508 I SystemServerTiming: OnBootPhase_500_com.android.server.connectivity.IpConnectivityMetrics
04-21 12:03:02.504 508 508 D SystemServerTiming: OnBootPhase_500_com.android.server.connectivity.IpConnectivityMetrics took to complete: 5ms
04-21 12:03:02.504 508 508 I SystemServerTiming: OnBootPhase_500_com.android.server.net.watchlist.NetworkWatchlistService$Lifecycle
04-21 12:03:02.504 508 508 D SystemServerTiming: OnBootPhase_500_com.android.server.net.watchlist.NetworkWatchlistService$Lifecycle took to complete: 0ms
04-21 12:03:02.504 508 508 I SystemServerTiming: OnBootPhase_500_com.android.server.PinnerService
04-21 12:03:02.505 508 508 D SystemServerTiming: OnBootPhase_500_com.android.server.PinnerService took to complete: 1ms
04-21 12:03:02.505 508 508 I SystemServerTiming: OnBootPhase_500_com.google.android.startop.iorap.IorapForwardingService
04-21 12:03:02.505 508 508 D SystemServerTiming: OnBootPhase_500_com.google.android.startop.iorap.IorapForwardingService took to complete: 0ms
04-21 12:03:02.505 508 508 I SystemServerTiming: OnBootPhase_500_com.android.server.integrity.AppIntegrityManagerService
04-21 12:03:02.505 508 508 D SystemServerTiming: OnBootPhase_500_com.android.server.integrity.AppIntegrityManagerService took to complete: 0ms
04-21 12:03:02.505 508 508 I SystemServerTiming: OnBootPhase_500_com.android.server.inputmethod.InputMethodManagerService$Lifecycle
04-21 12:03:02.505 508 508 D SystemServerTiming: OnBootPhase_500_com.android.server.inputmethod.InputMethodManagerService$Lifecycle took to complete: 0ms
04-21 12:03:02.505 508 508 I SystemServerTiming: OnBootPhase_500_com.android.server.accessibility.AccessibilityManagerService$Lifecycle
04-21 12:03:02.505 508 508 D SystemServerTiming: OnBootPhase_500_com.android.server.accessibility.AccessibilityManagerService$Lifecycle took to complete: 0ms
04-21 12:03:02.505 508 508 I SystemServerTiming: OnBootPhase_500_com.android.server.StorageManagerService$Lifecycle
04-21 12:03:02.506 508 508 D SystemServerTiming: OnBootPhase_500_com.android.server.StorageManagerService$Lifecycle took to complete: 2ms
04-21 12:03:02.506 508 508 I SystemServerTiming: OnBootPhase_500_com.android.server.usage.StorageStatsService$Lifecycle
04-21 12:03:02.506 508 508 D SystemServerTiming: OnBootPhase_500_com.android.server.usage.StorageStatsService$Lifecycle took to complete: 0ms
04-21 12:03:02.506 508 508 I SystemServerTiming: OnBootPhase_500_com.android.server.UiModeManagerService
04-21 12:03:02.508 508 508 I configuration_changed: 512
04-21 12:03:02.510 508 508 I ActivityTaskManager: Config changes=200 {1.0 ?mcc?mnc [en_US] ldltr sw533dp w853dp h461dp 240dpi lrg land finger -keyb/v/h -nav/h winConfig={ mBounds=Rect(0, 0 - 1280, 800) mAppBounds=Rect(0, 0 - 1280, 728) mWindowingMode=fullscreen mDisplayWindowingMode=fullscreen mActivityType=undefined mAlwaysOnTop=undefined mRotation=ROTATION_0} s.6}
04-21 12:03:02.517 508 508 I WindowManager: Override config changes=200 {1.0 ?mcc?mnc [en_US] ldltr sw533dp w853dp h461dp 240dpi lrg land finger -keyb/v/h -nav/h winConfig={ mBounds=Rect(0, 0 - 1280, 800) mAppBounds=Rect(0, 0 - 1280, 728) mWindowingMode=fullscreen mDisplayWindowingMode=fullscreen mActivityType=undefined mAlwaysOnTop=undefined mRotation=ROTATION_0} s.6} for displayId=0
04-21 12:03:02.518 508 508 D SystemServerTiming: OnBootPhase_500_com.android.server.UiModeManagerService took to complete: 12ms
04-21 12:03:02.518 508 508 I SystemServerTiming: OnBootPhase_500_com.android.server.locksettings.LockSettingsService$Lifecycle
04-21 12:03:02.518 508 508 D SystemServerTiming: OnBootPhase_500_com.android.server.locksettings.LockSettingsService$Lifecycle took to complete: 0ms
04-21 12:03:02.518 508 508 I SystemServerTiming: OnBootPhase_500_com.android.server.PersistentDataBlockService
04-21 12:03:02.518 508 508 D SystemServerTiming: OnBootPhase_500_com.android.server.PersistentDataBlockService took to complete: 0ms
04-21 12:03:02.519 508 508 I SystemServerTiming: OnBootPhase_500_com.android.server.testharness.TestHarnessModeService
04-21 12:03:02.519 508 508 D TestHarnessModeService: Setting up test harness mode
04-21 12:03:02.519 508 508 D TestHarnessModeService: Getting PersistentDataBlockManagerInternal from LocalServices
04-21 12:03:02.545 508 508 D SystemServerTiming: OnBootPhase_500_com.android.server.testharness.TestHarnessModeService took to complete: 27ms
04-21 12:03:02.545 508 508 I SystemServerTiming: OnBootPhase_500_com.android.server.oemlock.OemLockService
04-21 12:03:02.545 508 508 D SystemServerTiming: OnBootPhase_500_com.android.server.oemlock.OemLockService took to complete: 0ms
04-21 12:03:02.546 508 508 I SystemServerTiming: OnBootPhase_500_com.android.server.DeviceIdleController
04-21 12:03:02.548 508 508 E HistoricalRegistry: Interaction before persistence initialized
04-21 12:03:02.549 508 508 D SystemServerTiming: OnBootPhase_500_com.android.server.DeviceIdleController took to complete: 4ms
04-21 12:03:02.550 508 508 I SystemServerTiming: OnBootPhase_500_com.android.server.devicepolicy.DevicePolicyManagerService$Lifecycle
04-21 12:03:02.550 508 508 D SystemServerTiming: OnBootPhase_500_com.android.server.devicepolicy.DevicePolicyManagerService$Lifecycle took to complete: 0ms
04-21 12:03:02.550 508 508 I SystemServerTiming: OnBootPhase_500_com.android.server.textservices.TextServicesManagerService$Lifecycle
04-21 12:03:02.550 508 508 D SystemServerTiming: OnBootPhase_500_com.android.server.textservices.TextServicesManagerService$Lifecycle took to complete: 0ms
04-21 12:03:02.550 508 508 I SystemServerTiming: OnBootPhase_500_com.android.server.textclassifier.TextClassificationManagerService$Lifecycle
04-21 12:03:02.550 508 508 D SystemServerTiming: OnBootPhase_500_com.android.server.textclassifier.TextClassificationManagerService$Lifecycle took to complete: 0ms
04-21 12:03:02.550 508 508 I SystemServerTiming: OnBootPhase_500_com.android.server.NetworkScoreService$Lifecycle
04-21 12:03:02.550 508 508 D SystemServerTiming: OnBootPhase_500_com.android.server.NetworkScoreService$Lifecycle took to complete: 1ms
04-21 12:03:02.551 508 508 I SystemServerTiming: OnBootPhase_500_com.android.server.wifi.WifiService
04-21 12:03:02.554 508 508 D SystemServerTiming: OnBootPhase_500_com.android.server.wifi.WifiService took to complete: 4ms
04-21 12:03:02.554 508 508 I SystemServerTiming: OnBootPhase_500_com.android.server.wifi.scanner.WifiScanningService
04-21 12:03:02.554 508 508 D SystemServerTiming: OnBootPhase_500_com.android.server.wifi.scanner.WifiScanningService took to complete: 0ms
04-21 12:03:02.555 508 508 I SystemServerTiming: OnBootPhase_500_com.android.server.wifi.p2p.WifiP2pService
04-21 12:03:02.562 508 508 D SystemServerTiming: OnBootPhase_500_com.android.server.wifi.p2p.WifiP2pService took to complete: 7ms
04-21 12:03:02.562 508 508 I SystemServerTiming: OnBootPhase_500_com.android.server.ethernet.EthernetService
04-21 12:03:02.570 508 597 D ConnectivityService: Got NetworkProvider Messenger for Ethernet
04-21 12:03:02.571 508 508 D SystemServerTiming: OnBootPhase_500_com.android.server.ethernet.EthernetService took to complete: 10ms
04-21 12:03:02.572 508 508 I SystemServerTiming: OnBootPhase_500_com.android.server.notification.NotificationManagerService
04-21 12:03:02.577 508 508 D SystemServerTiming: OnBootPhase_500_com.android.server.notification.NotificationManagerService took to complete: 6ms
04-21 12:03:02.577 508 508 I SystemServerTiming: OnBootPhase_500_com.android.server.storage.DeviceStorageMonitorService
04-21 12:03:02.577 508 508 D SystemServerTiming: OnBootPhase_500_com.android.server.storage.DeviceStorageMonitorService took to complete: 0ms
04-21 12:03:02.578 508 508 I SystemServerTiming: OnBootPhase_500_com.android.server.location.LocationManagerService$Lifecycle
04-21 12:03:02.581 508 508 E HistoricalRegistry: Interaction before persistence initialized
04-21 12:03:02.582 508 508 D SystemServerTiming: OnBootPhase_500_com.android.server.location.LocationManagerService$Lifecycle took to complete: 4ms
04-21 12:03:02.582 508 508 I SystemServerTiming: OnBootPhase_500_com.android.server.timedetector.TimeDetectorService$Lifecycle
04-21 12:03:02.582 508 508 D SystemServerTiming: OnBootPhase_500_com.android.server.timedetector.TimeDetectorService$Lifecycle took to complete: 0ms
04-21 12:03:02.582 508 508 I SystemServerTiming: OnBootPhase_500_com.android.server.timezonedetector.TimeZoneDetectorService$Lifecycle
04-21 12:03:02.582 508 508 D SystemServerTiming: OnBootPhase_500_com.android.server.timezonedetector.TimeZoneDetectorService$Lifecycle took to complete: 0ms
04-21 12:03:02.582 508 508 I SystemServerTiming: OnBootPhase_500_com.android.server.search.SearchManagerService$Lifecycle
04-21 12:03:02.582 508 508 D SystemServerTiming: OnBootPhase_500_com.android.server.search.SearchManagerService$Lifecycle took to complete: 0ms
04-21 12:03:02.582 508 508 I SystemServerTiming: OnBootPhase_500_com.android.server.wallpaper.WallpaperManagerService$Lifecycle
04-21 12:03:02.582 508 508 D SystemServerTiming: OnBootPhase_500_com.android.server.wallpaper.WallpaperManagerService$Lifecycle took to complete: 0ms
04-21 12:03:02.582 508 508 I SystemServerTiming: OnBootPhase_500_com.android.server.audio.AudioService$Lifecycle
04-21 12:03:02.582 508 508 D SystemServerTiming: OnBootPhase_500_com.android.server.audio.AudioService$Lifecycle took to complete: 0ms
04-21 12:03:02.582 508 508 I SystemServerTiming: OnBootPhase_500_com.android.server.soundtrigger_middleware.SoundTriggerMiddlewareService$Lifecycle
04-21 12:03:02.583 508 508 D SystemServerTiming: OnBootPhase_500_com.android.server.soundtrigger_middleware.SoundTriggerMiddlewareService$Lifecycle took to complete: 0ms
04-21 12:03:02.583 508 508 I SystemServerTiming: OnBootPhase_500_com.android.server.DockObserver
04-21 12:03:02.583 508 508 D SystemServerTiming: OnBootPhase_500_com.android.server.DockObserver took to complete: 0ms
04-21 12:03:02.583 508 508 I SystemServerTiming: OnBootPhase_500_com.android.server.midi.MidiService$Lifecycle
04-21 12:03:02.583 508 508 D SystemServerTiming: OnBootPhase_500_com.android.server.midi.MidiService$Lifecycle took to complete: 0ms
04-21 12:03:02.583 508 508 I SystemServerTiming: OnBootPhase_500_com.android.server.adb.AdbService$Lifecycle
04-21 12:03:02.583 508 508 D SystemServerTiming: OnBootPhase_500_com.android.server.adb.AdbService$Lifecycle took to complete: 0ms
04-21 12:03:02.583 508 508 I SystemServerTiming: OnBootPhase_500_com.android.server.usb.UsbService$Lifecycle
04-21 12:03:02.583 508 508 D SystemServerTiming: OnBootPhase_500_com.android.server.usb.UsbService$Lifecycle took to complete: 0ms
04-21 12:03:02.583 508 508 I SystemServerTiming: OnBootPhase_500_com.android.server.twilight.TwilightService
04-21 12:03:02.583 508 508 D SystemServerTiming: OnBootPhase_500_com.android.server.twilight.TwilightService took to complete: 0ms
04-21 12:03:02.583 508 508 I SystemServerTiming: OnBootPhase_500_com.android.server.display.color.ColorDisplayService
04-21 12:03:02.583 508 508 D SystemServerTiming: OnBootPhase_500_com.android.server.display.color.ColorDisplayService took to complete: 0ms
04-21 12:03:02.583 508 508 I SystemServerTiming: OnBootPhase_500_com.android.server.job.JobSchedulerService
04-21 12:03:02.585 508 508 E HistoricalRegistry: Interaction before persistence initialized
04-21 12:03:02.587 508 508 D SystemServerTiming: OnBootPhase_500_com.android.server.job.JobSchedulerService took to complete: 4ms
04-21 12:03:02.587 508 508 I SystemServerTiming: OnBootPhase_500_com.android.server.soundtrigger.SoundTriggerService
04-21 12:03:02.587 508 508 D SoundTriggerService: onBootPhase: 500 : false
04-21 12:03:02.587 508 508 D SystemServerTiming: OnBootPhase_500_com.android.server.soundtrigger.SoundTriggerService took to complete: 0ms
04-21 12:03:02.587 508 508 I SystemServerTiming: OnBootPhase_500_com.android.server.trust.TrustManagerService
04-21 12:03:02.588 508 508 D SystemServerTiming: OnBootPhase_500_com.android.server.trust.TrustManagerService took to complete: 1ms
04-21 12:03:02.588 508 508 I SystemServerTiming: OnBootPhase_500_com.android.server.backup.BackupManagerService$Lifecycle
04-21 12:03:02.588 508 508 D SystemServerTiming: OnBootPhase_500_com.android.server.backup.BackupManagerService$Lifecycle took to complete: 0ms
04-21 12:03:02.588 508 508 I SystemServerTiming: OnBootPhase_500_com.android.server.appwidget.AppWidgetService
04-21 12:03:02.588 508 508 D SystemServerTiming: OnBootPhase_500_com.android.server.appwidget.AppWidgetService took to complete: 0ms
04-21 12:03:02.588 508 508 I SystemServerTiming: OnBootPhase_500_com.android.server.role.RoleManagerService
04-21 12:03:02.588 508 508 D SystemServerTiming: OnBootPhase_500_com.android.server.role.RoleManagerService took to complete: 0ms
04-21 12:03:02.588 508 508 I SystemServerTiming: OnBootPhase_500_com.android.server.voiceinteraction.VoiceInteractionManagerService
04-21 12:03:02.588 508 508 D SystemServerTiming: OnBootPhase_500_com.android.server.voiceinteraction.VoiceInteractionManagerService took to complete: 0ms
04-21 12:03:02.588 508 508 I SystemServerTiming: OnBootPhase_500_com.android.server.GestureLauncherService
04-21 12:03:02.588 508 508 D SystemServerTiming: OnBootPhase_500_com.android.server.GestureLauncherService took to complete: 0ms
04-21 12:03:02.588 508 508 I SystemServerTiming: OnBootPhase_500_com.android.server.SensorNotificationService
04-21 12:03:02.588 508 508 D SystemServerTiming: OnBootPhase_500_com.android.server.SensorNotificationService took to complete: 0ms
04-21 12:03:02.588 508 508 I SystemServerTiming: OnBootPhase_500_com.android.server.emergency.EmergencyAffordanceService
04-21 12:03:02.588 508 508 D SystemServerTiming: OnBootPhase_500_com.android.server.emergency.EmergencyAffordanceService took to complete: 0ms
04-21 12:03:02.588 508 508 I SystemServerTiming: OnBootPhase_500_com.android.server.dreams.DreamManagerService
04-21 12:03:02.589 508 508 D SystemServerTiming: OnBootPhase_500_com.android.server.dreams.DreamManagerService took to complete: 0ms
04-21 12:03:02.589 508 508 I SystemServerTiming: OnBootPhase_500_com.android.server.print.PrintManagerService
04-21 12:03:02.589 508 508 D SystemServerTiming: OnBootPhase_500_com.android.server.print.PrintManagerService took to complete: 0ms
04-21 12:03:02.589 508 508 I SystemServerTiming: OnBootPhase_500_com.android.server.companion.CompanionDeviceManagerService
04-21 12:03:02.589 508 508 D SystemServerTiming: OnBootPhase_500_com.android.server.companion.CompanionDeviceManagerService took to complete: 0ms
04-21 12:03:02.589 508 508 I SystemServerTiming: OnBootPhase_500_com.android.server.restrictions.RestrictionsManagerService
04-21 12:03:02.589 508 508 D SystemServerTiming: OnBootPhase_500_com.android.server.restrictions.RestrictionsManagerService took to complete: 0ms
04-21 12:03:02.589 508 508 I SystemServerTiming: OnBootPhase_500_com.android.server.media.MediaSessionService
04-21 12:03:02.589 508 508 D SystemServerTiming: OnBootPhase_500_com.android.server.media.MediaSessionService took to complete: 0ms
04-21 12:03:02.589 508 508 I SystemServerTiming: OnBootPhase_500_com.android.server.blob.BlobStoreManagerService
04-21 12:03:02.589 508 508 D SystemServerTiming: OnBootPhase_500_com.android.server.blob.BlobStoreManagerService took to complete: 0ms
04-21 12:03:02.589 508 508 I SystemServerTiming: OnBootPhase_500_com.android.server.media.MediaResourceMonitorService
04-21 12:03:02.589 508 508 D SystemServerTiming: OnBootPhase_500_com.android.server.media.MediaResourceMonitorService took to complete: 0ms
04-21 12:03:02.589 508 508 I SystemServerTiming: OnBootPhase_500_com.android.server.biometrics.BiometricService
04-21 12:03:02.589 508 508 D SystemServerTiming: OnBootPhase_500_com.android.server.biometrics.BiometricService took to complete: 0ms
04-21 12:03:02.589 508 508 I SystemServerTiming: OnBootPhase_500_com.android.server.biometrics.AuthService
