04-21 12:03:05.134 668 982 D CCodecBuffers: int32_t channel-mask = 3
04-21 12:03:05.134 668 982 D CCodecBuffers: }
04-21 12:03:05.146 448 468 I adbd : jdwp connection from 986
04-21 12:03:05.149 429 806 I hw-BpHwBinder: onLastStrongRef automatically unlinking death recipients
04-21 12:03:05.150 429 806 V C2Store : in ~ComponentModule
04-21 12:03:05.150 429 806 V C2Store : unloading dll
04-21 12:03:05.152 668 1005 I hw-BpHwBinder: onLastStrongRef automatically unlinking death recipients
04-21 12:03:05.154 508 693 I am_proc_bound: [0,986,com.android.launcher3]
04-21 12:03:05.157 508 693 I am_uid_active: 10113
04-21 12:03:05.162 834 834 I service_manager_slow: [51,time_detector]
04-21 12:03:05.167 834 834 W CarrierConfigManager: Error getting config for subId -1 ICarrierConfigLoader is null
04-21 12:03:05.169 508 804 D TelephonyRegistry: listen oscl: mHasNotifySubscriptionInfoChangedOccurred==false no callback
04-21 12:03:05.172 834 834 D NRM-C-0 : registerForNetworkRegistrationInfoChanged
04-21 12:03:05.178 834 834 D NewNitzStateMachineImpl: handleNetworkUnavailable(): mLatestNitzSignal was already null. Nothing to do.
04-21 12:03:05.187 834 834 E RILJ : getRadioProxy: mRadioProxy for slot1 is disabled [PHONE0]
04-21 12:03:05.188 834 834 E RILJ : getRadioProxy: mRadioProxy == null [PHONE0]
04-21 12:03:05.188 834 834 D SST : [0] notifyVoiceRegStateRilRadioTechnologyChanged: vrs=1 rat=0
04-21 12:03:05.190 508 962 D TelephonyRegistry: listen oscl: mHasNotifySubscriptionInfoChangedOccurred==false no callback
04-21 12:03:05.191 834 834 W CarrierConfigManager: Error getting config for subId -1 ICarrierConfigLoader is null
04-21 12:03:05.212 986 986 I droid.launcher: The ClassLoaderContext is a special shared library.
04-21 12:03:05.222 834 834 D EmergencyNumberTracker: asset emergency database is loaded. Ver: 1 Phone Id: 0
04-21 12:03:05.223 834 834 E EmergencyNumberTracker: Cache ota emergency database IOException: java.io.FileNotFoundException: /data/misc/emergencynumberdb/emergency_number_db: open failed: ENOENT (No such file or directory)
04-21 12:03:05.224 834 834 D EmergencyNumberTracker: Using Asset Emergency database. Version: 1
04-21 12:03:05.225 508 962 D TelephonyRegistry: listen oscl: mHasNotifySubscriptionInfoChangedOccurred==false no callback
04-21 12:03:05.228 508 962 D CompatibilityChangeReporter: Compat change id reported: 124107808; UID 1001; state: ENABLED
04-21 12:03:05.232 834 834 D SubscriptionController: Valid row not present in db
04-21 12:03:05.233 834 834 D SubscriptionController: getSubscriptionProperty Query value = null
04-21 12:03:05.238 834 834 D SubscriptionController: [getActiveSubscriptionInfo]- subId=-1 subList=[] subInfo=null
04-21 12:03:05.255 986 986 W ContextImpl: Failed to ensure /data/user/0/com.android.launcher3/cache: mkdir failed: errno 126 (Required key not available)
04-21 12:03:05.257 986 986 W ContextImpl: Failed to update user.inode_cache: stat failed: ENOENT (No such file or directory)
04-21 12:03:05.264 508 527 I DropBoxManagerService: add tag=system_app_strictmode isTagEnabled=true flags=0x2
04-21 12:03:05.266 986 986 D NetworkSecurityConfig: No Network Security Config specified, using platform default
04-21 12:03:05.267 986 986 D NetworkSecurityConfig: No Network Security Config specified, using platform default
04-21 12:03:05.270 508 527 I chatty : uid=1000(system) android.io identical 1 line
04-21 12:03:05.275 508 527 I DropBoxManagerService: add tag=system_app_strictmode isTagEnabled=true flags=0x2
04-21 12:03:05.280 508 597 D ConnectivityService: NetReassign [no changes]
04-21 12:03:05.281 834 834 D m.android.phon: DCT.constructor
04-21 12:03:05.284 508 527 I DropBoxManagerService: add tag=system_app_strictmode isTagEnabled=true flags=0x2
04-21 12:03:05.300 834 834 D Dcc-C-0 : E ctor
04-21 12:03:05.300 834 834 D Dcc-C-0 : X ctor
04-21 12:03:05.300 834 834 D DcTesterDeacativateAll: register for intent action=com.android.internal.telephony.dataconnection.action_deactivate_all
04-21 12:03:05.301 834 834 D DcTesterDeacativateAll: register for intent action=com.android.internal.telephony.action_detached
04-21 12:03:05.304 834 834 D CompatibilityChangeReporter: Compat change id reported: 147600208; UID 1001; state: ENABLED
04-21 12:03:05.310 668 682 I ndroid.systemu: Background young concurrent copying GC freed 21946(1771KB) AllocSpace objects, 2(40KB) LOS objects, 88% free, 3215KB/27MB, paused 144us total 242.809ms
04-21 12:03:05.325 668 988 I vol.Events: writeEvent level_changed STREAM_VOICE_CALL 3
04-21 12:03:05.330 834 834 D DcTesterFailBrinupAll: register for intent action=com.android.internal.telephony.dataconnection.action_fail_bringup
04-21 12:03:05.331 834 834 D DcTesterFailBrinupAll: register for intent action=com.android.internal.telephony.action_detached
04-21 12:03:05.331 834 834 D DcTesterFailBrinupAll: register for intent action=com.android.internal.telephony.action_attached
04-21 12:03:05.334 668 988 I vol.Events: writeEvent level_changed STREAM_SYSTEM 5
04-21 12:03:05.336 834 834 W CarrierConfigManager: Error getting config for subId -1 ICarrierConfigLoader is null
04-21 12:03:05.336 834 834 D DCT-C-0 : initApnContexts: E
04-21 12:03:05.338 668 988 I vol.Events: writeEvent level_changed STREAM_RING 5
04-21 12:03:05.339 834 834 W ApnConfigTypeRepository: carrier config is null
04-21 12:03:05.339 834 834 D DCT-C-0 : initApnContexts: apnContext=hipri
04-21 12:03:05.340 834 834 D DCT-C-0 : initApnContexts: apnContext=fota
04-21 12:03:05.340 668 668 D SystemUIBootTiming: StartServicescom.android.systemui.volume.VolumeUI took to complete: 238ms
04-21 12:03:05.340 834 834 D DCT-C-0 : initApnContexts: apnContext=ims
04-21 12:03:05.340 834 834 D DCT-C-0 : initApnContexts: apnContext=cbs
04-21 12:03:05.340 834 834 D DCT-C-0 : initApnContexts: apnContext=ia
04-21 12:03:05.340 834 834 D DCT-C-0 : initApnContexts: apnContext=emergency
04-21 12:03:05.341 834 834 D DCT-C-0 : initApnContexts: apnContext=mcx
04-21 12:03:05.341 834 834 D DCT-C-0 : initApnContexts: apnContext=xcap
04-21 12:03:05.341 834 834 D DCT-C-0 : initApnContexts: apnContext=default
04-21 12:03:05.341 668 668 D SystemUIBootTiming: StartServicescom.android.systemui.stackdivider.Divider took to complete: 2ms
04-21 12:03:05.341 834 834 D DCT-C-0 : initApnContexts: apnContext=mms
04-21 12:03:05.341 834 834 D DCT-C-0 : initApnContexts: apnContext=supl
04-21 12:03:05.342 834 834 D DCT-C-0 : initApnContexts: apnContext=dun
04-21 12:03:05.344 668 988 I vol.Events: writeEvent level_changed STREAM_MUSIC 5
04-21 12:03:05.346 834 834 W SQLiteLog: (28) double-quoted string literal: "emergency"
04-21 12:03:05.347 834 834 W SQLiteLog: (28) double-quoted string literal: "emergency"
04-21 12:03:05.350 668 988 I vol.Events: writeEvent level_changed STREAM_ALARM 6
04-21 12:03:05.353 834 834 D DCT-C-0 : Adding emergency APN : [ApnSettingV7] Emergency, 0, null, sos, null, null, null, null, null, 0, emergency, IPV4V6, IPV4V6, false, 0, false, 0, 0, 0, 0, null, null, false, 135168, -1, -1, -1
04-21 12:03:05.357 834 834 D CarrierResolver: Creating CarrierResolver[0]
04-21 12:03:05.361 834 834 D SST : [0] notifyVoiceRegStateRilRadioTechnologyChanged: vrs=1 rat=0
04-21 12:03:05.364 668 988 I vol.Events: writeEvent level_changed STREAM_BLUETOOTH_SCO 7
04-21 12:03:05.366 834 834 I GsmCdmaPhone: [0] updateTtyMode ttyMode=0
04-21 12:03:05.367 834 834 E RILJ : getRadioProxy: mRadioProxy for slot1 is disabled [PHONE0]
04-21 12:03:05.367 834 834 E RILJ : getRadioProxy: mRadioProxy == null [PHONE0]
04-21 12:03:05.368 668 668 D InterruptionStateProvider: heads up is enabled
04-21 12:03:05.369 834 834 I GsmCdmaPhone: [0] updateUiTtyMode ttyMode=0
04-21 12:03:05.369 834 834 D CallManager: registerPhone(GSM Handler (com.android.internal.telephony.GsmCdmaPhone) {cd56fbe})
04-21 12:03:05.372 508 527 I DropBoxManagerService: add tag=system_app_strictmode isTagEnabled=true flags=0x2
04-21 12:03:05.373 986 986 W ContextImpl: Failed to ensure /data/user/0/com.android.launcher3/files: mkdir failed: errno 126 (Required key not available)
04-21 12:03:05.374 986 986 D TouchInteractionService: Touch service connected
04-21 12:03:05.374 834 834 D GsmCdmaPhone: [0] GsmCdmaPhone: constructor: sub = 0
04-21 12:03:05.380 508 527 I chatty : uid=1000(system) android.io identical 1 line
04-21 12:03:05.380 668 988 I sysui_multi_action: [757,213,758,4,759,-1]
04-21 12:03:05.381 668 988 I vol.Events: writeEvent external_ringer_mode_changed unknown
04-21 12:03:05.381 834 834 I PhoneFactory: defaultSmsApplication: NONE
04-21 12:03:05.382 668 988 I vol.Events: writeEvent zen_mode_config_changed [disallowAlarms=false disallowMedia=false disallowSystem=true disallowRinger=false]
04-21 12:03:05.384 834 834 I PhoneFactory: Creating SubInfoRecordUpdater
04-21 12:03:05.384 834 834 D SubscriptionInfoUpdater: Constructor invoked
04-21 12:03:05.387 508 527 I DropBoxManagerService: add tag=system_app_strictmode isTagEnabled=true flags=0x2
04-21 12:03:05.395 834 834 I PhoneFactory: IMS is not supported on this device, skipping ImsResolver.
04-21 12:03:05.398 508 523 D TelephonyRegistry: listen oscl: mHasNotifySubscriptionInfoChangedOccurred==false no callback
04-21 12:03:05.400 834 834 D PhoneSwitcherNetworkRequstListener: Registering NetworkFactory
04-21 12:03:05.400 508 597 D ConnectivityService: Got NetworkProvider Messenger for PhoneSwitcherNetworkRequstListener
04-21 12:03:05.401 834 834 D PhoneSwitcher: PhoneSwitcher started
04-21 12:03:05.402 834 834 D ProxyController: Constructor - Enter
04-21 12:03:05.404 834 834 D ProxyController: clearTransaction
04-21 12:03:05.404 834 834 D ProxyController: clearTransaction: phoneId=0 status=IDLE
04-21 12:03:05.405 834 834 D ProxyController: Constructor - Exit
04-21 12:03:05.408 668 668 D NavigationModeController: getCurrentInteractionMode: mode=0 contextUser=0
04-21 12:03:05.411 508 523 D TelephonyRegistry: listen oscl: mHasNotifySubscriptionInfoChangedOccurred==false no callback
04-21 12:03:05.411 834 834 D TelephonyNetworkFactory[0]: Registering NetworkFactory
04-21 12:03:05.412 508 597 D ConnectivityService: Got NetworkProvider Messenger for TelephonyNetworkFactory[0]
04-21 12:03:05.423 834 1020 W ActivityThread: Failed to find provider info for com.android.contacts (user not unlocked)
04-21 12:03:05.423 834 1020 W CallerInfoCache: cursor is null
04-21 12:03:05.428 834 834 I ImsRcsController: ImsRcsController
04-21 12:03:05.432 834 834 D CarrierConfigLoader: CarrierConfigLoader has started
04-21 12:03:05.436 508 523 D BluetoothManagerService: Trying to bind to profile: 1, while Bluetooth was disabled
04-21 12:03:05.438 508 804 D TelephonyRegistry: listen oscl: mHasNotifySubscriptionInfoChangedOccurred==false no callback
04-21 12:03:05.439 834 834 D CallManager: registerForMmiComplete
04-21 12:03:05.439 668 668 I TetheringManager: registerTetheringEventCallback:com.android.systemui
04-21 12:03:05.440 834 834 D NewNitzStateMachineImpl: handleAirplaneModeChanged(false): mLatestNitzSignal was already null. Nothing to do.
04-21 12:03:05.457 834 834 I Telephony: TelecomAccountRegistry: setupOnBoot - register subscription listener
04-21 12:03:05.458 508 585 D TelephonyRegistry: listen oscl: mHasNotifySubscriptionInfoChangedOccurred==false no callback
04-21 12:03:05.466 834 834 D UiccController: handleMessage: Received RADIO_UNAVAILABLE for phoneId 0
04-21 12:03:05.466 834 834 D UiccController: EVENT_RADIO_UNAVAILABLE, dispose card
04-21 12:03:05.484 508 597 D ConnectivityService: NetReassign [no changes]
04-21 12:03:05.485 508 804 D ConnectivityService: requestNetwork for uid/pid:10118/668 NetworkRequest [ TRACK_DEFAULT id=14, [ Capabilities: INTERNET&NOT_RESTRICTED&TRUSTED Uid: 10118 AdministratorUids: [] RequestorUid: 10118 RequestorPackageName: com.android.systemui] ]
04-21 12:03:05.485 508 597 D ConnectivityService: NetReassign [no changes]
04-21 12:03:05.485 668 668 V WifiManager: registerTrafficStateCallback: callback=com.android.systemui.statusbar.policy.WifiSignalController$WifiTrafficStateCallback@42de106, executor=android.os.HandlerExecutor@7e8eb56
04-21 12:03:05.486 508 626 D Ethernet: got request NetworkRequest [ TRACK_DEFAULT id=14, [ Capabilities: INTERNET&NOT_RESTRICTED&TRUSTED Uid: 10118 AdministratorUids: [] RequestorUid: 10118 RequestorPackageName: com.android.systemui] ] with score 0 and providerId 0
04-21 12:03:05.490 508 585 D ConnectivityService: requestNetwork for uid/pid:10118/668 NetworkRequest [ TRACK_DEFAULT id=15, [ Capabilities: INTERNET&NOT_RESTRICTED&TRUSTED Uid: 10118 AdministratorUids: [] RequestorUid: 10118 RequestorPackageName: com.android.systemui] ]
04-21 12:03:05.491 508 597 D ConnectivityService: NetReassign [no changes]
04-21 12:03:05.491 508 626 D Ethernet: got request NetworkRequest [ TRACK_DEFAULT id=15, [ Capabilities: INTERNET&NOT_RESTRICTED&TRUSTED Uid: 10118 AdministratorUids: [] RequestorUid: 10118 RequestorPackageName: com.android.systemui] ] with score 0 and providerId 0
04-21 12:03:05.493 508 585 D TelephonyRegistry: listen oscl: mHasNotifySubscriptionInfoChangedOccurred==false no callback
04-21 12:03:05.508 668 668 D NavigationModeController: getCurrentInteractionMode: mode=0 contextUser=0
04-21 12:03:05.521 668 668 I TetheringManager: registerTetheringEventCallback caller:com.android.systemui
04-21 12:03:05.546 668 668 D StatusBar: disable disable2
04-21 12:03:05.547 508 585 I StatusBarManagerService: registerStatusBar bar=com.android.internal.statusbar.IStatusBar$Stub$Proxy@71ec97f
04-21 12:03:05.613 834 834 D Phone : config LCE service failed: com.android.internal.telephony.CommandException: RADIO_NOT_AVAILABLE
04-21 12:03:05.613 834 834 E RILJ : getRadioProxy: mRadioProxy for slot1 is disabled [PHONE0]
04-21 12:03:05.614 834 834 E RILJ : getRadioProxy: mRadioProxy == null [PHONE0]
04-21 12:03:05.614 834 834 D GsmSMSDispatcher: GsmSMSDispatcher: subId = -1 slotId = 0
04-21 12:03:05.614 834 834 D GsmCdmaPhone: [0] Event EVENT_RADIO_OFF_OR_NOT_AVAILABLE Received
04-21 12:03:05.614 834 834 D GsmCdmaPhone: [0] EVENT EVENT_RADIO_STATE_CHANGED
04-21 12:03:05.615 834 834 D GsmCdmaPhone: handleRadioPowerStateChange, state= 2
04-21 12:03:05.615 834 834 D CellBroadcastServiceManager: connected to CellBroadcastService
04-21 12:03:05.616 834 834 D SST : [0] EVENT_ICC_CHANGED: SIM absent
04-21 12:03:05.616 834 834 D SST : [0] cancelAllNotifications: mPrevSubId=-1
04-21 12:03:05.618 834 834 D SST : [0] updateSpnDisplayLegacy+
04-21 12:03:05.625 834 834 D SST : [0] updateSpnDisplay: radio is on but out of service, set plmn='No service'
04-21 12:03:05.626 834 834 D SST : [0] updateSpnDisplay: rawSpn =
04-21 12:03:05.629 834 834 D SST : [0] updateSpnDisplay: updateSpnDisplay: changed sending intent, rule=2, showPlmn='true', plmn='No service', showSpn='false', spn='', dataSpn='', subId='-1'
04-21 12:03:05.629 834 834 D SubscriptionManager: putPhoneIdAndSubIdExtra: no valid subs
04-21 12:03:05.631 834 834 D SubscriptionController: [setPlmnSpn] No valid subscription to store info
04-21 12:03:05.631 834 834 D SubscriptionController: notifySubscriptionInfoChanged:
04-21 12:03:05.632 508 523 D TelephonyRegistry: notifySubscriptionInfoChanged: first invocation mRecords.size=22
04-21 12:03:05.632 508 523 D TelephonyRegistryManager: onSubscriptionsChangedListener callback received.
04-21 12:03:05.632 508 523 I chatty : uid=1000(system) Binder:508_2 identical 1 line
04-21 12:03:05.632 508 523 D TelephonyRegistryManager: onSubscriptionsChangedListener callback received.
04-21 12:03:05.632 668 687 D TelephonyRegistryManager: onSubscriptionsChangedListener callback received.
04-21 12:03:05.635 668 687 D TelephonyRegistryManager: onSubscriptionsChangedListener callback received.
04-21 12:03:05.635 834 860 D TelephonyRegistryManager: onSubscriptionsChangedListener callback received.
04-21 12:03:05.636 834 860 I chatty : uid=1001(radio) Binder:834_1 identical 2 lines
04-21 12:03:05.636 834 860 D TelephonyRegistryManager: onSubscriptionsChangedListener callback received.
04-21 12:03:05.636 834 1008 D TelephonyRegistryManager: onSubscriptionsChangedListener callback received.
04-21 12:03:05.636 834 860 D TelephonyRegistryManager: onSubscriptionsChangedListener callback received.
04-21 12:03:05.636 834 860 D TelephonyRegistryManager: onSubscriptionsChangedListener callback received.
04-21 12:03:05.637 508 590 W BestClock: java.time.DateTimeException: Missing NTP fix
04-21 12:03:05.638 508 590 W BestClock: java.time.DateTimeException: Missing NTP fix
04-21 12:03:05.638 834 834 D MultiSimSettingController: notifySubscriptionInfoChanged
04-21 12:03:05.638 834 834 D SST : [0] updateSpnDisplayLegacy-
04-21 12:03:05.642 834 834 D NRM-C-0 : Trying to bind com.android.phone for transport WWAN
04-21 12:03:05.645 834 834 D SST : [0] mDeviceShuttingDown=false, mDesiredPowerState=true, getRadioState=2, mPowerOffDelayNeed=true, mAlarmSwitch=false, mRadioDisabledByCarrier=false
04-21 12:03:05.645 834 834 D SST : [0] pollState: modemTriggered=true
04-21 12:03:05.645 834 834 D NewNitzStateMachineImpl: handleNetworkUnavailable(): mLatestNitzSignal was already null. Nothing to do.
04-21 12:03:05.645 834 834 D SST : [0] useDataRegStateForDataOnlyDevice: VoiceRegState=1 DataRegState=1
04-21 12:03:05.646 834 834 D SST : [0] Poll ServiceState done: oldSS=[{mVoiceRegState=1(OUT_OF_SERVICE), mDataRegState=1(OUT_OF_SERVICE), mChannelNumber=-1, duplexMode()=0, mCellBandwidths=[], mOperatorAlphaLong=null, mOperatorAlphaShort=null, isManualNetworkSelection=false(automatic), getRilVoiceRadioTechnology=0(Unknown), getRilDataRadioTechnology=0(Unknown), mCssIndicator=unsupported, mNetworkId=-1, mSystemId=-1, mCdmaRoamingIndicator=-1, mCdmaDefaultRoamingIndicator=-1, mIsEmergencyOnly=false, isUsingCarrierAggregation=false, mLteEarfcnRsrpBoost=0, mNetworkRegistrationInfos=[NetworkRegistrationInfo{ domain=CS transportType=WWAN registrationState=UNKNOWN roamingType=NOT_ROAMING accessNetworkTechnology=UNKNOWN rejectCause=0 emergencyEnabled=false availableServices=[] cellIdentity=null voiceSpecificInfo=null dataSpecificInfo=null nrState=NONE rRplmn=}, NetworkRegistrationInfo{ domain=PS transportType=WWAN registrationState=UNKNOWN roamingType=NOT_ROAMING accessNetworkTechnology=UNKNOWN rejectCause=0 emergencyEnabled=false availableServices=[] cellIdentity=null voiceSpecificInfo=null dataSpecificInfo=null nrState=NONE rRplmn=}], mNrFrequencyRange=0, mOperatorAlphaLongRaw=null, mOperatorAlphaShortRaw=null, mIsDataRoamingFromRegistration=false, mIsIwlanPreferred=false}] newSS=[{mVoiceRegState=1(OUT_OF_SERVICE), mDataRegState=1(OUT_OF_SERVICE), mChannelNumber=-1, duplexMode()=0, mCellBandwidths=[], mOperatorAlphaLong=null, mOperatorAlphaShort=null, isManualNetworkSelection=false(automatic), getRilVoiceRadioTechnology=0(Unknown), getRilDataRadioTechnology=0(Unknown), mCssIndicator=unsupported, mNetworkId=-1, mSystemId=-1, mCdmaRoamingIndicator=-1, mCdmaDefaultRoamingIndicator=-1, mIsEmergencyOnly=false, isUsingCarrierAggregation=false, mLteEarfcnRsrpBoost=0, mNetworkRegistrationInfos=[NetworkRegistrationInfo{ domain=CS transportType=WWAN registrationState=UNKNOWN roamingType=NOT_ROAMING accessNetworkTechnology=UNKNOWN rejectCause=0 emergencyEnabled=false availableServices=[] cellIdentity=null voiceSpecificInfo=null dataSpecificInfo=null nrState=NONE rRplmn=}, NetworkRegistrationInfo{ domain=PS transportType=WWAN registrationState=UNKNOWN roamingType=NOT_ROAMING accessNetworkTechnology=UNKNOWN rejectCause=0 emergencyEnabled=false availableServices=[] cellIdentity=null voiceSpecificInfo=null dataSpecificInfo=null nrState=NONE rRplmn=}], mNrFrequencyRange=0, mOperatorAlphaLongRaw=null, mOperatorAlphaShortRaw=null, mIsDataRoamingFromRegistration=false, mIsIwlanPreferred=false}] oldMaxDataCalls=1 mNewMaxDataCalls=1 oldReasonDataDenied=-1 mNewReasonDataDenied=-1
04-21 12:03:05.648 834 834 D SST : [0] pollStateDone: hasRegistered = false hasDeregistered = false hasDataAttached = {1=false} hasDataDetached = {1=false} hasDataRegStateChanged = {1=false} hasRilVoiceRadioTechnologyChanged = false hasRilDataRadioTechnologyChanged = {1=false} hasDataTransportPreferenceChanged = false hasChanged = false hasVoiceRoamingOn = false hasVoiceRoamingOff = false hasDataRoamingOn =false hasDataRoamingOff = false hasLocationChanged = false has4gHandoff = false hasMultiApnSupport = false hasLostMultiApnSupport = false hasCssIndicatorChanged = false hasNrFrequencyRangeChanged = false hasNrStateChanged = false hasAirplaneModeOnlChanged = false
04-21 12:03:05.648 834 834 D SST : [0] mDeviceShuttingDown=false, mDesiredPowerState=true, getRadioState=2, mPowerOffDelayNeed=true, mAlarmSwitch=false, mRadioDisabledByCarrier=false
04-21 12:03:05.649 834 834 D SST : [0] pollState: modemTriggered=true
04-21 12:03:05.649 834 834 D NewNitzStateMachineImpl: handleNetworkUnavailable(): mLatestNitzSignal was already null. Nothing to do.
04-21 12:03:05.649 834 834 D SST : [0] useDataRegStateForDataOnlyDevice: VoiceRegState=1 DataRegState=1
04-21 12:03:05.650 834 834 D SST : [0] Poll ServiceState done: oldSS=[{mVoiceRegState=1(OUT_OF_SERVICE), mDataRegState=1(OUT_OF_SERVICE), mChannelNumber=-1, duplexMode()=0, mCellBandwidths=[], mOperatorAlphaLong=null, mOperatorAlphaShort=null, isManualNetworkSelection=false(automatic), getRilVoiceRadioTechnology=0(Unknown), getRilDataRadioTechnology=0(Unknown), mCssIndicator=unsupported, mNetworkId=-1, mSystemId=-1, mCdmaRoamingIndicator=-1, mCdmaDefaultRoamingIndicator=-1, mIsEmergencyOnly=false, isUsingCarrierAggregation=false, mLteEarfcnRsrpBoost=0, mNetworkRegistrationInfos=[NetworkRegistrationInfo{ domain=CS transportType=WWAN registrationState=UNKNOWN roamingType=NOT_ROAMING accessNetworkTechnology=UNKNOWN rejectCause=0 emergencyEnabled=false availableServices=[] cellIdentity=null voiceSpecificInfo=null dataSpecificInfo=null nrState=NONE rRplmn=}, NetworkRegistrationInfo{ domain=PS transportType=WWAN registrationState=UNKNOWN roamingType=NOT_ROAMING accessNetworkTechnology=UNKNOWN rejectCause=0 emergencyEnabled=false availableServices=[] cellIdentity=null voiceSpecificInfo=null dataSpecificInfo=null nrState=NONE rRplmn=}], mNrFrequencyRange=0, mOperatorAlphaLongRaw=null, mOperatorAlphaShortRaw=null, mIsDataRoamingFromRegistration=false, mIsIwlanPreferred=false}] newSS=[{mVoiceRegState=1(OUT_OF_SERVICE), mDataRegState=1(OUT_OF_SERVICE), mChannelNumber=-1, duplexMode()=0, mCellBandwidths=[], mOperatorAlphaLong=null, mOperatorAlphaShort=null, isManualNetworkSelection=false(automatic), getRilVoiceRadioTechnology=0(Unknown), getRilDataRadioTechnology=0(Unknown), mCssIndicator=unsupported, mNetworkId=-1, mSystemId=-1, mCdmaRoamingIndicator=-1, mCdmaDefaultRoamingIndicator=-1, mIsEmergencyOnly=false, isUsingCarrierAggregation=false, mLteEarfcnRsrpBoost=0, mNetworkRegistrationInfos=[NetworkRegistrationInfo{ domain=CS transportType=WWAN registrationState=UNKNOWN roamingType=NOT_ROAMING accessNetworkTechnology=UNKNOWN rejectCause=0 emergencyEnabled=false availableServices=[] cellIdentity=null voiceSpecificInfo=null dataSpecificInfo=null nrState=NONE rRplmn=}, NetworkRegistrationInfo{ domain=PS transportType=WWAN registrationState=UNKNOWN roamingType=NOT_ROAMING accessNetworkTechnology=UNKNOWN rejectCause=0 emergencyEnabled=false availableServices=[] cellIdentity=null voiceSpecificInfo=null dataSpecificInfo=null nrState=NONE rRplmn=}], mNrFrequencyRange=0, mOperatorAlphaLongRaw=null, mOperatorAlphaShortRaw=null, mIsDataRoamingFromRegistration=false, mIsIwlanPreferred=false}] oldMaxDataCalls=1 mNewMaxDataCalls=1 oldReasonDataDenied=-1 mNewReasonDataDenied=-1
04-21 12:03:05.650 834 834 D SST : [0] pollStateDone: hasRegistered = false hasDeregistered = false hasDataAttached = {1=false} hasDataDetached = {1=false} hasDataRegStateChanged = {1=false} hasRilVoiceRadioTechnologyChanged = false hasRilDataRadioTechnologyChanged = {1=false} hasDataTransportPreferenceChanged = false hasChanged = false hasVoiceRoamingOn = false hasVoiceRoamingOff = false hasDataRoamingOn =false hasDataRoamingOff = false hasLocationChanged = false has4gHandoff = false hasMultiApnSupport = false hasLostMultiApnSupport = false hasCssIndicatorChanged = false hasNrFrequencyRangeChanged = false hasNrStateChanged = false hasAirplaneModeOnlChanged = false
04-21 12:03:05.653 834 834 D SubscriptionController: [getSlotIndex]- subId invalid
04-21 12:03:05.660 834 834 D SubscriptionController: Valid row not present in db
04-21 12:03:05.661 834 834 D SubscriptionController: getSubscriptionProperty Query value = null
04-21 12:03:05.662 834 834 I CSST : isNrSupported: carrierConfigEnabled: true, AccessFamilySupported: false, isNrNetworkTypeAllowed: true
04-21 12:03:05.662 834 834 I CSST : PrefNetworkNotification: sendMessage() w/values: ,false,-1,false,false
04-21 12:03:05.663 834 834 I CSST : canceling notifications: 1000
04-21 12:03:05.663 834 834 D Phone : isWifiCallingEnabled =false
04-21 12:03:05.663 834 834 D CSST : isPhoneRegisteredForWifiCalling: false
04-21 12:03:05.664 834 834 D Phone : isWifiCallingEnabled =false
04-21 12:03:05.664 834 834 I CSST : EmergencyNetworkNotification: sendMessage() w/values: ,-1,false,false
04-21 12:03:05.665 834 834 I CSST : canceling notifications: 1001
04-21 12:03:05.673 834 834 D SubscriptionController: Valid row not present in db
04-21 12:03:05.674 834 834 D SubscriptionController: getSubscriptionProperty Query value = null
04-21 12:03:05.674 834 834 I CSST : isNrSupported: carrierConfigEnabled: true, AccessFamilySupported: false, isNrNetworkTypeAllowed: true
04-21 12:03:05.674 834 834 I CSST : PrefNetworkNotification: sendMessage() w/values: ,false,-1,false,false
04-21 12:03:05.675 834 834 I CSST : canceling notifications: 1000
04-21 12:03:05.675 834 834 D Phone : isWifiCallingEnabled =false
04-21 12:03:05.675 834 834 D CSST : isPhoneRegisteredForWifiCalling: false
04-21 12:03:05.676 834 834 D Phone : isWifiCallingEnabled =false
04-21 12:03:05.676 834 834 I CSST : EmergencyNetworkNotification: sendMessage() w/values: ,-1,false,false
04-21 12:03:05.677 834 834 I CSST : canceling notifications: 1001
04-21 12:03:05.677 834 834 D EmergencyNumberTracker: updateRadioEmergencyNumberListAndNotify(): receiving []
04-21 12:03:05.677 834 834 D NetworkTypeController: [0] DefaultState: process EVENT_INITIALIZE
04-21 12:03:05.681 834 834 D NetworkTypeController: [0] mOverrideTimerRules: {connected={mState=connected, mOverrideType=NR_NSA, mPrimaryTimers={}, mSecondaryTimers={}}, not_restricted_rrc_con={mState=not_restricted_rrc_con, mOverrideType=NR_NSA, mPrimaryTimers={}, mSecondaryTimers={}}, legacy={mState=legacy, mOverrideType=NONE, mPrimaryTimers={}, mSecondaryTimers={}}, not_restricted_rrc_idle={mState=not_restricted_rrc_idle, mOverrideType=NR_NSA, mPrimaryTimers={}, mSecondaryTimers={}}, restricted={mState=restricted, mOverrideType=NONE, mPrimaryTimers={}, mSecondaryTimers={}}, connected_mmwave={mState=connected_mmwave, mOverrideType=NR_NSA, mPrimaryTimers={}, mSecondaryTimers={}}}
04-21 12:03:05.681 834 834 D NetworkTypeController: [0] DefaultState: process EVENT_UPDATE
04-21 12:03:05.681 834 834 D NetworkTypeController: [0] Remove all timers
04-21 12:03:05.682 834 834 D NetworkTypeController: [0] Entering LegacyState
04-21 12:03:05.682 834 834 D NetworkTypeController: [0] Remove all timers
04-21 12:03:05.682 834 834 D DisplayInfoController: TelephonyDisplayInfo[0] changed from null to TelephonyDisplayInfo {network=UNKNOWN, override=NONE}
04-21 12:03:05.687 508 523 I DefaultPermGrantPolicy: Revoking permissions from disabled data services for user:0
04-21 12:03:05.690 508 523 I DefaultPermGrantPolicy: Granting permissions to enabled data services for user:0
04-21 12:03:05.695 834 834 D DCT-C-0 : onDataEnabledChanged: enable=true, enabledChangedReason=0
04-21 12:03:05.696 834 834 D DCT-C-0 : setupDataOnAllConnectableApns: dataEnabled hipri:[state=IDLE,enabled=false] mcx:[state=IDLE,enabled=false] xcap:[state=IDLE,enabled=false] fota:[state=IDLE,enabled=false] ims:[state=IDLE,enabled=false] cbs:[state=IDLE,enabled=false] ia:[state=IDLE,enabled=false] emergency:[state=IDLE,enabled=false] mms:[state=IDLE,enabled=false] supl:[state=IDLE,enabled=false] dun:[state=IDLE,enabled=false] default:[state=IDLE,enabled=false]
04-21 12:03:05.696 834 834 D DCT-C-0 : onDataEnabledOverrideRulesChanged
04-21 12:03:05.698 834 834 D DCT-C-0 : shouldRestrictDataForEcbm: isInEcm=false isInImsEcm=false
04-21 12:03:05.702 834 834 D SubscriptionController: [getActiveSubscriptionInfo]- subId=-1 subList=[] subInfo=null
04-21 12:03:05.705 834 834 D DCT-C-0 : shouldRestrictDataForEcbm: isInEcm=false isInImsEcm=false
04-21 12:03:05.709 834 834 D SubscriptionController: [getActiveSubscriptionInfo]- subId=-1 subList=[] subInfo=null
04-21 12:03:05.711 834 834 D DCT-C-0 : shouldRestrictDataForEcbm: isInEcm=false isInImsEcm=false
04-21 12:03:05.713 834 834 D SubscriptionController: [getActiveSubscriptionInfo]- subId=-1 subList=[] subInfo=null
04-21 12:03:05.715 834 834 D DCT-C-0 : shouldRestrictDataForEcbm: isInEcm=false isInImsEcm=false
04-21 12:03:05.718 834 834 D SubscriptionController: [getActiveSubscriptionInfo]- subId=-1 subList=[] subInfo=null
04-21 12:03:05.723 834 834 D DCT-C-0 : shouldRestrictDataForEcbm: isInEcm=false isInImsEcm=false
04-21 12:03:05.725 834 834 D SubscriptionController: [getActiveSubscriptionInfo]- subId=-1 subList=[] subInfo=null
04-21 12:03:05.727 834 834 D DCT-C-0 : shouldRestrictDataForEcbm: isInEcm=false isInImsEcm=false
04-21 12:03:05.729 834 834 D SubscriptionController: [getActiveSubscriptionInfo]- subId=-1 subList=[] subInfo=null
04-21 12:03:05.731 834 834 D DCT-C-0 : shouldRestrictDataForEcbm: isInEcm=false isInImsEcm=false
04-21 12:03:05.733 834 834 D SubscriptionController: [getActiveSubscriptionInfo]- subId=-1 subList=[] subInfo=null
04-21 12:03:05.735 834 834 D DCT-C-0 : shouldRestrictDataForEcbm: isInEcm=false isInImsEcm=false
04-21 12:03:05.739 834 834 D SubscriptionController: [getActiveSubscriptionInfo]- subId=-1 subList=[] subInfo=null
04-21 12:03:05.741 834 834 D DCT-C-0 : shouldRestrictDataForEcbm: isInEcm=false isInImsEcm=false
04-21 12:03:05.744 834 834 D SubscriptionController: [getActiveSubscriptionInfo]- subId=-1 subList=[] subInfo=null
04-21 12:03:05.745 834 834 D DCT-C-0 : shouldRestrictDataForEcbm: isInEcm=false isInImsEcm=false
04-21 12:03:05.748 834 834 D SubscriptionController: [getActiveSubscriptionInfo]- subId=-1 subList=[] subInfo=null
04-21 12:03:05.749 834 834 D DCT-C-0 : shouldRestrictDataForEcbm: isInEcm=false isInImsEcm=false
04-21 12:03:05.751 834 834 D SubscriptionController: [getActiveSubscriptionInfo]- subId=-1 subList=[] subInfo=null
04-21 12:03:05.753 834 834 D DCT-C-0 : shouldRestrictDataForEcbm: isInEcm=false isInImsEcm=false
04-21 12:03:05.754 834 834 D SubscriptionController: [getActiveSubscriptionInfo]- subId=-1 subList=[] subInfo=null
04-21 12:03:05.755 834 834 D DCT-C-0 : onRadioOffOrNotAvailable: is off and clean up all connections
04-21 12:03:05.755 834 834 D DCT-C-0 : cleanUpAllConnectionsInternal: detach=false reason=radioTurnedOff
04-21 12:03:05.757 834 834 D DCT-C-0 : cleanUpConnectionInternal: X detach=false reason=radioTurnedOff apnContext={mApnType=xcap mState=IDLE mWaitingApns={null priority=3} mApnSetting={null} mReason=radioTurnedOff mDataEnabled=false} dc=null
04-21 12:03:05.759 834 834 D DCT-C-0 : cleanUpConnectionInternal: X detach=false reason=radioTurnedOff apnContext={mApnType=mcx mState=IDLE mWaitingApns={null priority=3} mApnSetting={null} mReason=radioTurnedOff mDataEnabled=false} dc=null
04-21 12:03:05.760 834 834 D DCT-C-0 : cleanUpConnectionInternal: X detach=false reason=radioTurnedOff apnContext={mApnType=fota mState=IDLE mWaitingApns={null priority=2} mApnSetting={null} mReason=radioTurnedOff mDataEnabled=false} dc=null
04-21 12:03:05.762 834 834 D DCT-C-0 : cleanUpConnectionInternal: X detach=false reason=radioTurnedOff apnContext={mApnType=supl mState=IDLE mWaitingApns={null priority=2} mApnSetting={null} mReason=radioTurnedOff mDataEnabled=false} dc=null
04-21 12:03:05.762 834 834 D DCT-C-0 : return new LinkProperties
04-21 12:03:05.764 834 834 D DCT-C-0 : cleanUpConnectionInternal: X detach=false reason=radioTurnedOff apnContext={mApnType=emergency mState=IDLE mWaitingApns={null priority=2} mApnSetting={null} mReason=radioTurnedOff mDataEnabled=false} dc=null
04-21 12:03:05.765 508 523 D TelephonyRegistry: onDataConnectionStateChanged(DISCONNECTED, UNKNOWN) subId=-1, phoneId=0
04-21 12:03:05.766 834 834 D DCT-C-0 : cleanUpConnectionInternal: X detach=false reason=radioTurnedOff apnContext={mApnType=hipri mState=IDLE mWaitingApns={null priority=3} mApnSetting={null} mReason=radioTurnedOff mDataEnabled=false} dc=null
04-21 12:03:05.767 834 834 D DCT-C-0 : cleanUpConnectionInternal: X detach=false reason=radioTurnedOff apnContext={mApnType=ims mState=IDLE mWaitingApns={null priority=2} mApnSetting={null} mReason=radioTurnedOff mDataEnabled=false} dc=null
04-21 12:03:05.769 834 834 D DCT-C-0 : cleanUpConnectionInternal: X detach=false reason=radioTurnedOff apnContext={mApnType=default mState=IDLE mWaitingApns={null priority=0} mApnSetting={null} mReason=radioTurnedOff mDataEnabled=false} dc=null
04-21 12:03:05.770 668 668 I CameraManagerGlobal: Connecting to camera service
04-21 12:03:05.770 834 834 D DCT-C-0 : cleanUpConnectionInternal: X detach=false reason=radioTurnedOff apnContext={mApnType=mms mState=IDLE mWaitingApns={null priority=2} mApnSetting={null} mReason=radioTurnedOff mDataEnabled=false} dc=null
04-21 12:03:05.772 834 834 D DCT-C-0 : cleanUpConnectionInternal: X detach=false reason=radioTurnedOff apnContext={mApnType=cbs mState=IDLE mWaitingApns={null priority=2} mApnSetting={null} mReason=radioTurnedOff mDataEnabled=false} dc=null
04-21 12:03:05.773 834 834 D DCT-C-0 : cleanUpConnectionInternal: X detach=false reason=radioTurnedOff apnContext={mApnType=ia mState=IDLE mWaitingApns={null priority=2} mApnSetting={null} mReason=radioTurnedOff mDataEnabled=false} dc=null
04-21 12:03:05.775 834 834 D DCT-C-0 : cleanUpConnectionInternal: X detach=false reason=radioTurnedOff apnContext={mApnType=dun mState=IDLE mWaitingApns={null priority=2} mApnSetting={null} mReason=radioTurnedOff mDataEnabled=false} dc=null
04-21 12:03:05.775 834 834 D DCT-C-0 : stopNetStatPoll
04-21 12:03:05.777 834 834 D DCT-C-0 : cleanUpAllConnectionsInternal: mDisconnectPendingCount = 0
04-21 12:03:05.777 834 834 D DCT-C-0 : onDataConnectionDetached: stop polling and notify detached
04-21 12:03:05.777 834 834 D DCT-C-0 : stopNetStatPoll
04-21 12:03:05.779 834 834 D DCT-C-0 : onDataRoamingOff
04-21 12:03:05.781 834 834 D DCT-C-0 : setDataProfilesAsNeeded
04-21 12:03:05.782 834 834 D TelephonyProvider: subIdString = -1 subId = -1
04-21 12:03:05.783 834 834 E DCT-C-0 : getPreferredApnSetId: cursor is null
04-21 12:03:05.785 834 834 D TelephonyProvider: subIdString = -1 subId = -1
04-21 12:03:05.787 834 834 D TelephonyProvider: getPreferredApnIdFromApn: for subId -1
04-21 12:03:05.792 834 834 D DCT-C-0 : getPreferredApn: X not found
04-21 12:03:05.793 834 834 D DSM-C-0 : setDataProfile
04-21 12:03:05.793 834 834 E DSM-C-0 : Data service not bound.
04-21 12:03:05.793 834 834 D DCT-C-0 : setInitialApn: E mPreferredApn=null
04-21 12:03:05.794 834 834 D TelephonyProvider: subIdString = -1 subId = -1
04-21 12:03:05.794 834 834 E DCT-C-0 : getPreferredApnSetId: cursor is null
04-21 12:03:05.794 834 834 D DCT-C-0 : setInitialAttachApn: X There in no available apn
04-21 12:03:05.794 834 834 D DCT-C-0 : setupDataOnAllConnectableApns: roamingOff hipri:[state=IDLE,enabled=false] mcx:[state=IDLE,enabled=false] xcap:[state=IDLE,enabled=false] fota:[state=IDLE,enabled=false] ims:[state=IDLE,enabled=false] cbs:[state=IDLE,enabled=false] ia:[state=IDLE,enabled=false] emergency:[state=IDLE,enabled=false] mms:[state=IDLE,enabled=false] supl:[state=IDLE,enabled=false] dun:[state=IDLE,enabled=false] default:[state=IDLE,enabled=false]
04-21 12:03:05.795 834 834 D CarrierResolver: handleMessage: 2
04-21 12:03:05.795 834 834 D GsmCdmaPhone: [0] onVoiceRegStateOrRatChanged
04-21 12:03:05.795 834 834 D GsmCdmaPhone: [0] getCsCallRadioTech, current vrs=1, vrat=0
04-21 12:03:05.795 834 834 D GsmCdmaPhone: [0] getCsCallRadioTech, result calcVrat=0
04-21 12:03:05.795 834 834 D DCT-C-0 : onDataEnabledChanged: enable=true, enabledChangedReason=0
04-21 12:03:05.796 834 834 D DCT-C-0 : setupDataOnAllConnectableApns: dataEnabled hipri:[state=IDLE,enabled=false] mcx:[state=IDLE,enabled=false] xcap:[state=IDLE,enabled=false] fota:[state=IDLE,enabled=false] ims:[state=IDLE,enabled=false] cbs:[state=IDLE,enabled=false] ia:[state=IDLE,enabled=false] emergency:[state=IDLE,enabled=false] mms:[state=IDLE,enabled=false] supl:[state=IDLE,enabled=false] dun:[state=IDLE,enabled=false] default:[state=IDLE,enabled=false]
04-21 12:03:05.796 834 834 D PhoneSwitcher: No active subscriptions: resetting preferred phone to 0 for emergency
04-21 12:03:05.796 834 834 D PhoneSwitcher: evaluating due to EVENT_PRECISE_CALL_STATE_CHANGED phone[0] 0->-1
04-21 12:03:05.797 834 834 D PhoneSwitcher: activate 0
04-21 12:03:05.797 834 834 D PhoneSwitcher: notifyPreferredDataSubIdChanged to -1
04-21 12:03:05.799 834 834 D PhoneSwitcher: logDataSwitchEvent subId -1 state 1 reason 2
04-21 12:03:05.800 508 585 D ConnectivityService: requestNetwork for uid/pid:1001/834 NetworkRequest [ TRACK_DEFAULT id=16, [ Capabilities: INTERNET&NOT_RESTRICTED&TRUSTED Uid: 1001 AdministratorUids: [] RequestorUid: 1001 RequestorPackageName: com.android.phone] ]
04-21 12:03:05.801 508 597 D ConnectivityService: NetReassign [no changes]
04-21 12:03:05.801 834 834 D PhoneSwitcherNetworkRequstListener: got request NetworkRequest [ TRACK_DEFAULT id=8, [ Capabilities: INTERNET&NOT_RESTRICTED&TRUSTED Uid: 1000 AdministratorUids: [] RequestorUid: 1000 RequestorPackageName: android] ] with score 0 and providerId -1
04-21 12:03:05.801 508 626 D Ethernet: got request NetworkRequest [ TRACK_DEFAULT id=16, [ Capabilities: INTERNET&NOT_RESTRICTED&TRUSTED Uid: 1001 AdministratorUids: [] RequestorUid: 1001 RequestorPackageName: com.android.phone] ] with score 0 and providerId 0
04-21 12:03:05.801 834 834 D PhoneSwitcherNetworkRequstListener: got request NetworkRequest [ REQUEST id=11, [ Capabilities: INTERNET&NOT_RESTRICTED&TRUSTED&NOT_VPN AdministratorUids: [] RequestorUid: 1073 RequestorPackageName: com.android.networkstack] ] with score 0 and providerId -1
04-21 12:03:05.802 834 834 D PhoneSwitcherNetworkRequstListener: got request NetworkRequest [ BACKGROUND_REQUEST id=2, [ Transports: CELLULAR Capabilities: INTERNET&NOT_RESTRICTED&TRUSTED&NOT_VPN AdministratorUids: [] RequestorUid: 1000 RequestorPackageName: android] ] with score 0 and providerId -1
04-21 12:03:05.802 834 834 D PhoneSwitcherNetworkRequstListener: got request NetworkRequest [ TRACK_DEFAULT id=9, [ Capabilities: INTERNET&NOT_RESTRICTED&TRUSTED Uid: 1073 AdministratorUids: [] RequestorUid: 1073 RequestorPackageName: com.android.networkstack] ] with score 0 and providerId -1
04-21 12:03:05.802 834 834 D PhoneSwitcherNetworkRequstListener: got request NetworkRequest [ REQUEST id=1, [ Capabilities: INTERNET&NOT_RESTRICTED&TRUSTED&NOT_VPN AdministratorUids: [] RequestorUid: 1000 RequestorPackageName: android] ] with score 0 and providerId -1
04-21 12:03:05.802 834 834 D TelephonyNetworkFactory[0]: got request NetworkRequest [ TRACK_DEFAULT id=8, [ Capabilities: INTERNET&NOT_RESTRICTED&TRUSTED Uid: 1000 AdministratorUids: [] RequestorUid: 1000 RequestorPackageName: android] ] with score 0 and providerId -1
04-21 12:03:05.803 834 834 D TelephonyNetworkFactory[0]: got request NetworkRequest [ REQUEST id=11, [ Capabilities: INTERNET&NOT_RESTRICTED&TRUSTED&NOT_VPN AdministratorUids: [] RequestorUid: 1073 RequestorPackageName: com.android.networkstack] ] with score 0 and providerId -1
04-21 12:03:05.803 834 834 D TelephonyNetworkFactory[0]: got request NetworkRequest [ BACKGROUND_REQUEST id=2, [ Transports: CELLULAR Capabilities: INTERNET&NOT_RESTRICTED&TRUSTED&NOT_VPN AdministratorUids: [] RequestorUid: 1000 RequestorPackageName: android] ] with score 0 and providerId -1
04-21 12:03:05.803 834 834 D TelephonyNetworkFactory[0]: got request NetworkRequest [ TRACK_DEFAULT id=9, [ Capabilities: INTERNET&NOT_RESTRICTED&TRUSTED Uid: 1073 AdministratorUids: [] RequestorUid: 1073 RequestorPackageName: com.android.networkstack] ] with score 0 and providerId -1
04-21 12:03:05.803 834 834 D TelephonyNetworkFactory[0]: got request NetworkRequest [ REQUEST id=1, [ Capabilities: INTERNET&NOT_RESTRICTED&TRUSTED&NOT_VPN AdministratorUids: [] RequestorUid: 1000 RequestorPackageName: android] ] with score 0 and providerId -1
04-21 12:03:05.804 834 834 D DebugService: DebugService DebugService:
04-21 12:03:05.804 834 834 D TelephonyDebugService: TelephonyDebugService()
04-21 12:03:05.806 834 834 D CarrierConfigLoader: mHandler: 12 phoneId: 0
04-21 12:03:05.807 834 834 D GsmSMSDispatcher: GsmSMSDispatcher: subId = -1 slotId = 0
04-21 12:03:05.807 834 834 D SST : [0] EVENT_ICC_CHANGED: SIM absent
04-21 12:03:05.807 834 834 D SST : [0] cancelAllNotifications: mPrevSubId=-1
04-21 12:03:05.809 834 834 D SST : [0] updateSpnDisplayLegacy+
04-21 12:03:05.812 834 834 D SST : [0] updateSpnDisplay: radio is on but out of service, set plmn='No service'
04-21 12:03:05.813 668 668 W System : ClassLoader referenced unknown path:
04-21 12:03:05.813 834 834 D SST : [0] updateSpnDisplay: rawSpn =
04-21 12:03:05.814 834 834 D SST : [0] updateSpnDisplayLegacy-
04-21 12:03:05.814 834 834 D CarrierResolver: handleMessage: 2
04-21 12:03:05.814 834 834 D TelephonyNetworkFactory[0]: got request NetworkRequest [ TRACK_DEFAULT id=14, [ Capabilities: INTERNET&NOT_RESTRICTED&TRUSTED Uid: 10118 AdministratorUids: [] RequestorUid: 10118 RequestorPackageName: com.android.systemui] ] with score 0 and providerId 0
04-21 12:03:05.814 834 834 D PhoneSwitcherNetworkRequstListener: got request NetworkRequest [ TRACK_DEFAULT id=14, [ Capabilities: INTERNET&NOT_RESTRICTED&TRUSTED Uid: 10118 AdministratorUids: [] RequestorUid: 10118 RequestorPackageName: com.android.systemui] ] with score 0 and providerId 0
04-21 12:03:05.814 834 834 D TelephonyNetworkFactory[0]: got request NetworkRequest [ TRACK_DEFAULT id=15, [ Capabilities: INTERNET&NOT_RESTRICTED&TRUSTED Uid: 10118 AdministratorUids: [] RequestorUid: 10118 RequestorPackageName: com.android.systemui] ] with score 0 and providerId 0
04-21 12:03:05.815 834 834 D PhoneSwitcherNetworkRequstListener: got request NetworkRequest [ TRACK_DEFAULT id=15, [ Capabilities: INTERNET&NOT_RESTRICTED&TRUSTED Uid: 10118 AdministratorUids: [] RequestorUid: 10118 RequestorPackageName: com.android.systemui] ] with score 0 and providerId 0
04-21 12:03:05.815 834 834 D GsmCdmaCallTracker: Event EVENT_POLL_CALLS_RESULT Received
04-21 12:03:05.815 834 834 D GsmCdmaCallTracker: [0] update phone state, old=IDLE new=IDLE
04-21 12:03:05.815 834 834 D SST : [0] SubscriptionListener.onSubscriptionInfoChanged
04-21 12:03:05.819 834 834 I Telephony: TelecomAccountRegistry: onSubscriptionsChanged - update accounts
04-21 12:03:05.819 834 834 I Telephony: TelecomAccountRegistry: setupAccounts: Found 1 phones. Attempting to register.
04-21 12:03:05.820 834 834 I Telephony: TelecomAccountRegistry: setupAccounts: Phone with subscription id -1
04-21 12:03:05.820 834 834 D Telephony: TelecomAccountRegistry: setupAccounts: skipping invalid subid -1
04-21 12:03:05.820 834 834 I Telephony: setupAccounts: adding default
04-21 12:03:05.821 834 834 D Phone : isImsRegistered =false
04-21 12:03:05.824 834 834 E PhoneInterfaceManager: [PhoneIntfMgr] getIccId: No UICC
04-21 12:03:05.825 508 527 I DropBoxManagerService: add tag=system_app_strictmode isTagEnabled=true flags=0x2
04-21 12:03:05.826 834 834 D Telephony: isEmergencyPreferredAccount: subId=-1, activeData=-1
04-21 12:03:05.826 834 834 D Telephony: isEmergencyPreferredAccount: Device does not require preference.
04-21 12:03:05.826 834 834 I Telephony: isRttCurrentlySupported -- emergency acct and no device support
04-21 12:03:05.838 508 523 W Telecom : : registerPhoneAccount not allowed on non-voice capable device.: TSI.rPA@AAU
04-21 12:03:05.839 834 834 I Telephony: AccountEntry: Registered phoneAccount: [[ ] PhoneAccount: ComponentInfo{com.android.phone/com.android.services.telephony.TelephonyConnectionService}, ***, UserHandle{0} Capabilities: CallProvider MultiUser PlaceEmerg SimSub Audio Routes: BESW Schemes: tel voicemail Extras: Bundle[{android.telecom.extra.SUPPORTS_VIDEO_CALLING_FALLBACK=true}] GroupId: ***] with handle: ComponentInfo{com.android.phone/com.android.services.telephony.TelephonyConnectionService}, ***, UserHandle{0}
04-21 12:03:05.839 834 834 I Telephony: PstnIncomingCallNotifier: Registering: Handler (com.android.internal.telephony.GsmCdmaPhone) {cd56fbe}
04-21 12:03:05.840 834 834 D Telephony: Registering: Handler (com.android.internal.telephony.GsmCdmaPhone) {cd56fbe}
04-21 12:03:05.843 834 834 D MultiSimSettingController: onSubscriptionsChanged
04-21 12:03:05.844 834 834 D NetworkService: network service created
04-21 12:03:05.846 834 834 D NetworkTypeController: [0] LegacyState: process EVENT_DATA_RAT_CHANGED
04-21 12:03:05.846 834 834 D NetworkTypeController: [0] Remove all timers
04-21 12:03:05.846 834 834 D NetworkTypeController: [0] Remove all timers
04-21 12:03:05.846 834 834 D DCT-C-0 : reevaluateUnmeteredConnections
04-21 12:03:05.848 834 834 D DataService: Data service created
04-21 12:03:05.849 834 834 D Telephony: isEmergencyPreferredAccount: subId=-1, activeData=-1
04-21 12:03:05.849 834 834 D Telephony: isEmergencyPreferredAccount: Device does not require preference.
04-21 12:03:05.851 834 834 D DcRequest: Cellular request confirmed: NetworkRequest [ TRACK_DEFAULT id=8, [ Capabilities: INTERNET&NOT_RESTRICTED&TRUSTED Uid: 1000 AdministratorUids: [] RequestorUid: 1000 RequestorPackageName: android] ]
04-21 12:03:05.852 834 834 D PhoneSwitcher: evaluating due to netRequest
04-21 12:03:05.852 834 834 D PhoneSwitcher: notifyPreferredDataSubIdChanged to -1
04-21 12:03:05.853 834 834 D PhoneSwitcher: Added DcRequest, size: 1
04-21 12:03:05.856 834 834 D DcRequest: Cellular request confirmed: NetworkRequest [ REQUEST id=11, [ Capabilities: INTERNET&NOT_RESTRICTED&TRUSTED&NOT_VPN AdministratorUids: [] RequestorUid: 1073 RequestorPackageName: com.android.networkstack] ]
04-21 12:03:05.856 834 834 D PhoneSwitcher: evaluating due to netRequest
04-21 12:03:05.856 834 834 D PhoneSwitcher: notifyPreferredDataSubIdChanged to -1
04-21 12:03:05.858 834 834 D PhoneSwitcher: Added DcRequest, size: 2
04-21 12:03:05.858 834 834 D TelephonyNetworkFactory[0]: got request NetworkRequest [ TRACK_DEFAULT id=16, [ Capabilities: INTERNET&NOT_RESTRICTED&TRUSTED Uid: 1001 AdministratorUids: [] RequestorUid: 1001 RequestorPackageName: com.android.phone] ] with score 0 and providerId 0
04-21 12:03:05.858 834 834 D PhoneSwitcherNetworkRequstListener: got request NetworkRequest [ TRACK_DEFAULT id=16, [ Capabilities: INTERNET&NOT_RESTRICTED&TRUSTED Uid: 1001 AdministratorUids: [] RequestorUid: 1001 RequestorPackageName: com.android.phone] ] with score 0 and providerId 0
04-21 12:03:05.860 834 834 D DcRequest: Cellular request confirmed: NetworkRequest [ BACKGROUND_REQUEST id=2, [ Transports: CELLULAR Capabilities: INTERNET&NOT_RESTRICTED&TRUSTED&NOT_VPN AdministratorUids: [] RequestorUid: 1000 RequestorPackageName: android] ]
04-21 12:03:05.861 834 834 D PhoneSwitcher: evaluating due to netRequest
04-21 12:03:05.861 834 834 D PhoneSwitcher: notifyPreferredDataSubIdChanged to -1
04-21 12:03:05.862 834 834 D PhoneSwitcher: Added DcRequest, size: 3
04-21 12:03:05.864 834 834 D DcRequest: Cellular request confirmed: NetworkRequest [ TRACK_DEFAULT id=9, [ Capabilities: INTERNET&NOT_RESTRICTED&TRUSTED Uid: 1073 AdministratorUids: [] RequestorUid: 1073 RequestorPackageName: com.android.networkstack] ]
04-21 12:03:05.864 834 834 D PhoneSwitcher: evaluating due to netRequest
04-21 12:03:05.865 834 834 D PhoneSwitcher: notifyPreferredDataSubIdChanged to -1
04-21 12:03:05.866 834 834 D PhoneSwitcher: Added DcRequest, size: 4
04-21 12:03:05.868 834 834 D DcRequest: Cellular request confirmed: NetworkRequest [ REQUEST id=1, [ Capabilities: INTERNET&NOT_RESTRICTED&TRUSTED&NOT_VPN AdministratorUids: [] RequestorUid: 1000 RequestorPackageName: android] ]
04-21 12:03:05.868 834 834 D PhoneSwitcher: evaluating due to netRequest
04-21 12:03:05.869 834 834 D PhoneSwitcher: notifyPreferredDataSubIdChanged to -1
04-21 12:03:05.870 834 834 D PhoneSwitcher: Added DcRequest, size: 5
04-21 12:03:05.870 834 834 D TelephonyNetworkFactory[0]: onNeedNetworkFor NetworkRequest [ TRACK_DEFAULT id=8, [ Capabilities: INTERNET&NOT_RESTRICTED&TRUSTED Uid: 1000 AdministratorUids: [] RequestorUid: 1000 RequestorPackageName: android] ] shouldApply false
04-21 12:03:05.871 834 834 D TelephonyNetworkFactory[0]: onNeedNetworkFor NetworkRequest [ REQUEST id=11, [ Capabilities: INTERNET&NOT_RESTRICTED&TRUSTED&NOT_VPN AdministratorUids: [] RequestorUid: 1073 RequestorPackageName: com.android.networkstack] ] shouldApply false
04-21 12:03:05.871 834 834 D TelephonyNetworkFactory[0]: onNeedNetworkFor NetworkRequest [ BACKGROUND_REQUEST id=2, [ Transports: CELLULAR Capabilities: INTERNET&NOT_RESTRICTED&TRUSTED&NOT_VPN AdministratorUids: [] RequestorUid: 1000 RequestorPackageName: android] ] shouldApply false
04-21 12:03:05.872 834 834 D TelephonyNetworkFactory[0]: onNeedNetworkFor NetworkRequest [ TRACK_DEFAULT id=9, [ Capabilities: INTERNET&NOT_RESTRICTED&TRUSTED Uid: 1073 AdministratorUids: [] RequestorUid: 1073 RequestorPackageName: com.android.networkstack] ] shouldApply false
04-21 12:03:05.873 834 834 D TelephonyNetworkFactory[0]: onNeedNetworkFor NetworkRequest [ REQUEST id=1, [ Capabilities: INTERNET&NOT_RESTRICTED&TRUSTED&NOT_VPN AdministratorUids: [] RequestorUid: 1000 RequestorPackageName: android] ] shouldApply false
