04-21 12:03:03.358 508 508 V StorageManagerService: Package com.android.hotspot2.osulogin does not have legacy storage
04-21 12:03:03.358 508 508 V StorageManagerService: Package com.android.internal.systemui.navbar.gestural does not have legacy storage
04-21 12:03:03.358 508 508 V StorageManagerService: Package com.android.location.fused does not have legacy storage
04-21 12:03:03.358 508 508 V StorageManagerService: Package com.android.theme.icon_pack.victor.themepicker does not have legacy storage
04-21 12:03:03.358 508 508 V StorageManagerService: Package com.android.theme.color.orchid does not have legacy storage
04-21 12:03:03.358 508 508 V StorageManagerService: Package com.android.deskclock has legacy storage
04-21 12:03:03.359 508 508 V StorageManagerService: Package com.android.systemui has legacy storage
04-21 12:03:03.359 508 508 V StorageManagerService: Package com.android.theme.color.purple does not have legacy storage
04-21 12:03:03.359 508 508 V StorageManagerService: Package com.android.bluetoothmidiservice does not have legacy storage
04-21 12:03:03.359 508 508 V StorageManagerService: Package com.android.permissioncontroller does not have legacy storage
04-21 12:03:03.359 508 508 V StorageManagerService: Package com.android.traceur does not have legacy storage
04-21 12:03:03.359 508 508 V StorageManagerService: Package com.android.theme.icon_pack.sam.themepicker does not have legacy storage
04-21 12:03:03.359 508 508 V StorageManagerService: Package com.android.bluetooth does not have legacy storage
04-21 12:03:03.359 508 508 V StorageManagerService: Package com.android.providers.contacts does not have legacy storage
04-21 12:03:03.359 508 508 V StorageManagerService: Package com.android.captiveportallogin does not have legacy storage
04-21 12:03:03.359 508 508 V StorageManagerService: Package com.android.theme.icon.roundedrect does not have legacy storage
04-21 12:03:03.359 508 508 V StorageManagerService: Package com.android.internal.systemui.navbar.gestural_narrow_back does not have legacy storage
04-21 12:03:03.359 508 508 V StorageManagerService: Package com.android.theme.icon_pack.rounded.settings does not have legacy storage
04-21 12:03:03.359 696 696 I WebViewLoader-: The ClassLoaderContext is a special shared library.
04-21 12:03:03.360 508 508 V StorageManagerService: Package com.android.theme.icon_pack.circular.android does not have legacy storage
04-21 12:03:03.360 429 486 V C2Store : in ~ComponentModule
04-21 12:03:03.360 508 508 D SystemServerTiming: ssm.onStartUser-0_com.android.server.StorageManagerService$Lifecycle took to complete: 23ms
04-21 12:03:03.360 429 486 V C2Store : unloading dll
04-21 12:03:03.360 508 508 I SystemServerTiming: ssm.onStartUser-0_com.android.server.usage.StorageStatsService$Lifecycle
04-21 12:03:03.360 508 508 D SystemServerTiming: ssm.onStartUser-0_com.android.server.usage.StorageStatsService$Lifecycle took to complete: 0ms
04-21 12:03:03.360 508 508 I SystemServerTiming: ssm.onStartUser-0_com.android.server.UiModeManagerService
04-21 12:03:03.360 429 486 V C2Store : in init
04-21 12:03:03.360 508 508 D SystemServerTiming: ssm.onStartUser-0_com.android.server.UiModeManagerService took to complete: 0ms
04-21 12:03:03.360 429 486 V C2Store : loading dll
04-21 12:03:03.360 508 508 I SystemServerTiming: ssm.onStartUser-0_com.android.server.locksettings.LockSettingsService$Lifecycle
04-21 12:03:03.360 508 508 D SystemServerTiming: ssm.onStartUser-0_com.android.server.locksettings.LockSettingsService$Lifecycle took to complete: 0ms
04-21 12:03:03.361 696 696 D nativeloader: classloader namespace configured for unbundled product apk. library_path=/product/app/webview/lib/arm:/product/app/webview/webview.apk!/lib/armeabi-v7a:/product/lib:/system/product/lib
04-21 12:03:03.366 668 668 D NetworkSecurityConfig: No Network Security Config specified, using platform default
04-21 12:03:03.366 668 668 D NetworkSecurityConfig: No Network Security Config specified, using platform default
04-21 12:03:03.369 429 486 V C2Store : in ~ComponentModule
04-21 12:03:03.369 429 486 V C2Store : unloading dll
04-21 12:03:03.369 429 486 V C2Store : in init
04-21 12:03:03.369 429 486 V C2Store : loading dll
04-21 12:03:03.370 711 711 I WebViewLoader-: The ClassLoaderContext is a special shared library.
04-21 12:03:03.371 508 508 I liblog : 65
04-21 12:03:03.371 508 508 D SystemServerTiming: ssm.onStartUser-0_com.android.server.role.RoleManagerService took to complete: 5ms
04-21 12:03:03.371 508 508 I SystemServerTiming: ssm.onStartUser-0_com.android.server.voiceinteraction.VoiceInteractionManagerService
04-21 12:03:03.372 508 508 W VoiceInteractionManager: no available voice recognition services found for user 0
04-21 12:03:03.372 508 508 D SystemServerTiming: ssm.onStartUser-0_com.android.server.voiceinteraction.VoiceInteractionManagerService took to complete: 0ms
04-21 12:03:03.372 508 508 I SystemServerTiming: ssm.onStartUser-0_com.android.server.GestureLauncherService
04-21 12:03:03.372 508 508 D SystemServerTiming: ssm.onStartUser-0_com.android.server.GestureLauncherService took to complete: 0ms
04-21 12:03:03.372 508 508 I SystemServerTiming: ssm.onStartUser-0_com.android.server.SensorNotificationService
04-21 12:03:03.372 508 508 D SystemServerTiming: ssm.onStartUser-0_com.android.server.SensorNotificationService took to complete: 0ms
04-21 12:03:03.372 711 711 D nativeloader: classloader namespace configured for unbundled product apk. library_path=/product/app/webview/lib/arm64:/product/app/webview/webview.apk!/lib/arm64-v8a:/product/lib64:/system/product/lib64
04-21 12:03:03.372 508 508 I SystemServerTiming: ssm.onStartUser-0_com.android.server.emergency.EmergencyAffordanceService
04-21 12:03:03.372 508 508 D SystemServerTiming: ssm.onStartUser-0_com.android.server.emergency.EmergencyAffordanceService took to complete: 0ms
04-21 12:03:03.372 508 508 I SystemServerTiming: ssm.onStartUser-0_com.android.server.dreams.DreamManagerService
04-21 12:03:03.372 508 508 D SystemServerTiming: ssm.onStartUser-0_com.android.server.dreams.DreamManagerService took to complete: 0ms
04-21 12:03:03.372 508 508 I SystemServerTiming: ssm.onStartUser-0_com.android.server.print.PrintManagerService
04-21 12:03:03.372 508 508 D SystemServerTiming: ssm.onStartUser-0_com.android.server.print.PrintManagerService took to complete: 0ms
04-21 12:03:03.372 508 508 I SystemServerTiming: ssm.onStartUser-0_com.android.server.companion.CompanionDeviceManagerService
04-21 12:03:03.372 508 508 D SystemServerTiming: ssm.onStartUser-0_com.android.server.companion.CompanionDeviceManagerService took to complete: 0ms
04-21 12:03:03.374 429 486 V C2Store : in ~ComponentModule
04-21 12:03:03.374 429 486 V C2Store : unloading dll
04-21 12:03:03.375 429 486 V C2Store : in init
04-21 12:03:03.375 429 486 V C2Store : loading dll
04-21 12:03:03.383 643 643 V AdapterServiceConfig: Adding HeadsetService
04-21 12:03:03.384 429 486 V C2Store : in ~ComponentModule
04-21 12:03:03.384 429 486 V C2Store : unloading dll
04-21 12:03:03.384 429 486 V C2Store : in init
04-21 12:03:03.384 429 486 V C2Store : loading dll
04-21 12:03:03.384 643 643 V AdapterServiceConfig: Adding A2dpService
04-21 12:03:03.384 643 643 V AdapterServiceConfig: Adding HidHostService
04-21 12:03:03.384 643 643 V AdapterServiceConfig: Adding PanService
04-21 12:03:03.384 643 643 V AdapterServiceConfig: Adding GattService
04-21 12:03:03.384 643 643 V AdapterServiceConfig: Adding BluetoothMapService
04-21 12:03:03.384 643 643 V AdapterServiceConfig: Adding AvrcpTargetService
04-21 12:03:03.384 643 643 V AdapterServiceConfig: Adding HidDeviceService
04-21 12:03:03.385 643 643 V AdapterServiceConfig: Adding BluetoothOppService
04-21 12:03:03.385 643 643 V AdapterServiceConfig: Adding BluetoothPbapService
04-21 12:03:03.386 741 741 I service_manager_slow: [20,activity]
04-21 12:03:03.394 429 486 V C2Store : in ~ComponentModule
04-21 12:03:03.397 429 486 V C2Store : unloading dll
04-21 12:03:03.397 429 486 V C2Store : in init
04-21 12:03:03.397 429 486 V C2Store : loading dll
04-21 12:03:03.406 429 486 V C2Store : in ~ComponentModule
04-21 12:03:03.406 429 486 V C2Store : unloading dll
04-21 12:03:03.407 429 486 V C2Store : in init
04-21 12:03:03.407 429 486 V C2Store : loading dll
04-21 12:03:03.408 668 668 V SystemUIService: SystemUIApplication constructed.
04-21 12:03:03.416 508 508 I liblog : 29
04-21 12:03:03.416 508 508 D SystemServerTiming: ssm.onStartUser-0_com.android.server.camera.CameraServiceProxy took to complete: 6ms
04-21 12:03:03.416 508 533 I netstats_mobile_sample: [0,0,0,0,0,0,0,0,0,0,0,0,1650542583416]
04-21 12:03:03.416 508 508 I SystemServerTiming: ssm.onStartUser-0_com.android.server.stats.StatsCompanion$Lifecycle
04-21 12:03:03.416 508 508 D SystemServerTiming: ssm.onStartUser-0_com.android.server.stats.StatsCompanion$Lifecycle took to complete: 0ms
04-21 12:03:03.416 508 508 I SystemServerTiming: ssm.onStartUser-0_com.android.server.stats.pull.StatsPullAtomService
04-21 12:03:03.416 508 508 D SystemServerTiming: ssm.onStartUser-0_com.android.server.stats.pull.StatsPullAtomService took to complete: 0ms
04-21 12:03:03.416 508 508 I SystemServerTiming: ssm.onStartUser-0_com.android.server.incident.IncidentCompanionService
04-21 12:03:03.416 508 508 D SystemServerTiming: ssm.onStartUser-0_com.android.server.incident.IncidentCompanionService took to complete: 0ms
04-21 12:03:03.416 508 508 I SystemServerTiming: ssm.onStartUser-0_com.android.server.MmsServiceBroker
04-21 12:03:03.416 508 508 D SystemServerTiming: ssm.onStartUser-0_com.android.server.MmsServiceBroker took to complete: 0ms
04-21 12:03:03.416 508 508 I SystemServerTiming: ssm.onStartUser-0_com.android.server.autofill.AutofillManagerService
04-21 12:03:03.417 508 508 D SystemServerTiming: ssm.onStartUser-0_com.android.server.autofill.AutofillManagerService took to complete: 0ms
04-21 12:03:03.417 508 533 I netstats_wifi_sample: [0,0,0,0,0,0,0,0,0,0,0,0,1650542583416]
04-21 12:03:03.417 508 508 I SystemServerTiming: ssm.onStartUser-0_com.android.server.clipboard.ClipboardService
04-21 12:03:03.417 508 508 D SystemServerTiming: ssm.onStartUser-0_com.android.server.clipboard.ClipboardService took to complete: 0ms
04-21 12:03:03.417 508 508 I SystemServerTiming: ssm.onStartUser-0_com.android.server.appbinding.AppBindingService$Lifecycle
04-21 12:03:03.418 508 508 W AppBindingService: [Default SMS app] u0 Target package not found
04-21 12:03:03.419 508 508 D SystemServerTiming: ssm.onStartUser-0_com.android.server.appbinding.AppBindingService$Lifecycle took to complete: 1ms
04-21 12:03:03.419 508 508 I SystemServerTiming: ssm.onStartUser-0_com.android.server.policy.PermissionPolicyService
04-21 12:03:03.419 508 508 D SystemServerTiming: ssm.onStartUser-0_com.android.server.policy.PermissionPolicyService took to complete: 0ms
04-21 12:03:03.419 508 508 I SystemServerTiming: ssm.onStartUser-0_com.android.server.pm.StagingManager$Lifecycle
04-21 12:03:03.419 508 508 D SystemServerTiming: ssm.onStartUser-0_com.android.server.pm.StagingManager$Lifecycle took to complete: 0ms
04-21 12:03:03.419 508 508 D SystemServerTiming: ssm.StartUser-0 took to complete: 88ms
04-21 12:03:03.419 508 508 I SystemServerTiming: startPersistentApps
04-21 12:03:03.419 508 590 W BestClock: java.time.DateTimeException: Missing NTP fix
04-21 12:03:03.420 508 590 W BestClock: java.time.DateTimeException: Missing NTP fix
04-21 12:03:03.420 508 508 I am_uid_running: 1068
04-21 12:03:03.423 508 591 W system_server: Long monitor contention with owner android.bg (533) at void com.android.server.net.NetworkStatsService.performPoll(int)(NetworkStatsService.java:1463) waiters=0 in void com.android.server.net.NetworkStatsService.setUidForeground(int, boolean) for 104ms
04-21 12:03:03.424 508 591 I dvm_lock_sample: [system_server,1,NetworkPolicy.uid,104,NetworkStatsService.java,927,void com.android.server.net.NetworkStatsService.setUidForeground(int, boolean),-,1463,void com.android.server.net.NetworkStatsService.performPoll(int),20]
04-21 12:03:03.424 508 508 D CompatibilityChangeReporter: Compat change id reported: 135634846; UID 1068; state: DISABLED
04-21 12:03:03.425 508 508 D CompatibilityChangeReporter: Compat change id reported: 135754954; UID 1068; state: ENABLED
04-21 12:03:03.425 429 486 I mediaswcodec: missing struct descriptor #Param::CoreIndex(--004) for field values of struct #Param::CoreIndex(F-12004)
04-21 12:03:03.426 429 486 D C2SoftHevcEnc: Given level 6000 does not cover current configuration: adjusting to 6001
04-21 12:03:03.426 508 508 I am_uid_running: 1001
04-21 12:03:03.427 429 486 V C2Store : in ~ComponentModule
04-21 12:03:03.427 429 486 V C2Store : unloading dll
04-21 12:03:03.427 429 486 V C2Store : in init
04-21 12:03:03.427 429 486 V C2Store : loading dll
04-21 12:03:03.429 508 574 I commit_sys_config_file: [settings-0-0,25]
04-21 12:03:03.434 429 486 V C2Store : in ~ComponentModule
04-21 12:03:03.434 429 486 V C2Store : unloading dll
04-21 12:03:03.434 429 486 V C2Store : in init
04-21 12:03:03.434 429 486 V C2Store : loading dll
04-21 12:03:03.437 508 508 D CompatibilityChangeReporter: Compat change id reported: 135634846; UID 1001; state: DISABLED
04-21 12:03:03.438 508 508 D CompatibilityChangeReporter: Compat change id reported: 135754954; UID 1001; state: ENABLED
04-21 12:03:03.438 508 508 D SystemServerTiming: startPersistentApps took to complete: 19ms
04-21 12:03:03.442 508 508 I SystemServerTiming: startHomeOnAllDisplays
04-21 12:03:03.447 333 333 D Zygote : Forked child process 763
04-21 12:03:03.453 508 508 I ActivityTaskManager: START u0 {act=android.intent.action.MAIN cat=[android.intent.category.HOME] flg=0x10000100 cmp=com.android.settings/.FallbackHome} from uid 0
04-21 12:03:03.455 508 533 W BestClock: java.time.DateTimeException: Missing NTP fix
04-21 12:03:03.460 763 763 I Zygote : seccomp disabled by setenforce 0
04-21 12:03:03.471 429 486 V C2Store : in ~ComponentModule
04-21 12:03:03.472 429 486 V C2Store : unloading dll
04-21 12:03:03.472 429 486 V C2Store : in init
04-21 12:03:03.472 429 486 V C2Store : loading dll
04-21 12:03:03.477 448 468 I adbd : jdwp connection from 763
04-21 12:03:03.485 429 486 V C2Store : in ~ComponentModule
04-21 12:03:03.485 429 486 V C2Store : unloading dll
04-21 12:03:03.485 429 486 V C2Store : in init
04-21 12:03:03.485 429 486 V C2Store : loading dll
04-21 12:03:03.490 508 533 W BestClock: java.time.DateTimeException: Missing NTP fix
04-21 12:03:03.491 508 533 I netstats_mobile_sample: [0,0,0,0,0,0,0,0,0,0,0,0,1650542583491]
04-21 12:03:03.491 508 533 I netstats_wifi_sample: [0,0,0,0,0,0,0,0,0,0,0,0,1650542583491]
04-21 12:03:03.494 508 585 W StorageManagerService: No primary storage defined yet; hacking together a stub
04-21 12:03:03.495 508 533 W BestClock: java.time.DateTimeException: Missing NTP fix
04-21 12:03:03.497 429 486 V C2Store : in ~ComponentModule
04-21 12:03:03.497 429 486 V C2Store : unloading dll
04-21 12:03:03.497 429 486 V C2Store : in init
04-21 12:03:03.497 429 486 V C2Store : loading dll
04-21 12:03:03.503 741 741 I rkstack.proces: The ClassLoaderContext is a special shared library.
04-21 12:03:03.524 508 533 W BestClock: java.time.DateTimeException: Missing NTP fix
04-21 12:03:03.524 508 533 I netstats_mobile_sample: [0,0,0,0,0,0,0,0,0,0,0,0,1650542583524]
04-21 12:03:03.525 696 696 I WebViewLoader-: System.exit called, status: 0
04-21 12:03:03.525 696 696 I AndroidRuntime: VM exiting with result code 0, cleanup skipped.
04-21 12:03:03.526 741 741 D NetworkSecurityConfig: No Network Security Config specified, using platform default
04-21 12:03:03.526 741 741 D NetworkSecurityConfig: No Network Security Config specified, using platform default
04-21 12:03:03.533 643 643 I droid.bluetoot: [0421/120303.533474:INFO:btif_config_cache.cc(61)] BtifConfigCache, capacity: 10000
04-21 12:03:03.534 429 486 V C2Store : in ~ComponentModule
04-21 12:03:03.534 429 486 V C2Store : unloading dll
04-21 12:03:03.534 429 486 V C2Store : in init
04-21 12:03:03.534 429 486 V C2Store : loading dll
04-21 12:03:03.539 508 533 I netstats_wifi_sample: [0,0,0,0,0,0,0,0,0,0,0,0,1650542583524]
04-21 12:03:03.539 643 643 I BluetoothServiceJni: hal_util_load_bt_library: loaded Bluetooth library successfully
04-21 12:03:03.540 643 643 D BluetoothAdapterService: onCreate()
04-21 12:03:03.544 429 486 V C2Store : in ~ComponentModule
04-21 12:03:03.544 429 486 V C2Store : unloading dll
04-21 12:03:03.544 429 486 V C2Store : in init
04-21 12:03:03.544 429 486 V C2Store : loading dll
04-21 12:03:03.550 508 533 W BestClock: java.time.DateTimeException: Missing NTP fix
04-21 12:03:03.554 334 334 I Zygote : Process 696 exited cleanly (0)
04-21 12:03:03.554 429 486 V C2Store : in ~ComponentModule
04-21 12:03:03.558 429 486 V C2Store : unloading dll
04-21 12:03:03.558 429 486 V C2Store : in init
04-21 12:03:03.558 429 486 V C2Store : loading dll
04-21 12:03:03.565 429 486 V C2Store : in ~ComponentModule
04-21 12:03:03.565 429 486 V C2Store : unloading dll
04-21 12:03:03.566 429 486 V C2Store : in init
04-21 12:03:03.566 429 486 V C2Store : loading dll
04-21 12:03:03.580 508 533 W BestClock: java.time.DateTimeException: Missing NTP fix
04-21 12:03:03.581 508 533 I netstats_mobile_sample: [0,0,0,0,0,0,0,0,0,0,0,0,1650542583581]
04-21 12:03:03.581 508 533 I netstats_wifi_sample: [0,0,0,0,0,0,0,0,0,0,0,0,1650542583581]
04-21 12:03:03.583 429 486 V C2Store : in ~ComponentModule
04-21 12:03:03.583 429 486 V C2Store : unloading dll
04-21 12:03:03.583 429 486 V C2Store : in init
04-21 12:03:03.583 429 486 V C2Store : loading dll
04-21 12:03:03.588 429 486 I C2SoftVp8Enc: setting temporal layering 0 + 0
04-21 12:03:03.589 429 486 V C2Store : in ~ComponentModule
04-21 12:03:03.589 429 486 V C2Store : unloading dll
04-21 12:03:03.589 429 486 V C2Store : in init
04-21 12:03:03.589 429 486 V C2Store : loading dll
04-21 12:03:03.590 508 533 W BestClock: java.time.DateTimeException: Missing NTP fix
04-21 12:03:03.595 429 486 V C2Store : in ~ComponentModule
04-21 12:03:03.595 429 486 V C2Store : unloading dll
04-21 12:03:03.595 429 486 V C2Store : in init
04-21 12:03:03.595 429 486 V C2Store : loading dll
04-21 12:03:03.600 429 486 I C2SoftVp9Enc: setting temporal layering 0 + 0
04-21 12:03:03.601 429 486 V C2Store : in ~ComponentModule
04-21 12:03:03.601 429 486 V C2Store : unloading dll
04-21 12:03:03.602 365 464 D MediaCodecsXmlParser: parsing /apex/com.android.media.swcodec/etc/media_codecs.xml...
04-21 12:03:03.604 365 464 D MediaCodecsXmlParser: disabling c2.android.gsm.decoder
04-21 12:03:03.605 365 464 D MediaCodecsXmlParser: disabling c2.android.mpeg2.decoder
04-21 12:03:03.606 365 464 D MediaCodecsXmlParser: Cannot find
04-21 12:03:03.607 365 464 D MediaCodecsXmlParser: parsing /vendor/etc/media_codecs_c2.xml...
04-21 12:03:03.609 365 464 D MediaCodecsXmlParser: parsing /vendor/etc/media_codecs_performance_c2.xml...
04-21 12:03:03.612 365 464 D MediaCodecsXmlParser: parsing /vendor/etc/media_codecs.xml...
04-21 12:03:03.613 365 464 D MediaCodecsXmlParser: parsing /vendor/etc/media_codecs_performance.xml...
04-21 12:03:03.616 349 412 V ImxC2Store: ImxC2Store::createInterface !!! name=c2.imx.avc.decoder, ret=0
04-21 12:03:03.617 365 464 I Codec2InfoBuilder: adding type 'video/avc'
04-21 12:03:03.619 508 533 W BestClock: java.time.DateTimeException: Missing NTP fix
04-21 12:03:03.619 508 533 I netstats_mobile_sample: [0,0,0,0,0,0,0,0,0,0,0,0,1650542583619]
04-21 12:03:03.620 508 533 I netstats_wifi_sample: [0,0,0,0,0,0,0,0,0,0,0,0,1650542583619]
04-21 12:03:03.625 349 412 V ImxC2Store: ImxC2Store::createInterface !!! name=c2.imx.hevc.decoder, ret=0
04-21 12:03:03.626 508 533 W BestClock: java.time.DateTimeException: Missing NTP fix
04-21 12:03:03.626 365 464 I Codec2InfoBuilder: adding type 'video/hevc'
04-21 12:03:03.629 349 349 V ImxC2Store: ImxC2Store::createInterface !!! name=c2.imx.vp8.decoder, ret=0
04-21 12:03:03.630 365 464 I Codec2InfoBuilder: adding type 'video/x-vnd.on2.vp8'
04-21 12:03:03.632 349 412 V ImxC2Store: ImxC2Store::createInterface !!! name=c2.imx.vp9.decoder, ret=0
04-21 12:03:03.633 365 464 I Codec2InfoBuilder: adding type 'video/x-vnd.on2.vp9'
04-21 12:03:03.635 349 349 I android.hardware.media.c2@1.0-service: missing struct descriptor #Param::CoreIndex(--004) for field values of struct #Param::CoreIndex(F-12004)
04-21 12:03:03.636 349 349 V ImxC2Store: ImxC2Store::createInterface !!! name=c2.imx.avc.encoder, ret=0
04-21 12:03:03.637 365 464 I Codec2InfoBuilder: adding type 'video/avc'
04-21 12:03:03.639 349 349 I android.hardware.media.c2@1.0-service: missing struct descriptor #Param::CoreIndex(--004) for field values of struct #Param::CoreIndex(F-12004)
04-21 12:03:03.640 349 349 V ImxC2Store: ImxC2Store::createInterface !!! name=c2.imx.vp8.encoder, ret=0
04-21 12:03:03.641 365 464 I Codec2InfoBuilder: adding type 'video/x-vnd.on2.vp8'
04-21 12:03:03.643 349 409 V ImxC2Store: ImxC2Store::createInterface !!! name=c2.imx.mp3.decoder.sw, ret=0
04-21 12:03:03.645 365 464 I Codec2InfoBuilder: adding type 'audio/mpeg'
04-21 12:03:03.645 711 711 I WebViewLoader-: System.exit called, status: 0
04-21 12:03:03.645 711 711 I AndroidRuntime: VM exiting with result code 0, cleanup skipped.
04-21 12:03:03.646 349 789 V ImxC2Store: ImxC2Store::createInterface !!! name=c2.android.aac.decoder, ret=2
04-21 12:03:03.647 429 486 V C2Store : in init
04-21 12:03:03.647 429 486 V C2Store : loading dll
04-21 12:03:03.652 365 464 I Codec2InfoBuilder: adding type 'audio/mp4a-latm'
04-21 12:03:03.656 349 349 V ImxC2Store: ImxC2Store::createInterface !!! name=c2.android.aac.encoder, ret=2
04-21 12:03:03.656 429 486 V C2Store : in ~ComponentModule
04-21 12:03:03.656 429 486 V C2Store : unloading dll
04-21 12:03:03.657 429 429 V C2Store : in init
04-21 12:03:03.657 429 429 V C2Store : loading dll
04-21 12:03:03.657 334 334 D Zygote : Forked child process 793
04-21 12:03:03.660 508 648 W ZygoteProcess: Got error connecting to zygote, retrying. msg= Connection refused
04-21 12:03:03.661 365 464 I Codec2InfoBuilder: adding type 'audio/mp4a-latm'
04-21 12:03:03.662 793 793 I Zygote : seccomp disabled by setenforce 0
04-21 12:03:03.664 349 349 V ImxC2Store: ImxC2Store::createInterface !!! name=c2.android.amrnb.decoder, ret=2
04-21 12:03:03.664 429 792 V C2Store : in ~ComponentModule
04-21 12:03:03.664 429 792 V C2Store : unloading dll
04-21 12:03:03.664 429 486 V C2Store : in init
04-21 12:03:03.664 429 486 V C2Store : loading dll
04-21 12:03:03.667 365 464 I Codec2InfoBuilder: adding type 'audio/3gpp'
04-21 12:03:03.668 349 349 V ImxC2Store: ImxC2Store::createInterface !!! name=c2.android.amrnb.encoder, ret=2
04-21 12:03:03.668 429 429 V C2Store : in ~ComponentModule
04-21 12:03:03.668 429 429 V C2Store : unloading dll
04-21 12:03:03.669 429 792 V C2Store : in init
04-21 12:03:03.669 429 792 V C2Store : loading dll
04-21 12:03:03.671 365 464 I Codec2InfoBuilder: adding type 'audio/3gpp'
04-21 12:03:03.672 349 349 V ImxC2Store: ImxC2Store::createInterface !!! name=c2.android.amrwb.decoder, ret=2
04-21 12:03:03.672 429 799 V C2Store : in ~ComponentModule
04-21 12:03:03.672 429 799 V C2Store : unloading dll
04-21 12:03:03.675 793 793 I WebViewZygoteInit: Starting WebViewZygoteInit
04-21 12:03:03.675 429 792 V C2Store : in init
04-21 12:03:03.675 429 792 V C2Store : loading dll
04-21 12:03:03.677 793 793 I Zygote : seccomp disabled by setenforce 0
04-21 12:03:03.679 365 464 I Codec2InfoBuilder: adding type 'audio/amr-wb'
04-21 12:03:03.680 429 799 V C2Store : in ~ComponentModule
04-21 12:03:03.680 429 799 V C2Store : unloading dll
04-21 12:03:03.680 349 349 V ImxC2Store: ImxC2Store::createInterface !!! name=c2.android.amrwb.encoder, ret=2
04-21 12:03:03.681 429 792 V C2Store : in init
04-21 12:03:03.681 429 792 V C2Store : loading dll
04-21 12:03:03.684 365 464 I Codec2InfoBuilder: adding type 'audio/amr-wb'
04-21 12:03:03.685 429 799 V C2Store : in ~ComponentModule
04-21 12:03:03.685 429 799 V C2Store : unloading dll
04-21 12:03:03.686 349 349 V ImxC2Store: ImxC2Store::createInterface !!! name=c2.android.av1.decoder, ret=2
04-21 12:03:03.686 429 799 V C2Store : in init
04-21 12:03:03.686 429 799 V C2Store : loading dll
04-21 12:03:03.686 333 333 I Zygote : Process 711 exited cleanly (0)
04-21 12:03:03.686 508 533 W BestClock: java.time.DateTimeException: Missing NTP fix
04-21 12:03:03.687 508 533 I netstats_mobile_sample: [0,0,0,0,0,0,0,0,0,0,0,0,1650542583687]
04-21 12:03:03.687 508 533 I netstats_wifi_sample: [0,0,0,0,0,0,0,0,0,0,0,0,1650542583687]
04-21 12:03:03.690 508 533 D TelephonyRegistry: listen oscl: mHasNotifySubscriptionInfoChangedOccurred==false no callback
04-21 12:03:03.690 365 464 I Codec2InfoBuilder: adding type 'video/av01'
04-21 12:03:03.692 349 349 V ImxC2Store: ImxC2Store::createInterface !!! name=c2.android.avc.decoder, ret=2
04-21 12:03:03.692 508 533 D CountryDetector: Using custom country detector class: com.android.server.location.ComprehensiveCountryDetector
04-21 12:03:03.692 429 792 V C2Store : in ~ComponentModule
04-21 12:03:03.692 429 792 V C2Store : unloading dll
04-21 12:03:03.694 429 799 V C2Store : in init
04-21 12:03:03.694 429 799 V C2Store : loading dll
04-21 12:03:03.698 365 464 I Codec2InfoBuilder: adding type 'video/avc'
04-21 12:03:03.701 349 349 V ImxC2Store: ImxC2Store::createInterface !!! name=c2.android.avc.encoder, ret=2
04-21 12:03:03.701 429 792 V C2Store : in ~ComponentModule
04-21 12:03:03.701 429 792 V C2Store : unloading dll
04-21 12:03:03.701 429 486 V C2Store : in init
04-21 12:03:03.701 429 486 V C2Store : loading dll
04-21 12:03:03.702 429 486 I mediaswcodec: missing struct descriptor #Param::CoreIndex(--004) for field values of struct #Param::CoreIndex(F-12004)
04-21 12:03:03.703 429 486 I mediaswcodec: missing struct descriptor #Param::CoreIndex(--004) for field values of struct #Param::CoreIndex(F-12004)
04-21 12:03:03.704 365 464 I Codec2InfoBuilder: adding type 'video/avc'
04-21 12:03:03.709 349 349 V ImxC2Store: ImxC2Store::createInterface !!! name=c2.android.flac.decoder, ret=2
04-21 12:03:03.710 429 806 V C2Store : in init
04-21 12:03:03.710 429 806 V C2Store : loading dll
04-21 12:03:03.710 429 486 V C2Store : in ~ComponentModule
04-21 12:03:03.710 429 486 V C2Store : unloading dll
04-21 12:03:03.712 365 464 I Codec2InfoBuilder: adding type 'audio/flac'
04-21 12:03:03.713 349 349 V ImxC2Store: ImxC2Store::createInterface !!! name=c2.android.flac.encoder, ret=2
04-21 12:03:03.713 429 486 V C2Store : in init
04-21 12:03:03.714 429 486 V C2Store : loading dll
04-21 12:03:03.714 429 806 V C2Store : in ~ComponentModule
04-21 12:03:03.714 429 806 V C2Store : unloading dll
04-21 12:03:03.715 793 793 I WebViewZygoteInit: Beginning application preload for com.android.webview
04-21 12:03:03.716 365 464 I Codec2InfoBuilder: adding type 'audio/flac'
04-21 12:03:03.717 349 349 V ImxC2Store: ImxC2Store::createInterface !!! name=c2.android.g711.alaw.decoder, ret=2
04-21 12:03:03.717 429 806 V C2Store : in ~ComponentModule
04-21 12:03:03.717 429 806 V C2Store : unloading dll
04-21 12:03:03.717 429 806 V C2Store : in init
04-21 12:03:03.718 429 806 V C2Store : loading dll
04-21 12:03:03.720 365 464 I Codec2InfoBuilder: adding type 'audio/g711-alaw'
04-21 12:03:03.720 349 349 V ImxC2Store: ImxC2Store::createInterface !!! name=c2.android.g711.mlaw.decoder, ret=2
04-21 12:03:03.720 429 806 V C2Store : in ~ComponentModule
04-21 12:03:03.721 429 806 V C2Store : unloading dll
04-21 12:03:03.721 793 793 I webview_zygote: The ClassLoaderContext is a special shared library.
04-21 12:03:03.721 429 806 V C2Store : in init
04-21 12:03:03.721 429 806 V C2Store : loading dll
04-21 12:03:03.722 793 793 D nativeloader: classloader namespace configured for unbundled product apk. library_path=/product/app/webview/lib/arm:/product/app/webview/webview.apk!/lib/armeabi-v7a:/product/lib:/system/product/lib
04-21 12:03:03.723 365 464 I Codec2InfoBuilder: adding type 'audio/g711-mlaw'
04-21 12:03:03.724 349 349 V ImxC2Store: ImxC2Store::createInterface !!! name=c2.android.gsm.decoder, ret=2
04-21 12:03:03.724 429 486 V C2Store : in ~ComponentModule
04-21 12:03:03.725 429 486 V C2Store : unloading dll
04-21 12:03:03.725 429 806 V C2Store : in init
04-21 12:03:03.725 429 806 V C2Store : loading dll
04-21 12:03:03.728 365 464 D Codec2InfoBuilder: codec entry for 'c2.android.gsm.decoder' is disabled
04-21 12:03:03.728 349 349 V ImxC2Store: ImxC2Store::createInterface !!! name=c2.android.h263.decoder, ret=2
04-21 12:03:03.728 429 486 V C2Store : in ~ComponentModule
04-21 12:03:03.729 429 486 V C2Store : unloading dll
04-21 12:03:03.729 429 429 V C2Store : in init
04-21 12:03:03.729 429 429 V C2Store : loading dll
04-21 12:03:03.732 365 464 I Codec2InfoBuilder: adding type 'video/3gpp'
04-21 12:03:03.733 349 349 V ImxC2Store: ImxC2Store::createInterface !!! name=c2.android.h263.encoder, ret=2
04-21 12:03:03.733 429 806 V C2Store : in ~ComponentModule
04-21 12:03:03.733 429 806 V C2Store : unloading dll
04-21 12:03:03.733 429 806 V C2Store : in init
04-21 12:03:03.733 429 806 V C2Store : loading dll
04-21 12:03:03.736 365 464 I Codec2InfoBuilder: adding type 'video/3gpp'
04-21 12:03:03.738 349 349 V ImxC2Store: ImxC2Store::createInterface !!! name=c2.android.hevc.decoder, ret=2
04-21 12:03:03.738 429 806 V C2Store : in ~ComponentModule
04-21 12:03:03.738 429 806 V C2Store : unloading dll
04-21 12:03:03.738 429 806 V C2Store : in init
04-21 12:03:03.738 429 806 V C2Store : loading dll
04-21 12:03:03.742 365 464 I Codec2InfoBuilder: adding type 'video/hevc'
04-21 12:03:03.744 349 349 V ImxC2Store: ImxC2Store::createInterface !!! name=c2.android.hevc.encoder, ret=2
04-21 12:03:03.744 429 806 V C2Store : in ~ComponentModule
04-21 12:03:03.744 429 806 V C2Store : unloading dll
04-21 12:03:03.744 429 806 V C2Store : in init
04-21 12:03:03.744 429 806 V C2Store : loading dll
04-21 12:03:03.745 429 806 I mediaswcodec: missing struct descriptor #Param::CoreIndex(--004) for field values of struct #Param::CoreIndex(F-12004)
04-21 12:03:03.746 429 806 D C2SoftHevcEnc: Given level 6000 does not cover current configuration: adjusting to 6001
04-21 12:03:03.746 429 806 I mediaswcodec: missing struct descriptor #Param::CoreIndex(--004) for field values of struct #Param::CoreIndex(F-12004)
04-21 12:03:03.747 429 806 D C2SoftHevcEnc: Given level 6000 does not cover current configuration: adjusting to 6001
04-21 12:03:03.747 365 464 I Codec2InfoBuilder: adding type 'video/hevc'
04-21 12:03:03.748 349 349 V ImxC2Store: ImxC2Store::createInterface !!! name=c2.android.mp3.decoder, ret=2
04-21 12:03:03.748 429 806 V C2Store : in ~ComponentModule
04-21 12:03:03.749 429 806 V C2Store : unloading dll
04-21 12:03:03.749 429 486 V C2Store : in init
04-21 12:03:03.749 429 486 V C2Store : loading dll
04-21 12:03:03.751 365 464 I Codec2InfoBuilder: adding type 'audio/mpeg'
04-21 12:03:03.751 349 349 V ImxC2Store: ImxC2Store::createInterface !!! name=c2.android.mpeg2.decoder, ret=2
04-21 12:03:03.751 429 486 V C2Store : in ~ComponentModule
04-21 12:03:03.751 429 486 V C2Store : unloading dll
04-21 12:03:03.751 429 806 V C2Store : in init
04-21 12:03:03.751 429 806 V C2Store : loading dll
04-21 12:03:03.754 365 464 I Codec2InfoBuilder: adding type 'video/mpeg2'
04-21 12:03:03.755 349 349 V ImxC2Store: ImxC2Store::createInterface !!! name=c2.android.mpeg4.decoder, ret=2
04-21 12:03:03.755 429 806 V C2Store : in ~ComponentModule
04-21 12:03:03.755 429 806 V C2Store : unloading dll
04-21 12:03:03.756 429 429 V C2Store : in init
04-21 12:03:03.756 429 429 V C2Store : loading dll
04-21 12:03:03.758 365 464 I Codec2InfoBuilder: adding type 'video/mp4v-es'
04-21 12:03:03.760 349 349 V ImxC2Store: ImxC2Store::createInterface !!! name=c2.android.mpeg4.encoder, ret=2
04-21 12:03:03.760 429 806 V C2Store : in ~ComponentModule
04-21 12:03:03.760 429 806 V C2Store : unloading dll
04-21 12:03:03.760 429 806 V C2Store : in init
04-21 12:03:03.760 429 806 V C2Store : loading dll
04-21 12:03:03.763 365 464 I Codec2InfoBuilder: adding type 'video/mp4v-es'
04-21 12:03:03.764 349 349 V ImxC2Store: ImxC2Store::createInterface !!! name=c2.android.opus.decoder, ret=2
04-21 12:03:03.764 429 806 V C2Store : in ~ComponentModule
04-21 12:03:03.764 429 806 V C2Store : unloading dll
04-21 12:03:03.765 429 806 V C2Store : in init
04-21 12:03:03.765 429 806 V C2Store : loading dll
04-21 12:03:03.767 365 464 I Codec2InfoBuilder: adding type 'audio/opus'
04-21 12:03:03.768 349 349 V ImxC2Store: ImxC2Store::createInterface !!! name=c2.android.opus.encoder, ret=2
04-21 12:03:03.768 429 806 V C2Store : in ~ComponentModule
04-21 12:03:03.768 429 806 V C2Store : unloading dll
04-21 12:03:03.768 429 806 V C2Store : in init
04-21 12:03:03.768 429 806 V C2Store : loading dll
04-21 12:03:03.770 365 464 I Codec2InfoBuilder: adding type 'audio/opus'
04-21 12:03:03.771 349 349 V ImxC2Store: ImxC2Store::createInterface !!! name=c2.android.raw.decoder, ret=2
04-21 12:03:03.771 429 806 V C2Store : in ~ComponentModule
04-21 12:03:03.771 429 806 V C2Store : unloading dll
04-21 12:03:03.772 429 806 V C2Store : in init
04-21 12:03:03.772 429 806 V C2Store : loading dll
04-21 12:03:03.773 508 508 I wm_task_created: [2,0]
04-21 12:03:03.773 508 508 I wm_stack_created: 2
04-21 12:03:03.775 365 464 I Codec2InfoBuilder: adding type 'audio/raw'
04-21 12:03:03.775 508 508 I wm_task_moved: [2,1,2147483647]
04-21 12:03:03.776 349 349 V ImxC2Store: ImxC2Store::createInterface !!! name=c2.android.vorbis.decoder, ret=2
04-21 12:03:03.777 429 486 V C2Store : in init
04-21 12:03:03.777 429 486 V C2Store : loading dll
04-21 12:03:03.779 508 508 I wm_create_task: [0,2]
04-21 12:03:03.779 508 508 I wm_create_activity: [0,18624062,2,com.android.settings/.FallbackHome,android.intent.action.MAIN,NULL,NULL,276824320]
04-21 12:03:03.780 429 806 V C2Store : in ~ComponentModule
04-21 12:03:03.780 429 806 V C2Store : unloading dll
04-21 12:03:03.780 262 262 I android.hardware.power-service.imx: Power mode LAUNCH isModeSupported: 1
04-21 12:03:03.781 508 508 I wm_task_moved: [2,1,2147483647]
04-21 12:03:03.782 365 464 I Codec2InfoBuilder: adding type 'audio/vorbis'
04-21 12:03:03.783 349 349 V ImxC2Store: ImxC2Store::createInterface !!! name=c2.android.vp8.decoder, ret=2
04-21 12:03:03.783 429 429 V C2Store : in init
04-21 12:03:03.784 429 429 V C2Store : loading dll
04-21 12:03:03.784 429 806 V C2Store : in ~ComponentModule
04-21 12:03:03.784 429 806 V C2Store : unloading dll
04-21 12:03:03.785 508 508 D SystemServerTiming: startHomeOnAllDisplays took to complete: 343ms
04-21 12:03:03.786 508 508 I SystemServerTiming: showSystemReadyErrorDialogs
04-21 12:03:03.786 508 508 I system_server: getFrameworkHalManifest: Reading VINTF information.
04-21 12:03:03.786 793 793 I WebViewZygoteInit: Application preload done
04-21 12:03:03.787 365 464 I Codec2InfoBuilder: adding type 'video/x-vnd.on2.vp8'
04-21 12:03:03.788 349 349 V ImxC2Store: ImxC2Store::createInterface !!! name=c2.android.vp8.encoder, ret=2
04-21 12:03:03.788 429 429 V C2Store : in ~ComponentModule
04-21 12:03:03.788 508 508 I system_server: getFrameworkHalManifest: Successfully processed VINTF information
04-21 12:03:03.788 429 429 V C2Store : unloading dll
04-21 12:03:03.788 508 508 I system_server: getDeviceHalManifest: Reading VINTF information.
04-21 12:03:03.788 429 799 V C2Store : in init
04-21 12:03:03.788 429 799 V C2Store : loading dll
04-21 12:03:03.789 429 799 I C2SoftVp8Enc: setting temporal layering 0 + 0
04-21 12:03:03.790 429 799 I C2SoftVp8Enc: setting temporal layering 0 + 0
04-21 12:03:03.791 365 464 I Codec2InfoBuilder: adding type 'video/x-vnd.on2.vp8'
04-21 12:03:03.791 508 508 I system_server: getDeviceHalManifest: Successfully processed VINTF information
04-21 12:03:03.791 508 508 I system_server: getFrameworkCompatibilityMatrix: Reading VINTF information.
04-21 12:03:03.793 349 349 V ImxC2Store: ImxC2Store::createInterface !!! name=c2.android.vp9.decoder, ret=2
04-21 12:03:03.793 429 799 V C2Store : in ~ComponentModule
04-21 12:03:03.793 429 799 V C2Store : unloading dll
04-21 12:03:03.793 429 799 V C2Store : in init
04-21 12:03:03.793 429 799 V C2Store : loading dll
04-21 12:03:03.797 365 464 I Codec2InfoBuilder: adding type 'video/x-vnd.on2.vp9'
04-21 12:03:03.798 349 349 V ImxC2Store: ImxC2Store::createInterface !!! name=c2.android.vp9.encoder, ret=2
04-21 12:03:03.798 429 799 V C2Store : in ~ComponentModule
04-21 12:03:03.798 429 799 V C2Store : unloading dll
04-21 12:03:03.798 429 429 V C2Store : in init
04-21 12:03:03.799 429 429 V C2Store : loading dll
04-21 12:03:03.800 429 429 I C2SoftVp9Enc: setting temporal layering 0 + 0
04-21 12:03:03.801 429 429 I C2SoftVp9Enc: setting temporal layering 0 + 0
04-21 12:03:03.802 365 464 I Codec2InfoBuilder: adding type 'video/x-vnd.on2.vp9'
04-21 12:03:03.803 429 429 V C2Store : in ~ComponentModule
04-21 12:03:03.803 429 429 V C2Store : unloading dll
04-21 12:03:03.806 508 642 D CCodec : allocate(c2.android.vorbis.decoder)
04-21 12:03:03.807 508 638 D CCodec : allocate(c2.android.vorbis.decoder)
04-21 12:03:03.808 508 642 I Codec2Client: Available Codec2 services: "default" "software"
04-21 12:03:03.810 508 642 I CCodec : setting up 'default' as default (vendor) store
04-21 12:03:03.810 508 638 I CCodec : setting up 'default' as default (vendor) store
04-21 12:03:03.812 349 349 V ImxC2Store: ImxC2Store::createComponent name=c2.android.vorbis.decoder, ret=2
04-21 12:03:03.812 349 409 V ImxC2Store: ImxC2Store::createComponent name=c2.android.vorbis.decoder, ret=2
04-21 12:03:03.814 429 799 V C2Store : in init
04-21 12:03:03.814 429 799 V C2Store : loading dll
04-21 12:03:03.817 508 642 I CCodec : Created component [c2.android.vorbis.decoder]
04-21 12:03:03.817 508 638 I CCodec : Created component [c2.android.vorbis.decoder]
04-21 12:03:03.817 508 638 D CCodecConfig: read media type: audio/vorbis
04-21 12:03:03.817 508 642 D CCodecConfig: read media type: audio/vorbis
04-21 12:03:03.819 508 642 D ReflectedParamUpdater: extent() != 1 for single value type: algo.buffers.max-count.values
04-21 12:03:03.819 508 638 D ReflectedParamUpdater: extent() != 1 for single value type: algo.buffers.max-count.values
04-21 12:03:03.820 508 638 D ReflectedParamUpdater: extent() != 1 for single value type: output.subscribed-indices.values
04-21 12:03:03.820 508 642 D ReflectedParamUpdater: extent() != 1 for single value type: output.subscribed-indices.values
04-21 12:03:03.820 508 638 D ReflectedParamUpdater: extent() != 1 for single value type: input.buffers.allocator-ids.values
04-21 12:03:03.820 508 642 D ReflectedParamUpdater: extent() != 1 for single value type: input.buffers.allocator-ids.values
04-21 12:03:03.820 508 638 D ReflectedParamUpdater: extent() != 1 for single value type: output.buffers.allocator-ids.values
04-21 12:03:03.820 508 642 D ReflectedParamUpdater: extent() != 1 for single value type: output.buffers.allocator-ids.values
04-21 12:03:03.820 508 638 D ReflectedParamUpdater: extent() != 1 for single value type: algo.buffers.allocator-ids.values
04-21 12:03:03.820 508 642 D ReflectedParamUpdater: extent() != 1 for single value type: algo.buffers.allocator-ids.values
04-21 12:03:03.820 508 638 D ReflectedParamUpdater: extent() != 1 for single value type: output.buffers.pool-ids.values
04-21 12:03:03.820 508 642 D ReflectedParamUpdater: extent() != 1 for single value type: output.buffers.pool-ids.values
04-21 12:03:03.821 508 638 D ReflectedParamUpdater: extent() != 1 for single value type: algo.buffers.pool-ids.values
04-21 12:03:03.821 508 642 D ReflectedParamUpdater: extent() != 1 for single value type: algo.buffers.pool-ids.values
04-21 12:03:03.822 508 642 I CCodecConfig: query failed after returning 7 values (BAD_INDEX)
04-21 12:03:03.822 508 638 I CCodecConfig: query failed after returning 7 values (BAD_INDEX)
04-21 12:03:03.822 508 638 D CCodecConfig: c2 config diff is Dict {
04-21 12:03:03.822 508 638 D CCodecConfig: c2::u32 coded.bitrate.value = 64000
04-21 12:03:03.822 508 638 D CCodecConfig: c2::u32 input.buffers.max-size.value = 32768
04-21 12:03:03.822 508 638 D CCodecConfig: c2::u32 input.delay.value = 0
04-21 12:03:03.822 508 638 D CCodecConfig: string input.media-type.value = "audio/vorbis"
04-21 12:03:03.822 508 638 D CCodecConfig: string output.media-type.value = "audio/raw"
04-21 12:03:03.822 508 638 D CCodecConfig: c2::u32 raw.channel-count.value = 1
04-21 12:03:03.822 508 638 D CCodecConfig: c2::u32 raw.sample-rate.value = 48000
04-21 12:03:03.822 508 638 D CCodecConfig: }
04-21 12:03:03.823 508 642 D CCodecConfig: c2 config diff is Dict {
04-21 12:03:03.823 508 642 D CCodecConfig: c2::u32 coded.bitrate.value = 64000
04-21 12:03:03.823 508 642 D CCodecConfig: c2::u32 input.buffers.max-size.value = 32768
04-21 12:03:03.823 508 642 D CCodecConfig: c2::u32 input.delay.value = 0
04-21 12:03:03.823 508 642 D CCodecConfig: string input.media-type.value = "audio/vorbis"
04-21 12:03:03.823 508 642 D CCodecConfig: string output.media-type.value = "audio/raw"
04-21 12:03:03.823 508 642 D CCodecConfig: c2::u32 raw.channel-count.value = 1
04-21 12:03:03.823 508 642 D CCodecConfig: c2::u32 raw.sample-rate.value = 48000
04-21 12:03:03.823 508 642 D CCodecConfig: }
04-21 12:03:03.823 508 638 D CCodec : [c2.android.vorbis.decoder] buffers are bound to CCodec for this session
04-21 12:03:03.823 508 638 D CCodecConfig: no c2 equivalents for durationUs
04-21 12:03:03.823 508 638 D CCodecConfig: no c2 equivalents for track-id
04-21 12:03:03.823 508 638 D CCodecConfig: no c2 equivalents for csd-1
04-21 12:03:03.823 508 638 D CCodecConfig: no c2 equivalents for channel-mask
04-21 12:03:03.824 508 638 D CCodecConfig: no c2 equivalents for flags
04-21 12:03:03.824 508 642 D CCodec : [c2.android.vorbis.decoder] buffers are bound to CCodec for this session
04-21 12:03:03.824 508 642 D CCodecConfig: no c2 equivalents for durationUs
04-21 12:03:03.824 508 642 D CCodecConfig: no c2 equivalents for track-id
04-21 12:03:03.824 508 642 D CCodecConfig: no c2 equivalents for csd-1
04-21 12:03:03.824 508 642 D CCodecConfig: no c2 equivalents for channel-mask
04-21 12:03:03.824 508 642 D CCodecConfig: no c2 equivalents for flags
04-21 12:03:03.824 508 638 D CCodecConfig: c2 config diff is c2::u32 coded.bitrate.value = 140000
04-21 12:03:03.825 508 642 D CCodecConfig: c2 config diff is c2::u32 coded.bitrate.value = 96000
04-21 12:03:03.825 508 642 D CCodecConfig: c2::u32 raw.channel-count.value = 2
04-21 12:03:03.826 508 642 W Codec2Client: query -- param skipped: index = 1107298332.
04-21 12:03:03.826 508 638 W Codec2Client: query -- param skipped: index = 1107298332.
04-21 12:03:03.826 508 642 D CCodec : setup formats input: AMessage(what = 0x00000000) = {
04-21 12:03:03.826 508 642 D CCodec : int32_t bitrate = 96000
04-21 12:03:03.826 508 642 D CCodec : int32_t channel-count = 2
04-21 12:03:03.826 508 642 D CCodec : int32_t max-input-size = 32768
04-21 12:03:03.826 508 642 D CCodec : string mime = "audio/vorbis"
04-21 12:03:03.826 508 642 D CCodec : int32_t sample-rate = 48000
04-21 12:03:03.826 508 642 D CCodec : } and output: AMessage(what = 0x00000000) = {
04-21 12:03:03.826 508 642 D CCodec : int32_t bitrate = 96000
04-21 12:03:03.826 508 642 D CCodec : int32_t channel-count = 2
04-21 12:03:03.826 508 642 D CCodec : string mime = "audio/raw"
04-21 12:03:03.826 508 642 D CCodec : int32_t sample-rate = 48000
04-21 12:03:03.826 508 642 D CCodec : int32_t channel-mask = 3
04-21 12:03:03.826 508 642 D CCodec : }
04-21 12:03:03.826 508 638 D CCodec : setup formats input: AMessage(what = 0x00000000) = {
04-21 12:03:03.826 508 638 D CCodec : int32_t bitrate = 140000
04-21 12:03:03.826 508 638 D CCodec : int32_t channel-count = 1
04-21 12:03:03.826 508 638 D CCodec : int32_t max-input-size = 32768
04-21 12:03:03.826 508 638 D CCodec : string mime = "audio/vorbis"
04-21 12:03:03.826 508 638 D CCodec : int32_t sample-rate = 48000
04-21 12:03:03.826 508 638 D CCodec : } and output: AMessage(what = 0x00000000) = {
04-21 12:03:03.826 508 638 D CCodec : int32_t bitrate = 140000
04-21 12:03:03.826 508 638 D CCodec : int32_t channel-count = 1
04-21 12:03:03.826 508 638 D CCodec : string mime = "audio/raw"
04-21 12:03:03.826 508 638 D CCodec : int32_t sample-rate = 48000
04-21 12:03:03.826 508 638 D CCodec : int32_t channel-mask = 1
04-21 12:03:03.826 508 638 D CCodec : }
04-21 12:03:03.826 508 638 W Codec2Client: query -- param skipped: index = 1342179345.
04-21 12:03:03.827 508 642 W Codec2Client: query -- param skipped: index = 1342179345.
04-21 12:03:03.827 508 638 W Codec2Client: query -- param skipped: index = 2415921170.
04-21 12:03:03.827 508 642 W Codec2Client: query -- param skipped: index = 2415921170.
04-21 12:03:03.859 508 638 E FMQ : grantorIdx must be less than 3
04-21 12:03:03.860 508 638 E FMQ : grantorIdx must be less than 3
04-21 12:03:03.860 508 638 D CCodecBufferChannel: [c2.android.vorbis.decoder#131] Created input block pool with allocatorID 16 => poolID 17 - OK (0)
04-21 12:03:03.860 508 642 E FMQ : grantorIdx must be less than 3
04-21 12:03:03.860 508 642 E FMQ : grantorIdx must be less than 3
04-21 12:03:03.861 508 642 D CCodecBufferChannel: [c2.android.vorbis.decoder#579] Created input block pool with allocatorID 16 => poolID 18 - OK (0)
04-21 12:03:03.862 429 486 E FMQ : grantorIdx must be less than 3
04-21 12:03:03.862 429 486 E FMQ : grantorIdx must be less than 3
04-21 12:03:03.862 508 638 I CCodecBufferChannel: [c2.android.vorbis.decoder#131] Created output block pool with allocatorID 16 => poolID 17 - OK
04-21 12:03:03.863 508 638 D CCodecBufferChannel: [c2.android.vorbis.decoder#131] Configured output block pool ids 17 => OK
04-21 12:03:03.864 429 429 E FMQ : grantorIdx must be less than 3
04-21 12:03:03.864 429 429 E FMQ : grantorIdx must be less than 3
04-21 12:03:03.865 508 638 E ion : ioctl c0044901 failed with code -1: Inappropriate ioctl for device
04-21 12:03:03.865 508 642 I CCodecBufferChannel: [c2.android.vorbis.decoder#579] Created output block pool with allocatorID 16 => poolID 18 - OK
04-21 12:03:03.865 508 642 D CCodecBufferChannel: [c2.android.vorbis.decoder#579] Configured output block pool ids 18 => OK
04-21 12:03:03.876 429 813 D SimpleC2Component: Using output block pool with poolID 17 => got 17 - 0
04-21 12:03:03.877 429 812 D SimpleC2Component: Using output block pool with poolID 18 => got 18 - 0
04-21 12:03:03.879 508 638 E FMQ : grantorIdx must be less than 3
04-21 12:03:03.880 429 486 E FMQ : grantorIdx must be less than 3
04-21 12:03:03.881 429 486 E ion : ioctl c0044901 failed with code -1: Inappropriate ioctl for device
04-21 12:03:03.884 508 642 E FMQ : grantorIdx must be less than 3
04-21 12:03:03.884 429 486 E FMQ : grantorIdx must be less than 3
04-21 12:03:03.892 429 813 E FMQ : grantorIdx must be less than 3
04-21 12:03:03.893 508 616 E FMQ : grantorIdx must be less than 3
04-21 12:03:03.895 508 638 D CCodecBuffers: [c2.android.vorbis.decoder#131:Output[N]] popFromStashAndRegister: output format changed to AMessage(what = 0x00000000) = {
04-21 12:03:03.895 508 638 D CCodecBuffers: int32_t bitrate = 140000
04-21 12:03:03.895 508 638 D CCodecBuffers: int32_t channel-count = 1
04-21 12:03:03.895 508 638 D CCodecBuffers: string mime = "audio/raw"
04-21 12:03:03.895 508 638 D CCodecBuffers: int32_t sample-rate = 48000
04-21 12:03:03.895 508 638 D CCodecBuffers: int32_t channel-mask = 1
04-21 12:03:03.895 508 638 D CCodecBuffers: }
04-21 12:03:03.897 429 812 E FMQ : grantorIdx must be less than 3
04-21 12:03:03.898 508 616 E FMQ : grantorIdx must be less than 3
04-21 12:03:03.900 508 508 I system_server: getFrameworkCompatibilityMatrix: Successfully processed VINTF information
04-21 12:03:03.900 508 508 I system_server: getDeviceCompatibilityMatrix: Reading VINTF information.
04-21 12:03:03.901 508 508 I system_server: getDeviceCompatibilityMatrix: Successfully processed VINTF information
04-21 12:03:03.903 508 642 D CCodecBuffers: [c2.android.vorbis.decoder#579:Output[N]] popFromStashAndRegister: output format changed to AMessage(what = 0x00000000) = {
04-21 12:03:03.903 508 642 D CCodecBuffers: int32_t bitrate = 96000
04-21 12:03:03.903 508 642 D CCodecBuffers: int32_t channel-count = 2
04-21 12:03:03.903 508 642 D CCodecBuffers: string mime = "audio/raw"
04-21 12:03:03.903 508 642 D CCodecBuffers: int32_t sample-rate = 48000
04-21 12:03:03.903 508 642 D CCodecBuffers: int32_t channel-mask = 3
04-21 12:03:03.903 508 642 D CCodecBuffers: }
04-21 12:03:03.908 508 642 I hw-BpHwBinder: onLastStrongRef automatically unlinking death recipients
04-21 12:03:03.917 416 482 E Utils : did not find channel-count and/or sample-rate
04-21 12:03:03.917 508 508 D SystemServerTiming: showSystemReadyErrorDialogs took to complete: 132ms
04-21 12:03:03.917 508 508 I SystemServerTiming: sendUserStartBroadcast
04-21 12:03:03.918 508 508 D SystemServerTiming: sendUserStartBroadcast took to complete: 0ms
04-21 12:03:03.918 508 508 I SystemServerTiming: resumeTopActivities
04-21 12:03:03.918 508 508 D SystemServerTiming: resumeTopActivities took to complete: 1ms
04-21 12:03:03.919 508 508 I SystemServerTiming: sendUserSwitchBroadcasts
04-21 12:03:03.919 508 508 I uc_send_user_broadcast: [0,android.intent.action.USER_FOREGROUND]
04-21 12:03:03.919 508 508 I uc_send_user_broadcast: [0,android.intent.action.USER_SWITCHED]
04-21 12:03:03.919 508 508 D SystemServerTiming: sendUserSwitchBroadcasts took to complete: 1ms
04-21 12:03:03.919 508 508 I SystemServerTiming: setBinderProxies
04-21 12:03:03.920 508 508 D SystemServerTiming: setBinderProxies took to complete: 0ms
04-21 12:03:03.920 508 508 D SystemServerTiming: ActivityManagerStartApps took to complete: 589ms
04-21 12:03:03.920 508 508 D SystemServerTiming: PhaseActivityManagerReady took to complete: 1182ms
04-21 12:03:03.920 508 508 D SystemServerTiming: startOtherServices took to complete: 3071ms
04-21 12:03:03.920 508 508 D SystemServerTiming: StartServices took to complete: 5010ms
