05-02 20:50:23.429 355 987 I gralloc_driver: is_supported check descriptor name=com.android.soundpicker/com.android.soundpicker.RingtonePickerActivity#0, width=966, height=1068, droid_format=RGBA8888, usage=COMPOSER_OVERLAY|GPU_RENDER_TARGET|GPU_TEXTURE
05-02 20:50:23.440 2941 2967 I display : open gpu gralloc module!
05-02 20:50:23.471 355 987 I gralloc_driver: is_supported check descriptor name=com.android.soundpicker/com.android.soundpicker.RingtonePickerActivity#0, width=966, height=1068, droid_format=RGBA8888, usage=COMPOSER_OVERLAY|GPU_RENDER_TARGET|GPU_TEXTURE
05-02 20:50:23.474 355 355 I gralloc_driver: is_supported check descriptor name=com.android.soundpicker/com.android.soundpicker.RingtonePickerActivity#0, width=966, height=1068, droid_format=RGBA8888, usage=COMPOSER_OVERLAY|GPU_RENDER_TARGET|GPU_TEXTURE
05-02 20:50:23.477 355 987 I gralloc_driver: is_supported check descriptor name=com.android.soundpicker/com.android.soundpicker.RingtonePickerActivity#0, width=966, height=1068, droid_format=RGBA8888, usage=COMPOSER_OVERLAY|GPU_RENDER_TARGET|GPU_TEXTURE
05-02 20:50:23.481 356 463 E display : updateScreen invalid drmfd
05-02 20:50:23.574 356 463 E display : updateScreen invalid drmfd
05-02 20:50:23.575 355 987 I gralloc_driver: is_supported check descriptor name=com.android.soundpicker/com.android.soundpicker.RingtonePickerActivity#1, width=966, height=1068, droid_format=RGBA8888, usage=COMPOSER_OVERLAY|GPU_RENDER_TARGET|GPU_TEXTURE
05-02 20:50:23.592 355 987 I chatty : uid=1000(system) HwBinder:355_2 identical 2 lines
05-02 20:50:23.596 355 987 I gralloc_driver: is_supported check descriptor name=com.android.soundpicker/com.android.soundpicker.RingtonePickerActivity#1, width=966, height=1068, droid_format=RGBA8888, usage=COMPOSER_OVERLAY|GPU_RENDER_TARGET|GPU_TEXTURE
05-02 20:50:23.617 356 463 E display : updateScreen invalid drmfd
05-02 20:50:23.706 369 608 W ServiceManager: Permission failure: android.permission.ACCESS_SURFACE_FLINGER from uid=10069 pid=2941
05-02 20:50:23.706 369 608 D PermissionCache: checking android.permission.ACCESS_SURFACE_FLINGER for uid=10069 => denied (847 us)
05-02 20:50:23.707 525 551 I sysui_multi_action: [319,1253,322,1247,325,96,757,761,758,7,759,2,806,com.android.soundpicker,871,com.android.soundpicker.RingtonePickerActivity,904,com.android.settings,905,0,945,344,1320,5,1321,1]
05-02 20:50:23.709 525 551 I wm_activity_launch_time: [0,63543079,com.android.soundpicker/.RingtonePickerActivity,1247]
05-02 20:50:23.709 525 551 I ActivityTaskManager: Displayed com.android.soundpicker/.RingtonePickerActivity: +1s247ms
05-02 20:50:23.715 525 551 I sysui_multi_action: [319,1049,322,1047,325,96,757,761,758,8,759,2,806,com.android.soundpicker,871,com.android.soundpicker.RingtonePickerActivity,904,com.android.settings,905,0,1320,5,1321,1]
05-02 20:50:23.716 525 551 I wm_activity_launch_time: [0,62755648,com.android.soundpicker/.RingtonePickerActivity,1047]
05-02 20:50:23.716 525 551 I ActivityTaskManager: Displayed com.android.soundpicker/.RingtonePickerActivity: +1s47ms
05-02 20:50:23.739 356 463 E display : updateScreen invalid drmfd
05-02 20:50:23.785 356 463 E display : updateScreen invalid drmfd
05-02 20:50:23.786 355 987 I gralloc_driver: is_supported check descriptor name=com.android.soundpicker/com.android.soundpicker.RingtonePickerActivity#1, width=966, height=1068, droid_format=RGBA8888, usage=COMPOSER_OVERLAY|GPU_RENDER_TARGET|GPU_TEXTURE
05-02 20:50:23.851 355 987 I gralloc_driver: is_supported check descriptor name=com.android.soundpicker/com.android.soundpicker.RingtonePickerActivity#1, width=966, height=1068, droid_format=RGBA8888, usage=COMPOSER_OVERLAY|GPU_RENDER_TARGET|GPU_TEXTURE
05-02 20:50:23.877 356 463 E display : updateScreen invalid drmfd
05-02 20:50:23.935 525 551 I am_pss : [2015,1000,com.android.settings,43938816,30429184,0,186425344,0,2,16]
05-02 20:50:23.946 525 551 I am_pss : [1967,10065,com.android.providers.calendar,8432640,4743168,0,108605440,0,19,8]
05-02 20:50:23.964 525 551 I am_pss : [1415,10087,com.android.printspooler,7919616,4059136,0,109842432,0,19,15]
05-02 20:50:23.985 525 551 I am_pss : [2089,10074,com.android.externalstorage,6733824,3325952,0,103387136,0,19,16]
05-02 20:50:24.002 525 551 I am_pss : [2066,10084,com.android.traceur,10126336,6770688,0,106434560,0,19,9]
05-02 20:50:24.028 525 551 I am_pss : [2042,2000,com.android.shell,6843392,3633152,0,100687872,0,19,11]
05-02 20:50:24.048 525 551 I am_pss : [1844,10106,com.android.messaging,12114944,8241152,0,113410048,0,19,15]
05-02 20:50:24.181 356 463 E display : updateScreen invalid drmfd
05-02 20:50:24.281 356 463 E display : updateScreen invalid drmfd
05-02 20:50:24.921 355 987 I gralloc_driver: is_supported check descriptor name=com.android.soundpicker/com.android.soundpicker.RingtonePickerActivity#1, width=966, height=1068, droid_format=RGBA8888, usage=COMPOSER_OVERLAY|GPU_RENDER_TARGET|GPU_TEXTURE
05-02 20:50:24.942 356 463 E display : updateScreen invalid drmfd
05-02 20:50:24.960 355 987 I gralloc_driver: is_supported check descriptor name=com.android.soundpicker/com.android.soundpicker.RingtonePickerActivity#1, width=966, height=1068, droid_format=RGBA8888, usage=COMPOSER_OVERLAY|GPU_RENDER_TARGET|GPU_TEXTURE
05-02 20:50:24.986 356 463 E display : updateScreen invalid drmfd
05-02 20:50:25.195 356 463 E display : updateScreen invalid drmfd
05-02 20:50:25.270 356 463 E display : updateScreen invalid drmfd
05-02 20:50:25.556 356 463 E display : updateScreen invalid drmfd
05-02 20:50:25.565 525 2455 I system_server: oneway function results will be dropped but finished with status OK and parcel size 4
05-02 20:50:25.631 356 463 E display : updateScreen invalid drmfd
05-02 20:50:25.641 2941 2941 W Ringtone: Use of stream types is deprecated for operations other than volume control
05-02 20:50:25.641 2941 2941 W Ringtone: See the documentation of setStreamType() for what to use instead with android.media.AudioAttributes to qualify your playback use case
05-02 20:50:25.674 1314 1333 I MediaProvider: Using lower FS for /product/media/audio/ringtones/Glacial_Groove.ogg
05-02 20:50:25.690 383 812 D NuPlayerDriver: NuPlayerDriver(0xebec0830) created, clientPid(2941)
05-02 20:50:25.709 366 446 W APM::AudioPolicyEngine: getDevicesForStrategy() unknown strategy: -1
05-02 20:50:25.710 356 463 E display : updateScreen invalid drmfd
05-02 20:50:25.712 525 2455 I system_server: oneway function results will be dropped but finished with status OK and parcel size 4
05-02 20:50:25.717 383 3001 D GenericSource: FileSource remote
05-02 20:50:25.733 422 659 E Utils : did not find channel-count and/or sample-rate
05-02 20:50:25.734 422 502 E Utils : did not find channel-count and/or sample-rate
05-02 20:50:25.745 2941 2941 D Ringtone: Successfully created local player
05-02 20:50:25.747 383 2123 D NuPlayerDriver: reset(0xebec0830) at state 4
05-02 20:50:25.751 383 3000 D NuPlayerDriver: notifyResetComplete(0xebec0830)
05-02 20:50:25.751 383 812 D NuPlayerDriver: reset(0xebec0830) at state 0
05-02 20:50:25.756 2941 2941 V MediaPlayer: resetDrmState: mDrmInfo=null mDrmProvisioningThread=null mPrepareDrmInProgress=false mActiveDrmScheme=false
05-02 20:50:25.756 2941 2941 V MediaPlayer: cleanDrmObj: mDrmObj=null mDrmSessionId=null
05-02 20:50:25.757 2941 2941 V MediaPlayer: resetDrmState: mDrmInfo=null mDrmProvisioningThread=null mPrepareDrmInProgress=false mActiveDrmScheme=false
05-02 20:50:25.757 2941 2941 V MediaPlayer: cleanDrmObj: mDrmObj=null mDrmSessionId=null
05-02 20:50:25.790 356 463 E display : updateScreen invalid drmfd
05-02 20:50:25.807 1314 1333 I MediaProvider: Using lower FS for /product/media/audio/ringtones/Glacial_Groove.ogg
05-02 20:50:25.808 383 812 D NuPlayerDriver: NuPlayerDriver(0xebec0510) created, clientPid(2941)
05-02 20:50:25.817 383 3006 D GenericSource: FileSource remote
05-02 20:50:25.828 422 2881 E Utils : did not find channel-count and/or sample-rate
05-02 20:50:25.831 422 2881 E Utils : did not find channel-count and/or sample-rate
05-02 20:50:25.844 2941 2941 D Ringtone: Successfully created local player
05-02 20:50:25.851 383 3005 I GenericSource: start
05-02 20:50:25.865 356 463 E display : updateScreen invalid drmfd
05-02 20:50:25.871 383 3011 D CCodec : allocate(c2.android.vorbis.decoder)
05-02 20:50:25.873 383 3011 I CCodec : setting up 'default' as default (vendor) store
05-02 20:50:25.874 444 503 V C2Store : in init
05-02 20:50:25.874 444 503 V C2Store : loading dll
05-02 20:50:25.877 383 3011 I CCodec : Created component [c2.android.vorbis.decoder]
05-02 20:50:25.877 383 3011 D CCodecConfig: read media type: audio/vorbis
05-02 20:50:25.880 383 3011 D ReflectedParamUpdater: extent() != 1 for single value type: algo.buffers.max-count.values
05-02 20:50:25.880 383 3011 D ReflectedParamUpdater: extent() != 1 for single value type: output.subscribed-indices.values
05-02 20:50:25.880 383 3011 D ReflectedParamUpdater: extent() != 1 for single value type: input.buffers.allocator-ids.values
05-02 20:50:25.880 383 3011 D ReflectedParamUpdater: extent() != 1 for single value type: output.buffers.allocator-ids.values
05-02 20:50:25.881 383 3011 D ReflectedParamUpdater: extent() != 1 for single value type: algo.buffers.allocator-ids.values
05-02 20:50:25.881 383 3011 D ReflectedParamUpdater: extent() != 1 for single value type: output.buffers.pool-ids.values
05-02 20:50:25.881 383 3011 D ReflectedParamUpdater: extent() != 1 for single value type: algo.buffers.pool-ids.values
05-02 20:50:25.883 383 3011 I CCodecConfig: query failed after returning 7 values (BAD_INDEX)
05-02 20:50:25.884 383 3011 D CCodecConfig: c2 config diff is Dict {
05-02 20:50:25.884 383 3011 D CCodecConfig: c2::u32 coded.bitrate.value = 64000
05-02 20:50:25.884 383 3011 D CCodecConfig: c2::u32 input.buffers.max-size.value = 32768
05-02 20:50:25.884 383 3011 D CCodecConfig: c2::u32 input.delay.value = 0
05-02 20:50:25.884 383 3011 D CCodecConfig: string input.media-type.value = "audio/vorbis"
05-02 20:50:25.884 383 3011 D CCodecConfig: string output.media-type.value = "audio/raw"
05-02 20:50:25.884 383 3011 D CCodecConfig: c2::u32 raw.channel-count.value = 1
05-02 20:50:25.884 383 3011 D CCodecConfig: c2::u32 raw.sample-rate.value = 48000
05-02 20:50:25.884 383 3011 D CCodecConfig: }
05-02 20:50:25.886 383 3011 D CCodec : [c2.android.vorbis.decoder] buffers are bound to CCodec for this session
05-02 20:50:25.886 383 3011 D CCodecConfig: no c2 equivalents for durationUs
05-02 20:50:25.886 383 3011 D CCodecConfig: no c2 equivalents for csd-1
05-02 20:50:25.886 383 3011 D CCodecConfig: no c2 equivalents for channel-mask
05-02 20:50:25.886 383 3011 D CCodecConfig: no c2 equivalents for streaming
05-02 20:50:25.886 383 3011 D CCodecConfig: no c2 equivalents for flags
05-02 20:50:25.887 383 3011 D CCodecConfig: c2 config diff is c2::u32 coded.bitrate.value = 70000
05-02 20:50:25.887 383 3011 D CCodecConfig: c2::u32 raw.sample-rate.value = 44100
05-02 20:50:25.889 383 3011 W Codec2Client: query -- param skipped: index = 1107298332.
05-02 20:50:25.889 383 3011 D CCodec : setup formats input: AMessage(what = 0x00000000) = {
05-02 20:50:25.889 383 3011 D CCodec : int32_t bitrate = 70000
05-02 20:50:25.889 383 3011 D CCodec : int32_t channel-count = 1
05-02 20:50:25.889 383 3011 D CCodec : int32_t max-input-size = 32768
05-02 20:50:25.889 383 3011 D CCodec : string mime = "audio/vorbis"
05-02 20:50:25.889 383 3011 D CCodec : int32_t sample-rate = 44100
05-02 20:50:25.889 383 3011 D CCodec : } and output: AMessage(what = 0x00000000) = {
05-02 20:50:25.889 383 3011 D CCodec : int32_t bitrate = 70000
05-02 20:50:25.889 383 3011 D CCodec : int32_t channel-count = 1
05-02 20:50:25.889 383 3011 D CCodec : string mime = "audio/raw"
05-02 20:50:25.889 383 3011 D CCodec : int32_t sample-rate = 44100
05-02 20:50:25.889 383 3011 D CCodec : int32_t channel-mask = 1
05-02 20:50:25.889 383 3011 D CCodec : }
05-02 20:50:25.889 383 3011 I MediaCodec: MediaCodec will operate in async mode
05-02 20:50:25.890 383 3011 W Codec2Client: query -- param skipped: index = 1342179345.
05-02 20:50:25.891 383 3011 W Codec2Client: query -- param skipped: index = 2415921170.
05-02 20:50:25.892 383 3011 E FMQ : grantorIdx must be less than 3
05-02 20:50:25.893 383 3011 E FMQ : grantorIdx must be less than 3
05-02 20:50:25.894 383 3011 D CCodecBufferChannel: [c2.android.vorbis.decoder#294] Created input block pool with allocatorID 16 => poolID 18 - OK (0)
05-02 20:50:25.895 444 839 D BufferPoolAccessor2.0: bufferpool2 0xb400ec177b588158 : 0(0 size) total buffers - 0(0 size) used buffers - 93/97 (recycle/alloc) - 4/96 (fetch/transfer)
05-02 20:50:25.895 444 839 D BufferPoolAccessor2.0: Destruction - bufferpool2 0xb400ec177b588158 cached: 0/0M, 0/0% in use; allocs: 97, 96% recycled; transfers: 96, 96% unfetched
05-02 20:50:25.901 444 444 E FMQ : grantorIdx must be less than 3
05-02 20:50:25.901 444 444 E FMQ : grantorIdx must be less than 3
05-02 20:50:25.903 383 1187 D BufferPoolAccessor2.0: bufferpool2 0xe8dc33e8 : 0(0 size) total buffers - 0(0 size) used buffers - 94/102 (recycle/alloc) - 8/198 (fetch/transfer)
05-02 20:50:25.904 383 1187 D BufferPoolAccessor2.0: Destruction - bufferpool2 0xe8dc33e8 cached: 0/0M, 0/0% in use; allocs: 102, 92% recycled; transfers: 198, 96% unfetched
05-02 20:50:25.904 1294 1487 D BufferPoolAccessor2.0: bufferpool2 0xb400e8f0943fe568 : 0(0 size) total buffers - 0(0 size) used buffers - 2/7 (recycle/alloc) - 5/100 (fetch/transfer)
05-02 20:50:25.905 1294 1487 D BufferPoolAccessor2.0: Destruction - bufferpool2 0xb400e8f0943fe568 cached: 0/0M, 0/0% in use; allocs: 7, 29% recycled; transfers: 100, 95% unfetched
05-02 20:50:25.908 1294 1487 D BufferPoolAccessor2.0: bufferpool2 0xb400e8f094402878 : 0(0 size) total buffers - 0(0 size) used buffers - 1/7 (recycle/alloc) - 6/62 (fetch/transfer)
05-02 20:50:25.909 1294 1487 D BufferPoolAccessor2.0: Destruction - bufferpool2 0xb400e8f094402878 cached: 0/0M, 0/0% in use; allocs: 7, 14% recycled; transfers: 62, 90% unfetched
05-02 20:50:25.912 383 3011 I CCodecBufferChannel: [c2.android.vorbis.decoder#294] Created output block pool with allocatorID 16 => poolID 30 - OK
05-02 20:50:25.912 1294 1487 D BufferPoolAccessor2.0: bufferpool2 0xb400e8f0943ff7e8 : 0(0 size) total buffers - 0(0 size) used buffers - 2/7 (recycle/alloc) - 5/64 (fetch/transfer)
05-02 20:50:25.913 1294 1487 D BufferPoolAccessor2.0: Destruction - bufferpool2 0xb400e8f0943ff7e8 cached: 0/0M, 0/0% in use; allocs: 7, 29% recycled; transfers: 64, 92% unfetched
05-02 20:50:25.913 383 3011 D CCodecBufferChannel: [c2.android.vorbis.decoder#294] Configured output block pool ids 30 => OK
05-02 20:50:25.941 356 463 E display : updateScreen invalid drmfd
05-02 20:50:25.945 444 3012 D SimpleC2Component: Using output block pool with poolID 30 => got 30 - 0
05-02 20:50:25.950 383 3011 E FMQ : grantorIdx must be less than 3
05-02 20:50:25.951 444 444 E FMQ : grantorIdx must be less than 3
05-02 20:50:25.960 444 3012 E FMQ : grantorIdx must be less than 3
05-02 20:50:25.961 383 1187 E FMQ : grantorIdx must be less than 3
05-02 20:50:25.963 383 3011 D CCodecBuffers: [c2.android.vorbis.decoder#294:Output[N]] popFromStashAndRegister: output format changed to AMessage(what = 0x00000000) = {
05-02 20:50:25.963 383 3011 D CCodecBuffers: int32_t bitrate = 70000
05-02 20:50:25.963 383 3011 D CCodecBuffers: int32_t channel-count = 1
05-02 20:50:25.963 383 3011 D CCodecBuffers: string mime = "audio/raw"
05-02 20:50:25.963 383 3011 D CCodecBuffers: int32_t sample-rate = 44100
05-02 20:50:25.963 383 3011 D CCodecBuffers: int32_t channel-mask = 1
05-02 20:50:25.963 383 3011 D CCodecBuffers: }
05-02 20:50:25.968 366 631 W ServiceManager: Permission failure: android.permission.MODIFY_PHONE_STATE from uid=10069 pid=2941
05-02 20:50:25.968 366 631 D PermissionCache: checking android.permission.MODIFY_PHONE_STATE for uid=10069 => denied (1441 us)
05-02 20:50:25.971 366 631 W ServiceManager: Permission failure: android.permission.WRITE_SECURE_SETTINGS from uid=10069 pid=2941
05-02 20:50:25.971 366 631 D PermissionCache: checking android.permission.WRITE_SECURE_SETTINGS for uid=10069 => denied (2770 us)
05-02 20:50:25.972 366 631 W ServiceManager: Permission failure: android.permission.MODIFY_AUDIO_ROUTING from uid=10069 pid=2941
05-02 20:50:25.973 366 631 D PermissionCache: checking android.permission.MODIFY_AUDIO_ROUTING for uid=10069 => denied (1673 us)
05-02 20:50:25.973 366 631 E ServiceUtilities: Request requires android.permission.MODIFY_PHONE_STATE or android.permission.WRITE_SECURE_SETTINGS
05-02 20:50:25.974 366 631 W AudioFlinger: createTrack_l(): mismatch between requested flags (00000008) and output flags (00000006)
05-02 20:50:25.975 366 631 D AudioFlinger: Client defaulted notificationFrames to 11025 for frameCount 22050
05-02 20:50:25.980 366 631 D AF::TrackHandle: OpPlayAudio: track:58 usage:6 not muted
05-02 20:50:26.005 383 3009 D AudioTrack: getTimestamp_l(11): device stall time corrected using current time 99911588125
05-02 20:50:26.008 356 463 E display : updateScreen invalid drmfd
05-02 20:50:26.013 525 2455 I system_server: oneway function results will be dropped but finished with status OK and parcel size 4
05-02 20:50:26.081 356 463 E display : updateScreen invalid drmfd
05-02 20:50:26.157 356 463 E display : updateScreen invalid drmfd
05-02 20:50:26.211 461 461 I chatty : uid=9999(nobody) /vendor/bin/gpsd expire 299 lines
05-02 20:50:26.238 356 463 E display : updateScreen invalid drmfd
05-02 20:50:26.293 356 463 I chatty : uid=1000(system) HwBinder:356_3 identical 16 lines
05-02 20:50:26.362 356 463 E display : updateScreen invalid drmfd
05-02 20:50:26.462 358 2380 D BufferPoolAccessor2.0: bufferpool2 0xb400f2b00bcb6a38 : 12(31322112 size) total buffers - 4(14544896 size) used buffers - 384/399 (recycle/alloc) - 14/395 (fetch/transfer)
05-02 20:50:27.144 356 463 E display : updateScreen invalid drmfd
05-02 20:50:27.185 356 463 E display : updateScreen invalid drmfd
05-02 20:50:27.256 356 463 E display : updateScreen invalid drmfd
05-02 20:50:27.667 356 463 E display : updateScreen invalid drmfd
05-02 20:50:27.987 383 812 D NuPlayerDriver: reset(0xebec0510) at state 5
05-02 20:50:27.989 366 454 W APM::AudioPolicyEngine: getDevicesForStrategy() unknown strategy: -1
05-02 20:50:27.992 383 3011 I hw-BpHwBinder: onLastStrongRef automatically unlinking death recipients
05-02 20:50:27.992 444 839 I hw-BpHwBinder: onLastStrongRef automatically unlinking death recipients
05-02 20:50:27.993 444 839 V C2Store : in ~ComponentModule
05-02 20:50:27.993 444 839 V C2Store : unloading dll
05-02 20:50:27.999 383 3005 D NuPlayerDriver: notifyResetComplete(0xebec0510)
05-02 20:50:28.000 383 812 D NuPlayerDriver: reset(0xebec0510) at state 0
05-02 20:50:28.001 525 2455 I system_server: oneway function results will be dropped but finished with status OK and parcel size 4
05-02 20:50:28.001 2941 2941 V MediaPlayer: resetDrmState: mDrmInfo=null mDrmProvisioningThread=null mPrepareDrmInProgress=false mActiveDrmScheme=false
05-02 20:50:28.001 2941 2941 V MediaPlayer: cleanDrmObj: mDrmObj=null mDrmSessionId=null
05-02 20:50:28.001 2941 2941 V MediaPlayer: resetDrmState: mDrmInfo=null mDrmProvisioningThread=null mPrepareDrmInProgress=false mActiveDrmScheme=false
05-02 20:50:28.001 2941 2941 V MediaPlayer: cleanDrmObj: mDrmObj=null mDrmSessionId=null
05-02 20:50:28.003 383 812 D AudioTrack: stop(11): called with 0 frames delivered
05-02 20:50:28.011 525 2455 I wm_finish_activity: [0,62755648,21,com.android.soundpicker/.RingtonePickerActivity,app-request]
05-02 20:50:28.014 525 2455 I wm_set_resumed_activity: [0,com.android.soundpicker/.RingtonePickerActivity,resumeTopActivityInnerLocked]
05-02 20:50:28.015 525 2455 I wm_resume_activity: [0,63543079,21,com.android.soundpicker/.RingtonePickerActivity]
05-02 20:50:28.020 525 2455 I wm_destroy_activity: [0,62755648,21,com.android.soundpicker/.RingtonePickerActivity,finish-imm:finishIfPossible]
05-02 20:50:28.035 356 463 E display : updateScreen invalid drmfd
05-02 20:50:28.064 2941 2941 I wm_on_resume_called: [63543079,com.android.soundpicker.RingtonePickerActivity,RESUME_ACTIVITY]
05-02 20:50:28.064 2941 2941 I wm_on_top_resumed_gained_called: [63543079,com.android.soundpicker.RingtonePickerActivity,topWhenResuming]
05-02 20:50:28.071 2941 2941 I wm_on_paused_called: [62755648,com.android.soundpicker.RingtonePickerActivity,performPause]
05-02 20:50:28.076 356 463 E display : updateScreen invalid drmfd
05-02 20:50:28.108 366 446 W APM::AudioPolicyEngine: getDevicesForStrategy() unknown strategy: -1
05-02 20:50:28.109 525 824 I system_server: oneway function results will be dropped but finished with status OK and parcel size 4
05-02 20:50:28.113 2941 2941 I wm_on_stop_called: [62755648,com.android.soundpicker.RingtonePickerActivity,LIFECYCLER_STOP_ACTIVITY]
05-02 20:50:28.134 356 463 E display : updateScreen invalid drmfd
05-02 20:50:28.135 2941 2941 I wm_on_destroy_called: [62755648,com.android.soundpicker.RingtonePickerActivity,performDestroy]
05-02 20:50:28.138 2941 2967 E Surface : IGraphicBufferProducer::setBufferCount(0) returned Invalid argument
05-02 20:50:28.139 2941 2967 D OpenGLRenderer: endAllActiveAnimators on 0xb400e8f0b4401e90 (RippleDrawable) with handle 0xb400e8efd4404cc0
05-02 20:50:28.154 369 369 I sf_frame_dur: [com.android.soundpicker/com.android.soundpicker.RingtonePickerActivity#0,0,2,15,7,2,2,0]
05-02 20:50:28.167 366 446 W APM::AudioPolicyEngine: getDevicesForStrategy() unknown strategy: -1
05-02 20:50:28.173 525 824 I system_server: oneway function results will be dropped but finished with status OK and parcel size 4
05-02 20:50:28.192 356 463 E display : updateScreen invalid drmfd
05-02 20:50:28.247 356 463 E display : updateScreen invalid drmfd
05-02 20:50:28.362 356 463 E display : updateScreen invalid drmfd
05-02 20:50:30.895 444 666 D BufferPoolAccessor2.0: evictor expired: 1, evicted: 0
05-02 20:50:30.906 1294 1765 D BufferPoolAccessor2.0: evictor expired: 1, evicted: 0
05-02 20:50:31.150 0 0 E tlv320aic31xx-codec 1-0018: ##Divyesh tlv Enter : aic31xx_dac_mute
05-02 20:50:31.157 0 0 E tlv320aic31xx-codec 1-0018: ##Divyesh tlv Enter : aic31xx_dac_mute >> if function > mute
05-02 20:50:31.168 345 398 W audio_hw_primary: do_out_standby... 0xf16c33a0
05-02 20:50:31.169 525 824 I system_server: oneway function results will be dropped but finished with status OK and parcel size 4
05-02 20:50:31.893 383 1263 D BufferPoolAccessor2.0: evictor expired: 1, evicted: 0
05-02 20:50:31.906 1294 1765 D BufferPoolAccessor2.0: evictor expired: 2, evicted: 0
05-02 20:50:32.674 2941 2941 W Choreographer: Frame time is 0.282416 ms in the future! Check that graphics HAL is generating vsync timestamps using the correct timebase.
05-02 20:50:32.692 356 463 E display : updateScreen invalid drmfd
05-02 20:50:32.704 345 1272 I audio_hw_primary: start_output_stream: primary: 1, out: 0xf16c33a0, device: 2, address: , mode: 0, flags 0x2
05-02 20:50:32.705 345 1272 I audio_hw_primary: select_output_device(), headphone 0 ,headset 0 ,speaker 2
05-02 20:50:32.705 345 1272 D audio_hw_primary: start_output_stream: pcm_open: card: 0, pcm_device_id: 0, rate: 48000, channel: 2, format: 0, period_size: 0xc0, flag: 9
05-02 20:50:32.706 525 824 I system_server: oneway function results will be dropped but finished with status OK and parcel size 4
05-02 20:50:32.708 525 824 I system_server: oneway function results will be dropped but finished with status OK and parcel size 4
05-02 20:50:32.709 0 0 E tlv320aic31xx-codec 1-0018: ##Divyesh tlv aic31xx_hw_params: width 16 rate 48000
05-02 20:50:32.721 0 0 E tlv320aic31xx-codec 1-0018: ##Divyesh tlv pll 8.1920/1 dosr 128 n 8 m 2 aosr 128 n 8 m 2 bclk_n 8
05-02 20:50:32.729 356 463 E display : updateScreen invalid drmfd
05-02 20:50:32.732 0 0 E fsl-sai 30010000.sai: Divyesh tlv > ratio 8 for freq 1536000Hz based on clock 12288000Hz
05-02 20:50:32.732 2941 2941 W Ringtone: Use of stream types is deprecated for operations other than volume control
05-02 20:50:32.733 2941 2941 W Ringtone: See the documentation of setStreamType() for what to use instead with android.media.AudioAttributes to qualify your playback use case
05-02 20:50:32.741 0 0 E fsl-sai 30010000.sai: Divyesh tlv best fit: clock id=1, ratio=8, deviation=0
05-02 20:50:32.755 0 0 E tlv320aic31xx-codec 1-0018: ##Divyesh tlv Enter : aic31xx_dac_mute
05-02 20:50:32.763 0 0 E tlv320aic31xx-codec 1-0018: ##Divyesh tlv Enter : aic31xx_dac_mute >> Else function > unmute
05-02 20:50:32.767 1314 1333 I MediaProvider: Using lower FS for /product/media/audio/ringtones/Glacial_Groove.ogg
05-02 20:50:32.769 356 463 E display : updateScreen invalid drmfd
05-02 20:50:32.776 383 812 D NuPlayerDriver: NuPlayerDriver(0xebec0830) created, clientPid(2941)
05-02 20:50:32.790 383 3086 D GenericSource: FileSource remote
05-02 20:50:32.797 358 2380 D BufferPoolAccessor2.0: bufferpool2 0xb400f2b00bcb6a38 : 12(31322112 size) total buffers - 4(14544896 size) used buffers - 421/436 (recycle/alloc) - 14/432 (fetch/transfer)
05-02 20:50:32.800 422 502 E Utils : did not find channel-count and/or sample-rate
05-02 20:50:32.801 422 659 E Utils : did not find channel-count and/or sample-rate
05-02 20:50:32.817 2941 2941 D Ringtone: Successfully created local player
05-02 20:50:32.820 383 812 D NuPlayerDriver: reset(0xebec0830) at state 4
05-02 20:50:32.822 383 3085 D NuPlayerDriver: notifyResetComplete(0xebec0830)
05-02 20:50:32.827 383 2123 D NuPlayerDriver: reset(0xebec0830) at state 0
05-02 20:50:32.829 2941 2941 V MediaPlayer: resetDrmState: mDrmInfo=null mDrmProvisioningThread=null mPrepareDrmInProgress=false mActiveDrmScheme=false
05-02 20:50:32.830 2941 2941 V MediaPlayer: cleanDrmObj: mDrmObj=null mDrmSessionId=null
05-02 20:50:32.830 2941 2941 V MediaPlayer: resetDrmState: mDrmInfo=null mDrmProvisioningThread=null mPrepareDrmInProgress=false mActiveDrmScheme=false
05-02 20:50:32.831 2941 2941 V MediaPlayer: cleanDrmObj: mDrmObj=null mDrmSessionId=null
05-02 20:50:32.847 356 463 E display : updateScreen invalid drmfd
05-02 20:50:32.863 1314 1333 I MediaProvider: Using lower FS for /product/media/audio/ringtones/Glacial_Groove.ogg
05-02 20:50:32.866 383 2123 D NuPlayerDriver: NuPlayerDriver(0xebec0290) created, clientPid(2941)
05-02 20:50:32.892 383 3091 D GenericSource: FileSource remote
05-02 20:50:32.908 422 659 E Utils : did not find channel-count and/or sample-rate
05-02 20:50:32.910 356 463 E display : updateScreen invalid drmfd
05-02 20:50:32.911 422 659 E Utils : did not find channel-count and/or sample-rate
05-02 20:50:32.919 2941 2941 D Ringtone: Successfully created local player
05-02 20:50:32.921 383 3090 I GenericSource: start
05-02 20:50:32.928 383 3095 D CCodec : allocate(c2.android.vorbis.decoder)
05-02 20:50:32.930 383 3095 I CCodec : setting up 'default' as default (vendor) store
05-02 20:50:32.930 444 839 V C2Store : in init
05-02 20:50:32.930 444 839 V C2Store : loading dll
05-02 20:50:32.934 383 3095 I CCodec : Created component [c2.android.vorbis.decoder]
05-02 20:50:32.934 383 3095 D CCodecConfig: read media type: audio/vorbis
05-02 20:50:32.938 383 3095 D ReflectedParamUpdater: extent() != 1 for single value type: algo.buffers.max-count.values
05-02 20:50:32.939 383 3095 D ReflectedParamUpdater: extent() != 1 for single value type: output.subscribed-indices.values
05-02 20:50:32.940 383 3095 D ReflectedParamUpdater: extent() != 1 for single value type: input.buffers.allocator-ids.values
05-02 20:50:32.941 383 3095 D ReflectedParamUpdater: extent() != 1 for single value type: output.buffers.allocator-ids.values
05-02 20:50:32.942 383 3095 D ReflectedParamUpdater: extent() != 1 for single value type: algo.buffers.allocator-ids.values
05-02 20:50:32.944 383 3095 D ReflectedParamUpdater: extent() != 1 for single value type: output.buffers.pool-ids.values
05-02 20:50:32.952 383 3095 D ReflectedParamUpdater: extent() != 1 for single value type: algo.buffers.pool-ids.values
05-02 20:50:32.959 383 3095 I CCodecConfig: query failed after returning 7 values (BAD_INDEX)
05-02 20:50:32.962 383 3095 D CCodecConfig: c2 config diff is Dict {
05-02 20:50:32.962 383 3095 D CCodecConfig: c2::u32 coded.bitrate.value = 64000
05-02 20:50:32.962 383 3095 D CCodecConfig: c2::u32 input.buffers.max-size.value = 32768
05-02 20:50:32.962 383 3095 D CCodecConfig: c2::u32 input.delay.value = 0
05-02 20:50:32.962 383 3095 D CCodecConfig: string input.media-type.value = "audio/vorbis"
05-02 20:50:32.962 383 3095 D CCodecConfig: string output.media-type.value = "audio/raw"
05-02 20:50:32.962 383 3095 D CCodecConfig: c2::u32 raw.channel-count.value = 1
05-02 20:50:32.962 383 3095 D CCodecConfig: c2::u32 raw.sample-rate.value = 48000
05-02 20:50:32.962 383 3095 D CCodecConfig: }
05-02 20:50:32.965 366 446 W APM::AudioPolicyEngine: getDevicesForStrategy() unknown strategy: -1
05-02 20:50:32.971 525 824 I system_server: oneway function results will be dropped but finished with status OK and parcel size 4
05-02 20:50:32.972 383 3095 D CCodec : [c2.android.vorbis.decoder] buffers are bound to CCodec for this session
05-02 20:50:32.973 383 3095 D CCodecConfig: no c2 equivalents for durationUs
05-02 20:50:32.973 356 463 E display : updateScreen invalid drmfd
05-02 20:50:32.973 383 3095 D CCodecConfig: no c2 equivalents for csd-1
05-02 20:50:32.973 383 3095 D CCodecConfig: no c2 equivalents for channel-mask
05-02 20:50:32.973 383 3095 D CCodecConfig: no c2 equivalents for streaming
05-02 20:50:32.973 383 3095 D CCodecConfig: no c2 equivalents for flags
05-02 20:50:32.974 383 3095 D CCodecConfig: c2 config diff is c2::u32 coded.bitrate.value = 70000
05-02 20:50:32.974 383 3095 D CCodecConfig: c2::u32 raw.sample-rate.value = 44100
05-02 20:50:32.977 383 3095 W Codec2Client: query -- param skipped: index = 1107298332.
05-02 20:50:32.977 383 3095 D CCodec : setup formats input: AMessage(what = 0x00000000) = {
05-02 20:50:32.977 383 3095 D CCodec : int32_t bitrate = 70000
05-02 20:50:32.977 383 3095 D CCodec : int32_t channel-count = 1
05-02 20:50:32.977 383 3095 D CCodec : int32_t max-input-size = 32768
05-02 20:50:32.977 383 3095 D CCodec : string mime = "audio/vorbis"
05-02 20:50:32.977 383 3095 D CCodec : int32_t sample-rate = 44100
05-02 20:50:32.977 383 3095 D CCodec : } and output: AMessage(what = 0x00000000) = {
05-02 20:50:32.977 383 3095 D CCodec : int32_t bitrate = 70000
05-02 20:50:32.977 383 3095 D CCodec : int32_t channel-count = 1
05-02 20:50:32.977 383 3095 D CCodec : string mime = "audio/raw"
05-02 20:50:32.977 383 3095 D CCodec : int32_t sample-rate = 44100
05-02 20:50:32.977 383 3095 D CCodec : int32_t channel-mask = 1
05-02 20:50:32.977 383 3095 D CCodec : }
05-02 20:50:32.979 383 3095 I MediaCodec: MediaCodec will operate in async mode
05-02 20:50:32.981 383 3095 W Codec2Client: query -- param skipped: index = 1342179345.
05-02 20:50:32.981 383 3095 W Codec2Client: query -- param skipped: index = 2415921170.
05-02 20:50:32.983 383 3095 E FMQ : grantorIdx must be less than 3
05-02 20:50:32.983 383 3095 E FMQ : grantorIdx must be less than 3
05-02 20:50:32.983 383 3095 D CCodecBufferChannel: [c2.android.vorbis.decoder#25] Created input block pool with allocatorID 16 => poolID 19 - OK (0)
05-02 20:50:32.985 444 839 E FMQ : grantorIdx must be less than 3
05-02 20:50:32.985 444 839 E FMQ : grantorIdx must be less than 3
05-02 20:50:32.986 383 3095 I CCodecBufferChannel: [c2.android.vorbis.decoder#25] Created output block pool with allocatorID 16 => poolID 31 - OK
05-02 20:50:32.986 383 3095 D CCodecBufferChannel: [c2.android.vorbis.decoder#25] Configured output block pool ids 31 => OK
05-02 20:50:33.018 444 3096 D SimpleC2Component: Using output block pool with poolID 31 => got 31 - 0
05-02 20:50:33.030 383 3095 E FMQ : grantorIdx must be less than 3
05-02 20:50:33.032 444 839 E FMQ : grantorIdx must be less than 3
05-02 20:50:33.039 356 463 E display : updateScreen invalid drmfd
05-02 20:50:33.051 444 3096 E FMQ : grantorIdx must be less than 3
05-02 20:50:33.053 383 1334 E FMQ : grantorIdx must be less than 3
05-02 20:50:33.055 383 3095 D CCodecBuffers: [c2.android.vorbis.decoder#25:Output[N]] popFromStashAndRegister: output format changed to AMessage(what = 0x00000000) = {
05-02 20:50:33.055 383 3095 D CCodecBuffers: int32_t bitrate = 70000
05-02 20:50:33.055 383 3095 D CCodecBuffers: int32_t channel-count = 1
05-02 20:50:33.055 383 3095 D CCodecBuffers: string mime = "audio/raw"
05-02 20:50:33.055 383 3095 D CCodecBuffers: int32_t sample-rate = 44100
05-02 20:50:33.055 383 3095 D CCodecBuffers: int32_t channel-mask = 1
05-02 20:50:33.055 383 3095 D CCodecBuffers: }
05-02 20:50:33.059 366 455 E ServiceUtilities: Request requires android.permission.MODIFY_PHONE_STATE or android.permission.WRITE_SECURE_SETTINGS
05-02 20:50:33.060 366 455 W AudioFlinger: createTrack_l(): mismatch between requested flags (00000008) and output flags (00000006)
05-02 20:50:33.060 366 455 D AudioFlinger: Client defaulted notificationFrames to 11025 for frameCount 22050
05-02 20:50:33.071 366 455 D AF::TrackHandle: OpPlayAudio: track:59 usage:6 not muted
05-02 20:50:33.081 366 631 W APM::AudioPolicyEngine: getDevicesForStrategy() unknown strategy: -1
05-02 20:50:33.083 383 3093 D AudioTrack: getTimestamp_l(12): device stall time corrected using current time 106989658625
05-02 20:50:33.086 525 824 I system_server: oneway function results will be dropped but finished with status OK and parcel size 4
05-02 20:50:33.107 356 463 E display : updateScreen invalid drmfd
05-02 20:50:33.165 356 463 E display : updateScreen invalid drmfd
05-02 20:50:33.230 356 463 E display : updateScreen invalid drmfd
05-02 20:50:33.293 356 463 E display : updateScreen invalid drmfd
05-02 20:50:33.412 356 463 E display : updateScreen invalid drmfd
05-02 20:50:33.894 383 1263 D BufferPoolAccessor2.0: bufferpool2 0xe8dc0fe8 : 0(0 size) total buffers - 0(0 size) used buffers - 285/293 (recycle/alloc) - 8/584 (fetch/transfer)
05-02 20:50:33.894 383 1263 D BufferPoolAccessor2.0: evictor expired: 1, evicted: 1
05-02 20:50:33.896 444 666 D BufferPoolAccessor2.0: bufferpool2 0xb400ec177b588a98 : 0(0 size) total buffers - 0(0 size) used buffers - 286/290 (recycle/alloc) - 4/289 (fetch/transfer)
05-02 20:50:33.896 444 666 D BufferPoolAccessor2.0: evictor expired: 1, evicted: 1
05-02 20:50:34.290 356 463 E display : updateScreen invalid drmfd
05-02 20:50:34.568 356 463 E display : updateScreen invalid drmfd
05-02 20:50:34.606 383 812 D NuPlayerDriver: reset(0xebec0290) at state 5
05-02 20:50:34.608 366 455 W APM::AudioPolicyEngine: getDevicesForStrategy() unknown strategy: -1
05-02 20:50:34.613 383 3095 D CCodecBuffers: [c2.android.vorbis.decoder#25:1D-Output.Impl[N]] Client returned a buffer it does not own according to our record: 0
05-02 20:50:34.613 383 3095 D CCodecBuffers: [c2.android.vorbis.decoder#25:1D-Output.Impl[N]] Client returned a buffer it does not own according to our record: 1
05-02 20:50:34.613 383 3095 D CCodecBuffers: [c2.android.vorbis.decoder#25:1D-Output.Impl[N]] Client returned a buffer it does not own according to our record: 2
05-02 20:50:34.616 383 3095 I hw-BpHwBinder: onLastStrongRef automatically unlinking death recipients
05-02 20:50:34.617 444 839 I hw-BpHwBinder: onLastStrongRef automatically unlinking death recipients
05-02 20:50:34.622 444 839 V C2Store : in ~ComponentModule
05-02 20:50:34.624 444 839 V C2Store : unloading dll
05-02 20:50:34.626 525 824 I system_server: oneway function results will be dropped but finished with status OK and parcel size 4
05-02 20:50:34.628 383 3090 D NuPlayerDriver: notifyResetComplete(0xebec0290)
05-02 20:50:34.630 383 812 D NuPlayerDriver: reset(0xebec0290) at state 0
05-02 20:50:34.630 356 463 E display : updateScreen invalid drmfd
05-02 20:50:34.635 2941 2941 V MediaPlayer: resetDrmState: mDrmInfo=null mDrmProvisioningThread=null mPrepareDrmInProgress=false mActiveDrmScheme=false
05-02 20:50:34.636 2941 2941 V MediaPlayer: cleanDrmObj: mDrmObj=null mDrmSessionId=null
05-02 20:50:34.636 2941 2941 V MediaPlayer: resetDrmState: mDrmInfo=null mDrmProvisioningThread=null mPrepareDrmInProgress=false mActiveDrmScheme=false
05-02 20:50:34.637 2941 2941 V MediaPlayer: cleanDrmObj: mDrmObj=null mDrmSessionId=null
05-02 20:50:34.637 383 812 D AudioTrack: stop(12): called with 0 frames delivered
05-02 20:50:34.651 525 824 I wm_finish_activity: [0,63543079,21,com.android.soundpicker/.RingtonePickerActivity,app-request]
05-02 20:50:34.654 369 425 D PermissionCache: checking android.permission.READ_FRAME_BUFFER for uid=1000 => granted (296 us)
05-02 20:50:34.655 355 987 I gralloc_driver: is_supported check descriptor name=screenshot, width=1920, height=1080, droid_format=RGBA8888, usage=CPU_READ_OFTEN|CPU_WRITE_OFTEN|GPU_RENDER_TARGET|GPU_TEXTURE
05-02 20:50:34.693 356 463 E display : updateScreen invalid drmfd
05-02 20:50:34.738 366 446 W APM::AudioPolicyEngine: getDevicesForStrategy() unknown strategy: -1
05-02 20:50:34.738 525 2455 I system_server: oneway function results will be dropped but finished with status OK and parcel size 4
05-02 20:50:34.768 356 463 E display : updateScreen invalid drmfd
05-02 20:50:34.773 366 446 W APM::AudioPolicyEngine: getDevicesForStrategy() unknown strategy: -1
05-02 20:50:34.777 525 2455 I system_server: oneway function results will be dropped but finished with status OK and parcel size 4
05-02 20:50:34.816 525 824 I wm_pause_activity: [0,63543079,com.android.soundpicker/.RingtonePickerActivity,userLeaving=false]
05-02 20:50:34.835 525 546 W system_server: Long monitor contention with owner Binder:525_7 (824) at boolean com.android.server.wm.ActivityTaskManagerService.finishActivity(android.os.IBinder, int, android.content.Intent, int)(ActivityTaskManagerService.java:1759) waiters=0 in void com.android.server.wm.InputMonitor$UpdateInputWindows.run() for 184ms
05-02 20:50:34.837 525 546 I dvm_lock_sample: [system_server,1,android.anim,184,InputMonitor.java,127,void com.android.server.wm.InputMonitor$UpdateInputWindows.run(),ActivityTaskManagerService.java,1759,boolean com.android.server.wm.ActivityTaskManagerService.finishActivity(android.os.IBinder, int, android.content.Intent, int),36]
05-02 20:50:34.846 356 463 E display : updateScreen invalid drmfd
05-02 20:50:34.896 2941 2941 I wm_on_top_resumed_lost_called: [63543079,com.android.soundpicker.RingtonePickerActivity,topStateChangedWhenResumed]
05-02 20:50:34.901 2941 2941 I wm_on_paused_called: [63543079,com.android.soundpicker.RingtonePickerActivity,performPause]
05-02 20:50:34.917 525 824 I wm_set_resumed_activity: [0,com.android.settings/.SubSettings,resumeTopActivityInnerLocked]
05-02 20:50:34.919 525 824 I wm_resume_activity: [0,213626675,21,com.android.settings/.SubSettings]
05-02 20:50:34.931 525 824 I wm_destroy_activity: [0,63543079,21,com.android.soundpicker/.RingtonePickerActivity,finish-imm:completePausedLocked]
05-02 20:50:34.962 525 552 I am_uid_idle: 10065
05-02 20:50:35.012 2941 2941 I wm_on_stop_called: [63543079,com.android.soundpicker.RingtonePickerActivity,LIFECYCLER_STOP_ACTIVITY]
05-02 20:50:35.027 356 463 E display : updateScreen invalid drmfd
05-02 20:50:35.038 525 545 I sysui_multi_action: [757,803,799,window_time_0,802,12]
05-02 20:50:35.040 2941 2941 I wm_on_destroy_called: [63543079,com.android.soundpicker.RingtonePickerActivity,performDestroy]
05-02 20:50:35.054 2941 2967 E Surface : IGraphicBufferProducer::setBufferCount(0) returned Invalid argument
05-02 20:50:35.070 2941 2967 D OpenGLRenderer: endAllActiveAnimators on 0xb400e8f0b4423df0 (RippleDrawable) with handle 0xb400e8efd4423380
05-02 20:50:35.094 356 463 E display : updateScreen invalid drmfd
05-02 20:50:35.153 356 463 E display : updateScreen invalid drmfd
05-02 20:50:35.153 685 737 I ndroid.systemu: Waiting for a blocking GC ProfileSaver
05-02 20:50:35.182 1314 1333 I MediaProvider: Using lower FS for /product/media/audio/ringtones/Glacial_Groove.ogg
05-02 20:50:35.219 2015 2015 I wm_on_activity_result_called: [213626675,com.android.settings.SubSettings,ACTIVITY_RESULT]
05-02 20:50:35.220 2015 2015 I wm_on_activity_result_called: [213626675,com.android.settings.SubSettings,ACTIVITY_RESULT]
05-02 20:50:35.222 356 463 E display : updateScreen invalid drmfd
05-02 20:50:35.228 2015 2015 I wm_on_resume_called: [213626675,com.android.settings.SubSettings,RESUME_ACTIVITY]
05-02 20:50:35.277 356 463 E display : updateScreen invalid drmfd
05-02 20:50:35.299 525 598 I commit_sys_config_file: [settings-1-0,91]
05-02 20:50:35.310 369 369 I sf_frame_dur: [com.android.soundpicker/com.android.soundpicker.RingtonePickerActivity#1,0,8,17,6,0,2,2]
05-02 20:50:35.322 2015 2015 I sysui_multi_action: [757,336,758,1,833,35,1089,0]
05-02 20:50:35.412 356 463 E display : updateScreen invalid drmfd
05-02 20:50:35.446 383 812 D NuPlayerDriver: NuPlayerDriver(0xebec0830) created, clientPid(2015)
05-02 20:50:35.457 525 551 I am_pss : [2015,1000,com.android.settings,45178880,31158272,0,186892288,0,2,21]
05-02 20:50:35.468 356 463 E display : updateScreen invalid drmfd
05-02 20:50:35.469 383 812 D NuPlayerDriver: NuPlayerDriver(0xebec0290) created, clientPid(2015)
05-02 20:50:35.477 525 551 I am_pss : [1798,10112,com.android.inputmethod.latin,14843904,7864320,0,131612672,0,7,12]
05-02 20:50:35.486 383 2123 D NuPlayerDriver: NuPlayerDriver(0xebec0510) created, clientPid(2015)
05-02 20:50:35.500 383 2122 D NuPlayerDriver: NuPlayerDriver(0xebec0e70) created, clientPid(2015)
05-02 20:50:35.514 383 3138 D GenericSource: FileSource remote
05-02 20:50:35.527 383 3139 D GenericSource: FileSource remote
05-02 20:50:35.528 2015 2015 I wm_on_top_resumed_gained_called: [213626675,com.android.settings.SubSettings,topWhenResuming]
05-02 20:50:35.533 422 659 E Utils : did not find channel-count and/or sample-rate
05-02 20:50:35.534 422 659 E Utils : did not find channel-count and/or sample-rate
05-02 20:50:35.540 2015 3135 D Ringtone: Successfully created local player
05-02 20:50:35.540 2015 3135 W Ringtone: Use of stream types is deprecated for operations other than volume control
05-02 20:50:35.540 2015 3135 W Ringtone: See the documentation of setStreamType() for what to use instead with android.media.AudioAttributes to qualify your playback use case
05-02 20:50:35.541 383 812 D NuPlayerDriver: reset(0xebec0e70) at state 4
05-02 20:50:35.542 383 3137 D NuPlayerDriver: notifyResetComplete(0xebec0e70)
05-02 20:50:35.544 383 812 D NuPlayerDriver: reset(0xebec0e70) at state 0
05-02 20:50:35.545 2015 3135 V MediaPlayer: resetDrmState: mDrmInfo=null mDrmProvisioningThread=null mPrepareDrmInProgress=false mActiveDrmScheme=false
05-02 20:50:35.545 2015 3135 V MediaPlayer: cleanDrmObj: mDrmObj=null mDrmSessionId=null
05-02 20:50:35.546 2015 3135 V MediaPlayer: resetDrmState: mDrmInfo=null mDrmProvisioningThread=null mPrepareDrmInProgress=false mActiveDrmScheme=false
05-02 20:50:35.546 2015 3135 V MediaPlayer: cleanDrmObj: mDrmObj=null mDrmSessionId=null
05-02 20:50:35.551 383 3141 D GenericSource: FileSource remote
05-02 20:50:35.554 383 3132 D GenericSource: FileSource remote
05-02 20:50:35.563 422 659 E Utils : did not find channel-count and/or sample-rate
05-02 20:50:35.565 422 659 E Utils : did not find channel-count and/or sample-rate
05-02 20:50:35.589 422 2881 E Utils : did not find channel-count and/or sample-rate
05-02 20:50:35.591 422 659 E Utils : did not find channel-count and/or sample-rate
05-02 20:50:35.599 356 463 E display : updateScreen invalid drmfd
05-02 20:50:35.603 2015 3123 D Ringtone: Successfully created local player
05-02 20:50:35.603 2015 3123 W Ringtone: Use of stream types is deprecated for operations other than volume control
05-02 20:50:35.603 2015 3123 W Ringtone: See the documentation of setStreamType() for what to use instead with android.media.AudioAttributes to qualify your playback use case
05-02 20:50:35.603 383 2122 D NuPlayerDriver: reset(0xebec0830) at state 4
05-02 20:50:35.606 383 3128 D NuPlayerDriver: notifyResetComplete(0xebec0830)
05-02 20:50:35.607 383 2122 D NuPlayerDriver: reset(0xebec0830) at state 0
05-02 20:50:35.609 2015 3126 D Ringtone: Successfully created local player
05-02 20:50:35.609 2015 3126 W Ringtone: Use of stream types is deprecated for operations other than volume control
05-02 20:50:35.610 2015 3126 W Ringtone: See the documentation of setStreamType() for what to use instead with android.media.AudioAttributes to qualify your playback use case
05-02 20:50:35.611 2015 3123 V MediaPlayer: resetDrmState: mDrmInfo=null mDrmProvisioningThread=null mPrepareDrmInProgress=false mActiveDrmScheme=false
05-02 20:50:35.611 2015 3123 V MediaPlayer: cleanDrmObj: mDrmObj=null mDrmSessionId=null
05-02 20:50:35.611 2015 3123 V MediaPlayer: resetDrmState: mDrmInfo=null mDrmProvisioningThread=null mPrepareDrmInProgress=false mActiveDrmScheme=false
05-02 20:50:35.611 2015 3123 V MediaPlayer: cleanDrmObj: mDrmObj=null mDrmSessionId=null
05-02 20:50:35.611 383 2121 D NuPlayerDriver: reset(0xebec0510) at state 4
05-02 20:50:35.614 383 3134 D NuPlayerDriver: notifyResetComplete(0xebec0510)
05-02 20:50:35.624 383 2121 D NuPlayerDriver: reset(0xebec0510) at state 0
05-02 20:50:35.629 2015 3126 V MediaPlayer: resetDrmState: mDrmInfo=null mDrmProvisioningThread=null mPrepareDrmInProgress=false mActiveDrmScheme=false
05-02 20:50:35.630 2015 3126 V MediaPlayer: cleanDrmObj: mDrmObj=null mDrmSessionId=null
05-02 20:50:35.631 2015 3126 V MediaPlayer: resetDrmState: mDrmInfo=null mDrmProvisioningThread=null mPrepareDrmInProgress=false mActiveDrmScheme=false
05-02 20:50:35.631 2015 3126 V MediaPlayer: cleanDrmObj: mDrmObj=null mDrmSessionId=null
05-02 20:50:35.631 422 422 E Utils : did not find channel-count and/or sample-rate
05-02 20:50:35.632 356 463 E display : updateScreen invalid drmfd
05-02 20:50:35.649 422 422 E Utils : did not find channel-count and/or sample-rate
05-02 20:50:35.661 356 463 E display : updateScreen invalid drmfd
05-02 20:50:35.677 383 2121 D NuPlayerDriver: NuPlayerDriver(0xebec0f10) created, clientPid(2015)
05-02 20:50:35.681 383 2122 D NuPlayerDriver: NuPlayerDriver(0xebec0dd0) created, clientPid(2015)
05-02 20:50:35.684 383 812 D NuPlayerDriver: NuPlayerDriver(0xebec0510) created, clientPid(2015)
05-02 20:50:35.721 383 3155 D GenericSource: FileSource remote
05-02 20:50:35.728 356 463 E display : updateScreen invalid drmfd
05-02 20:50:35.738 2015 3125 D Ringtone: Successfully created local player
05-02 20:50:35.739 2015 3125 W Ringtone: Use of stream types is deprecated for operations other than volume control
05-02 20:50:35.739 2015 3125 W Ringtone: See the documentation of setStreamType() for what to use instead with android.media.AudioAttributes to qualify your playback use case
05-02 20:50:35.741 383 2123 D NuPlayerDriver: reset(0xebec0290) at state 4
05-02 20:50:35.745 383 3131 D NuPlayerDriver: notifyResetComplete(0xebec0290)
05-02 20:50:35.762 356 463 E display : updateScreen invalid drmfd
05-02 20:50:35.786 383 2122 D NuPlayerDriver: reset(0xebec0290) at state 0
05-02 20:50:35.794 383 3157 D GenericSource: FileSource remote
05-02 20:50:35.803 2015 3125 V MediaPlayer: resetDrmState: mDrmInfo=null mDrmProvisioningThread=null mPrepareDrmInProgress=false mActiveDrmScheme=false
05-02 20:50:35.804 2015 3125 V MediaPlayer: cleanDrmObj: mDrmObj=null mDrmSessionId=null
05-02 20:50:35.810 2015 3125 V MediaPlayer: resetDrmState: mDrmInfo=null mDrmProvisioningThread=null mPrepareDrmInProgress=false mActiveDrmScheme=false
05-02 20:50:35.811 2015 3125 V MediaPlayer: cleanDrmObj: mDrmObj=null mDrmSessionId=null
05-02 20:50:35.813 685 707 I ndroid.systemu: NativeAlloc concurrent copying GC freed 106239(6988KB) AllocSpace objects, 7(204KB) LOS objects, 49% free, 7405KB/14MB, paused 6.494ms total 966.163ms
05-02 20:50:35.816 685 737 I ndroid.systemu: WaitForGcToComplete blocked ProfileSaver on ProfileSaver for 669.713ms
05-02 20:50:35.828 422 422 E Utils : did not find channel-count and/or sample-rate
05-02 20:50:35.836 422 502 E Utils : did not find channel-count and/or sample-rate
05-02 20:50:35.837 422 3145 E Utils : did not find channel-count and/or sample-rate
05-02 20:50:35.843 356 463 E display : updateScreen invalid drmfd
05-02 20:50:35.855 383 2122 D NuPlayerDriver: NuPlayerDriver(0xebec0290) created, clientPid(2015)
05-02 20:50:35.857 422 422 E Utils : did not find channel-count and/or sample-rate
05-02 20:50:35.872 2015 3126 D Ringtone: Successfully created local player
05-02 20:50:35.879 2015 3123 D Ringtone: Successfully created local player
05-02 20:50:35.881 2015 3146 D SettingsActivity: No enabled state changed, skipping updateCategory call
05-02 20:50:35.883 383 3164 D GenericSource: FileSource remote
05-02 20:50:35.885 383 3165 D GenericSource: FileSource remote
05-02 20:50:35.890 422 659 E Utils : did not find channel-count and/or sample-rate
05-02 20:50:35.893 422 502 E Utils : did not find channel-count and/or sample-rate
05-02 20:50:35.897 422 659 E Utils : did not find channel-count and/or sample-rate
05-02 20:50:35.898 422 502 E Utils : did not find channel-count and/or sample-rate
05-02 20:50:35.899 2015 3135 D Ringtone: Successfully created local player
05-02 20:50:35.918 2015 3125 D Ringtone: Successfully created local player
05-02 20:50:35.934 525 544 I DropBoxManagerService: add tag=system_app_strictmode isTagEnabled=true flags=0x2
05-02 20:50:35.939 525 551 I am_pss : [1033,10118,com.android.launcher3,54420480,40390656,0,195457024,0,5,13]
05-02 20:50:35.951 525 551 I am_pss : [1519,10061,android.process.acore,13476864,8753152,0,121552896,0,19,8]
05-02 20:50:35.951 356 463 E display : updateScreen invalid drmfd
05-02 20:50:36.155 525 535 I system_server: NativeAlloc concurrent copying GC freed 90829(4450KB) AllocSpace objects, 35(2344KB) LOS objects, 49% free, 9675KB/18MB, paused 154us total 658.207ms
05-02 20:50:36.163 525 544 I DropBoxManagerService: add tag=system_server_strictmode isTagEnabled=true flags=0x2
