05-02 20:48:58.412 461 461 I auditd : type=1400 audit(0.0:170): avc: denied { read } for comm="gpsd" name="fd" dev="proc" ino=17595 scontext=u:r:gpsd:s0 tcontext=u:r:hal_graphics_allocator_default:s0 tclass=dir permissive=1
05-02 20:48:58.412 461 461 I auditd : type=1400 audit(0.0:171): avc: denied { open } for comm="gpsd" path="/proc/355/fd" dev="proc" ino=17595 scontext=u:r:gpsd:s0 tcontext=u:r:hal_graphics_allocator_default:s0 tclass=dir permissive=1
05-02 20:48:58.412 461 461 I auditd : type=1400 audit(0.0:172): avc: denied { read } for comm="gpsd" name="0" dev="proc" ino=20677 scontext=u:r:gpsd:s0 tcontext=u:r:hal_graphics_allocator_default:s0 tclass=lnk_file permissive=1
05-02 20:48:58.412 461 461 I auditd : type=1400 audit(0.0:173): avc: denied { search } for comm="gpsd" name="356" dev="proc" ino=18482 scontext=u:r:gpsd:s0 tcontext=u:r:hal_graphics_composer_default:s0 tclass=dir permissive=1
05-02 20:48:58.412 461 461 I auditd : type=1400 audit(0.0:174): avc: denied { read } for comm="gpsd" name="fd" dev="proc" ino=18484 scontext=u:r:gpsd:s0 tcontext=u:r:hal_graphics_composer_default:s0 tclass=dir permissive=1
05-02 20:48:58.412 461 461 I auditd : type=1400 audit(0.0:175): avc: denied { open } for comm="gpsd" path="/proc/356/fd" dev="proc" ino=18484 scontext=u:r:gpsd:s0 tcontext=u:r:hal_graphics_composer_default:s0 tclass=dir permissive=1
05-02 20:48:58.412 461 461 I auditd : type=1400 audit(0.0:176): avc: denied { read } for comm="gpsd" name="0" dev="proc" ino=20680 scontext=u:r:gpsd:s0 tcontext=u:r:hal_graphics_composer_default:s0 tclass=lnk_file permissive=1
05-02 20:48:58.412 461 461 I auditd : type=1400 audit(0.0:177): avc: denied { search } for comm="gpsd" name="357" dev="proc" ino=17589 scontext=u:r:gpsd:s0 tcontext=u:r:hal_health_default:s0 tclass=dir permissive=1
05-02 20:48:58.412 461 461 I auditd : type=1400 audit(0.0:178): avc: denied { read } for comm="gpsd" name="fd" dev="proc" ino=17592 scontext=u:r:gpsd:s0 tcontext=u:r:hal_health_default:s0 tclass=dir permissive=1
05-02 20:48:58.412 461 461 I auditd : type=1400 audit(0.0:179): avc: denied { open } for comm="gpsd" path="/proc/357/fd" dev="proc" ino=17592 scontext=u:r:gpsd:s0 tcontext=u:r:hal_health_default:s0 tclass=dir permissive=1
05-02 20:48:58.412 461 461 I auditd : type=1400 audit(0.0:180): avc: denied { read } for comm="gpsd" name="0" dev="proc" ino=20683 scontext=u:r:gpsd:s0 tcontext=u:r:hal_health_default:s0 tclass=lnk_file permissive=1
05-02 20:48:58.412 461 461 I auditd : type=1400 audit(0.0:181): avc: denied { search } for comm="gpsd" name="358" dev="proc" ino=16683 scontext=u:r:gpsd:s0 tcontext=u:r:mediacodec:s0 tclass=dir permissive=1
05-02 20:48:58.412 461 461 I auditd : type=1400 audit(0.0:182): avc: denied { read } for comm="gpsd" name="fd" dev="proc" ino=16687 scontext=u:r:gpsd:s0 tcontext=u:r:mediacodec:s0 tclass=dir permissive=1
05-02 20:48:58.412 461 461 I auditd : type=1400 audit(0.0:183): avc: denied { open } for comm="gpsd" path="/proc/358/fd" dev="proc" ino=16687 scontext=u:r:gpsd:s0 tcontext=u:r:mediacodec:s0 tclass=dir permissive=1
05-02 20:48:58.412 461 461 I auditd : type=1400 audit(0.0:184): avc: denied { read } for comm="gpsd" name="0" dev="proc" ino=20686 scontext=u:r:gpsd:s0 tcontext=u:r:mediacodec:s0 tclass=lnk_file permissive=1
05-02 20:48:58.412 461 461 I auditd : type=1400 audit(0.0:185): avc: denied { search } for comm="gpsd" name="359" dev="proc" ino=18490 scontext=u:r:gpsd:s0 tcontext=u:r:hal_memtrack_default:s0 tclass=dir permissive=1
05-02 20:48:58.412 461 461 I auditd : type=1400 audit(0.0:186): avc: denied { read } for comm="gpsd" name="fd" dev="proc" ino=18492 scontext=u:r:gpsd:s0 tcontext=u:r:hal_memtrack_default:s0 tclass=dir permissive=1
05-02 20:48:58.412 461 461 I auditd : type=1400 audit(0.0:187): avc: denied { open } for comm="gpsd" path="/proc/359/fd" dev="proc" ino=18492 scontext=u:r:gpsd:s0 tcontext=u:r:hal_memtrack_default:s0 tclass=dir permissive=1
05-02 20:48:58.412 461 461 I auditd : type=1400 audit(0.0:188): avc: denied { read } for comm="gpsd" name="0" dev="proc" ino=20689 scontext=u:r:gpsd:s0 tcontext=u:r:hal_memtrack_default:s0 tclass=lnk_file permissive=1
05-02 20:48:58.412 461 461 I auditd : type=1400 audit(0.0:189): avc: denied { search } for comm="gpsd" name="361" dev="proc" ino=17603 scontext=u:r:gpsd:s0 tcontext=u:r:hal_nfc_default:s0 tclass=dir permissive=1
05-02 20:48:58.412 461 461 I auditd : type=1400 audit(0.0:190): avc: denied { read } for comm="gpsd" name="fd" dev="proc" ino=17613 scontext=u:r:gpsd:s0 tcontext=u:r:hal_nfc_default:s0 tclass=dir permissive=1
05-02 20:48:58.412 461 461 I auditd : type=1400 audit(0.0:191): avc: denied { open } for comm="gpsd" path="/proc/361/fd" dev="proc" ino=17613 scontext=u:r:gpsd:s0 tcontext=u:r:hal_nfc_default:s0 tclass=dir permissive=1
05-02 20:48:58.416 461 461 I auditd : type=1400 audit(0.0:192): avc: denied { read } for comm="gpsd" name="0" dev="proc" ino=20692 scontext=u:r:gpsd:s0 tcontext=u:r:hal_nfc_default:s0 tclass=lnk_file permissive=1
05-02 20:48:58.416 461 461 I auditd : type=1400 audit(0.0:193): avc: denied { search } for comm="gpsd" name="362" dev="proc" ino=777 scontext=u:r:gpsd:s0 tcontext=u:r:hal_spi:s0 tclass=dir permissive=1
05-02 20:48:58.416 461 461 I auditd : type=1400 audit(0.0:194): avc: denied { read } for comm="gpsd" name="fd" dev="proc" ino=780 scontext=u:r:gpsd:s0 tcontext=u:r:hal_spi:s0 tclass=dir permissive=1
05-02 20:48:58.416 461 461 I auditd : type=1400 audit(0.0:195): avc: denied { open } for comm="gpsd" path="/proc/362/fd" dev="proc" ino=780 scontext=u:r:gpsd:s0 tcontext=u:r:hal_spi:s0 tclass=dir permissive=1
05-02 20:48:58.416 461 461 I auditd : type=1400 audit(0.0:196): avc: denied { read } for comm="gpsd" name="0" dev="proc" ino=20695 scontext=u:r:gpsd:s0 tcontext=u:r:hal_spi:s0 tclass=lnk_file permissive=1
05-02 20:48:58.416 461 461 I auditd : type=1400 audit(0.0:197): avc: denied { search } for comm="gpsd" name="363" dev="proc" ino=18540 scontext=u:r:gpsd:s0 tcontext=u:r:hal_thermal_default:s0 tclass=dir permissive=1
05-02 20:48:58.416 461 461 I auditd : type=1400 audit(0.0:198): avc: denied { read } for comm="gpsd" name="fd" dev="proc" ino=18545 scontext=u:r:gpsd:s0 tcontext=u:r:hal_thermal_default:s0 tclass=dir permissive=1
05-02 20:48:58.416 461 461 I auditd : type=1400 audit(0.0:199): avc: denied { open } for comm="gpsd" path="/proc/363/fd" dev="proc" ino=18545 scontext=u:r:gpsd:s0 tcontext=u:r:hal_thermal_default:s0 tclass=dir permissive=1
05-02 20:48:58.416 461 461 I auditd : type=1400 audit(0.0:200): avc: denied { read } for comm="gpsd" name="0" dev="proc" ino=20698 scontext=u:r:gpsd:s0 tcontext=u:r:hal_thermal_default:s0 tclass=lnk_file permissive=1
05-02 20:48:58.416 461 461 I auditd : type=1400 audit(0.0:201): avc: denied { search } for comm="gpsd" name="365" dev="proc" ino=17625 scontext=u:r:gpsd:s0 tcontext=u:r:hal_rebootescrow_default:s0 tclass=dir permissive=1
05-02 20:48:58.416 461 461 I auditd : type=1400 audit(0.0:202): avc: denied { read } for comm="gpsd" name="fd" dev="proc" ino=17627 scontext=u:r:gpsd:s0 tcontext=u:r:hal_rebootescrow_default:s0 tclass=dir permissive=1
05-02 20:48:58.416 461 461 I auditd : type=1400 audit(0.0:203): avc: denied { open } for comm="gpsd" path="/proc/365/fd" dev="proc" ino=17627 scontext=u:r:gpsd:s0 tcontext=u:r:hal_rebootescrow_default:s0 tclass=dir permissive=1
05-02 20:48:58.416 461 461 I auditd : type=1400 audit(0.0:204): avc: denied { read } for comm="gpsd" name="0" dev="proc" ino=20704 scontext=u:r:gpsd:s0 tcontext=u:r:hal_rebootescrow_default:s0 tclass=lnk_file permissive=1
05-02 20:48:58.416 461 461 I auditd : type=1400 audit(0.0:205): avc: denied { search } for comm="gpsd" name="366" dev="proc" ino=17640 scontext=u:r:gpsd:s0 tcontext=u:r:audioserver:s0 tclass=dir permissive=1
05-02 20:48:58.416 461 461 I auditd : type=1400 audit(0.0:206): avc: denied { read } for comm="gpsd" name="fd" dev="proc" ino=17657 scontext=u:r:gpsd:s0 tcontext=u:r:audioserver:s0 tclass=dir permissive=1
05-02 20:48:58.416 461 461 I auditd : type=1400 audit(0.0:207): avc: denied { open } for comm="gpsd" path="/proc/366/fd" dev="proc" ino=17657 scontext=u:r:gpsd:s0 tcontext=u:r:audioserver:s0 tclass=dir permissive=1
05-02 20:48:58.416 461 461 I auditd : type=1400 audit(0.0:208): avc: denied { read } for comm="gpsd" name="0" dev="proc" ino=20707 scontext=u:r:gpsd:s0 tcontext=u:r:audioserver:s0 tclass=lnk_file permissive=1
05-02 20:48:58.416 461 461 I auditd : type=1400 audit(0.0:209): avc: denied { search } for comm="gpsd" name="367" dev="proc" ino=809 scontext=u:r:gpsd:s0 tcontext=u:r:credstore:s0 tclass=dir permissive=1
05-02 20:48:58.416 461 461 I auditd : type=1400 audit(0.0:210): avc: denied { read } for comm="gpsd" name="fd" dev="proc" ino=16815 scontext=u:r:gpsd:s0 tcontext=u:r:credstore:s0 tclass=dir permissive=1
05-02 20:48:58.416 461 461 I auditd : type=1400 audit(0.0:211): avc: denied { open } for comm="gpsd" path="/proc/367/fd" dev="proc" ino=16815 scontext=u:r:gpsd:s0 tcontext=u:r:credstore:s0 tclass=dir permissive=1
05-02 20:48:58.416 461 461 I auditd : type=1400 audit(0.0:212): avc: denied { read } for comm="gpsd" name="0" dev="proc" ino=20710 scontext=u:r:gpsd:s0 tcontext=u:r:credstore:s0 tclass=lnk_file permissive=1
05-02 20:48:58.416 461 461 I auditd : type=1400 audit(0.0:213): avc: denied { search } for comm="gpsd" name="368" dev="proc" ino=827 scontext=u:r:gpsd:s0 tcontext=u:r:gpuservice:s0 tclass=dir permissive=1
05-02 20:48:58.416 461 461 I auditd : type=1400 audit(0.0:214): avc: denied { read } for comm="gpsd" name="fd" dev="proc" ino=16807 scontext=u:r:gpsd:s0 tcontext=u:r:gpuservice:s0 tclass=dir permissive=1
05-02 20:48:58.416 461 461 I auditd : type=1400 audit(0.0:215): avc: denied { open } for comm="gpsd" path="/proc/368/fd" dev="proc" ino=16807 scontext=u:r:gpsd:s0 tcontext=u:r:gpuservice:s0 tclass=dir permissive=1
05-02 20:48:58.416 461 461 I auditd : type=1400 audit(0.0:216): avc: denied { read } for comm="gpsd" name="0" dev="proc" ino=20713 scontext=u:r:gpsd:s0 tcontext=u:r:gpuservice:s0 tclass=lnk_file permissive=1
05-02 20:48:58.416 461 461 I auditd : type=1400 audit(0.0:217): avc: denied { search } for comm="gpsd" name="369" dev="proc" ino=16783 scontext=u:r:gpsd:s0 tcontext=u:r:surfaceflinger:s0 tclass=dir permissive=1
05-02 20:48:58.416 461 461 I auditd : type=1400 audit(0.0:218): avc: denied { read } for comm="gpsd" name="fd" dev="proc" ino=16786 scontext=u:r:gpsd:s0 tcontext=u:r:surfaceflinger:s0 tclass=dir permissive=1
05-02 20:48:58.416 461 461 I auditd : type=1400 audit(0.0:219): avc: denied { open } for comm="gpsd" path="/proc/369/fd" dev="proc" ino=16786 scontext=u:r:gpsd:s0 tcontext=u:r:surfaceflinger:s0 tclass=dir permissive=1
05-02 20:48:58.416 461 461 I auditd : type=1400 audit(0.0:220): avc: denied { read } for comm="gpsd" name="0" dev="proc" ino=20716 scontext=u:r:gpsd:s0 tcontext=u:r:surfaceflinger:s0 tclass=lnk_file permissive=1
05-02 20:48:58.416 461 461 I auditd : type=1400 audit(0.0:221): avc: denied { search } for comm="gpsd" name="383" dev="proc" ino=18655 scontext=u:r:gpsd:s0 tcontext=u:r:mediaserver:s0 tclass=dir permissive=1
05-02 20:48:58.416 461 461 I auditd : type=1400 audit(0.0:222): avc: denied { read } for comm="gpsd" name="fd" dev="proc" ino=18663 scontext=u:r:gpsd:s0 tcontext=u:r:mediaserver:s0 tclass=dir permissive=1
05-02 20:48:58.416 461 461 I auditd : type=1400 audit(0.0:223): avc: denied { open } for comm="gpsd" path="/proc/383/fd" dev="proc" ino=18663 scontext=u:r:gpsd:s0 tcontext=u:r:mediaserver:s0 tclass=dir permissive=1
05-02 20:48:58.416 461 461 I auditd : type=1400 audit(0.0:224): avc: denied { read } for comm="gpsd" name="0" dev="proc" ino=20719 scontext=u:r:gpsd:s0 tcontext=u:r:mediaserver:s0 tclass=lnk_file permissive=1
05-02 20:48:58.416 461 461 I auditd : type=1400 audit(0.0:225): avc: denied { search } for comm="gpsd" name="388" dev="proc" ino=979 scontext=u:r:gpsd:s0 tcontext=u:r:drmserver:s0 tclass=dir permissive=1
05-02 20:48:58.416 461 461 I auditd : type=1400 audit(0.0:226): avc: denied { read } for comm="gpsd" name="fd" dev="proc" ino=18710 scontext=u:r:gpsd:s0 tcontext=u:r:drmserver:s0 tclass=dir permissive=1
05-02 20:48:58.416 461 461 I auditd : type=1400 audit(0.0:227): avc: denied { open } for comm="gpsd" path="/proc/388/fd" dev="proc" ino=18710 scontext=u:r:gpsd:s0 tcontext=u:r:drmserver:s0 tclass=dir permissive=1
05-02 20:48:58.416 461 461 I auditd : type=1400 audit(0.0:228): avc: denied { read } for comm="gpsd" name="0" dev="proc" ino=20722 scontext=u:r:gpsd:s0 tcontext=u:r:drmserver:s0 tclass=lnk_file permissive=1
05-02 20:48:58.416 461 461 I auditd : type=1400 audit(0.0:229): avc: denied { search } for comm="gpsd" name="408" dev="proc" ino=18897 scontext=u:r:gpsd:s0 tcontext=u:r:traced_probes:s0 tclass=dir permissive=1
05-02 20:48:58.416 461 461 I auditd : type=1400 audit(0.0:230): avc: denied { read } for comm="gpsd" name="fd" dev="proc" ino=18899 scontext=u:r:gpsd:s0 tcontext=u:r:traced_probes:s0 tclass=dir permissive=1
05-02 20:48:58.416 461 461 I auditd : type=1400 audit(0.0:231): avc: denied { open } for comm="gpsd" path="/proc/408/fd" dev="proc" ino=18899 scontext=u:r:gpsd:s0 tcontext=u:r:traced_probes:s0 tclass=dir permissive=1
05-02 20:48:58.416 461 461 I auditd : type=1400 audit(0.0:232): avc: denied { read } for comm="gpsd" name="0" dev="proc" ino=20725 scontext=u:r:gpsd:s0 tcontext=u:r:traced_probes:s0 tclass=lnk_file permissive=1
05-02 20:48:58.416 461 461 I auditd : type=1400 audit(0.0:233): avc: denied { search } for comm="gpsd" name="410" dev="proc" ino=18923 scontext=u:r:gpsd:s0 tcontext=u:r:traced:s0 tclass=dir permissive=1
05-02 20:48:58.416 461 461 I auditd : type=1400 audit(0.0:234): avc: denied { read } for comm="gpsd" name="fd" dev="proc" ino=18925 scontext=u:r:gpsd:s0 tcontext=u:r:traced:s0 tclass=dir permissive=1
05-02 20:48:58.416 461 461 I auditd : type=1400 audit(0.0:235): avc: denied { open } for comm="gpsd" path="/proc/410/fd" dev="proc" ino=18925 scontext=u:r:gpsd:s0 tcontext=u:r:traced:s0 tclass=dir permissive=1
05-02 20:48:58.416 461 461 I auditd : type=1400 audit(0.0:236): avc: denied { read } for comm="gpsd" name="0" dev="proc" ino=20729 scontext=u:r:gpsd:s0 tcontext=u:r:traced:s0 tclass=lnk_file permissive=1
05-02 20:48:58.416 461 461 I auditd : type=1400 audit(0.0:237): avc: denied { search } for comm="gpsd" name="411" dev="proc" ino=19664 scontext=u:r:gpsd:s0 tcontext=u:r:cameraserver:s0 tclass=dir permissive=1
05-02 20:48:58.416 461 461 I auditd : type=1400 audit(0.0:238): avc: denied { read } for comm="gpsd" name="fd" dev="proc" ino=16952 scontext=u:r:gpsd:s0 tcontext=u:r:cameraserver:s0 tclass=dir permissive=1
05-02 20:48:58.416 461 461 I auditd : type=1400 audit(0.0:239): avc: denied { open } for comm="gpsd" path="/proc/411/fd" dev="proc" ino=16952 scontext=u:r:gpsd:s0 tcontext=u:r:cameraserver:s0 tclass=dir permissive=1
05-02 20:48:58.416 461 461 I auditd : type=1400 audit(0.0:240): avc: denied { read } for comm="gpsd" name="0" dev="proc" ino=20734 scontext=u:r:gpsd:s0 tcontext=u:r:cameraserver:s0 tclass=lnk_file permissive=1
05-02 20:48:58.416 461 461 I auditd : type=1400 audit(0.0:241): avc: denied { search } for comm="gpsd" name="414" dev="proc" ino=16960 scontext=u:r:gpsd:s0 tcontext=u:r:idmap:s0 tclass=dir permissive=1
05-02 20:48:58.416 461 461 I auditd : type=1400 audit(0.0:242): avc: denied { read } for comm="gpsd" name="fd" dev="proc" ino=16962 scontext=u:r:gpsd:s0 tcontext=u:r:idmap:s0 tclass=dir permissive=1
05-02 20:48:58.416 461 461 I auditd : type=1400 audit(0.0:243): avc: denied { open } for comm="gpsd" path="/proc/414/fd" dev="proc" ino=16962 scontext=u:r:gpsd:s0 tcontext=u:r:idmap:s0 tclass=dir permissive=1
05-02 20:48:58.416 461 461 I auditd : type=1400 audit(0.0:244): avc: denied { read } for comm="gpsd" name="0" dev="proc" ino=20737 scontext=u:r:gpsd:s0 tcontext=u:r:idmap:s0 tclass=lnk_file permissive=1
05-02 20:48:58.416 461 461 I auditd : type=1400 audit(0.0:245): avc: denied { search } for comm="gpsd" name="415" dev="proc" ino=19720 scontext=u:r:gpsd:s0 tcontext=u:r:incidentd:s0 tclass=dir permissive=1
05-02 20:48:58.416 461 461 I auditd : type=1400 audit(0.0:246): avc: denied { read } for comm="gpsd" name="fd" dev="proc" ino=19722 scontext=u:r:gpsd:s0 tcontext=u:r:incidentd:s0 tclass=dir permissive=1
05-02 20:48:58.416 461 461 I auditd : type=1400 audit(0.0:247): avc: denied { open } for comm="gpsd" path="/proc/415/fd" dev="proc" ino=19722 scontext=u:r:gpsd:s0 tcontext=u:r:incidentd:s0 tclass=dir permissive=1
05-02 20:48:58.416 461 461 I auditd : type=1400 audit(0.0:248): avc: denied { read } for comm="gpsd" name="0" dev="proc" ino=20740 scontext=u:r:gpsd:s0 tcontext=u:r:incidentd:s0 tclass=lnk_file permissive=1
05-02 20:48:58.420 461 461 I auditd : type=1400 audit(0.0:249): avc: denied { search } for comm="gpsd" name="421" dev="proc" ino=18968 scontext=u:r:gpsd:s0 tcontext=u:r:keystore:s0 tclass=dir permissive=1
05-02 20:48:58.420 461 461 I auditd : type=1400 audit(0.0:250): avc: denied { read } for comm="gpsd" name="fd" dev="proc" ino=18970 scontext=u:r:gpsd:s0 tcontext=u:r:keystore:s0 tclass=dir permissive=1
05-02 20:48:58.420 461 461 I auditd : type=1400 audit(0.0:251): avc: denied { open } for comm="gpsd" path="/proc/421/fd" dev="proc" ino=18970 scontext=u:r:gpsd:s0 tcontext=u:r:keystore:s0 tclass=dir permissive=1
05-02 20:48:58.420 461 461 I auditd : type=1400 audit(0.0:252): avc: denied { read } for comm="gpsd" name="0" dev="proc" ino=20746 scontext=u:r:gpsd:s0 tcontext=u:r:keystore:s0 tclass=lnk_file permissive=1
05-02 20:48:58.420 461 461 I auditd : type=1400 audit(0.0:253): avc: denied { read } for comm="gpsd" scontext=u:r:gpsd:s0 tcontext=u:r:mediaextractor:s0 tclass=file permissive=1
05-02 20:48:58.420 461 461 I auditd : type=1400 audit(0.0:254): avc: denied { search } for comm="gpsd" name="422" dev="proc" ino=17901 scontext=u:r:gpsd:s0 tcontext=u:r:mediaextractor:s0 tclass=dir permissive=1
05-02 20:48:58.420 461 461 I auditd : type=1400 audit(0.0:255): avc: denied { read } for comm="gpsd" name="fd" dev="proc" ino=17914 scontext=u:r:gpsd:s0 tcontext=u:r:mediaextractor:s0 tclass=dir permissive=1
05-02 20:48:58.420 461 461 I auditd : type=1400 audit(0.0:256): avc: denied { open } for comm="gpsd" path="/proc/422/fd" dev="proc" ino=17914 scontext=u:r:gpsd:s0 tcontext=u:r:mediaextractor:s0 tclass=dir permissive=1
05-02 20:48:58.420 461 461 I auditd : type=1400 audit(0.0:257): avc: denied { read } for comm="gpsd" name="0" dev="proc" ino=20749 scontext=u:r:gpsd:s0 tcontext=u:r:mediaextractor:s0 tclass=lnk_file permissive=1
05-02 20:48:58.420 461 461 I auditd : type=1400 audit(0.0:258): avc: denied { search } for comm="gpsd" name="424" dev="proc" ino=16991 scontext=u:r:gpsd:s0 tcontext=u:r:mediametrics:s0 tclass=dir permissive=1
05-02 20:48:58.420 461 461 I auditd : type=1400 audit(0.0:259): avc: denied { read } for comm="gpsd" name="fd" dev="proc" ino=16993 scontext=u:r:gpsd:s0 tcontext=u:r:mediametrics:s0 tclass=dir permissive=1
05-02 20:48:58.420 461 461 I auditd : type=1400 audit(0.0:260): avc: denied { open } for comm="gpsd" path="/proc/424/fd" dev="proc" ino=16993 scontext=u:r:gpsd:s0 tcontext=u:r:mediametrics:s0 tclass=dir permissive=1
05-02 20:48:58.420 461 461 I auditd : type=1400 audit(0.0:261): avc: denied { read } for comm="gpsd" name="0" dev="proc" ino=20752 scontext=u:r:gpsd:s0 tcontext=u:r:mediametrics:s0 tclass=lnk_file permissive=1
05-02 20:48:58.420 461 461 I auditd : type=1400 audit(0.0:262): avc: denied { search } for comm="gpsd" name="429" dev="proc" ino=19849 scontext=u:r:gpsd:s0 tcontext=u:r:storaged:s0 tclass=dir permissive=1
05-02 20:48:58.420 461 461 I auditd : type=1400 audit(0.0:263): avc: denied { read } for comm="gpsd" name="fd" dev="proc" ino=18050 scontext=u:r:gpsd:s0 tcontext=u:r:storaged:s0 tclass=dir permissive=1
05-02 20:48:58.420 461 461 I auditd : type=1400 audit(0.0:264): avc: denied { open } for comm="gpsd" path="/proc/429/fd" dev="proc" ino=18050 scontext=u:r:gpsd:s0 tcontext=u:r:storaged:s0 tclass=dir permissive=1
05-02 20:48:58.420 461 461 I auditd : type=1400 audit(0.0:265): avc: denied { read } for comm="gpsd" name="0" dev="proc" ino=20756 scontext=u:r:gpsd:s0 tcontext=u:r:storaged:s0 tclass=lnk_file permissive=1
05-02 20:48:58.420 461 461 I auditd : type=1400 audit(0.0:266): avc: denied { search } for comm="gpsd" name="434" dev="proc" ino=19760 scontext=u:r:gpsd:s0 tcontext=u:r:wificond:s0 tclass=dir permissive=1
05-02 20:48:58.420 461 461 I auditd : type=1400 audit(0.0:267): avc: denied { read } for comm="gpsd" name="fd" dev="proc" ino=19762 scontext=u:r:gpsd:s0 tcontext=u:r:wificond:s0 tclass=dir permissive=1
05-02 20:48:58.420 461 461 I auditd : type=1400 audit(0.0:268): avc: denied { open } for comm="gpsd" path="/proc/434/fd" dev="proc" ino=19762 scontext=u:r:gpsd:s0 tcontext=u:r:wificond:s0 tclass=dir permissive=1
05-02 20:48:58.420 461 461 I auditd : type=1400 audit(0.0:269): avc: denied { read } for comm="gpsd" name="0" dev="proc" ino=20759 scontext=u:r:gpsd:s0 tcontext=u:r:wificond:s0 tclass=lnk_file permissive=1
05-02 20:48:58.420 461 461 I auditd : type=1400 audit(0.0:270): avc: denied { search } for comm="gpsd" name="438" dev="proc" ino=19818 scontext=u:r:gpsd:s0 tcontext=u:r:libtelit_rild:s0 tclass=dir permissive=1
05-02 20:48:58.420 461 461 I auditd : type=1400 audit(0.0:271): avc: denied { read } for comm="gpsd" name="fd" dev="proc" ino=19829 scontext=u:r:gpsd:s0 tcontext=u:r:libtelit_rild:s0 tclass=dir permissive=1
05-02 20:48:58.420 461 461 I auditd : type=1400 audit(0.0:272): avc: denied { open } for comm="gpsd" path="/proc/438/fd" dev="proc" ino=19829 scontext=u:r:gpsd:s0 tcontext=u:r:libtelit_rild:s0 tclass=dir permissive=1
05-02 20:48:58.420 461 461 I auditd : type=1400 audit(0.0:273): avc: denied { read } for comm="gpsd" name="0" dev="proc" ino=20768 scontext=u:r:gpsd:s0 tcontext=u:r:libtelit_rild:s0 tclass=lnk_file permissive=1
05-02 20:48:58.420 461 461 I auditd : type=1400 audit(0.0:274): avc: denied { read } for comm="gpsd" scontext=u:r:gpsd:s0 tcontext=u:r:mediaswcodec:s0 tclass=file permissive=1
05-02 20:48:58.420 461 461 I auditd : type=1400 audit(0.0:275): avc: denied { search } for comm="gpsd" name="444" dev="proc" ino=19832 scontext=u:r:gpsd:s0 tcontext=u:r:mediaswcodec:s0 tclass=dir permissive=1
05-02 20:48:58.420 461 461 I auditd : type=1400 audit(0.0:276): avc: denied { read } for comm="gpsd" name="fd" dev="proc" ino=19834 scontext=u:r:gpsd:s0 tcontext=u:r:mediaswcodec:s0 tclass=dir permissive=1
05-02 20:48:58.420 461 461 I auditd : type=1400 audit(0.0:277): avc: denied { open } for comm="gpsd" path="/proc/444/fd" dev="proc" ino=19834 scontext=u:r:gpsd:s0 tcontext=u:r:mediaswcodec:s0 tclass=dir permissive=1
05-02 20:48:58.420 461 461 I auditd : type=1400 audit(0.0:278): avc: denied { read } for comm="gpsd" name="0" dev="proc" ino=20771 scontext=u:r:gpsd:s0 tcontext=u:r:mediaswcodec:s0 tclass=lnk_file permissive=1
05-02 20:48:58.424 461 461 I auditd : type=1400 audit(0.0:279): avc: denied { read } for comm="gpsd" scontext=u:r:gpsd:s0 tcontext=u:r:gatekeeperd:s0 tclass=file permissive=1
05-02 20:48:58.424 461 461 I auditd : type=1400 audit(0.0:280): avc: denied { search } for comm="gpsd" name="449" dev="proc" ino=19879 scontext=u:r:gpsd:s0 tcontext=u:r:gatekeeperd:s0 tclass=dir permissive=1
05-02 20:48:58.424 461 461 I auditd : type=1400 audit(0.0:281): avc: denied { read } for comm="gpsd" name="fd" dev="proc" ino=19881 scontext=u:r:gpsd:s0 tcontext=u:r:gatekeeperd:s0 tclass=dir permissive=1
05-02 20:48:58.427 0 0 W audit : audit_backlog=65 > audit_backlog_limit=64
05-02 20:48:58.436 461 461 I auditd : type=1400 audit(0.0:282): avc: denied { read } for comm="gpsd" name="0" dev="proc" ino=20777 scontext=u:r:gpsd:s0 tcontext=u:r:gatekeeperd:s0 tclass=lnk_file permissive=1
05-02 20:48:58.438 0 0 W audit : audit_lost=1 audit_rate_limit=0 audit_backlog_limit=64
05-02 20:48:58.438 0 0 E audit : backlog limit exceeded
05-02 20:48:58.440 0 0 W audit : audit_backlog=65 > audit_backlog_limit=64
05-02 20:48:58.474 0 0 W audit : audit_lost=2 audit_rate_limit=0 audit_backlog_limit=64
05-02 20:48:58.481 0 0 E audit : backlog limit exceeded
05-02 20:48:58.579 0 0 I : read descriptors
05-02 20:48:58.582 0 0 I : read strings --------- beginning of radio
05-02 20:48:58.615 438 438 D RILD : **RIL Daemon Started - Version 1.4.0-0**
05-02 20:48:58.615 438 438 D RILD : **RILd param count=1**
05-02 20:48:58.624 438 438 W RILD : RIL_SAP_Init not defined or exported in /vendor/lib64/libreference-ril-telit-serial.so: undefined symbol: RIL_SAP_Init
05-02 20:48:58.624 438 438 D RILD : RIL_Init argc = 5 clientId = 0
05-02 20:48:58.624 438 438 I RIL : Opening tty device /dev/ttymxc0
05-02 20:48:58.624 438 438 I RIL : Client id received 0
05-02 20:48:58.624 438 438 I RIL : Wake lock file descriptors created: power management available
05-02 20:48:58.624 438 438 D RILD : RIL_Init rilInit completed
05-02 20:48:58.624 438 438 D RILD : RIL_Init callback versions = 15
05-02 20:48:58.624 438 438 I RILC : SIM_COUNT: 1
05-02 20:48:58.624 438 438 D RILC : RIL_register: RIL version 15
05-02 20:48:58.625 438 438 I RILC : s_registerCalled flag set, 1
05-02 20:48:58.625 438 501 I RIL-SERIAL: entering mainLoop
05-02 20:48:58.626 438 501 I RIL-SERIAL: opening device
05-02 20:48:58.626 438 438 D RILC : sim i = 0 registering ...
05-02 20:48:58.626 438 438 D RILC : registerService: starting android::hardware::radio::V1_4::IRadio slot1 for slot 0
05-02 20:48:58.630 438 438 D RILC : registerService: OemHook is enabled = false
05-02 20:48:58.630 438 438 I RILC : RILHIDL called registerService
05-02 20:48:58.630 438 438 D RILC : Entry registerConfigService
05-02 20:48:58.630 438 438 D RILC : registerConfigService: starting V1_2::IConfigRadio default
05-02 20:48:58.632 438 438 D RILC : registerConfigService registerService: status 0
05-02 20:48:58.632 438 438 D RILD : RIL_Init RIL_register completed
05-02 20:48:58.632 438 438 D RILD : RIL_register_socket completed
05-02 20:48:58.834 438 501 I RIL-SERIAL: device opened
05-02 20:48:58.834 438 501 I RIL-SERIAL: calling at_open
05-02 20:48:58.834 438 501 I RIL-SERIAL: requesting TimedCallback
05-02 20:48:58.835 438 500 I RIL-SERIAL: initializeCallback
05-02 20:48:58.835 438 500 D RIL : setRadioState(1)
05-02 20:48:58.835 438 500 D AT : AT> ATE0Q0V1
05-02 20:48:59.011 338 338 I boot_progress_preload_start: 12917
05-02 20:48:59.057 339 339 D Zygote32Timing: PostZygoteInitGC took to complete: 29ms
05-02 20:48:59.057 339 339 D Zygote32Timing: ZygoteInit took to complete: 40ms
05-02 20:48:59.091 338 338 D Zygote64Timing: BeginPreload took to complete: 80ms
05-02 20:48:59.279 0 0 I android_work: sent uevent USB_STATE=CONNECTED
05-02 20:48:59.335 438 500 D AT : pthread_cond_timedwait ETIMEDOUT
05-02 20:48:59.335 438 500 D AT : AT> ATE0Q0V1
05-02 20:48:59.378 0 0 I android_work: sent uevent USB_STATE=CONFIGURED
05-02 20:48:59.670 517 521 D BootAnimation: BootAnimationShownTiming start time: 13576ms
05-02 20:48:59.835 438 500 D AT : pthread_cond_timedwait ETIMEDOUT
05-02 20:48:59.835 438 500 D AT : AT> ATE0Q0V1
05-02 20:49:00.336 438 500 D AT : pthread_cond_timedwait ETIMEDOUT
05-02 20:49:00.336 438 500 D AT : AT> ATE0Q0V1
05-02 20:49:00.716 461 461 I auditd : type=1400 audit(0.0:283): avc: denied { getattr } for comm="gpsd" path="/dev/ttymxc1" dev="tmpfs" ino=245 scontext=u:r:gpsd:s0 tcontext=u:object_r:gps_device:s0 tclass=chr_file permissive=1
05-02 20:49:00.716 461 461 I auditd : type=1400 audit(0.0:284): avc: denied { setattr } for comm="gpsd" name="ttymxc1" dev="tmpfs" ino=245 scontext=u:r:gpsd:s0 tcontext=u:object_r:gps_device:s0 tclass=chr_file permissive=1
05-02 20:49:00.716 461 461 I auditd : type=1400 audit(0.0:285): avc: denied { fsetid } for comm="gpsd" capability=4 scontext=u:r:gpsd:s0 tcontext=u:r:gpsd:s0 tclass=capability permissive=1
05-02 20:49:00.766 338 338 D TelephonyManager: No /proc/cmdline exception=java.io.FileNotFoundException: /proc/cmdline: open failed: EACCES (Permission denied)
05-02 20:49:00.766 338 338 D TelephonyManager: /proc/cmdline=
05-02 20:49:00.836 438 500 D AT : pthread_cond_timedwait ETIMEDOUT
05-02 20:49:00.836 438 500 D AT : AT> ATE0Q0V1
05-02 20:49:01.157 0 0 I android_work: sent uevent USB_STATE=DISCONNECTED
05-02 20:49:01.208 461 461 I auditd : type=1400 audit(0.0:286): avc: denied { ioctl } for comm="gpsd" path="/dev/ttymxc1" dev="tmpfs" ino=245 ioctlcmd=0x5401 scontext=u:r:gpsd:s0 tcontext=u:object_r:gps_device:s0 tclass=chr_file permissive=1
05-02 20:49:01.336 438 500 D AT : pthread_cond_timedwait ETIMEDOUT
05-02 20:49:01.336 438 500 D AT : AT> ATE0Q0V1
05-02 20:49:01.508 338 338 D Zygote64Timing: PreloadClasses took to complete: 2417ms
05-02 20:49:01.525 338 338 D Zygote64Timing: CacheNonBootClasspathClassLoaders took to complete: 17ms
05-02 20:49:01.588 338 338 D Zygote64Timing: PreloadResources took to complete: 63ms
05-02 20:49:01.657 0 0 E configfs-gadget ci_hdrc.0: failed to start g1: -19
05-02 20:49:01.696 338 338 I boot_progress_preload_end: 15602
05-02 20:49:01.696 338 338 D Zygote64Timing: ZygotePreload took to complete: 2685ms
05-02 20:49:01.835 338 338 D Zygote64Timing: PostZygoteInitGC took to complete: 139ms
05-02 20:49:01.835 338 338 D Zygote64Timing: ZygoteInit took to complete: 2847ms
05-02 20:49:01.837 438 500 D AT : pthread_cond_timedwait ETIMEDOUT
05-02 20:49:01.837 438 500 D AT : AT> ATE0Q0V1
05-02 20:49:02.305 525 525 I chatty : uid=1000(system) Binder:525_3 expire 166 lines
05-02 20:49:02.306 525 525 I system_server_start: [1,16210,16210]
05-02 20:49:02.306 525 525 I boot_progress_system_run: 16212
05-02 20:49:02.337 438 500 D AT : pthread_cond_timedwait ETIMEDOUT
05-02 20:49:02.337 438 500 D AT : AT> ATE0Q0V1
05-02 20:49:02.600 0 0 D spidev spi0.0: spi_imx_setup: mode 4, 8 bpw, 500000 hz
05-02 20:49:02.600 0 0 D spidev spi0.0: setup mode 0, cs_high, 8 bits/w, 500000 Hz max --> 0
05-02 20:49:02.600 0 0 D spidev spi0.0: spi mode 4
05-02 20:49:02.600 0 0 D spidev spi0.0: spi_imx_setup: mode 4, 8 bpw, 500000 hz
05-02 20:49:02.600 0 0 D spidev spi0.0: setup mode 0, cs_high, 8 bits/w, 500000 Hz max --> 0
05-02 20:49:02.600 0 0 D spidev spi0.0: 8 bits per word
05-02 20:49:02.600 0 0 D spidev spi0.0: spi_imx_setup: mode 4, 8 bpw, 500000 hz
05-02 20:49:02.600 0 0 D spidev spi0.0: setup mode 0, cs_high, 8 bits/w, 500000 Hz max --> 0
05-02 20:49:02.600 0 0 D spidev spi0.0: 500000 Hz (max)
05-02 20:49:02.601 525 550 I chatty : uid=1000(system) Binder:525_3 expire 78 lines
05-02 20:49:02.728 0 0 I AidlLazyServiceRegistrar: Process has 1 (of 1 available) client(s) in use after notification android.apex.IApexService has clients: 1
05-02 20:49:02.760 525 558 I chatty : uid=1000(system) batterystats-wo expire 8 lines
05-02 20:49:02.786 525 551 I commit_sys_config_file: [batterystats,9]
05-02 20:49:02.791 525 551 I commit_sys_config_file: [batterystats,5]
05-02 20:49:02.837 438 500 D AT : pthread_cond_timedwait ETIMEDOUT
05-02 20:49:02.837 438 500 D AT : AT> ATE0Q0V1
05-02 20:49:02.868 525 525 I service_manager_stats: [100,15,16774]
05-02 20:49:02.928 525 551 I chatty : uid=1000(system) android.bg expire 1 line
05-02 20:49:02.928 525 525 I rescue_note: [0,1,16834]
05-02 20:49:02.956 525 545 I chatty : uid=1000(system) android.display expire 2 lines
05-02 20:49:02.962 525 525 I chatty : uid=1000(system) Binder:525_3 expire 240 lines
05-02 20:49:02.963 525 525 I boot_progress_pms_start: 16869
05-02 20:49:03.234 0 0 I init : starting service 'adbd'...
05-02 20:49:03.239 0 0 I init : Created socket '/dev/socket/adbd', mode 660, user 1000, group 1000
05-02 20:49:03.283 0 0 I : read descriptors
05-02 20:49:03.286 0 0 I : read strings
05-02 20:49:03.302 525 525 I boot_progress_pms_system_scan_start: 17208
05-02 20:49:03.318 0 0 E apexd : Can't open /system_ext/apex for reading : No such file or directory
05-02 20:49:03.326 0 0 E apexd : Can't open /product/apex for reading : No such file or directory
05-02 20:49:03.334 0 0 E apexd : Can't open /vendor/apex for reading : No such file or directory
05-02 20:49:03.340 438 500 D AT : pthread_cond_timedwait ETIMEDOUT
05-02 20:49:03.340 438 500 D AT : AT> ATE0Q0V1
05-02 20:49:03.392 429 429 E storaged: getService package_native failed
05-02 20:49:03.414 429 583 I storaged: storaged: Start
05-02 20:49:03.841 438 500 D AT : pthread_cond_timedwait ETIMEDOUT
05-02 20:49:03.841 438 500 D AT : AT> ATE0Q0V1
05-02 20:49:03.963 525 525 I boot_progress_pms_data_scan_start: 17869
05-02 20:49:04.024 525 525 I boot_progress_pms_scan_end: 17930
05-02 20:49:04.153 525 585 I chatty : uid=1000(system) Binder:525_3 expire 3 lines
05-02 20:49:04.235 525 525 I commit_sys_config_file: [package-user-0,10]
05-02 20:49:04.235 525 525 I commit_sys_config_file: [package,83]
05-02 20:49:04.235 525 525 I boot_progress_pms_ready: 18141
05-02 20:49:04.341 438 500 D AT : pthread_cond_timedwait ETIMEDOUT
05-02 20:49:04.341 438 500 D AT : AT> ATE0Q0V1
05-02 20:49:04.393 525 525 I am_uid_running: 1000
05-02 20:49:04.394 525 554 I chatty : uid=1000(system) ActivityManager expire 1 line
05-02 20:49:04.395 525 525 I am_uid_active: 1000
05-02 20:49:04.412 525 540 I chatty : uid=1000(system) Binder:525_2 expire 1 line
05-02 20:49:04.413 525 539 I chatty : uid=1000(system) Binder:525_1 expire 1 line
05-02 20:49:04.415 0 0 I init : Control message: Processed ctl.start for 'idmap2d' from pid: 525 (system_server)
05-02 20:49:04.503 0 0 I android_work: sent uevent USB_STATE=CONNECTED
05-02 20:49:04.534 0 0 I android_work: sent uevent USB_STATE=CONFIGURED
05-02 20:49:04.579 525 591 I chatty : uid=1000(system) Binder:525_3 expire 6 lines
05-02 20:49:04.587 525 549 I battery_status: [2,2,1,1,Li-ion]
05-02 20:49:04.588 525 549 I battery_level: [85,3600,350]
05-02 20:49:04.589 0 0 W healthd : battery l=85 v=3 t=35.0 h=2 st=2 c=400000 fc=4000000 cc=32 chg=a
05-02 20:49:04.594 525 558 I chatty : uid=1000(system) batterystats-wo expire 3 lines
05-02 20:49:04.601 525 544 I commit_sys_config_file: [overlays,25]
05-02 20:49:04.625 525 525 I chatty : uid=1000(system) Binder:525_3 expire 212 lines
05-02 20:49:04.625 525 551 I chatty : uid=1000(system) android.bg expire 1 line
05-02 20:49:04.630 525 596 I chatty : uid=1000(system) Binder:525_3 expire 4 lines
05-02 20:49:04.632 525 550 I chatty : uid=1000(system) Binder:525_3 expire 8 lines
05-02 20:49:04.672 339 339 D ZygoteInitTiming_lazy: BeginPreload took to complete: 38ms
05-02 20:49:04.803 525 545 I chatty : uid=1000(system) android.display expire 1 line
05-02 20:49:04.832 525 544 I chatty : uid=1000(system) android.io expire 15 lines
05-02 20:49:04.841 438 500 D AT : pthread_cond_timedwait ETIMEDOUT
05-02 20:49:04.842 438 500 D AT : AT> ATE0Q0V1
05-02 20:49:04.875 525 525 I wm_task_created: [1,-1]
05-02 20:49:04.875 525 525 I wm_stack_created: 1
05-02 20:49:04.899 525 591 I chatty : uid=1000(system) Binder:525_3 expire 11 lines
05-02 20:49:04.947 525 605 I chatty : uid=1000(system) NetworkWatchlis expire 3 lines
05-02 20:49:04.975 525 525 I configuration_changed: 536894968
05-02 20:49:04.988 525 525 I sysui_multi_action: [757,1659,758,4,759,2,1660,0]
05-02 20:49:05.014 0 0 I init : processing action (sys.sysctl.extra_free_kbytes=*) from (/system/etc/init/hw/init.rc:990)
05-02 20:49:05.026 525 607 I chatty : uid=1000(system) StorageManagerS expire 4 lines
05-02 20:49:05.059 525 585 I chatty : uid=1000(system) Binder:525_3 expire 11 lines
05-02 20:49:05.342 438 500 D AT : pthread_cond_timedwait ETIMEDOUT
05-02 20:49:05.342 438 500 D AT : AT> ATE0Q0V1
05-02 20:49:05.842 438 500 D AT : pthread_cond_timedwait ETIMEDOUT
05-02 20:49:05.842 438 500 D AT : AT> ATE0Q0V1
05-02 20:49:05.859 525 525 I chatty : uid=1000(system) Binder:525_3 expire 235 lines
05-02 20:49:05.861 525 544 I commit_sys_config_file: [notification-policy,8]
05-02 20:49:05.862 525 625 I storage_state: [41217664-9172-527a-b3d5-edabb50a7d69,0,0,365907968,2746384384]
05-02 20:49:05.879 525 544 I commit_sys_config_file: [notification-policy,17]
05-02 20:49:05.961 525 525 I stream_devices_changed: [0,0,2]
05-02 20:49:05.961 525 525 I stream_devices_changed: [2,0,2]
05-02 20:49:05.961 525 525 I stream_devices_changed: [3,0,2]
05-02 20:49:05.962 525 525 I stream_devices_changed: [4,0,2]
05-02 20:49:05.962 525 525 I stream_devices_changed: [6,0,2]
05-02 20:49:06.029 525 550 I chatty : uid=1000(system) Binder:525_3 expire 6 lines
05-02 20:49:06.035 0 0 I : read descriptors
05-02 20:49:06.038 0 0 I : read strings
05-02 20:49:06.040 0 0 I : read descriptors
05-02 20:49:06.043 0 0 I : read strings
05-02 20:49:06.055 525 619 I chatty : uid=1000(system) ConnectivitySer expire 1 line
05-02 20:49:06.063 525 549 I chatty : uid=1000(system) HwBinder:525_1 expire 1 line
05-02 20:49:06.068 525 542 I chatty : uid=1000(system) android.fg expire 3 lines
05-02 20:49:06.074 525 637 I chatty : uid=1000(system) HwBinder:525_2 expire 1 line
05-02 20:49:06.085 339 339 D TelephonyManager: No /proc/cmdline exception=java.io.FileNotFoundException: /proc/cmdline: open failed: EACCES (Permission denied)
05-02 20:49:06.085 339 339 D TelephonyManager: /proc/cmdline=
05-02 20:49:06.188 525 543 I chatty : uid=1000(system) android.ui expire 1 line
05-02 20:49:06.212 525 525 I chatty : uid=1000(system) Binder:525_3 expire 251 lines
05-02 20:49:06.219 525 591 I chatty : uid=1000(system) Binder:525_3 expire 4 lines
05-02 20:49:06.259 525 525 I configuration_changed: 512
05-02 20:49:06.268 525 525 I chatty : uid=1000(system) Binder:525_3 expire 242 lines
05-02 20:49:06.323 525 619 I chatty : uid=1000(system) ConnectivitySer expire 2 lines
05-02 20:49:06.343 438 500 D AT : pthread_cond_timedwait ETIMEDOUT
05-02 20:49:06.343 438 500 D AT : AT> ATE0Q0V1
05-02 20:49:06.363 525 551 I chatty : uid=1000(system) android.bg expire 4 lines
05-02 20:49:06.383 525 558 I chatty : uid=1000(system) batterystats-wo expire 3 lines
05-02 20:49:06.398 525 564 I chatty : uid=1000(system) PowerManagerSer expire 2 lines
05-02 20:49:06.459 525 525 I commit_sys_config_file: [package-session,6]
05-02 20:49:06.469 525 545 I chatty : uid=1000(system) android.display expire 2 lines
05-02 20:49:06.474 525 525 I chatty : uid=1000(system) Binder:525_3 expire 183 lines
05-02 20:49:06.484 525 550 I chatty : uid=1000(system) Binder:525_3 expire 8 lines
05-02 20:49:06.484 525 591 I chatty : uid=1000(system) Binder:525_3 expire 16 lines
05-02 20:49:06.485 525 585 I chatty : uid=1000(system) Binder:525_3 expire 48 lines
05-02 20:49:06.492 525 525 I boot_progress_ams_ready: 20398
05-02 20:49:06.518 525 525 I thermal_changed: [battery,2,35.000000,0,0]
05-02 20:49:06.519 525 525 I thermal_changed: [cpu-thermal,0,46.000004,0,0]
05-02 20:49:06.521 525 525 I SystemServerTiming: OnBootPhase_550_com.android.server.usage.UsageStatsService
05-02 20:49:06.521 525 525 D SystemServerTiming: OnBootPhase_550_com.android.server.usage.UsageStatsService took to complete: 0ms
05-02 20:49:06.521 525 525 I SystemServerTiming: OnBootPhase_550_com.android.server.webkit.WebViewUpdateService
05-02 20:49:06.522 525 525 D SystemServerTiming: OnBootPhase_550_com.android.server.webkit.WebViewUpdateService took to complete: 0ms
05-02 20:49:06.522 525 525 I SystemServerTiming: OnBootPhase_550_com.android.server.CachedDeviceStateService
05-02 20:49:06.522 525 525 D SystemServerTiming: OnBootPhase_550_com.android.server.CachedDeviceStateService took to complete: 0ms
05-02 20:49:06.522 525 525 I SystemServerTiming: OnBootPhase_550_com.android.server.BinderCallsStatsService$LifeCycle
05-02 20:49:06.522 525 525 D SystemServerTiming: OnBootPhase_550_com.android.server.BinderCallsStatsService$LifeCycle took to complete: 0ms
05-02 20:49:06.522 525 525 I SystemServerTiming: OnBootPhase_550_com.android.server.LooperStatsService$Lifecycle
05-02 20:49:06.522 525 525 D SystemServerTiming: OnBootPhase_550_com.android.server.LooperStatsService$Lifecycle took to complete: 0ms
05-02 20:49:06.522 525 525 I SystemServerTiming: OnBootPhase_550_com.android.server.rollback.RollbackManagerService
05-02 20:49:06.522 525 525 D SystemServerTiming: OnBootPhase_550_com.android.server.rollback.RollbackManagerService took to complete: 0ms
05-02 20:49:06.522 525 525 I SystemServerTiming: OnBootPhase_550_com.android.server.os.BugreportManagerService
05-02 20:49:06.522 525 525 D SystemServerTiming: OnBootPhase_550_com.android.server.os.BugreportManagerService took to complete: 0ms
05-02 20:49:06.522 525 525 I SystemServerTiming: OnBootPhase_550_com.android.server.gpu.GpuService
05-02 20:49:06.522 525 525 D SystemServerTiming: OnBootPhase_550_com.android.server.gpu.GpuService took to complete: 0ms
05-02 20:49:06.522 525 525 I SystemServerTiming: OnBootPhase_550_com.android.server.security.KeyChainSystemService
05-02 20:49:06.522 525 525 D SystemServerTiming: OnBootPhase_550_com.android.server.security.KeyChainSystemService took to complete: 0ms
05-02 20:49:06.522 525 525 I SystemServerTiming: OnBootPhase_550_com.android.server.telecom.TelecomLoaderService
05-02 20:49:06.524 525 525 W ActivityManager: Too early to start/bind service in system_server: Phase=550 ComponentInfo{com.android.server.telecom/com.android.server.telecom.components.TelecomService}
05-02 20:49:06.525 525 525 W ActivityManager: Too early to start/bind service in system_server: Phase=550 ComponentInfo{com.android.server.telecom/com.android.server.telecom.components.TelecomService}
05-02 20:49:06.525 525 525 D SystemServerTiming: OnBootPhase_550_com.android.server.telecom.TelecomLoaderService took to complete: 3ms
05-02 20:49:06.525 525 525 I SystemServerTiming: OnBootPhase_550_com.android.server.accounts.AccountManagerService$Lifecycle
05-02 20:49:06.525 525 525 D SystemServerTiming: OnBootPhase_550_com.android.server.accounts.AccountManagerService$Lifecycle took to complete: 0ms
05-02 20:49:06.525 525 525 I SystemServerTiming: OnBootPhase_550_com.android.server.content.ContentService$Lifecycle
05-02 20:49:06.528 525 525 I SyncManager: No initial accounts
05-02 20:49:06.533 525 525 D SystemServerTiming: OnBootPhase_550_com.android.server.content.ContentService$Lifecycle took to complete: 8ms
05-02 20:49:06.533 525 525 I SystemServerTiming: OnBootPhase_550_com.android.server.DropBoxManagerService
05-02 20:49:06.533 525 525 D SystemServerTiming: OnBootPhase_550_com.android.server.DropBoxManagerService took to complete: 0ms
05-02 20:49:06.533 525 525 I SystemServerTiming: OnBootPhase_550_com.android.server.AlarmManagerService
05-02 20:49:06.534 525 525 D SystemServerTiming: OnBootPhase_550_com.android.server.AlarmManagerService took to complete: 0ms
05-02 20:49:06.534 525 525 I SystemServerTiming: OnBootPhase_550_com.android.server.BluetoothService
05-02 20:49:06.534 525 525 D BluetoothManagerService: Bluetooth boot completed
05-02 20:49:06.534 525 525 D BluetoothManagerService: Auto-enabling Bluetooth.
05-02 20:49:06.534 525 544 D BluetoothManagerService: MESSAGE_ENABLE(0): mBluetooth = null
05-02 20:49:06.535 525 544 D BluetoothManagerService: binding Bluetooth service
05-02 20:49:06.536 525 544 I am_uid_running: 1002
05-02 20:49:06.539 525 544 D CompatibilityChangeReporter: Compat change id reported: 135634846; UID 1002; state: DISABLED
05-02 20:49:06.539 525 544 D CompatibilityChangeReporter: Compat change id reported: 135754954; UID 1002; state: ENABLED
05-02 20:49:06.541 525 525 D SystemServerTiming: OnBootPhase_550_com.android.server.BluetoothService took to complete: 7ms
05-02 20:49:06.541 525 525 I SystemServerTiming: OnBootPhase_550_com.android.server.connectivity.IpConnectivityMetrics
05-02 20:49:06.541 525 525 D SystemServerTiming: OnBootPhase_550_com.android.server.connectivity.IpConnectivityMetrics took to complete: 0ms
05-02 20:49:06.541 525 525 I SystemServerTiming: OnBootPhase_550_com.android.server.net.watchlist.NetworkWatchlistService$Lifecycle
05-02 20:49:06.542 525 525 D SystemServerTiming: OnBootPhase_550_com.android.server.net.watchlist.NetworkWatchlistService$Lifecycle took to complete: 1ms
05-02 20:49:06.543 525 525 I SystemServerTiming: OnBootPhase_550_com.android.server.PinnerService
05-02 20:49:06.543 525 525 D SystemServerTiming: OnBootPhase_550_com.android.server.PinnerService took to complete: 0ms
05-02 20:49:06.543 525 525 I SystemServerTiming: OnBootPhase_550_com.google.android.startop.iorap.IorapForwardingService
05-02 20:49:06.543 525 525 D SystemServerTiming: OnBootPhase_550_com.google.android.startop.iorap.IorapForwardingService took to complete: 0ms
05-02 20:49:06.543 525 525 I SystemServerTiming: OnBootPhase_550_com.android.server.integrity.AppIntegrityManagerService
05-02 20:49:06.543 525 525 D SystemServerTiming: OnBootPhase_550_com.android.server.integrity.AppIntegrityManagerService took to complete: 0ms
05-02 20:49:06.543 525 525 I SystemServerTiming: OnBootPhase_550_com.android.server.inputmethod.InputMethodManagerService$Lifecycle
05-02 20:49:06.567 339 339 D ZygoteInitTiming_lazy: PreloadClasses took to complete: 1895ms
05-02 20:49:06.587 339 339 D ZygoteInitTiming_lazy: CacheNonBootClasspathClassLoaders took to complete: 20ms
05-02 20:49:06.615 525 525 W SystemServiceManager: Service com.android.server.inputmethod.InputMethodManagerService$Lifecycle took 72 ms in onBootPhase
05-02 20:49:06.615 525 525 D SystemServerTiming: OnBootPhase_550_com.android.server.inputmethod.InputMethodManagerService$Lifecycle took to complete: 72ms
05-02 20:49:06.615 525 525 I SystemServerTiming: OnBootPhase_550_com.android.server.accessibility.AccessibilityManagerService$Lifecycle
05-02 20:49:06.615 525 525 D SystemServerTiming: OnBootPhase_550_com.android.server.accessibility.AccessibilityManagerService$Lifecycle took to complete: 0ms
05-02 20:49:06.615 525 525 I SystemServerTiming: OnBootPhase_550_com.android.server.StorageManagerService$Lifecycle
05-02 20:49:06.615 525 525 D SystemServerTiming: OnBootPhase_550_com.android.server.StorageManagerService$Lifecycle took to complete: 0ms
05-02 20:49:06.615 525 525 I SystemServerTiming: OnBootPhase_550_com.android.server.usage.StorageStatsService$Lifecycle
05-02 20:49:06.615 525 525 D SystemServerTiming: OnBootPhase_550_com.android.server.usage.StorageStatsService$Lifecycle took to complete: 0ms
05-02 20:49:06.615 525 525 I SystemServerTiming: OnBootPhase_550_com.android.server.UiModeManagerService
05-02 20:49:06.615 525 525 D SystemServerTiming: OnBootPhase_550_com.android.server.UiModeManagerService took to complete: 0ms
05-02 20:49:06.615 525 525 I SystemServerTiming: OnBootPhase_550_com.android.server.locksettings.LockSettingsService$Lifecycle
05-02 20:49:06.617 525 525 D SystemServerTiming: OnBootPhase_550_com.android.server.locksettings.LockSettingsService$Lifecycle took to complete: 1ms
05-02 20:49:06.617 525 525 I SystemServerTiming: OnBootPhase_550_com.android.server.PersistentDataBlockService
05-02 20:49:06.617 525 525 D SystemServerTiming: OnBootPhase_550_com.android.server.PersistentDataBlockService took to complete: 0ms
05-02 20:49:06.617 525 525 I SystemServerTiming: OnBootPhase_550_com.android.server.testharness.TestHarnessModeService
05-02 20:49:06.617 525 525 D SystemServerTiming: OnBootPhase_550_com.android.server.testharness.TestHarnessModeService took to complete: 0ms
05-02 20:49:06.617 525 525 I SystemServerTiming: OnBootPhase_550_com.android.server.oemlock.OemLockService
05-02 20:49:06.617 525 525 D SystemServerTiming: OnBootPhase_550_com.android.server.oemlock.OemLockService took to complete: 0ms
05-02 20:49:06.617 525 525 I SystemServerTiming: OnBootPhase_550_com.android.server.DeviceIdleController
05-02 20:49:06.617 525 525 D SystemServerTiming: OnBootPhase_550_com.android.server.DeviceIdleController took to complete: 0ms
05-02 20:49:06.617 525 525 I SystemServerTiming: OnBootPhase_550_com.android.server.devicepolicy.DevicePolicyManagerService$Lifecycle
05-02 20:49:06.617 525 525 D SystemServerTiming: OnBootPhase_550_com.android.server.devicepolicy.DevicePolicyManagerService$Lifecycle took to complete: 0ms
05-02 20:49:06.617 525 525 I SystemServerTiming: OnBootPhase_550_com.android.server.textservices.TextServicesManagerService$Lifecycle
05-02 20:49:06.617 525 525 D SystemServerTiming: OnBootPhase_550_com.android.server.textservices.TextServicesManagerService$Lifecycle took to complete: 0ms
05-02 20:49:06.617 525 525 I SystemServerTiming: OnBootPhase_550_com.android.server.textclassifier.TextClassificationManagerService$Lifecycle
05-02 20:49:06.617 525 525 D SystemServerTiming: OnBootPhase_550_com.android.server.textclassifier.TextClassificationManagerService$Lifecycle took to complete: 0ms
05-02 20:49:06.617 525 525 I SystemServerTiming: OnBootPhase_550_com.android.server.NetworkScoreService$Lifecycle
05-02 20:49:06.617 525 525 D SystemServerTiming: OnBootPhase_550_com.android.server.NetworkScoreService$Lifecycle took to complete: 0ms
05-02 20:49:06.617 525 525 I SystemServerTiming: OnBootPhase_550_com.android.server.wifi.WifiService
05-02 20:49:06.617 525 525 D SystemServerTiming: OnBootPhase_550_com.android.server.wifi.WifiService took to complete: 0ms
05-02 20:49:06.618 525 525 I SystemServerTiming: OnBootPhase_550_com.android.server.wifi.scanner.WifiScanningService
05-02 20:49:06.618 525 525 D SystemServerTiming: OnBootPhase_550_com.android.server.wifi.scanner.WifiScanningService took to complete: 0ms
05-02 20:49:06.618 525 525 I SystemServerTiming: OnBootPhase_550_com.android.server.wifi.p2p.WifiP2pService
05-02 20:49:06.618 525 525 D SystemServerTiming: OnBootPhase_550_com.android.server.wifi.p2p.WifiP2pService took to complete: 0ms
05-02 20:49:06.618 525 525 I SystemServerTiming: OnBootPhase_550_com.android.server.ethernet.EthernetService
05-02 20:49:06.618 525 525 D SystemServerTiming: OnBootPhase_550_com.android.server.ethernet.EthernetService took to complete: 0ms
05-02 20:49:06.618 525 525 I SystemServerTiming: OnBootPhase_550_com.android.server.notification.NotificationManagerService
05-02 20:49:06.618 525 525 D SystemServerTiming: OnBootPhase_550_com.android.server.notification.NotificationManagerService took to complete: 0ms
