05-02 20:50:36.186 356 463 E display : updateScreen invalid drmfd
05-02 20:50:36.676 525 551 I am_pss : [1464,10101,com.android.dialer,12633088,7782400,0,112984064,0,19,7]
05-02 20:50:37.309 356 463 E display : updateScreen invalid drmfd
05-02 20:50:37.701 356 463 I chatty : uid=1000(system) HwBinder:356_3 identical 9 lines
05-02 20:50:37.748 0 0 E tlv320aic31xx-codec 1-0018: ##Divyesh tlv Enter : aic31xx_dac_mute
05-02 20:50:37.748 356 463 E display : updateScreen invalid drmfd
05-02 20:50:37.757 0 0 E tlv320aic31xx-codec 1-0018: ##Divyesh tlv Enter : aic31xx_dac_mute >> if function > mute
05-02 20:50:37.767 345 398 W audio_hw_primary: do_out_standby... 0xf16c33a0
05-02 20:50:37.772 525 811 I system_server: oneway function results will be dropped but finished with status OK and parcel size 4
05-02 20:50:38.088 358 2380 D BufferPoolAccessor2.0: bufferpool2 0xb400f2b00bcb6a38 : 12(31322112 size) total buffers - 4(14544896 size) used buffers - 497/512 (recycle/alloc) - 15/508 (fetch/transfer)
05-02 20:50:38.210 461 461 I chatty : uid=9999(nobody) /vendor/bin/gpsd expire 526 lines
05-02 20:50:39.895 383 1263 D BufferPoolAccessor2.0: bufferpool2 0xe8dc3628 : 0(0 size) total buffers - 0(0 size) used buffers - 193/201 (recycle/alloc) - 8/400 (fetch/transfer)
05-02 20:50:39.895 383 1263 D BufferPoolAccessor2.0: evictor expired: 1, evicted: 1
05-02 20:50:39.897 444 666 D BufferPoolAccessor2.0: bufferpool2 0xb400ec177b584538 : 0(0 size) total buffers - 0(0 size) used buffers - 194/198 (recycle/alloc) - 4/197 (fetch/transfer)
05-02 20:50:39.897 444 666 D BufferPoolAccessor2.0: evictor expired: 1, evicted: 1
05-02 20:50:43.114 358 664 D BufferPoolAccessor2.0: bufferpool2 0xb400f2b00bcb6a38 : 12(31322112 size) total buffers - 3(12447744 size) used buffers - 504/519 (recycle/alloc) - 15/516 (fetch/transfer)
05-02 20:50:43.118 358 664 D BufferPoolAccessor2.0: evictor expired: 1, evicted: 1
05-02 20:50:48.627 525 552 I am_uid_idle: 10061
05-02 20:50:57.204 0 0 W healthd : battery l=85 v=3 t=35.0 h=2 st=2 c=400000 fc=4000000 cc=32 chg=a
05-02 20:51:00.006 685 685 D KeyguardClockSwitch: Updating clock: 851
05-02 20:51:00.070 356 463 E display : updateScreen invalid drmfd
05-02 20:51:00.124 358 2380 D BufferPoolAccessor2.0: bufferpool2 0xb400f2b00bcb6a38 : 4(14544896 size) total buffers - 4(14544896 size) used buffers - 504/520 (recycle/alloc) - 15/516 (fetch/transfer)
05-02 20:51:00.124 2336 2367 D BufferPoolAccessor2.0: bufferpool2 0xb400e768d7520318 : 0(0 size) total buffers - 0(0 size) used buffers - 0/0 (recycle/alloc) - 0/0 (fetch/transfer)
05-02 20:51:00.208 461 461 I chatty : uid=9999(nobody) /vendor/bin/gpsd expire 737 lines
05-02 20:51:05.124 358 664 D BufferPoolAccessor2.0: bufferpool2 0xb400f2b00bcb6a38 : 4(14544896 size) total buffers - 3(12447744 size) used buffers - 514/530 (recycle/alloc) - 16/527 (fetch/transfer)
05-02 20:51:05.124 358 664 D BufferPoolAccessor2.0: evictor expired: 1, evicted: 1
05-02 20:51:19.313 525 552 I am_uid_idle: 10099
05-02 20:51:25.722 525 552 I am_uid_idle: 10127
05-02 20:51:27.532 525 564 V DisplayPowerController: Brightness [0.05] reason changing to: 'manual [ dim ]', previous reason: 'manual'.
05-02 20:51:27.533 525 564 I sysui_multi_action: [757,1696,758,6,759,2]
05-02 20:51:30.216 461 461 I gpsd : gpsd:PROG: NMEA0183: xxGSA: mask 0x402
05-02 20:51:30.216 461 461 I gpsd : gpsd:PROG: NMEA0183: GNGSA is just after a cycle ender.
05-02 20:51:30.219 461 461 I gpsd : gpsd:IO: <= GPS: $GBGSV,1,1,1,25,,,,,,,,,,,,,,,,1*40
05-02 20:51:30.219 461 461 I gpsd : gpsd:PROG: NMEA0183: xBGSV: part 1 of 1, last_gsv_talker '0' last_gsv_sigid 0
05-02 20:51:30.219 461 461 I gpsd : gpsd:PROG: NMEA0183: xBGSV: new part 1, last_gsv_talker '0', zeroing
05-02 20:51:30.219 461 461 I gpsd : gpsd:WARN: NMEA0183: xxGSV: Satellite data no good (1 of 1).
05-02 20:51:30.220 461 461 I gpsd : gpsd:PROG: NMEA0183: GBGSV is just after a cycle ender.
05-02 20:51:30.222 461 461 I gpsd : gpsd:IO: <= GPS: $GAGSV,1,1,1,05,,,14,,,,,,,,,,,,,7*42
05-02 20:51:30.223 461 461 I gpsd : gpsd:PROG: NMEA0183: xAGSV: part 1 of 1, last_gsv_talker '0x42' last_gsv_sigid 0
05-02 20:51:30.223 461 461 I gpsd : gpsd:WARN: NMEA0183: xxGSV: Satellite data no good (1 of 1).
05-02 20:51:30.223 461 461 I gpsd : gpsd:PROG: NMEA0183: GAGSV is just after a cycle ender.
05-02 20:51:30.226 461 461 I gpsd : gpsd:IO: <= GPS: $GNRMC,012511.99,V,,,,,,,020100,,,N,V*1C
05-02 20:51:30.226 461 461 I gpsd : gpsd:PROG: NMEA0183: GNRMC is just after a cycle ender.
05-02 20:51:30.228 461 461 I gpsd : gpsd:IO: <= GPS: $GNVTG,,T,,M,,N,,K,N*32
05-02 20:51:30.228 461 461 I gpsd : gpsd:PROG: NMEA0183: GNVTG is just after a cycle ender.
05-02 20:51:30.231 461 461 I gpsd : gpsd:IO: <= GPS: $GNZDA,012511.99,02,01,2000,,*7F
05-02 20:51:30.231 461 461 I gpsd : gpsd:WARN: WARNING: WKRO bug: leap second 18 inconsistent with 946776311, corrected to 1566091511 (2019-08-18T01:25:11.990Z)
05-02 20:51:30.231 461 461 I gpsd : gpsd:PROG: NMEA0183: GNZDA is just after a cycle ender.
05-02 20:51:31.208 461 461 I gpsd : gpsd:PROG: CORE: transmission pause. gap 0.976654 quiet_time 0.250000
05-02 20:51:31.211 461 461 I gpsd : gpsd:IO: <= GPS: $GPGGA,012512.99,,,,,0,00,,,,,,,*4D
05-02 20:51:31.211 461 461 I gpsd : gpsd:PROG: NMEA0183: GPGGA starts a reporting cycle. lasttag 25
05-02 20:51:31.213 461 461 I gpsd : gpsd:IO: <= GPS: $GNGLL,,,,,012512.99,V,N*51
05-02 20:51:31.214 461 461 I gpsd : gpsd:PROG: NMEA0183: GNGLL ends a reporting cycle.
05-02 20:51:31.216 461 461 I gpsd : gpsd:IO: <= GPS: $GNGSA,A,1,,,,,,,,,,,,,,,,*2C
05-02 20:51:31.216 461 461 I gpsd : gpsd:PROG: NMEA0183: xxGSA sets mode 1
05-02 20:51:31.216 461 461 I gpsd : gpsd:PROG: NMEA0183: xxGSA: mask 0x402
05-02 20:51:31.216 461 461 I gpsd : gpsd:PROG: NMEA0183: GNGSA is just after a cycle ender.
05-02 20:51:31.219 461 461 I gpsd : gpsd:IO: <= GPS: $GBGSV,1,1,1,25,,,04,,,,,,,,,,,,,1*44
05-02 20:51:31.220 461 461 I gpsd : gpsd:PROG: NMEA0183: xBGSV: part 1 of 1, last_gsv_talker '0' last_gsv_sigid 0
05-02 20:51:31.220 461 461 I gpsd : gpsd:PROG: NMEA0183: xBGSV: new part 1, last_gsv_talker '0', zeroing
05-02 20:51:31.220 461 461 I gpsd : gpsd:WARN: NMEA0183: xxGSV: Satellite data no good (1 of 1).
05-02 20:51:31.220 461 461 I gpsd : gpsd:PROG: NMEA0183: GBGSV is just after a cycle ender.
05-02 20:51:31.223 461 461 I gpsd : gpsd:IO: <= GPS: $GAGSV,1,1,1,05,,,17,,,,,,,,,,,,,7*41
05-02 20:51:31.223 461 461 I gpsd : gpsd:PROG: NMEA0183: xAGSV: part 1 of 1, last_gsv_talker '0x42' last_gsv_sigid 0
05-02 20:51:31.223 461 461 I gpsd : gpsd:WARN: NMEA0183: xxGSV: Satellite data no good (1 of 1).
05-02 20:51:31.223 461 461 I gpsd : gpsd:PROG: NMEA0183: GAGSV is just after a cycle ender.
05-02 20:51:31.227 461 461 I gpsd : gpsd:IO: <= GPS: $GNRMC,012512.99,V,,,,,,,020100,,,N,V*1F
05-02 20:51:31.227 461 461 I gpsd : gpsd:PROG: NMEA0183: GNRMC is just after a cycle ender.
05-02 20:51:31.229 461 461 I gpsd : gpsd:IO: <= GPS: $GNVTG,,T,,M,,N,,K,N*32
05-02 20:51:31.229 461 461 I gpsd : gpsd:PROG: NMEA0183: GNVTG is just after a cycle ender.
05-02 20:51:31.232 461 461 I gpsd : gpsd:IO: <= GPS: $GNZDA,012512.99,02,01,2000,,*7C
05-02 20:51:31.232 461 461 I gpsd : gpsd:WARN: WARNING: WKRO bug: leap second 18 inconsistent with 946776312, corrected to 1566091512 (2019-08-18T01:25:12.990Z)
05-02 20:51:31.232 461 461 I gpsd : gpsd:PROG: NMEA0183: GNZDA is just after a cycle ender.
05-02 20:51:32.208 461 461 I gpsd : gpsd:PROG: CORE: transmission pause. gap 0.975917 quiet_time 0.250000
05-02 20:51:32.211 461 461 I gpsd : gpsd:IO: <= GPS: $GPGGA,012513.99,,,,,0,00,,,,,,,*4C
05-02 20:51:32.211 461 461 I gpsd : gpsd:PROG: NMEA0183: GPGGA starts a reporting cycle. lasttag 25
05-02 20:51:32.213 461 461 I gpsd : gpsd:IO: <= GPS: $GNGLL,,,,,012513.99,V,N*50
05-02 20:51:32.213 461 461 I gpsd : gpsd:PROG: NMEA0183: GNGLL ends a reporting cycle.
05-02 20:51:32.216 461 461 I gpsd : gpsd:IO: <= GPS: $GNGSA,A,1,,,,,,,,,,,,,,,,*2C
05-02 20:51:32.216 461 461 I gpsd : gpsd:PROG: NMEA0183: xxGSA sets mode 1
05-02 20:51:32.216 461 461 I gpsd : gpsd:PROG: NMEA0183: xxGSA: mask 0x402
05-02 20:51:32.216 461 461 I gpsd : gpsd:PROG: NMEA0183: GNGSA is just after a cycle ender.
05-02 20:51:32.219 461 461 I gpsd : gpsd:IO: <= GPS: $GBGSV,1,1,1,25,,,,,,,,,,,,,,,,1*40
05-02 20:51:32.219 461 461 I gpsd : gpsd:PROG: NMEA0183: xBGSV: part 1 of 1, last_gsv_talker '0' last_gsv_sigid 0
05-02 20:51:32.219 461 461 I gpsd : gpsd:PROG: NMEA0183: xBGSV: new part 1, last_gsv_talker '0', zeroing
05-02 20:51:32.219 461 461 I gpsd : gpsd:WARN: NMEA0183: xxGSV: Satellite data no good (1 of 1).
05-02 20:51:32.219 461 461 I gpsd : gpsd:PROG: NMEA0183: GBGSV is just after a cycle ender.
05-02 20:51:32.222 461 461 I gpsd : gpsd:IO: <= GPS: $GAGSV,1,1,1,05,,,08,,,,,,,,,,,,,7*4F
05-02 20:51:32.222 461 461 I gpsd : gpsd:PROG: NMEA0183: xAGSV: part 1 of 1, last_gsv_talker '0x42' last_gsv_sigid 0
05-02 20:51:32.223 461 461 I gpsd : gpsd:WARN: NMEA0183: xxGSV: Satellite data no good (1 of 1).
05-02 20:51:32.223 461 461 I gpsd : gpsd:PROG: NMEA0183: GAGSV is just after a cycle ender.
05-02 20:51:32.226 461 461 I gpsd : gpsd:IO: <= GPS: $GNRMC,012513.99,V,,,,,,,020100,,,N,V*1E
05-02 20:51:32.226 461 461 I gpsd : gpsd:PROG: NMEA0183: GNRMC is just after a cycle ender.
05-02 20:51:32.228 461 461 I gpsd : gpsd:IO: <= GPS: $GNVTG,,T,,M,,N,,K,N*32
05-02 20:51:32.228 461 461 I gpsd : gpsd:PROG: NMEA0183: GNVTG is just after a cycle ender.
05-02 20:51:32.231 461 461 I gpsd : gpsd:IO: <= GPS: $GNZDA,012513.99,02,01,2000,,*7D
05-02 20:51:32.231 461 461 I gpsd : gpsd:WARN: WARNING: WKRO bug: leap second 18 inconsistent with 946776313, corrected to 1566091513 (2019-08-18T01:25:13.990Z)
05-02 20:51:32.231 461 461 I gpsd : gpsd:PROG: NMEA0183: GNZDA is just after a cycle ender.
05-02 20:51:33.208 461 461 I gpsd : gpsd:PROG: CORE: transmission pause. gap 0.976330 quiet_time 0.250000
05-02 20:51:33.211 461 461 I gpsd : gpsd:IO: <= GPS: $GPGGA,012514.99,,,,,0,00,,,,,,,*4B
05-02 20:51:33.211 461 461 I gpsd : gpsd:PROG: NMEA0183: GPGGA starts a reporting cycle. lasttag 25
05-02 20:51:33.213 461 461 I gpsd : gpsd:IO: <= GPS: $GNGLL,,,,,012514.99,V,N*57
05-02 20:51:33.213 461 461 I gpsd : gpsd:PROG: NMEA0183: GNGLL ends a reporting cycle.
05-02 20:51:33.216 461 461 I gpsd : gpsd:IO: <= GPS: $GNGSA,A,1,,,,,,,,,,,,,,,,*2C
05-02 20:51:33.216 461 461 I gpsd : gpsd:PROG: NMEA0183: xxGSA sets mode 1
05-02 20:51:33.216 461 461 I gpsd : gpsd:PROG: NMEA0183: xxGSA: mask 0x402
05-02 20:51:33.216 461 461 I gpsd : gpsd:PROG: NMEA0183: GNGSA is just after a cycle ender.
05-02 20:51:33.219 461 461 I gpsd : gpsd:IO: <= GPS: $GBGSV,1,1,1,25,,,,,,,,,,,,,,,,1*40
05-02 20:51:33.219 461 461 I gpsd : gpsd:PROG: NMEA0183: xBGSV: part 1 of 1, last_gsv_talker '0' last_gsv_sigid 0
05-02 20:51:33.219 461 461 I gpsd : gpsd:PROG: NMEA0183: xBGSV: new part 1, last_gsv_talker '0', zeroing
05-02 20:51:33.219 461 461 I gpsd : gpsd:WARN: NMEA0183: xxGSV: Satellite data no good (1 of 1).
05-02 20:51:33.219 461 461 I gpsd : gpsd:PROG: NMEA0183: GBGSV is just after a cycle ender.
05-02 20:51:33.222 461 461 I gpsd : gpsd:IO: <= GPS: $GAGSV,1,1,1,05,,,04,,,,,,,,,,,,,7*43
05-02 20:51:33.222 461 461 I gpsd : gpsd:PROG: NMEA0183: xAGSV: part 1 of 1, last_gsv_talker '0x42' last_gsv_sigid 0
05-02 20:51:33.223 461 461 I gpsd : gpsd:WARN: NMEA0183: xxGSV: Satellite data no good (1 of 1).
05-02 20:51:33.223 461 461 I gpsd : gpsd:PROG: NMEA0183: GAGSV is just after a cycle ender.
05-02 20:51:33.226 461 461 I gpsd : gpsd:IO: <= GPS: $GNRMC,012514.99,V,,,,,,,020100,,,N,V*19
05-02 20:51:33.226 461 461 I gpsd : gpsd:PROG: NMEA0183: GNRMC is just after a cycle ender.
05-02 20:51:33.228 461 461 I gpsd : gpsd:IO: <= GPS: $GNVTG,,T,,M,,N,,K,N*32
05-02 20:51:33.228 461 461 I gpsd : gpsd:PROG: NMEA0183: GNVTG is just after a cycle ender.
05-02 20:51:33.231 461 461 I gpsd : gpsd:IO: <= GPS: $GNZDA,012514.99,02,01,2000,,*7A
05-02 20:51:33.231 461 461 I gpsd : gpsd:WARN: WARNING: WKRO bug: leap second 18 inconsistent with 946776314, corrected to 1566091514 (2019-08-18T01:25:14.990Z)
05-02 20:51:33.231 461 461 I gpsd : gpsd:PROG: NMEA0183: GNZDA is just after a cycle ender.
05-02 20:51:34.207 461 461 I gpsd : gpsd:PROG: CORE: transmission pause. gap 0.976250 quiet_time 0.250000
05-02 20:51:34.210 461 461 I gpsd : gpsd:IO: <= GPS: $GPGGA,012515.99,,,,,0,00,,,,,,,*4A
05-02 20:51:34.211 461 461 I gpsd : gpsd:PROG: NMEA0183: GPGGA starts a reporting cycle. lasttag 25
05-02 20:51:34.213 461 461 I gpsd : gpsd:IO: <= GPS: $GNGLL,,,,,012515.99,V,N*56
05-02 20:51:34.213 461 461 I gpsd : gpsd:PROG: NMEA0183: GNGLL ends a reporting cycle.
05-02 20:51:34.216 461 461 I gpsd : gpsd:IO: <= GPS: $GNGSA,A,1,,,,,,,,,,,,,,,,*2C
05-02 20:51:34.216 461 461 I gpsd : gpsd:PROG: NMEA0183: xxGSA sets mode 1
05-02 20:51:34.216 461 461 I gpsd : gpsd:PROG: NMEA0183: xxGSA: mask 0x402
05-02 20:51:34.216 461 461 I gpsd : gpsd:PROG: NMEA0183: GNGSA is just after a cycle ender.
05-02 20:51:34.219 461 461 I gpsd : gpsd:IO: <= GPS: $GAGSV,1,1,1,05,,,14,,,,,,,,,,,,,7*42
05-02 20:51:34.219 461 461 I gpsd : gpsd:PROG: NMEA0183: xAGSV: part 1 of 1, last_gsv_talker '0' last_gsv_sigid 0
05-02 20:51:34.219 461 461 I gpsd : gpsd:PROG: NMEA0183: xAGSV: new part 1, last_gsv_talker '0', zeroing
05-02 20:51:34.219 461 461 I gpsd : gpsd:WARN: NMEA0183: xxGSV: Satellite data no good (1 of 1).
05-02 20:51:34.219 461 461 I gpsd : gpsd:PROG: NMEA0183: GAGSV is just after a cycle ender.
05-02 20:51:34.223 461 461 I gpsd : gpsd:IO: <= GPS: $GNRMC,012515.99,V,,,,,,,020100,,,N,V*18
05-02 20:51:34.223 461 461 I gpsd : gpsd:PROG: NMEA0183: GNRMC is just after a cycle ender.
05-02 20:51:34.225 461 461 I gpsd : gpsd:IO: <= GPS: $GNVTG,,T,,M,,N,,K,N*32
05-02 20:51:34.225 461 461 I gpsd : gpsd:PROG: NMEA0183: GNVTG is just after a cycle ender.
05-02 20:51:34.228 461 461 I gpsd : gpsd:IO: <= GPS: $GNZDA,012515.99,02,01,2000,,*7B
05-02 20:51:34.228 461 461 I gpsd : gpsd:WARN: WARNING: WKRO bug: leap second 18 inconsistent with 946776315, corrected to 1566091515 (2019-08-18T01:25:15.990Z)
05-02 20:51:34.228 461 461 I gpsd : gpsd:PROG: NMEA0183: GNZDA is just after a cycle ender.
05-02 20:51:35.035 525 552 I am_uid_idle: 10069
05-02 20:51:35.207 461 461 I gpsd : gpsd:PROG: CORE: transmission pause. gap 0.979451 quiet_time 0.250000
05-02 20:51:35.210 461 461 I gpsd : gpsd:IO: <= GPS: $GPGGA,012516.99,,,,,0,00,,,,,,,*49
05-02 20:51:35.210 461 461 I gpsd : gpsd:PROG: NMEA0183: GPGGA starts a reporting cycle. lasttag 25
05-02 20:51:35.213 461 461 I gpsd : gpsd:IO: <= GPS: $GNGLL,,,,,012516.99,V,N*55
05-02 20:51:35.213 461 461 I gpsd : gpsd:PROG: NMEA0183: GNGLL ends a reporting cycle.
05-02 20:51:35.215 461 461 I gpsd : gpsd:IO: <= GPS: $GNGSA,A,1,,,,,,,,,,,,,,,,*2C
05-02 20:51:35.215 461 461 I gpsd : gpsd:PROG: NMEA0183: xxGSA sets mode 1
05-02 20:51:35.216 461 461 I gpsd : gpsd:PROG: NMEA0183: xxGSA: mask 0x402
05-02 20:51:35.216 461 461 I gpsd : gpsd:PROG: NMEA0183: GNGSA is just after a cycle ender.
05-02 20:51:35.219 461 461 I gpsd : gpsd:IO: <= GPS: $GAGSV,1,1,1,05,,,16,,,,,,,,,,,,,7*40
05-02 20:51:35.219 461 461 I gpsd : gpsd:PROG: NMEA0183: xAGSV: part 1 of 1, last_gsv_talker '0' last_gsv_sigid 0
05-02 20:51:35.219 461 461 I gpsd : gpsd:PROG: NMEA0183: xAGSV: new part 1, last_gsv_talker '0', zeroing
05-02 20:51:35.219 461 461 I gpsd : gpsd:WARN: NMEA0183: xxGSV: Satellite data no good (1 of 1).
05-02 20:51:35.219 461 461 I gpsd : gpsd:PROG: NMEA0183: GAGSV is just after a cycle ender.
05-02 20:51:35.222 461 461 I gpsd : gpsd:IO: <= GPS: $GNRMC,012516.99,V,,,,,,,020100,,,N,V*1B
05-02 20:51:35.223 461 461 I gpsd : gpsd:PROG: NMEA0183: GNRMC is just after a cycle ender.
05-02 20:51:35.225 461 461 I gpsd : gpsd:IO: <= GPS: $GNVTG,,T,,M,,N,,K,N*32
05-02 20:51:35.225 461 461 I gpsd : gpsd:PROG: NMEA0183: GNVTG is just after a cycle ender.
05-02 20:51:35.228 461 461 I gpsd : gpsd:IO: <= GPS: $GNZDA,012516.99,02,01,2000,,*78
05-02 20:51:35.228 461 461 I gpsd : gpsd:WARN: WARNING: WKRO bug: leap second 18 inconsistent with 946776316, corrected to 1566091516 (2019-08-18T01:25:16.990Z)
05-02 20:51:35.228 461 461 I gpsd : gpsd:PROG: NMEA0183: GNZDA is just after a cycle ender.
05-02 20:51:36.207 461 461 I gpsd : gpsd:PROG: CORE: transmission pause. gap 0.979564 quiet_time 0.250000
05-02 20:51:36.210 461 461 I gpsd : gpsd:IO: <= GPS: $GPGGA,012517.99,,,,,0,00,,,,,,,*48
05-02 20:51:36.210 461 461 I gpsd : gpsd:PROG: NMEA0183: GPGGA starts a reporting cycle. lasttag 25
05-02 20:51:36.213 461 461 I gpsd : gpsd:IO: <= GPS: $GNGLL,,,,,012517.99,V,N*54
05-02 20:51:36.213 461 461 I gpsd : gpsd:PROG: NMEA0183: GNGLL ends a reporting cycle.
05-02 20:51:36.215 461 461 I gpsd : gpsd:IO: <= GPS: $GNGSA,A,1,,,,,,,,,,,,,,,,*2C
05-02 20:51:36.215 461 461 I gpsd : gpsd:PROG: NMEA0183: xxGSA sets mode 1
05-02 20:51:36.216 461 461 I gpsd : gpsd:PROG: NMEA0183: xxGSA: mask 0x402
05-02 20:51:36.216 461 461 I gpsd : gpsd:PROG: NMEA0183: GNGSA is just after a cycle ender.
05-02 20:51:36.219 461 461 I gpsd : gpsd:IO: <= GPS: $GAGSV,1,1,1,05,,,16,,,,,,,,,,,,,7*40
05-02 20:51:36.219 461 461 I gpsd : gpsd:PROG: NMEA0183: xAGSV: part 1 of 1, last_gsv_talker '0' last_gsv_sigid 0
05-02 20:51:36.219 461 461 I gpsd : gpsd:PROG: NMEA0183: xAGSV: new part 1, last_gsv_talker '0', zeroing
05-02 20:51:36.219 461 461 I gpsd : gpsd:WARN: NMEA0183: xxGSV: Satellite data no good (1 of 1).
05-02 20:51:36.219 461 461 I gpsd : gpsd:PROG: NMEA0183: GAGSV is just after a cycle ender.
05-02 20:51:36.222 461 461 I gpsd : gpsd:IO: <= GPS: $GNRMC,012517.99,V,,,,,,,020100,,,N,V*1A
05-02 20:51:36.223 461 461 I gpsd : gpsd:PROG: NMEA0183: GNRMC is just after a cycle ender.
05-02 20:51:36.225 461 461 I gpsd : gpsd:IO: <= GPS: $GNVTG,,T,,M,,N,,K,N*32
05-02 20:51:36.225 461 461 I gpsd : gpsd:PROG: NMEA0183: GNVTG is just after a cycle ender.
05-02 20:51:36.227 461 461 I gpsd : gpsd:IO: <= GPS: $GNZDA,012517.99,02,01,2000,,*79
05-02 20:51:36.228 461 461 I gpsd : gpsd:WARN: WARNING: WKRO bug: leap second 18 inconsistent with 946776317, corrected to 1566091517 (2019-08-18T01:25:17.990Z)
05-02 20:51:36.228 461 461 I gpsd : gpsd:PROG: NMEA0183: GNZDA is just after a cycle ender.
05-02 20:51:37.207 461 461 I gpsd : gpsd:PROG: CORE: transmission pause. gap 0.979600 quiet_time 0.250000
05-02 20:51:37.210 461 461 I gpsd : gpsd:IO: <= GPS: $GPGGA,012518.99,,,,,0,00,,,,,,,*47
05-02 20:51:37.210 461 461 I gpsd : gpsd:PROG: NMEA0183: GPGGA starts a reporting cycle. lasttag 25
05-02 20:51:37.213 461 461 I gpsd : gpsd:IO: <= GPS: $GNGLL,,,,,012518.99,V,N*5B
05-02 20:51:37.213 461 461 I gpsd : gpsd:PROG: NMEA0183: GNGLL ends a reporting cycle.
05-02 20:51:37.215 461 461 I gpsd : gpsd:IO: <= GPS: $GNGSA,A,1,,,,,,,,,,,,,,,,*2C
05-02 20:51:37.215 461 461 I gpsd : gpsd:PROG: NMEA0183: xxGSA sets mode 1
05-02 20:51:37.216 461 461 I gpsd : gpsd:PROG: NMEA0183: xxGSA: mask 0x402
05-02 20:51:37.216 461 461 I gpsd : gpsd:PROG: NMEA0183: GNGSA is just after a cycle ender.
05-02 20:51:37.219 461 461 I gpsd : gpsd:IO: <= GPS: $GAGSV,1,1,1,05,,,15,,,,,,,,,,,,,7*43
05-02 20:51:37.219 461 461 I gpsd : gpsd:PROG: NMEA0183: xAGSV: part 1 of 1, last_gsv_talker '0' last_gsv_sigid 0
05-02 20:51:37.219 461 461 I gpsd : gpsd:PROG: NMEA0183: xAGSV: new part 1, last_gsv_talker '0', zeroing
05-02 20:51:37.219 461 461 I gpsd : gpsd:WARN: NMEA0183: xxGSV: Satellite data no good (1 of 1).
05-02 20:51:37.219 461 461 I gpsd : gpsd:PROG: NMEA0183: GAGSV is just after a cycle ender.
05-02 20:51:37.222 461 461 I gpsd : gpsd:IO: <= GPS: $GNRMC,012518.99,V,,,,,,,020100,,,N,V*15
05-02 20:51:37.222 461 461 I gpsd : gpsd:PROG: NMEA0183: GNRMC is just after a cycle ender.
05-02 20:51:37.225 461 461 I gpsd : gpsd:IO: <= GPS: $GNVTG,,T,,M,,N,,K,N*32
05-02 20:51:37.225 461 461 I gpsd : gpsd:PROG: NMEA0183: GNVTG is just after a cycle ender.
05-02 20:51:37.227 461 461 I gpsd : gpsd:IO: <= GPS: $GNZDA,012518.99,02,01,2000,,*76
05-02 20:51:37.228 461 461 I gpsd : gpsd:WARN: WARNING: WKRO bug: leap second 18 inconsistent with 946776318, corrected to 1566091518 (2019-08-18T01:25:18.990Z)
05-02 20:51:37.228 461 461 I gpsd : gpsd:PROG: NMEA0183: GNZDA is just after a cycle ender.
05-02 20:51:38.213 461 461 I gpsd : gpsd:PROG: CORE: transmission pause. gap 0.985776 quiet_time 0.250000
05-02 20:51:38.216 461 461 I gpsd : gpsd:IO: <= GPS: $GPGGA,012519.99,,,,,0,00,,,,,,,*46
05-02 20:51:38.216 461 461 I gpsd : gpsd:PROG: NMEA0183: GPGGA starts a reporting cycle. lasttag 25
05-02 20:51:38.219 461 461 I gpsd : gpsd:IO: <= GPS: $GNGLL,,,,,012519.99,V,N*5A
05-02 20:51:38.219 461 461 I gpsd : gpsd:PROG: NMEA0183: GNGLL ends a reporting cycle.
05-02 20:51:38.221 461 461 I gpsd : gpsd:IO: <= GPS: $GNGSA,A,1,,,,,,,,,,,,,,,,*2C
05-02 20:51:38.222 461 461 I gpsd : gpsd:PROG: NMEA0183: xxGSA sets mode 1
05-02 20:51:38.222 461 461 I gpsd : gpsd:PROG: NMEA0183: xxGSA: mask 0x402
05-02 20:51:38.222 461 461 I gpsd : gpsd:PROG: NMEA0183: GNGSA is just after a cycle ender.
05-02 20:51:38.225 461 461 I gpsd : gpsd:IO: <= GPS: $GAGSV,1,1,1,05,,,15,,,,,,,,,,,,,7*43
05-02 20:51:38.225 461 461 I gpsd : gpsd:PROG: NMEA0183: xAGSV: part 1 of 1, last_gsv_talker '0' last_gsv_sigid 0
05-02 20:51:38.225 461 461 I gpsd : gpsd:PROG: NMEA0183: xAGSV: new part 1, last_gsv_talker '0', zeroing
05-02 20:51:38.225 461 461 I gpsd : gpsd:WARN: NMEA0183: xxGSV: Satellite data no good (1 of 1).
05-02 20:51:38.225 461 461 I gpsd : gpsd:PROG: NMEA0183: GAGSV is just after a cycle ender.
05-02 20:51:38.229 461 461 I gpsd : gpsd:IO: <= GPS: $GNRMC,012519.99,V,,,,,,,020100,,,N,V*14
05-02 20:51:38.229 461 461 I gpsd : gpsd:PROG: NMEA0183: GNRMC is just after a cycle ender.
05-02 20:51:38.231 461 461 I gpsd : gpsd:IO: <= GPS: $GNVTG,,T,,M,,N,,K,N*32
05-02 20:51:38.231 461 461 I gpsd : gpsd:PROG: NMEA0183: GNVTG is just after a cycle ender.
05-02 20:51:38.234 461 461 I gpsd : gpsd:IO: <= GPS: $GNZDA,012519.99,02,01,2000,,*77
05-02 20:51:38.234 461 461 I gpsd : gpsd:WARN: WARNING: WKRO bug: leap second 18 inconsistent with 946776319, corrected to 1566091519 (2019-08-18T01:25:19.990Z)
05-02 20:51:38.234 461 461 I gpsd : gpsd:PROG: NMEA0183: GNZDA is just after a cycle ender.
05-02 20:51:39.208 461 461 I gpsd : gpsd:PROG: CORE: transmission pause. gap 0.973764 quiet_time 0.250000
05-02 20:51:39.210 461 461 I gpsd : gpsd:IO: <= GPS: $GPGGA,012520.99,,,,,0,00,,,,,,,*4C
05-02 20:51:39.211 461 461 I gpsd : gpsd:PROG: NMEA0183: GPGGA starts a reporting cycle. lasttag 25
05-02 20:51:39.213 461 461 I gpsd : gpsd:IO: <= GPS: $GNGLL,,,,,012520.99,V,N*50
05-02 20:51:39.213 461 461 I gpsd : gpsd:PROG: NMEA0183: GNGLL ends a reporting cycle.
05-02 20:51:39.216 461 461 I gpsd : gpsd:IO: <= GPS: $GNGSA,A,1,,,,,,,,,,,,,,,,*2C
05-02 20:51:39.216 461 461 I gpsd : gpsd:PROG: NMEA0183: xxGSA sets mode 1
05-02 20:51:39.216 461 461 I gpsd : gpsd:PROG: NMEA0183: xxGSA: mask 0x402
05-02 20:51:39.216 461 461 I gpsd : gpsd:PROG: NMEA0183: GNGSA is just after a cycle ender.
05-02 20:51:39.219 461 461 I gpsd : gpsd:IO: <= GPS: $GAGSV,1,1,1,05,,,15,,,,,,,,,,,,,7*43
05-02 20:51:39.219 461 461 I gpsd : gpsd:PROG: NMEA0183: xAGSV: part 1 of 1, last_gsv_talker '0' last_gsv_sigid 0
05-02 20:51:39.219 461 461 I gpsd : gpsd:PROG: NMEA0183: xAGSV: new part 1, last_gsv_talker '0', zeroing
05-02 20:51:39.219 461 461 I gpsd : gpsd:WARN: NMEA0183: xxGSV: Satellite data no good (1 of 1).
05-02 20:51:39.219 461 461 I gpsd : gpsd:PROG: NMEA0183: GAGSV is just after a cycle ender.
05-02 20:51:39.223 461 461 I gpsd : gpsd:IO: <= GPS: $GNRMC,012520.99,V,,,,,,,020100,,,N,V*1E
05-02 20:51:39.223 461 461 I gpsd : gpsd:PROG: NMEA0183: GNRMC is just after a cycle ender.
05-02 20:51:39.225 461 461 I gpsd : gpsd:IO: <= GPS: $GNVTG,,T,,M,,N,,K,N*32
05-02 20:51:39.225 461 461 I gpsd : gpsd:PROG: NMEA0183: GNVTG is just after a cycle ender.
05-02 20:51:39.228 461 461 I gpsd : gpsd:IO: <= GPS: $GNZDA,012520.99,02,01,2000,,*7D
05-02 20:51:39.228 461 461 I gpsd : gpsd:WARN: WARNING: WKRO bug: leap second 18 inconsistent with 946776320, corrected to 1566091520 (2019-08-18T01:25:20.990Z)
05-02 20:51:39.228 461 461 I gpsd : gpsd:PROG: NMEA0183: GNZDA is just after a cycle ender.
05-02 20:51:40.208 461 461 I gpsd : gpsd:PROG: CORE: transmission pause. gap 0.979899 quiet_time 0.250000
05-02 20:51:40.211 461 461 I gpsd : gpsd:IO: <= GPS: $GPGGA,012521.99,,,,,0,00,,,,,,,*4D
05-02 20:51:40.211 461 461 I gpsd : gpsd:PROG: NMEA0183: GPGGA starts a reporting cycle. lasttag 25
05-02 20:51:40.213 461 461 I gpsd : gpsd:IO: <= GPS: $GNGLL,,,,,012521.99,V,N*51
05-02 20:51:40.213 461 461 I gpsd : gpsd:PROG: NMEA0183: GNGLL ends a reporting cycle.
05-02 20:51:40.216 461 461 I gpsd : gpsd:IO: <= GPS: $GNGSA,A,1,,,,,,,,,,,,,,,,*2C
05-02 20:51:40.216 461 461 I gpsd : gpsd:PROG: NMEA0183: xxGSA sets mode 1
05-02 20:51:40.216 461 461 I gpsd : gpsd:PROG: NMEA0183: xxGSA: mask 0x402
05-02 20:51:40.216 461 461 I gpsd : gpsd:PROG: NMEA0183: GNGSA is just after a cycle ender.
05-02 20:51:40.219 461 461 I gpsd : gpsd:IO: <= GPS: $GAGSV,1,1,1,05,,,04,,,,,,,,,,,,,7*43
05-02 20:51:40.219 461 461 I gpsd : gpsd:PROG: NMEA0183: xAGSV: part 1 of 1, last_gsv_talker '0' last_gsv_sigid 0
05-02 20:51:40.220 461 461 I gpsd : gpsd:PROG: NMEA0183: xAGSV: new part 1, last_gsv_talker '0', zeroing
05-02 20:51:40.220 461 461 I gpsd : gpsd:WARN: NMEA0183: xxGSV: Satellite data no good (1 of 1).
05-02 20:51:40.220 461 461 I gpsd : gpsd:PROG: NMEA0183: GAGSV is just after a cycle ender.
05-02 20:51:40.223 461 461 I gpsd : gpsd:IO: <= GPS: $GNRMC,012521.99,V,,,,,,,020100,,,N,V*1F
05-02 20:51:40.223 461 461 I gpsd : gpsd:PROG: NMEA0183: GNRMC is just after a cycle ender.
05-02 20:51:40.225 461 461 I gpsd : gpsd:IO: <= GPS: $GNVTG,,T,,M,,N,,K,N*32
05-02 20:51:40.225 461 461 I gpsd : gpsd:PROG: NMEA0183: GNVTG is just after a cycle ender.
05-02 20:51:40.228 461 461 I gpsd : gpsd:IO: <= GPS: $GNZDA,012521.99,02,01,2000,,*7C
05-02 20:51:40.228 461 461 I gpsd : gpsd:WARN: WARNING: WKRO bug: leap second 18 inconsistent with 946776321, corrected to 1566091521 (2019-08-18T01:25:21.990Z)
05-02 20:51:40.228 461 461 I gpsd : gpsd:PROG: NMEA0183: GNZDA is just after a cycle ender.
05-02 20:51:40.376 0 0 E tlv320aic31xx-codec 1-0018: ##Divyesh tlv aic31xx_hw_params: width 16 rate 48000
05-02 20:51:40.389 0 0 E tlv320aic31xx-codec 1-0018: ##Divyesh tlv pll 8.1920/1 dosr 128 n 8 m 2 aosr 128 n 8 m 2 bclk_n 8
05-02 20:51:40.399 0 0 E fsl-sai 30010000.sai: Divyesh tlv > ratio 8 for freq 1536000Hz based on clock 12288000Hz
05-02 20:51:40.408 0 0 E fsl-sai 30010000.sai: Divyesh tlv best fit: clock id=1, ratio=8, deviation=0
05-02 20:51:40.418 0 0 E tlv320aic31xx-codec 1-0018: ##Divyesh tlv Enter : aic31xx_dac_mute
05-02 20:51:40.425 0 0 E tlv320aic31xx-codec 1-0018: ##Divyesh tlv Enter : aic31xx_dac_mute >> Else function > unmute
05-02 20:51:41.208 461 461 I gpsd : gpsd:PROG: CORE: transmission pause. gap 0.979548 quiet_time 0.250000
05-02 20:51:41.211 461 461 I gpsd : gpsd:IO: <= GPS: $GPGGA,012522.99,,,,,0,00,,,,,,,*4E
05-02 20:51:41.211 461 461 I gpsd : gpsd:PROG: NMEA0183: GPGGA starts a reporting cycle. lasttag 25
05-02 20:51:41.213 461 461 I gpsd : gpsd:IO: <= GPS: $GNGLL,,,,,012522.99,V,N*52
05-02 20:51:41.213 461 461 I gpsd : gpsd:PROG: NMEA0183: GNGLL ends a reporting cycle.
05-02 20:51:41.216 461 461 I gpsd : gpsd:IO: <= GPS: $GNGSA,A,1,,,,,,,,,,,,,,,,*2C
05-02 20:51:41.216 461 461 I gpsd : gpsd:PROG: NMEA0183: xxGSA sets mode 1
05-02 20:51:41.216 461 461 I gpsd : gpsd:PROG: NMEA0183: xxGSA: mask 0x402
05-02 20:51:41.216 461 461 I gpsd : gpsd:PROG: NMEA0183: GNGSA is just after a cycle ender.
05-02 20:51:41.219 461 461 I gpsd : gpsd:IO: <= GPS: $GAGSV,1,1,1,05,,,17,,,,,,,,,,,,,7*41
05-02 20:51:41.219 461 461 I gpsd : gpsd:PROG: NMEA0183: xAGSV: part 1 of 1, last_gsv_talker '0' last_gsv_sigid 0
05-02 20:51:41.219 461 461 I gpsd : gpsd:PROG: NMEA0183: xAGSV: new part 1, last_gsv_talker '0', zeroing
05-02 20:51:41.220 461 461 I gpsd : gpsd:WARN: NMEA0183: xxGSV: Satellite data no good (1 of 1).
05-02 20:51:41.220 461 461 I gpsd : gpsd:PROG: NMEA0183: GAGSV is just after a cycle ender.
05-02 20:51:41.223 461 461 I gpsd : gpsd:IO: <= GPS: $GNRMC,012522.99,V,,,,,,,020100,,,N,V*1C
05-02 20:51:41.223 461 461 I gpsd : gpsd:PROG: NMEA0183: GNRMC is just after a cycle ender.
05-02 20:51:41.225 461 461 I gpsd : gpsd:IO: <= GPS: $GNVTG,,T,,M,,N,,K,N*32
05-02 20:51:41.225 461 461 I gpsd : gpsd:PROG: NMEA0183: GNVTG is just after a cycle ender.
05-02 20:51:41.228 461 461 I gpsd : gpsd:IO: <= GPS: $GNZDA,012522.99,02,01,2000,,*7F
05-02 20:51:41.228 461 461 I gpsd : gpsd:WARN: WARNING: WKRO bug: leap second 18 inconsistent with 946776322, corrected to 1566091522 (2019-08-18T01:25:22.990Z)
05-02 20:51:41.228 461 461 I gpsd : gpsd:PROG: NMEA0183: GNZDA is just after a cycle ender.
05-02 20:51:42.207 461 461 I gpsd : gpsd:PROG: CORE: transmission pause. gap 0.979337 quiet_time 0.250000
05-02 20:51:42.210 461 461 I gpsd : gpsd:IO: <= GPS: $GPGGA,012523.99,,,,,0,00,,,,,,,*4F
05-02 20:51:42.210 461 461 I gpsd : gpsd:PROG: NMEA0183: GPGGA starts a reporting cycle. lasttag 25
05-02 20:51:42.213 461 461 I gpsd : gpsd:IO: <= GPS: $GNGLL,,,,,012523.99,V,N*53
05-02 20:51:42.213 461 461 I gpsd : gpsd:PROG: NMEA0183: GNGLL ends a reporting cycle.
05-02 20:51:42.216 461 461 I gpsd : gpsd:IO: <= GPS: $GNGSA,A,1,,,,,,,,,,,,,,,,*2C
05-02 20:51:42.216 461 461 I gpsd : gpsd:PROG: NMEA0183: xxGSA sets mode 1
05-02 20:51:42.216 461 461 I gpsd : gpsd:PROG: NMEA0183: xxGSA: mask 0x402
05-02 20:51:42.216 461 461 I gpsd : gpsd:PROG: NMEA0183: GNGSA is just after a cycle ender.
05-02 20:51:42.219 461 461 I gpsd : gpsd:IO: <= GPS: $GAGSV,1,1,1,05,,,15,,,,,,,,,,,,,7*43
05-02 20:51:42.219 461 461 I gpsd : gpsd:PROG: NMEA0183: xAGSV: part 1 of 1, last_gsv_talker '0' last_gsv_sigid 0
05-02 20:51:42.219 461 461 I gpsd : gpsd:PROG: NMEA0183: xAGSV: new part 1, last_gsv_talker '0', zeroing
05-02 20:51:42.219 461 461 I gpsd : gpsd:WARN: NMEA0183: xxGSV: Satellite data no good (1 of 1).
05-02 20:51:42.219 461 461 I gpsd : gpsd:PROG: NMEA0183: GAGSV is just after a cycle ender.
05-02 20:51:42.223 461 461 I gpsd : gpsd:IO: <= GPS: $GNRMC,012523.99,V,,,,,,,020100,,,N,V*1D
05-02 20:51:42.223 461 461 I gpsd : gpsd:PROG: NMEA0183: GNRMC is just after a cycle ender.
05-02 20:51:42.225 461 461 I gpsd : gpsd:IO: <= GPS: $GNVTG,,T,,M,,N,,K,N*32
05-02 20:51:42.225 461 461 I gpsd : gpsd:PROG: NMEA0183: GNVTG is just after a cycle ender.
05-02 20:51:42.228 461 461 I gpsd : gpsd:IO: <= GPS: $GNZDA,012523.99,02,01,2000,,*7E
05-02 20:51:42.228 461 461 I gpsd : gpsd:WARN: WARNING: WKRO bug: leap second 18 inconsistent with 946776323, corrected to 1566091523 (2019-08-18T01:25:23.990Z)
05-02 20:51:42.228 461 461 I gpsd : gpsd:PROG: NMEA0183: GNZDA is just after a cycle ender.
05-02 20:51:43.208 461 461 I gpsd : gpsd:PROG: CORE: transmission pause. gap 0.979782 quiet_time 0.250000
05-02 20:51:43.210 461 461 I gpsd : gpsd:IO: <= GPS: $GPGGA,012524.99,,,,,0,00,,,,,,,*48
05-02 20:51:43.211 461 461 I gpsd : gpsd:PROG: NMEA0183: GPGGA starts a reporting cycle. lasttag 25
05-02 20:51:43.213 461 461 I gpsd : gpsd:IO: <= GPS: $GNGLL,,,,,012524.99,V,N*54
05-02 20:51:43.213 461 461 I gpsd : gpsd:PROG: NMEA0183: GNGLL ends a reporting cycle.
05-02 20:51:43.216 461 461 I gpsd : gpsd:IO: <= GPS: $GNGSA,A,1,,,,,,,,,,,,,,,,*2C
05-02 20:51:43.216 461 461 I gpsd : gpsd:PROG: NMEA0183: xxGSA sets mode 1
05-02 20:51:43.216 461 461 I gpsd : gpsd:PROG: NMEA0183: xxGSA: mask 0x402
05-02 20:51:43.216 461 461 I gpsd : gpsd:PROG: NMEA0183: GNGSA is just after a cycle ender.
05-02 20:51:43.219 461 461 I gpsd : gpsd:IO: <= GPS: $GAGSV,1,1,1,05,,,11,,,,,,,,,,,,,7*47
05-02 20:51:43.219 461 461 I gpsd : gpsd:PROG: NMEA0183: xAGSV: part 1 of 1, last_gsv_talker '0' last_gsv_sigid 0
05-02 20:51:43.219 461 461 I gpsd : gpsd:PROG: NMEA0183: xAGSV: new part 1, last_gsv_talker '0', zeroing
05-02 20:51:43.219 461 461 I gpsd : gpsd:WARN: NMEA0183: xxGSV: Satellite data no good (1 of 1).
05-02 20:51:43.219 461 461 I gpsd : gpsd:PROG: NMEA0183: GAGSV is just after a cycle ender.
05-02 20:51:43.223 461 461 I gpsd : gpsd:IO: <= GPS: $GNRMC,012524.99,V,,,,,,,020100,,,N,V*1A
05-02 20:51:43.223 461 461 I gpsd : gpsd:PROG: NMEA0183: GNRMC is just after a cycle ender.
05-02 20:51:43.225 461 461 I gpsd : gpsd:IO: <= GPS: $GNVTG,,T,,M,,N,,K,N*32
05-02 20:51:43.225 461 461 I gpsd : gpsd:PROG: NMEA0183: GNVTG is just after a cycle ender.
05-02 20:51:43.228 461 461 I gpsd : gpsd:IO: <= GPS: $GNZDA,012524.99,02,01,2000,,*79
05-02 20:51:43.228 461 461 I gpsd : gpsd:WARN: WARNING: WKRO bug: leap second 18 inconsistent with 946776324, corrected to 1566091524 (2019-08-18T01:25:24.990Z)
05-02 20:51:43.228 461 461 I gpsd : gpsd:PROG: NMEA0183: GNZDA is just after a cycle ender.
05-02 20:51:44.208 461 461 I gpsd : gpsd:PROG: CORE: transmission pause. gap 0.979663 quiet_time 0.250000
05-02 20:51:44.210 461 461 I gpsd : gpsd:IO: <= GPS: $GPGGA,012525.99,,,,,0,00,,,,,,,*49
05-02 20:51:44.211 461 461 I gpsd : gpsd:PROG: NMEA0183: GPGGA starts a reporting cycle. lasttag 25
05-02 20:51:44.213 461 461 I gpsd : gpsd:IO: <= GPS: $GNGLL,,,,,012525.99,V,N*55
05-02 20:51:44.213 461 461 I gpsd : gpsd:PROG: NMEA0183: GNGLL ends a reporting cycle.
05-02 20:51:44.216 461 461 I gpsd : gpsd:IO: <= GPS: $GNGSA,A,1,,,,,,,,,,,,,,,,*2C
05-02 20:51:44.216 461 461 I gpsd : gpsd:PROG: NMEA0183: xxGSA sets mode 1
05-02 20:51:44.216 461 461 I gpsd : gpsd:PROG: NMEA0183: xxGSA: mask 0x402
05-02 20:51:44.216 461 461 I gpsd : gpsd:PROG: NMEA0183: GNGSA is just after a cycle ender.
05-02 20:51:44.219 461 461 I gpsd : gpsd:IO: <= GPS: $GAGSV,1,1,1,05,,,11,,,,,,,,,,,,,7*47
05-02 20:51:44.219 461 461 I gpsd : gpsd:PROG: NMEA0183: xAGSV: part 1 of 1, last_gsv_talker '0' last_gsv_sigid 0
05-02 20:51:44.219 461 461 I gpsd : gpsd:PROG: NMEA0183: xAGSV: new part 1, last_gsv_talker '0', zeroing
05-02 20:51:44.219 461 461 I gpsd : gpsd:WARN: NMEA0183: xxGSV: Satellite data no good (1 of 1).
05-02 20:51:44.219 461 461 I gpsd : gpsd:PROG: NMEA0183: GAGSV is just after a cycle ender.
05-02 20:51:44.223 461 461 I gpsd : gpsd:IO: <= GPS: $GNRMC,012525.99,V,,,,,,,020100,,,N,V*1B
05-02 20:51:44.223 461 461 I gpsd : gpsd:PROG: NMEA0183: GNRMC is just after a cycle ender.
05-02 20:51:44.225 461 461 I gpsd : gpsd:IO: <= GPS: $GNVTG,,T,,M,,N,,K,N*32
05-02 20:51:44.225 461 461 I gpsd : gpsd:PROG: NMEA0183: GNVTG is just after a cycle ender.
05-02 20:51:44.228 461 461 I gpsd : gpsd:IO: <= GPS: $GNZDA,012525.99,02,01,2000,,*78
05-02 20:51:44.228 461 461 I gpsd : gpsd:WARN: WARNING: WKRO bug: leap second 18 inconsistent with 946776325, corrected to 1566091525 (2019-08-18T01:25:25.990Z)
05-02 20:51:44.228 461 461 I gpsd : gpsd:PROG: NMEA0183: GNZDA is just after a cycle ender.
05-02 20:51:45.207 461 461 I gpsd : gpsd:PROG: CORE: transmission pause. gap 0.979535 quiet_time 0.250000
05-02 20:51:45.210 461 461 I gpsd : gpsd:IO: <= GPS: $GPGGA,012526.99,,,,,0,00,,,,,,,*4A
05-02 20:51:45.211 461 461 I gpsd : gpsd:PROG: NMEA0183: GPGGA starts a reporting cycle. lasttag 25
05-02 20:51:45.213 461 461 I gpsd : gpsd:IO: <= GPS: $GNGLL,,,,,012526.99,V,N*56
05-02 20:51:45.213 461 461 I gpsd : gpsd:PROG: NMEA0183: GNGLL ends a reporting cycle.
05-02 20:51:45.216 461 461 I gpsd : gpsd:IO: <= GPS: $GNGSA,A,1,,,,,,,,,,,,,,,,*2C
05-02 20:51:45.216 461 461 I gpsd : gpsd:PROG: NMEA0183: xxGSA sets mode 1
05-02 20:51:45.216 461 461 I gpsd : gpsd:PROG: NMEA0183: xxGSA: mask 0x402
05-02 20:51:45.216 461 461 I gpsd : gpsd:PROG: NMEA0183: GNGSA is just after a cycle ender.
05-02 20:51:45.219 461 461 I gpsd : gpsd:IO: <= GPS: $GAGSV,1,1,1,05,,,15,,,,,,,,,,,,,7*43
05-02 20:51:45.219 461 461 I gpsd : gpsd:PROG: NMEA0183: xAGSV: part 1 of 1, last_gsv_talker '0' last_gsv_sigid 0
05-02 20:51:45.219 461 461 I gpsd : gpsd:PROG: NMEA0183: xAGSV: new part 1, last_gsv_talker '0', zeroing
05-02 20:51:45.219 461 461 I gpsd : gpsd:WARN: NMEA0183: xxGSV: Satellite data no good (1 of 1).
05-02 20:51:45.219 461 461 I gpsd : gpsd:PROG: NMEA0183: GAGSV is just after a cycle ender.
05-02 20:51:45.223 461 461 I gpsd : gpsd:IO: <= GPS: $GNRMC,012526.99,V,,,,,,,020100,,,N,V*18
05-02 20:51:45.223 461 461 I gpsd : gpsd:PROG: NMEA0183: GNRMC is just after a cycle ender.
05-02 20:51:45.225 461 461 I gpsd : gpsd:IO: <= GPS: $GNVTG,,T,,M,,N,,K,N*32
05-02 20:51:45.225 461 461 I gpsd : gpsd:PROG: NMEA0183: GNVTG is just after a cycle ender.
05-02 20:51:45.228 461 461 I gpsd : gpsd:IO: <= GPS: $GNZDA,012526.99,02,01,2000,,*7B
05-02 20:51:45.228 461 461 I gpsd : gpsd:WARN: WARNING: WKRO bug: leap second 18 inconsistent with 946776326, corrected to 1566091526 (2019-08-18T01:25:26.990Z)
05-02 20:51:45.228 461 461 I gpsd : gpsd:PROG: NMEA0183: GNZDA is just after a cycle ender.
05-02 20:51:46.208 461 461 I gpsd : gpsd:PROG: CORE: transmission pause. gap 0.979743 quiet_time 0.250000
05-02 20:51:46.211 461 461 I gpsd : gpsd:IO: <= GPS: $GPGGA,012527.99,,,,,0,00,,,,,,,*4B
05-02 20:51:46.211 461 461 I gpsd : gpsd:PROG: NMEA0183: GPGGA starts a reporting cycle. lasttag 25
05-02 20:51:46.213 461 461 I gpsd : gpsd:IO: <= GPS: $GNGLL,,,,,012527.99,V,N*57
05-02 20:51:46.213 461 461 I gpsd : gpsd:PROG: NMEA0183: GNGLL ends a reporting cycle.
05-02 20:51:46.216 461 461 I gpsd : gpsd:IO: <= GPS: $GNGSA,A,1,,,,,,,,,,,,,,,,*2C
05-02 20:51:46.216 461 461 I gpsd : gpsd:PROG: NMEA0183: xxGSA sets mode 1
05-02 20:51:46.216 461 461 I gpsd : gpsd:PROG: NMEA0183: xxGSA: mask 0x402
05-02 20:51:46.216 461 461 I gpsd : gpsd:PROG: NMEA0183: GNGSA is just after a cycle ender.
05-02 20:51:46.219 461 461 I gpsd : gpsd:IO: <= GPS: $GAGSV,1,1,1,05,,,04,,,,,,,,,,,,,7*43
05-02 20:51:46.219 461 461 I gpsd : gpsd:PROG: NMEA0183: xAGSV: part 1 of 1, last_gsv_talker '0' last_gsv_sigid 0
05-02 20:51:46.219 461 461 I gpsd : gpsd:PROG: NMEA0183: xAGSV: new part 1, last_gsv_talker '0', zeroing
05-02 20:51:46.219 461 461 I gpsd : gpsd:WARN: NMEA0183: xxGSV: Satellite data no good (1 of 1).
05-02 20:51:46.219 461 461 I gpsd : gpsd:PROG: NMEA0183: GAGSV is just after a cycle ender.
05-02 20:51:46.223 461 461 I gpsd : gpsd:IO: <= GPS: $GNRMC,012527.99,V,,,,,,,020100,,,N,V*19
05-02 20:51:46.223 461 461 I gpsd : gpsd:PROG: NMEA0183: GNRMC is just after a cycle ender.
05-02 20:51:46.225 461 461 I gpsd : gpsd:IO: <= GPS: $GNVTG,,T,,M,,N,,K,N*32
05-02 20:51:46.225 461 461 I gpsd : gpsd:PROG: NMEA0183: GNVTG is just after a cycle ender.
05-02 20:51:46.228 461 461 I gpsd : gpsd:IO: <= GPS: $GNZDA,012527.99,02,01,2000,,*7A
05-02 20:51:46.228 461 461 I gpsd : gpsd:WARN: WARNING: WKRO bug: leap second 18 inconsistent with 946776327, corrected to 1566091527 (2019-08-18T01:25:27.990Z)
05-02 20:51:46.228 461 461 I gpsd : gpsd:PROG: NMEA0183: GNZDA is just after a cycle ender.
05-02 20:51:47.208 461 461 I gpsd : gpsd:PROG: CORE: transmission pause. gap 0.979733 quiet_time 0.250000
05-02 20:51:47.211 461 461 I gpsd : gpsd:IO: <= GPS: $GPGGA,012528.99,,,,,0,00,,,,,,,*44
05-02 20:51:47.211 461 461 I gpsd : gpsd:PROG: NMEA0183: GPGGA starts a reporting cycle. lasttag 25
05-02 20:51:47.213 461 461 I gpsd : gpsd:IO: <= GPS: $GNGLL,,,,,012528.99,V,N*58
05-02 20:51:47.213 461 461 I gpsd : gpsd:PROG: NMEA0183: GNGLL ends a reporting cycle.
05-02 20:51:47.216 461 461 I gpsd : gpsd:IO: <= GPS: $GNGSA,A,1,,,,,,,,,,,,,,,,*2C
05-02 20:51:47.216 461 461 I gpsd : gpsd:PROG: NMEA0183: xxGSA sets mode 1
05-02 20:51:47.216 461 461 I gpsd : gpsd:PROG: NMEA0183: xxGSA: mask 0x402
05-02 20:51:47.216 461 461 I gpsd : gpsd:PROG: NMEA0183: GNGSA is just after a cycle ender.
05-02 20:51:47.219 461 461 I gpsd : gpsd:IO: <= GPS: $GAGSV,1,1,1,05,,,16,,,,,,,,,,,,,7*40
05-02 20:51:47.219 461 461 I gpsd : gpsd:PROG: NMEA0183: xAGSV: part 1 of 1, last_gsv_talker '0' last_gsv_sigid 0
05-02 20:51:47.219 461 461 I gpsd : gpsd:PROG: NMEA0183: xAGSV: new part 1, last_gsv_talker '0', zeroing
05-02 20:51:47.220 461 461 I gpsd : gpsd:WARN: NMEA0183: xxGSV: Satellite data no good (1 of 1).
05-02 20:51:47.220 461 461 I gpsd : gpsd:PROG: NMEA0183: GAGSV is just after a cycle ender.
05-02 20:51:47.223 461 461 I gpsd : gpsd:IO: <= GPS: $GNRMC,012528.99,V,,,,,,,020100,,,N,V*16
05-02 20:51:47.223 461 461 I gpsd : gpsd:PROG: NMEA0183: GNRMC is just after a cycle ender.
05-02 20:51:47.225 461 461 I gpsd : gpsd:IO: <= GPS: $GNVTG,,T,,M,,N,,K,N*32
05-02 20:51:47.225 461 461 I gpsd : gpsd:PROG: NMEA0183: GNVTG is just after a cycle ender.
05-02 20:51:47.228 461 461 I gpsd : gpsd:IO: <= GPS: $GNZDA,012528.99,02,01,2000,,*75
05-02 20:51:47.228 461 461 I gpsd : gpsd:WARN: WARNING: WKRO bug: leap second 18 inconsistent with 946776328, corrected to 1566091528 (2019-08-18T01:25:28.990Z)
05-02 20:51:47.228 461 461 I gpsd : gpsd:PROG: NMEA0183: GNZDA is just after a cycle ender.
05-02 20:51:48.207 461 461 I gpsd : gpsd:PROG: CORE: transmission pause. gap 0.979386 quiet_time 0.250000
05-02 20:51:48.210 461 461 I gpsd : gpsd:IO: <= GPS: $GPGGA,012529.99,,,,,0,00,,,,,,,*45
05-02 20:51:48.210 461 461 I gpsd : gpsd:PROG: NMEA0183: GPGGA starts a reporting cycle. lasttag 25
05-02 20:51:48.213 461 461 I gpsd : gpsd:IO: <= GPS: $GNGLL,,,,,012529.99,V,N*59
05-02 20:51:48.213 461 461 I gpsd : gpsd:PROG: NMEA0183: GNGLL ends a reporting cycle.
05-02 20:51:48.215 461 461 I gpsd : gpsd:IO: <= GPS: $GNGSA,A,1,,,,,,,,,,,,,,,,*2C
05-02 20:51:48.216 461 461 I gpsd : gpsd:PROG: NMEA0183: xxGSA sets mode 1
05-02 20:51:48.216 461 461 I gpsd : gpsd:PROG: NMEA0183: xxGSA: mask 0x402
05-02 20:51:48.216 461 461 I gpsd : gpsd:PROG: NMEA0183: GNGSA is just after a cycle ender.
05-02 20:51:48.219 461 461 I gpsd : gpsd:IO: <= GPS: $GAGSV,1,1,1,05,,,15,,,,,,,,,,,,,7*43
05-02 20:51:48.219 461 461 I gpsd : gpsd:PROG: NMEA0183: xAGSV: part 1 of 1, last_gsv_talker '0' last_gsv_sigid 0
05-02 20:51:48.219 461 461 I gpsd : gpsd:PROG: NMEA0183: xAGSV: new part 1, last_gsv_talker '0', zeroing
05-02 20:51:48.219 461 461 I gpsd : gpsd:WARN: NMEA0183: xxGSV: Satellite data no good (1 of 1).
05-02 20:51:48.219 461 461 I gpsd : gpsd:PROG: NMEA0183: GAGSV is just after a cycle ender.
05-02 20:51:48.222 461 461 I gpsd : gpsd:IO: <= GPS: $GNRMC,012529.99,V,,,,,,,020100,,,N,V*17
05-02 20:51:48.223 461 461 I gpsd : gpsd:PROG: NMEA0183: GNRMC is just after a cycle ender.
05-02 20:51:48.225 461 461 I gpsd : gpsd:IO: <= GPS: $GNVTG,,T,,M,,N,,K,N*32
05-02 20:51:48.225 461 461 I gpsd : gpsd:PROG: NMEA0183: GNVTG is just after a cycle ender.
05-02 20:51:48.228 461 461 I gpsd : gpsd:IO: <= GPS: $GNZDA,012529.99,02,01,2000,,*74
05-02 20:51:48.228 461 461 I gpsd : gpsd:WARN: WARNING: WKRO bug: leap second 18 inconsistent with 946776329, corrected to 1566091529 (2019-08-18T01:25:29.990Z)
05-02 20:51:48.228 461 461 I gpsd : gpsd:PROG: NMEA0183: GNZDA is just after a cycle ender.
05-02 20:51:49.208 461 461 I gpsd : gpsd:PROG: CORE: transmission pause. gap 0.979876 quiet_time 0.250000
05-02 20:51:49.210 461 461 I gpsd : gpsd:IO: <= GPS: $GPGGA,012530.99,,,,,0,00,,,,,,,*4D
05-02 20:51:49.211 461 461 I gpsd : gpsd:PROG: NMEA0183: GPGGA starts a reporting cycle. lasttag 25
05-02 20:51:49.213 461 461 I gpsd : gpsd:IO: <= GPS: $GNGLL,,,,,012530.99,V,N*51
05-02 20:51:49.213 461 461 I gpsd : gpsd:PROG: NMEA0183: GNGLL ends a reporting cycle.
05-02 20:51:49.216 461 461 I gpsd : gpsd:IO: <= GPS: $GNGSA,A,1,,,,,,,,,,,,,,,,*2C
05-02 20:51:49.216 461 461 I gpsd : gpsd:PROG: NMEA0183: xxGSA sets mode 1
05-02 20:51:49.216 461 461 I gpsd : gpsd:PROG: NMEA0183: xxGSA: mask 0x402
05-02 20:51:49.216 461 461 I gpsd : gpsd:PROG: NMEA0183: GNGSA is just after a cycle ender.
05-02 20:51:49.219 461 461 I gpsd : gpsd:IO: <= GPS: $GAGSV,1,1,1,05,,,15,,,,,,,,,,,,,7*43
05-02 20:51:49.219 461 461 I gpsd : gpsd:PROG: NMEA0183: xAGSV: part 1 of 1, last_gsv_talker '0' last_gsv_sigid 0
05-02 20:51:49.219 461 461 I gpsd : gpsd:PROG: NMEA0183: xAGSV: new part 1, last_gsv_talker '0', zeroing
05-02 20:51:49.219 461 461 I gpsd : gpsd:WARN: NMEA0183: xxGSV: Satellite data no good (1 of 1).
05-02 20:51:49.219 461 461 I gpsd : gpsd:PROG: NMEA0183: GAGSV is just after a cycle ender.
05-02 20:51:49.223 461 461 I gpsd : gpsd:IO: <= GPS: $GNRMC,012530.99,V,,,,,,,020100,,,N,V*1F
05-02 20:51:49.223 461 461 I gpsd : gpsd:PROG: NMEA0183: GNRMC is just after a cycle ender.
05-02 20:51:49.225 461 461 I gpsd : gpsd:IO: <= GPS: $GNVTG,,T,,M,,N,,K,N*32
05-02 20:51:49.225 461 461 I gpsd : gpsd:PROG: NMEA0183: GNVTG is just after a cycle ender.
05-02 20:51:49.228 461 461 I gpsd : gpsd:IO: <= GPS: $GNZDA,012530.99,02,01,2000,,*7C
05-02 20:51:49.228 461 461 I gpsd : gpsd:WARN: WARNING: WKRO bug: leap second 18 inconsistent with 946776330, corrected to 1566091530 (2019-08-18T01:25:30.990Z)
05-02 20:51:49.228 461 461 I gpsd : gpsd:PROG: NMEA0183: GNZDA is just after a cycle ender.
05-02 20:51:50.207 461 461 I gpsd : gpsd:PROG: CORE: transmission pause. gap 0.978800 quiet_time 0.250000
05-02 20:51:50.210 461 461 I gpsd : gpsd:IO: <= GPS: $GPGGA,012531.99,,,,,0,00,,,,,,,*4C
05-02 20:51:50.210 461 461 I gpsd : gpsd:PROG: NMEA0183: GPGGA starts a reporting cycle. lasttag 25
05-02 20:51:50.212 461 461 I gpsd : gpsd:IO: <= GPS: $GNGLL,,,,,012531.99,V,N*50
05-02 20:51:50.212 461 461 I gpsd : gpsd:PROG: NMEA0183: GNGLL ends a reporting cycle.
05-02 20:51:50.215 461 461 I gpsd : gpsd:IO: <= GPS: $GNGSA,A,1,,,,,,,,,,,,,,,,*2C
05-02 20:51:50.215 461 461 I gpsd : gpsd:PROG: NMEA0183: xxGSA sets mode 1
05-02 20:51:50.215 461 461 I gpsd : gpsd:PROG: NMEA0183: xxGSA: mask 0x402
05-02 20:51:50.215 461 461 I gpsd : gpsd:PROG: NMEA0183: GNGSA is just after a cycle ender.
05-02 20:51:50.218 461 461 I gpsd : gpsd:IO: <= GPS: $GAGSV,1,1,1,05,,,13,,,,,,,,,,,,,7*45
05-02 20:51:50.218 461 461 I gpsd : gpsd:PROG: NMEA0183: xAGSV: part 1 of 1, last_gsv_talker '0' last_gsv_sigid 0
05-02 20:51:50.218 461 461 I gpsd : gpsd:PROG: NMEA0183: xAGSV: new part 1, last_gsv_talker '0', zeroing
05-02 20:51:50.219 461 461 I gpsd : gpsd:WARN: NMEA0183: xxGSV: Satellite data no good (1 of 1).
05-02 20:51:50.219 461 461 I gpsd : gpsd:PROG: NMEA0183: GAGSV is just after a cycle ender.
05-02 20:51:50.222 461 461 I gpsd : gpsd:IO: <= GPS: $GNRMC,012531.99,V,,,,,,,020100,,,N,V*1E
05-02 20:51:50.222 461 461 I gpsd : gpsd:PROG: NMEA0183: GNRMC is just after a cycle ender.
05-02 20:51:50.224 461 461 I gpsd : gpsd:IO: <= GPS: $GNVTG,,T,,M,,N,,K,N*32
05-02 20:51:50.224 461 461 I gpsd : gpsd:PROG: NMEA0183: GNVTG is just after a cycle ender.
05-02 20:51:50.227 461 461 I gpsd : gpsd:IO: <= GPS: $GNZDA,012531.99,02,01,2000,,*7D
05-02 20:51:50.227 461 461 I gpsd : gpsd:WARN: WARNING: WKRO bug: leap second 18 inconsistent with 946776331, corrected to 1566091531 (2019-08-18T01:25:31.990Z)
05-02 20:51:50.227 461 461 I gpsd : gpsd:PROG: NMEA0183: GNZDA is just after a cycle ender.
05-02 20:51:51.207 461 461 I gpsd : gpsd:PROG: CORE: transmission pause. gap 0.979764 quiet_time 0.250000
05-02 20:51:51.210 461 461 I gpsd : gpsd:IO: <= GPS: $GPGGA,012532.99,,,,,0,00,,,,,,,*4F
05-02 20:51:51.210 461 461 I gpsd : gpsd:PROG: NMEA0183: GPGGA starts a reporting cycle. lasttag 25
05-02 20:51:51.212 461 461 I gpsd : gpsd:IO: <= GPS: $GNGLL,,,,,012532.99,V,N*53
05-02 20:51:51.212 461 461 I gpsd : gpsd:PROG: NMEA0183: GNGLL ends a reporting cycle.
05-02 20:51:51.215 461 461 I gpsd : gpsd:IO: <= GPS: $GNGSA,A,1,,,,,,,,,,,,,,,,*2C
05-02 20:51:51.215 461 461 I gpsd : gpsd:PROG: NMEA0183: xxGSA sets mode 1
05-02 20:51:51.215 461 461 I gpsd : gpsd:PROG: NMEA0183: xxGSA: mask 0x402
05-02 20:51:51.215 461 461 I gpsd : gpsd:PROG: NMEA0183: GNGSA is just after a cycle ender.
05-02 20:51:51.218 461 461 I gpsd : gpsd:IO: <= GPS: $GAGSV,1,1,1,05,,,15,,,,,,,,,,,,,7*43
05-02 20:51:51.218 461 461 I gpsd : gpsd:PROG: NMEA0183: xAGSV: part 1 of 1, last_gsv_talker '0' last_gsv_sigid 0
05-02 20:51:51.219 461 461 I gpsd : gpsd:PROG: NMEA0183: xAGSV: new part 1, last_gsv_talker '0', zeroing
05-02 20:51:51.219 461 461 I gpsd : gpsd:WARN: NMEA0183: xxGSV: Satellite data no good (1 of 1).
05-02 20:51:51.219 461 461 I gpsd : gpsd:PROG: NMEA0183: GAGSV is just after a cycle ender.
05-02 20:51:51.222 461 461 I gpsd : gpsd:IO: <= GPS: $GNRMC,012532.99,V,,,,,,,020100,,,N,V*1D
05-02 20:51:51.222 461 461 I gpsd : gpsd:PROG: NMEA0183: GNRMC is just after a cycle ender.
05-02 20:51:51.224 461 461 I gpsd : gpsd:IO: <= GPS: $GNVTG,,T,,M,,N,,K,N*32
05-02 20:51:51.224 461 461 I gpsd : gpsd:PROG: NMEA0183: GNVTG is just after a cycle ender.
05-02 20:51:51.227 461 461 I gpsd : gpsd:IO: <= GPS: $GNZDA,012532.99,02,01,2000,,*7E
05-02 20:51:51.227 461 461 I gpsd : gpsd:WARN: WARNING: WKRO bug: leap second 18 inconsistent with 946776332, corrected to 1566091532 (2019-08-18T01:25:32.990Z)
05-02 20:51:51.227 461 461 I gpsd : gpsd:PROG: NMEA0183: GNZDA is just after a cycle ender.
05-02 20:51:52.207 461 461 I gpsd : gpsd:PROG: CORE: transmission pause. gap 0.979713 quiet_time 0.250000
05-02 20:51:52.210 461 461 I gpsd : gpsd:IO: <= GPS: $GPGGA,012533.99,,,,,0,00,,,,,,,*4E
05-02 20:51:52.210 461 461 I gpsd : gpsd:PROG: NMEA0183: GPGGA starts a reporting cycle. lasttag 25
05-02 20:51:52.212 461 461 I gpsd : gpsd:IO: <= GPS: $GNGLL,,,,,012533.99,V,N*52
05-02 20:51:52.212 461 461 I gpsd : gpsd:PROG: NMEA0183: GNGLL ends a reporting cycle.
05-02 20:51:52.215 461 461 I gpsd : gpsd:IO: <= GPS: $GNGSA,A,1,,,,,,,,,,,,,,,,*2C
05-02 20:51:52.215 461 461 I gpsd : gpsd:PROG: NMEA0183: xxGSA sets mode 1
05-02 20:51:52.215 461 461 I gpsd : gpsd:PROG: NMEA0183: xxGSA: mask 0x402
05-02 20:51:52.215 461 461 I gpsd : gpsd:PROG: NMEA0183: GNGSA is just after a cycle ender.
05-02 20:51:52.218 461 461 I gpsd : gpsd:IO: <= GPS: $GAGSV,1,1,1,05,,,08,,,,,,,,,,,,,7*4F
05-02 20:51:52.219 461 461 I gpsd : gpsd:PROG: NMEA0183: xAGSV: part 1 of 1, last_gsv_talker '0' last_gsv_sigid 0
05-02 20:51:52.219 461 461 I gpsd : gpsd:PROG: NMEA0183: xAGSV: new part 1, last_gsv_talker '0', zeroing
05-02 20:51:52.219 461 461 I gpsd : gpsd:WARN: NMEA0183: xxGSV: Satellite data no good (1 of 1).
05-02 20:51:52.219 461 461 I gpsd : gpsd:PROG: NMEA0183: GAGSV is just after a cycle ender.
05-02 20:51:52.222 461 461 I gpsd : gpsd:IO: <= GPS: $GNRMC,012533.99,V,,,,,,,020100,,,N,V*1C
05-02 20:51:52.222 461 461 I gpsd : gpsd:PROG: NMEA0183: GNRMC is just after a cycle ender.
