05-02 20:49:15.691 525 1462 I BootReceiver: Copying /data/tombstones/tombstone_10 to DropBox (SYSTEM_TOMBSTONE)
05-02 20:49:15.692 383 1184 D NuPlayerDriver: notifyResetComplete(0xebec0ab0)
05-02 20:49:15.693 525 1462 I DropBoxManagerService: add tag=SYSTEM_TOMBSTONE isTagEnabled=true flags=0x2
05-02 20:49:15.694 383 813 W AMessage: failed to post message as target looper for handler 0 is gone.
05-02 20:49:15.696 444 766 I hw-BpHwBinder: onLastStrongRef automatically unlinking death recipients
05-02 20:49:15.697 444 766 V C2Store : in ~ComponentModule
05-02 20:49:15.697 444 766 V C2Store : unloading dll
05-02 20:49:15.698 383 1486 I hw-BpHwBinder: onLastStrongRef automatically unlinking death recipients
05-02 20:49:15.711 1464 1464 D ApplicationLoaders: Returning zygote-cached class loader: /system/framework/android.test.base.jar
05-02 20:49:15.712 1464 1464 D ApplicationLoaders: Returning zygote-cached class loader: /system/framework/android.hidl.base-V1.0-java.jar
05-02 20:49:15.712 1464 1464 D ApplicationLoaders: Returning zygote-cached class loader: /system/framework/android.hidl.manager-V1.0-java.jar
05-02 20:49:15.712 1464 1464 D ApplicationLoaders: Returning zygote-cached class loader: /system/framework/android.hidl.base-V1.0-java.jar
05-02 20:49:15.712 366 446 W APM::AudioPolicyEngine: getDevicesForStrategy() unknown strategy: -1
05-02 20:49:15.713 525 587 I chatty : uid=1000(system) Binder:525_4 expire 1 line
05-02 20:49:15.717 525 1462 I dropbox_file_copy: [/data/tombstones/tombstone_10,98304,SYSTEM_TOMBSTONE]
05-02 20:49:15.717 1464 1464 I .android.diale: The ClassLoaderContext is a special shared library.
05-02 20:49:15.723 228 228 E SELinux : avc: denied { find } for interface=vendor.nxp.nxpnfc::INxpNfc sid=u:r:nfc:s0 pid=1294 scontext=u:r:nfc:s0 tcontext=u:object_r:default_android_hwservice:s0 tclass=hwservice_manager permissive=1
05-02 20:49:15.723 228 228 I auditd : avc: denied { find } for interface=vendor.nxp.nxpnfc::INxpNfc sid=u:r:nfc:s0 pid=1294 scontext=u:r:nfc:s0 tcontext=u:object_r:default_android_hwservice:s0 tclass=hwservice_manager permissive=1
05-02 20:49:15.724 525 1462 I BootReceiver: Copying /data/tombstones/tombstone_11 to DropBox (SYSTEM_TOMBSTONE)
05-02 20:49:15.726 525 1462 I DropBoxManagerService: add tag=SYSTEM_TOMBSTONE isTagEnabled=true flags=0x2
05-02 20:49:15.730 361 361 I chatty : uid=1027(nfc) /vendor/bin/hw/android.hardware.nfc@1.2-service expire 135 lines
05-02 20:49:15.733 228 228 I hwservicemanager: getTransport: Cannot find entry vendor.nxp.nxpese@1.0::INxpEse/default in either framework or device manifest.
05-02 20:49:15.735 0 0 I pn54x_dev_open: 10,123
05-02 20:49:15.739 0 0 I : pn54x_dev_ioctl, cmd=1074063617, arg=0
05-02 20:49:15.741 1464 1464 I .android.diale: The ClassLoaderContext is a special shared library.
05-02 20:49:15.742 1464 1464 D nativeloader: classloader namespace configured for unbundled product apk. library_path=/product/priv-app/Dialer/lib/arm64:/product/lib64:/system/product/lib64
05-02 20:49:15.745 0 0 I : pn544_disable power off
05-02 20:49:15.746 525 1462 I dropbox_file_copy: [/data/tombstones/tombstone_11,98304,SYSTEM_TOMBSTONE]
05-02 20:49:15.754 525 1462 I commit_sys_config_file: [log-files,8]
05-02 20:49:15.756 525 1462 I am_uid_running: 10069
05-02 20:49:15.757 525 1462 D CompatibilityChangeReporter: Compat change id reported: 135634846; UID 10069; state: DISABLED
05-02 20:49:15.758 525 1462 D CompatibilityChangeReporter: Compat change id reported: 135754954; UID 10069; state: ENABLED
05-02 20:49:15.759 525 553 D CompatibilityChangeReporter: Compat change id reported: 143937733; UID 10069; state: ENABLED
05-02 20:49:15.772 338 338 D Zygote : Forked child process 1490
05-02 20:49:15.776 525 553 I am_proc_start: [0,1490,10069,android.process.media,content provider,{com.android.providers.downloads/com.android.providers.downloads.DownloadProvider}]
05-02 20:49:15.776 525 553 I ActivityManager: Start proc 1490:android.process.media/u0a69 for content provider {com.android.providers.downloads/com.android.providers.downloads.DownloadProvider}
05-02 20:49:15.780 1490 1490 I Zygote : seccomp disabled by setenforce 0
05-02 20:49:15.793 1464 1464 D NetworkSecurityConfig: No Network Security Config specified, using platform default
05-02 20:49:15.793 1464 1464 D NetworkSecurityConfig: No Network Security Config specified, using platform default
05-02 20:49:15.794 572 576 I adbd : jdwp connection from 1490
05-02 20:49:15.812 525 587 I am_proc_bound: [0,1490,android.process.media]
05-02 20:49:15.820 525 587 I am_uid_active: 10069
05-02 20:49:15.852 1490 1490 I d.process.medi: The ClassLoaderContext is a special shared library.
05-02 20:49:15.857 1464 1464 I Dialer : DialerExecutorModule.newThread - creating low priority thread
05-02 20:49:15.859 0 0 E regulator-dummy: Underflow of regulator enable count
05-02 20:49:15.871 1464 1464 I Dialer : CallLogConfigImpl.schedulePollingJob - scheduling
05-02 20:49:15.874 1464 1464 I Dialer : DialerApplication.initializeAnnotatedCallLog - framework not enabled
05-02 20:49:15.875 0 0 I chatty : uid=0(root) logd identical 2 lines
05-02 20:49:15.881 0 0 E regulator-dummy: Underflow of regulator enable count
05-02 20:49:15.883 1490 1490 D NetworkSecurityConfig: No Network Security Config specified, using platform default
05-02 20:49:15.884 1490 1490 D NetworkSecurityConfig: No Network Security Config specified, using platform default
05-02 20:49:15.886 1033 1033 D RecentsOrientedState: current RecentsOrientedState: [this=RecentsOrientedState@b45260f mOrientationHandler=PortraitPagedViewHandler@ca3f69c mDisplayRotation=0 mTouchRotation=0 mRecentsActivityRotation=0 isRecentsActivityRotationAllowed=true mSystemRotation=false mFlags=257]
05-02 20:49:15.886 1033 1033 D RecentsOrientedState: current RecentsOrientedState: [this=RecentsOrientedState@b45260f mOrientationHandler=PortraitPagedViewHandler@ca3f69c mDisplayRotation=0 mTouchRotation=0 mRecentsActivityRotation=0 isRecentsActivityRotationAllowed=true mSystemRotation=false mFlags=257]
05-02 20:49:15.892 887 1087 D SubscriptionController: [getSlotIndex]- subId invalid
05-02 20:49:15.896 1464 1464 I Dialer : DialerExecutorModule.newThread - creating low priority thread
05-02 20:49:15.898 0 0 I : pn54x_dev_ioctl, cmd=1074063617, arg=1
05-02 20:49:15.898 1464 1518 I Dialer : VisualVoicemailUpdateTask.updateNotification - enter
05-02 20:49:15.903 525 587 I am_uid_running: 10061
05-02 20:49:15.904 525 587 D CompatibilityChangeReporter: Compat change id reported: 135634846; UID 10061; state: DISABLED
05-02 20:49:15.905 525 587 D CompatibilityChangeReporter: Compat change id reported: 135754954; UID 10061; state: ENABLED
05-02 20:49:15.905 525 553 D CompatibilityChangeReporter: Compat change id reported: 143937733; UID 10061; state: ENABLED
05-02 20:49:15.909 0 0 I : pn544_enable power on
05-02 20:49:15.915 1490 1490 I d.process.medi: The ClassLoaderContext is a special shared library.
05-02 20:49:15.923 338 338 D Zygote : Forked child process 1519
05-02 20:49:15.926 525 553 I am_proc_start: [0,1519,10061,android.process.acore,content provider,{com.android.providers.contacts/com.android.providers.contacts.CallLogProvider}]
05-02 20:49:15.926 525 553 I ActivityManager: Start proc 1519:android.process.acore/u0a61 for content provider {com.android.providers.contacts/com.android.providers.contacts.CallLogProvider}
05-02 20:49:15.928 1519 1519 I Zygote : seccomp disabled by setenforce 0
05-02 20:49:15.942 572 576 I adbd : jdwp connection from 1519
05-02 20:49:15.951 525 824 I am_proc_bound: [0,1519,android.process.acore]
05-02 20:49:15.981 1519 1519 I d.process.acor: The ClassLoaderContext is a special shared library.
05-02 20:49:15.999 1490 1490 I d.process.medi: The ClassLoaderContext is a special shared library.
05-02 20:49:16.000 1519 1519 D NetworkSecurityConfig: No Network Security Config specified, using platform default
05-02 20:49:16.001 1519 1519 D NetworkSecurityConfig: No Network Security Config specified, using platform default
05-02 20:49:16.017 1519 1519 I d.process.acor: The ClassLoaderContext is a special shared library.
05-02 20:49:16.020 361 1541 I chatty : uid=1027(nfc) /vendor/bin/hw/android.hardware.nfc@1.2-service expire 157 lines
05-02 20:49:16.024 361 1544 I chatty : uid=1027(nfc) /vendor/bin/hw/android.hardware.nfc@1.2-service expire 85 lines
05-02 20:49:16.025 361 1542 I chatty : uid=1027(nfc) /vendor/bin/hw/android.hardware.nfc@1.2-service expire 164 lines
05-02 20:49:16.031 0 0 E pn54x_dev_write: i2c_master_send returned -6
05-02 20:49:16.037 1519 1519 I d.process.acor: The ClassLoaderContext is a special shared library.
05-02 20:49:16.045 1519 1519 I ContactsPerf: VoicemailContentProvider.onCreate start
05-02 20:49:16.054 1519 1519 I ContactsPerf: VoicemailContentProvider.onCreate finish
05-02 20:49:16.081 887 1087 I chatty : uid=1001(radio) Binder:887_7 identical 2 lines
05-02 20:49:16.083 525 824 D CountryDetector: The first listener is added
05-02 20:49:16.084 1519 1519 I ContactsDatabaseHelper: updateUseStrictPhoneNumberComparison: US
05-02 20:49:16.087 887 1087 D SubscriptionController: [getSlotIndex]- subId invalid
05-02 20:49:16.090 1519 1519 D ActivityThread: Loading provider contacts;com.android.contacts: com.android.providers.contacts.ContactsProvider2
05-02 20:49:16.113 1033 1071 D LoaderTask: loadWorkspace: loading default favorites
05-02 20:49:16.133 1033 1033 I wm_on_create_called: [188384300,com.android.launcher3.uioverrides.QuickstepLauncher,performCreate]
05-02 20:49:16.145 1033 1033 I wm_on_start_called: [188384300,com.android.launcher3.uioverrides.QuickstepLauncher,handleStartActivity]
05-02 20:49:16.154 1033 1033 I wm_on_resume_called: [188384300,com.android.launcher3.uioverrides.QuickstepLauncher,RESUME_ACTIVITY]
05-02 20:49:16.157 525 544 I DropBoxManagerService: add tag=system_app_strictmode isTagEnabled=true flags=0x2
05-02 20:49:16.173 1033 1033 I wm_on_top_resumed_gained_called: [188384300,com.android.launcher3.uioverrides.QuickstepLauncher,topStateChangedWhenResumed]
05-02 20:49:16.174 1033 1033 I wm_on_top_resumed_lost_called: [188384300,com.android.launcher3.uioverrides.QuickstepLauncher,topStateChangedWhenResumed]
05-02 20:49:16.175 1033 1033 I wm_on_paused_called: [188384300,com.android.launcher3.uioverrides.QuickstepLauncher,performPause]
05-02 20:49:16.175 525 539 I wm_failed_to_pause: [0,188384300,com.android.launcher3/.uioverrides.QuickstepLauncher,(none)]
05-02 20:49:16.208 1519 1551 D ContactsDatabaseHelper: WAL enabled for contacts2.db: true
05-02 20:49:16.223 1033 1033 D TouchInteractionService: Touch service connected
05-02 20:49:16.229 1033 1033 I Choreographer: Skipped 69 frames! The application may be doing too much work on its main thread.
05-02 20:49:16.265 525 544 I chatty : uid=1000(system) android.io identical 6 lines
05-02 20:49:16.279 525 544 I DropBoxManagerService: add tag=system_app_strictmode isTagEnabled=true flags=0x2
05-02 20:49:16.290 1464 1518 I Dialer : VisualVoicemailUpdateTask.updateNotification - no voicemails to notify about
05-02 20:49:16.290 1464 1518 I Dialer : VisualVoicemailNotifier.cancelAllVoicemailNotifications - enter
05-02 20:49:16.306 1294 1554 I chatty : uid=1027(nfc) AsyncTask #1 expire 93 lines
05-02 20:49:16.316 1294 1294 I auditd : type=1400 audit(0.0:359): avc: denied { read } for comm=4173796E635461736B202331 name="nfaStorage.bin1" dev="dm-5" ino=120974 scontext=u:r:nfc:s0 tcontext=u:object_r:vendor_data_file:s0 tclass=file permissive=1
05-02 20:49:16.320 1294 1294 I auditd : type=1400 audit(0.0:360): avc: denied { open } for comm=4173796E635461736B202331 path="/data/vendor/nfc/nfaStorage.bin1" dev="dm-5" ino=120974 scontext=u:r:nfc:s0 tcontext=u:object_r:vendor_data_file:s0 tclass=file permissive=1
05-02 20:49:16.325 1294 1556 I chatty : uid=1027(nfc) AsyncTask #1 expire 5 lines
05-02 20:49:16.326 1464 1518 I Dialer : VoicemailNotificationJobService.scheduleJob - job canceled
05-02 20:49:16.326 1294 1557 I chatty : uid=1027(nfc) com.android.nfc expire 8 lines
05-02 20:49:16.327 525 544 I commit_sys_config_file: [jobs,7]
05-02 20:49:16.328 1294 1558 I chatty : uid=1027(nfc) AsyncTask #1 expire 420 lines
05-02 20:49:16.331 1294 1487 I chatty : uid=1027(nfc) HwBinder:1294_1 expire 2 lines
05-02 20:49:16.333 1464 1464 I Dialer : VisualVoicemailUpdateTask.scheduleTask - update successful
05-02 20:49:16.337 525 525 I Telecom : DefaultDialerCache: Refreshing default dialer for user 0: now com.android.dialer: DDC.oR@ABM
05-02 20:49:16.338 525 525 I Telecom : MissedCallNotifierImpl: reloadAfterBootComplete: user=0: TSBCR.oR@ABQ
05-02 20:49:16.339 525 544 I DropBoxManagerService: add tag=system_app_strictmode isTagEnabled=true flags=0x2
05-02 20:49:16.340 525 525 I Telecom : MissedCallNotifierImpl: reloadAfterBootComplete: user=0: TSBCR.oR@ABQ
05-02 20:49:16.342 887 887 D CarrierConfigLoader: mHandler: 13 phoneId: 0
05-02 20:49:16.347 525 1559 I am_uid_active: 10061
05-02 20:49:16.363 525 544 I DropBoxManagerService: add tag=system_app_strictmode isTagEnabled=true flags=0x2
05-02 20:49:16.370 887 887 D SipService: SipService: started!
05-02 20:49:16.374 525 540 I am_uid_running: 10132
05-02 20:49:16.376 525 540 D CompatibilityChangeReporter: Compat change id reported: 135634846; UID 10132; state: DISABLED
05-02 20:49:16.377 525 553 D CompatibilityChangeReporter: Compat change id reported: 143937733; UID 10132; state: ENABLED
05-02 20:49:16.382 525 544 I DropBoxManagerService: add tag=system_app_strictmode isTagEnabled=true flags=0x2
05-02 20:49:16.399 887 887 D SipService: start:
05-02 20:49:16.408 887 1562 D SIP : [SipPreferences] isReceivingCallsEnabled, option not set; use default value, exception: android.provider.Settings$SettingNotFoundException: sip_receive_calls
05-02 20:49:16.424 361 361 I auditd : type=1400 audit(0.0:361): avc: denied { read write } for comm="nfc@1.2-service" name="libnfc-nxpConfigState.bin" dev="dm-5" ino=120973 scontext=u:r:hal_nfc_default:s0 tcontext=u:object_r:vendor_data_file:s0 tclass=file permissive=1
05-02 20:49:16.424 361 361 I auditd : type=1400 audit(0.0:362): avc: denied { open } for comm="nfc@1.2-service" path="/data/vendor/nfc/libnfc-nxpConfigState.bin" dev="dm-5" ino=120973 scontext=u:r:hal_nfc_default:s0 tcontext=u:object_r:vendor_data_file:s0 tclass=file permissive=1
05-02 20:49:16.424 361 361 I auditd : type=1400 audit(0.0:363): avc: denied { getattr } for comm="nfc@1.2-service" path="/data/vendor/nfc/libnfc-nxpConfigState.bin" dev="dm-5" ino=120973 scontext=u:r:hal_nfc_default:s0 tcontext=u:object_r:vendor_data_file:s0 tclass=file permissive=1
05-02 20:49:16.433 339 339 D Zygote : Forked child process 1563
05-02 20:49:16.438 355 987 I chatty : uid=1000(system) HwBinder:355_2 expire 9 lines
05-02 20:49:16.452 525 544 I chatty : uid=1000(system) android.io identical 2 lines
05-02 20:49:16.452 1563 1563 I Zygote : seccomp disabled by setenforce 0
05-02 20:49:16.457 1033 1413 I OpenGLRenderer: Davey! duration=1376ms; Flags=1, IntendedVsync=28973520666, Vsync=30123520689, OldestInputEvent=9223372036854775807, NewestInputEvent=0, HandleInputStart=30135551125, AnimationStart=30135553625, PerformTraversalsStart=30136382250, DrawStart=30330630125, SyncQueued=30338307750, SyncStart=30351754000, IssueDrawCommandsStart=30353276000, SwapBuffers=30353615000, FrameCompleted=30363589125, DequeueBufferDuration=166125, QueueBufferDuration=992875, GpuCompleted=0,
05-02 20:49:16.463 1563 1563 W rg.videolan.vl: Using default instruction set features for ARM CPU variant (cortex-a9) using conservative defaults
05-02 20:49:16.467 525 544 I DropBoxManagerService: add tag=system_app_strictmode isTagEnabled=true flags=0x2
05-02 20:49:16.469 525 553 W ActivityManager: Slow operation: 94ms so far, now at startProcess: returned from zygote!
05-02 20:49:16.469 525 553 W ActivityManager: Slow operation: 94ms so far, now at startProcess: done updating battery stats
05-02 20:49:16.470 525 553 I am_proc_start: [0,1563,10132,org.videolan.vlc,broadcast,{org.videolan.vlc/org.videolan.vlc.TvReceiver}]
05-02 20:49:16.470 525 553 W ActivityManager: Slow operation: 95ms so far, now at startProcess: building log message
05-02 20:49:16.470 525 553 I ActivityManager: Start proc 1563:org.videolan.vlc/u0a132 for broadcast {org.videolan.vlc/org.videolan.vlc.TvReceiver}
05-02 20:49:16.470 525 553 W ActivityManager: Slow operation: 95ms so far, now at startProcess: starting to update pids map
05-02 20:49:16.470 525 553 W ActivityManager: Slow operation: 95ms so far, now at startProcess: done updating pids map
05-02 20:49:16.470 572 576 I adbd : jdwp connection from 1563
05-02 20:49:16.498 0 0 W audit : audit_lost=18 audit_rate_limit=5 audit_backlog_limit=64
05-02 20:49:16.503 525 552 I am_uid_running: 1002
05-02 20:49:16.505 0 0 E audit : rate limit exceeded
05-02 20:49:16.513 525 552 D CompatibilityChangeReporter: Compat change id reported: 135634846; UID 1002; state: DISABLED
05-02 20:49:16.514 525 552 D CompatibilityChangeReporter: Compat change id reported: 135754954; UID 1002; state: ENABLED
05-02 20:49:16.519 525 540 I am_proc_bound: [0,1563,org.videolan.vlc]
05-02 20:49:16.520 525 544 I DropBoxManagerService: add tag=system_app_strictmode isTagEnabled=true flags=0x2
05-02 20:49:16.548 1519 1552 I ContactLocale: AddressBook Labels [[en_US]]: […, A, B, C, D, E, F, G, H, I, J, K, L, M, N, O, P, Q, R, S, T, U, V, W, X, Y, Z, Α, Β, Γ, Δ, Ε, Ζ, Η, Θ, Ι, Κ, Λ, Μ, Ν, Ξ, Ο, Π, Ρ, Σ, Τ, Υ, Φ, Χ, Ψ, Ω, …, А, Б, В, Г, Д, Ђ, Е, Є, Ж, З, И, І, Й, Ј, К, Л, Љ, М, Н, Њ, О, П, Р, С, Т, Ћ, У, Ф, Х, Ц, Ч, Џ, Ш, Щ, Ю, Я, …, א, ב, ג, ד, ה, ו, ז, ח, ט, י, כ, ל, מ, נ, ס, ע, פ, צ, ק, ר, ש, ת, …, ا, ب, ت, ث, ج, ح, خ, د, ذ, ر, ز, س, ش, ص, ض, ط, ظ, ع, غ, ف, ق, ك, ل, م, ن, ه, و, ي, …, ก, ข, ฃ, ค, ฅ, ฆ, ง, จ, ฉ, ช, ซ, ฌ, ญ, ฎ, ฏ, ฐ, ฑ, ฒ, ณ, ด, ต, ถ, ท, ธ, น, บ, ป, ผ, ฝ, พ, ฟ, ภ, ม, ย, ร, ฤ, ล, ฦ, ว, ศ, ษ, ส, ห, ฬ, อ, ฮ, …, ㄱ, ㄴ, ㄷ, ㄹ, ㅁ, ㅂ, ㅅ, ㅇ, ㅈ, ㅊ, ㅋ, ㅌ, ㅍ, ㅎ, …, あ, か, さ, た, な, は, ま, や, ら, わ, #, …]
05-02 20:49:16.572 338 338 D Zygote : Forked child process 1584
05-02 20:49:16.580 525 1445 I wm_stop_activity: [0,188384300,com.android.launcher3/.uioverrides.QuickstepLauncher]
05-02 20:49:16.587 1584 1584 I Zygote : seccomp disabled by setenforce 0
05-02 20:49:16.615 525 553 W ActivityManager: Slow operation: 111ms so far, now at startProcess: returned from zygote!
05-02 20:49:16.616 525 553 W ActivityManager: Slow operation: 112ms so far, now at startProcess: done updating battery stats
05-02 20:49:16.616 525 553 I am_proc_start: [0,1584,1002,com.android.bluetooth,service,{com.android.bluetooth/com.android.bluetooth.btservice.AdapterService}]
05-02 20:49:16.616 525 553 W ActivityManager: Slow operation: 112ms so far, now at startProcess: building log message
05-02 20:49:16.616 525 553 I ActivityManager: Start proc 1584:com.android.bluetooth/1002 for service {com.android.bluetooth/com.android.bluetooth.btservice.AdapterService}
05-02 20:49:16.616 525 553 W ActivityManager: Slow operation: 112ms so far, now at startProcess: starting to update pids map
05-02 20:49:16.617 572 576 I adbd : jdwp connection from 1584
05-02 20:49:16.617 525 553 W ActivityManager: Slow operation: 113ms so far, now at startProcess: done updating pids map
05-02 20:49:16.634 525 1445 I am_proc_bound: [0,1584,com.android.bluetooth]
05-02 20:49:16.636 1519 1551 D ContactsDatabaseHelper: WAL enabled for profile.db: false
05-02 20:49:16.644 525 1445 I am_uid_active: 1002
05-02 20:49:16.657 237 327 I vold : Bind mounting //data/media/0/Android/data on /mnt/user/0/emulated/0/Android/data
05-02 20:49:16.658 1563 1563 D NetworkSecurityConfig: No Network Security Config specified, using platform default
05-02 20:49:16.658 1563 1563 D NetworkSecurityConfig: No Network Security Config specified, using platform default
05-02 20:49:16.659 237 327 I vold : Bind mounted //data/media/0/Android/data on /mnt/user/0/emulated/0/Android/data
05-02 20:49:16.659 237 327 I vold : Bind mounting //data/media/0/Android/obb on /mnt/user/0/emulated/0/Android/obb
05-02 20:49:16.662 237 327 I vold : Bind mounted //data/media/0/Android/obb on /mnt/user/0/emulated/0/Android/obb
05-02 20:49:16.663 237 327 I vold : Configuring read_ahead of /mnt/user/0/emulated fuse filesystem to 256kb
05-02 20:49:16.665 237 327 I vold : Writing 256 to /sys/class/bdi/0:73/read_ahead_kb
05-02 20:49:16.665 237 327 I vold : Configuring max_ratio of /mnt/user/0/emulated fuse filesystem to 40
05-02 20:49:16.665 237 327 I vold : Writing 40 to /sys/class/bdi/0:73/max_ratio
05-02 20:49:16.667 525 607 I StorageManagerService: Mounted volume VolumeInfo{emulated;0}:
05-02 20:49:16.667 525 607 I StorageManagerService: type=EMULATED diskId=null partGuid= mountFlags=PRIMARY|VISIBLE
05-02 20:49:16.667 525 607 I StorageManagerService: mountUserId=0 state=CHECKING
05-02 20:49:16.667 525 607 I StorageManagerService: fsType=null fsUuid=null fsLabel=null
05-02 20:49:16.667 525 607 I StorageManagerService: path=/storage/emulated internalPath=/data/media
05-02 20:49:16.668 525 607 I StorageSessionController: Notifying volume state changed for session with id: emulated;0
05-02 20:49:16.683 525 544 D BluetoothManagerService: MESSAGE_RESTART_BLUETOOTH_SERVICE: retry count=3
05-02 20:49:16.683 525 544 D BluetoothManagerService: binding Bluetooth service
05-02 20:49:16.686 1033 1033 I wm_on_stop_called: [188384300,com.android.launcher3.uioverrides.QuickstepLauncher,STOP_ACTIVITY_ITEM]
05-02 20:49:16.690 525 670 I commit_sys_config_file: [appops,176]
05-02 20:49:16.694 1314 1455 I ExternalStorageServiceImpl: Ignoring volume state for vol:external_primary. State: checking
05-02 20:49:16.732 1563 1563 I MultiDex: VM with version 2.1.0 has multidex support
05-02 20:49:16.732 1563 1563 I MultiDex: Installing application
05-02 20:49:16.733 1563 1563 I MultiDex: VM has multidex support, MultiDex support library is disabled.
05-02 20:49:16.741 1584 1584 I chatty : uid=1002(bluetooth) com.android.bluetooth expire 45 lines
05-02 20:49:16.741 1314 1455 V MediaStore: Examining volume emulated;0 with name external_primary and state mounted
05-02 20:49:16.742 1314 1455 V MediaProvider: Updated external volumes to: {external_primary}
05-02 20:49:16.750 525 540 W StorageManagerService: Reporting emulated;0 unmounted due to system locked
05-02 20:49:16.756 525 607 I StorageManagerService: Mounting volume VolumeInfo{public:179,97}:
05-02 20:49:16.756 525 607 I StorageManagerService: type=PUBLIC diskId=disk:179,96 partGuid= mountFlags=0 mountUserId=0
05-02 20:49:16.756 525 607 I StorageManagerService: state=UNMOUNTED
05-02 20:49:16.756 525 607 I StorageManagerService: fsType=null fsUuid=null fsLabel=null
05-02 20:49:16.756 525 607 I StorageManagerService: path=null internalPath=null
05-02 20:49:16.757 237 327 D vold : /system/bin/blkid
05-02 20:49:16.757 237 327 D vold : -c
05-02 20:49:16.757 237 327 D vold : /dev/null
05-02 20:49:16.757 237 327 D vold : -s
05-02 20:49:16.757 237 327 D vold : TYPE
05-02 20:49:16.757 237 327 D vold : -s
05-02 20:49:16.757 237 327 D vold : UUID
05-02 20:49:16.757 237 327 D vold : -s
05-02 20:49:16.757 237 327 D vold : LABEL
05-02 20:49:16.757 237 327 D vold : /dev/block/vold/public:179,97
05-02 20:49:16.760 525 824 W StorageManagerService: Reporting emulated;0 unmounted due to system locked
05-02 20:49:16.762 525 525 W StorageManagerService: Reporting emulated;0 unmounted due to system locked
05-02 20:49:16.769 525 525 W StorageManagerService: Reporting emulated;0 unmounted due to system locked
05-02 20:49:16.776 1314 1314 V MediaStore: Examining volume emulated;0 with name external_primary and state mounted
05-02 20:49:16.776 1314 1314 V MediaProvider: Updated external volumes to: {external_primary}
05-02 20:49:16.817 369 369 I sf_frame_dur: [com.android.launcher3/com.android.launcher3.uioverrides.QuickstepLauncher#0,0,0,1,1,0,0,0]
05-02 20:49:16.853 525 540 W StorageManagerService: Reporting emulated;0 unmounted due to system locked
05-02 20:49:16.867 237 327 D vold : /dev/block/vold/public:179,97: UUID="3835-6331" TYPE="vfat"
05-02 20:49:16.870 237 327 D vold : /system/bin/fsck_msdos
05-02 20:49:16.870 237 327 D vold : -p
05-02 20:49:16.870 237 327 D vold : -f
05-02 20:49:16.870 237 327 D vold : -y
05-02 20:49:16.870 237 327 D vold : /dev/block/vold/public:179,97
05-02 20:49:16.873 1033 1033 E libprocessgroup: set_timerslack_ns write failed: Operation not permitted
05-02 20:49:16.903 525 540 W StorageManagerService: Reporting emulated;0 unmounted due to system locked
05-02 20:49:16.933 1584 1614 I chatty : uid=1002(bluetooth) com.android.bluetooth expire 9 lines
05-02 20:49:16.959 1584 1617 I chatty : uid=1002(bluetooth) com.android.bluetooth expire 17 lines
05-02 20:49:16.961 1584 1620 I chatty : uid=1002(bluetooth) com.android.bluetooth expire 1 line
05-02 20:49:16.962 1584 1621 I chatty : uid=1002(bluetooth) com.android.bluetooth expire 1 line
05-02 20:49:16.963 1584 1617 I bt_config_source: 1
05-02 20:49:16.964 1584 1622 I chatty : uid=1002(bluetooth) com.android.bluetooth expire 5 lines
05-02 20:49:16.968 525 525 D BluetoothManagerService: Bluetooth Adapter name changed to iMX8
05-02 20:49:16.968 525 525 D BluetoothManagerService: Stored Bluetooth name: iMX8
05-02 20:49:16.977 1584 1623 I chatty : uid=1002(bluetooth) com.android.bluetooth expire 4 lines
05-02 20:49:17.010 525 525 D BluetoothManagerService: BluetoothServiceConnection: com.android.bluetooth.btservice.AdapterService
05-02 20:49:17.010 525 544 D BluetoothManagerService: MESSAGE_BLUETOOTH_SERVICE_CONNECTED: 1
05-02 20:49:17.012 525 544 D BluetoothManagerService: Broadcasting onBluetoothServiceUp() to 5 receivers.
05-02 20:49:17.013 1294 1339 I chatty : uid=1027(nfc) Binder:1294_3 expire 1 line
05-02 20:49:17.013 887 1076 D BluetoothAdapter: onBluetoothServiceUp: android.bluetooth.IBluetooth$Stub$Proxy@c637b09
05-02 20:49:17.013 685 1031 D BluetoothAdapter: onBluetoothServiceUp: android.bluetooth.IBluetooth$Stub$Proxy@4b57bf6
05-02 20:49:17.014 237 327 D vold : /dev/block/vold/public:179,97: 2 files, 15549888 KiB free (485934 clusters)
05-02 20:49:17.014 1584 1605 I chatty : uid=1002(bluetooth) com.android.bluetooth expire 1 line
05-02 20:49:17.016 237 327 I vold : Filesystem check completed OK
05-02 20:49:17.017 1584 1603 I chatty : uid=1002(bluetooth) com.android.bluetooth expire 1 line
05-02 20:49:17.022 525 544 D BluetoothManagerService: MESSAGE_BLUETOOTH_STATE_CHANGE: OFF > BLE_TURNING_ON
05-02 20:49:17.022 525 544 D BluetoothManagerService: Sending BLE State Change: OFF > BLE_TURNING_ON
05-02 20:49:17.023 0 0 W FAT-fs (mmcblk1p1): Volume was not properly unmounted. Some data may be corrupt. Please run fsck.
05-02 20:49:17.024 1584 1625 I chatty : uid=1002(bluetooth) com.android.bluetooth expire 5 lines
05-02 20:49:17.041 525 607 I StorageManagerService: Mounted volume VolumeInfo{public:179,97}:
05-02 20:49:17.041 525 607 I StorageManagerService: type=PUBLIC diskId=disk:179,96 partGuid= mountFlags=0 mountUserId=0
05-02 20:49:17.041 525 607 I StorageManagerService: state=MOUNTED
05-02 20:49:17.041 525 607 I StorageManagerService: fsType=vfat fsUuid=3835-6331 fsLabel=
05-02 20:49:17.041 525 607 I StorageManagerService: path=/mnt/media_rw/3835-6331 internalPath=/mnt/media_rw/3835-6331
05-02 20:49:17.048 525 607 I commit_sys_config_file: [storage-settings,7]
05-02 20:49:17.049 525 607 I StorageSessionController: Notifying volume state changed for session with id: emulated;0
05-02 20:49:17.050 685 685 D StorageNotification: Notifying about public volume: VolumeInfo{public:179,97}:
05-02 20:49:17.050 685 685 D StorageNotification: type=PUBLIC diskId=disk:179,96 partGuid= mountFlags=0 mountUserId=0
05-02 20:49:17.050 685 685 D StorageNotification: state=MOUNTED
05-02 20:49:17.050 685 685 D StorageNotification: fsType=vfat fsUuid=3835-6331 fsLabel=
05-02 20:49:17.050 685 685 D StorageNotification: path=/mnt/media_rw/3835-6331 internalPath=/mnt/media_rw/3835-6331
05-02 20:49:17.050 525 525 W StorageManagerService: Reporting emulated;0 unmounted due to system locked
05-02 20:49:17.051 525 525 W StorageManagerService: Reporting public:179,97 unmounted due to system locked
05-02 20:49:17.055 1314 1314 V MediaStore: Examining volume emulated;0 with name external_primary and state mounted
05-02 20:49:17.056 1314 1314 V MediaStore: Examining volume public:179,97 with name 3835-6331 and state mounted
05-02 20:49:17.056 1314 1314 V MediaProvider: Updated external volumes to: {external_primary, 3835-6331}
05-02 20:49:17.056 525 525 W StorageManagerService: Reporting emulated;0 unmounted due to system locked
05-02 20:49:17.057 525 525 W StorageManagerService: Reporting public:179,97 unmounted due to system locked
05-02 20:49:17.059 1584 1632 I chatty : uid=1002(bluetooth) com.android.bluetooth expire 1 line
05-02 20:49:17.068 525 540 W StorageManagerService: Reporting emulated;0 unmounted due to system locked
05-02 20:49:17.068 525 540 W StorageManagerService: Reporting public:179,97 unmounted due to system locked
05-02 20:49:17.070 525 525 I notification_enqueue: [10121,685,com.android.systemui,1397773634,public:179,97,0,Notification(channel=DSK shortcut=null contentView=null vibrate=null sound=null defaults=0x0 flags=0x100 color=0xff607d8b category=sys actions=2 vis=PUBLIC),0]
05-02 20:49:17.072 1314 1455 V MediaStore: Examining volume emulated;0 with name external_primary and state mounted
05-02 20:49:17.072 1314 1455 V MediaStore: Examining volume public:179,97 with name 3835-6331 and state mounted
05-02 20:49:17.072 1314 1455 V MediaProvider: Updated external volumes to: {external_primary, 3835-6331}
05-02 20:49:17.082 525 525 W StorageManagerService: Reporting emulated;0 unmounted due to system locked
05-02 20:49:17.083 525 525 W StorageManagerService: Reporting public:179,97 unmounted due to system locked
05-02 20:49:17.083 525 1445 W StorageManagerService: Reporting emulated;0 unmounted due to system locked
05-02 20:49:17.084 525 1445 W StorageManagerService: Reporting public:179,97 unmounted due to system locked
05-02 20:49:17.084 525 525 W StorageManagerService: Reporting emulated;0 unmounted due to system locked
05-02 20:49:17.085 525 525 W StorageManagerService: Reporting public:179,97 unmounted due to system locked
05-02 20:49:17.090 1314 1314 V MediaStore: Examining volume emulated;0 with name external_primary and state mounted
05-02 20:49:17.094 1314 1314 V MediaStore: Examining volume public:179,97 with name 3835-6331 and state mounted
05-02 20:49:17.094 1314 1314 V MediaProvider: Updated external volumes to: {external_primary, 3835-6331}
05-02 20:49:17.100 1563 1635 I VLC/LibVLC/Util: ELF ABI = arm, 32bits
05-02 20:49:17.100 1563 1635 I VLC/LibVLC/Util: ELF arch = v7
05-02 20:49:17.100 1563 1635 I VLC/LibVLC/Util: ELF fpu = false
05-02 20:49:17.107 1563 1635 D VLC/LibVLC/Util: machineSpecs: hasArmV6: true, hasArmV7: true, hasX86: false, is64bits: true
05-02 20:49:17.115 525 539 I am_uid_running: 10105
05-02 20:49:17.116 525 539 D CompatibilityChangeReporter: Compat change id reported: 135634846; UID 10105; state: DISABLED
05-02 20:49:17.117 525 539 D CompatibilityChangeReporter: Compat change id reported: 135754954; UID 10105; state: DISABLED
05-02 20:49:17.118 525 553 D CompatibilityChangeReporter: Compat change id reported: 143937733; UID 10105; state: DISABLED
05-02 20:49:17.146 338 338 D Zygote : Forked child process 1644
05-02 20:49:17.147 1584 1645 I chatty : uid=1002(bluetooth) com.android.bluetooth expire 4 lines
05-02 20:49:17.152 228 228 I hwservicemanager: getTransport: Cannot find entry android.hardware.bluetooth@1.1::IBluetoothHci/default in either framework or device manifest.
05-02 20:49:17.155 525 553 I am_proc_start: [0,1644,10105,com.android.calendar,broadcast,{com.android.calendar/com.android.calendar.alerts.AlertReceiver}]
05-02 20:49:17.156 525 553 I ActivityManager: Start proc 1644:com.android.calendar/u0a105 for broadcast {com.android.calendar/com.android.calendar.alerts.AlertReceiver}
05-02 20:49:17.159 1644 1644 I Zygote : seccomp disabled by setenforce 0
05-02 20:49:17.160 1644 1644 I libc : SetHeapTaggingLevel: tag level set to 0
05-02 20:49:17.174 572 576 I adbd : jdwp connection from 1644
05-02 20:49:17.184 525 540 I am_proc_bound: [0,1644,com.android.calendar]
05-02 20:49:17.250 1644 1644 D ApplicationLoaders: Returning zygote-cached class loader: /system/framework/android.test.base.jar
05-02 20:49:17.251 1671 1671 I migrate_legacy_obb_data: No legacy obb data to migrate.
05-02 20:49:17.255 525 607 I StorageSessionController: Notifying volume state changed for session with id: emulated;0
05-02 20:49:17.260 1314 1314 V MediaStore: Examining volume emulated;0 with name external_primary and state mounted
05-02 20:49:17.260 1314 1314 V MediaStore: Examining volume public:179,97 with name 3835-6331 and state mounted
05-02 20:49:17.260 1314 1314 V MediaProvider: Updated external volumes to: {external_primary, 3835-6331}
05-02 20:49:17.266 1644 1644 I ndroid.calenda: The ClassLoaderContext is a special shared library.
05-02 20:49:17.268 1644 1644 D nativeloader: classloader namespace configured for unbundled product apk. library_path=/product/app/Calendar/lib/arm64:/product/lib64:/system/product/lib64
05-02 20:49:17.269 1314 1455 V MediaStore: Examining volume emulated;0 with name external_primary and state mounted
05-02 20:49:17.269 1314 1455 V MediaStore: Examining volume public:179,97 with name 3835-6331 and state mounted
05-02 20:49:17.269 1314 1455 V MediaProvider: Updated external volumes to: {external_primary, 3835-6331}
05-02 20:49:17.271 525 525 I sysui_multi_action: [757,1501,758,1,793,208,794,0,795,208,796,1397773634,797,public:179,97,806,com.android.systemui,857,DSK,858,2,947,0,1500,0,1641,sys,1688,1,1745,2098068913]
05-02 20:49:17.271 525 525 I sysui_multi_action: [757,804,799,note_interruptive,801,0,802,1]
05-02 20:49:17.272 525 525 D NotificationService: 0|com.android.systemui|1397773634|public:179,97|10121: granting content://settings/system/notification_sound
05-02 20:49:17.273 525 525 I chatty : uid=1000(system) Binder:525_3 identical 1 line
05-02 20:49:17.274 525 525 D NotificationService: 0|com.android.systemui|1397773634|public:179,97|10121: granting content://settings/system/notification_sound
05-02 20:49:17.282 525 525 W NotificationHistory: Attempted to add notif for locked/gone/disabled user 0
05-02 20:49:17.283 1314 1314 V MediaStore: Examining volume emulated;0 with name external_primary and state mounted
05-02 20:49:17.283 1314 1314 V MediaStore: Examining volume public:179,97 with name 3835-6331 and state mounted
05-02 20:49:17.284 1314 1314 V MediaProvider: Updated external volumes to: {external_primary, 3835-6331}
05-02 20:49:17.285 420 1236 D installd: Found quota mount /dev/block/dm-5 at /data
05-02 20:49:17.286 420 1236 D installd: Found quota mount /dev/block/dm-5 at /data/user/0
05-02 20:49:17.287 420 1236 D installd: Found quota mount /dev/block/dm-5 at /mnt/pass_through/0/emulated
05-02 20:49:17.287 420 1236 D installd: Found quota mount /dev/block/dm-5 at /mnt/androidwritable/0/emulated/0/Android/data
05-02 20:49:17.287 420 1236 D installd: Found quota mount /dev/block/dm-5 at /mnt/installer/0/emulated/0/Android/data
05-02 20:49:17.287 420 1236 D installd: Found quota mount /dev/block/dm-5 at /storage/emulated/0/Android/data
05-02 20:49:17.287 420 1236 D installd: Found quota mount /dev/block/dm-5 at /mnt/user/0/emulated/0/Android/data
05-02 20:49:17.287 420 1236 D installd: Found quota mount /dev/block/dm-5 at /mnt/androidwritable/0/emulated/0/Android/obb
05-02 20:49:17.287 420 1236 D installd: Found quota mount /dev/block/dm-5 at /mnt/installer/0/emulated/0/Android/obb
05-02 20:49:17.287 420 1236 D installd: Found quota mount /dev/block/dm-5 at /storage/emulated/0/Android/obb
05-02 20:49:17.287 420 1236 D installd: Found quota mount /dev/block/dm-5 at /mnt/user/0/emulated/0/Android/obb
05-02 20:49:17.290 420 1236 D installd: Found storage mount /dev/block/dm-5 at /mnt/pass_through/0/emulated
05-02 20:49:17.298 525 607 I commit_sys_config_file: [storage-settings,15]
05-02 20:49:17.307 1644 1644 D NetworkSecurityConfig: No Network Security Config specified, using platform default
05-02 20:49:17.308 1644 1644 D NetworkSecurityConfig: No Network Security Config specified, using platform default
05-02 20:49:17.310 685 685 D InterruptionStateProvider: No bubble up: not allowed to bubble: 0|com.android.systemui|1397773634|public:179,97|10121
05-02 20:49:17.311 685 685 D InterruptionStateProvider: No heads up: unimportant notification: 0|com.android.systemui|1397773634|public:179,97|10121
05-02 20:49:17.312 685 685 D StorageNotification: Notifying about public volume: VolumeInfo{public:179,97}:
05-02 20:49:17.312 685 685 D StorageNotification: type=PUBLIC diskId=disk:179,96 partGuid= mountFlags=0 mountUserId=0
05-02 20:49:17.312 685 685 D StorageNotification: state=MOUNTED
05-02 20:49:17.312 685 685 D StorageNotification: fsType=vfat fsUuid=3835-6331 fsLabel=
05-02 20:49:17.312 685 685 D StorageNotification: path=/mnt/media_rw/3835-6331 internalPath=/mnt/media_rw/3835-6331
05-02 20:49:17.324 525 607 I commit_sys_config_file: [storage-settings,16]
05-02 20:49:17.329 420 1236 D installd: Found quota mount /dev/block/dm-5 at /data
05-02 20:49:17.329 420 1236 D installd: Found quota mount /dev/block/dm-5 at /data/user/0
05-02 20:49:17.331 420 1236 D installd: Found quota mount /dev/block/dm-5 at /mnt/pass_through/0/emulated
05-02 20:49:17.331 420 1236 D installd: Found quota mount /dev/block/dm-5 at /mnt/androidwritable/0/emulated/0/Android/data
05-02 20:49:17.331 420 1236 D installd: Found quota mount /dev/block/dm-5 at /mnt/installer/0/emulated/0/Android/data
05-02 20:49:17.331 420 1236 D installd: Found quota mount /dev/block/dm-5 at /storage/emulated/0/Android/data
05-02 20:49:17.331 420 1236 D installd: Found quota mount /dev/block/dm-5 at /mnt/user/0/emulated/0/Android/data
05-02 20:49:17.331 420 1236 D installd: Found quota mount /dev/block/dm-5 at /mnt/androidwritable/0/emulated/0/Android/obb
05-02 20:49:17.331 420 1236 D installd: Found quota mount /dev/block/dm-5 at /mnt/installer/0/emulated/0/Android/obb
05-02 20:49:17.331 420 1236 D installd: Found quota mount /dev/block/dm-5 at /storage/emulated/0/Android/obb
05-02 20:49:17.331 420 1236 D installd: Found quota mount /dev/block/dm-5 at /mnt/user/0/emulated/0/Android/obb
05-02 20:49:17.333 420 1236 D installd: Found storage mount /dev/block/dm-5 at /mnt/pass_through/0/emulated
05-02 20:49:17.336 525 525 I notification_enqueue: [10121,685,com.android.systemui,1397773634,public:179,97,0,Notification(channel=DSK shortcut=null contentView=null vibrate=null sound=null defaults=0x0 flags=0x100 color=0xff607d8b category=sys actions=2 vis=PUBLIC),1]
05-02 20:49:17.336 1314 1314 V MediaStore: Examining volume emulated;0 with name external_primary and state mounted
05-02 20:49:17.336 1314 1314 V MediaStore: Examining volume public:179,97 with name 3835-6331 and state mounted
05-02 20:49:17.336 1314 1314 V MediaProvider: Updated external volumes to: {external_primary, 3835-6331}
05-02 20:49:17.337 525 607 D StorageManagerService: Volume emulated;0 broadcasting mounted to UserHandle{0}
05-02 20:49:17.339 525 607 D StorageManagerService: Volume emulated;0 broadcasting mounted to UserHandle{0}
05-02 20:49:17.341 685 685 D StorageNotification: Notifying about public volume: VolumeInfo{public:179,97}:
05-02 20:49:17.341 685 685 D StorageNotification: type=PUBLIC diskId=disk:179,96 partGuid= mountFlags=0 mountUserId=0
05-02 20:49:17.341 685 685 D StorageNotification: state=MOUNTED
05-02 20:49:17.341 685 685 D StorageNotification: fsType=vfat fsUuid=3835-6331 fsLabel=
05-02 20:49:17.341 685 685 D StorageNotification: path=/mnt/media_rw/3835-6331 internalPath=/mnt/media_rw/3835-6331
05-02 20:49:17.345 1644 1644 D AlertReceiver: onReceive: a=android.intent.action.BOOT_COMPLETED Intent { act=android.intent.action.BOOT_COMPLETED flg=0x89000010 cmp=com.android.calendar/.alerts.AlertReceiver (has extras) }
05-02 20:49:17.347 525 542 D AutofillManagerService: Close system dialogs
05-02 20:49:17.349 525 588 I am_uid_running: 10113
05-02 20:49:17.351 525 588 D CompatibilityChangeReporter: Compat change id reported: 135634846; UID 10113; state: DISABLED
05-02 20:49:17.351 525 588 D CompatibilityChangeReporter: Compat change id reported: 135754954; UID 10113; state: DISABLED
05-02 20:49:17.352 1314 1314 V MediaStore: Examining volume emulated;0 with name external_primary and state mounted
05-02 20:49:17.352 1314 1314 V MediaStore: Examining volume public:179,97 with name 3835-6331 and state mounted
05-02 20:49:17.353 1314 1314 V MediaProvider: Updated external volumes to: {external_primary, 3835-6331}
05-02 20:49:17.355 525 553 D CompatibilityChangeReporter: Compat change id reported: 143937733; UID 10113; state: DISABLED
05-02 20:49:17.357 525 525 I notification_enqueue: [10121,685,com.android.systemui,1397773634,public:179,97,0,Notification(channel=DSK shortcut=null contentView=null vibrate=null sound=null defaults=0x0 flags=0x100 color=0xff607d8b category=sys actions=2 vis=PUBLIC),1]
05-02 20:49:17.375 1314 1314 V MediaStore: Examining volume emulated;0 with name external_primary and state mounted
05-02 20:49:17.375 1314 1314 V MediaStore: Examining volume public:179,97 with name 3835-6331 and state mounted
05-02 20:49:17.375 1314 1314 V MediaProvider: Updated external volumes to: {external_primary, 3835-6331}
05-02 20:49:17.378 338 338 D Zygote : Forked child process 1674
05-02 20:49:17.384 525 553 I am_proc_start: [0,1674,10113,com.android.camera2,broadcast,{com.android.camera2/com.android.camera.SetActivitiesCameraReceiver}]
05-02 20:49:17.384 525 553 I ActivityManager: Start proc 1674:com.android.camera2/u0a113 for broadcast {com.android.camera2/com.android.camera.SetActivitiesCameraReceiver}
05-02 20:49:17.386 1674 1674 I Zygote : seccomp disabled by setenforce 0
05-02 20:49:17.387 1674 1674 I libc : SetHeapTaggingLevel: tag level set to 0
05-02 20:49:17.403 572 576 I adbd : jdwp connection from 1674
05-02 20:49:17.416 525 588 I am_proc_bound: [0,1674,com.android.camera2]
05-02 20:49:17.440 1563 1635 D VLC : [f5a25750/0] libvlc libvlc: VLC media player - 3.0.17.3 Vetinari
05-02 20:49:17.440 1563 1635 D VLC : [f5a25750/0] libvlc libvlc: Copyright © 1996-2022 the VideoLAN team
05-02 20:49:17.440 1563 1635 D VLC : [f5a25750/0] libvlc libvlc: revision 3.0.17.3-162-g78f13c2bf1
05-02 20:49:17.440 1563 1635 D VLC : [f5a25750/0] libvlc libvlc: configured with ../configure '--host=arm-linux-androideabi' '--build=x86_64-unknown-linux' '--with-contrib=/builds/videolan/vlc-android/vlc/contrib/arm-linux-androideabi' '--prefix=/builds/videolan/vlc-android/vlc/build-android-arm-linux-androideabi/install/' '--with-pic' '--disable-nls' '--enable-live555' '--enable-realrtsp' '--enable-avformat' '--enable-swscale' '--enable-avcodec' '--enable-opus' '--enable-opensles' '--enable-matroska' '--enable-taglib' '--enable-dvbpsi' '--disable-vlc' '--disable-shared' '--disable-update-check' '--disable-vlm' '--disable-dbus' '--enable-lua' '--disable-vcd' '--disable-v4l2' '--enable-dvdread' '--enable-dvdnav' '--enable-bluray' '--disable-linsys' '--disable-decklink' '--disable-libva' '--disable-dv1394' '--enable-mod' '--disable-sid' '--enable-gme' '--disable-tremor' '--disable-mad' '--enable-mpg123' '--disable-dca' '--disable-sdl-image' '--enable-zvbi' '--disable-fluidsynth' '--enable-fluidlite' '--disable-jack' '--disable-pulse' '--disable-
05-02 20:49:17.441 1563 1635 D VLC : [f5a25750/f5aa1df0] libvlc libvlc: plug-ins loaded: 371 modules
05-02 20:49:17.441 1563 1635 D VLC : [f57c54b0/0] libvlc logger: looking for logger module matching "any": 4 candidates
05-02 20:49:17.441 1563 1635 D VLC : [f57c54b0/0] libvlc logger: using logger module "android_logger"
05-02 20:49:17.441 1563 1635 D VLC : [f5a25750/663] libvlc libvlc: translation test: code is "C"
05-02 20:49:17.441 1563 1635 D VLC : [f57d8530/663] libvlc keystore: looking for keystore module matching "memory": 3 candidates
05-02 20:49:17.441 1563 1635 D VLC : [f57d8530/663] libvlc keystore: using keystore module "memory"
05-02 20:49:17.447 1563 1635 D VLC : [f5a25750/663] libvlc libvlc: CPU has capabilities ARM_NEON FPU
05-02 20:49:17.451 1674 1674 D ApplicationLoaders: Returning zygote-cached class loader: /system/framework/android.test.base.jar
05-02 20:49:17.452 1674 1674 D ApplicationLoaders: Returning zygote-cached class loader: /system/framework/android.hidl.base-V1.0-java.jar
05-02 20:49:17.452 1674 1674 D ApplicationLoaders: Returning zygote-cached class loader: /system/framework/android.hidl.manager-V1.0-java.jar
05-02 20:49:17.452 1674 1674 D ApplicationLoaders: Returning zygote-cached class loader: /system/framework/android.hidl.base-V1.0-java.jar
05-02 20:49:17.455 1674 1674 I android.camera: The ClassLoaderContext is a special shared library.
05-02 20:49:17.467 1674 1674 I android.camera: The ClassLoaderContext is a special shared library.
05-02 20:49:17.469 1674 1674 D nativeloader: classloader namespace configured for unbundled product apk. library_path=/product/app/Camera2/lib/arm64:/product/app/Camera2/Camera2.apk!/lib/arm64-v8a:/product/lib64:/system/product/lib64
05-02 20:49:17.500 1674 1674 D NetworkSecurityConfig: No Network Security Config specified, using platform default
05-02 20:49:17.500 1674 1674 D NetworkSecurityConfig: No Network Security Config specified, using platform default
05-02 20:49:17.539 1584 1645 F libc : Fatal signal 6 (SIGABRT), code -1 (SI_QUEUE) in tid 1645 (bt_hci_thread), pid 1584 (droid.bluetooth)
05-02 20:49:17.596 1674 1674 V CAM_Profiler: [ 0.000ms][ui] GUARD: CameraApp onCreate() - START
05-02 20:49:17.598 1674 1674 V CAM_Profiler: [ 0.000ms][ui] GUARD: FirstRunDetector getTimeOfFirstRun - START
05-02 20:49:17.605 1674 1674 V CAM_Profiler: [ 7.236ms][ui] GUARD: FirstRunDetector getTimeOfFirstRun - [ 7.236ms] PreferenceManager.getDefaultSharedPreferences
05-02 20:49:17.609 1674 1674 V CAM_Profiler: [ 11.717ms][ui] GUARD: FirstRunDetector getTimeOfFirstRun - [ 4.481ms] preferences.getLong
05-02 20:49:17.610 1674 1674 V CAM_Profiler: [ 12.768ms][ui] GUARD: FirstRunDetector getTimeOfFirstRun - STOP
05-02 20:49:17.611 1674 1674 I CAM_Profiler: [ 69.608ms][ui] GUARD: CameraApp onCreate() - [69.608ms] initializeTimeOfFirstRun
05-02 20:49:17.611 1674 1674 V CAM_Profiler: [ 70.152ms][ui] GUARD: CameraApp onCreate() - [ 0.544ms] UsageStatistics.initialize
05-02 20:49:17.613 525 525 I notification_cancel_all: [10113,1674,com.android.camera2,0,0,64,9,NULL]
05-02 20:49:17.620 1674 1674 V CAM_Profiler: [ 72.280ms][ui] GUARD: CameraApp onCreate() - [ 2.129ms] clearNotifications
05-02 20:49:17.621 1674 1674 I CAM_Profiler: [ 72.280ms][ui] GUARD: CameraApp onCreate() - STOP
05-02 20:49:17.623 1674 1674 W CAM_Log : Tag SetActivitiesCameraReceiver is 8 chars longer than limit.
05-02 20:49:17.629 685 685 D InterruptionStateProvider: No bubble up: not allowed to bubble: 0|com.android.systemui|1397773634|public:179,97|10121
05-02 20:49:17.630 685 685 D InterruptionStateProvider: No heads up: unimportant notification: 0|com.android.systemui|1397773634|public:179,97|10121
05-02 20:49:17.634 1700 1700 I chatty : uid=1002(bluetooth) crash_dump64 expire 7 lines
05-02 20:49:17.635 331 331 I tombstoned: received crash request for pid 1645
05-02 20:49:17.644 411 593 W ServiceManager: Permission failure: android.permission.SYSTEM_CAMERA from uid=10113 pid=1674
05-02 20:49:17.645 1674 1674 I CAM_SetActivitiesCamera: number of camera: 0
05-02 20:49:17.660 1700 1700 F DEBUG : *** *** *** *** *** *** *** *** *** *** *** *** *** *** *** ***
05-02 20:49:17.660 1700 1700 F DEBUG : Build fingerprint: 'Android/evk_8mm/evk_8mm:11/RQ2A.210505.002/eng.kiran.20220502.202049:userdebug/dev-keys'
05-02 20:49:17.660 1700 1700 F DEBUG : Revision: '0'
05-02 20:49:17.660 1700 1700 F DEBUG : ABI: 'arm64'
05-02 20:49:17.662 1700 1700 F DEBUG : Timestamp: 2022-05-02 20:49:17+0000
05-02 20:49:17.663 1700 1700 F DEBUG : pid: 1584, tid: 1645, name: bt_hci_thread >>> com.android.bluetooth <<<
05-02 20:49:17.663 1700 1700 F DEBUG : uid: 1002
05-02 20:49:17.663 1700 1700 F DEBUG : signal 6 (SIGABRT), code -1 (SI_QUEUE), fault addr --------
05-02 20:49:17.664 1700 1700 F DEBUG : Abort message: '[0502/204917.513359:FATAL:hci_layer_android.cc(102)] Check failed: status == Status::SUCCESS.
05-02 20:49:17.664 1700 1700 F DEBUG : #00 0x0000e8ef4b23738f /system/lib64/libchrome.so+0x00000000000b738f
05-02 20:49:17.664 1700 1700 F DEBUG : #01 0x0000e8ef4aca8cb3 /system/lib64/libbluetooth.so+0x0000000000266cb3
05-02 20:49:17.664 1700 1700 F DEBUG : #02 0x0000e8ef4a9a957b /system/lib64/android.hardware.bluetooth@1.0.so+0x000000000001b57b
05-02 20:49:17.664 1700 1700 F DEBUG : #03 0x0000e8ef4b070c3b /system/lib64/android.hardware.bluetooth@1.1.so+0x000000000001bc3b
05-02 20:49:17.664 1700 1700 F DEBUG : #04 0x0000e8f1c84d989b /system/lib64/libhidlbase.so+0x000000000009489b
05-02 20:49:17.664 1700 1700 F DEBUG : #05 0x0000e8f1c84df7ab /system/lib64/libhidlbase.so+0x000000000009a7ab
05-02 20:49:17.664 1700 1700 F DEBUG : #06 0x0000e8f1c84da4b7 /system/lib64/libhidlbase.so+0x00000000000954b7
05-02 20:49:17.664 1700 1700 F DEBUG : #07 0x0000e8ef4a99e59b /system/lib64/android.hardware.bluetooth@1.0.so+0x000000000001059b
05-02 20:49:17.664 1700 1700 F DEBUG : #08 0x0000e8ef4aca86a3 /system/lib64/libbluetooth.so+0x00000000002666a3
05-02 20:49:17.664 1700 1700 F DEBUG : #09 0x0000e8ef4b21e8a3 /system/lib64/libchrome.so+0x000000000009e8a3
05-02 20:49:17.664 1700 1700 F DEBUG : #10 0x0000e8ef4b23f027 /system/lib64/libchrome.so+0x00000000000bf027
05-02 20:49:17.664 1700 1700 F DEBUG : #11 0x0000e8ef4b23f3d3 /system/lib64/libchrome.so+0x00000000000bf3d3
05-02 20:49:17.664 1700 1700 F DEBUG : #12 0x0000e8ef4b240bd3 /system/lib64/libchrome.so+0x00000000000c0bd3
05-02 20:49:17.664 1700 1700 F DEBUG : #13 0x0000e8ef4b263277 /system/lib64/libchrome.so+0x00000000000e3277
