05-02 20:49:26.223 346 1008 D bt-vnd-mrvl: bt_vnd_mrvl_if_op(L995): baudrate_bt 3000000
05-02 20:49:26.223 346 1008 D bt-vnd-mrvl: bt_vnd_mrvl_if_op(L996): baudrate_fw_init 115200
05-02 20:49:26.223 346 1008 D bt-vnd-mrvl: get_prop_int32(L489): get_prop_int32: -1
05-02 20:49:26.223 346 1008 E bt-vnd-mrvl: ERROR : uart_init_open(L655): open uart port /dev/ttymxc0 failed fd: -1, retrying
05-02 20:49:26.273 346 1008 E bt-vnd-mrvl: ERROR : uart_init_open(L655): open uart port /dev/ttymxc0 failed fd: -1, retrying
05-02 20:49:26.473 346 1008 I chatty : uid=1002(bluetooth) HwBinder:346_2 identical 4 lines
05-02 20:49:26.523 346 1008 E bt-vnd-mrvl: ERROR : uart_init_open(L655): open uart port /dev/ttymxc0 failed fd: -1, retrying
05-02 20:49:26.573 346 1008 E bt-vnd-mrvl: ERROR : uart_init_open(L652): exceed max retry count, return error
05-02 20:49:26.573 346 1008 E bt-vnd-mrvl: ERROR : bt_vnd_mrvl_if_op(L1039): open UART bt port /dev/ttymxc0 failed fd: -1
05-02 20:49:26.574 346 1008 E android.hardware.bluetooth@1.0-impl: Open: fd_count -1 is invalid!
05-02 20:49:26.602 2197 2238 F droid.bluetoot: [0502/204926.574180:FATAL:hci_layer_android.cc(102)] Check failed: status == Status::SUCCESS.
05-02 20:49:26.602 2197 2238 F droid.bluetoot: #00 0x0000e8ef4c34238f /system/lib64/libchrome.so+0x00000000000b738f
05-02 20:49:26.602 2197 2238 F droid.bluetoot: #01 0x0000e8ef4bdb0cb3 /system/lib64/libbluetooth.so+0x0000000000266cb3
05-02 20:49:26.602 2197 2238 F droid.bluetoot: #02 0x0000e8ef4c12e57b /system/lib64/android.hardware.bluetooth@1.0.so+0x000000000001b57b
05-02 20:49:26.602 2197 2238 F droid.bluetoot: #03 0x0000e8ef4c16bc3b /system/lib64/android.hardware.bluetooth@1.1.so+0x000000000001bc3b
05-02 20:49:26.602 2197 2238 F droid.bluetoot: #04 0x0000e8f1c84d989b /system/lib64/libhidlbase.so+0x000000000009489b
05-02 20:49:26.602 2197 2238 F droid.bluetoot: #05 0x0000e8f1c84df7ab /system/lib64/libhidlbase.so+0x000000000009a7ab
05-02 20:49:26.602 2197 2238 F droid.bluetoot: #06 0x0000e8f1c84da4b7 /system/lib64/libhidlbase.so+0x00000000000954b7
05-02 20:49:26.602 2197 2238 F droid.bluetoot: #07 0x0000e8ef4c12359b /system/lib64/android.hardware.bluetooth@1.0.so+0x000000000001059b
05-02 20:49:26.602 2197 2238 F droid.bluetoot: #08 0x0000e8ef4bdb06a3 /system/lib64/libbluetooth.so+0x00000000002666a3
05-02 20:49:26.602 2197 2238 F droid.bluetoot: #09 0x0000e8ef4c3298a3 /system/lib64/libchrome.so+0x000000000009e8a3
05-02 20:49:26.602 2197 2238 F droid.bluetoot: #10 0x0000e8ef4c34a027 /system/lib64/libchrome.so+0x00000000000bf027
05-02 20:49:26.602 2197 2238 F droid.bluetoot: #11 0x0000e8ef4c34a3d3 /system/lib64/libchrome.so+0x00000000000bf3d3
05-02 20:49:26.602 2197 2238 F droid.bluetoot: #12 0x0000e8ef4c34bbd3 /system/lib64/libchrome.so+0x00000000000c0bd3
05-02 20:49:26.602 2197 2238 F droid.bluetoot: #13 0x0000e8ef4c36e277 /system/lib64/libchrome.so+0x00000000000e3277
05-02 20:49:26.602 2197 2238 F droid.bluetoot: #14 0x0000e8ef4bced40f /system/lib64/libbluetooth.so+0x00000000001a340f
05-02 20:49:26.602 2197 2238 F droid.bluetoot: #15 0x0000e8ef4bcecf53 /system/lib64/libbluetooth.so+0x00000000001a2f53
05-02 20:49:26.602 2197 2238 F droid.bluetoot: #16 0x0000e8ef4bced917 /system/lib64/libbluetooth.so+0x00000000001a3917
05-02 20:49:26.602 2197 2238 F droid.bluetoot: #17 0x0000e8f1c648ec0b /apex/com.android.runtime/lib64/bionic/libc.so+0x00000000000b0c0b
05-02 20:49:26.602 2197 2238 F droid.bluetoot: #18 0x0000e8f1c642e5d3 /apex/com.android.runtime/lib64/bionic/libc.so+0x00000000000505d3
05-02 20:49:26.602 2197 2238 F droid.bluetoot: #19 0xffffffffffffffff
05-02 20:49:26.602 2197 2238 F droid.bluetoot:
05-02 20:49:26.603 2197 2238 F libc : Fatal signal 6 (SIGABRT), code -1 (SI_QUEUE) in tid 2238 (bt_hci_thread), pid 2197 (droid.bluetooth)
05-02 20:49:26.679 2243 2243 I crash_dump64: obtaining output fd from tombstoned, type: kDebuggerdTombstone
05-02 20:49:26.680 331 331 I tombstoned: received crash request for pid 2238
05-02 20:49:26.681 2243 2243 I crash_dump64: performing dump of process 2197 (target tid = 2238)
05-02 20:49:26.699 2243 2243 F DEBUG : *** *** *** *** *** *** *** *** *** *** *** *** *** *** *** ***
05-02 20:49:26.699 2243 2243 F DEBUG : Build fingerprint: 'Android/evk_8mm/evk_8mm:11/RQ2A.210505.002/eng.kiran.20220502.202049:userdebug/dev-keys'
05-02 20:49:26.699 2243 2243 F DEBUG : Revision: '0'
05-02 20:49:26.699 2243 2243 F DEBUG : ABI: 'arm64'
05-02 20:49:26.700 2243 2243 F DEBUG : Timestamp: 2022-05-02 20:49:26+0000
05-02 20:49:26.700 2243 2243 F DEBUG : pid: 2197, tid: 2238, name: bt_hci_thread >>> com.android.bluetooth <<<
05-02 20:49:26.700 2243 2243 F DEBUG : uid: 1002
05-02 20:49:26.700 2243 2243 F DEBUG : signal 6 (SIGABRT), code -1 (SI_QUEUE), fault addr --------
05-02 20:49:26.700 2243 2243 F DEBUG : Abort message: '[0502/204926.574180:FATAL:hci_layer_android.cc(102)] Check failed: status == Status::SUCCESS.
05-02 20:49:26.700 2243 2243 F DEBUG : #00 0x0000e8ef4c34238f /system/lib64/libchrome.so+0x00000000000b738f
05-02 20:49:26.700 2243 2243 F DEBUG : #01 0x0000e8ef4bdb0cb3 /system/lib64/libbluetooth.so+0x0000000000266cb3
05-02 20:49:26.700 2243 2243 F DEBUG : #02 0x0000e8ef4c12e57b /system/lib64/android.hardware.bluetooth@1.0.so+0x000000000001b57b
05-02 20:49:26.700 2243 2243 F DEBUG : #03 0x0000e8ef4c16bc3b /system/lib64/android.hardware.bluetooth@1.1.so+0x000000000001bc3b
05-02 20:49:26.700 2243 2243 F DEBUG : #04 0x0000e8f1c84d989b /system/lib64/libhidlbase.so+0x000000000009489b
05-02 20:49:26.700 2243 2243 F DEBUG : #05 0x0000e8f1c84df7ab /system/lib64/libhidlbase.so+0x000000000009a7ab
05-02 20:49:26.700 2243 2243 F DEBUG : #06 0x0000e8f1c84da4b7 /system/lib64/libhidlbase.so+0x00000000000954b7
05-02 20:49:26.700 2243 2243 F DEBUG : #07 0x0000e8ef4c12359b /system/lib64/android.hardware.bluetooth@1.0.so+0x000000000001059b
05-02 20:49:26.700 2243 2243 F DEBUG : #08 0x0000e8ef4bdb06a3 /system/lib64/libbluetooth.so+0x00000000002666a3
05-02 20:49:26.700 2243 2243 F DEBUG : #09 0x0000e8ef4c3298a3 /system/lib64/libchrome.so+0x000000000009e8a3
05-02 20:49:26.700 2243 2243 F DEBUG : #10 0x0000e8ef4c34a027 /system/lib64/libchrome.so+0x00000000000bf027
05-02 20:49:26.700 2243 2243 F DEBUG : #11 0x0000e8ef4c34a3d3 /system/lib64/libchrome.so+0x00000000000bf3d3
05-02 20:49:26.700 2243 2243 F DEBUG : #12 0x0000e8ef4c34bbd3 /system/lib64/libchrome.so+0x00000000000c0bd3
05-02 20:49:26.700 2243 2243 F DEBUG : #13 0x0000e8ef4c36e277 /system/lib64/libchrome.so+0x00000000000e3277
05-02 20:49:26.700 2243 2243 F DEBUG : #14 0x0000e8ef4bced40f /system/lib64/libbluetooth.so+0x00000000001a340f
05-02 20:49:26.700 2243 2243 F DEBUG : #15 0x0000e8ef4bcecf53 /system/lib64/libbluetooth.so+0x00000000001a2f53
05-02 20:49:26.700 2243 2243 F DEBUG : #16 0x0000e8ef4bced917 /system/lib64/libbluetooth.so+0x00000000001a3917
05-02 20:49:26.700 2243 2243 F DEBUG : #17 0x0000e8f1c648ec0b /apex/com.android.runtime/lib64/bionic/libc.so+0x00000000000b0c0b
05-02 20:49:26.700 2243 2243 F DEBUG : #18 0x0000e8f1c642e5d3 /apex/com.android.runtime/lib64/bionic/libc.so+0x00000000000505d3
05-02 20:49:26.700 2243 2243 F DEBUG : #19 0xffffffffffffffff
05-02 20:49:26.700 2243 2243 F DEBUG :
05-02 20:49:26.700 2243 2243 F DEBUG : '
05-02 20:49:26.700 2243 2243 F DEBUG : x0 0000000000000000 x1 00000000000008be x2 0000000000000006 x3 0000e8ef3bb2e610
05-02 20:49:26.700 2243 2243 F DEBUG : x4 feffe6ff09093d6d x5 feffe6ff09093d6d x6 feffe6ff09093d6d x7 7f7fff7f7f7f7f7f
05-02 20:49:26.701 2243 2243 F DEBUG : x8 00000000000000f0 x9 0000e8f1c63fe7e0 x10 ffffff80fffffbdf x11 0000000000000001
05-02 20:49:26.701 2243 2243 F DEBUG : x12 0000e8ef3bb2d420 x13 000000000000061d x14 0000e8ef3bb2d4d0 x15 0000000018d80b3b
05-02 20:49:26.701 2243 2243 F DEBUG : x16 0000e8f1c6497c80 x17 0000e8f1c64793c0 x18 0000e8ef3ba18028 x19 00000000000000ac
05-02 20:49:26.701 2243 2243 F DEBUG : x20 0000000000000895 x21 00000000000000b2 x22 00000000000008be x23 00000000ffffffff
05-02 20:49:26.701 2243 2243 F DEBUG : x24 0000e8ef4c3b8000 x25 0000e8f1c649af28 x26 0000e8ef3bb30000 x27 0000e8ef3bb2e708
05-02 20:49:26.701 2243 2243 F DEBUG : x28 0000000000000895 x29 0000e8ef3bb2e690
05-02 20:49:26.701 2243 2243 F DEBUG : lr 0000e8f1c642c544 sp 0000e8ef3bb2e5f0 pc 0000e8f1c642c574 pst 0000000000000000
05-02 20:49:26.770 2243 2243 F DEBUG : backtrace:
05-02 20:49:26.770 2243 2243 F DEBUG : #00 pc 000000000004e574 /apex/com.android.runtime/lib64/bionic/libc.so (abort+180) (BuildId: 2338ca8a340db969666f0073f3371d96)
05-02 20:49:26.770 2243 2243 F DEBUG : #01 pc 000000000009d7e4 /system/lib64/libchrome.so (base::debug::BreakDebugger()+20) (BuildId: d09629fde1649584555f8bdbb82b7e43)
05-02 20:49:26.770 2243 2243 F DEBUG : #02 pc 00000000000b77d0 /system/lib64/libchrome.so (logging::LogMessage::~LogMessage()+1312) (BuildId: d09629fde1649584555f8bdbb82b7e43)
05-02 20:49:26.770 2243 2243 F DEBUG : #03 pc 0000000000266cb0 /system/lib64/libbluetooth.so (BluetoothHciCallbacks::initializationComplete(android::hardware::bluetooth::V1_0::Status)+120) (BuildId: 87cc65273a2f0dc4def578e33d2562c2)
05-02 20:49:26.770 2243 2243 F DEBUG : #04 pc 000000000001b578 /system/lib64/android.hardware.bluetooth@1.0.so (android::hardware::bluetooth::V1_0::BnHwBluetoothHciCallbacks::_hidl_initializationComplete(android::hidl::base::V1_0::BnHwBase*, android::hardware::Parcel const&, android::hardware::Parcel*, std::__1::function)+184) (BuildId: 0296ed46349be614c375cae0f90266ff)
05-02 20:49:26.771 2243 2243 F DEBUG : #05 pc 000000000001bc38 /system/lib64/android.hardware.bluetooth@1.1.so (android::hardware::bluetooth::V1_1::BnHwBluetoothHciCallbacks::onTransact(unsigned int, android::hardware::Parcel const&, android::hardware::Parcel*, unsigned int, std::__1::function)+552) (BuildId: 487535fb4e5d76b170fabe39fc61ca32)
05-02 20:49:26.771 2243 2243 F DEBUG : #06 pc 0000000000094898 /system/lib64/libhidlbase.so (android::hardware::BHwBinder::transact(unsigned int, android::hardware::Parcel const&, android::hardware::Parcel*, unsigned int, std::__1::function)+72) (BuildId: d936c383e6af0d8aee8ac56dcdfe7291)
05-02 20:49:26.771 2243 2243 F DEBUG : #07 pc 000000000009a7a8 /system/lib64/libhidlbase.so (android::hardware::IPCThreadState::transact(int, unsigned int, android::hardware::Parcel const&, android::hardware::Parcel*, unsigned int)+2272) (BuildId: d936c383e6af0d8aee8ac56dcdfe7291)
05-02 20:49:26.771 2243 2243 F DEBUG : #08 pc 00000000000954b4 /system/lib64/libhidlbase.so (android::hardware::BpHwBinder::transact(unsigned int, android::hardware::Parcel const&, android::hardware::Parcel*, unsigned int, std::__1::function)+76) (BuildId: d936c383e6af0d8aee8ac56dcdfe7291)
05-02 20:49:26.771 2243 2243 F DEBUG : #09 pc 0000000000010598 /system/lib64/android.hardware.bluetooth@1.0.so (android::hardware::bluetooth::V1_0::BpHwBluetoothHci::_hidl_initialize(android::hardware::IInterface*, android::hardware::details::HidlInstrumentor*, android::sp const&)+368) (BuildId: 0296ed46349be614c375cae0f90266ff)
05-02 20:49:26.771 2243 2243 F DEBUG : #10 pc 00000000002666a0 /system/lib64/libbluetooth.so (hci_initialize()+856) (BuildId: 87cc65273a2f0dc4def578e33d2562c2)
05-02 20:49:26.771 2243 2243 F DEBUG : #11 pc 000000000009e8a0 /system/lib64/libchrome.so (base::debug::TaskAnnotator::RunTask(char const*, base::PendingTask*)+192) (BuildId: d09629fde1649584555f8bdbb82b7e43)
05-02 20:49:26.771 2243 2243 F DEBUG : #12 pc 00000000000bf024 /system/lib64/libchrome.so (base::MessageLoop::RunTask(base::PendingTask*)+324) (BuildId: d09629fde1649584555f8bdbb82b7e43)
05-02 20:49:26.771 2243 2243 F DEBUG : #13 pc 00000000000bf3d0 /system/lib64/libchrome.so (base::MessageLoop::DoWork()+464) (BuildId: d09629fde1649584555f8bdbb82b7e43)
05-02 20:49:26.771 2243 2243 F DEBUG : #14 pc 00000000000c0bd0 /system/lib64/libchrome.so (base::MessagePumpDefault::Run(base::MessagePump::Delegate*)+104) (BuildId: d09629fde1649584555f8bdbb82b7e43)
05-02 20:49:26.771 2243 2243 F DEBUG : #15 pc 00000000000e3274 /system/lib64/libchrome.so (base::RunLoop::Run()+84) (BuildId: d09629fde1649584555f8bdbb82b7e43)
05-02 20:49:26.771 2243 2243 F DEBUG : #16 pc 00000000001a340c /system/lib64/libbluetooth.so (bluetooth::common::MessageLoopThread::Run(std::__1::promise)+268) (BuildId: 87cc65273a2f0dc4def578e33d2562c2)
05-02 20:49:26.771 2243 2243 F DEBUG : #17 pc 00000000001a2f50 /system/lib64/libbluetooth.so (bluetooth::common::MessageLoopThread::RunThread(bluetooth::common::MessageLoopThread*, std::__1::promise)+48) (BuildId: 87cc65273a2f0dc4def578e33d2562c2)
05-02 20:49:26.771 2243 2243 F DEBUG : #18 pc 00000000001a3914 /system/lib64/libbluetooth.so (void* std::__1::__thread_proxy >, void (*)(bluetooth::common::MessageLoopThread*, std::__1::promise), bluetooth::common::MessageLoopThread*, std::__1::promise > >(void*)+84) (BuildId: 87cc65273a2f0dc4def578e33d2562c2)
05-02 20:49:26.771 2243 2243 F DEBUG : #19 pc 00000000000b0c08 /apex/com.android.runtime/lib64/bionic/libc.so (__pthread_start(void*)+64) (BuildId: 2338ca8a340db969666f0073f3371d96)
05-02 20:49:26.772 2243 2243 F DEBUG : #20 pc 00000000000505d0 /apex/com.android.runtime/lib64/bionic/libc.so (__start_thread+64) (BuildId: 2338ca8a340db969666f0073f3371d96)
05-02 20:49:27.061 0 0 D logd : logdr: UID=1002 GID=1002 PID=2243 n tail=50 logMask=8 pid=2197 start=0ns timeout=0ns
05-02 20:49:27.065 0 0 D logd : logdr: UID=1002 GID=1002 PID=2243 n tail=50 logMask=1 pid=2197 start=0ns timeout=0ns
05-02 20:49:27.346 0 0 D logd : logdr: UID=1002 GID=1002 PID=2243 n tail=0 logMask=8 pid=2197 start=0ns timeout=0ns
05-02 20:49:27.349 0 0 D logd : logdr: UID=1002 GID=1002 PID=2243 n tail=0 logMask=1 pid=2197 start=0ns timeout=0ns
05-02 20:49:27.357 525 2250 I am_crash: [525,0,com.android.bluetooth,818462277,Native crash,Aborted,unknown,0]
05-02 20:49:27.357 331 331 E tombstoned: Tombstone written to: /data/tombstones/tombstone_15
05-02 20:49:27.360 525 2251 I DropBoxManagerService: add tag=system_app_native_crash isTagEnabled=true flags=0x2
05-02 20:49:27.360 525 2250 I sysui_multi_action: [757,316,758,4,759,-1]
05-02 20:49:27.364 525 559 I BootReceiver: Copying /data/tombstones/tombstone_15 to DropBox (SYSTEM_TOMBSTONE)
05-02 20:49:27.366 525 559 I DropBoxManagerService: add tag=SYSTEM_TOMBSTONE isTagEnabled=true flags=0x2
05-02 20:49:27.393 0 0 I init : Untracked pid 2243 exited with status 0
05-02 20:49:27.400 525 559 I dropbox_file_copy: [/data/tombstones/tombstone_15,98304,SYSTEM_TOMBSTONE]
05-02 20:49:27.407 525 559 I commit_sys_config_file: [log-files,6]
05-02 20:49:27.408 0 0 I init : Untracked pid 2245 exited with status 0
05-02 20:49:27.416 0 0 I binder : release 2197:2238 transaction 39079 in, still active
05-02 20:49:27.419 338 338 I Zygote : Process 2197 exited due to signal 6 (Aborted)
05-02 20:49:27.423 0 0 I binder : release 2197:2238 transaction 39074 out, still active
05-02 20:49:27.430 0 0 I binder : send failed reply for transaction 39079 to 346:1008
05-02 20:49:27.436 346 1008 E android.hardware.bluetooth@1.0-impl: VendorInterface -> Unable to call initializationComplete(ERR)
05-02 20:49:27.436 346 346 E android.hardware.bluetooth@1.0-impl: BluetoothDeathRecipient::serviceDied - Bluetooth service died
05-02 20:49:27.436 346 346 I android.hardware.bluetooth@1.0-impl: BluetoothHci::close()
05-02 20:49:27.436 346 346 I android.hardware.bluetooth@1.0-impl: Skipping unlink call, service died.
05-02 20:49:27.436 346 346 D bt-vnd-mrvl: bt_vnd_mrvl_if_op(L940): opcode = 6
05-02 20:49:27.436 346 346 D android.hardware.bluetooth@1.0-impl: low_power_mode_cb result: 0
05-02 20:49:27.436 346 346 D bt-vnd-mrvl: bt_vnd_mrvl_if_op(L940): opcode = 4
05-02 20:49:27.436 346 346 D bt-vnd-mrvl: bt_vnd_mrvl_if_op(L940): opcode = 0
05-02 20:49:27.436 346 346 D bt-vnd-mrvl: bt_vnd_mrvl_if_op(L946): power off ***************************************
05-02 20:49:27.436 346 346 D bt-vnd-mrvl: bt_vnd_mrvl_if_op(L948): BT adapter switches from ON to OFF ..
05-02 20:49:27.436 346 346 D bt-vnd-mrvl: bt_vnd_mrvl_if_cleanup(L1158): cleanup ...
05-02 20:49:27.436 525 588 I ActivityManager: Process com.android.bluetooth (pid 2197) has died: psvc PER
05-02 20:49:27.436 525 588 I am_proc_died: [0,2197,com.android.bluetooth,-700,0]
05-02 20:49:27.437 0 0 I binder : 346:1008 transaction failed 29189/0, size 4-0 line 2645
05-02 20:49:27.437 525 525 D BluetoothManagerService: BluetoothServiceConnection, disconnected: com.android.bluetooth.btservice.AdapterService
05-02 20:49:27.437 525 588 W ActivityManager: Scheduling restart of crashed service com.android.bluetooth/.btservice.AdapterService in 10800000ms for connection
05-02 20:49:27.437 525 588 I am_schedule_service_restart: [0,com.android.bluetooth/.btservice.AdapterService,10800000]
05-02 20:49:27.437 525 588 I am_uid_stopped: 1002
05-02 20:49:27.438 525 554 I libprocessgroup: Successfully killed process cgroup uid 1002 pid 2197 in 0ms
05-02 20:49:27.444 0 0 I binder : send failed reply for transaction 39074, target dead
05-02 20:49:27.668 525 544 E BluetoothManagerService: getState()
05-02 20:49:27.668 525 544 E BluetoothManagerService: android.os.DeadObjectException
05-02 20:49:27.668 525 544 E BluetoothManagerService: at android.os.BinderProxy.transactNative(Native Method)
05-02 20:49:27.668 525 544 E BluetoothManagerService: at android.os.BinderProxy.transact(BinderProxy.java:550)
05-02 20:49:27.668 525 544 E BluetoothManagerService: at android.bluetooth.IBluetooth$Stub$Proxy.getState(IBluetooth.java:1683)
05-02 20:49:27.668 525 544 E BluetoothManagerService: at com.android.server.BluetoothManagerService.waitForState(BluetoothManagerService.java:2448)
05-02 20:49:27.668 525 544 E BluetoothManagerService: at com.android.server.BluetoothManagerService.access$4200(BluetoothManagerService.java:92)
05-02 20:49:27.668 525 544 E BluetoothManagerService: at com.android.server.BluetoothManagerService$BluetoothHandler.handleMessage(BluetoothManagerService.java:2009)
05-02 20:49:27.668 525 544 E BluetoothManagerService: at android.os.Handler.dispatchMessage(Handler.java:106)
05-02 20:49:27.668 525 544 E BluetoothManagerService: at android.os.Looper.loop(Looper.java:223)
05-02 20:49:27.668 525 544 E BluetoothManagerService: at android.os.HandlerThread.run(HandlerThread.java:67)
05-02 20:49:27.668 525 544 E BluetoothManagerService: at com.android.server.ServiceThread.run(ServiceThread.java:44)
05-02 20:49:27.668 525 544 E BluetoothManagerService: waitForState [12] time out
05-02 20:49:27.668 525 544 D BluetoothManagerService: Sending off request.
05-02 20:49:27.669 525 544 E BluetoothManagerService: Unable to call disable()
05-02 20:49:27.669 525 544 E BluetoothManagerService: android.os.DeadObjectException
05-02 20:49:27.669 525 544 E BluetoothManagerService: at android.os.BinderProxy.transactNative(Native Method)
05-02 20:49:27.669 525 544 E BluetoothManagerService: at android.os.BinderProxy.transact(BinderProxy.java:550)
05-02 20:49:27.669 525 544 E BluetoothManagerService: at android.bluetooth.IBluetooth$Stub$Proxy.disable(IBluetooth.java:1724)
05-02 20:49:27.669 525 544 E BluetoothManagerService: at com.android.server.BluetoothManagerService.handleDisable(BluetoothManagerService.java:2310)
05-02 20:49:27.669 525 544 E BluetoothManagerService: at com.android.server.BluetoothManagerService.access$2700(BluetoothManagerService.java:92)
05-02 20:49:27.669 525 544 E BluetoothManagerService: at com.android.server.BluetoothManagerService$BluetoothHandler.handleMessage(BluetoothManagerService.java:2010)
05-02 20:49:27.669 525 544 E BluetoothManagerService: at android.os.Handler.dispatchMessage(Handler.java:106)
05-02 20:49:27.669 525 544 E BluetoothManagerService: at android.os.Looper.loop(Looper.java:223)
05-02 20:49:27.669 525 544 E BluetoothManagerService: at android.os.HandlerThread.run(HandlerThread.java:67)
05-02 20:49:27.669 525 544 E BluetoothManagerService: at com.android.server.ServiceThread.run(ServiceThread.java:44)
05-02 20:49:27.669 525 544 E BluetoothManagerService: getState()
05-02 20:49:27.669 525 544 E BluetoothManagerService: android.os.DeadObjectException
05-02 20:49:27.669 525 544 E BluetoothManagerService: at android.os.BinderProxy.transactNative(Native Method)
05-02 20:49:27.669 525 544 E BluetoothManagerService: at android.os.BinderProxy.transact(BinderProxy.java:550)
05-02 20:49:27.669 525 544 E BluetoothManagerService: at android.bluetooth.IBluetooth$Stub$Proxy.getState(IBluetooth.java:1683)
05-02 20:49:27.669 525 544 E BluetoothManagerService: at com.android.server.BluetoothManagerService.waitForState(BluetoothManagerService.java:2448)
05-02 20:49:27.669 525 544 E BluetoothManagerService: at com.android.server.BluetoothManagerService.access$4200(BluetoothManagerService.java:92)
05-02 20:49:27.669 525 544 E BluetoothManagerService: at com.android.server.BluetoothManagerService$BluetoothHandler.handleMessage(BluetoothManagerService.java:2011)
05-02 20:49:27.669 525 544 E BluetoothManagerService: at android.os.Handler.dispatchMessage(Handler.java:106)
05-02 20:49:27.669 525 544 E BluetoothManagerService: at android.os.Looper.loop(Looper.java:223)
05-02 20:49:27.669 525 544 E BluetoothManagerService: at android.os.HandlerThread.run(HandlerThread.java:67)
05-02 20:49:27.669 525 544 E BluetoothManagerService: at com.android.server.ServiceThread.run(ServiceThread.java:44)
05-02 20:49:27.670 525 544 E BluetoothManagerService: waitForState [14, 15, 13, 16, 10, 11] time out
05-02 20:49:27.670 525 544 D BluetoothManagerService: MESSAGE_BLUETOOTH_STATE_CHANGE: OFF > BLE_TURNING_ON
05-02 20:49:27.670 525 544 D BluetoothManagerService: Sending BLE State Change: OFF > BLE_TURNING_ON
05-02 20:49:27.670 525 544 D BluetoothManagerService: MESSAGE_RESTART_BLUETOOTH_SERVICE: retry count=6
05-02 20:49:27.670 525 544 E BluetoothManagerService: Reach maximum retry to restart Bluetooth!
05-02 20:49:27.670 525 544 E BluetoothManagerService: MESSAGE_BLUETOOTH_SERVICE_DISCONNECTED(1)
05-02 20:49:27.670 525 544 D BluetoothManagerService: Broadcasting onBluetoothServiceDown() to 4 receivers.
05-02 20:49:27.671 1294 1339 D BluetoothAdapter: onBluetoothServiceDown: android.bluetooth.IBluetooth$Stub$Proxy@f98be82
05-02 20:49:27.671 525 544 D BluetoothAdapter: onBluetoothServiceDown: android.bluetooth.IBluetooth$Stub$Proxy@6d04984
05-02 20:49:27.671 887 906 D BluetoothAdapter: onBluetoothServiceDown: android.bluetooth.IBluetooth$Stub$Proxy@5409d27
05-02 20:49:27.671 685 1031 D BluetoothAdapter: onBluetoothServiceDown: android.bluetooth.IBluetooth$Stub$Proxy@cfe9f80
05-02 20:49:39.629 2336 2336 D AndroidRuntime: >>>>>> START com.android.internal.os.RuntimeInit uid 0 <<<<<<
05-02 20:49:39.635 2336 2336 I AndroidRuntime: Using default boot image
05-02 20:49:39.636 2336 2336 I AndroidRuntime: Leaving lock profiling enabled
05-02 20:49:39.641 2336 2336 I app_process: Core platform API reporting enabled, enforcing=false
05-02 20:49:39.835 2336 2336 D app_process: Time zone APEX ICU file found: /apex/com.android.tzdata/etc/icu/icu_tzdata.dat
05-02 20:49:39.835 2336 2336 D app_process: I18n APEX ICU file found: /apex/com.android.i18n/etc/icu/icudt66l.dat
05-02 20:49:39.885 2336 2336 W app_process: JNI RegisterNativeMethods: attempt to register 0 native methods for android.media.AudioAttributes
05-02 20:49:39.897 2336 2336 D AndroidRuntime: Calling main entry com.genymobile.scrcpy.Server
05-02 20:49:39.901 2336 2336 I scrcpy : Device: nxp EVK_8MM (Android 11)
05-02 20:49:39.952 2336 2336 I app_process: Thread[1,tid=2336,Native,Thread*=0xb400e7696751a380,peer=0x12c02a88,"main"] recursive attempt to load library "libmedia_jni.so"
05-02 20:49:39.953 2336 2336 I app_process: Thread[1,tid=2336,Native,Thread*=0xb400e7696751a380,peer=0x12c02a88,"main"] recursive attempt to load library "libmedia_jni.so"
05-02 20:49:39.953 2336 2336 D MtpDeviceJNI: register_android_mtp_MtpDevice
05-02 20:49:39.954 2336 2336 I app_process: Thread[1,tid=2336,Native,Thread*=0xb400e7696751a380,peer=0x12c02a88,"main"] recursive attempt to load library "libmedia_jni.so"
05-02 20:49:39.954 2336 2336 I app_process: Thread[1,tid=2336,Native,Thread*=0xb400e7696751a380,peer=0x12c02a88,"main"] recursive attempt to load library "libmedia_jni.so"
05-02 20:49:39.959 2336 2363 D CCodec : allocate(c2.imx.avc.encoder)
05-02 20:49:39.961 2336 2363 I Codec2Client: Available Codec2 services: "default" "software"
05-02 20:49:39.963 2336 2363 I CCodec : setting up 'default' as default (vendor) store
05-02 20:49:39.966 358 458 I android.hardware.media.c2@1.0-service: missing struct descriptor #Param::CoreIndex(--004) for field values of struct #Param::CoreIndex(F-12004)
05-02 20:49:39.967 358 458 V ImxC2Store: ImxC2Store::createComponent name=c2.imx.avc.encoder, ret=0
05-02 20:49:39.968 2336 2363 I CCodec : Created component [c2.imx.avc.encoder]
05-02 20:49:39.968 2336 2363 D CCodecConfig: read media type: video/avc
05-02 20:49:39.970 2336 2363 D ReflectedParamUpdater: extent() != 1 for single value type: algo.buffers.max-count.values
05-02 20:49:39.971 2336 2363 D ReflectedParamUpdater: extent() != 1 for single value type: output.subscribed-indices.values
05-02 20:49:39.971 2336 2363 D ReflectedParamUpdater: extent() != 1 for single value type: input.buffers.allocator-ids.values
05-02 20:49:39.971 2336 2363 D ReflectedParamUpdater: extent() != 1 for single value type: output.buffers.allocator-ids.values
05-02 20:49:39.971 2336 2363 D ReflectedParamUpdater: extent() != 1 for single value type: algo.buffers.allocator-ids.values
05-02 20:49:39.971 2336 2363 D ReflectedParamUpdater: extent() != 1 for single value type: output.buffers.pool-ids.values
05-02 20:49:39.972 2336 2363 D ReflectedParamUpdater: extent() != 1 for single value type: algo.buffers.pool-ids.values
05-02 20:49:39.974 2336 2363 D ReflectedParamUpdater: ignored struct field coding.gop.values
05-02 20:49:39.975 2336 2363 I CCodecConfig: query failed after returning 12 values (BAD_INDEX)
05-02 20:49:39.975 2336 2363 D CCodecConfig: c2 config diff is Dict {
05-02 20:49:39.975 2336 2363 D CCodecConfig: c2::u32 coded.bitrate.value = 64000
05-02 20:49:39.975 2336 2363 D CCodecConfig: c2::float coded.frame-rate.value = 15
05-02 20:49:39.975 2336 2363 D CCodecConfig: c2::u32 coded.pl.level = 20492
05-02 20:49:39.975 2336 2363 D CCodecConfig: c2::u32 coded.pl.profile = 20482
05-02 20:49:39.975 2336 2363 D CCodecConfig: c2::u32 coding.intra-refresh.mode = 0
05-02 20:49:39.975 2336 2363 D CCodecConfig: c2::float coding.intra-refresh.period = 0
05-02 20:49:39.975 2336 2363 D CCodecConfig: c2::u32 coding.request-sync-frame.value = 0
05-02 20:49:39.975 2336 2363 D CCodecConfig: c2::i64 coding.sync-frame-interval.value = 1000000
05-02 20:49:39.975 2336 2363 D CCodecConfig: c2::u32 input.delay.value = 0
05-02 20:49:39.975 2336 2363 D CCodecConfig: string input.media-type.value = "video/raw"
05-02 20:49:39.975 2336 2363 D CCodecConfig: string output.media-type.value = "video/avc"
05-02 20:49:39.975 2336 2363 D CCodecConfig: c2::u32 raw.color.matrix = 0
05-02 20:49:39.975 2336 2363 D CCodecConfig: c2::u32 raw.color.primaries = 0
05-02 20:49:39.975 2336 2363 D CCodecConfig: c2::u32 raw.color.range = 0
05-02 20:49:39.975 2336 2363 D CCodecConfig: c2::u32 raw.color.transfer = 0
05-02 20:49:39.975 2336 2363 D CCodecConfig: c2::u32 raw.pixel-format.value = 35
05-02 20:49:39.975 2336 2363 D CCodecConfig: c2::u32 raw.size.height = 240
05-02 20:49:39.975 2336 2363 D CCodecConfig: c2::u32 raw.size.width = 320
05-02 20:49:39.975 2336 2363 D CCodecConfig: }
05-02 20:49:39.976 2336 2363 W ColorUtils: expected specified color aspects (0:0:0:0)
05-02 20:49:39.980 2336 2363 D CCodec : [c2.imx.avc.encoder] buffers are bound to CCodec for this session
05-02 20:49:39.981 2336 2363 D CCodecConfig: no c2 equivalents for color-format
05-02 20:49:39.981 2336 2363 D CCodecConfig: no c2 equivalents for repeat-previous-frame-after
05-02 20:49:39.981 2336 2363 D CCodecConfig: no c2 equivalents for flags
05-02 20:49:39.981 2336 2363 D CCodecConfig: no c2 equivalents for encoder
05-02 20:49:39.981 358 720 D IMXC2VideoEncoder: Given level 500c does not cover current configuration: adjusting to 500d
05-02 20:49:39.982 2336 2363 D CCodecConfig: c2 config diff is c2::u32 coded.bitrate.value = 8000000
05-02 20:49:39.982 2336 2363 D CCodecConfig: c2::float coded.frame-rate.value = 60
05-02 20:49:39.982 2336 2363 D CCodecConfig: c2::i64 coding.sync-frame-interval.value = 10000000
05-02 20:49:39.982 2336 2363 D CCodecConfig: c2::u32 raw.pixel-format.value = 34
05-02 20:49:39.982 2336 2363 D CCodecConfig: c2::u32 raw.size.height = 1080
05-02 20:49:39.982 2336 2363 D CCodecConfig: c2::u32 raw.size.width = 1920
05-02 20:49:39.982 2336 2363 W ColorUtils: expected specified color aspects (0:0:0:0)
05-02 20:49:39.983 2336 2363 D CCodec : setup formats input: AMessage(what = 0x00000000) = {
05-02 20:49:39.983 2336 2363 D CCodec : int32_t android._color-format = 2130708361
05-02 20:49:39.983 2336 2363 D CCodec : int32_t bitrate = 8000000
05-02 20:49:39.983 2336 2363 D CCodec : int32_t frame-rate = 60
05-02 20:49:39.983 2336 2363 D CCodec : int32_t height = 1080
05-02 20:49:39.983 2336 2363 D CCodec : int32_t intra-refresh-period = 0
05-02 20:49:39.983 2336 2363 D CCodec : string mime = "video/raw"
05-02 20:49:39.983 2336 2363 D CCodec : int32_t width = 1920
05-02 20:49:39.983 2336 2363 D CCodec : Rect crop(0, 0, 1919, 1079)
05-02 20:49:39.983 2336 2363 D CCodec : int32_t android._dataspace = 0
05-02 20:49:39.983 2336 2363 D CCodec : int32_t color-format = 2130708361
05-02 20:49:39.983 2336 2363 D CCodec : } and output: AMessage(what = 0x00000000) = {
05-02 20:49:39.983 2336 2363 D CCodec : int32_t android._color-format = 2130708361
05-02 20:49:39.983 2336 2363 D CCodec : int32_t bitrate = 8000000
05-02 20:49:39.983 2336 2363 D CCodec : Rect crop(0, 0, 1919, 1079)
05-02 20:49:39.983 2336 2363 D CCodec : int32_t color-standard = 0
05-02 20:49:39.983 2336 2363 D CCodec : int32_t color-range = 0
05-02 20:49:39.983 2336 2363 D CCodec : int32_t color-transfer = 0
05-02 20:49:39.983 2336 2363 D CCodec : int32_t frame-rate = 60
05-02 20:49:39.983 2336 2363 D CCodec : int32_t height = 1080
05-02 20:49:39.983 2336 2363 D CCodec : int32_t intra-refresh-period = 0
05-02 20:49:39.983 2336 2363 D CCodec : int32_t level = 4096
05-02 20:49:39.983 2336 2363 D CCodec : int32_t max-bitrate = 8000000
05-02 20:49:39.983 2336 2363 D CCodec : string mime = "video/avc"
05-02 20:49:39.983 2336 2363 D CCodec : int32_t profile = 2
05-02 20:49:39.983 2336 2363 D CCodec : int32_t width = 1920
05-02 20:49:39.983 2336 2363 D CCodec : }
05-02 20:49:39.986 2336 2363 D CCodec : input format changed to AMessage(what = 0x00000000) = {
05-02 20:49:39.986 2336 2363 D CCodec : int32_t android._color-format = 2130708361
05-02 20:49:39.986 2336 2363 D CCodec : int32_t bitrate = 8000000
05-02 20:49:39.986 2336 2363 D CCodec : int32_t frame-rate = 60
05-02 20:49:39.986 2336 2363 D CCodec : int32_t height = 1080
05-02 20:49:39.986 2336 2363 D CCodec : int32_t intra-refresh-period = 0
05-02 20:49:39.986 2336 2363 D CCodec : string mime = "video/raw"
05-02 20:49:39.986 2336 2363 D CCodec : int32_t width = 1920
05-02 20:49:39.986 2336 2363 D CCodec : Rect crop(0, 0, 1919, 1079)
05-02 20:49:39.986 2336 2363 D CCodec : int32_t android._dataspace = 260
05-02 20:49:39.986 2336 2363 D CCodec : int32_t color-format = 2130708361
05-02 20:49:39.986 2336 2363 D CCodec : int32_t color-range = 2
05-02 20:49:39.986 2336 2363 D CCodec : int32_t color-standard = 1
05-02 20:49:39.986 2336 2363 D CCodec : int32_t color-transfer = 3
05-02 20:49:39.986 2336 2363 D CCodec : }
05-02 20:49:39.987 435 435 D GraphicBufferSource: setting dataspace: 0x104, acquired=0
05-02 20:49:39.987 2336 2363 D CCodec : ISConfig minFps=10 => repeatDelayUs=100000 timeOffset 0us (=> INVALID_OPERATION) start at 0us
05-02 20:49:40.029 356 401 I chatty : uid=1000(system) HwBinder:356_1 expire 55 lines
05-02 20:49:40.037 435 435 I display : open gpu gralloc module!
05-02 20:49:40.045 358 2368 D V4l2Dev : get device /dev/video0
05-02 20:49:40.045 358 2368 D V4l2Dev : open dev name /dev/video0
05-02 20:49:40.080 2336 2363 W Codec2Client: query -- param skipped: index = 1342179345.
05-02 20:49:40.080 2336 2363 W Codec2Client: query -- param skipped: index = 2415921170.
05-02 20:49:40.080 2336 2363 W Codec2Client: query -- param skipped: index = 2684356609.
05-02 20:49:40.081 435 490 D GraphicBufferSource: got buffer with new dataSpace #104
05-02 20:49:40.082 2336 2367 D C2OMXNode: dataspace changed to 0x104 pixel format: 0x1
05-02 20:49:40.083 2336 2363 E FMQ : grantorIdx must be less than 3
05-02 20:49:40.083 2336 2363 E FMQ : grantorIdx must be less than 3
05-02 20:49:40.084 2336 2363 D CCodecBufferChannel: [c2.imx.avc.encoder#410] Created input block pool with allocatorID 17 => poolID 17 - OK (0)
05-02 20:49:40.088 358 720 E FMQ : grantorIdx must be less than 3
05-02 20:49:40.088 358 720 E FMQ : grantorIdx must be less than 3
05-02 20:49:40.090 2336 2363 I CCodecBufferChannel: [c2.imx.avc.encoder#410] Created output block pool with allocatorID 16 => poolID 17 - OK
05-02 20:49:40.091 2336 2363 D CCodecBufferChannel: [c2.imx.avc.encoder#410] Configured output block pool ids 17 => OK
05-02 20:49:40.092 383 2122 W ResourceManagerService: Ignoring request to add new resource entry with value <= 0
05-02 20:49:40.114 2336 2367 I display : open gpu gralloc module!
05-02 20:49:40.124 358 2368 D IMXC2ComponentBase: Using output block pool with poolID 17 => got 17 - 0
05-02 20:49:40.130 358 2368 I display : open gpu gralloc module!
05-02 20:49:40.133 358 2368 E ion : ioctl c0044901 failed with code -1: Inappropriate ioctl for device
05-02 20:49:40.134 358 2368 D IMXC2VideoEncoder: ori input pixel format: 1 bPPEnabled: 1
05-02 20:49:40.134 358 2368 I IMXC2VideoEncoder: initComponent: res=(1920 x 1080) fps=60 bitrate=8000000 GOP=600 pixelFormat 1
05-02 20:49:40.134 358 2368 I IMXC2VideoEncoder: initComponent: IDRInterval=600 RefreshIntra=0 profile=0x5002 level=0x500d
05-02 20:49:40.134 358 2368 I IMXC2VideoEncoder: initComponent: sColorAspects: flag 0 flag 0 rang 0 primaries 0 transfer 0 matrix 0
05-02 20:49:40.135 358 2368 D V4l2Enc : initEncInputParamter nRotAngle=0,nBitRate=8000000,nGOPSize=600,nRefreshIntra=0,mTargetFps=60
05-02 20:49:40.135 358 2370 D V4l2Dev : IsCaptureFormatSupported format=34363248
05-02 20:49:40.135 358 2370 D V4l2Dev : QueryFormat add capture format 34363248
05-02 20:49:40.135 358 2370 D V4l2Dev : QueryFormat add capture format 30385056
05-02 20:49:40.170 2356 2356 D AndroidRuntime: >>>>>> START com.android.internal.os.RuntimeInit uid 0 <<<<<<
05-02 20:49:40.176 358 2370 D V4l2Dev : IsOutputFormatSupported format=56595559
05-02 20:49:40.176 358 2370 W V4l2Enc : SetInputFormats bufferSize mismatch, changed from 4147200 to 4149248
05-02 20:49:40.176 358 2368 I IMXC2VideoEncoder: init preprocess input w=1920,h=1080,pixelFmt=1,bufferSize=8294400
05-02 20:49:40.176 358 2368 I IMXC2VideoEncoder: init preprocess output w=1920,h=1080, stride=1920, pixelFmt=14,bufferSize=4149248
05-02 20:49:40.179 358 2377 I ProcessBase: fetchLinearBlock: size 4149248
05-02 20:49:40.179 2356 2356 I AndroidRuntime: Using default boot image
05-02 20:49:40.179 2356 2356 I AndroidRuntime: Leaving lock profiling enabled
05-02 20:49:40.182 358 2377 I ProcessBase: fetchLinearBlock: size 4149248
05-02 20:49:40.186 2356 2356 I app_process: Core platform API reporting enabled, enforcing=false
05-02 20:49:40.186 358 2377 I ProcessBase: fetchLinearBlock: size 4149248
05-02 20:49:40.211 461 461 I chatty : uid=9999(nobody) /vendor/bin/gpsd expire 306 lines
05-02 20:49:40.253 358 2380 D FrameConverter: find one nal, type: 0x7, size: 37
05-02 20:49:40.253 358 2380 D FrameConverter: find one nal, type: 0x8, size: 11
05-02 20:49:40.258 358 2380 D FrameConverter: find one nal, type: 0x5, size: 28743
05-02 20:49:40.258 358 2380 D FrameConverter: size=28803,consume=56,nLen=56
05-02 20:49:40.258 358 2380 E V4l2Enc : CHECK SPSPPS success
05-02 20:49:40.268 358 2380 E FMQ : grantorIdx must be less than 3
05-02 20:49:40.269 2336 2367 E FMQ : grantorIdx must be less than 3
05-02 20:49:40.270 2336 2367 E ion : ioctl c0044901 failed with code -1: Inappropriate ioctl for device
05-02 20:49:40.404 2356 2356 D app_process: Time zone APEX ICU file found: /apex/com.android.tzdata/etc/icu/icu_tzdata.dat
05-02 20:49:40.405 2356 2356 D app_process: I18n APEX ICU file found: /apex/com.android.i18n/etc/icu/icudt66l.dat
05-02 20:49:40.456 2356 2356 W app_process: JNI RegisterNativeMethods: attempt to register 0 native methods for android.media.AudioAttributes
05-02 20:49:40.470 2356 2356 D AndroidRuntime: Calling main entry com.genymobile.scrcpy.CleanUp
05-02 20:49:41.264 525 564 V DisplayPowerController: Brightness [0.39763778] reason changing to: 'manual', previous reason: 'manual [ dim ]'.
05-02 20:49:41.265 525 564 I sysui_multi_action: [757,1696,758,6,759,3]
05-02 20:49:41.382 525 539 I sysui_multi_action: [757,128,758,1,793,28493,794,0,795,28493,796,55,798,1,806,android,857,DEVELOPER,858,2,947,0,1395,4,1500,28280,1688,1]
05-02 20:49:41.384 525 539 I sysui_multi_action: [757,804,799,note_freshness,801,28493,802,1]
05-02 20:49:41.384 525 539 I notification_visibility: [-1|android|55|null|1000,1,28493,28493,0,1]
05-02 20:49:41.540 685 685 I FalsingManager: dX: 373.0 dY: -819.0 xV: -0.33305863 yV: 0.22530258
05-02 20:49:41.542 685 685 I FalsingManager: Percent of gesture in proximity: 0.0
05-02 20:49:42.531 525 539 I sysui_multi_action: [757,128,758,2,793,29642,794,1149,795,29642,796,55,798,1,806,android,857,DEVELOPER,858,2,947,0,1395,4,1500,29429,1688,1]
05-02 20:49:42.531 525 539 I notification_visibility: [-1|android|55|null|1000,0,29642,29642,0,1]
05-02 20:49:43.615 525 539 I sysui_multi_action: [757,128,758,1,793,30726,794,0,795,30726,796,55,798,1,806,android,857,DEVELOPER,858,2,947,0,1395,4,1500,30513,1688,1]
05-02 20:49:43.616 525 539 I sysui_multi_action: [757,804,799,note_freshness,801,30726,802,1]
05-02 20:49:43.616 525 539 I notification_visibility: [-1|android|55|null|1000,1,30726,30726,0,1]
05-02 20:49:43.824 685 685 I FalsingManager: {classifier=com.android.systemui.classifier.brightline.DiagonalClassifier, interactionType=4}
05-02 20:49:43.825 685 685 I FalsingManager: {angle=5.486467, vertical=true}
05-02 20:49:44.284 525 539 I sysui_multi_action: [757,128,758,2,793,31394,794,668,795,31394,796,55,798,1,806,android,857,DEVELOPER,858,2,947,0,1395,4,1500,31181,1688,1]
05-02 20:49:44.285 525 539 I notification_visibility: [-1|android|55|null|1000,0,31394,31394,0,1]
05-02 20:49:45.084 2336 2366 D BufferPoolAccessor2.0: bufferpool2 0xb400e768d7520318 : 0(0 size) total buffers - 0(0 size) used buffers - 0/0 (recycle/alloc) - 0/0 (fetch/transfer)
05-02 20:49:45.084 2336 2366 D BufferPoolAccessor2.0: evictor expired: 1, evicted: 1
05-02 20:49:45.276 525 539 I sysui_multi_action: [757,128,758,1,793,32386,794,0,795,32386,796,55,798,1,806,android,857,DEVELOPER,858,2,947,0,1395,4,1500,32173,1688,1]
05-02 20:49:45.276 525 539 I sysui_multi_action: [757,804,799,note_freshness,801,32386,802,1]
05-02 20:49:45.277 525 539 I notification_visibility: [-1|android|55|null|1000,1,32386,32386,0,1]
05-02 20:49:45.484 358 2380 D BufferPoolAccessor2.0: bufferpool2 0xb400f2b00bcb6a38 : 5(16642048 size) total buffers - 4(14544896 size) used buffers - 63/68 (recycle/alloc) - 2/64 (fetch/transfer)
05-02 20:49:45.751 685 685 I FalsingManager: dX: 479.0 dY: -971.0 xV: 0.15972738 yV: 0.007935127
05-02 20:49:45.752 685 685 I FalsingManager: Percent of gesture in proximity: 0.0
05-02 20:49:45.758 685 685 I sysui_multi_action: [757,186,758,4,826,605,827,5]
05-02 20:49:45.759 685 685 I sysui_lockscreen_gesture: [1,605,5]
05-02 20:49:45.834 525 2194 I sysui_multi_action: [757,128,758,2,793,33159,794,31520,795,33159,796,26,798,0,806,android,857,DEVELOPER_IMPORTANT,858,4,947,0,1395,4,1500,32955,1688,1]
05-02 20:49:45.834 525 2194 I notification_visibility: [-1|android|26|null|1000,0,33159,33159,0,0]
05-02 20:49:45.835 525 2194 I sysui_multi_action: [757,128,758,2,793,32946,794,560,795,32946,796,55,798,1,806,android,857,DEVELOPER,858,2,947,0,1395,4,1500,32733,1688,1]
05-02 20:49:45.835 525 2194 I notification_visibility: [-1|android|55|null|1000,0,32946,32946,0,1]
05-02 20:49:45.836 525 2194 I sysui_multi_action: [757,128,758,2,793,28773,794,27564,795,28490,796,1397773634,797,public:179,97,798,2,806,com.android.systemui,857,DSK,858,2,947,0,1395,4,1500,28490,1641,sys,1688,1,1745,2098068913]
05-02 20:49:45.836 525 2194 I notification_visibility: [0|com.android.systemui|1397773634|public:179,97|10121,0,28773,28490,0,2]
05-02 20:49:45.841 525 539 I sysui_multi_action: [757,127,758,2]
05-02 20:49:45.841 525 539 I notification_panel_hidden:
05-02 20:49:45.843 685 685 I sysui_multi_action: [757,197,758,5,759,0]
05-02 20:49:45.844 685 685 D KeyguardViewMediator: keyguardDone
05-02 20:49:45.845 685 685 D KeyguardViewMediator: tryKeyguardDone: pending - false, animRan - false animRunning - false
05-02 20:49:45.845 685 685 D KeyguardViewMediator: tryKeyguardDone: starting pre-hide animation
05-02 20:49:45.845 685 685 E KeyguardViewMediator: mHideAnimationFinishedRunnable#run
05-02 20:49:45.845 685 685 D KeyguardViewMediator: tryKeyguardDone: pending - false, animRan - true animRunning - false
05-02 20:49:45.846 685 685 D KeyguardViewMediator: handleKeyguardDone
05-02 20:49:45.846 685 685 D KeyguardViewMediator: handleHide
05-02 20:49:45.846 685 685 D KeyguardViewMediator: keyguardGoingAway
05-02 20:49:45.852 525 588 I wm_set_keyguard_shown: [1,0,1,keyguardGoingAway]
05-02 20:49:45.853 525 588 D ActivityTaskManager: Top Process State changed to PROCESS_STATE_TOP
05-02 20:49:45.857 525 588 I wm_set_resumed_activity: [0,com.android.launcher3/.uioverrides.QuickstepLauncher,resumeTopActivityInnerLocked]
05-02 20:49:45.859 685 685 D StatusBar: disable disable2
05-02 20:49:45.862 525 588 I wm_resume_activity: [0,188384300,20,com.android.launcher3/.uioverrides.QuickstepLauncher]
05-02 20:49:45.871 1033 1033 I wm_on_restart_called: [188384300,com.android.launcher3.uioverrides.QuickstepLauncher,performRestartActivity]
05-02 20:49:45.898 1033 1033 I wm_on_start_called: [188384300,com.android.launcher3.uioverrides.QuickstepLauncher,handleStartActivity]
05-02 20:49:45.900 1033 1033 I wm_on_resume_called: [188384300,com.android.launcher3.uioverrides.QuickstepLauncher,RESUME_ACTIVITY]
05-02 20:49:45.900 1033 1033 I wm_on_top_resumed_gained_called: [188384300,com.android.launcher3.uioverrides.QuickstepLauncher,topWhenResuming]
05-02 20:49:45.922 525 545 I ActivityManager: Killing 1191:com.android.deskclock/u0a109 (adj 985): empty #17
05-02 20:49:45.924 525 545 I am_kill : [0,1191,com.android.deskclock,985,empty #17]
05-02 20:49:45.933 525 545 I ActivityManager: Killing 1704:com.android.localtransport/1000 (adj 985): empty #18
05-02 20:49:45.933 525 545 I am_kill : [0,1704,com.android.localtransport,985,empty #18]
05-02 20:49:45.957 355 355 I chatty : uid=1000(system) allocator@4.0-s expire 13 lines
05-02 20:49:46.088 525 551 I am_pss : [938,10126,android.ext.services,12568576,4788224,0,123904000,0,5,17]
05-02 20:49:46.126 525 811 I am_proc_died: [0,1704,com.android.localtransport,985,19]
05-02 20:49:46.129 338 338 I Zygote : Process 1704 exited due to signal 9 (Killed)
05-02 20:49:46.132 338 338 I Zygote : Process 1191 exited due to signal 9 (Killed)
05-02 20:49:46.134 525 539 I am_proc_died: [0,1191,com.android.deskclock,985,19]
05-02 20:49:46.135 525 539 I am_uid_stopped: 10109
05-02 20:49:46.158 525 551 I am_pss : [1347,10122,com.android.smspush,6459392,3022848,0,99266560,0,6,14]
05-02 20:49:46.158 525 554 I libprocessgroup: Successfully killed process cgroup uid 10109 pid 1191 in 226ms
05-02 20:49:46.165 525 554 I libprocessgroup: Successfully killed process cgroup uid 1000 pid 1704 in 0ms
05-02 20:49:46.400 1033 1033 W UnsafeUtil: platform method missing - proto runtime falling back to safer methods: java.lang.NoSuchMethodException: sun.misc.Unsafe.copyMemory [class java.lang.Object, long, class java.lang.Object, long, long]
05-02 20:49:46.468 685 685 D KeyguardViewMediator: handleStartKeyguardExitAnimation startTime=60269 fadeoutDuration=300
05-02 20:49:46.492 685 685 D StatusBar: disable disable2
05-02 20:49:46.497 366 672 D AF::TrackHandle: OpPlayAudio: track:56 usage:13 not muted
05-02 20:49:46.501 685 1011 D AudioTrack: createTrack_l(0): AUDIO_OUTPUT_FLAG_FAST denied by server; frameCount 0 -> 8329
05-02 20:49:46.504 685 685 D KeyguardViewMediator: adjustStatusBarLocked: mShowing=false mOccluded=false isSecure=false force=false --> flags=0x0
05-02 20:49:46.516 345 1272 I audio_hw_primary: start_output_stream: primary: 1, out: 0xf16c33a0, device: 2, address: , mode: 0, flags 0x2
05-02 20:49:46.517 345 1272 I audio_hw_primary: select_output_device(), headphone 0 ,headset 0 ,speaker 2
05-02 20:49:46.517 345 1272 D audio_hw_primary: start_output_stream: pcm_open: card: 0, pcm_device_id: 0, rate: 48000, channel: 2, format: 0, period_size: 0xc0, flag: 9
05-02 20:49:46.522 0 0 E tlv320aic31xx-codec 1-0018: ##Divyesh tlv aic31xx_hw_params: width 16 rate 48000
05-02 20:49:46.533 525 811 I system_server: oneway function results will be dropped but finished with status OK and parcel size 4
05-02 20:49:46.535 525 2455 I system_server: oneway function results will be dropped but finished with status OK and parcel size 4
05-02 20:49:46.535 0 0 E tlv320aic31xx-codec 1-0018: ##Divyesh tlv pll 8.1920/1 dosr 128 n 8 m 2 aosr 128 n 8 m 2 bclk_n 8
05-02 20:49:46.540 525 2455 I system_server: oneway function results will be dropped but finished with status OK and parcel size 4
05-02 20:49:46.545 0 0 E fsl-sai 30010000.sai: Divyesh tlv > ratio 8 for freq 1536000Hz based on clock 12288000Hz
05-02 20:49:46.550 685 685 D StatusBar: updateQsExpansionEnabled - QS Expand enabled: true
05-02 20:49:46.555 0 0 E fsl-sai 30010000.sai: Divyesh tlv best fit: clock id=1, ratio=8, deviation=0
05-02 20:49:46.564 0 0 E tlv320aic31xx-codec 1-0018: ##Divyesh tlv Enter : aic31xx_dac_mute
05-02 20:49:46.572 0 0 E tlv320aic31xx-codec 1-0018: ##Divyesh tlv Enter : aic31xx_dac_mute >> Else function > unmute
05-02 20:49:46.626 685 685 I sysui_multi_action: [757,111,758,2]
05-02 20:49:46.727 685 685 D KeyguardUpdateMonitor: onKeyguardVisibilityChanged(false)
05-02 20:49:46.734 685 685 I sysui_multi_action: [757,196,758,2,759,0]
05-02 20:49:46.737 685 685 I sysui_status_bar_state: [0,0,0,0,0,1]
05-02 20:49:46.748 685 685 D KeyguardViewMediator: keyguardGone
05-02 20:49:46.758 685 685 D KeyguardViewMediator: adjustStatusBarLocked: mShowing=false mOccluded=false isSecure=false force=false --> flags=0x0
05-02 20:49:46.766 685 1011 W ndroid.systemu: Long monitor contention with owner main (685) at void com.android.systemui.keyguard.KeyguardViewMediator.sendUserPresentBroadcast()(KeyguardViewMediator.java:1770) waiters=0 in void com.android.systemui.keyguard.KeyguardViewMediator.lambda$playSound$3(int) for 254ms
05-02 20:49:46.767 685 1011 I dvm_lock_sample: [com.android.systemui,0,pool-3-thread-1,254,KeyguardViewMediator.java,1818,void com.android.systemui.keyguard.KeyguardViewMediator.lambda$playSound$3(int),-,1770,void com.android.systemui.keyguard.KeyguardViewMediator.sendUserPresentBroadcast(),50]
05-02 20:49:46.780 685 1011 D KeyguardViewMediator: updateActivityLockScreenState(false, false)
05-02 20:49:46.801 525 2455 I wm_set_keyguard_shown: [0,0,1,setKeyguardShown]
05-02 20:49:46.864 1294 1294 D NfcService: MSG_APPLY_SCREEN_STATE 8
05-02 20:49:46.866 1294 1294 I libnfc_nci: [INFO:NativeNfcManager.cpp(1244)] nfcManager_enableDiscovery: enter; tech_mask = ef
05-02 20:49:46.867 1294 1294 I libnfc_nci: [INFO:PowerSwitch.cpp(154)] PowerSwitch::setLevel: level=PS-FULL (1)
05-02 20:49:46.867 1294 1294 I libnfc_nci: [INFO:NativeNfcManager.cpp(2122)] startRfDiscovery: is start=0
05-02 20:49:46.867 1294 1294 I libnfc_nci: [INFO:NativeNfcTag.cpp(1826)] nativeNfcTag_acquireRfInterfaceMutexLock: try to acquire lock
05-02 20:49:46.867 1294 1294 I libnfc_nci: [INFO:NativeNfcTag.cpp(1829)] nativeNfcTag_acquireRfInterfaceMutexLock: sRfInterfaceMutex lock
05-02 20:49:46.867 1294 1294 I libnfc_nci: [INFO:nfa_dm_api.cc(721)] NFA_StopRfDiscovery
05-02 20:49:46.867 1294 1558 I libnfc_nci: [INFO:nfa_sys_main.cc(77)] NFA got event 0x010F
05-02 20:49:46.867 1294 1558 I libnfc_nci: [INFO:nfa_dm_main.cc(122)] event: NFA_DM_API_STOP_RF_DISCOVERY_EVT (0x0f)
05-02 20:49:46.867 1294 1558 I libnfc_nci: [INFO:nfa_dm_act.cc(1260)] nfa_dm_act_stop_rf_discovery
05-02 20:49:46.867 1294 1558 I libnfc_nci: [INFO:nfa_dm_discover.cc(2746)] deactivate_type:0x0
05-02 20:49:46.867 1294 1558 I libnfc_nci: [INFO:nfa_dm_discover.cc(2512)] state: DISCOVERY (1), event: DEACTIVATE_CMD(6) disc_flags: 0x2
05-02 20:49:46.867 1294 1558 I libnfc_nci: [INFO:nfc_main.cc(1173)] NFC_Deactivate 4 (IDLE) deactivate_type:0
05-02 20:49:46.868 1294 1558 I libnfc_nci: [INFO:NfcAdaptation.cc(777)] NfcAdaptation::HalWrite
05-02 20:49:46.868 361 361 D NfccPowerTracker: NfccPowerTracker::ProcessCmd: Enter,Recieved len :4
05-02 20:49:46.869 361 1542 D NxpTml : PN54X - Write requested.....
05-02 20:49:46.869 361 1542 D NxpTml : PN54X - Invoking I2C Write.....
05-02 20:49:46.871 0 0 E pn54x_dev_write: i2c_master_send returned -6
05-02 20:49:46.881 361 1542 D NxpTml : _i2c_write() errno : 5
05-02 20:49:46.881 361 1542 D NxpTml : PN54X - Error in I2C Write.....
05-02 20:49:46.883 361 1542 D NxpTml : PN54X - Posting Fresh Write message.....
05-02 20:49:46.883 361 1544 D NxpHal : write error status = 0x1ff
05-02 20:49:46.883 361 361 D NxpHal : write_unlocked failed - PN54X Maybe in Standby Mode - Retry
05-02 20:49:46.885 366 446 W APM::AudioPolicyEngine: getDevicesForStrategy() unknown strategy: -1
05-02 20:49:46.891 525 2455 I system_server: oneway function results will be dropped but finished with status OK and parcel size 4
05-02 20:49:46.892 361 1542 D NxpTml : PN54X - Tml Writer Thread Running................
05-02 20:49:46.895 361 1542 D NxpTml : PN54X - Write requested.....
