05-02 20:49:07.203 525 525 I SystemServerTiming: ssm.onStartUser-0_com.android.server.slice.SliceManagerService$Lifecycle
05-02 20:49:07.203 525 525 D SystemServerTiming: ssm.onStartUser-0_com.android.server.slice.SliceManagerService$Lifecycle took to complete: 0ms
05-02 20:49:07.203 525 525 I SystemServerTiming: ssm.onStartUser-0_com.android.server.camera.CameraServiceProxy
05-02 20:49:07.206 525 525 D SystemServerTiming: ssm.onStartUser-0_com.android.server.camera.CameraServiceProxy took to complete: 3ms
05-02 20:49:07.206 525 525 I SystemServerTiming: ssm.onStartUser-0_com.android.server.stats.StatsCompanion$Lifecycle
05-02 20:49:07.206 525 525 D SystemServerTiming: ssm.onStartUser-0_com.android.server.stats.StatsCompanion$Lifecycle took to complete: 0ms
05-02 20:49:07.206 525 525 I SystemServerTiming: ssm.onStartUser-0_com.android.server.stats.pull.StatsPullAtomService
05-02 20:49:07.206 525 525 D SystemServerTiming: ssm.onStartUser-0_com.android.server.stats.pull.StatsPullAtomService took to complete: 0ms
05-02 20:49:07.206 525 525 I SystemServerTiming: ssm.onStartUser-0_com.android.server.incident.IncidentCompanionService
05-02 20:49:07.206 525 525 D SystemServerTiming: ssm.onStartUser-0_com.android.server.incident.IncidentCompanionService took to complete: 0ms
05-02 20:49:07.206 525 525 I SystemServerTiming: ssm.onStartUser-0_com.android.server.MmsServiceBroker
05-02 20:49:07.206 525 525 D SystemServerTiming: ssm.onStartUser-0_com.android.server.MmsServiceBroker took to complete: 0ms
05-02 20:49:07.206 525 525 I SystemServerTiming: ssm.onStartUser-0_com.android.server.autofill.AutofillManagerService
05-02 20:49:07.210 525 525 D SystemServerTiming: ssm.onStartUser-0_com.android.server.autofill.AutofillManagerService took to complete: 0ms
05-02 20:49:07.210 525 525 I SystemServerTiming: ssm.onStartUser-0_com.android.server.clipboard.ClipboardService
05-02 20:49:07.211 525 525 D SystemServerTiming: ssm.onStartUser-0_com.android.server.clipboard.ClipboardService took to complete: 0ms
05-02 20:49:07.211 525 525 I SystemServerTiming: ssm.onStartUser-0_com.android.server.appbinding.AppBindingService$Lifecycle
05-02 20:49:07.213 747 747 I service_manager_slow: [12,activity]
05-02 20:49:07.217 525 525 D SystemServerTiming: ssm.onStartUser-0_com.android.server.appbinding.AppBindingService$Lifecycle took to complete: 6ms
05-02 20:49:07.217 525 525 I SystemServerTiming: ssm.onStartUser-0_com.android.server.policy.PermissionPolicyService
05-02 20:49:07.219 525 525 D SystemServerTiming: ssm.onStartUser-0_com.android.server.policy.PermissionPolicyService took to complete: 0ms
05-02 20:49:07.219 525 525 I SystemServerTiming: ssm.onStartUser-0_com.android.server.pm.StagingManager$Lifecycle
05-02 20:49:07.219 525 539 I am_proc_bound: [0,747,WebViewLoader-arm64-v8a]
05-02 20:49:07.219 525 525 D SystemServerTiming: ssm.onStartUser-0_com.android.server.pm.StagingManager$Lifecycle took to complete: 0ms
05-02 20:49:07.219 525 525 D SystemServerTiming: ssm.StartUser-0 took to complete: 116ms
05-02 20:49:07.221 525 525 I SystemServerTiming: startPersistentApps
05-02 20:49:07.225 525 525 I am_uid_running: 1068
05-02 20:49:07.227 525 525 D CompatibilityChangeReporter: Compat change id reported: 135634846; UID 1068; state: DISABLED
05-02 20:49:07.227 525 525 D CompatibilityChangeReporter: Compat change id reported: 135754954; UID 1068; state: ENABLED
05-02 20:49:07.228 525 525 I am_uid_running: 1001
05-02 20:49:07.231 525 525 D CompatibilityChangeReporter: Compat change id reported: 135634846; UID 1001; state: DISABLED
05-02 20:49:07.232 525 525 D CompatibilityChangeReporter: Compat change id reported: 135754954; UID 1001; state: ENABLED
05-02 20:49:07.234 525 525 D SystemServerTiming: startPersistentApps took to complete: 11ms
05-02 20:49:07.235 525 525 I SystemServerTiming: startHomeOnAllDisplays
05-02 20:49:07.236 525 551 I netstats_mobile_sample: [0,0,0,0,0,0,0,0,0,0,0,0,1651524547235]
05-02 20:49:07.236 525 551 I netstats_wifi_sample: [0,0,0,0,0,0,0,0,0,0,0,0,1651524547235]
05-02 20:49:07.237 525 525 I ActivityTaskManager: START u0 {act=android.intent.action.MAIN cat=[android.intent.category.HOME] flg=0x10000100 cmp=com.android.settings/.FallbackHome} from uid 0
05-02 20:49:07.275 525 551 I netstats_mobile_sample: [0,0,0,0,0,0,0,0,0,0,0,0,1651524547274]
05-02 20:49:07.275 525 551 I netstats_wifi_sample: [0,0,0,0,0,0,0,0,0,0,0,0,1651524547274]
05-02 20:49:07.303 525 551 I netstats_mobile_sample: [0,0,0,0,0,0,0,0,0,0,0,0,1651524547303]
05-02 20:49:07.303 525 551 I netstats_wifi_sample: [0,0,0,0,0,0,0,0,0,0,0,0,1651524547303]
05-02 20:49:07.344 438 500 D AT : pthread_cond_timedwait ETIMEDOUT
05-02 20:49:07.345 438 500 D AT : AT> ATE0Q0V1
05-02 20:49:07.348 525 551 I netstats_mobile_sample: [0,0,0,0,0,0,0,0,0,0,0,0,1651524547348]
05-02 20:49:07.348 525 551 I netstats_wifi_sample: [0,0,0,0,0,0,0,0,0,0,0,0,1651524547348]
05-02 20:49:07.379 525 811 W StorageManagerService: No primary storage defined yet; hacking together a stub
05-02 20:49:07.382 525 551 I netstats_mobile_sample: [0,0,0,0,0,0,0,0,0,0,0,0,1651524547382]
05-02 20:49:07.382 525 551 I netstats_wifi_sample: [0,0,0,0,0,0,0,0,0,0,0,0,1651524547382]
05-02 20:49:07.384 525 551 D TelephonyRegistry: listen oscl: mHasNotifySubscriptionInfoChangedOccurred==false no callback
05-02 20:49:07.386 525 551 D CountryDetector: Using custom country detector class: com.android.server.location.ComprehensiveCountryDetector
05-02 20:49:07.432 0 0 I alloc_contig_range: [86198, 861a0) PFNs busy
05-02 20:49:07.554 525 525 I wm_task_created: [2,0]
05-02 20:49:07.555 525 525 I wm_stack_created: 2
05-02 20:49:07.557 525 525 I wm_task_moved: [2,1,2147483647]
05-02 20:49:07.564 525 525 I wm_create_task: [0,2]
05-02 20:49:07.564 525 525 I wm_create_activity: [0,207307406,2,com.android.settings/.FallbackHome,android.intent.action.MAIN,NULL,NULL,276824320]
05-02 20:49:07.565 525 525 I wm_task_moved: [2,1,2147483647]
05-02 20:49:07.578 525 525 D SystemServerTiming: startHomeOnAllDisplays took to complete: 343ms
05-02 20:49:07.578 525 525 I SystemServerTiming: showSystemReadyErrorDialogs
05-02 20:49:07.714 525 525 D SystemServerTiming: showSystemReadyErrorDialogs took to complete: 136ms
05-02 20:49:07.714 525 525 I SystemServerTiming: sendUserStartBroadcast
05-02 20:49:07.715 525 525 D SystemServerTiming: sendUserStartBroadcast took to complete: 1ms
05-02 20:49:07.715 525 525 I SystemServerTiming: resumeTopActivities
05-02 20:49:07.715 525 525 D SystemServerTiming: resumeTopActivities took to complete: 0ms
05-02 20:49:07.716 525 525 I SystemServerTiming: sendUserSwitchBroadcasts
05-02 20:49:07.716 525 525 I uc_send_user_broadcast: [0,android.intent.action.USER_FOREGROUND]
05-02 20:49:07.716 525 525 I uc_send_user_broadcast: [0,android.intent.action.USER_SWITCHED]
05-02 20:49:07.716 525 525 D SystemServerTiming: sendUserSwitchBroadcasts took to complete: 0ms
05-02 20:49:07.716 525 525 I SystemServerTiming: setBinderProxies
05-02 20:49:07.716 525 525 D SystemServerTiming: setBinderProxies took to complete: 0ms
05-02 20:49:07.716 525 525 D SystemServerTiming: ActivityManagerStartApps took to complete: 613ms
05-02 20:49:07.716 525 525 D SystemServerTiming: PhaseActivityManagerReady took to complete: 1237ms
05-02 20:49:07.717 525 543 I dvm_lock_sample: [system_server,1,android.ui,495,ActivityManagerService.java,3334,void com.android.server.am.ActivityManagerService.dispatchProcessesChanged(),,0,null,99]
05-02 20:49:07.717 525 525 D SystemServerTiming: startOtherServices took to complete: 3088ms
05-02 20:49:07.717 525 525 D SystemServerTiming: StartServices took to complete: 5159ms
05-02 20:49:07.717 525 611 I dvm_lock_sample: [system_server,0,NetworkStats,480,ActivityManagerService.java,16719,int com.android.server.am.ActivityManagerService.broadcastIntentWithFeature(android.app.IApplicationThread, java.lang.String, android.content.Intent, java.lang.String, android.content.IIntentReceiver, int, java.lang.String, android.os.Bundle, java.lang.String[], int, android.os.Bundle, boolean, boolean, int),UserController.java,2748,int com.android.server.am.UserController$Injector.broadcastIntent(android.content.Intent, java.lang.String, android.content.IIntentReceiver, int, java.lang.String, android.os.Bundle, java.lang.String[], int, android.os.Bundle, boolean, boolean, int, int, int, int, int),96]
05-02 20:49:07.718 525 588 I dvm_lock_sample: [system_server,1,Binder:525_5,469,ActivityManagerService.java,5438,void com.android.server.am.ActivityManagerService.attachApplication(android.app.IApplicationThread, long),UserController.java,2748,int com.android.server.am.UserController$Injector.broadcastIntent(android.content.Intent, java.lang.String, android.content.IIntentReceiver, int, java.lang.String, android.os.Bundle, java.lang.String[], int, android.os.Bundle, boolean, boolean, int, int, int, int, int),93]
05-02 20:49:07.718 525 588 W ActivityManager: No pending application record for pid 768 (IApplicationThread android.app.IApplicationThread$Stub$Proxy@8f6caaf); dropping process
05-02 20:49:07.718 525 588 I am_drop_process: 768
05-02 20:49:07.719 525 553 I dvm_lock_sample: [system_server,1,ActivityManager:procStart,453,ProcessList.java,2060,void com.android.server.am.ProcessList.handleProcessStart(com.android.server.am.ProcessRecord, java.lang.String, int[], int, int, int, java.lang.String, java.lang.String, java.lang.String, long),UserController.java,2748,int com.android.server.am.UserController$Injector.broadcastIntent(android.content.Intent, java.lang.String, android.content.IIntentReceiver, int, java.lang.String, android.os.Bundle, java.lang.String[], int, android.os.Bundle, boolean, boolean, int, int, int, int, int),90]
05-02 20:49:07.720 525 553 W ActivityManager: Slow operation: 497ms so far, now at startProcess: done updating battery stats
05-02 20:49:07.720 525 553 I am_proc_start: [0,790,1073,com.android.networkstack.process,added application,com.android.networkstack.process]
05-02 20:49:07.720 525 553 W ActivityManager: Slow operation: 497ms so far, now at startProcess: building log message
05-02 20:49:07.720 525 553 I ActivityManager: Start proc 790:com.android.networkstack.process/1073 for added application com.android.networkstack.process
05-02 20:49:07.720 525 553 W ActivityManager: Slow operation: 497ms so far, now at startProcess: starting to update pids map
05-02 20:49:07.720 525 553 W ActivityManager: Slow operation: 497ms so far, now at startProcess: done updating pids map
05-02 20:49:07.721 525 553 W ActivityManager: Slow operation: 495ms so far, now at startProcess: asking zygote to start proc
05-02 20:49:07.721 525 539 I am_proc_bound: [0,790,com.android.networkstack.process]
05-02 20:49:07.730 0 0 I AidlLazyServiceRegistrar: Process has 0 (of 1 available) client(s) in use after notification android.apex.IApexService has clients: 0
05-02 20:49:07.736 525 553 W ActivityManager: Slow operation: 510ms so far, now at startProcess: returned from zygote!
05-02 20:49:07.741 525 525 W Looper : Slow delivery took 3148ms main h=android.app.ActivityThread$H c=null m=156
05-02 20:49:07.753 525 539 I am_uid_active: 1073
05-02 20:49:07.754 0 0 I AidlLazyServiceRegistrar: Shutdown prevented by forcePersist override flag.
05-02 20:49:07.756 525 811 I dvm_lock_sample: [system_server,0,Binder:525_6,312,ActivityManagerService.java,1600,void com.android.server.am.ActivityManagerService$AppDeathRecipient.binderDied(),,0,null,62]
05-02 20:49:07.756 525 811 I ActivityManager: Process WebViewLoader-armeabi-v7a (pid 725) has died: psvc PER
05-02 20:49:07.757 525 811 I am_proc_died: [0,725,WebViewLoader-armeabi-v7a,-700,0]
05-02 20:49:07.760 525 558 W KernelCpuProcStringReader: File not found. It's normal if not implemented: /proc/uid_time_in_state
05-02 20:49:07.761 525 558 W KernelCpuProcStringReader: File not found. It's normal if not implemented: /proc/uid_concurrent_active_time
05-02 20:49:07.762 525 558 W KernelCpuProcStringReader: File not found. It's normal if not implemented: /proc/uid_concurrent_policy_time
05-02 20:49:07.774 525 811 I am_low_memory: 7
05-02 20:49:07.776 525 825 I ActivityManager: Process WebViewLoader-arm64-v8a (pid 747) has died: psvc PER
05-02 20:49:07.776 525 825 I am_proc_died: [0,747,WebViewLoader-arm64-v8a,-700,0]
05-02 20:49:07.776 525 825 I am_uid_stopped: 1037
05-02 20:49:07.777 525 825 I am_low_memory: 6
05-02 20:49:07.778 525 545 I dvm_lock_sample: [system_server,1,android.display,200,ActivityManagerService.java,19621,void com.android.server.am.ActivityManagerService$LocalService.startProcess(java.lang.String, android.content.pm.ApplicationInfo, boolean, boolean, java.lang.String, android.content.ComponentName),,0,null,40]
05-02 20:49:07.779 525 545 D CompatibilityChangeReporter: Compat change id reported: 135634846; UID 1000; state: DISABLED
05-02 20:49:07.780 525 545 D CompatibilityChangeReporter: Compat change id reported: 135754954; UID 1000; state: ENABLED
05-02 20:49:07.780 525 849 I dvm_lock_sample: [system_server,1,Binder:525_9,120,ActivityManagerService.java,6811,java.lang.String com.android.server.am.ActivityManagerService.checkContentProviderAccess(java.lang.String, int),,0,null,24]
05-02 20:49:07.782 525 539 W ActivityManager: Slow operation: 556ms so far, now at startProcess: done updating battery stats
05-02 20:49:07.782 525 539 I am_proc_start: [0,856,1068,com.android.se,added application,com.android.se]
05-02 20:49:07.782 525 539 W ActivityManager: Slow operation: 556ms so far, now at startProcess: building log message
05-02 20:49:07.782 525 539 I ActivityManager: Start proc 856:com.android.se/1068 for added application com.android.se
05-02 20:49:07.782 525 539 W ActivityManager: Slow operation: 556ms so far, now at startProcess: starting to update pids map
05-02 20:49:07.785 525 539 W ActivityManager: Slow operation: 559ms so far, now at startProcess: done updating pids map
05-02 20:49:07.785 525 539 I am_proc_bound: [0,856,com.android.se]
05-02 20:49:07.788 525 539 I am_uid_active: 1068
05-02 20:49:07.790 525 553 W ActivityManager: Slow operation: 561ms so far, now at startProcess: asking zygote to start proc
05-02 20:49:07.790 0 0 I binder : undelivered TRANSACTION_COMPLETE
05-02 20:49:07.793 525 543 W Looper : Slow dispatch took 572ms android.ui h=com.android.server.am.ActivityManagerService$UiHandler c=null m=31
05-02 20:49:07.793 525 543 W Looper : Slow delivery took 228ms android.ui h=com.android.server.wm.BarController$BarHandler c=com.android.server.wm.-$$Lambda$StatusBarController$1$x4q7e0Eysf0ynMSdT1A-JN_ucuI@c399531 m=0
05-02 20:49:07.796 0 0 I binder : undelivered transaction 11275, process died.
05-02 20:49:07.798 525 525 D ConditionProviders.SCP: onConnected
05-02 20:49:07.799 525 525 D ConditionProviders: Subscribing to condition://android/event?userId=-10000&calendar=&reply=1 with ComponentInfo{android/com.android.server.notification.EventConditionProvider}
05-02 20:49:07.799 525 525 D ConditionProviders: Subscribing to condition://android/schedule?days=1.2.3.4.5.6.7&start=22.0&end=7.0&exitAtAlarm=true with ComponentInfo{android/com.android.server.notification.ScheduleConditionProvider}
05-02 20:49:07.800 525 525 I notification_cancel_all: [1000,525,android,0,0,0,17,NULL]
05-02 20:49:07.801 525 525 I am_uid_running: 10126
05-02 20:49:07.805 525 525 D CompatibilityChangeReporter: Compat change id reported: 135634846; UID 10126; state: DISABLED
05-02 20:49:07.805 525 525 D CompatibilityChangeReporter: Compat change id reported: 135754954; UID 10126; state: ENABLED
05-02 20:49:07.828 525 553 W ActivityManager: Slow operation: 599ms so far, now at startProcess: returned from zygote!
05-02 20:49:07.829 525 553 W ActivityManager: Slow operation: 600ms so far, now at startProcess: done updating battery stats
05-02 20:49:07.829 525 553 I am_proc_start: [0,887,1001,com.android.phone,added application,com.android.phone]
05-02 20:49:07.829 525 553 I Watchdog: Interesting Java process com.android.phone started. Pid 887
05-02 20:49:07.829 525 553 W ActivityManager: Slow operation: 600ms so far, now at startProcess: building log message
05-02 20:49:07.829 525 553 I ActivityManager: Start proc 887:com.android.phone/1001 for added application com.android.phone
05-02 20:49:07.829 525 553 W ActivityManager: Slow operation: 600ms so far, now at startProcess: starting to update pids map
05-02 20:49:07.830 525 553 W ActivityManager: Slow operation: 601ms so far, now at startProcess: done updating pids map
05-02 20:49:07.830 525 553 W ActivityManager: Slow operation: 52ms so far, now at startProcess: asking zygote to start proc
05-02 20:49:07.846 438 500 D AT : pthread_cond_timedwait ETIMEDOUT
05-02 20:49:07.846 438 500 D AT : AT> ATE0Q0V1
05-02 20:49:07.862 525 539 I am_proc_bound: [0,887,com.android.phone]
05-02 20:49:07.867 525 539 I am_uid_active: 1001
05-02 20:49:07.868 525 635 I service_manager_stats: [453,236,5000]
05-02 20:49:07.869 525 543 W Looper : Drained
05-02 20:49:07.880 525 553 W ActivityManager: Slow operation: 102ms so far, now at startProcess: returned from zygote!
05-02 20:49:07.880 525 553 W ActivityManager: Slow operation: 102ms so far, now at startProcess: done updating battery stats
05-02 20:49:07.881 525 553 I am_proc_start: [0,909,1000,com.android.settings,top-activity,{com.android.settings/com.android.settings.FallbackHome}]
05-02 20:49:07.881 525 553 W ActivityManager: Slow operation: 103ms so far, now at startProcess: building log message
05-02 20:49:07.881 525 553 I ActivityManager: Start proc 909:com.android.settings/1000 for top-activity {com.android.settings/com.android.settings.FallbackHome}
05-02 20:49:07.881 525 553 W ActivityManager: Slow operation: 103ms so far, now at startProcess: starting to update pids map
05-02 20:49:07.881 525 553 W ActivityManager: Slow operation: 103ms so far, now at startProcess: done updating pids map
05-02 20:49:07.881 525 553 W ActivityManager: Slow operation: 77ms so far, now at startProcess: asking zygote to start proc
05-02 20:49:07.882 525 553 D CompatibilityChangeReporter: Compat change id reported: 143937733; UID 10126; state: ENABLED
05-02 20:49:07.892 673 907 I bt_config_source: 1
05-02 20:49:07.908 525 525 D PackageWatchdog: Getting all observed packages pending health checks
05-02 20:49:07.908 525 525 I PackageWatchdog: Syncing health check requests for packages: {}
05-02 20:49:07.909 525 525 I ExplicitHealthCheckController: Service not ready to get health check supported packages. Binding...
05-02 20:49:07.936 525 553 W ActivityManager: Slow operation: 132ms so far, now at startProcess: returned from zygote!
05-02 20:49:07.938 525 553 W ActivityManager: Slow operation: 133ms so far, now at startProcess: done updating battery stats
05-02 20:49:07.938 525 553 I am_proc_start: [0,938,10126,android.ext.services,service,{android.ext.services/android.ext.services.autofill.InlineSuggestionRenderServiceImpl}]
05-02 20:49:07.938 525 553 W ActivityManager: Slow operation: 134ms so far, now at startProcess: building log message
05-02 20:49:07.938 525 553 I ActivityManager: Start proc 938:android.ext.services/u0a126 for service {android.ext.services/android.ext.services.autofill.InlineSuggestionRenderServiceImpl}
05-02 20:49:07.938 525 553 W ActivityManager: Slow operation: 134ms so far, now at startProcess: starting to update pids map
05-02 20:49:07.938 525 553 W ActivityManager: Slow operation: 134ms so far, now at startProcess: done updating pids map
05-02 20:49:07.938 525 849 I am_proc_bound: [0,909,com.android.settings]
05-02 20:49:07.946 525 849 I wm_restart_activity: [0,207307406,2,com.android.settings/.FallbackHome]
05-02 20:49:07.948 525 849 I wm_set_resumed_activity: [0,com.android.settings/.FallbackHome,minimalResumeActivityLocked]
05-02 20:49:07.961 525 544 I DropBoxManagerService: add tag=system_app_strictmode isTagEnabled=true flags=0x2
05-02 20:49:07.961 525 811 I am_proc_bound: [0,938,android.ext.services]
05-02 20:49:07.964 525 811 I am_uid_active: 10126
05-02 20:49:07.971 525 525 I ExplicitHealthCheckController: Explicit health check service is bound
05-02 20:49:08.002 525 544 I DropBoxManagerService: add tag=system_app_strictmode isTagEnabled=true flags=0x2
05-02 20:49:08.017 525 544 I DropBoxManagerService: add tag=system_app_strictmode isTagEnabled=true flags=0x2
05-02 20:49:08.020 525 525 E TrustManagerService: EXTRA_USER_HANDLE missing or invalid, value=0
05-02 20:49:08.021 525 552 I am_wtf : [0,525,system_server,-1,TrustManagerService,EXTRA_USER_HANDLE missing or invalid, value=0]
05-02 20:49:08.022 525 552 I DropBoxManagerService: add tag=system_server_wtf isTagEnabled=true flags=0x2
05-02 20:49:08.029 525 525 V NotificationAssistants: enabling notification assistant for 0: ComponentInfo{android.ext.services/android.ext.services.notification.Assistant}
05-02 20:49:08.029 525 525 V NotificationAssistants: binding: Intent { act=android.service.notification.NotificationAssistantService cmp=android.ext.services/.notification.Assistant (has extras) }
05-02 20:49:08.030 525 544 I DropBoxManagerService: add tag=system_app_strictmode isTagEnabled=true flags=0x2
05-02 20:49:08.035 525 540 D TelephonyRegistry: listen oscl: mHasNotifySubscriptionInfoChangedOccurred==false no callback
05-02 20:49:08.058 525 588 D ConnectivityService: requestNetwork for uid/pid:1073/790 NetworkRequest [ TRACK_DEFAULT id=10, [ Capabilities: INTERNET&NOT_RESTRICTED&TRUSTED Uid: 1073 AdministratorUids: [] RequestorUid: 1073 RequestorPackageName: com.android.networkstack] ]
05-02 20:49:08.059 525 619 D ConnectivityService: NetReassign [no changes]
05-02 20:49:08.065 525 619 D ConnectivityService: NetReassign [no changes]
05-02 20:49:08.175 909 909 I wm_on_create_called: [207307406,com.android.settings.FallbackHome,performCreate]
05-02 20:49:08.182 909 909 I wm_on_start_called: [207307406,com.android.settings.FallbackHome,handleStartActivity]
05-02 20:49:08.184 909 909 I wm_on_resume_called: [207307406,com.android.settings.FallbackHome,RESUME_ACTIVITY]
05-02 20:49:08.186 525 525 W Looper : Slow dispatch took 154ms main h=android.app.ActivityThread$H c=android.app.-$$Lambda$LoadedApk$ReceiverDispatcher$Args$_BumDX2UKsnxLVrE6UJsJZkotuA@6145164 m=0
05-02 20:49:08.192 525 525 D ConditionProviders.SCP: onSubscribe condition://android/schedule?days=1.2.3.4.5.6.7&start=22.0&end=7.0&exitAtAlarm=true
05-02 20:49:08.193 525 525 D ConditionProviders.SCP: setRegistered true
05-02 20:49:08.193 525 542 D UsbDeviceManager: push notification:Charging this device via USB
05-02 20:49:08.206 909 909 I wm_on_top_resumed_gained_called: [207307406,com.android.settings.FallbackHome,topStateChangedWhenResumed]
05-02 20:49:08.210 525 525 D ConditionProviders.SCP: evaluateSubscriptionLocked cal=ScheduleCalendar[mDays={1, 2, 3, 4, 5, 6, 7}, mSchedule=ScheduleInfo{days=[1, 2, 3, 4, 5, 6, 7], startHour=22, startMinute=0, endHour=7, endMinute=0, exitAtAlarm=true, nextAlarm=Thu Jan 01 00:00:00 GMT 1970 (0)}], now=Mon May 02 20:49:08 GMT 2022 (1651524548193), nextUserAlarmTime=Thu Jan 01 00:00:00 GMT 1970 (0)
05-02 20:49:08.211 525 525 D ConditionProviders.SCP: notifyCondition condition://android/schedule?days=1.2.3.4.5.6.7&start=22.0&end=7.0&exitAtAlarm=true STATE_FALSE reason=!meetsSchedule
05-02 20:49:08.212 525 525 D ConditionProviders.SCP: Scheduling evaluate for Mon May 02 22:00:00 GMT 2022 (1651528800000), in +1h10m51s807ms, now=Mon May 02 20:49:08 GMT 2022 (1651524548193)
05-02 20:49:08.271 525 525 D BluetoothManagerService: Trying to bind to profile: 1, while Bluetooth was disabled
05-02 20:49:08.292 525 984 I Telecom : BluetoothRouteManager: getBluetoothAudioConnectedDevice: no service available.
05-02 20:49:08.292 525 624 W ActivityThread: Failed to find provider info for com.android.calendar (user not unlocked)
05-02 20:49:08.302 525 624 W ActivityThread: Failed to find provider info for com.android.calendar (user not unlocked)
05-02 20:49:08.302 525 525 I Telecom : SystemStateHelper: Registering car mode receiver: android.content.IntentFilter@7a28fa7: TS.init@AAA
05-02 20:49:08.317 525 988 I Telecom : Logging.Events: Non-call EVENT: AUDIO_ROUTE, Entering state QuiescentSpeakerRoute
05-02 20:49:08.317 525 988 I Telecom : BluetoothRouteManager: getBluetoothAudioConnectedDevice: no service available.
05-02 20:49:08.335 525 989 I Telecom : CallAudioModeStateMachine: Message received: null.: TS.init->CAMSM.pM_1@AAA
05-02 20:49:08.347 438 500 D AT : pthread_cond_timedwait ETIMEDOUT
05-02 20:49:08.348 438 500 D AT : AT> ATE0Q0V1
05-02 20:49:08.348 525 545 I ActivityManagerTiming: FinishBooting
05-02 20:49:08.348 525 545 I boot_progress_enable_screen: 22254
05-02 20:49:08.349 525 545 I screen_toggled: 1
05-02 20:49:08.349 525 545 W KeyguardServiceDelegate: onScreenTurningOn(): no keyguard service!
05-02 20:49:08.350 525 525 I Telecom : MissedCallNotifierImpl: reloadFromDatabase: Boot not yet complete -- call log db may not be available. Deferring loading until boot complete for user 0: TS.init@AAA
05-02 20:49:08.351 525 525 I Telecom : MissedCallNotifierImpl: reloadFromDatabase: Boot not yet complete -- call log db may not be available. Deferring loading until boot complete for user 0: TS.init@AAA
05-02 20:49:08.353 525 525 D BluetoothManagerService: Trying to bind to profile: 1, while Bluetooth was disabled
05-02 20:49:08.358 525 525 I Telecom : Class: TelecomSystem.INSTANCE being set
05-02 20:49:08.359 525 525 W ContextImpl: Calling a method in the system process without a qualified user: android.app.ContextImpl.startService:1669 android.content.ContextWrapper.startService:720 com.android.server.telecom.components.TelecomService.initializeTelecomSystem:213 com.android.server.telecom.components.TelecomService$1.createTelecomService:81 com.android.server.telecom.TelecomLoaderService$TelecomServiceConnection.onServiceConnected:62
05-02 20:49:08.367 525 525 W Looper : Slow dispatch took 150ms main h=android.app.ActivityThread$H c=android.app.LoadedApk$ServiceDispatcher$RunConnection@e898b12 m=0
05-02 20:49:08.367 525 525 D BluetoothManagerService: Bluetooth Adapter name changed to iMX8
05-02 20:49:08.368 525 525 D BluetoothManagerService: Stored Bluetooth name: iMX8
05-02 20:49:08.369 525 525 D AutofillManagerService: Restriction did not change for user 0
05-02 20:49:08.371 525 525 D BluetoothManagerService: BluetoothServiceConnection: com.android.bluetooth.btservice.AdapterService
05-02 20:49:08.371 525 544 D BluetoothManagerService: MESSAGE_BLUETOOTH_SERVICE_CONNECTED: 1
05-02 20:49:08.372 525 525 I ConnectivityModuleConnector: Networking module service connected
05-02 20:49:08.373 525 544 D BluetoothManagerService: Broadcasting onBluetoothServiceUp() to 3 receivers.
05-02 20:49:08.381 525 525 I ExplicitHealthCheckController: Explicit health check service is connected ComponentInfo{android.ext.services/android.ext.services.watchdog.ExplicitHealthCheckServiceImpl}
05-02 20:49:08.383 525 525 I ExplicitHealthCheckController: Service initialized, syncing requests
05-02 20:49:08.383 525 525 V NotificationAssistants: 0 notification assistant service connected: ComponentInfo{android.ext.services/android.ext.services.notification.Assistant}
05-02 20:49:08.383 525 525 D TelephonyRegistry: notifyCellLocationForSubscriber: subId=0 cellLocation=null
05-02 20:49:08.385 525 544 D BluetoothManagerService: MESSAGE_BLUETOOTH_STATE_CHANGE: OFF > BLE_TURNING_ON
05-02 20:49:08.386 525 544 D BluetoothManagerService: Sending BLE State Change: OFF > BLE_TURNING_ON
05-02 20:49:08.386 525 525 I notification_enqueue: [1000,525,android,32,NULL,-1,Notification(channel=USB shortcut=null contentView=null vibrate=null sound=null tick defaults=0x0 flags=0x2 color=0xff607d8b vis=PUBLIC),0]
05-02 20:49:08.387 525 525 I Telecom : WiredHeadsetManager: ACTION_HEADSET_PLUG event, plugged in: false, : WHC.oADA@AAE
05-02 20:49:08.391 525 525 D PackageWatchdog: Getting all observed packages pending health checks
05-02 20:49:08.391 525 525 I PackageWatchdog: Syncing health check requests for packages: {}
05-02 20:49:08.391 525 525 D ExplicitHealthCheckController: Getting health check supported packages
05-02 20:49:08.392 525 525 W Looper : Drained
05-02 20:49:08.395 525 588 I ExplicitHealthCheckController: Explicit health check supported packages [PackageConfig{com.android.networkstack, 86400000}]
05-02 20:49:08.395 525 588 D PackageWatchdog: Received supported packages [PackageConfig{com.android.networkstack, 86400000}]
05-02 20:49:08.395 525 588 D ExplicitHealthCheckController: Getting health check requested packages
05-02 20:49:08.396 525 588 I ExplicitHealthCheckController: Explicit health check requested packages []
05-02 20:49:08.397 525 588 I ExplicitHealthCheckController: No more health check requests, unbinding...
05-02 20:49:08.400 525 588 I ExplicitHealthCheckController: Explicit health check service is unbound
05-02 20:49:08.414 525 811 D ConnectivityService: requestNetwork for uid/pid:1073/790 NetworkRequest [ REQUEST id=12, [ Capabilities: INTERNET&NOT_RESTRICTED&TRUSTED&NOT_VPN AdministratorUids: [] RequestorUid: 1073 RequestorPackageName: com.android.networkstack] ]
05-02 20:49:08.415 525 619 D ConnectivityService: NetReassign [no changes]
05-02 20:49:08.423 887 887 D TelephonyComponentFactory: validated paths: null
05-02 20:49:08.423 887 887 D TelephonyComponentFactory: Total components injected: 0
05-02 20:49:08.424 887 887 D TDC : updateOrInsert: inserting: Modem { uuid=modem, state=0, rilModel=0, rat={}, maxActiveVoiceCall=1, maxActiveDataCall=1, maxStandby=1 }
05-02 20:49:08.424 887 887 D TDC : updateOrInsert: inserting: Sim { uuid=sim, modemUuid=modem, state=0 }
05-02 20:49:08.426 525 525 I ConnectivityModuleConnector: Networking module service connected
05-02 20:49:08.458 887 887 E PersistAtomsStorage: cannot load/parse PersistAtoms
05-02 20:49:08.458 887 887 E PersistAtomsStorage: java.nio.file.NoSuchFileException: /data/user_de/0/com.android.phone/files/persist_atoms.pb
05-02 20:49:08.458 887 887 E PersistAtomsStorage: at sun.nio.fs.UnixFileSystemProvider.newByteChannel(UnixFileSystemProvider.java:214)
05-02 20:49:08.458 887 887 E PersistAtomsStorage: at java.nio.file.Files.newByteChannel(Files.java:361)
05-02 20:49:08.458 887 887 E PersistAtomsStorage: at java.nio.file.Files.newByteChannel(Files.java:407)
05-02 20:49:08.458 887 887 E PersistAtomsStorage: at java.nio.file.Files.readAllBytes(Files.java:3152)
05-02 20:49:08.458 887 887 E PersistAtomsStorage: at com.android.internal.telephony.metrics.PersistAtomsStorage.loadAtomsFromFile(PersistAtomsStorage.java:132)
05-02 20:49:08.458 887 887 E PersistAtomsStorage: at com.android.internal.telephony.metrics.PersistAtomsStorage.(PersistAtomsStorage.java:60)
05-02 20:49:08.458 887 887 E PersistAtomsStorage: at com.android.internal.telephony.metrics.MetricsCollector.(MetricsCollector.java:88)
05-02 20:49:08.458 887 887 E PersistAtomsStorage: at com.android.internal.telephony.PhoneFactory.makeDefaultPhone(PhoneFactory.java:149)
05-02 20:49:08.458 887 887 E PersistAtomsStorage: at com.android.internal.telephony.PhoneFactory.makeDefaultPhones(PhoneFactory.java:105)
05-02 20:49:08.458 887 887 E PersistAtomsStorage: at com.android.phone.PhoneGlobals.onCreate(PhoneGlobals.java:346)
05-02 20:49:08.458 887 887 E PersistAtomsStorage: at com.android.phone.PhoneApp.onCreate(PhoneApp.java:39)
05-02 20:49:08.458 887 887 E PersistAtomsStorage: at android.app.Instrumentation.callApplicationOnCreate(Instrumentation.java:1192)
05-02 20:49:08.458 887 887 E PersistAtomsStorage: at android.app.ActivityThread.handleBindApplication(ActivityThread.java:6715)
05-02 20:49:08.458 887 887 E PersistAtomsStorage: at android.app.ActivityThread.access$1300(ActivityThread.java:237)
05-02 20:49:08.458 887 887 E PersistAtomsStorage: at android.app.ActivityThread$H.handleMessage(ActivityThread.java:1913)
05-02 20:49:08.458 887 887 E PersistAtomsStorage: at android.os.Handler.dispatchMessage(Handler.java:106)
05-02 20:49:08.458 887 887 E PersistAtomsStorage: at android.os.Looper.loop(Looper.java:223)
05-02 20:49:08.458 887 887 E PersistAtomsStorage: at android.app.ActivityThread.main(ActivityThread.java:7660)
05-02 20:49:08.458 887 887 E PersistAtomsStorage: at java.lang.reflect.Method.invoke(Native Method)
05-02 20:49:08.458 887 887 E PersistAtomsStorage: at com.android.internal.os.RuntimeInit$MethodAndArgsCaller.run(RuntimeInit.java:592)
05-02 20:49:08.458 887 887 E PersistAtomsStorage: at com.android.internal.os.ZygoteInit.main(ZygoteInit.java:947)
05-02 20:49:08.458 887 887 D PersistAtomsStorage: created new PersistAtoms
05-02 20:49:08.462 887 887 D MetricsCollector: registered
05-02 20:49:08.474 887 887 I service_manager_slow: [11,telephony.registry]
05-02 20:49:08.475 887 887 D CdmaSSM : subscriptionSource from settings: 0
05-02 20:49:08.475 887 887 I PhoneFactory: Cdma Subscription set to 0
05-02 20:49:08.475 887 887 I PhoneFactory: Network Mode set to 0
05-02 20:49:08.476 887 887 D RILJ : RIL: init preferredNetworkType=0 cdmaSubscription=0) [PHONEnull]
05-02 20:49:08.486 685 685 D SystemUIBootTiming: DependencyInjection took to complete: 1ms
05-02 20:49:08.488 438 438 D RILC : setResponseFunctions
05-02 20:49:08.497 438 438 D RILC : rilConnectedInd
05-02 20:49:08.498 438 438 I RILC : RIL_SOCKET_1 UNSOLICITED: UNSOL_RIL_CONNECTED length:4
05-02 20:49:08.498 438 438 D RILC : radioStateChangedInd: radioState 1
05-02 20:49:08.498 438 438 I RILC : RIL_SOCKET_1 UNSOLICITED: UNSOL_RESPONSE_RADIO_STATE_CHANGED length:0
05-02 20:49:08.498 438 438 I RILC : RIL Daemon version: S11.0.5-0
05-02 20:49:08.503 887 1002 D RILJ : Unsol response received; Sending ack to ril.cpp [PHONE0]
05-02 20:49:08.503 887 1002 D RILJ : [UNSL]< UNSOL_RIL_CONNECTED [PHONE0]
05-02 20:49:08.507 887 887 D RILJ : [0001]> GET_HARDWARE_CONFIG [PHONE0]
05-02 20:49:08.508 438 438 D RILC : getHardwareConfig: serial 1
05-02 20:49:08.508 438 438 D RILC : getHardwareConfig: serial 1, mSlotId = 0
05-02 20:49:08.508 438 438 D RIL : onRequest: 124, GET_HARDWARE_CONFIG datalen: 0, data 0x0
05-02 20:49:08.508 438 438 D RILC : RequestComplete, RIL_SOCKET_1
05-02 20:49:08.508 438 438 E RILC : Calling responseFunction() for token 1
05-02 20:49:08.508 438 438 D RILC : getHardwareConfigResponse: serial 1
05-02 20:49:08.509 887 887 E RILJ : IOemHook service is not on the device HAL: java.util.NoSuchElementException [PHONE0]
05-02 20:49:08.509 887 887 D RILJ : Radio HAL version: 1.4 [PHONE0]
05-02 20:49:08.509 887 887 D UiccController: Creating UiccController
05-02 20:49:08.510 887 887 D UiccController: config_num_physical_slots = 1
05-02 20:49:08.513 887 1002 D RILJ : [0002]> RADIO_POWER on = false forEmergencyCall= false preferredForEmergencyCall=false [PHONE0]
05-02 20:49:08.514 438 438 D RILC : setRadioPower: serial 2 on 0
05-02 20:49:08.514 525 525 I notification_cancel_all: [1000,525,com.android.systemui,0,0,0,17,NULL]
05-02 20:49:08.514 438 438 D RIL : onRequest: 23, RADIO_POWER datalen: 4, data 0xb400ec52f28d33d0
05-02 20:49:08.514 438 438 D RILC : RequestComplete, RIL_SOCKET_1
05-02 20:49:08.514 438 438 E RILC : Calling responseFunction() for token 2
05-02 20:49:08.514 438 438 D RILC : setRadioPowerResponse: serial 2
05-02 20:49:08.515 887 1002 D RILJ : [0003]> RIL_REQUEST_CDMA_SET_SUBSCRIPTION_SOURCE cdmaSubscription = 0 [PHONE0]
05-02 20:49:08.516 887 1002 D RILJ : [0001]< GET_HARDWARE_CONFIG error 1 [PHONE0]
05-02 20:49:08.517 685 685 D SystemUIBootTiming: StartServicescom.android.systemui.util.NotificationChannels took to complete: 10ms
05-02 20:49:08.518 438 438 D RILC : setCdmaSubscriptionSource: serial 3
05-02 20:49:08.519 438 438 D RIL : onRequest: 77, CDMA_SET_SUBSCRIPTION_SOURCE datalen: 4, data 0xb400ec52f28d33d0
05-02 20:49:08.519 438 438 D RILC : RequestComplete, RIL_SOCKET_1
05-02 20:49:08.519 438 438 E RILC : Calling responseFunction() for token 3
05-02 20:49:08.519 438 438 D RILC : setCdmaSubscriptionSourceResponse: serial 3
05-02 20:49:08.520 887 1002 D RilRequest: [0001]< GET_HARDWARE_CONFIG error: com.android.internal.telephony.CommandException: RADIO_NOT_AVAILABLE ret=
05-02 20:49:08.524 525 544 I commit_sys_config_file: [notification-policy,10]
05-02 20:49:08.528 887 887 I service_manager_slow: [17,tethering]
05-02 20:49:08.541 887 887 I PhoneFactory: Creating SubscriptionController
05-02 20:49:08.542 887 1002 D RILJ : Unsol response received; Sending ack to ril.cpp [PHONE0]
05-02 20:49:08.542 887 1002 D RILJ : [UNSL]< UNSOL_RESPONSE_RADIO_STATE_CHANGED radioStateChanged: 2 [PHONE0]
05-02 20:49:08.543 887 1002 D RILJ : [0002]< RADIO_POWER error 1 [PHONE0]
05-02 20:49:08.543 887 1002 D RilRequest: [0002]< RADIO_POWER error: com.android.internal.telephony.CommandException: RADIO_NOT_AVAILABLE ret=
05-02 20:49:08.544 887 1002 D RILJ : [0003]< RIL_REQUEST_CDMA_SET_SUBSCRIPTION_SOURCE error 1 [PHONE0]
05-02 20:49:08.544 887 1002 D RilRequest: [0003]< RIL_REQUEST_CDMA_SET_SUBSCRIPTION_SOURCE error: com.android.internal.telephony.CommandException: RADIO_NOT_AVAILABLE ret=
05-02 20:49:08.560 887 887 D SubscriptionController: [SubscriptionController] init by Context
05-02 20:49:08.564 887 887 I PhoneFactory: Creating Phone with type = 1 phoneId = 0
05-02 20:49:08.565 887 887 D TelephonyTester: register for intent action=com.android.internal.telephony.action_detached
05-02 20:49:08.565 887 887 D TelephonyTester: register for intent action=com.android.internal.telephony.action_attached
05-02 20:49:08.565 887 887 D TelephonyTester: register for intent action=com.android.internal.telephony.TestServiceState
05-02 20:49:08.565 887 887 D TelephonyTester: register for intent action=com.android.internal.telephony.TestChangeNumber
05-02 20:49:08.570 887 887 D Phone : mDoesRilSendMultipleCallRing=true
05-02 20:49:08.570 887 887 D Phone : mCallRingDelay=3000
05-02 20:49:08.583 887 887 D SmsDispatchersController: SmsDispatchersController created
05-02 20:49:08.586 525 525 I sysui_multi_action: [757,1501,758,1,793,394,794,0,795,394,796,32,806,android,857,USB,858,1,947,0,1500,0]
05-02 20:49:08.587 525 525 I sysui_multi_action: [757,804,799,note_interruptive,801,0,802,1]
05-02 20:49:08.589 525 525 W NotificationHistory: Attempted to add notif for locked/gone/disabled user 0
05-02 20:49:08.599 887 887 E ImsSmsDispatcher [0]: Failed to get sms format. Error: getSmsFormat()
05-02 20:49:08.599 887 887 D SMSDispatcher: SMSDispatcher: ctor mSmsCapable=false format=unknown mSmsSendDisabled=true
05-02 20:49:08.600 887 887 W FeatureConnector: [ImsSmsDispatcher, 0] connect: not supported.
05-02 20:49:08.601 887 887 D SMSDispatcher: SMSDispatcher: ctor mSmsCapable=false format=3gpp2 mSmsSendDisabled=true
05-02 20:49:08.601 887 887 D CdmaSMSDispatcher: CdmaSMSDispatcher created
05-02 20:49:08.613 887 887 D GsmInboundSmsHandler: created InboundSmsHandler
05-02 20:49:08.621 887 1013 D GsmInboundSmsHandler: StartupState.enter: entering StartupState
05-02 20:49:08.625 887 887 D CdmaInboundSmsHandler: created InboundSmsHandler
05-02 20:49:08.631 887 1014 D CdmaInboundSmsHandler: StartupState.enter: entering StartupState
05-02 20:49:08.632 525 825 I wm_set_keyguard_shown: [1,0,0,setKeyguardShown]
05-02 20:49:08.633 525 825 D ActivityTaskManager: Top Process State changed to PROCESS_STATE_TOP_SLEEPING
05-02 20:49:08.633 887 887 D SMSDispatcher: SMSDispatcher: ctor mSmsCapable=false format=3gpp mSmsSendDisabled=true
05-02 20:49:08.634 887 887 D GsmSMSDispatcher: GsmSMSDispatcher created
05-02 20:49:08.634 525 825 I wm_pause_activity: [0,207307406,com.android.settings/.FallbackHome,userLeaving=false]
05-02 20:49:08.635 887 1014 D CdmaInboundSmsHandler: StartupState.processMessage: processing EVENT_START_ACCEPTING_SMS
05-02 20:49:08.635 887 1013 D GsmInboundSmsHandler: StartupState.processMessage: processing EVENT_START_ACCEPTING_SMS
05-02 20:49:08.635 887 1014 D CdmaInboundSmsHandler: IdleState.enter: entering IdleState
05-02 20:49:08.635 887 1013 D GsmInboundSmsHandler: IdleState.enter: entering IdleState
05-02 20:49:08.636 887 1013 D GsmInboundSmsHandler: IdleState.processMessage: processing EVENT_RELEASE_WAKELOCK
05-02 20:49:08.636 887 1014 D CdmaInboundSmsHandler: IdleState.processMessage: processing EVENT_RELEASE_WAKELOCK
05-02 20:49:08.638 525 825 I wm_add_to_stopping: [0,207307406,com.android.settings/.FallbackHome,makeInvisible]
05-02 20:49:08.638 887 1013 D GsmInboundSmsHandler: IdleState.processMessage: EVENT_RELEASE_WAKELOCK: mWakeLock released
05-02 20:49:08.638 887 1014 D CdmaInboundSmsHandler: IdleState.processMessage: EVENT_RELEASE_WAKELOCK: mWakeLock released
05-02 20:49:08.640 525 545 I sysui_multi_action: [757,1144,758,7,806,com.android.settings,871,com.android.settings.FallbackHome]
05-02 20:49:08.642 887 887 D CdmaSSM : subscriptionSource from settings: 0
05-02 20:49:08.642 887 887 D CdmaSSM : cdmaSSM constructor: 0
05-02 20:49:08.645 887 887 D GsmCdmaPhone: [0] Precise phone type 1
05-02 20:49:08.646 887 887 D RILJ : setPhoneType=1 old value=0 [PHONE0]
05-02 20:49:08.649 887 887 D CarrierActionAgent: [0]Creating CarrierActionAgent
05-02 20:49:08.651 887 887 W CarrierConfigManager: Error getting config for subId -1 ICarrierConfigLoader is null
05-02 20:49:08.652 887 887 D TransportManager: operates in AP-assisted mode.
05-02 20:49:08.653 685 685 D SystemUIBootTiming: StartServicescom.android.systemui.keyguard.KeyguardViewMediator took to complete: 136ms
05-02 20:49:08.668 887 887 W CarrierConfigManager: Error getting config for subId -1 ICarrierConfigLoader is null
05-02 20:49:08.669 525 825 D TelephonyRegistry: listen oscl: mHasNotifySubscriptionInfoChangedOccurred==false no callback
05-02 20:49:08.678 909 909 I wm_on_top_resumed_lost_called: [207307406,com.android.settings.FallbackHome,topStateChangedWhenResumed]
05-02 20:49:08.679 909 909 I wm_on_paused_called: [207307406,com.android.settings.FallbackHome,performPause]
05-02 20:49:08.681 525 545 I wm_stop_activity: [0,207307406,com.android.settings/.FallbackHome]
05-02 20:49:08.682 525 545 I sysui_multi_action: [757,803,799,window_time_0,802,6]
05-02 20:49:08.682 909 909 I wm_on_stop_called: [207307406,com.android.settings.FallbackHome,STOP_ACTIVITY_ITEM]
05-02 20:49:08.685 887 887 D NRM-C-0 : registerForNetworkRegistrationInfoChanged
05-02 20:49:08.694 887 887 D NRM-I-0 : registerForNetworkRegistrationInfoChanged
05-02 20:49:08.727 887 887 D NewNitzStateMachineImpl: handleNetworkUnavailable(): mLatestNitzSignal was already null. Nothing to do.
05-02 20:49:08.748 887 887 D RILJ : [0005]> SIGNAL_STRENGTH [PHONE0]
05-02 20:49:08.749 438 438 D RILC : getSignalStrength_1_4: serial 5
05-02 20:49:08.749 438 438 D RIL : onRequest: 19, SIGNAL_STRENGTH datalen: 0, data 0x0
05-02 20:49:08.749 438 438 D RILC : RequestComplete, RIL_SOCKET_1
05-02 20:49:08.749 438 438 E RILC : Calling responseFunction() for token 5
05-02 20:49:08.749 438 438 D RILC : getSignalStrengthResponse: serial 5
05-02 20:49:08.749 438 438 E RILC : getSignalStrengthResponse: Invalid response
05-02 20:49:08.749 887 887 D SST : [0] notifyVoiceRegStateRilRadioTechnologyChanged: vrs=1 rat=0
05-02 20:49:08.750 887 1002 D RILJ : [0005]< SIGNAL_STRENGTH error 1 [PHONE0]
05-02 20:49:08.751 887 1002 D RilRequest: [0005]< SIGNAL_STRENGTH error: com.android.internal.telephony.CommandException: RADIO_NOT_AVAILABLE ret=SignalStrength:{mCdma=CellSignalStrengthCdma: cdmaDbm=0 cdmaEcio=0 evdoDbm=0 evdoEcio=0 evdoSnr=0 level=4,mGsm=CellSignalStrengthGsm: rssi=-113 ber=0 mTa=0 mLevel=0,mWcdma=CellSignalStrengthWcdma: ss=-113 ber=0 rscp=-120 ecno=-24 level=0,mTdscdma=CellSignalStrengthTdscdma: rssi=-113 ber=0 rscp=-120 level=0,mLte=CellSignalStrengthLte: rssi=-113 rsrp=2147483647 rsrq=0 rssnr=0 cqi=0 ta=0 level=1 parametersUseForLevel=1,mNr=CellSignalStrengthNr:{ csiRsrp = 2147483647 csiRsrq = 2147483647 csiSinr = 0 ssRsrp = 2147483647 ssRsrq = 0 ssSinr = 0 level = 0 parametersUseForLevel = 1 },primary=CellSignalStrengthLte}
05-02 20:49:08.761 525 825 D TelephonyRegistry: listen oscl: mHasNotifySubscriptionInfoChangedOccurred==false no callback
05-02 20:49:08.773 887 887 W CarrierConfigManager: Error getting config for subId -1 ICarrierConfigLoader is null
05-02 20:49:08.802 887 887 D EmergencyNumberTracker: asset emergency database is loaded. Ver: 1 Phone Id: 0
05-02 20:49:08.805 887 887 E EmergencyNumberTracker: Cache ota emergency database IOException: java.io.FileNotFoundException: /data/misc/emergencynumberdb/emergency_number_db: open failed: ENOENT (No such file or directory)
05-02 20:49:08.805 887 887 D EmergencyNumberTracker: Using Asset Emergency database. Version: 1
05-02 20:49:08.813 525 588 D TelephonyRegistry: listen oscl: mHasNotifySubscriptionInfoChangedOccurred==false no callback
05-02 20:49:08.815 525 588 I am_uid_running: 10118
05-02 20:49:08.816 525 588 D CompatibilityChangeReporter: Compat change id reported: 135634846; UID 10118; state: DISABLED
05-02 20:49:08.817 525 588 D CompatibilityChangeReporter: Compat change id reported: 135754954; UID 10118; state: ENABLED
05-02 20:49:08.817 525 553 D CompatibilityChangeReporter: Compat change id reported: 143937733; UID 10118; state: ENABLED
05-02 20:49:08.819 685 685 D SystemUIBootTiming: StartServicescom.android.systemui.recents.Recents took to complete: 166ms
05-02 20:49:08.835 525 588 D CompatibilityChangeReporter: Compat change id reported: 124107808; UID 1001; state: ENABLED
05-02 20:49:08.848 438 500 D AT : pthread_cond_timedwait ETIMEDOUT
05-02 20:49:08.849 438 500 E RIL-SERIAL: *** AT handshake failed, modem probing and initialization is not continuing ***
05-02 20:49:08.852 887 887 D SubscriptionController: Valid row not present in db
05-02 20:49:08.853 887 887 D SubscriptionController: getSubscriptionProperty Query value = null
05-02 20:49:08.861 525 553 I am_proc_start: [0,1033,10118,com.android.launcher3,service,{com.android.launcher3/com.android.quickstep.TouchInteractionService}]
05-02 20:49:08.862 525 553 I ActivityManager: Start proc 1033:com.android.launcher3/u0a118 for service {com.android.launcher3/com.android.quickstep.TouchInteractionService}
05-02 20:49:08.873 887 887 D SubscriptionController: [getActiveSubscriptionInfo]- subId=-1 subList=[] subInfo=null
05-02 20:49:08.915 525 619 D ConnectivityService: NetReassign [no changes]
05-02 20:49:08.916 887 887 D m.android.phon: DCT.constructor
05-02 20:49:08.920 525 825 I am_proc_bound: [0,1033,com.android.launcher3]
05-02 20:49:08.925 525 825 I am_uid_active: 10118 --------- beginning of crash
05-02 20:49:08.925 673 1006 F libc : Fatal signal 6 (SIGABRT), code -1 (SI_QUEUE) in tid 1006 (bt_hci_thread), pid 673 (droid.bluetooth)
05-02 20:49:08.982 887 887 D Dcc-C-0 : E ctor
05-02 20:49:08.982 887 887 D Dcc-C-0 : X ctor
05-02 20:49:08.983 887 887 D DcTesterDeacativateAll: register for intent action=com.android.internal.telephony.dataconnection.action_deactivate_all
05-02 20:49:08.983 887 887 D DcTesterDeacativateAll: register for intent action=com.android.internal.telephony.action_detached
05-02 20:49:09.009 887 887 D DcTesterFailBrinupAll: register for intent action=com.android.internal.telephony.dataconnection.action_fail_bringup
05-02 20:49:09.009 887 887 D DcTesterFailBrinupAll: register for intent action=com.android.internal.telephony.action_detached
05-02 20:49:09.009 887 887 D DcTesterFailBrinupAll: register for intent action=com.android.internal.telephony.action_attached
05-02 20:49:09.030 887 887 W CarrierConfigManager: Error getting config for subId -1 ICarrierConfigLoader is null
05-02 20:49:09.031 887 887 D DCT-C-0 : initApnContexts: E
05-02 20:49:09.031 887 887 W ApnConfigTypeRepository: carrier config is null
05-02 20:49:09.032 887 887 D DCT-C-0 : initApnContexts: apnContext=hipri
05-02 20:49:09.032 887 887 D DCT-C-0 : initApnContexts: apnContext=fota
05-02 20:49:09.032 887 887 D DCT-C-0 : initApnContexts: apnContext=ims
05-02 20:49:09.032 887 887 D DCT-C-0 : initApnContexts: apnContext=cbs
05-02 20:49:09.033 887 887 D DCT-C-0 : initApnContexts: apnContext=ia
05-02 20:49:09.033 887 887 D DCT-C-0 : initApnContexts: apnContext=emergency
05-02 20:49:09.033 887 887 D DCT-C-0 : initApnContexts: apnContext=mcx
05-02 20:49:09.033 887 887 D DCT-C-0 : initApnContexts: apnContext=xcap
05-02 20:49:09.033 887 887 D DCT-C-0 : initApnContexts: apnContext=default
05-02 20:49:09.033 887 887 D DCT-C-0 : initApnContexts: apnContext=mms
05-02 20:49:09.033 887 887 D DCT-C-0 : initApnContexts: apnContext=supl
05-02 20:49:09.033 887 887 D DCT-C-0 : initApnContexts: apnContext=dun
05-02 20:49:09.045 1062 1062 F DEBUG : *** *** *** *** *** *** *** *** *** *** *** *** *** *** *** ***
05-02 20:49:09.046 1062 1062 F DEBUG : Build fingerprint: 'Android/evk_8mm/evk_8mm:11/RQ2A.210505.002/eng.kiran.20220502.202049:userdebug/dev-keys'
05-02 20:49:09.046 1062 1062 F DEBUG : Revision: '0'
05-02 20:49:09.046 1062 1062 F DEBUG : ABI: 'arm64'
05-02 20:49:09.047 1062 1062 F DEBUG : Timestamp: 2022-05-02 20:49:09+0000
05-02 20:49:09.047 1062 1062 F DEBUG : pid: 673, tid: 1006, name: bt_hci_thread >>> com.android.bluetooth <<<
05-02 20:49:09.047 1062 1062 F DEBUG : uid: 1002
05-02 20:49:09.047 1062 1062 F DEBUG : signal 6 (SIGABRT), code -1 (SI_QUEUE), fault addr --------
05-02 20:49:09.047 1062 1062 F DEBUG : Abort message: '[0502/204908.900766:FATAL:hci_layer_android.cc(102)] Check failed: status == Status::SUCCESS.
05-02 20:49:09.047 1062 1062 F DEBUG : #00 0x0000e8ef4a0be38f /system/lib64/libchrome.so+0x00000000000b738f
05-02 20:49:09.047 1062 1062 F DEBUG : #01 0x0000e8ef49be8cb3 /system/lib64/libbluetooth.so+0x0000000000266cb3
05-02 20:49:09.047 1062 1062 F DEBUG : #02 0x0000e8ef498a157b /system/lib64/android.hardware.bluetooth@1.0.so+0x000000000001b57b
05-02 20:49:09.047 1062 1062 F DEBUG : #03 0x0000e8ef49962c3b /system/lib64/android.hardware.bluetooth@1.1.so+0x000000000001bc3b
05-02 20:49:09.047 1062 1062 F DEBUG : #04 0x0000e8f1c84d989b /system/lib64/libhidlbase.so+0x000000000009489b
05-02 20:49:09.047 1062 1062 F DEBUG : #05 0x0000e8f1c84df7ab /system/lib64/libhidlbase.so+0x000000000009a7ab
05-02 20:49:09.047 1062 1062 F DEBUG : #06 0x0000e8f1c84da4b7 /system/lib64/libhidlbase.so+0x00000000000954b7
