05-02 20:49:46.895 361 1542 D NxpTml : PN54X - Invoking I2C Write.....
05-02 20:49:46.897 361 1542 D NxpNciX : len = 4 > 21060100
05-02 20:49:46.898 361 1542 D NxpTml : PN54X - I2C Write successful.....
05-02 20:49:46.898 361 1542 D NxpTml : PN54X - Posting Fresh Write message.....
05-02 20:49:46.899 361 1542 D NxpTml : PN54X - Tml Writer Thread Running................
05-02 20:49:46.900 525 543 I dvm_lock_sample: [system_server,1,android.ui,26,DisplayPolicy.java,3637,void com.android.server.wm.DisplayPolicy.lambda$updateSystemUiVisibilityLw$14$DisplayPolicy(int, java.lang.String, android.util.Pair, int, com.android.internal.view.AppearanceRegion[], boolean, boolean, boolean),,0,null,5]
05-02 20:49:46.901 525 545 I user_activity_timeout_override: -1
05-02 20:49:46.910 361 1544 D NxpHal : write successful status = 0x0
05-02 20:49:46.913 1294 1558 I libnfc_nci: [INFO:nfa_dm_discover.cc(2565)] new state: DISCOVERY (1), disc_flags: 0x22
05-02 20:49:46.914 1294 1558 I libnfc_nci: [INFO:nfa_sys_ptim.cc(156)] nfa_sys_ptim_stop_timer 0xe8ef4b10aa38
05-02 20:49:46.914 1294 1558 I libnfc_nci: [INFO:nfa_sys_ptim.cc(163)] ptim timer stop
05-02 20:49:46.914 1294 1558 I libnfc_nci: [INFO:nfa_rw_act.cc(192)] Stopped presence check timer (if started)
05-02 20:49:46.920 361 1541 D NxpTml : PN54X - I2C Read successful.....
05-02 20:49:46.921 361 1541 D NxpNciR : len = 4 > 41060100
05-02 20:49:46.921 361 1541 D NxpTml : PN54X - Posting read message.....
05-02 20:49:46.921 361 1544 D NxpHal : read successful status = 0x0
05-02 20:49:46.921 361 1541 D NxpTml : PN54X - Read requested.....
05-02 20:49:46.921 361 1541 D NxpTml : PN54X - Invoking I2C Read.....
05-02 20:49:46.925 1294 1558 I libnfc_nci: [INFO:nfc_ncif.cc(460)] NFC received rsp gid:1
05-02 20:49:46.925 1294 1558 I libnfc_nci: [INFO:nfa_dm_discover.cc(2920)] P2P_Prio_Logic
05-02 20:49:46.926 1294 1558 I libnfc_nci: [INFO:nfa_dm_discover.cc(2928)] nfa_dm_p2p_prio_logic event_type = 0x1
05-02 20:49:46.926 1294 1558 I libnfc_nci: [INFO:nfa_dm_discover.cc(3024)] returning TRUE
05-02 20:49:46.926 1294 1558 I libnfc_nci: [INFO:nfc_main.cc(365)] nfc_set_state 4 (IDLE)->4 (IDLE)
05-02 20:49:46.926 1294 1558 I libnfc_nci: [INFO:nfa_dm_discover.cc(1663)] nfa_dm_disc_data_cback
05-02 20:49:46.926 1294 1558 I libnfc_nci: [INFO:nfa_dm_discover.cc(694)] event:0x4005
05-02 20:49:46.926 1294 1558 I libnfc_nci: [INFO:nfa_dm_discover.cc(2512)] state: DISCOVERY (1), event: DEACTIVATE_RSP(7) disc_flags: 0x22
05-02 20:49:46.926 1294 1558 I libnfc_nci: [INFO:nfa_dm_discover.cc(1686)] old_state: DISCOVERY (1), new_state: IDLE (0) disc_flags: 0x2
05-02 20:49:46.926 1294 1558 I libnfc_nci: [INFO:NativeNfcManager.cpp(273)] nfaConnectionCallback: event= 31
05-02 20:49:46.926 1294 1558 I libnfc_nci: [INFO:NativeNfcManager.cpp(308)] nfaConnectionCallback: NFA_RF_DISCOVERY_STOPPED_EVT: status = 0
05-02 20:49:46.926 1294 1558 I libnfc_nci: [INFO:nfa_dm_discover.cc(884)] nfa_dm_start_rf_discover
05-02 20:49:46.926 1294 1558 I libnfc_nci: [INFO:nfa_dm_discover.cc(2565)] new state: IDLE (0), disc_flags: 0x0
05-02 20:49:46.933 1294 1294 I libnfc_nci: [INFO:NativeNfcTag.cpp(1844)] nativeNfcTag_releaseRfInterfaceMutexLock: sRfInterfaceMutex unlock
05-02 20:49:46.933 1294 1294 I libnfc_nci: [INFO:NativeNfcTag.cpp(1826)] nativeNfcTag_acquireRfInterfaceMutexLock: try to acquire lock
05-02 20:49:46.934 1294 1294 I libnfc_nci: [INFO:NativeNfcTag.cpp(1829)] nativeNfcTag_acquireRfInterfaceMutexLock: sRfInterfaceMutex lock
05-02 20:49:46.934 1294 1294 I libnfc_nci: [INFO:NativeNfcManager.cpp(2252)] stopPolling_rfDiscoveryDisabled: disable polling
05-02 20:49:46.934 1294 1294 I libnfc_nci: [INFO:nfa_dm_api.cc(477)] NFA_DisablePolling
05-02 20:49:46.934 1294 1558 I libnfc_nci: [INFO:nfa_sys_main.cc(77)] NFA got event 0x0107
05-02 20:49:46.934 1294 1558 I libnfc_nci: [INFO:nfa_dm_main.cc(122)] event: NFA_DM_API_DISABLE_POLLING_EVT (0x07)
05-02 20:49:46.934 1294 1558 I libnfc_nci: [INFO:nfa_dm_act.cc(1043)] nfa_dm_act_disable_polling
05-02 20:49:46.934 1294 1558 I libnfc_nci: [INFO:NativeNfcManager.cpp(273)] nfaConnectionCallback: event= 1
05-02 20:49:46.934 1294 1558 I libnfc_nci: [INFO:NativeNfcManager.cpp(288)] nfaConnectionCallback: NFA_POLL_DISABLED_EVT: status = 3
05-02 20:49:46.940 1294 1294 I libnfc_nci: [INFO:NativeNfcTag.cpp(1844)] nativeNfcTag_releaseRfInterfaceMutexLock: sRfInterfaceMutex unlock
05-02 20:49:46.940 1294 1294 I libnfc_nci: [INFO:NativeNfcTag.cpp(1826)] nativeNfcTag_acquireRfInterfaceMutexLock: try to acquire lock
05-02 20:49:46.940 1294 1294 I libnfc_nci: [INFO:NativeNfcTag.cpp(1829)] nativeNfcTag_acquireRfInterfaceMutexLock: sRfInterfaceMutex lock
05-02 20:49:46.940 1294 1294 I libnfc_nci: [INFO:NativeNfcManager.cpp(2230)] startPolling_rfDiscoveryDisabled: enable polling
05-02 20:49:46.940 1294 1294 I libnfc_nci: [INFO:nfa_dm_api.cc(443)] 0xEF
05-02 20:49:46.941 1294 1558 I libnfc_nci: [INFO:nfa_sys_main.cc(77)] NFA got event 0x0106
05-02 20:49:46.941 1294 1558 I libnfc_nci: [INFO:nfa_dm_main.cc(122)] event: NFA_DM_API_ENABLE_POLLING_EVT (0x06)
05-02 20:49:46.941 1294 1558 I libnfc_nci: [INFO:nfa_dm_act.cc(978)] nfa_dm_act_enable_polling
05-02 20:49:46.941 1294 1558 I libnfc_nci: [INFO:nfa_dm_act.cc(909)] nfa_dm_start_polling
05-02 20:49:46.941 1294 1558 I libnfc_nci: [INFO:nfa_dm_discover.cc(2585)] disc_mask=0x7d7f
05-02 20:49:46.941 1294 1558 I libnfc_nci: [INFO:NativeNfcManager.cpp(273)] nfaConnectionCallback: event= 0
05-02 20:49:46.941 1294 1558 I libnfc_nci: [INFO:NativeNfcManager.cpp(279)] nfaConnectionCallback: NFA_POLL_ENABLED_EVT: status = 0
05-02 20:49:46.941 1294 1294 I libnfc_nci: [INFO:NativeNfcManager.cpp(2234)] startPolling_rfDiscoveryDisabled: wait for enable event
05-02 20:49:46.942 1294 1294 I libnfc_nci: [INFO:NativeNfcTag.cpp(1844)] nativeNfcTag_releaseRfInterfaceMutexLock: sRfInterfaceMutex unlock
05-02 20:49:46.942 1294 1294 I libnfc_nci: [INFO:NativeNfcManager.cpp(1266)] nfcManager_enableDiscovery: Enable p2pListening
05-02 20:49:46.942 1294 1294 I libnfc_nci: [INFO:PeerToPeer.cpp(1119)] PeerToPeer::enableP2pListening: enter isEnable: 1 mIsP2pListening: 0
05-02 20:49:46.942 1294 1294 I libnfc_nci: [INFO:nfa_dm_api.cc(658)] tech_mask:0xC5
05-02 20:49:46.942 1294 1558 I libnfc_nci: [INFO:nfa_sys_main.cc(77)] NFA got event 0x010D
05-02 20:49:46.942 1294 1558 I libnfc_nci: [INFO:nfa_dm_main.cc(122)] event: NFA_DM_API_SET_P2P_LISTEN_TECH_EVT (0x0d)
05-02 20:49:46.942 1294 1558 I libnfc_nci: [INFO:nfa_dm_act.cc(1209)] tech_mask = 197
05-02 20:49:46.943 1294 1558 I libnfc_nci: [INFO:nfa_p2p_main.cc(695)] tech_mask = 0xc5
05-02 20:49:46.943 1294 1558 I libnfc_nci: [INFO:nfa_p2p_main.cc(587)] sys_id = 3, update_wks = 0
05-02 20:49:46.943 1294 1558 I libnfc_nci: [INFO:nfa_dm_discover.cc(2585)] disc_mask=0xc480000
05-02 20:49:46.943 1294 1558 I libnfc_nci: [INFO:NativeNfcManager.cpp(273)] nfaConnectionCallback: event= 33
05-02 20:49:46.943 1294 1558 I libnfc_nci: [INFO:NativeNfcManager.cpp(637)] nfaConnectionCallback: NFA_SET_P2P_LISTEN_TECH_EVT
05-02 20:49:46.943 1294 1294 I libnfc_nci: [INFO:PeerToPeer.cpp(1143)] PeerToPeer::enableP2pListening: exit; mIsP2pListening: 1
05-02 20:49:46.973 1294 1294 I libnfc_nci: [INFO:nfa_dm_api.cc(621)] NFA_ResumeP2p
05-02 20:49:46.974 1294 1558 I libnfc_nci: [INFO:nfa_sys_main.cc(77)] NFA got event 0x010B
05-02 20:49:46.975 1294 1558 I libnfc_nci: [INFO:nfa_dm_main.cc(122)] event: NFA_DM_API_RESUME_P2P_EVT (0x0b)
05-02 20:49:46.975 1294 1558 I libnfc_nci: [INFO:nfa_dm_act.cc(1140)] nfa_dm_act_resume_p2p
05-02 20:49:46.975 1294 1558 I libnfc_nci: [INFO:NativeNfcManager.cpp(273)] nfaConnectionCallback: event= 39
05-02 20:49:46.975 1294 1558 I libnfc_nci: [INFO:NativeNfcManager.cpp(643)] nfaConnectionCallback: unknown event ????
05-02 20:49:46.975 1294 1294 I libnfc_nci: [INFO:nfa_ee_api.cc(434)] handle:<0x0>protocol_mask:<0x4>/<0x0>/<0x0><0x0><0x0><0x0>
05-02 20:49:46.975 1294 1294 I libnfc_nci: [INFO:nfa_ee_main.cc(403)] nfa_ee_find_ecb
05-02 20:49:46.976 1294 1558 I libnfc_nci: [INFO:nfa_sys_main.cc(77)] NFA got event 0x0206
05-02 20:49:46.976 1294 1558 I libnfc_nci: [INFO:nfa_ee_main.cc(641)] Event API_SET_PROTO_CFG(0x206), State: INIT_DONE(1)
05-02 20:49:46.976 1294 1558 I libnfc_nci: [INFO:nfa_ee_act.cc(209)] nfa_ee_update_route_size nfcee_id:0x0 size_mask_proto:15 size_mask_tech:15
05-02 20:49:46.976 1294 1558 I libnfc_nci: [INFO:nfa_ee_act.cc(305)] nfa_ee_total_lmrt_size size:30
05-02 20:49:46.976 1294 1558 I libnfc_nci: [INFO:nfa_dm_main.cc(194)] flags:0x5
05-02 20:49:46.976 1294 1558 I libnfc_nci: [INFO:nfa_sys_ptim.cc(128)] nfa_sys_ptim_start_timer 0xe8ef4b109f30
05-02 20:49:46.976 1294 1558 I libnfc_nci: [INFO:nfa_sys_ptim.cc(133)] ptim timer start
05-02 20:49:46.976 1294 1558 I libnfc_nci: [INFO:RoutingManager.cpp(784)] RoutingManager::nfaEeCallback: NFA_EE_SET_PROTO_CFG_EVT; status=0x0
05-02 20:49:46.976 1294 1294 I libnfc_nci: [INFO:nfa_ee_api.cc(434)] handle:<0x0>protocol_mask:<0x8>/<0x0>/<0x0><0x8><0x0><0x0>
05-02 20:49:46.977 1294 1294 I libnfc_nci: [INFO:nfa_ee_main.cc(403)] nfa_ee_find_ecb
05-02 20:49:46.977 1294 1558 I libnfc_nci: [INFO:nfa_sys_main.cc(77)] NFA got event 0x0206
05-02 20:49:46.977 1294 1558 I libnfc_nci: [INFO:nfa_ee_main.cc(641)] Event API_SET_PROTO_CFG(0x206), State: INIT_DONE(1)
05-02 20:49:46.977 1294 1558 I libnfc_nci: [INFO:nfa_ee_act.cc(209)] nfa_ee_update_route_size nfcee_id:0x0 size_mask_proto:15 size_mask_tech:15
05-02 20:49:46.977 1294 1558 I libnfc_nci: [INFO:nfa_ee_act.cc(305)] nfa_ee_total_lmrt_size size:30
05-02 20:49:46.977 1294 1558 I libnfc_nci: [INFO:nfa_dm_main.cc(194)] flags:0x5
05-02 20:49:46.977 1294 1558 I libnfc_nci: [INFO:nfa_sys_ptim.cc(128)] nfa_sys_ptim_start_timer 0xe8ef4b109f30
05-02 20:49:46.977 1294 1558 I libnfc_nci: [INFO:RoutingManager.cpp(784)] RoutingManager::nfaEeCallback: NFA_EE_SET_PROTO_CFG_EVT; status=0x0
05-02 20:49:46.977 1294 1294 I libnfc_nci: [INFO:nfa_ee_api.cc(303)] handle:<0x0>technology_mask:<0x1>/<0x0>/<0x0><0x1><0x1><0x1>
05-02 20:49:46.977 1294 1294 I libnfc_nci: [INFO:nfa_ee_main.cc(403)] nfa_ee_find_ecb
05-02 20:49:46.977 1294 1558 I libnfc_nci: [INFO:nfa_sys_main.cc(77)] NFA got event 0x0204
05-02 20:49:46.977 1294 1558 I libnfc_nci: [INFO:nfa_ee_main.cc(641)] Event API_SET_TECH_CFG(0x204), State: INIT_DONE(1)
05-02 20:49:46.978 1294 1558 I libnfc_nci: [INFO:nfa_ee_act.cc(209)] nfa_ee_update_route_size nfcee_id:0x0 size_mask_proto:15 size_mask_tech:15
05-02 20:49:46.978 1294 1558 I libnfc_nci: [INFO:nfa_ee_act.cc(305)] nfa_ee_total_lmrt_size size:30
05-02 20:49:46.978 1294 1558 I libnfc_nci: [INFO:nfa_dm_main.cc(194)] flags:0x5
05-02 20:49:46.978 1294 1558 I libnfc_nci: [INFO:nfa_sys_ptim.cc(128)] nfa_sys_ptim_start_timer 0xe8ef4b109f30
05-02 20:49:46.978 1294 1558 I libnfc_nci: [INFO:RoutingManager.cpp(770)] RoutingManager::nfaEeCallback: NFA_EE_SET_TECH_CFG_EVT; status=0x0
05-02 20:49:46.978 1294 1294 I libnfc_nci: [INFO:nfa_ee_api.cc(303)] handle:<0x0>technology_mask:<0x2>/<0x0>/<0x0><0x2><0x2><0x2>
05-02 20:49:46.978 1294 1294 I libnfc_nci: [INFO:nfa_ee_main.cc(403)] nfa_ee_find_ecb
05-02 20:49:46.978 1294 1558 I libnfc_nci: [INFO:nfa_sys_main.cc(77)] NFA got event 0x0204
05-02 20:49:46.978 1294 1558 I libnfc_nci: [INFO:nfa_ee_main.cc(641)] Event API_SET_TECH_CFG(0x204), State: INIT_DONE(1)
05-02 20:49:46.978 1294 1558 I libnfc_nci: [INFO:nfa_ee_act.cc(209)] nfa_ee_update_route_size nfcee_id:0x0 size_mask_proto:15 size_mask_tech:15
05-02 20:49:46.978 1294 1558 I libnfc_nci: [INFO:nfa_ee_act.cc(305)] nfa_ee_total_lmrt_size size:30
05-02 20:49:46.978 1294 1558 I libnfc_nci: [INFO:nfa_dm_main.cc(194)] flags:0x5
05-02 20:49:46.979 1294 1558 I libnfc_nci: [INFO:nfa_sys_ptim.cc(128)] nfa_sys_ptim_start_timer 0xe8ef4b109f30
05-02 20:49:46.979 1294 1558 I libnfc_nci: [INFO:RoutingManager.cpp(770)] RoutingManager::nfaEeCallback: NFA_EE_SET_TECH_CFG_EVT; status=0x0
05-02 20:49:46.979 1294 1294 I libnfc_nci: [INFO:nfa_ee_api.cc(303)] handle:<0x0>technology_mask:<0x4>/<0x0>/<0x0><0x4><0x4><0x4>
05-02 20:49:46.979 1294 1294 I libnfc_nci: [INFO:nfa_ee_main.cc(403)] nfa_ee_find_ecb
05-02 20:49:46.979 1294 1558 I libnfc_nci: [INFO:nfa_sys_main.cc(77)] NFA got event 0x0204
05-02 20:49:46.979 1294 1558 I libnfc_nci: [INFO:nfa_ee_main.cc(641)] Event API_SET_TECH_CFG(0x204), State: INIT_DONE(1)
05-02 20:49:46.979 1294 1558 I libnfc_nci: [INFO:nfa_ee_act.cc(209)] nfa_ee_update_route_size nfcee_id:0x0 size_mask_proto:15 size_mask_tech:15
05-02 20:49:46.979 1294 1558 I libnfc_nci: [INFO:nfa_ee_act.cc(305)] nfa_ee_total_lmrt_size size:30
05-02 20:49:46.979 1294 1558 I libnfc_nci: [INFO:nfa_dm_main.cc(194)] flags:0x5
05-02 20:49:46.979 1294 1558 I libnfc_nci: [INFO:nfa_sys_ptim.cc(128)] nfa_sys_ptim_start_timer 0xe8ef4b109f30
05-02 20:49:46.979 1294 1558 I libnfc_nci: [INFO:RoutingManager.cpp(770)] RoutingManager::nfaEeCallback: NFA_EE_SET_TECH_CFG_EVT; status=0x0
05-02 20:49:46.979 1294 1294 I libnfc_nci: [INFO:RoutingManager.cpp(346)] RoutingManager::commitRouting
05-02 20:49:46.980 1294 1294 I libnfc_nci: [INFO:nfa_ee_api.cc(803)] NFA_EeUpdateNow
05-02 20:49:46.980 1294 1558 I libnfc_nci: [INFO:nfa_sys_main.cc(77)] NFA got event 0x020D
05-02 20:49:46.980 1294 1558 I libnfc_nci: [INFO:nfa_ee_main.cc(641)] Event API_UPDATE_NOW(0x20d), State: INIT_DONE(1)
05-02 20:49:46.980 1294 1558 I libnfc_nci: [INFO:nfa_sys_ptim.cc(156)] nfa_sys_ptim_stop_timer 0xe8ef4b109f30
05-02 20:49:46.980 1294 1558 I libnfc_nci: [INFO:nfa_sys_ptim.cc(163)] ptim timer stop
05-02 20:49:46.980 1294 1558 I libnfc_nci: [INFO:nfa_ee_act.cc(2718)] nfa_ee_rout_timeout
05-02 20:49:46.980 1294 1558 I libnfc_nci: [INFO:nfa_ee_act.cc(2678)] ee_cfged: 0x90 ee_cfg_sts: 0x10
05-02 20:49:46.980 1294 1558 I libnfc_nci: [INFO:nfa_ee_act.cc(2689)] 0: ecb_flags : 0x06, mask: 0x10
05-02 20:49:46.980 1294 1558 I libnfc_nci: [INFO:nfa_ee_act.cc(2846)] nfa_ee_update_rout ee_cfg_sts:0x10
05-02 20:49:46.995 1294 1558 I libnfc_nci: [INFO:nfa_ee_main.cc(641)] Event CFG_TO_NFCC(0x21b), State: INIT_DONE(1)
05-02 20:49:46.995 1294 1558 I libnfc_nci: [INFO:nfa_ee_act.cc(2792)] last_active: 0x1
05-02 20:49:46.996 1294 1558 I libnfc_nci: [INFO:nfa_ee_act.cc(2813)] nfa_ee_lmrt_to_nfcc --add the routing for NFCEEs!!
05-02 20:49:46.996 1294 1558 I libnfc_nci: [INFO:nfa_ee_act.cc(2565)] nfa_ee_route_add_one_ecb_by_route_order - max_len:720, cur_offset:0, more:1, num_tlv:0,rout_type:- 1
05-02 20:49:46.996 1294 1558 I libnfc_nci: [INFO:nfa_ee_act.cc(464)] nfa_ee_add_aid_route_to_ecb - No AID entries available
05-02 20:49:46.996 1294 1558 I libnfc_nci: [INFO:nfa_ee_act.cc(305)] nfa_ee_total_lmrt_size size:30
05-02 20:49:46.996 1294 1558 I libnfc_nci: [INFO:nfa_ee_act.cc(2611)] ee_cfg_sts:0x10 lmrt_size:30
05-02 20:49:46.996 1294 1558 I libnfc_nci: [INFO:nfa_ee_act.cc(2821)] nfa_ee_lmrt_to_nfcc --add the routing for DH!!
05-02 20:49:46.996 1294 1558 I libnfc_nci: [INFO:nfa_ee_act.cc(2565)] nfa_ee_route_add_one_ecb_by_route_order - max_len:720, cur_offset:0, more:1, num_tlv:0,rout_type:- 1
05-02 20:49:46.996 1294 1558 I libnfc_nci: [INFO:nfa_ee_act.cc(464)] nfa_ee_add_aid_route_to_ecb - No AID entries available
05-02 20:49:46.996 1294 1558 I libnfc_nci: [INFO:nfa_ee_act.cc(305)] nfa_ee_total_lmrt_size size:30
05-02 20:49:46.996 1294 1558 I libnfc_nci: [INFO:nfa_ee_act.cc(2611)] ee_cfg_sts:0x11 lmrt_size:30
05-02 20:49:46.996 1294 1558 I libnfc_nci: [INFO:nfa_ee_act.cc(2813)] nfa_ee_lmrt_to_nfcc --add the routing for NFCEEs!!
05-02 20:49:46.996 1294 1558 I libnfc_nci: [INFO:nfa_ee_act.cc(2565)] nfa_ee_route_add_one_ecb_by_route_order - max_len:720, cur_offset:0, more:1, num_tlv:0,rout_type:- 2
05-02 20:49:46.996 1294 1558 I libnfc_nci: [INFO:nfa_ee_act.cc(2596)] nfa_ee_route_add_one_ecb_by_route_order - Route type - NA:- 2
05-02 20:49:46.996 1294 1558 I libnfc_nci: [INFO:nfa_ee_act.cc(305)] nfa_ee_total_lmrt_size size:30
05-02 20:49:46.996 1294 1558 I libnfc_nci: [INFO:nfa_ee_act.cc(2611)] ee_cfg_sts:0x11 lmrt_size:30
05-02 20:49:46.996 1294 1558 I libnfc_nci: [INFO:nfa_ee_act.cc(2821)] nfa_ee_lmrt_to_nfcc --add the routing for DH!!
05-02 20:49:46.996 1294 1558 I libnfc_nci: [INFO:nfa_ee_act.cc(2565)] nfa_ee_route_add_one_ecb_by_route_order - max_len:720, cur_offset:0, more:1, num_tlv:0,rout_type:- 2
05-02 20:49:46.996 1294 1558 I libnfc_nci: [INFO:nfa_ee_act.cc(2596)] nfa_ee_route_add_one_ecb_by_route_order - Route type - NA:- 2
05-02 20:49:46.996 1294 1558 I libnfc_nci: [INFO:nfa_ee_act.cc(305)] nfa_ee_total_lmrt_size size:30
05-02 20:49:46.997 1294 1558 I libnfc_nci: [INFO:nfa_ee_act.cc(2611)] ee_cfg_sts:0x11 lmrt_size:30
05-02 20:49:46.997 1294 1558 I libnfc_nci: [INFO:nfa_ee_act.cc(2813)] nfa_ee_lmrt_to_nfcc --add the routing for NFCEEs!!
05-02 20:49:46.997 1294 1558 I libnfc_nci: [INFO:nfa_ee_act.cc(2565)] nfa_ee_route_add_one_ecb_by_route_order - max_len:720, cur_offset:0, more:1, num_tlv:0,rout_type:- 3
05-02 20:49:46.997 1294 1558 I libnfc_nci: [INFO:nfa_ee_act.cc(517)] nfa_ee_add_sys_code_route_to_ecb - No SC entries available
05-02 20:49:46.997 1294 1558 I libnfc_nci: [INFO:nfa_ee_act.cc(305)] nfa_ee_total_lmrt_size size:30
05-02 20:49:46.997 1294 1558 I libnfc_nci: [INFO:nfa_ee_act.cc(2611)] ee_cfg_sts:0x11 lmrt_size:30
05-02 20:49:46.997 1294 1558 I libnfc_nci: [INFO:nfa_ee_act.cc(2821)] nfa_ee_lmrt_to_nfcc --add the routing for DH!!
05-02 20:49:46.997 1294 1558 I libnfc_nci: [INFO:nfa_ee_act.cc(2565)] nfa_ee_route_add_one_ecb_by_route_order - max_len:720, cur_offset:0, more:1, num_tlv:0,rout_type:- 3
05-02 20:49:46.997 1294 1558 I libnfc_nci: [INFO:nfa_ee_act.cc(517)] nfa_ee_add_sys_code_route_to_ecb - No SC entries available
05-02 20:49:46.997 1294 1558 I libnfc_nci: [INFO:nfa_ee_act.cc(305)] nfa_ee_total_lmrt_size size:30
05-02 20:49:46.997 1294 1558 I libnfc_nci: [INFO:nfa_ee_act.cc(2611)] ee_cfg_sts:0x11 lmrt_size:30
05-02 20:49:46.998 1294 1558 I libnfc_nci: [INFO:nfa_ee_act.cc(2813)] nfa_ee_lmrt_to_nfcc --add the routing for NFCEEs!!
05-02 20:49:46.998 1294 1558 I libnfc_nci: [INFO:nfa_ee_act.cc(2565)] nfa_ee_route_add_one_ecb_by_route_order - max_len:720, cur_offset:0, more:1, num_tlv:0,rout_type:- 4
05-02 20:49:46.999 1294 1558 I libnfc_nci: [INFO:nfa_ee_act.cc(305)] nfa_ee_total_lmrt_size size:30
05-02 20:49:46.999 1294 1558 I libnfc_nci: [INFO:nfa_ee_act.cc(2611)] ee_cfg_sts:0x11 lmrt_size:30
05-02 20:49:46.999 1294 1558 I libnfc_nci: [INFO:nfa_ee_act.cc(2821)] nfa_ee_lmrt_to_nfcc --add the routing for DH!!
05-02 20:49:46.999 1294 1558 I libnfc_nci: [INFO:nfa_ee_act.cc(2565)] nfa_ee_route_add_one_ecb_by_route_order - max_len:720, cur_offset:0, more:1, num_tlv:0,rout_type:- 4
05-02 20:49:46.999 1294 1558 I libnfc_nci: [INFO:nfa_ee_act.cc(389)] nfa_ee_add_proto_route_to_ecb - NFC DEP added for DH!!!
05-02 20:49:46.999 1294 1558 I libnfc_nci: [INFO:nfa_ee_act.cc(305)] nfa_ee_total_lmrt_size size:30
05-02 20:49:46.999 1294 1558 I libnfc_nci: [INFO:nfa_ee_act.cc(2611)] ee_cfg_sts:0x11 lmrt_size:30
05-02 20:49:46.999 1294 1558 I libnfc_nci: [INFO:nfa_ee_act.cc(2813)] nfa_ee_lmrt_to_nfcc --add the routing for NFCEEs!!
05-02 20:49:46.999 1294 1558 I libnfc_nci: [INFO:nfa_ee_act.cc(2565)] nfa_ee_route_add_one_ecb_by_route_order - max_len:720, cur_offset:15, more:1, num_tlv:3,rout_type:- 5
05-02 20:49:46.999 1294 1558 I libnfc_nci: [INFO:nfa_ee_act.cc(305)] nfa_ee_total_lmrt_size size:30
05-02 20:49:46.999 1294 1558 I libnfc_nci: [INFO:nfa_ee_act.cc(2611)] ee_cfg_sts:0x11 lmrt_size:30
05-02 20:49:46.999 1294 1558 I libnfc_nci: [INFO:nfa_ee_act.cc(2821)] nfa_ee_lmrt_to_nfcc --add the routing for DH!!
05-02 20:49:46.999 1294 1558 I libnfc_nci: [INFO:nfa_ee_act.cc(2565)] nfa_ee_route_add_one_ecb_by_route_order - max_len:720, cur_offset:15, more:0, num_tlv:3,rout_type:- 5
05-02 20:49:46.999 1294 1558 I libnfc_nci: [INFO:nfa_ee_act.cc(305)] nfa_ee_total_lmrt_size size:30
05-02 20:49:46.999 1294 1558 I libnfc_nci: [INFO:nfa_ee_act.cc(2611)] ee_cfg_sts:0x11 lmrt_size:30
05-02 20:49:46.999 1294 1558 I libnfc_nci: [INFO:nfa_ee_act.cc(2622)] nfa_ee_route_add_one_ecb_by_route_order : set routing num_tlv:6 tlv_size:30
05-02 20:49:46.999 1294 1558 I libnfc_nci: [INFO:NfcAdaptation.cc(777)] NfcAdaptation::HalWrite
05-02 20:49:47.002 361 361 D NfccPowerTracker: NfccPowerTracker::ProcessCmd: Enter,Recieved len :35
05-02 20:49:47.003 361 1542 D NxpTml : PN54X - Write requested.....
05-02 20:49:47.003 361 1542 D NxpTml : PN54X - Invoking I2C Write.....
05-02 20:49:47.006 361 1542 D NxpNciX : len = 35 > 2101200006010300010301030001040103000105000300010000030001010003000102
05-02 20:49:47.007 361 1542 D NxpTml : PN54X - I2C Write successful.....
05-02 20:49:47.007 361 1542 D NxpTml : PN54X - Posting Fresh Write message.....
05-02 20:49:47.007 361 1542 D NxpTml : PN54X - Tml Writer Thread Running................
05-02 20:49:47.007 361 1544 D NxpHal : write successful status = 0x0
05-02 20:49:47.008 1294 1558 I libnfc_nci: [INFO:nfa_ee_act.cc(2868)] nfa_ee_update_rout ee_cfg_sts:0x10 ee_cfged:0x10
05-02 20:49:47.011 361 1541 D NxpTml : PN54X - I2C Read successful.....
05-02 20:49:47.013 361 1541 D NxpNciR : len = 4 > 41010100
05-02 20:49:47.013 361 1541 D NxpTml : PN54X - Posting read message.....
05-02 20:49:47.013 361 1544 D NxpHal : read successful status = 0x0
05-02 20:49:47.014 1294 1558 I libnfc_nci: [INFO:nfc_ncif.cc(460)] NFC received rsp gid:1
05-02 20:49:47.014 1294 1558 I libnfc_nci: [INFO:nfa_dm_act.cc(269)] NFC_SET_ROUTING_REVT(0x500a)
05-02 20:49:47.014 1294 1558 I libnfc_nci: [INFO:nfa_ee_main.cc(359)] nfa_ee_proc_evt: event=0x500a int_event:0x218
05-02 20:49:47.014 1294 1558 I libnfc_nci: [INFO:nfa_ee_main.cc(641)] Event NCI_WAIT_RSP(0x218), State: INIT_DONE(1)
05-02 20:49:47.014 1294 1558 I libnfc_nci: [INFO:nfa_ee_act.cc(2253)] ee_wait_evt:0x30 wait_rsp:1
05-02 20:49:47.014 1294 1558 I libnfc_nci: [INFO:nfa_ee_act.cc(2226)] nfa_ee_report_update_evt ee_wait_evt:0x30 wait_rsp:0
05-02 20:49:47.014 1294 1558 I libnfc_nci: [INFO:RoutingManager.cpp(883)] RoutingManager::nfaEeCallback: NFA_EE_UPDATED_EVT
05-02 20:49:47.015 1294 1294 I libnfc_nci: [INFO:NativeNfcManager.cpp(2122)] startRfDiscovery: is start=1
05-02 20:49:47.015 1294 1294 I libnfc_nci: [INFO:NativeNfcTag.cpp(1826)] nativeNfcTag_acquireRfInterfaceMutexLock: try to acquire lock
05-02 20:49:47.015 1294 1294 I libnfc_nci: [INFO:NativeNfcTag.cpp(1829)] nativeNfcTag_acquireRfInterfaceMutexLock: sRfInterfaceMutex lock
05-02 20:49:47.015 1294 1294 I libnfc_nci: [INFO:nfa_dm_api.cc(691)] NFA_StartRfDiscovery
05-02 20:49:47.015 1294 1558 I libnfc_nci: [INFO:nfa_sys_main.cc(77)] NFA got event 0x010E
05-02 20:49:47.015 1294 1558 I libnfc_nci: [INFO:nfa_dm_main.cc(122)] event: NFA_DM_API_START_RF_DISCOVERY_EVT (0x0e)
05-02 20:49:47.015 1294 1558 I libnfc_nci: [INFO:nfa_dm_act.cc(1231)] nfa_dm_act_start_rf_discovery
05-02 20:49:47.015 1294 1558 I libnfc_nci: [INFO:nfa_dm_discover.cc(884)] nfa_dm_start_rf_discover
05-02 20:49:47.015 1294 1558 I libnfc_nci: [INFO:nfa_ee_act.cc(2489)] 1
05-02 20:49:47.016 1294 1558 I libnfc_nci: [INFO:nfa_ee_act.cc(2513)] 0x0, 0x0, 0x0, 0x0
05-02 20:49:47.016 1294 1558 I libnfc_nci: [INFO:nfa_dm_discover.cc(1012)] nfa_dm_cb.disc_cb.entry[0].selected_disc_mask = 0x140000
05-02 20:49:47.016 1294 1558 I libnfc_nci: [INFO:nfa_dm_discover.cc(1012)] nfa_dm_cb.disc_cb.entry[1].selected_disc_mask = 0x7d7f
05-02 20:49:47.016 1294 1558 I libnfc_nci: [INFO:nfa_dm_discover.cc(1012)] nfa_dm_cb.disc_cb.entry[2].selected_disc_mask = 0xc480000
05-02 20:49:47.016 1294 1558 I libnfc_nci: [INFO:nfa_p2p_main.cc(524)] nfa_p2p_set_config
05-02 20:49:47.016 1294 1558 I libnfc_nci: [INFO:llcp_api.cc(231)] LLCP_GetDiscoveryConfig
05-02 20:49:47.016 1294 1558 I libnfc_nci: [INFO:nfa_dm_main.cc(222)] nfa_dm_check_set_config
05-02 20:49:47.016 1294 1558 I libnfc_nci: [INFO:NfcAdaptation.cc(777)] NfcAdaptation::HalWrite
05-02 20:49:47.016 361 361 D NfccPowerTracker: NfccPowerTracker::ProcessCmd: Enter,Recieved len :26
05-02 20:49:47.016 361 1542 D NxpTml : PN54X - Write requested.....
05-02 20:49:47.017 361 1542 D NxpTml : PN54X - Invoking I2C Write.....
05-02 20:49:47.017 361 1541 D NxpTml : PN54X - Read requested.....
05-02 20:49:47.017 361 1541 D NxpTml : PN54X - Invoking I2C Read.....
05-02 20:49:47.017 355 355 I gralloc_driver: is_supported check descriptor name=Bitmap::allocateHardwareBitmap pid [1033], width=83, height=83, droid_format=RGBA8888, usage=GPU_TEXTURE
05-02 20:49:47.019 361 1542 D NxpNciX : len = 26 > 20021701291446666D010112020207FF03020013040164070103
05-02 20:49:47.020 361 1542 D NxpTml : PN54X - I2C Write successful.....
05-02 20:49:47.020 361 1542 D NxpTml : PN54X - Posting Fresh Write message.....
05-02 20:49:47.020 361 1542 D NxpTml : PN54X - Tml Writer Thread Running................
05-02 20:49:47.020 361 1544 D NxpHal : write successful status = 0x0
05-02 20:49:47.020 1294 1558 I libnfc_nci: [INFO:nfa_dm_main.cc(222)] nfa_dm_check_set_config
05-02 20:49:47.020 1294 1558 I libnfc_nci: [INFO:nfa_dm_main.cc(222)] nfa_dm_check_set_config
05-02 20:49:47.021 1294 1558 I libnfc_nci: [INFO:nfa_dm_discover.cc(1050)] dm_disc_mask = 0xc5c7d7f
05-02 20:49:47.021 1294 1558 I libnfc_nci: [INFO:nfa_dm_discover.cc(280)] tech_proto_mask = 0x0C5C7D7F
05-02 20:49:47.021 1294 1558 I libnfc_nci: [INFO:nfa_dm_main.cc(222)] nfa_dm_check_set_config
05-02 20:49:47.021 1294 1558 I libnfc_nci: [INFO:nfa_dm_discover.cc(370)] nfa_dm_set_total_duration
05-02 20:49:47.021 1294 1558 I libnfc_nci: [INFO:nfa_dm_main.cc(222)] nfa_dm_check_set_config
05-02 20:49:47.021 1294 1558 I libnfc_nci: [INFO:nfc_main.cc(934)] NFC_DiscoveryStart
05-02 20:49:47.021 1294 1558 I libnfc_nci: [INFO:nfc_main.cc(954)] NFC_DiscoveryStart status: 0xe3
05-02 20:49:47.029 361 1541 D NxpTml : PN54X - I2C Read successful.....
05-02 20:49:47.029 361 1541 D NxpNciR : len = 5 > 4002020000
05-02 20:49:47.029 361 1541 D NxpTml : PN54X - Posting read message.....
05-02 20:49:47.029 361 1544 D NxpHal : read successful status = 0x0
05-02 20:49:47.029 361 1544 D NxpHal : phNxpNciHal_print_res_status: response status =STATUS_OK
05-02 20:49:47.030 1294 1558 I libnfc_nci: [INFO:nfc_ncif.cc(460)] NFC received rsp gid:0
05-02 20:49:47.030 1294 1558 I libnfc_nci: [INFO:nci_hrcv.cc(63)] nci_proc_core_rsp opcode:0x2
05-02 20:49:47.030 1294 1558 I libnfc_nci: [INFO:nfa_dm_act.cc(269)] NFC_SET_CONFIG_REVT(0x5002)
05-02 20:49:47.030 1294 1558 I libnfc_nci: [INFO:NfcAdaptation.cc(777)] NfcAdaptation::HalWrite
05-02 20:49:47.031 361 361 D NfccPowerTracker: NfccPowerTracker::ProcessCmd: Enter,Recieved len :29
05-02 20:49:47.031 361 1542 D NxpTml : PN54X - Write requested.....
05-02 20:49:47.031 361 1542 D NxpTml : PN54X - Invoking I2C Write.....
05-02 20:49:47.031 361 1541 D NxpTml : PN54X - Read requested.....
05-02 20:49:47.031 361 1541 D NxpTml : PN54X - Invoking I2C Read.....
05-02 20:49:47.034 685 685 D StatusBar: disable disable2
05-02 20:49:47.040 361 1542 D NxpNciX : len = 29 > 20021A02611446666D010112020207FF03020013040164070103600108
05-02 20:49:47.040 361 1542 D NxpTml : PN54X - I2C Write successful.....
05-02 20:49:47.040 361 1542 D NxpTml : PN54X - Posting Fresh Write message.....
05-02 20:49:47.040 361 1544 D NxpHal : write successful status = 0x0
05-02 20:49:47.049 361 1542 D NxpTml : PN54X - Tml Writer Thread Running................
05-02 20:49:47.051 355 355 I gralloc_driver: is_supported check descriptor name=com.android.launcher3/com.android.launcher3.uioverrides.QuickstepLauncher#0, width=1920, height=1080, droid_format=RGBA8888, usage=COMPOSER_OVERLAY|GPU_RENDER_TARGET|GPU_TEXTURE
05-02 20:49:47.053 361 1541 D NxpTml : PN54X - I2C Read successful.....
05-02 20:49:47.054 361 1541 D NxpNciR : len = 5 > 4002020000
05-02 20:49:47.054 361 1541 D NxpTml : PN54X - Posting read message.....
05-02 20:49:47.054 361 1544 D NxpHal : read successful status = 0x0
05-02 20:49:47.054 361 1544 D NxpHal : phNxpNciHal_print_res_status: response status =STATUS_OK
05-02 20:49:47.055 1294 1558 I libnfc_nci: [INFO:nfc_ncif.cc(460)] NFC received rsp gid:0
05-02 20:49:47.055 1294 1558 I libnfc_nci: [INFO:nci_hrcv.cc(63)] nci_proc_core_rsp opcode:0x2
05-02 20:49:47.056 1294 1558 I libnfc_nci: [INFO:nfa_dm_act.cc(269)] NFC_SET_CONFIG_REVT(0x5002)
05-02 20:49:47.056 1294 1558 I libnfc_nci: [INFO:NfcAdaptation.cc(777)] NfcAdaptation::HalWrite
05-02 20:49:47.056 361 361 D NfccPowerTracker: NfccPowerTracker::ProcessCmd: Enter,Recieved len :10
05-02 20:49:47.062 361 1542 D NxpTml : PN54X - Write requested.....
05-02 20:49:47.062 361 1542 D NxpTml : PN54X - Invoking I2C Write.....
05-02 20:49:47.063 361 1541 D NxpTml : PN54X - Read requested.....
05-02 20:49:47.063 361 1541 D NxpTml : PN54X - Invoking I2C Read.....
05-02 20:49:47.083 361 1542 D NxpNciX : len = 10 > 20020702320160500102
05-02 20:49:47.084 361 1542 D NxpTml : PN54X - I2C Write successful.....
05-02 20:49:47.084 361 1542 D NxpTml : PN54X - Posting Fresh Write message.....
05-02 20:49:47.084 361 1544 D NxpHal : write successful status = 0x0
05-02 20:49:47.085 361 1542 D NxpTml : PN54X - Tml Writer Thread Running................
05-02 20:49:47.095 361 1541 D NxpTml : PN54X - I2C Read successful.....
05-02 20:49:47.096 361 1541 D NxpNciR : len = 5 > 4002020000
05-02 20:49:47.096 361 1541 D NxpTml : PN54X - Posting read message.....
05-02 20:49:47.096 361 1544 D NxpHal : read successful status = 0x0
05-02 20:49:47.096 361 1544 D NxpHal : phNxpNciHal_print_res_status: response status =STATUS_OK
05-02 20:49:47.096 1294 1558 I libnfc_nci: [INFO:nfc_ncif.cc(460)] NFC received rsp gid:0
05-02 20:49:47.096 361 1541 D NxpTml : PN54X - Read requested.....
05-02 20:49:47.096 361 1541 D NxpTml : PN54X - Invoking I2C Read.....
05-02 20:49:47.097 1294 1558 I libnfc_nci: [INFO:nci_hrcv.cc(63)] nci_proc_core_rsp opcode:0x2
05-02 20:49:47.097 1294 1558 I libnfc_nci: [INFO:nfa_dm_act.cc(269)] NFC_SET_CONFIG_REVT(0x5002)
05-02 20:49:47.097 1294 1558 I libnfc_nci: [INFO:NfcAdaptation.cc(818)] NfcAdaptation::HalPrediscover
05-02 20:49:47.099 1294 1558 I libnfc_nci: [INFO:NfcAdaptation.cc(777)] NfcAdaptation::HalWrite
05-02 20:49:47.100 369 846 W ServiceManager: Permission failure: android.permission.ACCESS_SURFACE_FLINGER from uid=10118 pid=1033
05-02 20:49:47.100 369 846 D PermissionCache: checking android.permission.ACCESS_SURFACE_FLINGER for uid=10118 => denied (1081 us)
05-02 20:49:47.102 361 361 D NxpHal : > Polling Loop Started
05-02 20:49:47.102 361 361 D NxpHal : phNxpNciHal_discovery_cmd_ext
05-02 20:49:47.102 361 361 D NfccPowerTracker: NfccPowerTracker::ProcessCmd: Enter,Recieved len :28
05-02 20:49:47.102 361 1542 D NxpTml : PN54X - Write requested.....
05-02 20:49:47.102 361 1542 D NxpTml : PN54X - Invoking I2C Write.....
05-02 20:49:47.105 361 1542 D NxpNciX : len = 28 > 2103190C000101010201030105018001810182018301850106017001
05-02 20:49:47.106 361 1542 D NxpTml : PN54X - I2C Write successful.....
05-02 20:49:47.106 361 1542 D NxpTml : PN54X - Posting Fresh Write message.....
05-02 20:49:47.106 361 1542 D NxpTml : PN54X - Tml Writer Thread Running................
05-02 20:49:47.106 361 1544 D NxpHal : write successful status = 0x0
05-02 20:49:47.110 361 1541 D NxpTml : PN54X - I2C Read successful.....
05-02 20:49:47.110 361 1541 D NxpNciR : len = 4 > 41030100
05-02 20:49:47.110 361 1541 D NxpTml : PN54X - Posting read message.....
05-02 20:49:47.110 361 1544 D NxpHal : read successful status = 0x0
05-02 20:49:47.112 361 1541 D NxpTml : PN54X - Read requested.....
05-02 20:49:47.112 361 1541 D NxpTml : PN54X - Invoking I2C Read.....
05-02 20:49:47.112 1294 1558 I libnfc_nci: [INFO:nfc_ncif.cc(460)] NFC received rsp gid:1
05-02 20:49:47.113 1294 1558 I libnfc_nci: [INFO:nfa_dm_discover.cc(3024)] returning TRUE
05-02 20:49:47.113 1294 1558 I libnfc_nci: [INFO:nfa_dm_discover.cc(694)] event:0x4000
05-02 20:49:47.113 1294 1558 I libnfc_nci: [INFO:nfa_dm_discover.cc(2512)] state: IDLE (0), event: DISCOVER_RSP(1) disc_flags: 0x31
05-02 20:49:47.114 1294 1558 I libnfc_nci: [INFO:nfa_dm_discover.cc(1686)] old_state: IDLE (0), new_state: DISCOVERY (1) disc_flags: 0x11
05-02 20:49:47.114 1294 1558 I libnfc_nci: [INFO:nfa_dm_act.cc(1558)] event:0x00
05-02 20:49:47.114 1294 1558 I libnfc_nci: [INFO:nfa_p2p_main.cc(104)] event:0x00
05-02 20:49:47.114 1294 1558 I libnfc_nci: [INFO:NativeNfcManager.cpp(273)] nfaConnectionCallback: event= 30
05-02 20:49:47.114 1294 1558 I libnfc_nci: [INFO:NativeNfcManager.cpp(298)] nfaConnectionCallback: NFA_RF_DISCOVERY_STARTED_EVT: status = 0
05-02 20:49:47.114 1294 1558 I libnfc_nci: [INFO:nfa_dm_discover.cc(2565)] new state: DISCOVERY (1), disc_flags: 0x1
05-02 20:49:47.115 1294 1294 I libnfc_nci: [INFO:NativeNfcTag.cpp(1844)] nativeNfcTag_releaseRfInterfaceMutexLock: sRfInterfaceMutex unlock
05-02 20:49:47.115 1294 1294 I libnfc_nci: [INFO:PowerSwitch.cpp(258)] PowerSwitch::setModeOn(activated=0x1) : mCurrActivity=0x1
05-02 20:49:47.115 1294 1294 I libnfc_nci: [INFO:NativeNfcManager.cpp(1317)] nfcManager_enableDiscovery: exit
05-02 20:49:47.115 1294 1294 I libnfc_nci: [INFO:NativeNfcManager.cpp(1799)] nfcManager_doSetScreenState: state = 8 prevScreenState= 4, discovry_param = 1
05-02 20:49:47.125 1294 1554 W com.android.nf: Long monitor contention with owner main (1294) at void com.android.nfc.NfcService.applyRouting(boolean)(NfcService.java:1968) waiters=0 in java.lang.Void com.android.nfc.NfcService$ApplyRoutingTask.doInBackground(java.lang.Integer[]) for 193ms
05-02 20:49:47.128 1294 1554 I dvm_lock_sample: [com.android.nfc,0,AsyncTask #1,193,NfcService.java,2868,java.lang.Void com.android.nfc.NfcService$ApplyRoutingTask.doInBackground(java.lang.Integer[]),-,1968,void com.android.nfc.NfcService.applyRouting(boolean),38]
05-02 20:49:47.131 525 539 I am_uid_active: 10112
05-02 20:49:47.156 525 543 I dvm_lock_sample: [system_server,1,android.ui,21,ActivityManagerService.java,3440,void com.android.server.am.ActivityManagerService.dispatchUidsChanged(),-,3118,void com.android.server.am.ActivityManagerService.notifyPackageUse(java.lang.String, int),4]
05-02 20:49:47.181 1294 1554 D NfcService: Discovery configuration equal, not updating.
05-02 20:49:47.199 685 1094 I OpenGLRenderer: Davey! duration=768ms; Flags=1, IntendedVsync=60329975541, Vsync=60663308881, OldestInputEvent=9223372036854775807, NewestInputEvent=0, HandleInputStart=60671435875, AnimationStart=60671445500, PerformTraversalsStart=60675284250, DrawStart=60911031375, SyncQueued=60911969250, SyncStart=60918543375, IssueDrawCommandsStart=60918806125, SwapBuffers=61102011375, FrameCompleted=61105456250, DequeueBufferDuration=495250, QueueBufferDuration=2028625, GpuCompleted=0,
05-02 20:49:47.214 355 355 I gralloc_driver: is_supported check descriptor name=Bitmap::allocateHardwareBitmap pid [1033], width=83, height=83, droid_format=RGBA8888, usage=GPU_TEXTURE
05-02 20:49:47.254 1798 1798 I LatinIME: Hardware accelerated drawing: true
05-02 20:49:47.290 355 355 I gralloc_driver: is_supported check descriptor name=Bitmap::allocateHardwareBitmap pid [685], width=44, height=48, droid_format=RGBA8888, usage=GPU_TEXTURE
05-02 20:49:47.298 355 987 I gralloc_driver: is_supported check descriptor name=com.android.launcher3/com.android.launcher3.uioverrides.QuickstepLauncher#0, width=1920, height=1080, droid_format=RGBA8888, usage=COMPOSER_OVERLAY|GPU_RENDER_TARGET|GPU_TEXTURE
05-02 20:49:47.299 356 401 E display : updateScreen invalid drmfd
05-02 20:49:47.322 525 2455 I commit_sys_config_file: [input-subtypes,15]
05-02 20:49:47.368 355 987 I gralloc_driver: is_supported check descriptor name=com.android.launcher3/com.android.launcher3.uioverrides.QuickstepLauncher#0, width=1920, height=1080, droid_format=RGBA8888, usage=COMPOSER_OVERLAY|GPU_RENDER_TARGET|GPU_TEXTURE
05-02 20:49:47.392 1033 1033 E libprocessgroup: set_timerslack_ns write failed: Operation not permitted
05-02 20:49:47.394 356 401 E display : updateScreen invalid drmfd
05-02 20:49:47.454 356 401 E display : updateScreen invalid drmfd
05-02 20:49:47.462 1798 1798 W InputAttributes: No editor info for this field. Bug?
05-02 20:49:47.508 355 987 I gralloc_driver: is_supported check descriptor name=Bitmap::allocateHardwareBitmap pid [685], width=44, height=48, droid_format=RGBA8888, usage=GPU_TEXTURE
05-02 20:49:47.515 1798 2476 I LatinIME:LogUtils: Dictionary info: dictionary = UserHistoryDictionary.en_US ; version = 1651524587 ; date = ?
05-02 20:49:47.520 1798 2476 I LatinIME:LogUtils: Dictionary info: dictionary = userunigram.en_US ; version = 1651524587 ; date = ?
05-02 20:49:47.537 356 401 E display : updateScreen invalid drmfd
05-02 20:49:47.609 525 2455 W ActivityTaskManager: Current config: {1.0 ?mcc?mnc [en_US] ldltr sw720dp w1280dp h648dp 240dpi lrg long land -touch -keyb/v/h -nav/h winConfig={ mBounds=Rect(0, 0 - 1920, 1080) mAppBounds=Rect(0, 0 - 1920, 1008) mWindowingMode=fullscreen mDisplayWindowingMode=fullscreen mActivityType=undefined mAlwaysOnTop=undefined mRotation=ROTATION_0} s.4} unchanged for IME proc com.android.inputmethod.latin
05-02 20:49:47.621 356 463 E display : updateScreen invalid drmfd
05-02 20:49:47.665 355 987 I gralloc_driver: is_supported check descriptor name=Bitmap::allocateHardwareBitmap pid [685], width=44, height=48, droid_format=RGBA8888, usage=GPU_TEXTURE
05-02 20:49:47.703 356 463 E display : updateScreen invalid drmfd
05-02 20:49:47.774 356 463 E display : updateScreen invalid drmfd
05-02 20:49:47.798 355 987 I gralloc_driver: is_supported check descriptor name=Bitmap::allocateHardwareBitmap pid [685], width=44, height=48, droid_format=RGBA8888, usage=GPU_TEXTURE
05-02 20:49:47.818 1798 2476 I LatinIME:LogUtils: Dictionary info: dictionary = main:en ; version = 54 ; date = 1414726273
05-02 20:49:47.839 356 463 E display : updateScreen invalid drmfd
05-02 20:49:47.900 356 463 E display : updateScreen invalid drmfd
05-02 20:49:47.913 355 987 I gralloc_driver: is_supported check descriptor name=Bitmap::allocateHardwareBitmap pid [685], width=44, height=48, droid_format=RGBA8888, usage=GPU_TEXTURE
05-02 20:49:47.915 355 987 I gralloc_driver: is_supported check descriptor name=Bitmap::allocateHardwareBitmap pid [685], width=44, height=48, droid_format=RGBA8888, usage=GPU_TEXTURE
05-02 20:49:47.927 685 1094 I OpenGLRenderer: Davey! duration=1138ms; Flags=0, IntendedVsync=60693566791, Vsync=61060233465, OldestInputEvent=9223372036854775807, NewestInputEvent=0, HandleInputStart=61066973750, AnimationStart=61066989750, PerformTraversalsStart=61073242000, DrawStart=61187923500, SyncQueued=61823993625, SyncStart=61825206875, IssueDrawCommandsStart=61825315500, SwapBuffers=61832084625, FrameCompleted=61833213125, DequeueBufferDuration=158875, QueueBufferDuration=591875, GpuCompleted=0,
05-02 20:49:47.960 685 685 I Choreographer: Skipped 46 frames! The application may be doing too much work on its main thread.
05-02 20:49:47.983 356 463 E display : updateScreen invalid drmfd
05-02 20:49:48.008 685 1094 W OpenGLRenderer: Incorrectly called buildLayer on View: LinearLayout, destroying layer...
05-02 20:49:48.010 685 1094 I OpenGLRenderer: Davey! duration=829ms; Flags=0, IntendedVsync=61085859291, Vsync=61852525973, OldestInputEvent=9223372036854775807, NewestInputEvent=0, HandleInputStart=61866747375, AnimationStart=61866753625, PerformTraversalsStart=61884648250, DrawStart=61912933500, SyncQueued=61913107375, SyncStart=61914269500, IssueDrawCommandsStart=61914660500, SwapBuffers=61915023625, FrameCompleted=61916564875, DequeueBufferDuration=215750, QueueBufferDuration=676750, GpuCompleted=0,
05-02 20:49:48.034 685 1094 I OpenGLRenderer: Davey! duration=852ms; Flags=0, IntendedVsync=61085859291, Vsync=61852525973, OldestInputEvent=9223372036854775807, NewestInputEvent=0, HandleInputStart=61866747375, AnimationStart=61866753625, PerformTraversalsStart=61884648250, DrawStart=61914820750, SyncQueued=61915966625, SyncStart=61918092125, IssueDrawCommandsStart=61918257625, SwapBuffers=61938966000, FrameCompleted=61940198125, DequeueBufferDuration=111250, QueueBufferDuration=679500, GpuCompleted=0,
05-02 20:49:48.065 356 463 E display : updateScreen invalid drmfd
05-02 20:49:48.119 369 369 I sf_frame_dur: [NotificationShade#0,17,49,21,9,1,8,2]
05-02 20:49:48.141 356 463 I chatty : uid=1000(system) HwBinder:356_3 identical 11 lines
05-02 20:49:48.174 356 463 E display : updateScreen invalid drmfd
05-02 20:49:49.792 0 0 E tlv320aic31xx-codec 1-0018: ##Divyesh tlv Enter : aic31xx_dac_mute
05-02 20:49:49.799 0 0 E tlv320aic31xx-codec 1-0018: ##Divyesh tlv Enter : aic31xx_dac_mute >> if function > mute
05-02 20:49:49.810 345 398 W audio_hw_primary: do_out_standby... 0xf16c33a0
05-02 20:49:49.811 525 539 I system_server: oneway function results will be dropped but finished with status OK and parcel size 4
05-02 20:49:54.093 358 664 D BufferPoolAccessor2.0: bufferpool2 0xb400f2b00bcb6a38 : 5(16642048 size) total buffers - 3(12447744 size) used buffers - 115/120 (recycle/alloc) - 2/117 (fetch/transfer)
05-02 20:49:54.093 358 664 D BufferPoolAccessor2.0: evictor expired: 1, evicted: 1
05-02 20:49:54.210 461 461 I chatty : uid=9999(nobody) /vendor/bin/gpsd expire 259 lines
05-02 20:49:57.204 0 0 W healthd : battery l=85 v=3 t=35.0 h=2 st=2 c=400000 fc=4000000 cc=32 chg=a
05-02 20:50:00.003 685 685 D KeyguardClockSwitch: Updating clock: 850
05-02 20:50:00.086 356 463 E display : updateScreen invalid drmfd
05-02 20:50:00.147 358 2380 D BufferPoolAccessor2.0: bufferpool2 0xb400f2b00bcb6a38 : 4(14544896 size) total buffers - 4(14544896 size) used buffers - 115/121 (recycle/alloc) - 2/117 (fetch/transfer)
05-02 20:50:00.147 2336 2367 D BufferPoolAccessor2.0: bufferpool2 0xb400e768d7520318 : 0(0 size) total buffers - 0(0 size) used buffers - 0/0 (recycle/alloc) - 0/0 (fetch/transfer)
05-02 20:50:05.147 358 664 D BufferPoolAccessor2.0: bufferpool2 0xb400f2b00bcb6a38 : 4(14544896 size) total buffers - 3(12447744 size) used buffers - 125/131 (recycle/alloc) - 3/128 (fetch/transfer)
05-02 20:50:05.147 358 664 D BufferPoolAccessor2.0: evictor expired: 1, evicted: 1
05-02 20:50:05.210 461 461 I chatty : uid=9999(nobody) /vendor/bin/gpsd expire 266 lines
05-02 20:50:06.137 525 2666 I system_server: The ClassLoaderContext is a special shared library.
05-02 20:50:06.203 525 2666 I chatty : uid=1000(system) Binder:525_3 identical 75 lines
05-02 20:50:06.209 525 2666 I system_server: The ClassLoaderContext is a special shared library.
05-02 20:50:06.212 525 2666 I system_server: The ClassLoaderContext is a special shared library.
05-02 20:50:06.220 525 2666 I system_server: The ClassLoaderContext is a special shared library.
05-02 20:50:06.226 525 2666 I system_server: The ClassLoaderContext is a special shared library.
05-02 20:50:06.232 525 2666 I system_server: The ClassLoaderContext is a special shared library.
05-02 20:50:06.237 525 2666 I system_server: The ClassLoaderContext is a special shared library.
05-02 20:50:06.408 525 542 I am_uid_active: 10127
05-02 20:50:06.409 525 2666 I system_server: The ClassLoaderContext is a special shared library.
05-02 20:50:06.415 1920 1940 I PermissionControllerServiceImpl: Updating user sensitive for user 0
05-02 20:50:06.415 525 2666 I system_server: The ClassLoaderContext is a special shared library.
05-02 20:50:06.423 525 551 I am_pss : [1033,10118,com.android.launcher3,56017920,39387136,0,193716224,0,2,10]
05-02 20:50:06.447 525 2666 I system_server: The ClassLoaderContext is a special shared library.
05-02 20:50:06.448 1920 2672 I UserPackageInfos: updating UserPackageInfosLiveData for user 0
05-02 20:50:06.449 1920 2673 I LancherPackagesLiveData: updating LauncherPackageLiveData
05-02 20:50:06.451 525 2666 I system_server: The ClassLoaderContext is a special shared library.
05-02 20:50:06.776 525 2666 I system_server: The ClassLoaderContext is a special shared library.
05-02 20:50:06.780 525 2666 W system_server: Insufficient pre-allocated space to mmap vdex.
05-02 20:50:06.785 525 2666 I system_server: The ClassLoaderContext is a special shared library.
05-02 20:50:06.795 525 2666 I system_server: The ClassLoaderContext is a special shared library.
05-02 20:50:06.796 525 2666 I BackgroundDexOptService: Pinning optimized code {}
05-02 20:50:06.807 525 551 I am_pss : [1347,10122,com.android.smspush,6462464,3022848,0,99266560,0,6,7]
05-02 20:50:09.972 356 463 E display : updateScreen invalid drmfd
05-02 20:50:10.083 356 463 E display : updateScreen invalid drmfd
05-02 20:50:10.086 2336 2367 D BufferPoolAccessor2.0: bufferpool2 0xb400e768d7520318 : 0(0 size) total buffers - 0(0 size) used buffers - 0/0 (recycle/alloc) - 0/0 (fetch/transfer)
05-02 20:50:10.127 356 463 E display : updateScreen invalid drmfd
05-02 20:50:10.211 356 463 E display : updateScreen invalid drmfd
05-02 20:50:10.274 356 463 E display : updateScreen invalid drmfd
05-02 20:50:10.485 356 463 E display : updateScreen invalid drmfd
05-02 20:50:10.525 1033 1033 I sysui_multi_action: [757,224,758,2]
05-02 20:50:10.535 525 546 W Choreographer: Frame time is 0.072916 ms in the future! Check that graphics HAL is generating vsync timestamps using the correct timebase.
05-02 20:50:10.561 358 2380 D BufferPoolAccessor2.0: bufferpool2 0xb400f2b00bcb6a38 : 4(14544896 size) total buffers - 4(14544896 size) used buffers - 133/140 (recycle/alloc) - 4/136 (fetch/transfer)
05-02 20:50:10.563 356 463 E display : updateScreen invalid drmfd
05-02 20:50:11.055 356 463 E display : updateScreen invalid drmfd
05-02 20:50:11.725 366 631 D AF::TrackHandle: OpPlayAudio: track:57 usage:13 not muted
05-02 20:49:47.611 525 2455 W ActivityTaskManager: Current config: {1.0 ?mcc?mnc [en_US] ldltr sw720dp w1280dp h648dp 240dpi lrg long land -touch -keyb/v/h -nav/h winConfig={ mBounds=Rect(0, 0 - 1920, 1080) mAppBounds=Rect(0, 0 - 1920, 1008) mWindowingMode=fullscreen mDisplayWindowingMode=fullscreen mActivityType=undefined mAlwaysOnTop=undefined mRotation=ROTATION_0} s.4} unchanged for IME proc com.android.inputmethod.latin
05-02 20:50:11.727 525 811 I ActivityTaskManager: START u0 {act=android.intent.action.MAIN cat=[android.intent.category.LAUNCHER] flg=0x10200000 cmp=com.android.settings/.Settings bnds=[1528,459][1908,612]} from uid 10118
05-02 20:50:11.727 525 824 I system_server: oneway function results will be dropped but finished with status OK and parcel size 8
05-02 20:50:11.728 525 2455 I system_server: oneway function results will be dropped but finished with status OK and parcel size 4
05-02 20:50:11.728 525 2455 I system_server: oneway function results will be dropped but finished with status OK and parcel size 4
05-02 20:50:11.728 525 811 I wm_task_created: [21,-1]
05-02 20:50:11.729 525 811 I wm_stack_created: 21
05-02 20:50:11.730 525 626 I AudioTrack: createTrack_l(0): AUDIO_OUTPUT_FLAG_FAST successful; frameCount 0 -> 4512
05-02 20:50:11.732 525 2455 I system_server: oneway function results will be dropped but finished with status OK and parcel size 4
05-02 20:50:11.732 345 1272 I audio_hw_primary: start_output_stream: primary: 1, out: 0xf16c33a0, device: 2, address: , mode: 0, flags 0x2
05-02 20:50:11.733 345 1272 I audio_hw_primary: select_output_device(), headphone 0 ,headset 0 ,speaker 2
05-02 20:50:11.733 345 1272 D audio_hw_primary: start_output_stream: pcm_open: card: 0, pcm_device_id: 0, rate: 48000, channel: 2, format: 0, period_size: 0xc0, flag: 9
05-02 20:50:11.733 525 811 I wm_create_task: [0,21]
05-02 20:50:11.734 525 811 I wm_create_activity: [0,251667580,21,com.android.settings/.Settings,android.intent.action.MAIN,NULL,NULL,270532608]
05-02 20:50:11.735 525 811 I wm_pause_activity: [0,188384300,com.android.launcher3/.uioverrides.QuickstepLauncher,userLeaving=true]
05-02 20:50:11.736 0 0 E tlv320aic31xx-codec 1-0018: ##Divyesh tlv aic31xx_hw_params: width 16 rate 48000
05-02 20:50:11.748 0 0 E tlv320aic31xx-codec 1-0018: ##Divyesh tlv pll 8.1920/1 dosr 128 n 8 m 2 aosr 128 n 8 m 2 bclk_n 8
05-02 20:50:11.749 525 546 W System : ClassLoader referenced unknown path:
05-02 20:50:11.754 1033 1033 I wm_on_top_resumed_lost_called: [188384300,com.android.launcher3.uioverrides.QuickstepLauncher,topStateChangedWhenResumed]
05-02 20:50:11.758 1033 1033 I wm_on_paused_called: [188384300,com.android.launcher3.uioverrides.QuickstepLauncher,performPause]
05-02 20:50:11.759 0 0 E fsl-sai 30010000.sai: Divyesh tlv > ratio 8 for freq 1536000Hz based on clock 12288000Hz
05-02 20:50:11.762 525 811 I wm_add_to_stopping: [0,188384300,com.android.launcher3/.uioverrides.QuickstepLauncher,makeInvisible]
05-02 20:50:11.763 525 811 I wm_restart_activity: [0,251667580,21,com.android.settings/.Settings]
05-02 20:50:11.768 0 0 E fsl-sai 30010000.sai: Divyesh tlv best fit: clock id=1, ratio=8, deviation=0
05-02 20:50:11.770 525 811 I wm_set_resumed_activity: [0,com.android.settings/.Settings,minimalResumeActivityLocked]
05-02 20:50:11.772 356 463 E display : updateScreen invalid drmfd
05-02 20:50:11.778 525 546 I service_manager_slow: [15,input_method]
05-02 20:50:11.779 525 546 I service_manager_stats: [100,148,63910]
05-02 20:50:11.784 0 0 E tlv320aic31xx-codec 1-0018: ##Divyesh tlv Enter : aic31xx_dac_mute
05-02 20:50:11.791 0 0 E tlv320aic31xx-codec 1-0018: ##Divyesh tlv Enter : aic31xx_dac_mute >> Else function > unmute
05-02 20:50:11.815 356 463 I chatty : uid=1000(system) HwBinder:356_3 identical 19 lines
05-02 20:50:11.867 356 463 E display : updateScreen invalid drmfd
05-02 20:50:11.871 525 545 I sysui_multi_action: [757,803,799,window_time_0,802,57]
05-02 20:50:11.880 355 987 I gralloc_driver: is_supported check descriptor name=Splash Screen com.android.settings#0, width=1920, height=1080, droid_format=RGBA8888, usage=COMPOSER_OVERLAY|CPU_READ_OFTEN|CPU_WRITE_OFTEN|GPU_TEXTURE
05-02 20:50:11.894 525 546 I display : open gpu gralloc module!
05-02 20:50:11.917 525 551 I am_pss : [1798,10112,com.android.inputmethod.latin,15307776,7847936,0,131600384,0,7,17]
05-02 20:50:11.930 356 463 E display : updateScreen invalid drmfd
05-02 20:50:11.981 356 463 E display : updateScreen invalid drmfd
05-02 20:50:11.988 366 446 W APM::AudioPolicyEngine: getDevicesForStrategy() unknown strategy: -1
