05-02 20:49:09.975 887 887 D SubscriptionController: [getActiveSubscriptionInfo]- subId=-1 subList=[] subInfo=null
05-02 20:49:09.977 887 887 D DCT-C-0 : shouldRestrictDataForEcbm: isInEcm=false isInImsEcm=false
05-02 20:49:09.980 887 887 D SubscriptionController: [getActiveSubscriptionInfo]- subId=-1 subList=[] subInfo=null
05-02 20:49:09.982 887 887 D DCT-C-0 : shouldRestrictDataForEcbm: isInEcm=false isInImsEcm=false
05-02 20:49:09.985 887 887 D SubscriptionController: [getActiveSubscriptionInfo]- subId=-1 subList=[] subInfo=null
05-02 20:49:09.987 887 887 D DCT-C-0 : shouldRestrictDataForEcbm: isInEcm=false isInImsEcm=false
05-02 20:49:09.990 887 887 D SubscriptionController: [getActiveSubscriptionInfo]- subId=-1 subList=[] subInfo=null
05-02 20:49:09.992 887 887 D DCT-C-0 : shouldRestrictDataForEcbm: isInEcm=false isInImsEcm=false
05-02 20:49:09.994 887 887 D SubscriptionController: [getActiveSubscriptionInfo]- subId=-1 subList=[] subInfo=null
05-02 20:49:09.996 525 1091 I am_crash: [525,0,com.android.bluetooth,818462277,Native crash,Aborted,unknown,0]
05-02 20:49:09.999 887 887 D DCT-C-0 : shouldRestrictDataForEcbm: isInEcm=false isInImsEcm=false
05-02 20:49:10.002 525 1092 I DropBoxManagerService: add tag=system_app_native_crash isTagEnabled=true flags=0x2
05-02 20:49:10.004 525 1091 I sysui_multi_action: [757,316,758,4,759,-1]
05-02 20:49:10.008 887 887 D SubscriptionController: [getActiveSubscriptionInfo]- subId=-1 subList=[] subInfo=null
05-02 20:49:10.010 887 887 D DCT-C-0 : shouldRestrictDataForEcbm: isInEcm=false isInImsEcm=false
05-02 20:49:10.013 887 887 D SubscriptionController: [getActiveSubscriptionInfo]- subId=-1 subList=[] subInfo=null
05-02 20:49:10.017 887 887 D DCT-C-0 : shouldRestrictDataForEcbm: isInEcm=false isInImsEcm=false
05-02 20:49:10.039 0 0 I init : Untracked pid 1062 exited with status 0
05-02 20:49:10.048 887 887 D SubscriptionController: [getActiveSubscriptionInfo]- subId=-1 subList=[] subInfo=null
05-02 20:49:10.049 887 887 D DCT-I-0 : onDataEnabledOverrideRulesChanged
05-02 20:49:10.051 887 887 D DCT-I-0 : shouldRestrictDataForEcbm: isInEcm=false isInImsEcm=false
05-02 20:49:10.054 0 0 I init : Untracked pid 1065 exited with status 0
05-02 20:49:10.054 887 887 D SubscriptionController: [getActiveSubscriptionInfo]- subId=-1 subList=[] subInfo=null
05-02 20:49:10.056 887 887 D DCT-I-0 : shouldRestrictDataForEcbm: isInEcm=false isInImsEcm=false
05-02 20:49:10.059 887 887 D SubscriptionController: [getActiveSubscriptionInfo]- subId=-1 subList=[] subInfo=null
05-02 20:49:10.061 887 887 D DCT-I-0 : shouldRestrictDataForEcbm: isInEcm=false isInImsEcm=false
05-02 20:49:10.063 0 0 I binder : release 673:1006 transaction 15718 in, still active
05-02 20:49:10.063 887 887 D SubscriptionController: [getActiveSubscriptionInfo]- subId=-1 subList=[] subInfo=null
05-02 20:49:10.065 887 887 D DCT-I-0 : shouldRestrictDataForEcbm: isInEcm=false isInImsEcm=false
05-02 20:49:10.069 887 887 D SubscriptionController: [getActiveSubscriptionInfo]- subId=-1 subList=[] subInfo=null
05-02 20:49:10.069 0 0 I binder : release 673:1006 transaction 13864 out, still active
05-02 20:49:10.070 887 887 D DCT-I-0 : shouldRestrictDataForEcbm: isInEcm=false isInImsEcm=false
05-02 20:49:10.074 887 887 D SubscriptionController: [getActiveSubscriptionInfo]- subId=-1 subList=[] subInfo=null
05-02 20:49:10.076 887 887 D DCT-I-0 : shouldRestrictDataForEcbm: isInEcm=false isInImsEcm=false
05-02 20:49:10.077 0 0 I binder : send failed reply for transaction 15718 to 346:346
05-02 20:49:10.080 887 887 D SubscriptionController: [getActiveSubscriptionInfo]- subId=-1 subList=[] subInfo=null
05-02 20:49:10.082 887 887 D DCT-I-0 : shouldRestrictDataForEcbm: isInEcm=false isInImsEcm=false
05-02 20:49:10.084 0 0 I binder : 346:346 transaction failed 29189/0, size 4-0 line 2645
05-02 20:49:10.087 525 525 D BluetoothManagerService: BluetoothServiceConnection, disconnected: com.android.bluetooth.btservice.AdapterService
05-02 20:49:10.088 525 544 E BluetoothManagerService: MESSAGE_BLUETOOTH_SERVICE_DISCONNECTED(1)
05-02 20:49:10.088 525 811 I ActivityManager: Process com.android.bluetooth (pid 673) has died: psvc PER
05-02 20:49:10.088 525 811 I am_proc_died: [0,673,com.android.bluetooth,-700,0]
05-02 20:49:10.088 525 544 D BluetoothManagerService: Broadcasting onBluetoothServiceDown() to 3 receivers.
05-02 20:49:10.089 525 811 W ActivityManager: Scheduling restart of crashed service com.android.bluetooth/.btservice.AdapterService in 1000ms for connection
05-02 20:49:10.089 525 811 I am_schedule_service_restart: [0,com.android.bluetooth/.btservice.AdapterService,1000]
05-02 20:49:10.089 525 811 I am_uid_stopped: 1002
05-02 20:49:10.090 525 811 I am_low_memory: 8
05-02 20:49:10.091 0 0 I binder : send failed reply for transaction 13864, target dead
05-02 20:49:10.094 887 887 D SubscriptionController: [getActiveSubscriptionInfo]- subId=-1 subList=[] subInfo=null
05-02 20:49:10.096 887 887 D DCT-I-0 : shouldRestrictDataForEcbm: isInEcm=false isInImsEcm=false
05-02 20:49:10.099 887 887 D SubscriptionController: [getActiveSubscriptionInfo]- subId=-1 subList=[] subInfo=null
05-02 20:49:10.101 887 887 D DCT-I-0 : shouldRestrictDataForEcbm: isInEcm=false isInImsEcm=false
05-02 20:49:10.103 887 887 D SubscriptionController: [getActiveSubscriptionInfo]- subId=-1 subList=[] subInfo=null
05-02 20:49:10.104 887 887 D DCT-I-0 : shouldRestrictDataForEcbm: isInEcm=false isInImsEcm=false
05-02 20:49:10.107 887 887 D SubscriptionController: [getActiveSubscriptionInfo]- subId=-1 subList=[] subInfo=null
05-02 20:49:10.108 887 887 D DCT-I-0 : shouldRestrictDataForEcbm: isInEcm=false isInImsEcm=false
05-02 20:49:10.111 887 887 D SubscriptionController: [getActiveSubscriptionInfo]- subId=-1 subList=[] subInfo=null
05-02 20:49:10.112 887 887 D DCT-I-0 : shouldRestrictDataForEcbm: isInEcm=false isInImsEcm=false
05-02 20:49:10.118 887 887 D SubscriptionController: [getActiveSubscriptionInfo]- subId=-1 subList=[] subInfo=null
05-02 20:49:10.119 887 887 D DCT-I-0 : onDataConnectionAttached
05-02 20:49:10.120 887 887 D DCT-I-0 : setupDataOnAllConnectableApns: dataAttached hipri:[state=IDLE,enabled=false] mcx:[state=IDLE,enabled=false] xcap:[state=IDLE,enabled=false] fota:[state=IDLE,enabled=false] ims:[state=IDLE,enabled=false] cbs:[state=IDLE,enabled=false] ia:[state=IDLE,enabled=false] emergency:[state=IDLE,enabled=false] mms:[state=IDLE,enabled=false] supl:[state=IDLE,enabled=false] dun:[state=IDLE,enabled=false] default:[state=IDLE,enabled=false]
05-02 20:49:10.120 887 887 D DCT-I-0 : onDataRoamingOff
05-02 20:49:10.124 887 887 I service_manager_stats: [100,127,24030]
05-02 20:49:10.125 887 887 D CarrierResolver: handleMessage: 2
05-02 20:49:10.126 887 887 D GsmCdmaPhone: [0] onVoiceRegStateOrRatChanged
05-02 20:49:10.126 887 887 D GsmCdmaPhone: [0] getCsCallRadioTech, current vrs=1, vrat=0
05-02 20:49:10.126 887 887 D GsmCdmaPhone: [0] getCsCallRadioTech, result calcVrat=0
05-02 20:49:10.126 887 887 D DCT-C-0 : onDataEnabledChanged: enable=true, enabledChangedReason=0
05-02 20:49:10.126 887 887 D DCT-C-0 : setupDataOnAllConnectableApns: dataEnabled hipri:[state=IDLE,enabled=false] mcx:[state=IDLE,enabled=false] xcap:[state=IDLE,enabled=false] fota:[state=IDLE,enabled=false] ims:[state=IDLE,enabled=false] cbs:[state=IDLE,enabled=false] ia:[state=IDLE,enabled=false] emergency:[state=IDLE,enabled=false] mms:[state=IDLE,enabled=false] supl:[state=IDLE,enabled=false] dun:[state=IDLE,enabled=false] default:[state=IDLE,enabled=false]
05-02 20:49:10.126 887 887 D DCT-I-0 : onDataEnabledChanged: enable=true, enabledChangedReason=0
05-02 20:49:10.127 887 887 D DCT-I-0 : setupDataOnAllConnectableApns: dataEnabled hipri:[state=IDLE,enabled=false] mcx:[state=IDLE,enabled=false] xcap:[state=IDLE,enabled=false] fota:[state=IDLE,enabled=false] ims:[state=IDLE,enabled=false] cbs:[state=IDLE,enabled=false] ia:[state=IDLE,enabled=false] emergency:[state=IDLE,enabled=false] mms:[state=IDLE,enabled=false] supl:[state=IDLE,enabled=false] dun:[state=IDLE,enabled=false] default:[state=IDLE,enabled=false]
05-02 20:49:10.127 887 887 D PhoneSwitcher: No active subscriptions: resetting preferred phone to 0 for emergency
05-02 20:49:10.127 887 887 D PhoneSwitcher: evaluating due to EVENT_PRECISE_CALL_STATE_CHANGED phone[0] 0->-1
05-02 20:49:10.127 887 887 D PhoneSwitcher: activate 0
05-02 20:49:10.128 887 887 D PhoneSwitcher: notifyPreferredDataSubIdChanged to -1
05-02 20:49:10.129 887 887 D PhoneSwitcher: logDataSwitchEvent subId -1 state 1 reason 2
05-02 20:49:10.130 525 588 D ConnectivityService: requestNetwork for uid/pid:1001/887 NetworkRequest [ TRACK_DEFAULT id=17, [ Capabilities: INTERNET&NOT_RESTRICTED&TRUSTED Uid: 1001 AdministratorUids: [] RequestorUid: 1001 RequestorPackageName: com.android.phone] ]
05-02 20:49:10.130 525 619 D ConnectivityService: NetReassign [no changes]
05-02 20:49:10.136 887 887 D TelephonyNetworkFactory[0]: got request NetworkRequest [ BACKGROUND_REQUEST id=2, [ Transports: CELLULAR Capabilities: INTERNET&NOT_RESTRICTED&TRUSTED&NOT_VPN AdministratorUids: [] RequestorUid: 1000 RequestorPackageName: android] ] with score 0 and providerId -1
05-02 20:49:10.137 887 887 D TelephonyNetworkFactory[0]: got request NetworkRequest [ REQUEST id=12, [ Capabilities: INTERNET&NOT_RESTRICTED&TRUSTED&NOT_VPN AdministratorUids: [] RequestorUid: 1073 RequestorPackageName: com.android.networkstack] ] with score 0 and providerId -1
05-02 20:49:10.137 887 887 D TelephonyNetworkFactory[0]: got request NetworkRequest [ TRACK_DEFAULT id=9, [ Capabilities: INTERNET&NOT_RESTRICTED&TRUSTED Uid: 1000 AdministratorUids: [] RequestorUid: 1000 RequestorPackageName: android] ] with score 0 and providerId -1
05-02 20:49:10.137 887 887 D TelephonyNetworkFactory[0]: got request NetworkRequest [ REQUEST id=1, [ Capabilities: INTERNET&NOT_RESTRICTED&TRUSTED&NOT_VPN AdministratorUids: [] RequestorUid: 1000 RequestorPackageName: android] ] with score 0 and providerId -1
05-02 20:49:10.137 887 887 D TelephonyNetworkFactory[0]: got request NetworkRequest [ TRACK_DEFAULT id=10, [ Capabilities: INTERNET&NOT_RESTRICTED&TRUSTED Uid: 1073 AdministratorUids: [] RequestorUid: 1073 RequestorPackageName: com.android.networkstack] ] with score 0 and providerId -1
05-02 20:49:10.138 887 887 D DebugService: DebugService DebugService:
05-02 20:49:10.141 887 887 D GsmSMSDispatcher: GsmSMSDispatcher: subId = -1 slotId = 0
05-02 20:49:10.142 887 887 D SST : [0] EVENT_ICC_CHANGED: SIM absent
05-02 20:49:10.142 887 887 D SST : [0] cancelAllNotifications: mPrevSubId=-1
05-02 20:49:10.143 887 887 D SST : [0] updateSpnDisplayLegacy+
05-02 20:49:10.146 887 887 D SST : [0] updateSpnDisplay: radio is on but out of service, set plmn='No service'
05-02 20:49:10.147 887 887 D SST : [0] updateSpnDisplay: rawSpn =
05-02 20:49:10.147 887 887 D SST : [0] updateSpnDisplayLegacy-
05-02 20:49:10.147 887 887 D CarrierResolver: handleMessage: 2
05-02 20:49:10.148 887 887 D TelephonyNetworkFactory[0]: got request NetworkRequest [ TRACK_DEFAULT id=15, [ Capabilities: INTERNET&NOT_RESTRICTED&TRUSTED Uid: 10121 AdministratorUids: [] RequestorUid: 10121 RequestorPackageName: com.android.systemui] ] with score 0 and providerId 0
05-02 20:49:10.148 887 887 D TelephonyNetworkFactory[0]: got request NetworkRequest [ TRACK_DEFAULT id=16, [ Capabilities: INTERNET&NOT_RESTRICTED&TRUSTED Uid: 10121 AdministratorUids: [] RequestorUid: 10121 RequestorPackageName: com.android.systemui] ] with score 0 and providerId 0
05-02 20:49:10.148 887 887 D GsmCdmaCallTracker: Event EVENT_POLL_CALLS_RESULT Received
05-02 20:49:10.149 887 887 D GsmCdmaCallTracker: [0] update phone state, old=IDLE new=IDLE
05-02 20:49:10.153 887 887 D Phone : isImsRegistered =false --------- beginning of main
05-02 20:49:10.160 887 887 I Telephony: isRttCurrentlySupported -- emergency acct and no device support
05-02 20:49:10.178 525 588 I Telecom : PhoneAccountRegistrar: Modify account: [ComponentInfo{com.android.phone/com.android.services.telephony.TelephonyConnectionService}, ***, UserHandle{0}]: TSI.rPA@AAU
05-02 20:49:10.180 525 588 I Telecom : CallsManager: handlePhoneAccountChanged: phoneAccount=[[X] PhoneAccount: ComponentInfo{com.android.phone/com.android.services.telephony.TelephonyConnectionService}, ***, UserHandle{0} Capabilities: CallProvider MultiUser PlaceEmerg SimSub Audio Routes: BESW Schemes: tel voicemail Extras: Bundle[{android.telecom.extra.SUPPORTS_VIDEO_CALLING_FALLBACK=true}] GroupId: ***]: TSI.rPA@AAU
05-02 20:49:10.181 887 887 I Telephony: AccountEntry: Registered phoneAccount: [[ ] PhoneAccount: ComponentInfo{com.android.phone/com.android.services.telephony.TelephonyConnectionService}, ***, UserHandle{0} Capabilities: CallProvider MultiUser PlaceEmerg SimSub Audio Routes: BESW Schemes: tel voicemail Extras: Bundle[{android.telecom.extra.SUPPORTS_VIDEO_CALLING_FALLBACK=true}] GroupId: ***] with handle: ComponentInfo{com.android.phone/com.android.services.telephony.TelephonyConnectionService}, ***, UserHandle{0}
05-02 20:49:10.182 887 887 I Telephony: PstnIncomingCallNotifier: Registering: Handler (com.android.internal.telephony.GsmCdmaPhone) {21e387}
05-02 20:49:10.182 887 887 D Telephony: Registering: Handler (com.android.internal.telephony.GsmCdmaPhone) {21e387}
05-02 20:49:10.189 887 887 D SST : [0] SubscriptionListener.onSubscriptionInfoChanged
05-02 20:49:10.189 887 887 D MultiSimSettingController: onSubscriptionsChanged
05-02 20:49:10.191 887 887 D NetworkService: network service created
05-02 20:49:10.192 887 887 D NetworkTypeController: [0] LegacyState: process EVENT_DATA_RAT_CHANGED
05-02 20:49:10.193 887 887 D NetworkTypeController: [0] Remove all timers
05-02 20:49:10.193 887 887 D NetworkTypeController: [0] Remove all timers
05-02 20:49:10.193 887 887 D DCT-C-0 : reevaluateUnmeteredConnections
05-02 20:49:10.193 887 887 D DCT-I-0 : reevaluateUnmeteredConnections
05-02 20:49:10.195 887 887 D DataService: Data service created
05-02 20:49:10.196 685 685 W AudioManager: attempt to call registerAudioRecordingCallback() on a previouslyregistered callback
05-02 20:49:10.197 887 887 D Telephony: isEmergencyPreferredAccount: subId=-1, activeData=-1
05-02 20:49:10.197 887 887 D Telephony: isEmergencyPreferredAccount: Device does not require preference.
05-02 20:49:10.197 887 887 D PhoneSwitcherNetworkRequstListener: got request NetworkRequest [ TRACK_DEFAULT id=17, [ Capabilities: INTERNET&NOT_RESTRICTED&TRUSTED Uid: 1001 AdministratorUids: [] RequestorUid: 1001 RequestorPackageName: com.android.phone] ] with score 0 and providerId 0
05-02 20:49:10.197 685 685 D NotifPipeline: Notif pipeline initialized
05-02 20:49:10.197 887 887 D TelephonyNetworkFactory[0]: got request NetworkRequest [ TRACK_DEFAULT id=17, [ Capabilities: INTERNET&NOT_RESTRICTED&TRUSTED Uid: 1001 AdministratorUids: [] RequestorUid: 1001 RequestorPackageName: com.android.phone] ] with score 0 and providerId 0
05-02 20:49:10.199 887 887 D DcRequest: Cellular request confirmed: NetworkRequest [ BACKGROUND_REQUEST id=2, [ Transports: CELLULAR Capabilities: INTERNET&NOT_RESTRICTED&TRUSTED&NOT_VPN AdministratorUids: [] RequestorUid: 1000 RequestorPackageName: android] ]
05-02 20:49:10.199 887 887 D PhoneSwitcher: evaluating due to netRequest
05-02 20:49:10.200 887 887 D PhoneSwitcher: notifyPreferredDataSubIdChanged to -1
05-02 20:49:10.201 887 887 D PhoneSwitcher: Added DcRequest, size: 1
05-02 20:49:10.203 887 887 D DcRequest: Cellular request confirmed: NetworkRequest [ REQUEST id=12, [ Capabilities: INTERNET&NOT_RESTRICTED&TRUSTED&NOT_VPN AdministratorUids: [] RequestorUid: 1073 RequestorPackageName: com.android.networkstack] ]
05-02 20:49:10.203 887 887 D PhoneSwitcher: evaluating due to netRequest
05-02 20:49:10.204 887 887 D PhoneSwitcher: notifyPreferredDataSubIdChanged to -1
05-02 20:49:10.205 887 887 D PhoneSwitcher: Added DcRequest, size: 2
05-02 20:49:10.207 887 887 D DcRequest: Cellular request confirmed: NetworkRequest [ TRACK_DEFAULT id=9, [ Capabilities: INTERNET&NOT_RESTRICTED&TRUSTED Uid: 1000 AdministratorUids: [] RequestorUid: 1000 RequestorPackageName: android] ]
05-02 20:49:10.207 887 887 D PhoneSwitcher: evaluating due to netRequest
05-02 20:49:10.207 887 887 D PhoneSwitcher: notifyPreferredDataSubIdChanged to -1
05-02 20:49:10.208 461 461 I auditd : type=1400 audit(0.0:310): avc: denied { getattr } for comm="gpsd" path="/dev/ttymxc1" dev="tmpfs" ino=245 scontext=u:r:gpsd:s0 tcontext=u:object_r:gps_device:s0 tclass=chr_file permissive=1
05-02 20:49:10.208 461 461 I auditd : type=1400 audit(0.0:311): avc: denied { read write } for comm="gpsd" name="ttymxc1" dev="tmpfs" ino=245 scontext=u:r:gpsd:s0 tcontext=u:object_r:gps_device:s0 tclass=chr_file permissive=1
05-02 20:49:10.208 461 461 I auditd : type=1400 audit(0.0:312): avc: denied { open } for comm="gpsd" path="/dev/ttymxc1" dev="tmpfs" ino=245 scontext=u:r:gpsd:s0 tcontext=u:object_r:gps_device:s0 tclass=chr_file permissive=1
05-02 20:49:10.209 887 887 D PhoneSwitcher: Added DcRequest, size: 3
05-02 20:49:10.211 887 887 D DcRequest: Cellular request confirmed: NetworkRequest [ REQUEST id=1, [ Capabilities: INTERNET&NOT_RESTRICTED&TRUSTED&NOT_VPN AdministratorUids: [] RequestorUid: 1000 RequestorPackageName: android] ]
05-02 20:49:10.211 887 887 D PhoneSwitcher: evaluating due to netRequest
05-02 20:49:10.212 887 887 D PhoneSwitcher: notifyPreferredDataSubIdChanged to -1
05-02 20:49:10.214 887 887 D PhoneSwitcher: Added DcRequest, size: 4
05-02 20:49:10.216 887 887 D DcRequest: Cellular request confirmed: NetworkRequest [ TRACK_DEFAULT id=10, [ Capabilities: INTERNET&NOT_RESTRICTED&TRUSTED Uid: 1073 AdministratorUids: [] RequestorUid: 1073 RequestorPackageName: com.android.networkstack] ]
05-02 20:49:10.216 887 887 D PhoneSwitcher: evaluating due to netRequest
05-02 20:49:10.216 685 685 V WifiManager: registerSoftApCallback: callback=com.android.systemui.statusbar.policy.HotspotControllerImpl@eb0274e, executor=android.os.HandlerExecutor@14eb06f
05-02 20:49:10.217 887 887 D PhoneSwitcher: notifyPreferredDataSubIdChanged to -1
05-02 20:49:10.219 887 887 D PhoneSwitcher: Added DcRequest, size: 5
05-02 20:49:10.220 887 887 D TelephonyNetworkFactory[0]: onNeedNetworkFor NetworkRequest [ BACKGROUND_REQUEST id=2, [ Transports: CELLULAR Capabilities: INTERNET&NOT_RESTRICTED&TRUSTED&NOT_VPN AdministratorUids: [] RequestorUid: 1000 RequestorPackageName: android] ] shouldApply false
05-02 20:49:10.220 887 887 D TelephonyNetworkFactory[0]: onNeedNetworkFor NetworkRequest [ REQUEST id=12, [ Capabilities: INTERNET&NOT_RESTRICTED&TRUSTED&NOT_VPN AdministratorUids: [] RequestorUid: 1073 RequestorPackageName: com.android.networkstack] ] shouldApply false
05-02 20:49:10.221 887 887 D TelephonyNetworkFactory[0]: onNeedNetworkFor NetworkRequest [ TRACK_DEFAULT id=9, [ Capabilities: INTERNET&NOT_RESTRICTED&TRUSTED Uid: 1000 AdministratorUids: [] RequestorUid: 1000 RequestorPackageName: android] ] shouldApply false
05-02 20:49:10.221 887 887 D TelephonyNetworkFactory[0]: onNeedNetworkFor NetworkRequest [ REQUEST id=1, [ Capabilities: INTERNET&NOT_RESTRICTED&TRUSTED&NOT_VPN AdministratorUids: [] RequestorUid: 1000 RequestorPackageName: android] ] shouldApply false
05-02 20:49:10.222 887 887 D TelephonyNetworkFactory[0]: onNeedNetworkFor NetworkRequest [ TRACK_DEFAULT id=10, [ Capabilities: INTERNET&NOT_RESTRICTED&TRUSTED Uid: 1073 AdministratorUids: [] RequestorUid: 1073 RequestorPackageName: com.android.networkstack] ] shouldApply false
05-02 20:49:10.223 887 887 D DcRequest: Cellular request confirmed: NetworkRequest [ TRACK_DEFAULT id=15, [ Capabilities: INTERNET&NOT_RESTRICTED&TRUSTED Uid: 10121 AdministratorUids: [] RequestorUid: 10121 RequestorPackageName: com.android.systemui] ]
05-02 20:49:10.224 525 619 D ConnectivityService: NetReassign [no changes]
05-02 20:49:10.224 887 887 D PhoneSwitcher: evaluating due to netRequest
05-02 20:49:10.224 887 887 D PhoneSwitcher: notifyPreferredDataSubIdChanged to -1
05-02 20:49:10.226 887 887 D PhoneSwitcher: Added DcRequest, size: 6
05-02 20:49:10.227 887 887 D TelephonyNetworkFactory[0]: onNeedNetworkFor NetworkRequest [ TRACK_DEFAULT id=15, [ Capabilities: INTERNET&NOT_RESTRICTED&TRUSTED Uid: 10121 AdministratorUids: [] RequestorUid: 10121 RequestorPackageName: com.android.systemui] ] shouldApply false
05-02 20:49:10.227 887 887 D TelephonyNetworkFactory[0]: onNeedNetworkFor NetworkRequest [ TRACK_DEFAULT id=16, [ Capabilities: INTERNET&NOT_RESTRICTED&TRUSTED Uid: 10121 AdministratorUids: [] RequestorUid: 10121 RequestorPackageName: com.android.systemui] ] shouldApply false
05-02 20:49:10.229 887 887 D DcRequest: Cellular request confirmed: NetworkRequest [ TRACK_DEFAULT id=16, [ Capabilities: INTERNET&NOT_RESTRICTED&TRUSTED Uid: 10121 AdministratorUids: [] RequestorUid: 10121 RequestorPackageName: com.android.systemui] ]
05-02 20:49:10.230 887 887 D PhoneSwitcher: evaluating due to netRequest
05-02 20:49:10.230 887 887 D PhoneSwitcher: notifyPreferredDataSubIdChanged to -1
05-02 20:49:10.231 887 887 D PhoneSwitcher: Added DcRequest, size: 7
05-02 20:49:10.232 887 887 I Telephony: handleVideoCapabilitesChanged. Video capability - false
05-02 20:49:10.234 685 685 D KeyguardViewMediator: adjustStatusBarLocked: mShowing=true mOccluded=false isSecure=false force=false --> flags=0x1200000
05-02 20:49:10.234 887 887 E PhoneInterfaceManager: [PhoneIntfMgr] getIccId: No UICC
05-02 20:49:10.235 887 887 D Telephony: isEmergencyPreferredAccount: subId=-1, activeData=-1
05-02 20:49:10.235 685 685 D NavigationModeController: getCurrentInteractionMode: mode=0 contextUser=0
05-02 20:49:10.235 887 887 D Telephony: isEmergencyPreferredAccount: Device does not require preference.
05-02 20:49:10.235 887 887 I Telephony: isRttCurrentlySupported -- emergency acct and no device support
05-02 20:49:10.244 525 811 I Telecom : PhoneAccountRegistrar: Modify account: [ComponentInfo{com.android.phone/com.android.services.telephony.TelephonyConnectionService}, ***, UserHandle{0}]: TSI.rPA@AAg
05-02 20:49:10.246 525 811 I Telecom : CallsManager: handlePhoneAccountChanged: phoneAccount=[[X] PhoneAccount: ComponentInfo{com.android.phone/com.android.services.telephony.TelephonyConnectionService}, ***, UserHandle{0} Capabilities: CallProvider MultiUser PlaceEmerg SimSub Audio Routes: BESW Schemes: tel voicemail Extras: Bundle[{android.telecom.extra.SUPPORTS_VIDEO_CALLING_FALLBACK=true}] GroupId: ***]: TSI.rPA@AAg
05-02 20:49:10.247 887 887 D NRM-C-0 : service ComponentInfo{com.android.phone/com.android.internal.telephony.CellularNetworkService} for transport WWAN is now connected.
05-02 20:49:10.247 887 887 D DSM-C-0 : onServiceConnected
05-02 20:49:10.247 685 685 D SystemUIBootTiming: StartServicescom.android.systemui.statusbar.phone.StatusBar took to complete: 1038ms
05-02 20:49:10.247 685 685 W SystemUIService: Initialization of com.android.systemui.statusbar.phone.StatusBar took 1038 ms
05-02 20:49:10.248 887 1097 D CellularDataService: Cellular data service created for slot 0
05-02 20:49:10.249 685 1082 W ActivityThread: Failed to find provider info for com.android.contacts (user not unlocked)
05-02 20:49:10.249 887 887 D DcRequest: Cellular request confirmed: NetworkRequest [ TRACK_DEFAULT id=17, [ Capabilities: INTERNET&NOT_RESTRICTED&TRUSTED Uid: 1001 AdministratorUids: [] RequestorUid: 1001 RequestorPackageName: com.android.phone] ]
05-02 20:49:10.250 887 887 D PhoneSwitcher: evaluating due to netRequest
05-02 20:49:10.250 887 887 D PhoneSwitcher: notifyPreferredDataSubIdChanged to -1
05-02 20:49:10.253 887 887 D PhoneSwitcher: Added DcRequest, size: 8
05-02 20:49:10.255 887 887 D TelephonyNetworkFactory[0]: onNeedNetworkFor NetworkRequest [ TRACK_DEFAULT id=17, [ Capabilities: INTERNET&NOT_RESTRICTED&TRUSTED Uid: 1001 AdministratorUids: [] RequestorUid: 1001 RequestorPackageName: com.android.phone] ] shouldApply false
05-02 20:49:10.256 887 887 D Telephony: isEmergencyPreferredAccount: subId=-1, activeData=-1
05-02 20:49:10.256 887 887 D Telephony: isEmergencyPreferredAccount: Device does not require preference.
05-02 20:49:10.256 887 887 D Telephony: isEmergencyPreferredAccount: subId=-1, activeData=-1
05-02 20:49:10.256 887 887 D Telephony: isEmergencyPreferredAccount: Device does not require preference.
05-02 20:49:10.257 685 685 D StorageNotification: Notifying about private volume: VolumeInfo{private}:
05-02 20:49:10.257 685 685 D StorageNotification: type=PRIVATE diskId=null partGuid=null mountFlags=0 mountUserId=-10000
05-02 20:49:10.257 685 685 D StorageNotification: state=MOUNTED
05-02 20:49:10.257 685 685 D StorageNotification: fsType=null fsUuid=null fsLabel=null
05-02 20:49:10.257 685 685 D StorageNotification: path=/data internalPath=null
05-02 20:49:10.257 887 887 D Telephony: isEmergencyPreferredAccount: subId=-1, activeData=-1
05-02 20:49:10.257 887 887 D Telephony: isEmergencyPreferredAccount: Device does not require preference.
05-02 20:49:10.257 887 887 D Telephony: isEmergencyPreferredAccount: subId=-1, activeData=-1
05-02 20:49:10.258 887 887 D Telephony: isEmergencyPreferredAccount: Device does not require preference.
05-02 20:49:10.258 887 887 D Telephony: isEmergencyPreferredAccount: subId=-1, activeData=-1
05-02 20:49:10.258 887 887 D Telephony: isEmergencyPreferredAccount: Device does not require preference.
05-02 20:49:10.258 887 887 D Telephony: isEmergencyPreferredAccount: subId=-1, activeData=-1
05-02 20:49:10.259 887 887 D Telephony: isEmergencyPreferredAccount: Device does not require preference.
05-02 20:49:10.259 887 887 D Telephony: isEmergencyPreferredAccount: subId=-1, activeData=-1
05-02 20:49:10.259 887 887 D Telephony: isEmergencyPreferredAccount: Device does not require preference.
05-02 20:49:10.259 685 685 D SystemUIBootTiming: StartServicescom.android.systemui.usb.StorageNotification took to complete: 11ms
05-02 20:49:10.260 887 887 D Telephony: isEmergencyPreferredAccount: subId=-1, activeData=-1
05-02 20:49:10.260 887 1063 D Dcc-C-0 : DccDefaultState: msg.what=EVENT_RIL_CONNECTED mRilVersion=15
05-02 20:49:10.260 887 887 D Telephony: isEmergencyPreferredAccount: Device does not require preference.
05-02 20:49:10.277 685 685 D SystemUIBootTiming: StartServicescom.android.systemui.power.PowerUI took to complete: 18ms
05-02 20:49:10.279 685 685 D SystemUIBootTiming: StartServicescom.android.systemui.media.RingtonePlayer took to complete: 2ms
05-02 20:49:10.280 685 685 D SystemUIBootTiming: StartServicescom.android.systemui.keyboard.KeyboardUI took to complete: 1ms
05-02 20:49:10.281 685 685 D SystemUIBootTiming: StartServicescom.android.systemui.pip.PipUI took to complete: 1ms
05-02 20:49:10.283 685 685 D SystemUIBootTiming: StartServicescom.android.systemui.shortcut.ShortcutKeyDispatcher took to complete: 2ms
05-02 20:49:10.283 685 685 D SystemUIBootTiming: StartServicescom.android.systemui.VendorServices took to complete: 0ms
05-02 20:49:10.285 685 685 D SystemUIBootTiming: StartServicescom.android.systemui.util.leak.GarbageMonitor$Service took to complete: 2ms
05-02 20:49:10.286 685 685 D SystemUIBootTiming: StartServicescom.android.systemui.LatencyTester took to complete: 1ms
05-02 20:49:10.289 685 685 D SystemUIBootTiming: StartServicescom.android.systemui.globalactions.GlobalActionsComponent took to complete: 3ms
05-02 20:49:10.291 685 685 D SystemUIBootTiming: StartServicescom.android.systemui.ScreenDecorations took to complete: 2ms
05-02 20:49:10.293 685 685 D SystemUIBootTiming: StartServicescom.android.systemui.biometrics.AuthController took to complete: 2ms
05-02 20:49:10.293 685 685 D SystemUIBootTiming: StartServicescom.android.systemui.SliceBroadcastRelayHandler took to complete: 0ms
05-02 20:49:10.294 685 685 D SystemUIBootTiming: StartServicescom.android.systemui.SizeCompatModeActivityController took to complete: 0ms
05-02 20:49:10.297 685 685 D SystemUIBootTiming: StartServicescom.android.systemui.statusbar.notification.InstantAppNotifier took to complete: 3ms
05-02 20:49:10.301 685 685 D SystemUIBootTiming: StartServicescom.android.systemui.theme.ThemeOverlayController took to complete: 4ms
05-02 20:49:10.302 685 685 D SystemUIBootTiming: StartServicescom.android.systemui.accessibility.WindowMagnification took to complete: 1ms
05-02 20:49:10.325 685 685 D SystemUIBootTiming: StartServicescom.android.systemui.accessibility.SystemActions took to complete: 22ms
05-02 20:49:10.325 685 685 D SystemUIBootTiming: StartServicescom.android.systemui.toast.ToastUI took to complete: 0ms
05-02 20:49:10.350 685 685 D StatusBar: disable disable2
05-02 20:49:10.351 685 685 D SystemUIBootTiming: StartServices took to complete: 1844ms
05-02 20:49:10.365 685 685 W KeyguardUpdateMonitor: invalid subId in handleServiceStateChange()
05-02 20:49:10.367 685 1103 D KeyguardViewMediator: onStartedWakingUp, seq = 1
05-02 20:49:10.367 685 1103 D KeyguardViewMediator: notifyStartedWakingUp
05-02 20:49:10.368 685 1031 D KeyguardViewMediator: notifyScreenOn
05-02 20:49:10.368 685 712 D KeyguardViewMediator: notifyScreenTurnedOn
05-02 20:49:10.370 685 712 D KeyguardViewMediator: adjustStatusBarLocked: mShowing=true mOccluded=false isSecure=false force=false --> flags=0x1200000
05-02 20:49:10.379 685 685 E libEGL : validate_display:89 error 3001 (EGL_NOT_INITIALIZED)
05-02 20:49:10.488 525 544 D BluetoothManagerService: MESSAGE_RESTART_BLUETOOTH_SERVICE: retry count=1
05-02 20:49:10.488 525 544 D BluetoothManagerService: binding Bluetooth service
05-02 20:49:10.489 525 544 I am_uid_running: 1002
05-02 20:49:10.491 525 544 D CompatibilityChangeReporter: Compat change id reported: 135634846; UID 1002; state: DISABLED
05-02 20:49:10.491 525 544 D CompatibilityChangeReporter: Compat change id reported: 135754954; UID 1002; state: ENABLED
05-02 20:49:10.505 338 338 D Zygote : Forked child process 1104
05-02 20:49:10.508 525 553 I am_proc_start: [0,1104,1002,com.android.bluetooth,service,{com.android.bluetooth/com.android.bluetooth.btservice.AdapterService}]
05-02 20:49:10.508 525 553 I ActivityManager: Start proc 1104:com.android.bluetooth/1002 for service {com.android.bluetooth/com.android.bluetooth.btservice.AdapterService}
05-02 20:49:10.510 1104 1104 I Zygote : seccomp disabled by setenforce 0
05-02 20:49:10.529 228 228 I hwservicemanager: getTransport: Cannot find entry android.hardware.configstore@1.0::ISurfaceFlingerConfigs/default in either framework or device manifest.
05-02 20:49:10.529 572 576 I adbd : jdwp connection from 1104
05-02 20:49:10.530 685 1004 D EglHelper: createEglContext start
05-02 20:49:10.531 525 588 I wm_task_created: [3,-1]
05-02 20:49:10.531 525 588 I wm_stack_created: 3
05-02 20:49:10.537 525 849 I am_proc_bound: [0,1104,com.android.bluetooth]
05-02 20:49:10.538 685 1004 D EglHelper: createEglContext done
05-02 20:49:10.539 685 1004 D EglHelper: createEglSurface start
05-02 20:49:10.541 525 540 I wm_task_created: [4,-1]
05-02 20:49:10.542 525 540 I wm_stack_created: 4
05-02 20:49:10.547 685 1004 I display : open gpu gralloc module!
05-02 20:49:10.552 369 608 W ServiceManager: Permission failure: android.permission.ACCESS_SURFACE_FLINGER from uid=10121 pid=685
05-02 20:49:10.552 369 608 D PermissionCache: checking android.permission.ACCESS_SURFACE_FLINGER for uid=10121 => denied (1672 us)
05-02 20:49:10.555 525 849 I am_uid_active: 1002
05-02 20:49:10.555 685 1004 D EglHelper: createEglSurface done
05-02 20:49:10.582 1104 1104 I chatty : uid=1002(bluetooth) com.android.bluetooth expire 44 lines
05-02 20:49:10.604 685 685 D Tonal : Tonal Palette - index: 1. Main color: ff03252e
05-02 20:49:10.604 685 685 D Tonal : Colors: ff011216, ff03252e, ff053c46, ff065463, ff097986, ff0b89aa, ff0da5ce, ff3cbddf, ff4fc6f3, ff6cccf5, ff8ed2f8, ffbde4fb, ffdef3fd
05-02 20:49:10.604 685 685 D Tonal : Tonal Palette - index: 1. Main color: ff03252e
05-02 20:49:10.604 685 685 D Tonal : Colors: ff011216, ff03252e, ff053c46, ff065463, ff097986, ff0b89aa, ff0da5ce, ff3cbddf, ff4fc6f3, ff6cccf5, ff8ed2f8, ffbde4fb, ffdef3fd
05-02 20:49:10.666 1104 1127 I chatty : uid=1002(bluetooth) com.android.bluetooth expire 9 lines
05-02 20:49:10.694 1104 1130 I chatty : uid=1002(bluetooth) com.android.bluetooth expire 17 lines
05-02 20:49:10.699 1104 1133 I chatty : uid=1002(bluetooth) com.android.bluetooth expire 1 line
05-02 20:49:10.700 1104 1134 I chatty : uid=1002(bluetooth) com.android.bluetooth expire 1 line
05-02 20:49:10.700 1104 1130 I bt_config_source: 1
05-02 20:49:10.702 1104 1135 I chatty : uid=1002(bluetooth) com.android.bluetooth expire 5 lines
05-02 20:49:10.705 525 525 D BluetoothManagerService: Bluetooth Adapter name changed to iMX8
05-02 20:49:10.705 525 525 D BluetoothManagerService: Stored Bluetooth name: iMX8
05-02 20:49:10.722 1104 1136 I chatty : uid=1002(bluetooth) com.android.bluetooth expire 4 lines
05-02 20:49:10.724 685 685 I Choreographer: Skipped 37 frames! The application may be doing too much work on its main thread.
05-02 20:49:10.725 525 849 E WindowManager: Window Session Crash
05-02 20:49:10.725 525 849 E WindowManager: java.lang.IllegalArgumentException: Requested window null does not exist
05-02 20:49:10.725 525 849 E WindowManager: at com.android.server.wm.WindowManagerService.windowForClientLocked(WindowManagerService.java:5443)
05-02 20:49:10.725 525 849 E WindowManager: at com.android.server.wm.Session.actionOnWallpaper(Session.java:356)
05-02 20:49:10.725 525 849 E WindowManager: at com.android.server.wm.Session.setWallpaperZoomOut(Session.java:382)
05-02 20:49:10.725 525 849 E WindowManager: at android.view.IWindowSession$Stub.onTransact(IWindowSession.java:1154)
05-02 20:49:10.725 525 849 E WindowManager: at com.android.server.wm.Session.onTransact(Session.java:139)
05-02 20:49:10.725 525 849 E WindowManager: at android.os.Binder.execTransactInternal(Binder.java:1159)
05-02 20:49:10.725 525 849 E WindowManager: at android.os.Binder.execTransact(Binder.java:1123)
05-02 20:49:10.726 525 552 I am_wtf : [0,0,system_server,-1,WindowManager,Requested window null does not exist]
05-02 20:49:10.726 525 849 I chatty : uid=1000(system) Binder:525_9 expire 2 lines
05-02 20:49:10.727 525 552 I DropBoxManagerService: add tag=system_server_wtf isTagEnabled=true flags=0x2
05-02 20:49:10.764 355 355 I chatty : uid=1000(system) allocator@4.0-s expire 24 lines
05-02 20:49:10.784 685 685 D KeyguardClockSwitch: Updating clock: 849
05-02 20:49:10.786 525 525 D BluetoothManagerService: BluetoothServiceConnection: com.android.bluetooth.btservice.AdapterService
05-02 20:49:10.787 525 544 D BluetoothManagerService: MESSAGE_BLUETOOTH_SERVICE_CONNECTED: 1
05-02 20:49:10.788 525 544 D BluetoothManagerService: Broadcasting onBluetoothServiceUp() to 4 receivers.
05-02 20:49:10.789 887 1070 D BluetoothAdapter: onBluetoothServiceUp: android.bluetooth.IBluetooth$Stub$Proxy@cd3222d
05-02 20:49:10.789 685 1103 D BluetoothAdapter: onBluetoothServiceUp: android.bluetooth.IBluetooth$Stub$Proxy@5f96106
05-02 20:49:10.789 1104 1125 I chatty : uid=1002(bluetooth) com.android.bluetooth expire 1 line
05-02 20:49:10.790 1104 1124 I chatty : uid=1002(bluetooth) com.android.bluetooth expire 1 line
05-02 20:49:10.793 525 544 D BluetoothManagerService: MESSAGE_BLUETOOTH_STATE_CHANGE: OFF > BLE_TURNING_ON
05-02 20:49:10.793 525 544 D BluetoothManagerService: Sending BLE State Change: OFF > BLE_TURNING_ON
05-02 20:49:10.800 1104 1138 I chatty : uid=1002(bluetooth) com.android.bluetooth expire 5 lines
05-02 20:49:10.813 1104 1143 I chatty : uid=1002(bluetooth) com.android.bluetooth expire 1 line
05-02 20:49:10.841 685 1000 W ActivityThread: Failed to find provider info for com.android.contacts (user not unlocked)
05-02 20:49:10.846 1104 1147 I chatty : uid=1002(bluetooth) com.android.bluetooth expire 4 lines
05-02 20:49:10.848 228 228 I hwservicemanager: getTransport: Cannot find entry android.hardware.bluetooth@1.1::IBluetoothHci/default in either framework or device manifest.
05-02 20:49:10.865 685 1000 W ActivityThread: Failed to find provider info for com.android.contacts (user not unlocked)
05-02 20:49:10.948 685 685 W Resources: Drawable com.android.systemui:anim/lock_unlock has unresolved theme attributes! Consider using Resources.getDrawable(int, Theme) or Context.getDrawable(int).
05-02 20:49:10.948 685 685 W Resources: java.lang.RuntimeException
05-02 20:49:10.948 685 685 W Resources: at android.content.res.Resources.getDrawable(Resources.java:899)
05-02 20:49:10.948 685 685 W Resources: at com.android.systemui.statusbar.phone.LockIcon.getIcon(LockIcon.java:174)
05-02 20:49:10.948 685 685 W Resources: at com.android.systemui.statusbar.phone.LockIcon.access$200(LockIcon.java:45)
05-02 20:49:10.948 685 685 W Resources: at com.android.systemui.statusbar.phone.LockIcon$1.onPreDraw(LockIcon.java:68)
05-02 20:49:10.948 685 685 W Resources: at android.view.ViewTreeObserver.dispatchOnPreDraw(ViewTreeObserver.java:1093)
05-02 20:49:10.948 685 685 W Resources: at android.view.ViewRootImpl.performTraversals(ViewRootImpl.java:3094)
05-02 20:49:10.948 685 685 W Resources: at android.view.ViewRootImpl.doTraversal(ViewRootImpl.java:1948)
05-02 20:49:10.948 685 685 W Resources: at android.view.ViewRootImpl$TraversalRunnable.run(ViewRootImpl.java:8177)
05-02 20:49:10.948 685 685 W Resources: at android.view.Choreographer$CallbackRecord.run(Choreographer.java:972)
05-02 20:49:10.948 685 685 W Resources: at android.view.Choreographer.doCallbacks(Choreographer.java:796)
05-02 20:49:10.948 685 685 W Resources: at android.view.Choreographer.doFrame(Choreographer.java:731)
05-02 20:49:10.948 685 685 W Resources: at android.view.Choreographer$FrameDisplayEventReceiver.run(Choreographer.java:957)
05-02 20:49:10.948 685 685 W Resources: at android.os.Handler.handleCallback(Handler.java:938)
05-02 20:49:10.948 685 685 W Resources: at android.os.Handler.dispatchMessage(Handler.java:99)
05-02 20:49:10.948 685 685 W Resources: at android.os.Looper.loop(Looper.java:223)
05-02 20:49:10.948 685 685 W Resources: at android.app.ActivityThread.main(ActivityThread.java:7660)
05-02 20:49:10.948 685 685 W Resources: at java.lang.reflect.Method.invoke(Native Method)
05-02 20:49:10.948 685 685 W Resources: at com.android.internal.os.RuntimeInit$MethodAndArgsCaller.run(RuntimeInit.java:592)
05-02 20:49:10.948 685 685 W Resources: at com.android.internal.os.ZygoteInit.main(ZygoteInit.java:947)
05-02 20:49:10.973 685 1094 I OpenGLRenderer: Davey! duration=875ms; Flags=1, IntendedVsync=23998186291, Vsync=24614852970, OldestInputEvent=9223372036854775807, NewestInputEvent=0, HandleInputStart=24630377750, AnimationStart=24630380500, PerformTraversalsStart=24632242125, DrawStart=24862077375, SyncQueued=24862527250, SyncStart=24867937625, IssueDrawCommandsStart=24868266000, SwapBuffers=24875897875, FrameCompleted=24879503375, DequeueBufferDuration=88625, QueueBufferDuration=327875, GpuCompleted=0,
05-02 20:49:11.043 685 1094 I OpenGLRenderer: Davey! duration=949ms; Flags=1, IntendedVsync=23998186291, Vsync=24614852970, OldestInputEvent=9223372036854775807, NewestInputEvent=0, HandleInputStart=24630377750, AnimationStart=24630380500, PerformTraversalsStart=24632242125, DrawStart=24917741625, SyncQueued=24919502500, SyncStart=24921453875, IssueDrawCommandsStart=24921582375, SwapBuffers=24948340000, FrameCompleted=24949576375, DequeueBufferDuration=92750, QueueBufferDuration=439750, GpuCompleted=0,
05-02 20:49:11.045 525 546 V WindowManager: Orientation start waiting for draw, mDrawState=DRAW_PENDING in Window{ff0cdbe u0 NotificationShade}, surfaceController Surface(name=NotificationShade)/@0x46acb37
05-02 20:49:11.052 525 546 V WindowManager: Orientation start waiting for draw, mDrawState=DRAW_PENDING in Window{8fbd54a u0 com.android.systemui.ImageWallpaper}, surfaceController Surface(name=com.android.systemui.ImageWallpaper)/@0x1527609
05-02 20:49:11.053 685 685 D QSTileHost: Recreating tiles
05-02 20:49:11.054 685 685 D QSTileHost: Creating tile: wifi
05-02 20:49:11.059 685 685 D QSTileHost: Creating tile: bt
05-02 20:49:11.061 685 685 D QSTileHost: Creating tile: dnd
05-02 20:49:11.064 685 685 D QSTileHost: Creating tile: flashlight
05-02 20:49:11.066 685 685 D QSTileHost: Destroying not available tile: flashlight
05-02 20:49:11.066 685 685 D QSTileHost: Creating tile: rotation
05-02 20:49:11.067 685 685 D QSTileHost: Creating tile: battery
05-02 20:49:11.068 685 685 D QSTileHost: Creating tile: cell
05-02 20:49:11.070 685 685 D QSTileHost: Creating tile: airplane
05-02 20:49:11.071 685 685 D QSTileHost: Creating tile: cast
05-02 20:49:11.072 685 685 D QSTileHost: Creating tile: screenrecord
05-02 20:49:11.074 685 685 D QSTileHost: Creating tile: dbg:mem
05-02 20:49:11.093 887 1070 D SubscriptionController: [getSlotIndex]- subId invalid
05-02 20:49:11.232 1104 1147 F libc : Fatal signal 6 (SIGABRT), code -1 (SI_QUEUE) in tid 1147 (bt_hci_thread), pid 1104 (droid.bluetooth)
05-02 20:49:11.302 1153 1153 I chatty : uid=1002(bluetooth) crash_dump64 expire 24 lines
05-02 20:49:11.304 331 331 I tombstoned: received crash request for pid 1147
05-02 20:49:11.320 1153 1153 F DEBUG : *** *** *** *** *** *** *** *** *** *** *** *** *** *** *** ***
05-02 20:49:11.320 1153 1153 F DEBUG : Build fingerprint: 'Android/evk_8mm/evk_8mm:11/RQ2A.210505.002/eng.kiran.20220502.202049:userdebug/dev-keys'
05-02 20:49:11.320 1153 1153 F DEBUG : Revision: '0'
05-02 20:49:11.320 1153 1153 F DEBUG : ABI: 'arm64'
05-02 20:49:11.321 1153 1153 F DEBUG : Timestamp: 2022-05-02 20:49:11+0000
05-02 20:49:11.321 1153 1153 F DEBUG : pid: 1104, tid: 1147, name: bt_hci_thread >>> com.android.bluetooth <<<
05-02 20:49:11.321 1153 1153 F DEBUG : uid: 1002
05-02 20:49:11.321 1153 1153 F DEBUG : signal 6 (SIGABRT), code -1 (SI_QUEUE), fault addr --------
05-02 20:49:11.322 1153 1153 F DEBUG : Abort message: '[0502/204911.209127:FATAL:hci_layer_android.cc(102)] Check failed: status == Status::SUCCESS.
05-02 20:49:11.322 1153 1153 F DEBUG : #00 0x0000e8ef4b20738f /system/lib64/libchrome.so+0x00000000000b738f
05-02 20:49:11.322 1153 1153 F DEBUG : #01 0x0000e8ef4ac6dcb3 /system/lib64/libbluetooth.so+0x0000000000266cb3
05-02 20:49:11.322 1153 1153 F DEBUG : #02 0x0000e8ef4a9af57b /system/lib64/android.hardware.bluetooth@1.0.so+0x000000000001b57b
05-02 20:49:11.322 1153 1153 F DEBUG : #03 0x0000e8ef4afedc3b /system/lib64/android.hardware.bluetooth@1.1.so+0x000000000001bc3b
05-02 20:49:11.322 1153 1153 F DEBUG : #04 0x0000e8f1c84d989b /system/lib64/libhidlbase.so+0x000000000009489b
05-02 20:49:11.322 1153 1153 F DEBUG : #05 0x0000e8f1c84df7ab /system/lib64/libhidlbase.so+0x000000000009a7ab
05-02 20:49:11.322 1153 1153 F DEBUG : #06 0x0000e8f1c84da4b7 /system/lib64/libhidlbase.so+0x00000000000954b7
05-02 20:49:11.322 1153 1153 F DEBUG : #07 0x0000e8ef4a9a459b /system/lib64/android.hardware.bluetooth@1.0.so+0x000000000001059b
05-02 20:49:11.322 1153 1153 F DEBUG : #08 0x0000e8ef4ac6d6a3 /system/lib64/libbluetooth.so+0x00000000002666a3
05-02 20:49:11.322 1153 1153 F DEBUG : #09 0x0000e8ef4b1ee8a3 /system/lib64/libchrome.so+0x000000000009e8a3
05-02 20:49:11.322 1153 1153 F DEBUG : #10 0x0000e8ef4b20f027 /system/lib64/libchrome.so+0x00000000000bf027
05-02 20:49:11.322 1153 1153 F DEBUG : #11 0x0000e8ef4b20f3d3 /system/lib64/libchrome.so+0x00000000000bf3d3
05-02 20:49:11.322 1153 1153 F DEBUG : #12 0x0000e8ef4b210bd3 /system/lib64/libchrome.so+0x00000000000c0bd3
05-02 20:49:11.322 1153 1153 F DEBUG : #13 0x0000e8ef4b233277 /system/lib64/libchrome.so+0x00000000000e3277
05-02 20:49:11.322 1153 1153 F DEBUG : #14 0x0000e8ef4abaa40f /system/lib64/libbluetooth.so+0x00000000001a340f
05-02 20:49:11.322 1153 1153 F DEBUG : #15 0x0000e8ef4aba9f53 /system/lib64/libbluetooth.so+0x00000000001a2f53
05-02 20:49:11.322 1153 1153 F DEBUG : #16 0x0000e8ef4abaa917 /system/lib64/libbluetooth.so+0x00000000001a3917
05-02 20:49:11.322 1153 1153 F DEBUG : #17 0x0000e8f1c648ec0b /apex/com.android.runtime/lib64/bionic/libc.so+0x00000000000b0c0b
05-02 20:49:11.322 1153 1153 F DEBUG : #18 0x0000e8f1c642e5d3 /apex/com.android.runtime/lib64/bionic/libc.so+0x00000000000505d3
05-02 20:49:11.322 1153 1153 F DEBUG : #19 0xffffffffffffffff
05-02 20:49:11.322 1153 1153 F DEBUG :
05-02 20:49:11.322 1153 1153 F DEBUG : '
05-02 20:49:11.322 1153 1153 F DEBUG : x0 0000000000000000 x1 000000000000047b x2 0000000000000006 x3 0000e8ef3a9f9610
05-02 20:49:11.322 1153 1153 F DEBUG : x4 feffe6ff09093d6d x5 feffe6ff09093d6d x6 feffe6ff09093d6d x7 7f7fff7f7f7f7f7f
05-02 20:49:11.322 1153 1153 F DEBUG : x8 00000000000000f0 x9 0000e8f1c63fe7e0 x10 ffffff80fffffbdf x11 0000000000000001
05-02 20:49:11.322 1153 1153 F DEBUG : x12 0000e8ef3a9f8420 x13 000000000000061d x14 0000e8ef3a9f84d0 x15 000000001183c73a
05-02 20:49:11.322 1153 1153 F DEBUG : x16 0000e8f1c6497c80 x17 0000e8f1c64793c0 x18 0000e8ef39e5a028 x19 00000000000000ac
05-02 20:49:11.322 1153 1153 F DEBUG : x20 0000000000000450 x21 00000000000000b2 x22 000000000000047b x23 00000000ffffffff
05-02 20:49:11.322 1153 1153 F DEBUG : x24 0000e8ef4b27d000 x25 0000e8f1c649af28 x26 0000e8ef3a9fb000 x27 0000e8ef3a9f9708
05-02 20:49:11.322 1153 1153 F DEBUG : x28 0000000000000450 x29 0000e8ef3a9f9690
05-02 20:49:11.322 1153 1153 F DEBUG : lr 0000e8f1c642c544 sp 0000e8ef3a9f95f0 pc 0000e8f1c642c574 pst 0000000000000000
05-02 20:49:11.392 1153 1153 F DEBUG : backtrace:
05-02 20:49:11.392 1153 1153 F DEBUG : #00 pc 000000000004e574 /apex/com.android.runtime/lib64/bionic/libc.so (abort+180) (BuildId: 2338ca8a340db969666f0073f3371d96)
05-02 20:49:11.392 1153 1153 F DEBUG : #01 pc 000000000009d7e4 /system/lib64/libchrome.so (base::debug::BreakDebugger()+20) (BuildId: d09629fde1649584555f8bdbb82b7e43)
05-02 20:49:11.392 1153 1153 F DEBUG : #02 pc 00000000000b77d0 /system/lib64/libchrome.so (logging::LogMessage::~LogMessage()+1312) (BuildId: d09629fde1649584555f8bdbb82b7e43)
05-02 20:49:11.392 1153 1153 F DEBUG : #03 pc 0000000000266cb0 /system/lib64/libbluetooth.so (BluetoothHciCallbacks::initializationComplete(android::hardware::bluetooth::V1_0::Status)+120) (BuildId: 87cc65273a2f0dc4def578e33d2562c2)
05-02 20:49:11.393 1153 1153 F DEBUG : #04 pc 000000000001b578 /system/lib64/android.hardware.bluetooth@1.0.so (android::hardware::bluetooth::V1_0::BnHwBluetoothHciCallbacks::_hidl_initializationComplete(android::hidl::base::V1_0::BnHwBase*, android::hardware::Parcel const&, android::hardware::Parcel*, std::__1::function)+184) (BuildId: 0296ed46349be614c375cae0f90266ff)
05-02 20:49:11.393 1153 1153 F DEBUG : #05 pc 000000000001bc38 /system/lib64/android.hardware.bluetooth@1.1.so (android::hardware::bluetooth::V1_1::BnHwBluetoothHciCallbacks::onTransact(unsigned int, android::hardware::Parcel const&, android::hardware::Parcel*, unsigned int, std::__1::function)+552) (BuildId: 487535fb4e5d76b170fabe39fc61ca32)
05-02 20:49:11.393 1153 1153 F DEBUG : #06 pc 0000000000094898 /system/lib64/libhidlbase.so (android::hardware::BHwBinder::transact(unsigned int, android::hardware::Parcel const&, android::hardware::Parcel*, unsigned int, std::__1::function)+72) (BuildId: d936c383e6af0d8aee8ac56dcdfe7291)
05-02 20:49:11.393 1153 1153 F DEBUG : #07 pc 000000000009a7a8 /system/lib64/libhidlbase.so (android::hardware::IPCThreadState::transact(int, unsigned int, android::hardware::Parcel const&, android::hardware::Parcel*, unsigned int)+2272) (BuildId: d936c383e6af0d8aee8ac56dcdfe7291)
05-02 20:49:11.393 1153 1153 F DEBUG : #08 pc 00000000000954b4 /system/lib64/libhidlbase.so (android::hardware::BpHwBinder::transact(unsigned int, android::hardware::Parcel const&, android::hardware::Parcel*, unsigned int, std::__1::function)+76) (BuildId: d936c383e6af0d8aee8ac56dcdfe7291)
05-02 20:49:11.393 1153 1153 F DEBUG : #09 pc 0000000000010598 /system/lib64/android.hardware.bluetooth@1.0.so (android::hardware::bluetooth::V1_0::BpHwBluetoothHci::_hidl_initialize(android::hardware::IInterface*, android::hardware::details::HidlInstrumentor*, android::sp const&)+368) (BuildId: 0296ed46349be614c375cae0f90266ff)
05-02 20:49:11.393 1153 1153 F DEBUG : #10 pc 00000000002666a0 /system/lib64/libbluetooth.so (hci_initialize()+856) (BuildId: 87cc65273a2f0dc4def578e33d2562c2)
05-02 20:49:11.393 1153 1153 F DEBUG : #11 pc 000000000009e8a0 /system/lib64/libchrome.so (base::debug::TaskAnnotator::RunTask(char const*, base::PendingTask*)+192) (BuildId: d09629fde1649584555f8bdbb82b7e43)
05-02 20:49:11.393 1153 1153 F DEBUG : #12 pc 00000000000bf024 /system/lib64/libchrome.so (base::MessageLoop::RunTask(base::PendingTask*)+324) (BuildId: d09629fde1649584555f8bdbb82b7e43)
05-02 20:49:11.393 1153 1153 F DEBUG : #13 pc 00000000000bf3d0 /system/lib64/libchrome.so (base::MessageLoop::DoWork()+464) (BuildId: d09629fde1649584555f8bdbb82b7e43)
05-02 20:49:11.393 1153 1153 F DEBUG : #14 pc 00000000000c0bd0 /system/lib64/libchrome.so (base::MessagePumpDefault::Run(base::MessagePump::Delegate*)+104) (BuildId: d09629fde1649584555f8bdbb82b7e43)
05-02 20:49:11.393 1153 1153 F DEBUG : #15 pc 00000000000e3274 /system/lib64/libchrome.so (base::RunLoop::Run()+84) (BuildId: d09629fde1649584555f8bdbb82b7e43)
05-02 20:49:11.393 1153 1153 F DEBUG : #16 pc 00000000001a340c /system/lib64/libbluetooth.so (bluetooth::common::MessageLoopThread::Run(std::__1::promise)+268) (BuildId: 87cc65273a2f0dc4def578e33d2562c2)
05-02 20:49:11.394 1153 1153 F DEBUG : #17 pc 00000000001a2f50 /system/lib64/libbluetooth.so (bluetooth::common::MessageLoopThread::RunThread(bluetooth::common::MessageLoopThread*, std::__1::promise)+48) (BuildId: 87cc65273a2f0dc4def578e33d2562c2)
05-02 20:49:11.394 1153 1153 F DEBUG : #18 pc 00000000001a3914 /system/lib64/libbluetooth.so (void* std::__1::__thread_proxy >, void (*)(bluetooth::common::MessageLoopThread*, std::__1::promise), bluetooth::common::MessageLoopThread*, std::__1::promise > >(void*)+84) (BuildId: 87cc65273a2f0dc4def578e33d2562c2)
05-02 20:49:11.394 1153 1153 F DEBUG : #19 pc 00000000000b0c08 /apex/com.android.runtime/lib64/bionic/libc.so (__pthread_start(void*)+64) (BuildId: 2338ca8a340db969666f0073f3371d96)
