05-02 20:49:21.452 1294 1793 D BluetoothAdapter: onBluetoothServiceDown: android.bluetooth.IBluetooth$Stub$Proxy@264bf64
05-02 20:49:21.452 887 2127 D BluetoothAdapter: onBluetoothServiceDown: android.bluetooth.IBluetooth$Stub$Proxy@46dd74b
05-02 20:49:21.453 685 712 D BluetoothAdapter: onBluetoothServiceDown: android.bluetooth.IBluetooth$Stub$Proxy@cdc4cb2
05-02 20:49:21.523 1314 2118 I MediaProvider: Scanned internal due to REASON_MOUNTED, found 230 items in 889ms, 0 inserts 7 updates 0 deletes
05-02 20:49:21.602 1314 2118 I MediaProvider: Scanned external_primary due to REASON_MOUNTED, found 16 items in 62ms, 0 inserts 0 updates 0 deletes
05-02 20:49:21.605 1314 2118 I MediaProvider: End Intent { act=android.intent.action.MEDIA_MOUNTED dat=file:///storage/emulated/0 flg=0x5000010 cmp=com.android.providers.media.module/com.android.providers.media.MediaService (has extras) }
05-02 20:49:21.606 1314 2118 I MediaProvider: Begin Intent { act=android.intent.action.MEDIA_MOUNTED dat=file:///storage/emulated/0 flg=0x5000010 cmp=com.android.providers.media.module/com.android.providers.media.MediaService (has extras) }
05-02 20:49:21.611 1314 2118 W ModernMediaScanner: Failed to visit /system/media: java.nio.file.NoSuchFileException: /system/media
05-02 20:49:21.614 1314 2118 I MediaProvider: Scanned internal due to REASON_MOUNTED, found 0 items in 4ms, 0 inserts 0 updates 0 deletes
05-02 20:49:21.618 1314 2118 W ModernMediaScanner: Failed to visit /oem/media: java.nio.file.NoSuchFileException: /oem/media
05-02 20:49:21.620 1314 2118 I MediaProvider: Scanned internal due to REASON_MOUNTED, found 0 items in 3ms, 0 inserts 0 updates 0 deletes
05-02 20:49:21.683 422 659 E Utils : did not find channel-count and/or sample-rate
05-02 20:49:21.809 525 551 I sysui_multi_action: [757,1717,758,1,759,0]
05-02 20:49:21.810 525 551 I sysui_multi_action: [757,1717,758,2,759,0]
05-02 20:49:21.810 525 551 I sysui_multi_action: [757,1717,758,3,759,0]
05-02 20:49:22.141 422 659 E Utils : did not find channel-count and/or sample-rate
05-02 20:49:22.243 1314 2118 I MediaProvider: Scanned internal due to REASON_MOUNTED, found 230 items in 620ms, 0 inserts 7 updates 0 deletes
05-02 20:49:22.299 1314 2118 I MediaProvider: Scanned external_primary due to REASON_MOUNTED, found 16 items in 44ms, 0 inserts 0 updates 0 deletes
05-02 20:49:22.302 1314 2118 I MediaProvider: End Intent { act=android.intent.action.MEDIA_MOUNTED dat=file:///storage/emulated/0 flg=0x5000010 cmp=com.android.providers.media.module/com.android.providers.media.MediaService (has extras) }
05-02 20:49:22.488 525 564 V DisplayPowerController: Brightness [0.05] reason changing to: 'manual [ dim ]', previous reason: 'manual'.
05-02 20:49:22.488 525 564 I sysui_multi_action: [757,1696,758,6,759,2]
05-02 20:49:23.454 525 544 D BluetoothManagerService: MESSAGE_RESTART_BLUETOOTH_SERVICE: retry count=5
05-02 20:49:23.454 525 544 D BluetoothManagerService: binding Bluetooth service
05-02 20:49:23.455 525 544 I am_uid_running: 1002
05-02 20:49:23.456 525 544 D CompatibilityChangeReporter: Compat change id reported: 135634846; UID 1002; state: DISABLED
05-02 20:49:23.456 525 544 D CompatibilityChangeReporter: Compat change id reported: 135754954; UID 1002; state: ENABLED
05-02 20:49:23.470 338 338 D Zygote : Forked child process 2134
05-02 20:49:23.473 525 553 I am_proc_start: [0,2134,1002,com.android.bluetooth,service,{com.android.bluetooth/com.android.bluetooth.btservice.AdapterService}]
05-02 20:49:23.473 525 553 I ActivityManager: Start proc 2134:com.android.bluetooth/1002 for service {com.android.bluetooth/com.android.bluetooth.btservice.AdapterService}
05-02 20:49:23.475 2134 2134 I Zygote : seccomp disabled by setenforce 0
05-02 20:49:23.485 572 576 I adbd : jdwp connection from 2134
05-02 20:49:23.493 525 1095 I am_proc_bound: [0,2134,com.android.bluetooth]
05-02 20:49:23.495 525 1095 I am_uid_active: 1002
05-02 20:49:23.509 2134 2134 I droid.bluetoot: The ClassLoaderContext is a special shared library.
05-02 20:49:23.513 2134 2134 I droid.bluetoot: The ClassLoaderContext is a special shared library.
05-02 20:49:23.524 2134 2134 D NetworkSecurityConfig: No Network Security Config specified, using platform default
05-02 20:49:23.525 2134 2134 D NetworkSecurityConfig: No Network Security Config specified, using platform default
05-02 20:49:23.538 2134 2134 D BluetoothOppFileProvider: Initialized
05-02 20:49:23.551 2134 2134 V AdapterServiceConfig: Adding HeadsetService
05-02 20:49:23.551 2134 2134 V AdapterServiceConfig: Adding A2dpService
05-02 20:49:23.551 2134 2134 V AdapterServiceConfig: Adding HidHostService
05-02 20:49:23.551 2134 2134 V AdapterServiceConfig: Adding PanService
05-02 20:49:23.551 2134 2134 V AdapterServiceConfig: Adding GattService
05-02 20:49:23.551 2134 2134 V AdapterServiceConfig: Adding BluetoothMapService
05-02 20:49:23.552 2134 2134 V AdapterServiceConfig: Adding AvrcpTargetService
05-02 20:49:23.552 2134 2134 V AdapterServiceConfig: Adding HidDeviceService
05-02 20:49:23.552 2134 2134 V AdapterServiceConfig: Adding BluetoothOppService
05-02 20:49:23.552 2134 2134 V AdapterServiceConfig: Adding BluetoothPbapService
05-02 20:49:23.562 2134 2134 I droid.bluetoot: [0502/204923.562288:INFO:btif_config_cache.cc(61)] BtifConfigCache, capacity: 10000
05-02 20:49:23.565 2134 2134 I BluetoothServiceJni: hal_util_load_bt_library: loaded Bluetooth library successfully
05-02 20:49:23.566 2134 2134 D BluetoothAdapterService: onCreate()
05-02 20:49:23.573 2134 2134 D AdapterState: make() - Creating AdapterState
05-02 20:49:23.575 2134 2155 I AdapterState: OFF : entered
05-02 20:49:23.575 2134 2155 D AdapterProperties: Setting state to OFF
05-02 20:49:23.577 2134 2134 D BluetoothKeystoreService: new BluetoothKeystoreService isNiapMode: false
05-02 20:49:23.578 2134 2134 D BluetoothKeystoreService: start
05-02 20:49:23.579 2134 2134 I droid.bluetoot: [0502/204923.579334:INFO:com_android_bluetooth_btservice_BluetoothKeystore.cpp(97)] classInitNative: succeeds
05-02 20:49:23.579 2134 2134 D BluetoothKeystoreService: setBluetoothKeystoreService(): set to: com.android.bluetooth.btservice.bluetoothkeystore.BluetoothKeystoreService@928ff8a
05-02 20:49:23.580 2134 2134 D BluetoothKeystoreService: loadConfigData
05-02 20:49:23.590 2134 2134 D BluetoothKeystoreService: getCompareResult: 0
05-02 20:49:23.592 2134 2134 I bt_btif : init: start restricted = 0 ; niap = 0, config compare result = 0
05-02 20:49:23.592 2134 2134 I bt_btif : init Preserving legacy bluetooth functionality
05-02 20:49:23.592 2134 2134 D bt_osi_allocation_tracker: canary initialized
05-02 20:49:23.592 2134 2158 I droid.bluetoot: [0502/204923.592883:INFO:message_loop_thread.cc(175)] Run: message loop starting for thread bt_stack_manager_thread
05-02 20:49:23.593 2134 2158 I bt_stack_manager: event_init_stack is initializing the stack
05-02 20:49:23.594 2134 2161 I bt_osi_thread: run_thread: thread id 2161, thread name alarm_default_ca started
05-02 20:49:23.595 2134 2162 I bt_osi_thread: run_thread: thread id 2162, thread name alarm_dispatcher started
05-02 20:49:23.595 2134 2158 I bt_config_source: 1
05-02 20:49:23.595 2134 2158 I bt_btif_core: btif_init_bluetooth entered
05-02 20:49:23.595 2134 2158 I bt_stack_config: init attempt to load stack conf from /etc/bluetooth/bt_stack.conf
05-02 20:49:23.596 2134 2163 I droid.bluetoot: [0502/204923.596228:INFO:message_loop_thread.cc(175)] Run: message loop starting for thread bt_jni_thread
05-02 20:49:23.596 2134 2158 I bt_btif_core: btif_init_bluetooth finished
05-02 20:49:23.596 2134 2158 I bt_stack_manager: event_init_stack finished
05-02 20:49:23.596 2134 2134 I bt_osi_wakelock: wakelock_set_os_callouts set to non-native
05-02 20:49:23.596 2134 2134 I bt_btif : get_profile_interface: id = socket
05-02 20:49:23.597 2134 2163 E bt_btif_storage: btif_storage_get_adapter_property: Controller not ready! Unable to return Bluetooth Address
05-02 20:49:23.597 2134 2163 E BluetoothServiceJni: adapter_properties_callback: Status 1 is incorrect
05-02 20:49:23.598 2134 2134 D BluetoothKeystoreService: initJni()
05-02 20:49:23.598 2134 2134 I bt_btif : get_profile_interface: id = bluetooth_keystore
05-02 20:49:23.598 2134 2163 D AdapterProperties: Name is: iMX8
05-02 20:49:23.598 525 525 D BluetoothManagerService: Bluetooth Adapter name changed to iMX8
05-02 20:49:23.598 2134 2163 D AdapterProperties: BT Class:5a020c
05-02 20:49:23.598 525 525 D BluetoothManagerService: Stored Bluetooth name: iMX8
05-02 20:49:23.598 2134 2134 I bt_btif : get_profile_interface: id = sdp
05-02 20:49:23.600 2134 2134 I BluetoothAdapterService: Phone policy enabled
05-02 20:49:23.602 2134 2134 D BluetoothActiveDeviceManager: start()
05-02 20:49:23.606 2134 2164 D BluetoothActiveDeviceManager: onAudioDevicesAdded
05-02 20:49:23.606 2134 2164 D BluetoothActiveDeviceManager: Audio device added: EVK_8MM type: 2
05-02 20:49:23.606 2134 2164 D BluetoothActiveDeviceManager: Audio device added: EVK_8MM type: 15
05-02 20:49:23.606 2134 2164 D BluetoothActiveDeviceManager: Audio device added: EVK_8MM type: 25
05-02 20:49:23.610 2134 2134 D BluetoothDatabase: start()
05-02 20:49:23.612 2134 2134 D BluetoothDatabase: Load Database
05-02 20:49:23.632 2134 2134 D BluetoothAdapterService: setAdapterService() - trying to set service to com.android.bluetooth.btservice.AdapterService@f6b19e7
05-02 20:49:23.638 2134 2134 D BluetoothAdapterService: onBind()
05-02 20:49:23.639 525 525 D BluetoothManagerService: BluetoothServiceConnection: com.android.bluetooth.btservice.AdapterService
05-02 20:49:23.639 525 544 D BluetoothManagerService: MESSAGE_BLUETOOTH_SERVICE_CONNECTED: 1
05-02 20:49:23.641 525 544 D BluetoothManagerService: Broadcasting onBluetoothServiceUp() to 5 receivers.
05-02 20:49:23.641 1294 1793 D BluetoothAdapter: onBluetoothServiceUp: android.bluetooth.IBluetooth$Stub$Proxy@28e25cd
05-02 20:49:23.641 525 544 D BluetoothAdapter: onBluetoothServiceUp: android.bluetooth.IBluetooth$Stub$Proxy@e9c1d30
05-02 20:49:23.641 887 2127 D BluetoothAdapter: onBluetoothServiceUp: android.bluetooth.IBluetooth$Stub$Proxy@26773e6
05-02 20:49:23.642 685 712 D BluetoothAdapter: onBluetoothServiceUp: android.bluetooth.IBluetooth$Stub$Proxy@cd71403
05-02 20:49:23.642 2134 2153 D BluetoothAdapter: onBluetoothServiceUp: com.android.bluetooth.btservice.AdapterService$AdapterServiceBinder@bf013e1
05-02 20:49:23.643 2134 2152 D BluetoothAdapterService: enable() - Enable called with quiet mode status = false
05-02 20:49:23.644 2134 2155 I AdapterState: BLE_TURNING_ON : entered
05-02 20:49:23.644 2134 2155 D AdapterProperties: Setting state to BLE_TURNING_ON
05-02 20:49:23.645 2134 2155 D BluetoothAdapterService: updateAdapterState() - Broadcasting state BLE_TURNING_ON to 1 receivers.
05-02 20:49:23.646 525 544 D BluetoothManagerService: MESSAGE_BLUETOOTH_STATE_CHANGE: OFF > BLE_TURNING_ON
05-02 20:49:23.646 525 544 D BluetoothManagerService: Sending BLE State Change: OFF > BLE_TURNING_ON
05-02 20:49:23.651 2134 2166 D BluetoothDatabase: compactLastConnectionTime: Compacting metadata after load
05-02 20:49:23.651 2134 2166 I BluetoothDatabase: cacheMetadata
05-02 20:49:23.651 2134 2166 V BluetoothDatabase: cacheMetadata: found device LocalStorage
05-02 20:49:23.651 2134 2166 V BluetoothDatabase: cacheMetadata: found device 5C:D0:6E:9A:11:A8
05-02 20:49:23.651 2134 2166 I BluetoothDatabase: cacheMetadata: Database is ready
05-02 20:49:23.662 2134 2155 D BluetoothAdapterService: bleOnProcessStart()
05-02 20:49:23.662 2134 2155 I AdapterProperties: init(), maxConnectedAudioDevices, default=5, propertyOverlayed=5, finalValue=5
05-02 20:49:23.664 2134 2155 D BluetoothAdapterService: bleOnProcessStart() - Make Bond State Machine
05-02 20:49:23.665 2134 2155 D BluetoothBondStateMachine: make
05-02 20:49:23.666 2134 2173 I BluetoothBondStateMachine: StableState(): Entering Off State
05-02 20:49:23.679 2134 2134 I BtGatt.JNI: classInitNative(L875): classInitNative: Success!
05-02 20:49:23.680 1294 1765 D BufferPoolAccessor2.0: bufferpool2 0xb400e8f094402878 : 0(0 size) total buffers - 0(0 size) used buffers - 1/7 (recycle/alloc) - 6/62 (fetch/transfer)
05-02 20:49:23.680 2134 2134 D BtGatt.DebugUtils: handleDebugAction() action=null
05-02 20:49:23.681 1294 1765 D BufferPoolAccessor2.0: evictor expired: 1, evicted: 1
05-02 20:49:23.681 2134 2134 D BluetoothAdapterService: getAdapterService() - returning com.android.bluetooth.btservice.AdapterService@f6b19e7
05-02 20:49:23.683 2134 2134 I bt_btif : get_profile_interface: id = gatt
05-02 20:49:23.684 2134 2134 D BluetoothAdapterService: getAdapterService() - returning com.android.bluetooth.btservice.AdapterService@f6b19e7
05-02 20:49:23.690 2134 2134 D BluetoothAdapterService: getAdapterService() - returning com.android.bluetooth.btservice.AdapterService@f6b19e7
05-02 20:49:23.692 2134 2158 I bt_stack_manager: event_start_up_stack is bringing up the stack
05-02 20:49:23.692 2134 2158 I bt_core_module: module_start_up Starting module "btif_config_module"
05-02 20:49:23.692 2134 2158 I bt_core_module: module_start_up Started module "btif_config_module"
05-02 20:49:23.692 2134 2158 I bt_core_module: module_start_up Starting module "btsnoop_module"
05-02 20:49:23.692 2134 2158 I droid.bluetoot: [0502/204923.692893:INFO:btsnoop.cc(207)] start_up: Snoop Logs disabled
05-02 20:49:23.693 2134 2158 I droid.bluetoot: [0502/204923.693013:INFO:btsnoop.cc(338)] delete_btsnoop_files: Deleting snoop logs if they exist. filtered = 1
05-02 20:49:23.693 2134 2158 I droid.bluetoot: [0502/204923.693153:INFO:btsnoop.cc(338)] delete_btsnoop_files: Deleting snoop logs if they exist. filtered = 0
05-02 20:49:23.693 2134 2158 I bt_core_module: module_start_up Started module "btsnoop_module"
05-02 20:49:23.693 2134 2158 I bt_core_module: module_start_up Starting module "hci_module"
05-02 20:49:23.693 2134 2158 I bt_hci : hci_module_start_up
05-02 20:49:23.693 2134 2177 I droid.bluetoot: [0502/204923.693750:INFO:message_loop_thread.cc(175)] Run: message loop starting for thread bt_hci_thread
05-02 20:49:23.694 2134 2177 I bt_hci : hci_initialize
05-02 20:49:23.694 2134 2158 D bt_hci : hci_module_start_up starting async portion
05-02 20:49:23.694 228 228 I hwservicemanager: getTransport: Cannot find entry android.hardware.bluetooth@1.1::IBluetoothHci/default in either framework or device manifest.
05-02 20:49:23.696 2134 2177 I bt_hci : hci_initialize: IBluetoothHci::getService() returned 0xb400e8f0643e5230 (remote)
05-02 20:49:23.696 346 346 I android.hardware.bluetooth@1.0-impl: BluetoothHci::initialize()
05-02 20:49:23.701 346 346 I bt-vnd-mrvl: Attempt to load conf from /vendor/etc/bluetooth/bt_vendor.conf
05-02 20:49:23.701 346 346 D android.hardware.bluetooth@1.0-impl: Open vendor library loaded
05-02 20:49:23.701 346 346 D bt-vnd-mrvl: bt_vnd_mrvl_if_op(L940): opcode = 0
05-02 20:49:23.701 346 346 D bt-vnd-mrvl: bt_vnd_mrvl_if_op(L952): power on --------------------------------------
05-02 20:49:23.701 346 346 D bt-vnd-mrvl: bt_vnd_mrvl_if_op(L940): opcode = 3
05-02 20:49:23.701 346 346 D bt-vnd-mrvl: bt_vnd_mrvl_if_op(L987): open serial port--------------------------------------
05-02 20:49:23.701 346 346 D bt-vnd-mrvl: bt_vnd_mrvl_if_op(L995): baudrate_bt 3000000
05-02 20:49:23.701 346 346 D bt-vnd-mrvl: bt_vnd_mrvl_if_op(L996): baudrate_fw_init 115200
05-02 20:49:23.701 346 346 D bt-vnd-mrvl: get_prop_int32(L489): get_prop_int32: -1
05-02 20:49:23.701 346 346 E bt-vnd-mrvl: ERROR : uart_init_open(L655): open uart port /dev/ttymxc0 failed fd: -1, retrying
05-02 20:49:23.733 685 1022 D BufferPoolAccessor2.0: evictor expired: 3, evicted: 0
05-02 20:49:23.751 346 346 E bt-vnd-mrvl: ERROR : uart_init_open(L655): open uart port /dev/ttymxc0 failed fd: -1, retrying
05-02 20:49:24.002 346 346 E bt-vnd-mrvl: ERROR : uart_init_open(L655): open uart port /dev/ttymxc0 failed fd: -1, retrying
05-02 20:49:24.053 346 346 E bt-vnd-mrvl: ERROR : uart_init_open(L652): exceed max retry count, return error
05-02 20:49:24.053 346 346 E bt-vnd-mrvl: ERROR : bt_vnd_mrvl_if_op(L1039): open UART bt port /dev/ttymxc0 failed fd: -1
05-02 20:49:24.053 346 346 E android.hardware.bluetooth@1.0-impl: Open: fd_count -1 is invalid!
05-02 20:49:24.082 2134 2177 F droid.bluetoot: [0502/204924.053368:FATAL:hci_layer_android.cc(102)] Check failed: status == Status::SUCCESS.
05-02 20:49:24.082 2134 2177 F droid.bluetoot: #00 0x0000e8ef4c2be38f /system/lib64/libchrome.so+0x00000000000b738f
05-02 20:49:24.082 2134 2177 F droid.bluetoot: #01 0x0000e8ef4bdaecb3 /system/lib64/libbluetooth.so+0x0000000000266cb3
05-02 20:49:24.082 2134 2177 F droid.bluetoot: #02 0x0000e8ef4baab57b /system/lib64/android.hardware.bluetooth@1.0.so+0x000000000001b57b
05-02 20:49:24.082 2134 2177 F droid.bluetoot: #03 0x0000e8ef4c128c3b /system/lib64/android.hardware.bluetooth@1.1.so+0x000000000001bc3b
05-02 20:49:24.082 2134 2177 F droid.bluetoot: #04 0x0000e8f1c84d989b /system/lib64/libhidlbase.so+0x000000000009489b
05-02 20:49:24.082 2134 2177 F droid.bluetoot: #05 0x0000e8f1c84df7ab /system/lib64/libhidlbase.so+0x000000000009a7ab
05-02 20:49:24.082 2134 2177 F droid.bluetoot: #06 0x0000e8f1c84da4b7 /system/lib64/libhidlbase.so+0x00000000000954b7
05-02 20:49:24.082 2134 2177 F droid.bluetoot: #07 0x0000e8ef4baa059b /system/lib64/android.hardware.bluetooth@1.0.so+0x000000000001059b
05-02 20:49:24.082 2134 2177 F droid.bluetoot: #08 0x0000e8ef4bdae6a3 /system/lib64/libbluetooth.so+0x00000000002666a3
05-02 20:49:24.082 2134 2177 F droid.bluetoot: #09 0x0000e8ef4c2a58a3 /system/lib64/libchrome.so+0x000000000009e8a3
05-02 20:49:24.082 2134 2177 F droid.bluetoot: #10 0x0000e8ef4c2c6027 /system/lib64/libchrome.so+0x00000000000bf027
05-02 20:49:24.082 2134 2177 F droid.bluetoot: #11 0x0000e8ef4c2c63d3 /system/lib64/libchrome.so+0x00000000000bf3d3
05-02 20:49:24.082 2134 2177 F droid.bluetoot: #12 0x0000e8ef4c2c7bd3 /system/lib64/libchrome.so+0x00000000000c0bd3
05-02 20:49:24.082 2134 2177 F droid.bluetoot: #13 0x0000e8ef4c2ea277 /system/lib64/libchrome.so+0x00000000000e3277
05-02 20:49:24.082 2134 2177 F droid.bluetoot: #14 0x0000e8ef4bceb40f /system/lib64/libbluetooth.so+0x00000000001a340f
05-02 20:49:24.082 2134 2177 F droid.bluetoot: #15 0x0000e8ef4bceaf53 /system/lib64/libbluetooth.so+0x00000000001a2f53
05-02 20:49:24.082 2134 2177 F droid.bluetoot: #16 0x0000e8ef4bceb917 /system/lib64/libbluetooth.so+0x00000000001a3917
05-02 20:49:24.082 2134 2177 F droid.bluetoot: #17 0x0000e8f1c648ec0b /apex/com.android.runtime/lib64/bionic/libc.so+0x00000000000b0c0b
05-02 20:49:24.082 2134 2177 F droid.bluetoot: #18 0x0000e8f1c642e5d3 /apex/com.android.runtime/lib64/bionic/libc.so+0x00000000000505d3
05-02 20:49:24.082 2134 2177 F droid.bluetoot: #19 0xffffffffffffffff
05-02 20:49:24.082 2134 2177 F droid.bluetoot:
05-02 20:49:24.082 2134 2177 F libc : Fatal signal 6 (SIGABRT), code -1 (SI_QUEUE) in tid 2177 (bt_hci_thread), pid 2134 (droid.bluetooth)
05-02 20:49:24.155 2183 2183 I crash_dump64: obtaining output fd from tombstoned, type: kDebuggerdTombstone
05-02 20:49:24.156 331 331 I tombstoned: received crash request for pid 2177
05-02 20:49:24.157 2183 2183 I crash_dump64: performing dump of process 2134 (target tid = 2177)
05-02 20:49:24.174 2183 2183 F DEBUG : *** *** *** *** *** *** *** *** *** *** *** *** *** *** *** ***
05-02 20:49:24.174 2183 2183 F DEBUG : Build fingerprint: 'Android/evk_8mm/evk_8mm:11/RQ2A.210505.002/eng.kiran.20220502.202049:userdebug/dev-keys'
05-02 20:49:24.174 2183 2183 F DEBUG : Revision: '0'
05-02 20:49:24.174 2183 2183 F DEBUG : ABI: 'arm64'
05-02 20:49:24.175 2183 2183 F DEBUG : Timestamp: 2022-05-02 20:49:24+0000
05-02 20:49:24.175 2183 2183 F DEBUG : pid: 2134, tid: 2177, name: bt_hci_thread >>> com.android.bluetooth <<<
05-02 20:49:24.175 2183 2183 F DEBUG : uid: 1002
05-02 20:49:24.175 2183 2183 F DEBUG : signal 6 (SIGABRT), code -1 (SI_QUEUE), fault addr --------
05-02 20:49:24.175 2183 2183 F DEBUG : Abort message: '[0502/204924.053368:FATAL:hci_layer_android.cc(102)] Check failed: status == Status::SUCCESS.
05-02 20:49:24.175 2183 2183 F DEBUG : #00 0x0000e8ef4c2be38f /system/lib64/libchrome.so+0x00000000000b738f
05-02 20:49:24.175 2183 2183 F DEBUG : #01 0x0000e8ef4bdaecb3 /system/lib64/libbluetooth.so+0x0000000000266cb3
05-02 20:49:24.175 2183 2183 F DEBUG : #02 0x0000e8ef4baab57b /system/lib64/android.hardware.bluetooth@1.0.so+0x000000000001b57b
05-02 20:49:24.175 2183 2183 F DEBUG : #03 0x0000e8ef4c128c3b /system/lib64/android.hardware.bluetooth@1.1.so+0x000000000001bc3b
05-02 20:49:24.175 2183 2183 F DEBUG : #04 0x0000e8f1c84d989b /system/lib64/libhidlbase.so+0x000000000009489b
05-02 20:49:24.175 2183 2183 F DEBUG : #05 0x0000e8f1c84df7ab /system/lib64/libhidlbase.so+0x000000000009a7ab
05-02 20:49:24.175 2183 2183 F DEBUG : #06 0x0000e8f1c84da4b7 /system/lib64/libhidlbase.so+0x00000000000954b7
05-02 20:49:24.175 2183 2183 F DEBUG : #07 0x0000e8ef4baa059b /system/lib64/android.hardware.bluetooth@1.0.so+0x000000000001059b
05-02 20:49:24.175 2183 2183 F DEBUG : #08 0x0000e8ef4bdae6a3 /system/lib64/libbluetooth.so+0x00000000002666a3
05-02 20:49:24.175 2183 2183 F DEBUG : #09 0x0000e8ef4c2a58a3 /system/lib64/libchrome.so+0x000000000009e8a3
05-02 20:49:24.175 2183 2183 F DEBUG : #10 0x0000e8ef4c2c6027 /system/lib64/libchrome.so+0x00000000000bf027
05-02 20:49:24.175 2183 2183 F DEBUG : #11 0x0000e8ef4c2c63d3 /system/lib64/libchrome.so+0x00000000000bf3d3
05-02 20:49:24.175 2183 2183 F DEBUG : #12 0x0000e8ef4c2c7bd3 /system/lib64/libchrome.so+0x00000000000c0bd3
05-02 20:49:24.175 2183 2183 F DEBUG : #13 0x0000e8ef4c2ea277 /system/lib64/libchrome.so+0x00000000000e3277
05-02 20:49:24.175 2183 2183 F DEBUG : #14 0x0000e8ef4bceb40f /system/lib64/libbluetooth.so+0x00000000001a340f
05-02 20:49:24.175 2183 2183 F DEBUG : #15 0x0000e8ef4bceaf53 /system/lib64/libbluetooth.so+0x00000000001a2f53
05-02 20:49:24.175 2183 2183 F DEBUG : #16 0x0000e8ef4bceb917 /system/lib64/libbluetooth.so+0x00000000001a3917
05-02 20:49:24.175 2183 2183 F DEBUG : #17 0x0000e8f1c648ec0b /apex/com.android.runtime/lib64/bionic/libc.so+0x00000000000b0c0b
05-02 20:49:24.175 2183 2183 F DEBUG : #18 0x0000e8f1c642e5d3 /apex/com.android.runtime/lib64/bionic/libc.so+0x00000000000505d3
05-02 20:49:24.175 2183 2183 F DEBUG : #19 0xffffffffffffffff
05-02 20:49:24.175 2183 2183 F DEBUG :
05-02 20:49:24.175 2183 2183 F DEBUG : '
05-02 20:49:24.175 2183 2183 F DEBUG : x0 0000000000000000 x1 0000000000000881 x2 0000000000000006 x3 0000e8ef3984a610
05-02 20:49:24.175 2183 2183 F DEBUG : x4 feffe6ff09093d6d x5 feffe6ff09093d6d x6 feffe6ff09093d6d x7 7f7fff7f7f7f7f7f
05-02 20:49:24.175 2183 2183 F DEBUG : x8 00000000000000f0 x9 0000e8f1c63fe7e0 x10 ffffff80fffffbdf x11 0000000000000001
05-02 20:49:24.175 2183 2183 F DEBUG : x12 0000e8ef39849420 x13 000000000000061d x14 0000e8ef398494d0 x15 0000000017a45ed6
05-02 20:49:24.175 2183 2183 F DEBUG : x16 0000e8f1c6497c80 x17 0000e8f1c64793c0 x18 0000e8ef38f6c028 x19 00000000000000ac
05-02 20:49:24.175 2183 2183 F DEBUG : x20 0000000000000856 x21 00000000000000b2 x22 0000000000000881 x23 00000000ffffffff
05-02 20:49:24.175 2183 2183 F DEBUG : x24 0000e8ef4c334000 x25 0000e8f1c649af28 x26 0000e8ef3984c000 x27 0000e8ef3984a708
05-02 20:49:24.175 2183 2183 F DEBUG : x28 0000000000000856 x29 0000e8ef3984a690
05-02 20:49:24.175 2183 2183 F DEBUG : lr 0000e8f1c642c544 sp 0000e8ef3984a5f0 pc 0000e8f1c642c574 pst 0000000000000000
05-02 20:49:24.211 461 461 I chatty : uid=9999(nobody) /vendor/bin/gpsd expire 364 lines
05-02 20:49:24.245 2183 2183 F DEBUG : backtrace:
05-02 20:49:24.246 2183 2183 F DEBUG : #00 pc 000000000004e574 /apex/com.android.runtime/lib64/bionic/libc.so (abort+180) (BuildId: 2338ca8a340db969666f0073f3371d96)
05-02 20:49:24.246 2183 2183 F DEBUG : #01 pc 000000000009d7e4 /system/lib64/libchrome.so (base::debug::BreakDebugger()+20) (BuildId: d09629fde1649584555f8bdbb82b7e43)
05-02 20:49:24.246 2183 2183 F DEBUG : #02 pc 00000000000b77d0 /system/lib64/libchrome.so (logging::LogMessage::~LogMessage()+1312) (BuildId: d09629fde1649584555f8bdbb82b7e43)
05-02 20:49:24.246 2183 2183 F DEBUG : #03 pc 0000000000266cb0 /system/lib64/libbluetooth.so (BluetoothHciCallbacks::initializationComplete(android::hardware::bluetooth::V1_0::Status)+120) (BuildId: 87cc65273a2f0dc4def578e33d2562c2)
05-02 20:49:24.246 2183 2183 F DEBUG : #04 pc 000000000001b578 /system/lib64/android.hardware.bluetooth@1.0.so (android::hardware::bluetooth::V1_0::BnHwBluetoothHciCallbacks::_hidl_initializationComplete(android::hidl::base::V1_0::BnHwBase*, android::hardware::Parcel const&, android::hardware::Parcel*, std::__1::function)+184) (BuildId: 0296ed46349be614c375cae0f90266ff)
05-02 20:49:24.246 2183 2183 F DEBUG : #05 pc 000000000001bc38 /system/lib64/android.hardware.bluetooth@1.1.so (android::hardware::bluetooth::V1_1::BnHwBluetoothHciCallbacks::onTransact(unsigned int, android::hardware::Parcel const&, android::hardware::Parcel*, unsigned int, std::__1::function)+552) (BuildId: 487535fb4e5d76b170fabe39fc61ca32)
05-02 20:49:24.246 2183 2183 F DEBUG : #06 pc 0000000000094898 /system/lib64/libhidlbase.so (android::hardware::BHwBinder::transact(unsigned int, android::hardware::Parcel const&, android::hardware::Parcel*, unsigned int, std::__1::function)+72) (BuildId: d936c383e6af0d8aee8ac56dcdfe7291)
05-02 20:49:24.246 2183 2183 F DEBUG : #07 pc 000000000009a7a8 /system/lib64/libhidlbase.so (android::hardware::IPCThreadState::transact(int, unsigned int, android::hardware::Parcel const&, android::hardware::Parcel*, unsigned int)+2272) (BuildId: d936c383e6af0d8aee8ac56dcdfe7291)
05-02 20:49:24.246 2183 2183 F DEBUG : #08 pc 00000000000954b4 /system/lib64/libhidlbase.so (android::hardware::BpHwBinder::transact(unsigned int, android::hardware::Parcel const&, android::hardware::Parcel*, unsigned int, std::__1::function)+76) (BuildId: d936c383e6af0d8aee8ac56dcdfe7291)
05-02 20:49:24.246 2183 2183 F DEBUG : #09 pc 0000000000010598 /system/lib64/android.hardware.bluetooth@1.0.so (android::hardware::bluetooth::V1_0::BpHwBluetoothHci::_hidl_initialize(android::hardware::IInterface*, android::hardware::details::HidlInstrumentor*, android::sp const&)+368) (BuildId: 0296ed46349be614c375cae0f90266ff)
05-02 20:49:24.246 2183 2183 F DEBUG : #10 pc 00000000002666a0 /system/lib64/libbluetooth.so (hci_initialize()+856) (BuildId: 87cc65273a2f0dc4def578e33d2562c2)
05-02 20:49:24.246 2183 2183 F DEBUG : #11 pc 000000000009e8a0 /system/lib64/libchrome.so (base::debug::TaskAnnotator::RunTask(char const*, base::PendingTask*)+192) (BuildId: d09629fde1649584555f8bdbb82b7e43)
05-02 20:49:24.246 2183 2183 F DEBUG : #12 pc 00000000000bf024 /system/lib64/libchrome.so (base::MessageLoop::RunTask(base::PendingTask*)+324) (BuildId: d09629fde1649584555f8bdbb82b7e43)
05-02 20:49:24.246 2183 2183 F DEBUG : #13 pc 00000000000bf3d0 /system/lib64/libchrome.so (base::MessageLoop::DoWork()+464) (BuildId: d09629fde1649584555f8bdbb82b7e43)
05-02 20:49:24.247 2183 2183 F DEBUG : #14 pc 00000000000c0bd0 /system/lib64/libchrome.so (base::MessagePumpDefault::Run(base::MessagePump::Delegate*)+104) (BuildId: d09629fde1649584555f8bdbb82b7e43)
05-02 20:49:24.247 2183 2183 F DEBUG : #15 pc 00000000000e3274 /system/lib64/libchrome.so (base::RunLoop::Run()+84) (BuildId: d09629fde1649584555f8bdbb82b7e43)
05-02 20:49:24.247 2183 2183 F DEBUG : #16 pc 00000000001a340c /system/lib64/libbluetooth.so (bluetooth::common::MessageLoopThread::Run(std::__1::promise)+268) (BuildId: 87cc65273a2f0dc4def578e33d2562c2)
05-02 20:49:24.247 2183 2183 F DEBUG : #17 pc 00000000001a2f50 /system/lib64/libbluetooth.so (bluetooth::common::MessageLoopThread::RunThread(bluetooth::common::MessageLoopThread*, std::__1::promise)+48) (BuildId: 87cc65273a2f0dc4def578e33d2562c2)
05-02 20:49:24.247 2183 2183 F DEBUG : #18 pc 00000000001a3914 /system/lib64/libbluetooth.so (void* std::__1::__thread_proxy >, void (*)(bluetooth::common::MessageLoopThread*, std::__1::promise), bluetooth::common::MessageLoopThread*, std::__1::promise > >(void*)+84) (BuildId: 87cc65273a2f0dc4def578e33d2562c2)
05-02 20:49:24.247 2183 2183 F DEBUG : #19 pc 00000000000b0c08 /apex/com.android.runtime/lib64/bionic/libc.so (__pthread_start(void*)+64) (BuildId: 2338ca8a340db969666f0073f3371d96)
05-02 20:49:24.247 2183 2183 F DEBUG : #20 pc 00000000000505d0 /apex/com.android.runtime/lib64/bionic/libc.so (__start_thread+64) (BuildId: 2338ca8a340db969666f0073f3371d96)
05-02 20:49:24.296 2183 2183 I auditd : type=1400 audit(0.0:410): avc: denied { open } for comm="crash_dump64" path="/dev/__properties__/u:object_r:bluetooth_a2dp_offload_prop:s0" dev="tmpfs" ino=69 scontext=u:r:crash_dump:s0 tcontext=u:object_r:bluetooth_a2dp_offload_prop:s0 tclass=file permissive=1
05-02 20:49:24.296 2183 2183 I crash_dump64: type=1400 audit(0.0:410): avc: denied { open } for path="/dev/__properties__/u:object_r:bluetooth_a2dp_offload_prop:s0" dev="tmpfs" ino=69 scontext=u:r:crash_dump:s0 tcontext=u:object_r:bluetooth_a2dp_offload_prop:s0 tclass=file permissive=1
05-02 20:49:24.296 2183 2183 I auditd : type=1400 audit(0.0:411): avc: denied { getattr } for comm="crash_dump64" path="/dev/__properties__/u:object_r:bluetooth_a2dp_offload_prop:s0" dev="tmpfs" ino=69 scontext=u:r:crash_dump:s0 tcontext=u:object_r:bluetooth_a2dp_offload_prop:s0 tclass=file permissive=1
05-02 20:49:24.296 2183 2183 I crash_dump64: type=1400 audit(0.0:411): avc: denied { getattr } for path="/dev/__properties__/u:object_r:bluetooth_a2dp_offload_prop:s0" dev="tmpfs" ino=69 scontext=u:r:crash_dump:s0 tcontext=u:object_r:bluetooth_a2dp_offload_prop:s0 tclass=file permissive=1
05-02 20:49:24.296 2183 2183 I auditd : type=1400 audit(0.0:412): avc: denied { map } for comm="crash_dump64" path="/dev/__properties__/u:object_r:bluetooth_a2dp_offload_prop:s0" dev="tmpfs" ino=69 scontext=u:r:crash_dump:s0 tcontext=u:object_r:bluetooth_a2dp_offload_prop:s0 tclass=file permissive=1
05-02 20:49:24.296 2183 2183 I crash_dump64: type=1400 audit(0.0:412): avc: denied { map } for path="/dev/__properties__/u:object_r:bluetooth_a2dp_offload_prop:s0" dev="tmpfs" ino=69 scontext=u:r:crash_dump:s0 tcontext=u:object_r:bluetooth_a2dp_offload_prop:s0 tclass=file permissive=1
05-02 20:49:24.304 2183 2183 I auditd : type=1400 audit(0.0:413): avc: denied { open } for comm="crash_dump64" path="/dev/__properties__/u:object_r:bluetooth_prop:s0" dev="tmpfs" ino=71 scontext=u:r:crash_dump:s0 tcontext=u:object_r:bluetooth_prop:s0 tclass=file permissive=1
05-02 20:49:24.304 2183 2183 I crash_dump64: type=1400 audit(0.0:413): avc: denied { open } for path="/dev/__properties__/u:object_r:bluetooth_prop:s0" dev="tmpfs" ino=71 scontext=u:r:crash_dump:s0 tcontext=u:object_r:bluetooth_prop:s0 tclass=file permissive=1
05-02 20:49:24.304 2183 2183 I auditd : type=1400 audit(0.0:414): avc: denied { getattr } for comm="crash_dump64" path="/dev/__properties__/u:object_r:bluetooth_prop:s0" dev="tmpfs" ino=71 scontext=u:r:crash_dump:s0 tcontext=u:object_r:bluetooth_prop:s0 tclass=file permissive=1
05-02 20:49:24.304 2183 2183 I crash_dump64: type=1400 audit(0.0:414): avc: denied { getattr } for path="/dev/__properties__/u:object_r:bluetooth_prop:s0" dev="tmpfs" ino=71 scontext=u:r:crash_dump:s0 tcontext=u:object_r:bluetooth_prop:s0 tclass=file permissive=1
05-02 20:49:24.307 0 0 W audit : audit_lost=54 audit_rate_limit=5 audit_backlog_limit=64
05-02 20:49:24.333 0 0 E audit : rate limit exceeded
05-02 20:49:24.406 1872 1894 I timeinitialize: Waiting for a blocking GC ProfileSaver
05-02 20:49:24.414 1872 1894 I timeinitialize: WaitForGcToComplete blocked ProfileSaver on ClassLinker for 8.227ms
05-02 20:49:24.440 444 666 D BufferPoolAccessor2.0: bufferpool2 0xb400ec177b583068 : 0(0 size) total buffers - 0(0 size) used buffers - 28/30 (recycle/alloc) - 2/29 (fetch/transfer)
05-02 20:49:24.441 444 666 D BufferPoolAccessor2.0: bufferpool2 0xb400ec177b588ce8 : 0(0 size) total buffers - 0(0 size) used buffers - 44/48 (recycle/alloc) - 4/47 (fetch/transfer)
05-02 20:49:24.441 444 666 D BufferPoolAccessor2.0: bufferpool2 0xb400ec177b582e18 : 0(0 size) total buffers - 0(0 size) used buffers - 25/29 (recycle/alloc) - 4/28 (fetch/transfer)
05-02 20:49:24.441 444 666 D BufferPoolAccessor2.0: evictor expired: 3, evicted: 3
05-02 20:49:24.681 1294 1765 D BufferPoolAccessor2.0: bufferpool2 0xb400e8f0943fe568 : 0(0 size) total buffers - 0(0 size) used buffers - 2/7 (recycle/alloc) - 5/100 (fetch/transfer)
05-02 20:49:24.681 1294 1765 D BufferPoolAccessor2.0: bufferpool2 0xb400e8f0943ff7e8 : 0(0 size) total buffers - 0(0 size) used buffers - 2/7 (recycle/alloc) - 5/64 (fetch/transfer)
05-02 20:49:24.681 1294 1765 D BufferPoolAccessor2.0: evictor expired: 2, evicted: 2
05-02 20:49:24.818 1967 1992 I viders.calenda: Waiting for a blocking GC ProfileSaver
05-02 20:49:24.826 1967 1992 I viders.calenda: WaitForGcToComplete blocked ProfileSaver on ClassLinker for 7.600ms
05-02 20:49:24.861 525 2190 I am_crash: [525,0,com.android.bluetooth,818462277,Native crash,Aborted,unknown,0]
05-02 20:49:24.861 331 331 E tombstoned: Tombstone written to: /data/tombstones/tombstone_14
05-02 20:49:24.864 525 2191 I DropBoxManagerService: add tag=system_app_native_crash isTagEnabled=true flags=0x2
05-02 20:49:24.868 525 2190 I sysui_multi_action: [757,316,758,4,759,-1]
05-02 20:49:24.868 525 559 I BootReceiver: Copying /data/tombstones/tombstone_14 to DropBox (SYSTEM_TOMBSTONE)
05-02 20:49:24.870 525 559 I DropBoxManagerService: add tag=SYSTEM_TOMBSTONE isTagEnabled=true flags=0x2
05-02 20:49:24.888 525 559 I dropbox_file_copy: [/data/tombstones/tombstone_14,98304,SYSTEM_TOMBSTONE]
05-02 20:49:24.894 525 559 I commit_sys_config_file: [log-files,6]
05-02 20:49:24.897 0 0 I init : Untracked pid 2183 exited with status 0
05-02 20:49:24.910 0 0 I init : Untracked pid 2185 exited with status 0
05-02 20:49:24.912 525 552 I am_uid_active: 10065
05-02 20:49:24.922 0 0 I binder : release 2134:2177 transaction 38746 in, still active
05-02 20:49:24.923 338 338 I Zygote : Process 2134 exited due to signal 6 (Aborted)
05-02 20:49:24.929 0 0 I binder : release 2134:2177 transaction 38739 out, still active
05-02 20:49:24.936 0 0 I binder : send failed reply for transaction 38746 to 346:346
05-02 20:49:24.941 346 346 E android.hardware.bluetooth@1.0-impl: VendorInterface -> Unable to call initializationComplete(ERR)
05-02 20:49:24.941 346 1008 E android.hardware.bluetooth@1.0-impl: BluetoothDeathRecipient::serviceDied - Bluetooth service died
05-02 20:49:24.942 525 2132 I ActivityManager: Process com.android.bluetooth (pid 2134) has died: psvc PER
05-02 20:49:24.942 525 2132 I am_proc_died: [0,2134,com.android.bluetooth,-700,0]
05-02 20:49:24.942 346 1008 I android.hardware.bluetooth@1.0-impl: BluetoothHci::close()
05-02 20:49:24.942 525 525 D BluetoothManagerService: BluetoothServiceConnection, disconnected: com.android.bluetooth.btservice.AdapterService
05-02 20:49:24.942 346 1008 I android.hardware.bluetooth@1.0-impl: Skipping unlink call, service died.
05-02 20:49:24.942 346 1008 D bt-vnd-mrvl: bt_vnd_mrvl_if_op(L940): opcode = 6
05-02 20:49:24.943 346 1008 D android.hardware.bluetooth@1.0-impl: low_power_mode_cb result: 0
05-02 20:49:24.943 346 1008 D bt-vnd-mrvl: bt_vnd_mrvl_if_op(L940): opcode = 4
05-02 20:49:24.943 346 1008 D bt-vnd-mrvl: bt_vnd_mrvl_if_op(L940): opcode = 0
05-02 20:49:24.943 0 0 I binder : 346:346 transaction failed 29189/0, size 4-0 line 2645
05-02 20:49:24.943 346 1008 D bt-vnd-mrvl: bt_vnd_mrvl_if_op(L946): power off ***************************************
05-02 20:49:24.943 346 1008 D bt-vnd-mrvl: bt_vnd_mrvl_if_op(L948): BT adapter switches from ON to OFF ..
05-02 20:49:24.943 0 0 I binder : undelivered transaction 38754, process died.
05-02 20:49:24.943 525 2132 W ActivityManager: Scheduling restart of crashed service com.android.bluetooth/.btservice.AdapterService in 1000ms for connection
05-02 20:49:24.943 346 1008 D bt-vnd-mrvl: bt_vnd_mrvl_if_cleanup(L1158): cleanup ...
05-02 20:49:24.943 525 2132 I am_schedule_service_restart: [0,com.android.bluetooth/.btservice.AdapterService,1000]
05-02 20:49:24.943 525 2132 I am_uid_stopped: 1002
05-02 20:49:24.943 525 544 E BluetoothManagerService: MESSAGE_BLUETOOTH_SERVICE_DISCONNECTED(1)
05-02 20:49:24.944 525 544 D BluetoothManagerService: Broadcasting onBluetoothServiceDown() to 4 receivers.
05-02 20:49:24.944 1294 1339 D BluetoothAdapter: onBluetoothServiceDown: android.bluetooth.IBluetooth$Stub$Proxy@28e25cd
05-02 20:49:24.947 525 544 D BluetoothAdapter: onBluetoothServiceDown: android.bluetooth.IBluetooth$Stub$Proxy@e9c1d30
05-02 20:49:24.947 685 712 D BluetoothAdapter: onBluetoothServiceDown: android.bluetooth.IBluetooth$Stub$Proxy@cd71403
05-02 20:49:24.947 887 2127 D BluetoothAdapter: onBluetoothServiceDown: android.bluetooth.IBluetooth$Stub$Proxy@26773e6
05-02 20:49:24.948 525 554 I libprocessgroup: Successfully killed process cgroup uid 1002 pid 2134 in 2ms
05-02 20:49:24.950 0 0 I binder : send failed reply for transaction 38739, target dead
05-02 20:49:25.050 2015 2041 I chatty : uid=1000(system) Profile Saver expire 2 lines
05-02 20:49:25.093 525 535 I system_server: Background concurrent copying GC freed 74406(4104KB) AllocSpace objects, 79(6316KB) LOS objects, 49% free, 9377KB/18MB, paused 161us total 229.228ms
05-02 20:49:25.158 2042 2063 I m.android.shel: Waiting for a blocking GC ProfileSaver
05-02 20:49:25.169 2042 2063 I m.android.shel: WaitForGcToComplete blocked ProfileSaver on ClassLinker for 10.540ms
05-02 20:49:25.945 525 552 I am_uid_running: 1002
05-02 20:49:25.946 525 552 D CompatibilityChangeReporter: Compat change id reported: 135634846; UID 1002; state: DISABLED
05-02 20:49:25.946 525 552 D CompatibilityChangeReporter: Compat change id reported: 135754954; UID 1002; state: ENABLED
05-02 20:49:25.959 338 338 D Zygote : Forked child process 2197
05-02 20:49:25.962 525 553 I am_proc_start: [0,2197,1002,com.android.bluetooth,service,{com.android.bluetooth/com.android.bluetooth.btservice.AdapterService}]
05-02 20:49:25.962 525 553 I ActivityManager: Start proc 2197:com.android.bluetooth/1002 for service {com.android.bluetooth/com.android.bluetooth.btservice.AdapterService}
05-02 20:49:25.964 2197 2197 I Zygote : seccomp disabled by setenforce 0
05-02 20:49:25.973 572 576 I adbd : jdwp connection from 2197
05-02 20:49:25.980 525 1445 I am_proc_bound: [0,2197,com.android.bluetooth]
05-02 20:49:25.983 525 1445 I am_uid_active: 1002
05-02 20:49:25.996 2197 2197 I droid.bluetoot: The ClassLoaderContext is a special shared library.
05-02 20:49:26.001 2197 2197 I droid.bluetoot: The ClassLoaderContext is a special shared library.
05-02 20:49:26.012 2197 2197 D NetworkSecurityConfig: No Network Security Config specified, using platform default
05-02 20:49:26.012 2197 2197 D NetworkSecurityConfig: No Network Security Config specified, using platform default
05-02 20:49:26.025 2197 2197 D BluetoothOppFileProvider: Initialized
05-02 20:49:26.038 2197 2197 V AdapterServiceConfig: Adding HeadsetService
05-02 20:49:26.038 2197 2197 V AdapterServiceConfig: Adding A2dpService
05-02 20:49:26.038 2197 2197 V AdapterServiceConfig: Adding HidHostService
05-02 20:49:26.038 2197 2197 V AdapterServiceConfig: Adding PanService
05-02 20:49:26.038 2197 2197 V AdapterServiceConfig: Adding GattService
05-02 20:49:26.038 2197 2197 V AdapterServiceConfig: Adding BluetoothMapService
05-02 20:49:26.038 2197 2197 V AdapterServiceConfig: Adding AvrcpTargetService
05-02 20:49:26.038 2197 2197 V AdapterServiceConfig: Adding HidDeviceService
05-02 20:49:26.039 2197 2197 V AdapterServiceConfig: Adding BluetoothOppService
05-02 20:49:26.039 2197 2197 V AdapterServiceConfig: Adding BluetoothPbapService
05-02 20:49:26.049 2197 2197 I droid.bluetoot: [0502/204926.049046:INFO:btif_config_cache.cc(61)] BtifConfigCache, capacity: 10000
05-02 20:49:26.052 2197 2197 I BluetoothServiceJni: hal_util_load_bt_library: loaded Bluetooth library successfully
05-02 20:49:26.052 2197 2197 D BluetoothAdapterService: onCreate()
05-02 20:49:26.059 2197 2197 D AdapterState: make() - Creating AdapterState
05-02 20:49:26.061 2197 2218 I AdapterState: OFF : entered
05-02 20:49:26.061 2197 2218 D AdapterProperties: Setting state to OFF
05-02 20:49:26.063 2197 2197 D BluetoothKeystoreService: new BluetoothKeystoreService isNiapMode: false
05-02 20:49:26.064 2197 2197 D BluetoothKeystoreService: start
05-02 20:49:26.065 2197 2197 I droid.bluetoot: [0502/204926.065400:INFO:com_android_bluetooth_btservice_BluetoothKeystore.cpp(97)] classInitNative: succeeds
05-02 20:49:26.065 2197 2197 D BluetoothKeystoreService: setBluetoothKeystoreService(): set to: com.android.bluetooth.btservice.bluetoothkeystore.BluetoothKeystoreService@928ff8a
05-02 20:49:26.066 2197 2197 D BluetoothKeystoreService: loadConfigData
05-02 20:49:26.076 2197 2197 D BluetoothKeystoreService: getCompareResult: 0
05-02 20:49:26.078 2197 2197 I bt_btif : init: start restricted = 0 ; niap = 0, config compare result = 0
05-02 20:49:26.078 2197 2197 I bt_btif : init Preserving legacy bluetooth functionality
05-02 20:49:26.078 2197 2197 D bt_osi_allocation_tracker: canary initialized
05-02 20:49:26.078 2197 2221 I droid.bluetoot: [0502/204926.078916:INFO:message_loop_thread.cc(175)] Run: message loop starting for thread bt_stack_manager_thread
05-02 20:49:26.079 2197 2221 I bt_stack_manager: event_init_stack is initializing the stack
05-02 20:49:26.080 2197 2224 I bt_osi_thread: run_thread: thread id 2224, thread name alarm_default_ca started
05-02 20:49:26.081 2197 2225 I bt_osi_thread: run_thread: thread id 2225, thread name alarm_dispatcher started
05-02 20:49:26.081 2197 2221 I bt_config_source: 1
05-02 20:49:26.081 2197 2221 I bt_btif_core: btif_init_bluetooth entered
05-02 20:49:26.081 2197 2221 I bt_stack_config: init attempt to load stack conf from /etc/bluetooth/bt_stack.conf
05-02 20:49:26.082 2197 2226 I droid.bluetoot: [0502/204926.082028:INFO:message_loop_thread.cc(175)] Run: message loop starting for thread bt_jni_thread
05-02 20:49:26.082 2197 2221 I bt_btif_core: btif_init_bluetooth finished
05-02 20:49:26.082 2197 2221 I bt_stack_manager: event_init_stack finished
05-02 20:49:26.082 2197 2197 I bt_osi_wakelock: wakelock_set_os_callouts set to non-native
05-02 20:49:26.082 2197 2197 I bt_btif : get_profile_interface: id = socket
05-02 20:49:26.082 2197 2226 E bt_btif_storage: btif_storage_get_adapter_property: Controller not ready! Unable to return Bluetooth Address
05-02 20:49:26.082 2197 2226 E BluetoothServiceJni: adapter_properties_callback: Status 1 is incorrect
05-02 20:49:26.083 2197 2197 D BluetoothKeystoreService: initJni()
05-02 20:49:26.084 525 525 D BluetoothManagerService: Bluetooth Adapter name changed to iMX8
05-02 20:49:26.084 2197 2226 D AdapterProperties: Name is: iMX8
05-02 20:49:26.084 2197 2197 I bt_btif : get_profile_interface: id = bluetooth_keystore
05-02 20:49:26.084 525 525 D BluetoothManagerService: Stored Bluetooth name: iMX8
05-02 20:49:26.084 2197 2226 D AdapterProperties: BT Class:5a020c
05-02 20:49:26.084 2197 2197 I bt_btif : get_profile_interface: id = sdp
05-02 20:49:26.085 2197 2197 I BluetoothAdapterService: Phone policy enabled
05-02 20:49:26.087 0 0 I AidlLazyServiceRegistrar: Trying to shut down the service. No clients in use for any service in process.
05-02 20:49:26.088 2197 2197 D BluetoothActiveDeviceManager: start()
05-02 20:49:26.092 2197 2227 D BluetoothActiveDeviceManager: onAudioDevicesAdded
05-02 20:49:26.092 2197 2227 D BluetoothActiveDeviceManager: Audio device added: EVK_8MM type: 2
05-02 20:49:26.092 2197 2227 D BluetoothActiveDeviceManager: Audio device added: EVK_8MM type: 15
05-02 20:49:26.092 2197 2227 D BluetoothActiveDeviceManager: Audio device added: EVK_8MM type: 25
05-02 20:49:26.096 2197 2197 D BluetoothDatabase: start()
05-02 20:49:26.097 227 227 I BpBinder: onLastStrongRef automatically unlinking death recipients:
05-02 20:49:26.098 2197 2197 D BluetoothDatabase: Load Database
05-02 20:49:26.098 0 0 I AidlLazyServiceRegistrar: Unregistered all clients and exiting
05-02 20:49:26.108 0 0 W printk : apexd: 221 output lines suppressed due to ratelimiting
05-02 20:49:26.116 0 0 I init : Service 'apexd' (pid 276) exited with status 0 oneshot service took 30.492001 seconds in background
05-02 20:49:26.126 0 0 I init : Sending signal 9 to service 'apexd' (pid 276) process group...
05-02 20:49:26.134 0 0 I libprocessgroup: Successfully killed process cgroup uid 0 pid 276 in 0ms
05-02 20:49:26.151 2197 2197 D BluetoothAdapterService: setAdapterService() - trying to set service to com.android.bluetooth.btservice.AdapterService@f6b19e7
05-02 20:49:26.158 2197 2197 D BluetoothAdapterService: onBind()
05-02 20:49:26.159 525 525 D BluetoothManagerService: BluetoothServiceConnection: com.android.bluetooth.btservice.AdapterService
05-02 20:49:26.160 525 544 D BluetoothManagerService: MESSAGE_BLUETOOTH_SERVICE_CONNECTED: 1
05-02 20:49:26.161 525 544 D BluetoothManagerService: Broadcasting onBluetoothServiceUp() to 5 receivers.
05-02 20:49:26.161 2197 2216 D BluetoothAdapter: onBluetoothServiceUp: com.android.bluetooth.btservice.AdapterService$AdapterServiceBinder@bf013e1
05-02 20:49:26.161 525 544 D BluetoothAdapter: onBluetoothServiceUp: android.bluetooth.IBluetooth$Stub$Proxy@6d04984
05-02 20:49:26.162 1294 1339 D BluetoothAdapter: onBluetoothServiceUp: android.bluetooth.IBluetooth$Stub$Proxy@f98be82
05-02 20:49:26.162 887 906 D BluetoothAdapter: onBluetoothServiceUp: android.bluetooth.IBluetooth$Stub$Proxy@5409d27
05-02 20:49:26.162 685 1031 D BluetoothAdapter: onBluetoothServiceUp: android.bluetooth.IBluetooth$Stub$Proxy@cfe9f80
05-02 20:49:26.163 2197 2216 D BluetoothAdapterService: enable() - Enable called with quiet mode status = false
05-02 20:49:26.164 2197 2218 I AdapterState: BLE_TURNING_ON : entered
05-02 20:49:26.164 2197 2218 D AdapterProperties: Setting state to BLE_TURNING_ON
05-02 20:49:26.165 2197 2218 D BluetoothAdapterService: updateAdapterState() - Broadcasting state BLE_TURNING_ON to 1 receivers.
05-02 20:49:26.171 2197 2229 D BluetoothDatabase: compactLastConnectionTime: Compacting metadata after load
05-02 20:49:26.171 2197 2229 I BluetoothDatabase: cacheMetadata
05-02 20:49:26.171 2197 2229 V BluetoothDatabase: cacheMetadata: found device LocalStorage
05-02 20:49:26.171 2197 2229 V BluetoothDatabase: cacheMetadata: found device 5C:D0:6E:9A:11:A8
05-02 20:49:26.171 2197 2229 I BluetoothDatabase: cacheMetadata: Database is ready
05-02 20:49:26.179 2197 2218 D BluetoothAdapterService: bleOnProcessStart()
05-02 20:49:26.179 2197 2218 I AdapterProperties: init(), maxConnectedAudioDevices, default=5, propertyOverlayed=5, finalValue=5
05-02 20:49:26.181 2197 2218 D BluetoothAdapterService: bleOnProcessStart() - Make Bond State Machine
05-02 20:49:26.181 2197 2218 D BluetoothBondStateMachine: make
05-02 20:49:26.183 2197 2234 I BluetoothBondStateMachine: StableState(): Entering Off State
05-02 20:49:26.199 2197 2197 I BtGatt.JNI: classInitNative(L875): classInitNative: Success!
05-02 20:49:26.201 2197 2197 D BtGatt.DebugUtils: handleDebugAction() action=null
05-02 20:49:26.202 2197 2197 D BluetoothAdapterService: getAdapterService() - returning com.android.bluetooth.btservice.AdapterService@f6b19e7
05-02 20:49:26.204 2197 2197 I bt_btif : get_profile_interface: id = gatt
05-02 20:49:26.205 2197 2197 D BluetoothAdapterService: getAdapterService() - returning com.android.bluetooth.btservice.AdapterService@f6b19e7
05-02 20:49:26.211 2197 2197 D BluetoothAdapterService: getAdapterService() - returning com.android.bluetooth.btservice.AdapterService@f6b19e7
05-02 20:49:26.213 2197 2221 I bt_stack_manager: event_start_up_stack is bringing up the stack
05-02 20:49:26.213 2197 2221 I bt_core_module: module_start_up Starting module "btif_config_module"
05-02 20:49:26.213 2197 2221 I bt_core_module: module_start_up Started module "btif_config_module"
05-02 20:49:26.213 2197 2221 I bt_core_module: module_start_up Starting module "btsnoop_module"
05-02 20:49:26.213 2197 2221 I droid.bluetoot: [0502/204926.213713:INFO:btsnoop.cc(207)] start_up: Snoop Logs disabled
05-02 20:49:26.213 2197 2221 I droid.bluetoot: [0502/204926.213869:INFO:btsnoop.cc(338)] delete_btsnoop_files: Deleting snoop logs if they exist. filtered = 1
05-02 20:49:26.214 2197 2221 I droid.bluetoot: [0502/204926.214053:INFO:btsnoop.cc(338)] delete_btsnoop_files: Deleting snoop logs if they exist. filtered = 0
05-02 20:49:26.214 2197 2221 I bt_core_module: module_start_up Started module "btsnoop_module"
05-02 20:49:26.214 2197 2221 I bt_core_module: module_start_up Starting module "hci_module"
05-02 20:49:26.214 2197 2221 I bt_hci : hci_module_start_up
05-02 20:49:26.214 2197 2238 I droid.bluetoot: [0502/204926.214788:INFO:message_loop_thread.cc(175)] Run: message loop starting for thread bt_hci_thread
05-02 20:49:26.215 2197 2238 I bt_hci : hci_initialize
05-02 20:49:26.215 2197 2221 D bt_hci : hci_module_start_up starting async portion
05-02 20:49:26.216 228 228 I hwservicemanager: getTransport: Cannot find entry android.hardware.bluetooth@1.1::IBluetoothHci/default in either framework or device manifest.
05-02 20:49:26.217 2197 2238 I bt_hci : hci_initialize: IBluetoothHci::getService() returned 0xb400e8f0643e22f0 (remote)
05-02 20:49:26.218 346 1008 I android.hardware.bluetooth@1.0-impl: BluetoothHci::initialize()
05-02 20:49:26.222 346 1008 I bt-vnd-mrvl: Attempt to load conf from /vendor/etc/bluetooth/bt_vendor.conf
05-02 20:49:26.222 346 1008 D android.hardware.bluetooth@1.0-impl: Open vendor library loaded
05-02 20:49:26.222 346 1008 D bt-vnd-mrvl: bt_vnd_mrvl_if_op(L940): opcode = 0
05-02 20:49:26.222 346 1008 D bt-vnd-mrvl: bt_vnd_mrvl_if_op(L952): power on --------------------------------------
05-02 20:49:26.222 346 1008 D bt-vnd-mrvl: bt_vnd_mrvl_if_op(L940): opcode = 3
05-02 20:49:26.223 346 1008 D bt-vnd-mrvl: bt_vnd_mrvl_if_op(L987): open serial port--------------------------------------
