05-02 20:49:19.764 1946 1946 I droid.bluetoot: The ClassLoaderContext is a special shared library.
05-02 20:49:19.764 338 338 I Zygote : Process 909 exited due to signal 9 (Killed)
05-02 20:49:19.765 525 545 W ActivityManager: setHasOverlayUi called on unknown pid: 909
05-02 20:49:19.767 525 539 I am_proc_bound: [0,1967,com.android.providers.calendar]
05-02 20:49:19.781 1946 1946 D NetworkSecurityConfig: No Network Security Config specified, using platform default
05-02 20:49:19.782 1946 1946 D NetworkSecurityConfig: No Network Security Config specified, using platform default
05-02 20:49:19.792 1967 1967 I viders.calenda: The ClassLoaderContext is a special shared library.
05-02 20:49:19.797 1946 1946 D BluetoothOppFileProvider: Initialized
05-02 20:49:19.805 1967 1967 D NetworkSecurityConfig: No Network Security Config specified, using platform default
05-02 20:49:19.805 1967 1967 D NetworkSecurityConfig: No Network Security Config specified, using platform default
05-02 20:49:19.812 1946 1946 V AdapterServiceConfig: Adding HeadsetService
05-02 20:49:19.812 1946 1946 V AdapterServiceConfig: Adding A2dpService
05-02 20:49:19.812 1946 1946 V AdapterServiceConfig: Adding HidHostService
05-02 20:49:19.812 1946 1946 V AdapterServiceConfig: Adding PanService
05-02 20:49:19.812 1946 1946 V AdapterServiceConfig: Adding GattService
05-02 20:49:19.813 1946 1946 V AdapterServiceConfig: Adding BluetoothMapService
05-02 20:49:19.813 1946 1946 V AdapterServiceConfig: Adding AvrcpTargetService
05-02 20:49:19.813 1946 1946 V AdapterServiceConfig: Adding HidDeviceService
05-02 20:49:19.813 1946 1946 V AdapterServiceConfig: Adding BluetoothOppService
05-02 20:49:19.813 1946 1946 V AdapterServiceConfig: Adding BluetoothPbapService
05-02 20:49:19.824 1946 1946 I droid.bluetoot: [0502/204919.824144:INFO:btif_config_cache.cc(61)] BtifConfigCache, capacity: 10000
05-02 20:49:19.827 1946 1946 I BluetoothServiceJni: hal_util_load_bt_library: loaded Bluetooth library successfully
05-02 20:49:19.828 1946 1946 D BluetoothAdapterService: onCreate()
05-02 20:49:19.834 1967 1967 I CalendarProvider2: Created com.android.providers.calendar.CalendarAlarmManager@a0debda(com.android.providers.calendar.CalendarProvider2@a66080b)
05-02 20:49:19.836 1946 1946 D AdapterState: make() - Creating AdapterState
05-02 20:49:19.838 1946 1994 I AdapterState: OFF : entered
05-02 20:49:19.838 1946 1994 D AdapterProperties: Setting state to OFF
05-02 20:49:19.841 1946 1946 D BluetoothKeystoreService: new BluetoothKeystoreService isNiapMode: false
05-02 20:49:19.842 1946 1946 D BluetoothKeystoreService: start
05-02 20:49:19.843 1946 1946 I droid.bluetoot: [0502/204919.843276:INFO:com_android_bluetooth_btservice_BluetoothKeystore.cpp(97)] classInitNative: succeeds
05-02 20:49:19.843 1946 1946 D BluetoothKeystoreService: setBluetoothKeystoreService(): set to: com.android.bluetooth.btservice.bluetoothkeystore.BluetoothKeystoreService@928ff8a
05-02 20:49:19.845 1946 1946 D BluetoothKeystoreService: loadConfigData
05-02 20:49:19.857 1946 1946 D BluetoothKeystoreService: getCompareResult: 0
05-02 20:49:19.858 1946 1946 I bt_btif : init: start restricted = 0 ; niap = 0, config compare result = 0
05-02 20:49:19.858 1946 1946 I bt_btif : init Preserving legacy bluetooth functionality
05-02 20:49:19.859 1946 1946 D bt_osi_allocation_tracker: canary initialized
05-02 20:49:19.859 1946 1999 I droid.bluetoot: [0502/204919.859458:INFO:message_loop_thread.cc(175)] Run: message loop starting for thread bt_stack_manager_thread
05-02 20:49:19.860 1946 1999 I bt_stack_manager: event_init_stack is initializing the stack
05-02 20:49:19.861 1946 2002 I bt_osi_thread: run_thread: thread id 2002, thread name alarm_default_ca started
05-02 20:49:19.861 1946 2003 I bt_osi_thread: run_thread: thread id 2003, thread name alarm_dispatcher started
05-02 20:49:19.862 1946 1999 I bt_config_source: 1
05-02 20:49:19.862 1946 1999 I bt_btif_core: btif_init_bluetooth entered
05-02 20:49:19.862 1946 1999 I bt_stack_config: init attempt to load stack conf from /etc/bluetooth/bt_stack.conf
05-02 20:49:19.863 1946 2004 I droid.bluetoot: [0502/204919.862943:INFO:message_loop_thread.cc(175)] Run: message loop starting for thread bt_jni_thread
05-02 20:49:19.863 1946 1999 I bt_btif_core: btif_init_bluetooth finished
05-02 20:49:19.863 1946 1999 I bt_stack_manager: event_init_stack finished
05-02 20:49:19.863 1946 1946 I bt_osi_wakelock: wakelock_set_os_callouts set to non-native
05-02 20:49:19.863 1946 1946 I bt_btif : get_profile_interface: id = socket
05-02 20:49:19.863 1946 2004 E bt_btif_storage: btif_storage_get_adapter_property: Controller not ready! Unable to return Bluetooth Address
05-02 20:49:19.863 1946 2004 E BluetoothServiceJni: adapter_properties_callback: Status 1 is incorrect
05-02 20:49:19.864 1946 1946 D BluetoothKeystoreService: initJni()
05-02 20:49:19.864 1946 1946 I bt_btif : get_profile_interface: id = bluetooth_keystore
05-02 20:49:19.865 525 525 D BluetoothManagerService: Bluetooth Adapter name changed to iMX8
05-02 20:49:19.865 1946 2004 D AdapterProperties: Name is: iMX8
05-02 20:49:19.865 1946 1946 I bt_btif : get_profile_interface: id = sdp
05-02 20:49:19.865 525 525 D BluetoothManagerService: Stored Bluetooth name: iMX8
05-02 20:49:19.865 1946 2004 D AdapterProperties: BT Class:5a020c
05-02 20:49:19.866 1946 1946 I BluetoothAdapterService: Phone policy enabled
05-02 20:49:19.868 1946 1946 D BluetoothActiveDeviceManager: start()
05-02 20:49:19.872 1946 2005 D BluetoothActiveDeviceManager: onAudioDevicesAdded
05-02 20:49:19.873 1946 2005 D BluetoothActiveDeviceManager: Audio device added: EVK_8MM type: 2
05-02 20:49:19.873 1946 2005 D BluetoothActiveDeviceManager: Audio device added: EVK_8MM type: 15
05-02 20:49:19.873 1946 2005 D BluetoothActiveDeviceManager: Audio device added: EVK_8MM type: 25
05-02 20:49:19.881 1946 1946 D BluetoothDatabase: start()
05-02 20:49:19.883 1946 1946 D BluetoothDatabase: Load Database
05-02 20:49:19.910 525 588 I ActivityManager: Killing 1368:com.android.keychain/1000 (adj 985): empty #17
05-02 20:49:19.911 525 588 I am_kill : [0,1368,com.android.keychain,985,empty #17]
05-02 20:49:19.920 1946 1946 D BluetoothAdapterService: setAdapterService() - trying to set service to com.android.bluetooth.btservice.AdapterService@f6b19e7
05-02 20:49:19.930 1946 1946 D BluetoothAdapterService: onBind()
05-02 20:49:19.931 525 525 D BluetoothManagerService: BluetoothServiceConnection: com.android.bluetooth.btservice.AdapterService
05-02 20:49:19.931 525 544 D BluetoothManagerService: MESSAGE_BLUETOOTH_SERVICE_CONNECTED: 1
05-02 20:49:19.933 525 544 D BluetoothManagerService: Broadcasting onBluetoothServiceUp() to 5 receivers.
05-02 20:49:19.934 1294 2008 D BluetoothAdapter: onBluetoothServiceUp: android.bluetooth.IBluetooth$Stub$Proxy@264bf64
05-02 20:49:19.934 887 1087 D BluetoothAdapter: onBluetoothServiceUp: android.bluetooth.IBluetooth$Stub$Proxy@46dd74b
05-02 20:49:19.934 685 712 D BluetoothAdapter: onBluetoothServiceUp: android.bluetooth.IBluetooth$Stub$Proxy@cdc4cb2
05-02 20:49:19.935 1946 1973 D BluetoothAdapter: onBluetoothServiceUp: com.android.bluetooth.btservice.AdapterService$AdapterServiceBinder@bf013e1
05-02 20:49:19.936 1946 1966 D BluetoothAdapterService: enable() - Enable called with quiet mode status = false
05-02 20:49:19.937 1946 1994 I AdapterState: BLE_TURNING_ON : entered
05-02 20:49:19.937 1946 1994 D AdapterProperties: Setting state to BLE_TURNING_ON
05-02 20:49:19.938 1946 1994 D BluetoothAdapterService: updateAdapterState() - Broadcasting state BLE_TURNING_ON to 1 receivers.
05-02 20:49:19.939 525 1988 I am_proc_died: [0,1368,com.android.keychain,985,19]
05-02 20:49:19.940 338 338 I Zygote : Process 1368 exited due to signal 9 (Killed)
05-02 20:49:19.945 1946 2007 D BluetoothDatabase: compactLastConnectionTime: Compacting metadata after load
05-02 20:49:19.946 1946 2007 I BluetoothDatabase: cacheMetadata
05-02 20:49:19.946 1946 2007 V BluetoothDatabase: cacheMetadata: found device LocalStorage
05-02 20:49:19.946 1946 2007 V BluetoothDatabase: cacheMetadata: found device 5C:D0:6E:9A:11:A8
05-02 20:49:19.946 1946 2007 I BluetoothDatabase: cacheMetadata: Database is ready
05-02 20:49:19.952 1946 1994 D BluetoothAdapterService: bleOnProcessStart()
05-02 20:49:19.952 1946 1994 I AdapterProperties: init(), maxConnectedAudioDevices, default=5, propertyOverlayed=5, finalValue=5
05-02 20:49:19.955 1946 1994 D BluetoothAdapterService: bleOnProcessStart() - Make Bond State Machine
05-02 20:49:19.956 1946 1994 D BluetoothBondStateMachine: make
05-02 20:49:19.957 1946 2014 I BluetoothBondStateMachine: StableState(): Entering Off State
05-02 20:49:19.962 525 1988 D CompatibilityChangeReporter: Compat change id reported: 135634846; UID 1000; state: DISABLED
05-02 20:49:19.963 525 1988 D CompatibilityChangeReporter: Compat change id reported: 135754954; UID 1000; state: ENABLED
05-02 20:49:19.972 1946 1946 I BtGatt.JNI: classInitNative(L875): classInitNative: Success!
05-02 20:49:19.974 1946 1946 D BtGatt.DebugUtils: handleDebugAction() action=null
05-02 20:49:19.975 1946 1946 D BluetoothAdapterService: getAdapterService() - returning com.android.bluetooth.btservice.AdapterService@f6b19e7
05-02 20:49:19.976 338 338 D Zygote : Forked child process 2015
05-02 20:49:19.979 1946 1946 I bt_btif : get_profile_interface: id = gatt
05-02 20:49:19.979 525 553 I am_proc_start: [0,2015,1000,com.android.settings,broadcast,{com.android.settings/com.android.settings.fuelgauge.batterytip.AnomalyConfigReceiver}]
05-02 20:49:19.979 525 553 I ActivityManager: Start proc 2015:com.android.settings/1000 for broadcast {com.android.settings/com.android.settings.fuelgauge.batterytip.AnomalyConfigReceiver}
05-02 20:49:19.979 2015 2015 I Zygote : seccomp disabled by setenforce 0
05-02 20:49:19.980 1946 1946 D BluetoothAdapterService: getAdapterService() - returning com.android.bluetooth.btservice.AdapterService@f6b19e7
05-02 20:49:19.987 1946 1946 D BluetoothAdapterService: getAdapterService() - returning com.android.bluetooth.btservice.AdapterService@f6b19e7
05-02 20:49:19.988 1946 1999 I bt_stack_manager: event_start_up_stack is bringing up the stack
05-02 20:49:19.989 1946 1999 I bt_core_module: module_start_up Starting module "btif_config_module"
05-02 20:49:19.989 1946 1999 I bt_core_module: module_start_up Started module "btif_config_module"
05-02 20:49:19.989 1946 1999 I bt_core_module: module_start_up Starting module "btsnoop_module"
05-02 20:49:19.989 1946 1999 I droid.bluetoot: [0502/204919.989510:INFO:btsnoop.cc(207)] start_up: Snoop Logs disabled
05-02 20:49:19.989 1946 1999 I droid.bluetoot: [0502/204919.989663:INFO:btsnoop.cc(338)] delete_btsnoop_files: Deleting snoop logs if they exist. filtered = 1
05-02 20:49:19.989 1946 1999 I droid.bluetoot: [0502/204919.989838:INFO:btsnoop.cc(338)] delete_btsnoop_files: Deleting snoop logs if they exist. filtered = 0
05-02 20:49:19.989 1946 1999 I bt_core_module: module_start_up Started module "btsnoop_module"
05-02 20:49:19.990 1946 1999 I bt_core_module: module_start_up Starting module "hci_module"
05-02 20:49:19.990 1946 1999 I bt_hci : hci_module_start_up
05-02 20:49:19.990 1946 2030 I droid.bluetoot: [0502/204919.990657:INFO:message_loop_thread.cc(175)] Run: message loop starting for thread bt_hci_thread
05-02 20:49:19.991 1946 1999 D bt_hci : hci_module_start_up starting async portion
05-02 20:49:19.991 1946 2030 I bt_hci : hci_initialize
05-02 20:49:19.992 228 228 I hwservicemanager: getTransport: Cannot find entry android.hardware.bluetooth@1.1::IBluetoothHci/default in either framework or device manifest.
05-02 20:49:19.992 572 576 I adbd : jdwp connection from 2015
05-02 20:49:19.993 1946 2030 I bt_hci : hci_initialize: IBluetoothHci::getService() returned 0xb400e8f0643e22f0 (remote)
05-02 20:49:19.994 346 1008 I android.hardware.bluetooth@1.0-impl: BluetoothHci::initialize()
05-02 20:49:19.999 346 1008 I bt-vnd-mrvl: Attempt to load conf from /vendor/etc/bluetooth/bt_vendor.conf
05-02 20:49:19.999 346 1008 D android.hardware.bluetooth@1.0-impl: Open vendor library loaded
05-02 20:49:19.999 346 1008 D bt-vnd-mrvl: bt_vnd_mrvl_if_op(L940): opcode = 0
05-02 20:49:19.999 346 1008 D bt-vnd-mrvl: bt_vnd_mrvl_if_op(L952): power on --------------------------------------
05-02 20:49:19.999 346 1008 D bt-vnd-mrvl: bt_vnd_mrvl_if_op(L940): opcode = 3
05-02 20:49:19.999 346 1008 D bt-vnd-mrvl: bt_vnd_mrvl_if_op(L987): open serial port--------------------------------------
05-02 20:49:19.999 346 1008 D bt-vnd-mrvl: bt_vnd_mrvl_if_op(L995): baudrate_bt 3000000
05-02 20:49:19.999 346 1008 D bt-vnd-mrvl: bt_vnd_mrvl_if_op(L996): baudrate_fw_init 115200
05-02 20:49:19.999 346 1008 D bt-vnd-mrvl: get_prop_int32(L489): get_prop_int32: -1
05-02 20:49:19.999 346 1008 E bt-vnd-mrvl: ERROR : uart_init_open(L655): open uart port /dev/ttymxc0 failed fd: -1, retrying
05-02 20:49:20.001 525 588 I am_proc_bound: [0,2015,com.android.settings]
05-02 20:49:20.018 2015 2015 I chatty : uid=1000(system) com.android.settings expire 17 lines
05-02 20:49:20.050 346 1008 E bt-vnd-mrvl: ERROR : uart_init_open(L655): open uart port /dev/ttymxc0 failed fd: -1, retrying
05-02 20:49:20.065 525 588 I am_uid_running: 2000
05-02 20:49:20.066 525 588 D CompatibilityChangeReporter: Compat change id reported: 135634846; UID 2000; state: DISABLED
05-02 20:49:20.066 525 588 D CompatibilityChangeReporter: Compat change id reported: 135754954; UID 2000; state: ENABLED
05-02 20:49:20.068 525 588 I ActivityManager: Killing 1390:com.android.quicksearchbox/u0a108 (adj 985): empty #17
05-02 20:49:20.068 525 588 I am_kill : [0,1390,com.android.quicksearchbox,985,empty #17]
05-02 20:49:20.084 338 338 D Zygote : Forked child process 2042
05-02 20:49:20.087 2042 2042 I Zygote : seccomp disabled by setenforce 0
05-02 20:49:20.087 525 553 I am_proc_start: [0,2042,2000,com.android.shell,broadcast,{com.android.shell/com.android.shell.HeapDumpReceiver}]
05-02 20:49:20.087 525 553 I ActivityManager: Start proc 2042:com.android.shell/2000 for broadcast {com.android.shell/com.android.shell.HeapDumpReceiver}
05-02 20:49:20.089 525 1988 I am_proc_died: [0,1390,com.android.quicksearchbox,985,19]
05-02 20:49:20.090 338 338 I Zygote : Process 1390 exited due to signal 9 (Killed)
05-02 20:49:20.090 525 1988 I am_uid_stopped: 10108
05-02 20:49:20.100 346 1008 E bt-vnd-mrvl: ERROR : uart_init_open(L655): open uart port /dev/ttymxc0 failed fd: -1, retrying
05-02 20:49:20.101 572 576 I adbd : jdwp connection from 2042
05-02 20:49:20.108 525 1988 I am_proc_bound: [0,2042,com.android.shell]
05-02 20:49:20.133 2042 2042 I m.android.shel: The ClassLoaderContext is a special shared library.
05-02 20:49:20.145 2042 2042 D NetworkSecurityConfig: No Network Security Config specified, using platform default
05-02 20:49:20.146 2042 2042 D NetworkSecurityConfig: No Network Security Config specified, using platform default
05-02 20:49:20.150 346 1008 E bt-vnd-mrvl: ERROR : uart_init_open(L655): open uart port /dev/ttymxc0 failed fd: -1, retrying
05-02 20:49:20.154 2042 2042 D HeapDumpReceiver: onReceive(): Intent { act=android.intent.action.BOOT_COMPLETED flg=0x89000010 cmp=com.android.shell/.HeapDumpReceiver (has extras) }
05-02 20:49:20.155 2042 2064 D HeapDumpReceiver: Deleting from /data/user_de/0/com.android.shell/files/heapdumps
05-02 20:49:20.159 525 1988 I ActivityManager: Killing 1563:org.videolan.vlc/u0a132 (adj 985): empty #17
05-02 20:49:20.159 525 1988 I am_kill : [0,1563,org.videolan.vlc,985,empty #17]
05-02 20:49:20.177 887 887 I m.android.phon: The ClassLoaderContext is a special shared library.
05-02 20:49:20.186 887 887 D NetworkSecurityConfig: No Network Security Config specified, using platform default
05-02 20:49:20.186 887 887 W nsconfig: com.android.phone: New config does not match the previously set config.
05-02 20:49:20.187 525 539 I am_proc_died: [0,1563,org.videolan.vlc,985,19]
05-02 20:49:20.187 339 339 I Zygote : Process 1563 exited due to signal 9 (Killed)
05-02 20:49:20.187 525 539 I am_uid_stopped: 10132
05-02 20:49:20.191 887 887 D CAT : BootCompletedReceiver: [ACTION_BOOT_COMPLETED]
05-02 20:49:20.191 525 539 I am_uid_running: 10084
05-02 20:49:20.192 887 887 D CAT : StkAppService: onCreate()+
05-02 20:49:20.192 887 887 D CAT : StkAppService: simCount: 1
05-02 20:49:20.192 525 539 D CompatibilityChangeReporter: Compat change id reported: 135634846; UID 10084; state: DISABLED
05-02 20:49:20.193 525 539 D CompatibilityChangeReporter: Compat change id reported: 135754954; UID 10084; state: DISABLED
05-02 20:49:20.193 887 887 D CAT : StkAppService: slotId: 0
05-02 20:49:20.193 525 553 D CompatibilityChangeReporter: Compat change id reported: 143937733; UID 10084; state: DISABLED
05-02 20:49:20.194 887 887 D CAT : StkAppService: onStart sim id: 0, op: 5, *****
05-02 20:49:20.195 887 887 D CAT : StkAppService: mStkService is: -1
05-02 20:49:20.196 887 887 D CAT : StkAppInstaller: [setAppState]+
05-02 20:49:20.197 887 887 D CAT : StkAppInstaller: Need not change app state!!
05-02 20:49:20.197 887 887 D CAT : StkAppInstaller: [setAppState]-
05-02 20:49:20.198 887 887 D CAT : StkAppService: onDestroy()
05-02 20:49:20.200 346 1008 E bt-vnd-mrvl: ERROR : uart_init_open(L655): open uart port /dev/ttymxc0 failed fd: -1, retrying
05-02 20:49:20.208 338 338 D Zygote : Forked child process 2066
05-02 20:49:20.211 525 553 I am_proc_start: [0,2066,10084,com.android.traceur,broadcast,{com.android.traceur/com.android.traceur.Receiver}]
05-02 20:49:20.211 525 553 I ActivityManager: Start proc 2066:com.android.traceur/u0a84 for broadcast {com.android.traceur/com.android.traceur.Receiver}
05-02 20:49:20.211 2066 2066 I Zygote : seccomp disabled by setenforce 0
05-02 20:49:20.212 2066 2066 I libc : SetHeapTaggingLevel: tag level set to 0
05-02 20:49:20.224 572 576 I adbd : jdwp connection from 2066
05-02 20:49:20.232 525 539 I am_proc_bound: [0,2066,com.android.traceur]
05-02 20:49:20.247 2066 2066 D ApplicationLoaders: Returning zygote-cached class loader: /system/framework/android.test.base.jar
05-02 20:49:20.250 346 1008 E bt-vnd-mrvl: ERROR : uart_init_open(L655): open uart port /dev/ttymxc0 failed fd: -1, retrying
05-02 20:49:20.289 2066 2066 I android.traceu: The ClassLoaderContext is a special shared library.
05-02 20:49:20.301 346 1008 E bt-vnd-mrvl: ERROR : uart_init_open(L655): open uart port /dev/ttymxc0 failed fd: -1, retrying
05-02 20:49:20.309 2066 2066 D NetworkSecurityConfig: No Network Security Config specified, using platform default
05-02 20:49:20.310 2066 2066 D NetworkSecurityConfig: No Network Security Config specified, using platform default
05-02 20:49:20.330 525 539 I ActivityManager: Finished processing BOOT_COMPLETED for u0
05-02 20:49:20.330 525 539 I am_uid_running: 10074
05-02 20:49:20.331 525 539 D CompatibilityChangeReporter: Compat change id reported: 135634846; UID 10074; state: DISABLED
05-02 20:49:20.331 525 539 D CompatibilityChangeReporter: Compat change id reported: 135754954; UID 10074; state: ENABLED
05-02 20:49:20.332 525 553 D CompatibilityChangeReporter: Compat change id reported: 143937733; UID 10074; state: ENABLED
05-02 20:49:20.335 525 539 I ActivityManager: Killing 1644:com.android.calendar/u0a105 (adj 985): empty #17
05-02 20:49:20.335 525 539 I am_kill : [0,1644,com.android.calendar,985,empty #17]
05-02 20:49:20.349 338 338 D Zygote : Forked child process 2089
05-02 20:49:20.351 346 1008 E bt-vnd-mrvl: ERROR : uart_init_open(L652): exceed max retry count, return error
05-02 20:49:20.351 346 1008 E bt-vnd-mrvl: ERROR : bt_vnd_mrvl_if_op(L1039): open UART bt port /dev/ttymxc0 failed fd: -1
05-02 20:49:20.351 346 1008 E android.hardware.bluetooth@1.0-impl: Open: fd_count -1 is invalid!
05-02 20:49:20.355 2089 2089 I Zygote : seccomp disabled by setenforce 0
05-02 20:49:20.356 525 539 I am_proc_died: [0,1644,com.android.calendar,985,19]
05-02 20:49:20.357 525 539 I am_uid_stopped: 10105
05-02 20:49:20.358 338 338 I Zygote : Process 1644 exited due to signal 9 (Killed)
05-02 20:49:20.360 525 553 I am_proc_start: [0,2089,10074,com.android.externalstorage,broadcast,{com.android.externalstorage/com.android.externalstorage.MountReceiver}]
05-02 20:49:20.360 525 553 I ActivityManager: Start proc 2089:com.android.externalstorage/u0a74 for broadcast {com.android.externalstorage/com.android.externalstorage.MountReceiver}
05-02 20:49:20.368 572 576 I adbd : jdwp connection from 2089
05-02 20:49:20.375 1946 2030 F droid.bluetoot: [0502/204920.351709:FATAL:hci_layer_android.cc(102)] Check failed: status == Status::SUCCESS.
05-02 20:49:20.375 1946 2030 F droid.bluetoot: #00 0x0000e8ef4b10638f /system/lib64/libchrome.so+0x00000000000b738f
05-02 20:49:20.375 1946 2030 F droid.bluetoot: #01 0x0000e8ef4aceecb3 /system/lib64/libbluetooth.so+0x0000000000266cb3
05-02 20:49:20.375 1946 2030 F droid.bluetoot: #02 0x0000e8ef4a99d57b /system/lib64/android.hardware.bluetooth@1.0.so+0x000000000001b57b
05-02 20:49:20.375 1946 2030 F droid.bluetoot: #03 0x0000e8ef4a976c3b /system/lib64/android.hardware.bluetooth@1.1.so+0x000000000001bc3b
05-02 20:49:20.375 1946 2030 F droid.bluetoot: #04 0x0000e8f1c84d989b /system/lib64/libhidlbase.so+0x000000000009489b
05-02 20:49:20.375 1946 2030 F droid.bluetoot: #05 0x0000e8f1c84df7ab /system/lib64/libhidlbase.so+0x000000000009a7ab
05-02 20:49:20.375 1946 2030 F droid.bluetoot: #06 0x0000e8f1c84da4b7 /system/lib64/libhidlbase.so+0x00000000000954b7
05-02 20:49:20.375 1946 2030 F droid.bluetoot: #07 0x0000e8ef4a99259b /system/lib64/android.hardware.bluetooth@1.0.so+0x000000000001059b
05-02 20:49:20.375 1946 2030 F droid.bluetoot: #08 0x0000e8ef4acee6a3 /system/lib64/libbluetooth.so+0x00000000002666a3
05-02 20:49:20.375 1946 2030 F droid.bluetoot: #09 0x0000e8ef4b0ed8a3 /system/lib64/libchrome.so+0x000000000009e8a3
05-02 20:49:20.375 1946 2030 F droid.bluetoot: #10 0x0000e8ef4b10e027 /system/lib64/libchrome.so+0x00000000000bf027
05-02 20:49:20.375 1946 2030 F droid.bluetoot: #11 0x0000e8ef4b10e3d3 /system/lib64/libchrome.so+0x00000000000bf3d3
05-02 20:49:20.375 1946 2030 F droid.bluetoot: #12 0x0000e8ef4b10fbd3 /system/lib64/libchrome.so+0x00000000000c0bd3
05-02 20:49:20.375 1946 2030 F droid.bluetoot: #13 0x0000e8ef4b132277 /system/lib64/libchrome.so+0x00000000000e3277
05-02 20:49:20.375 1946 2030 F droid.bluetoot: #14 0x0000e8ef4ac2b40f /system/lib64/libbluetooth.so+0x00000000001a340f
05-02 20:49:20.375 1946 2030 F droid.bluetoot: #15 0x0000e8ef4ac2af53 /system/lib64/libbluetooth.so+0x00000000001a2f53
05-02 20:49:20.375 1946 2030 F droid.bluetoot: #16 0x0000e8ef4ac2b917 /system/lib64/libbluetooth.so+0x00000000001a3917
05-02 20:49:20.375 1946 2030 F droid.bluetoot: #17 0x0000e8f1c648ec0b /apex/com.android.runtime/lib64/bionic/libc.so+0x00000000000b0c0b
05-02 20:49:20.375 1946 2030 F droid.bluetoot: #18 0x0000e8f1c642e5d3 /apex/com.android.runtime/lib64/bionic/libc.so+0x00000000000505d3
05-02 20:49:20.375 1946 2030 F droid.bluetoot: #19 0xffffffffffffffff
05-02 20:49:20.375 1946 2030 F droid.bluetoot:
05-02 20:49:20.376 1946 2030 F libc : Fatal signal 6 (SIGABRT), code -1 (SI_QUEUE) in tid 2030 (bt_hci_thread), pid 1946 (droid.bluetooth)
05-02 20:49:20.376 525 539 I am_proc_bound: [0,2089,com.android.externalstorage]
05-02 20:49:20.408 2089 2089 I externalstorag: The ClassLoaderContext is a special shared library.
05-02 20:49:20.438 2089 2089 D NetworkSecurityConfig: No Network Security Config specified, using platform default
05-02 20:49:20.439 2089 2089 D NetworkSecurityConfig: No Network Security Config specified, using platform default
05-02 20:49:20.440 444 666 D BufferPoolAccessor2.0: bufferpool2 0xb400ec177b588158 : 0(0 size) total buffers - 0(0 size) used buffers - 93/97 (recycle/alloc) - 4/96 (fetch/transfer)
05-02 20:49:20.440 444 666 D BufferPoolAccessor2.0: evictor expired: 1, evicted: 1
05-02 20:49:20.443 2115 2115 I crash_dump64: obtaining output fd from tombstoned, type: kDebuggerdTombstone
05-02 20:49:20.443 331 331 I tombstoned: received crash request for pid 2030
05-02 20:49:20.444 2115 2115 I crash_dump64: performing dump of process 1946 (target tid = 2030)
05-02 20:49:20.459 2115 2115 F DEBUG : *** *** *** *** *** *** *** *** *** *** *** *** *** *** *** ***
05-02 20:49:20.459 2115 2115 F DEBUG : Build fingerprint: 'Android/evk_8mm/evk_8mm:11/RQ2A.210505.002/eng.kiran.20220502.202049:userdebug/dev-keys'
05-02 20:49:20.459 2115 2115 F DEBUG : Revision: '0'
05-02 20:49:20.459 2115 2115 F DEBUG : ABI: 'arm64'
05-02 20:49:20.460 2115 2115 F DEBUG : Timestamp: 2022-05-02 20:49:20+0000
05-02 20:49:20.460 2115 2115 F DEBUG : pid: 1946, tid: 2030, name: bt_hci_thread >>> com.android.bluetooth <<<
05-02 20:49:20.460 2115 2115 F DEBUG : uid: 1002
05-02 20:49:20.460 2115 2115 F DEBUG : signal 6 (SIGABRT), code -1 (SI_QUEUE), fault addr --------
05-02 20:49:20.460 2115 2115 F DEBUG : Abort message: '[0502/204920.351709:FATAL:hci_layer_android.cc(102)] Check failed: status == Status::SUCCESS.
05-02 20:49:20.460 2115 2115 F DEBUG : #00 0x0000e8ef4b10638f /system/lib64/libchrome.so+0x00000000000b738f
05-02 20:49:20.460 2115 2115 F DEBUG : #01 0x0000e8ef4aceecb3 /system/lib64/libbluetooth.so+0x0000000000266cb3
05-02 20:49:20.460 2115 2115 F DEBUG : #02 0x0000e8ef4a99d57b /system/lib64/android.hardware.bluetooth@1.0.so+0x000000000001b57b
05-02 20:49:20.460 2115 2115 F DEBUG : #03 0x0000e8ef4a976c3b /system/lib64/android.hardware.bluetooth@1.1.so+0x000000000001bc3b
05-02 20:49:20.460 2115 2115 F DEBUG : #04 0x0000e8f1c84d989b /system/lib64/libhidlbase.so+0x000000000009489b
05-02 20:49:20.460 2115 2115 F DEBUG : #05 0x0000e8f1c84df7ab /system/lib64/libhidlbase.so+0x000000000009a7ab
05-02 20:49:20.460 2115 2115 F DEBUG : #06 0x0000e8f1c84da4b7 /system/lib64/libhidlbase.so+0x00000000000954b7
05-02 20:49:20.460 2115 2115 F DEBUG : #07 0x0000e8ef4a99259b /system/lib64/android.hardware.bluetooth@1.0.so+0x000000000001059b
05-02 20:49:20.460 2115 2115 F DEBUG : #08 0x0000e8ef4acee6a3 /system/lib64/libbluetooth.so+0x00000000002666a3
05-02 20:49:20.460 2115 2115 F DEBUG : #09 0x0000e8ef4b0ed8a3 /system/lib64/libchrome.so+0x000000000009e8a3
05-02 20:49:20.460 2115 2115 F DEBUG : #10 0x0000e8ef4b10e027 /system/lib64/libchrome.so+0x00000000000bf027
05-02 20:49:20.460 2115 2115 F DEBUG : #11 0x0000e8ef4b10e3d3 /system/lib64/libchrome.so+0x00000000000bf3d3
05-02 20:49:20.460 2115 2115 F DEBUG : #12 0x0000e8ef4b10fbd3 /system/lib64/libchrome.so+0x00000000000c0bd3
05-02 20:49:20.460 2115 2115 F DEBUG : #13 0x0000e8ef4b132277 /system/lib64/libchrome.so+0x00000000000e3277
05-02 20:49:20.460 2115 2115 F DEBUG : #14 0x0000e8ef4ac2b40f /system/lib64/libbluetooth.so+0x00000000001a340f
05-02 20:49:20.460 2115 2115 F DEBUG : #15 0x0000e8ef4ac2af53 /system/lib64/libbluetooth.so+0x00000000001a2f53
05-02 20:49:20.460 2115 2115 F DEBUG : #16 0x0000e8ef4ac2b917 /system/lib64/libbluetooth.so+0x00000000001a3917
05-02 20:49:20.460 2115 2115 F DEBUG : #17 0x0000e8f1c648ec0b /apex/com.android.runtime/lib64/bionic/libc.so+0x00000000000b0c0b
05-02 20:49:20.460 2115 2115 F DEBUG : #18 0x0000e8f1c642e5d3 /apex/com.android.runtime/lib64/bionic/libc.so+0x00000000000505d3
05-02 20:49:20.460 2115 2115 F DEBUG : #19 0xffffffffffffffff
05-02 20:49:20.460 2115 2115 F DEBUG :
05-02 20:49:20.460 2115 2115 F DEBUG : '
05-02 20:49:20.460 2115 2115 F DEBUG : x0 0000000000000000 x1 00000000000007ee x2 0000000000000006 x3 0000e8ef3aa07610
05-02 20:49:20.461 2115 2115 F DEBUG : x4 feffe6ff09093d6d x5 feffe6ff09093d6d x6 feffe6ff09093d6d x7 7f7fff7f7f7f7f7f
05-02 20:49:20.461 2115 2115 F DEBUG : x8 00000000000000f0 x9 0000e8f1c63fe7e0 x10 ffffff80fffffbdf x11 0000000000000001
05-02 20:49:20.461 2115 2115 F DEBUG : x12 0000e8ef3aa06420 x13 000000000000061d x14 0000e8ef3aa064d0 x15 0000000015dfe940
05-02 20:49:20.461 2115 2115 F DEBUG : x16 0000e8f1c6497c80 x17 0000e8f1c64793c0 x18 0000e8ef39bbc028 x19 00000000000000ac
05-02 20:49:20.461 2115 2115 F DEBUG : x20 000000000000079a x21 00000000000000b2 x22 00000000000007ee x23 00000000ffffffff
05-02 20:49:20.461 2115 2115 F DEBUG : x24 0000e8ef4b17c000 x25 0000e8f1c649af28 x26 0000e8ef3aa09000 x27 0000e8ef3aa07708
05-02 20:49:20.461 2115 2115 F DEBUG : x28 000000000000079a x29 0000e8ef3aa07690
05-02 20:49:20.461 2115 2115 F DEBUG : lr 0000e8f1c642c544 sp 0000e8ef3aa075f0 pc 0000e8f1c642c574 pst 0000000000000000
05-02 20:49:20.462 2089 2089 D ExternalStorage: After updating volumes, found 2 active roots
05-02 20:49:20.472 2089 2089 I chatty : uid=10074(com.android.externalstorage) identical 2 lines
05-02 20:49:20.475 2089 2089 D ExternalStorage: After updating volumes, found 2 active roots
05-02 20:49:20.480 525 539 I ActivityManager: Killing 1674:com.android.camera2/u0a113 (adj 985): empty #17
05-02 20:49:20.480 525 539 I am_kill : [0,1674,com.android.camera2,985,empty #17]
05-02 20:49:20.505 525 539 I am_proc_died: [0,1674,com.android.camera2,985,19]
05-02 20:49:20.506 338 338 I Zygote : Process 1674 exited due to signal 9 (Killed)
05-02 20:49:20.506 525 539 I am_uid_stopped: 10113
05-02 20:49:20.532 2089 2089 D ExternalStorage: After updating volumes, found 2 active roots
05-02 20:49:20.532 2115 2115 F DEBUG : backtrace:
05-02 20:49:20.532 2115 2115 F DEBUG : #00 pc 000000000004e574 /apex/com.android.runtime/lib64/bionic/libc.so (abort+180) (BuildId: 2338ca8a340db969666f0073f3371d96)
05-02 20:49:20.532 2115 2115 F DEBUG : #01 pc 000000000009d7e4 /system/lib64/libchrome.so (base::debug::BreakDebugger()+20) (BuildId: d09629fde1649584555f8bdbb82b7e43)
05-02 20:49:20.532 2115 2115 F DEBUG : #02 pc 00000000000b77d0 /system/lib64/libchrome.so (logging::LogMessage::~LogMessage()+1312) (BuildId: d09629fde1649584555f8bdbb82b7e43)
05-02 20:49:20.532 2115 2115 F DEBUG : #03 pc 0000000000266cb0 /system/lib64/libbluetooth.so (BluetoothHciCallbacks::initializationComplete(android::hardware::bluetooth::V1_0::Status)+120) (BuildId: 87cc65273a2f0dc4def578e33d2562c2)
05-02 20:49:20.532 2115 2115 F DEBUG : #04 pc 000000000001b578 /system/lib64/android.hardware.bluetooth@1.0.so (android::hardware::bluetooth::V1_0::BnHwBluetoothHciCallbacks::_hidl_initializationComplete(android::hidl::base::V1_0::BnHwBase*, android::hardware::Parcel const&, android::hardware::Parcel*, std::__1::function)+184) (BuildId: 0296ed46349be614c375cae0f90266ff)
05-02 20:49:20.532 2115 2115 F DEBUG : #05 pc 000000000001bc38 /system/lib64/android.hardware.bluetooth@1.1.so (android::hardware::bluetooth::V1_1::BnHwBluetoothHciCallbacks::onTransact(unsigned int, android::hardware::Parcel const&, android::hardware::Parcel*, unsigned int, std::__1::function)+552) (BuildId: 487535fb4e5d76b170fabe39fc61ca32)
05-02 20:49:20.533 2115 2115 F DEBUG : #06 pc 0000000000094898 /system/lib64/libhidlbase.so (android::hardware::BHwBinder::transact(unsigned int, android::hardware::Parcel const&, android::hardware::Parcel*, unsigned int, std::__1::function)+72) (BuildId: d936c383e6af0d8aee8ac56dcdfe7291)
05-02 20:49:20.533 2115 2115 F DEBUG : #07 pc 000000000009a7a8 /system/lib64/libhidlbase.so (android::hardware::IPCThreadState::transact(int, unsigned int, android::hardware::Parcel const&, android::hardware::Parcel*, unsigned int)+2272) (BuildId: d936c383e6af0d8aee8ac56dcdfe7291)
05-02 20:49:20.533 2115 2115 F DEBUG : #08 pc 00000000000954b4 /system/lib64/libhidlbase.so (android::hardware::BpHwBinder::transact(unsigned int, android::hardware::Parcel const&, android::hardware::Parcel*, unsigned int, std::__1::function)+76) (BuildId: d936c383e6af0d8aee8ac56dcdfe7291)
05-02 20:49:20.533 2115 2115 F DEBUG : #09 pc 0000000000010598 /system/lib64/android.hardware.bluetooth@1.0.so (android::hardware::bluetooth::V1_0::BpHwBluetoothHci::_hidl_initialize(android::hardware::IInterface*, android::hardware::details::HidlInstrumentor*, android::sp const&)+368) (BuildId: 0296ed46349be614c375cae0f90266ff)
05-02 20:49:20.533 2115 2115 F DEBUG : #10 pc 00000000002666a0 /system/lib64/libbluetooth.so (hci_initialize()+856) (BuildId: 87cc65273a2f0dc4def578e33d2562c2)
05-02 20:49:20.533 2115 2115 F DEBUG : #11 pc 000000000009e8a0 /system/lib64/libchrome.so (base::debug::TaskAnnotator::RunTask(char const*, base::PendingTask*)+192) (BuildId: d09629fde1649584555f8bdbb82b7e43)
05-02 20:49:20.533 2115 2115 F DEBUG : #12 pc 00000000000bf024 /system/lib64/libchrome.so (base::MessageLoop::RunTask(base::PendingTask*)+324) (BuildId: d09629fde1649584555f8bdbb82b7e43)
05-02 20:49:20.533 2115 2115 F DEBUG : #13 pc 00000000000bf3d0 /system/lib64/libchrome.so (base::MessageLoop::DoWork()+464) (BuildId: d09629fde1649584555f8bdbb82b7e43)
05-02 20:49:20.533 2115 2115 F DEBUG : #14 pc 00000000000c0bd0 /system/lib64/libchrome.so (base::MessagePumpDefault::Run(base::MessagePump::Delegate*)+104) (BuildId: d09629fde1649584555f8bdbb82b7e43)
05-02 20:49:20.533 2115 2115 F DEBUG : #15 pc 00000000000e3274 /system/lib64/libchrome.so (base::RunLoop::Run()+84) (BuildId: d09629fde1649584555f8bdbb82b7e43)
05-02 20:49:20.533 2115 2115 F DEBUG : #16 pc 00000000001a340c /system/lib64/libbluetooth.so (bluetooth::common::MessageLoopThread::Run(std::__1::promise)+268) (BuildId: 87cc65273a2f0dc4def578e33d2562c2)
05-02 20:49:20.533 2115 2115 F DEBUG : #17 pc 00000000001a2f50 /system/lib64/libbluetooth.so (bluetooth::common::MessageLoopThread::RunThread(bluetooth::common::MessageLoopThread*, std::__1::promise)+48) (BuildId: 87cc65273a2f0dc4def578e33d2562c2)
05-02 20:49:20.534 2115 2115 F DEBUG : #18 pc 00000000001a3914 /system/lib64/libbluetooth.so (void* std::__1::__thread_proxy >, void (*)(bluetooth::common::MessageLoopThread*, std::__1::promise), bluetooth::common::MessageLoopThread*, std::__1::promise > >(void*)+84) (BuildId: 87cc65273a2f0dc4def578e33d2562c2)
05-02 20:49:20.534 2115 2115 F DEBUG : #19 pc 00000000000b0c08 /apex/com.android.runtime/lib64/bionic/libc.so (__pthread_start(void*)+64) (BuildId: 2338ca8a340db969666f0073f3371d96)
05-02 20:49:20.534 2115 2115 F DEBUG : #20 pc 00000000000505d0 /apex/com.android.runtime/lib64/bionic/libc.so (__start_thread+64) (BuildId: 2338ca8a340db969666f0073f3371d96)
05-02 20:49:20.534 1314 2118 I MediaProvider: Begin Intent { act=android.intent.action.MEDIA_MOUNTED dat=file:///storage/emulated/0 flg=0x5000010 cmp=com.android.providers.media.module/com.android.providers.media.MediaService (has extras) }
05-02 20:49:20.558 2089 2089 D ExternalStorage: After updating volumes, found 2 active roots
05-02 20:49:20.560 1314 2118 V MediaProvider: onConfigure() for internal.db
05-02 20:49:20.564 2089 2089 D ExternalStorage: After updating volumes, found 2 active roots
05-02 20:49:20.566 383 1263 D BufferPoolAccessor2.0: bufferpool2 0xe8dc33e8 : 0(0 size) total buffers - 0(0 size) used buffers - 94/102 (recycle/alloc) - 8/198 (fetch/transfer)
05-02 20:49:20.566 383 1263 D BufferPoolAccessor2.0: evictor expired: 1, evicted: 1
05-02 20:49:20.569 1314 2118 V MediaProvider: onOpen() for internal.db
05-02 20:49:20.569 1314 2118 V MediaProvider: onOpen() finished for internal.db
05-02 20:49:20.580 1314 2118 W ModernMediaScanner: Failed to visit /system/media: java.nio.file.NoSuchFileException: /system/media
05-02 20:49:20.585 525 539 D CompatibilityChangeReporter: Compat change id reported: 149924527; UID 10130; state: ENABLED
05-02 20:49:20.587 525 539 D CompatibilityChangeReporter: Compat change id reported: 132649864; UID 10130; state: DISABLED
05-02 20:49:20.592 2115 2115 I auditd : type=1400 audit(0.0:388): avc: denied { open } for comm="crash_dump64" path="/dev/__properties__/u:object_r:hwservicemanager_prop:s0" dev="tmpfs" ino=154 scontext=u:r:crash_dump:s0 tcontext=u:object_r:hwservicemanager_prop:s0 tclass=file permissive=1
05-02 20:49:20.592 2115 2115 I crash_dump64: type=1400 audit(0.0:388): avc: denied { open } for path="/dev/__properties__/u:object_r:hwservicemanager_prop:s0" dev="tmpfs" ino=154 scontext=u:r:crash_dump:s0 tcontext=u:object_r:hwservicemanager_prop:s0 tclass=file permissive=1
05-02 20:49:20.592 2115 2115 I auditd : type=1400 audit(0.0:389): avc: denied { getattr } for comm="crash_dump64" path="/dev/__properties__/u:object_r:hwservicemanager_prop:s0" dev="tmpfs" ino=154 scontext=u:r:crash_dump:s0 tcontext=u:object_r:hwservicemanager_prop:s0 tclass=file permissive=1
05-02 20:49:20.592 2115 2115 I crash_dump64: type=1400 audit(0.0:389): avc: denied { getattr } for path="/dev/__properties__/u:object_r:hwservicemanager_prop:s0" dev="tmpfs" ino=154 scontext=u:r:crash_dump:s0 tcontext=u:object_r:hwservicemanager_prop:s0 tclass=file permissive=1
05-02 20:49:20.592 2115 2115 I auditd : type=1400 audit(0.0:390): avc: denied { map } for comm="crash_dump64" path="/dev/__properties__/u:object_r:hwservicemanager_prop:s0" dev="tmpfs" ino=154 scontext=u:r:crash_dump:s0 tcontext=u:object_r:hwservicemanager_prop:s0 tclass=file permissive=1
05-02 20:49:20.592 2115 2115 I crash_dump64: type=1400 audit(0.0:390): avc: denied { map } for path="/dev/__properties__/u:object_r:hwservicemanager_prop:s0" dev="tmpfs" ino=154 scontext=u:r:crash_dump:s0 tcontext=u:object_r:hwservicemanager_prop:s0 tclass=file permissive=1
05-02 20:49:20.592 2115 2115 I auditd : type=1400 audit(0.0:391): avc: denied { open } for comm="crash_dump64" path="/dev/__properties__/u:object_r:bluetooth_a2dp_offload_prop:s0" dev="tmpfs" ino=69 scontext=u:r:crash_dump:s0 tcontext=u:object_r:bluetooth_a2dp_offload_prop:s0 tclass=file permissive=1
05-02 20:49:20.592 2115 2115 I crash_dump64: type=1400 audit(0.0:391): avc: denied { open } for path="/dev/__properties__/u:object_r:bluetooth_a2dp_offload_prop:s0" dev="tmpfs" ino=69 scontext=u:r:crash_dump:s0 tcontext=u:object_r:bluetooth_a2dp_offload_prop:s0 tclass=file permissive=1
05-02 20:49:20.592 2115 2115 I auditd : type=1400 audit(0.0:392): avc: denied { getattr } for comm="crash_dump64" path="/dev/__properties__/u:object_r:bluetooth_a2dp_offload_prop:s0" dev="tmpfs" ino=69 scontext=u:r:crash_dump:s0 tcontext=u:object_r:bluetooth_a2dp_offload_prop:s0 tclass=file permissive=1
05-02 20:49:20.592 2115 2115 I crash_dump64: type=1400 audit(0.0:392): avc: denied { getattr } for path="/dev/__properties__/u:object_r:bluetooth_a2dp_offload_prop:s0" dev="tmpfs" ino=69 scontext=u:r:crash_dump:s0 tcontext=u:object_r:bluetooth_a2dp_offload_prop:s0 tclass=file permissive=1
05-02 20:49:20.597 0 0 W audit : audit_lost=37 audit_rate_limit=5 audit_backlog_limit=64
05-02 20:49:20.599 1314 2118 I MediaProvider: Scanned internal due to REASON_MOUNTED, found 0 items in 27ms, 0 inserts 0 updates 0 deletes
05-02 20:49:20.628 1314 2118 W ModernMediaScanner: Failed to visit /oem/media: java.nio.file.NoSuchFileException: /oem/media
05-02 20:49:20.629 0 0 E audit : rate limit exceeded
05-02 20:49:20.632 1314 2118 I MediaProvider: Scanned internal due to REASON_MOUNTED, found 0 items in 4ms, 0 inserts 0 updates 0 deletes
05-02 20:49:20.659 525 539 I ActivityManager: Killing 1723:com.android.contacts/u0a100 (adj 985): empty #17
05-02 20:49:20.659 525 539 I am_kill : [0,1723,com.android.contacts,985,empty #17]
05-02 20:49:20.695 422 659 E Utils : did not find channel-count and/or sample-rate
05-02 20:49:20.696 422 659 E Utils : did not find channel-count and/or sample-rate
05-02 20:49:20.709 338 338 I Zygote : Process 1723 exited due to signal 9 (Killed)
05-02 20:49:20.709 525 539 I am_proc_died: [0,1723,com.android.contacts,985,19]
05-02 20:49:20.710 525 539 I am_uid_stopped: 10100
05-02 20:49:20.753 422 659 E Utils : did not find channel-count and/or sample-rate
05-02 20:49:20.915 422 659 I chatty : uid=1040(mediaex) Binder:422_2 identical 18 lines
05-02 20:49:20.916 422 659 E Utils : did not find channel-count and/or sample-rate
05-02 20:49:20.920 0 0 D logd : logdr: UID=1002 GID=1002 PID=2115 n tail=50 logMask=8 pid=1946 start=0ns timeout=0ns
05-02 20:49:20.924 0 0 D logd : logdr: UID=1002 GID=1002 PID=2115 n tail=50 logMask=1 pid=1946 start=0ns timeout=0ns
05-02 20:49:21.233 0 0 D logd : logdr: UID=1002 GID=1002 PID=2115 n tail=0 logMask=8 pid=1946 start=0ns timeout=0ns
05-02 20:49:21.236 0 0 D logd : logdr: UID=1002 GID=1002 PID=2115 n tail=0 logMask=1 pid=1946 start=0ns timeout=0ns
05-02 20:49:21.242 331 331 E tombstoned: Tombstone written to: /data/tombstones/tombstone_13
05-02 20:49:21.243 525 2130 I am_crash: [525,0,com.android.bluetooth,818462277,Native crash,Aborted,unknown,0]
05-02 20:49:21.248 525 2131 I DropBoxManagerService: add tag=system_app_native_crash isTagEnabled=true flags=0x2
05-02 20:49:21.250 525 2130 I sysui_multi_action: [757,316,758,4,759,-1]
05-02 20:49:21.250 525 559 I BootReceiver: Copying /data/tombstones/tombstone_13 to DropBox (SYSTEM_TOMBSTONE)
05-02 20:49:21.252 525 559 I DropBoxManagerService: add tag=SYSTEM_TOMBSTONE isTagEnabled=true flags=0x2
05-02 20:49:21.277 525 559 I dropbox_file_copy: [/data/tombstones/tombstone_13,98304,SYSTEM_TOMBSTONE]
05-02 20:49:21.280 0 0 I init : Untracked pid 2115 exited with status 0
05-02 20:49:21.294 0 0 I init : Untracked pid 2117 exited with status 0
05-02 20:49:21.294 525 559 I commit_sys_config_file: [log-files,16]
05-02 20:49:21.302 0 0 I binder : release 1946:2030 transaction 34335 in, still active
05-02 20:49:21.307 422 659 E Utils : did not find channel-count and/or sample-rate
05-02 20:49:21.307 422 659 E Utils : did not find channel-count and/or sample-rate
05-02 20:49:21.309 0 0 I binder : release 1946:2030 transaction 33983 out, still active
05-02 20:49:21.317 0 0 I binder : send failed reply for transaction 34335 to 346:1008
05-02 20:49:21.321 338 338 I Zygote : Process 1946 exited due to signal 6 (Aborted)
05-02 20:49:21.322 346 1008 E android.hardware.bluetooth@1.0-impl: VendorInterface -> Unable to call initializationComplete(ERR)
05-02 20:49:21.323 346 346 E android.hardware.bluetooth@1.0-impl: BluetoothDeathRecipient::serviceDied - Bluetooth service died
05-02 20:49:21.323 346 346 I android.hardware.bluetooth@1.0-impl: BluetoothHci::close()
05-02 20:49:21.323 346 346 I android.hardware.bluetooth@1.0-impl: Skipping unlink call, service died.
05-02 20:49:21.323 346 346 D bt-vnd-mrvl: bt_vnd_mrvl_if_op(L940): opcode = 6
05-02 20:49:21.323 346 346 D android.hardware.bluetooth@1.0-impl: low_power_mode_cb result: 0
05-02 20:49:21.323 346 346 D bt-vnd-mrvl: bt_vnd_mrvl_if_op(L940): opcode = 4
05-02 20:49:21.323 346 346 D bt-vnd-mrvl: bt_vnd_mrvl_if_op(L940): opcode = 0
05-02 20:49:21.323 346 346 D bt-vnd-mrvl: bt_vnd_mrvl_if_op(L946): power off ***************************************
05-02 20:49:21.323 346 346 D bt-vnd-mrvl: bt_vnd_mrvl_if_op(L948): BT adapter switches from ON to OFF ..
05-02 20:49:21.323 346 346 D bt-vnd-mrvl: bt_vnd_mrvl_if_cleanup(L1158): cleanup ...
05-02 20:49:21.323 525 587 I ActivityManager: Process com.android.bluetooth (pid 1946) has died: psvc PER
05-02 20:49:21.323 525 587 I am_proc_died: [0,1946,com.android.bluetooth,-700,0]
05-02 20:49:21.324 0 0 I binder : 346:1008 transaction failed 29189/0, size 4-0 line 2645
05-02 20:49:21.324 525 525 D BluetoothManagerService: BluetoothServiceConnection, disconnected: com.android.bluetooth.btservice.AdapterService
05-02 20:49:21.324 525 587 W ActivityManager: Scheduling restart of crashed service com.android.bluetooth/.btservice.AdapterService in 7200000ms for connection
05-02 20:49:21.325 525 587 I am_schedule_service_restart: [0,com.android.bluetooth/.btservice.AdapterService,7200000]
05-02 20:49:21.325 525 587 I am_uid_stopped: 1002
05-02 20:49:21.330 422 659 E Utils : did not find channel-count and/or sample-rate
05-02 20:49:21.331 422 659 E Utils : did not find channel-count and/or sample-rate
05-02 20:49:21.331 0 0 I binder : send failed reply for transaction 33983, target dead
05-02 20:49:21.442 525 544 E BluetoothManagerService: getState()
05-02 20:49:21.442 525 544 E BluetoothManagerService: android.os.DeadObjectException
05-02 20:49:21.442 525 544 E BluetoothManagerService: at android.os.BinderProxy.transactNative(Native Method)
05-02 20:49:21.442 525 544 E BluetoothManagerService: at android.os.BinderProxy.transact(BinderProxy.java:550)
05-02 20:49:21.442 525 544 E BluetoothManagerService: at android.bluetooth.IBluetooth$Stub$Proxy.getState(IBluetooth.java:1683)
05-02 20:49:21.442 525 544 E BluetoothManagerService: at com.android.server.BluetoothManagerService.waitForState(BluetoothManagerService.java:2448)
05-02 20:49:21.442 525 544 E BluetoothManagerService: at com.android.server.BluetoothManagerService.access$4200(BluetoothManagerService.java:92)
05-02 20:49:21.442 525 544 E BluetoothManagerService: at com.android.server.BluetoothManagerService$BluetoothHandler.handleMessage(BluetoothManagerService.java:2009)
05-02 20:49:21.442 525 544 E BluetoothManagerService: at android.os.Handler.dispatchMessage(Handler.java:106)
05-02 20:49:21.442 525 544 E BluetoothManagerService: at android.os.Looper.loop(Looper.java:223)
05-02 20:49:21.442 525 544 E BluetoothManagerService: at android.os.HandlerThread.run(HandlerThread.java:67)
05-02 20:49:21.442 525 544 E BluetoothManagerService: at com.android.server.ServiceThread.run(ServiceThread.java:44)
05-02 20:49:21.442 525 544 E BluetoothManagerService: waitForState [12] time out
05-02 20:49:21.442 525 544 D BluetoothManagerService: Sending off request.
05-02 20:49:21.443 525 544 E BluetoothManagerService: Unable to call disable()
05-02 20:49:21.443 525 544 E BluetoothManagerService: android.os.DeadObjectException
05-02 20:49:21.443 525 544 E BluetoothManagerService: at android.os.BinderProxy.transactNative(Native Method)
05-02 20:49:21.443 525 544 E BluetoothManagerService: at android.os.BinderProxy.transact(BinderProxy.java:550)
05-02 20:49:21.443 525 544 E BluetoothManagerService: at android.bluetooth.IBluetooth$Stub$Proxy.disable(IBluetooth.java:1724)
05-02 20:49:21.443 525 544 E BluetoothManagerService: at com.android.server.BluetoothManagerService.handleDisable(BluetoothManagerService.java:2310)
05-02 20:49:21.443 525 544 E BluetoothManagerService: at com.android.server.BluetoothManagerService.access$2700(BluetoothManagerService.java:92)
05-02 20:49:21.443 525 544 E BluetoothManagerService: at com.android.server.BluetoothManagerService$BluetoothHandler.handleMessage(BluetoothManagerService.java:2010)
05-02 20:49:21.443 525 544 E BluetoothManagerService: at android.os.Handler.dispatchMessage(Handler.java:106)
05-02 20:49:21.443 525 544 E BluetoothManagerService: at android.os.Looper.loop(Looper.java:223)
05-02 20:49:21.443 525 544 E BluetoothManagerService: at android.os.HandlerThread.run(HandlerThread.java:67)
05-02 20:49:21.443 525 544 E BluetoothManagerService: at com.android.server.ServiceThread.run(ServiceThread.java:44)
05-02 20:49:21.444 525 544 E BluetoothManagerService: getState()
05-02 20:49:21.444 525 544 E BluetoothManagerService: android.os.DeadObjectException
05-02 20:49:21.444 525 544 E BluetoothManagerService: at android.os.BinderProxy.transactNative(Native Method)
05-02 20:49:21.444 525 544 E BluetoothManagerService: at android.os.BinderProxy.transact(BinderProxy.java:550)
05-02 20:49:21.444 525 544 E BluetoothManagerService: at android.bluetooth.IBluetooth$Stub$Proxy.getState(IBluetooth.java:1683)
05-02 20:49:21.444 525 544 E BluetoothManagerService: at com.android.server.BluetoothManagerService.waitForState(BluetoothManagerService.java:2448)
05-02 20:49:21.444 525 544 E BluetoothManagerService: at com.android.server.BluetoothManagerService.access$4200(BluetoothManagerService.java:92)
05-02 20:49:21.444 525 544 E BluetoothManagerService: at com.android.server.BluetoothManagerService$BluetoothHandler.handleMessage(BluetoothManagerService.java:2011)
05-02 20:49:21.444 525 544 E BluetoothManagerService: at android.os.Handler.dispatchMessage(Handler.java:106)
05-02 20:49:21.444 525 544 E BluetoothManagerService: at android.os.Looper.loop(Looper.java:223)
05-02 20:49:21.444 525 544 E BluetoothManagerService: at android.os.HandlerThread.run(HandlerThread.java:67)
05-02 20:49:21.444 525 544 E BluetoothManagerService: at com.android.server.ServiceThread.run(ServiceThread.java:44)
05-02 20:49:21.444 525 544 E BluetoothManagerService: waitForState [14, 15, 13, 16, 10, 11] time out
05-02 20:49:21.444 525 544 D BluetoothManagerService: MESSAGE_BLUETOOTH_STATE_CHANGE: OFF > BLE_TURNING_ON
05-02 20:49:21.444 525 544 D BluetoothManagerService: Sending BLE State Change: OFF > BLE_TURNING_ON
05-02 20:49:21.450 525 544 D BluetoothManagerService: MESSAGE_RESTART_BLUETOOTH_SERVICE: retry count=4
05-02 20:49:21.451 525 544 E BluetoothManagerService: Unable to call enable()
05-02 20:49:21.451 525 544 E BluetoothManagerService: android.os.DeadObjectException
05-02 20:49:21.451 525 544 E BluetoothManagerService: at android.os.BinderProxy.transactNative(Native Method)
05-02 20:49:21.451 525 544 E BluetoothManagerService: at android.os.BinderProxy.transact(BinderProxy.java:550)
05-02 20:49:21.451 525 544 E BluetoothManagerService: at android.bluetooth.IBluetooth$Stub$Proxy.enable(IBluetooth.java:1704)
05-02 20:49:21.451 525 544 E BluetoothManagerService: at com.android.server.BluetoothManagerService.handleEnable(BluetoothManagerService.java:2281)
05-02 20:49:21.451 525 544 E BluetoothManagerService: at com.android.server.BluetoothManagerService.access$2400(BluetoothManagerService.java:92)
05-02 20:49:21.451 525 544 E BluetoothManagerService: at com.android.server.BluetoothManagerService$BluetoothHandler.handleMessage(BluetoothManagerService.java:2127)
05-02 20:49:21.451 525 544 E BluetoothManagerService: at android.os.Handler.dispatchMessage(Handler.java:106)
05-02 20:49:21.451 525 544 E BluetoothManagerService: at android.os.Looper.loop(Looper.java:223)
05-02 20:49:21.451 525 544 E BluetoothManagerService: at android.os.HandlerThread.run(HandlerThread.java:67)
05-02 20:49:21.451 525 544 E BluetoothManagerService: at com.android.server.ServiceThread.run(ServiceThread.java:44)
05-02 20:49:21.452 525 544 E BluetoothManagerService: MESSAGE_BLUETOOTH_SERVICE_DISCONNECTED(1)
05-02 20:49:21.452 525 544 D BluetoothManagerService: Broadcasting onBluetoothServiceDown() to 4 receivers.
