05-02 20:48:52.786 237 237 W vold : Failed to LOOP_GET_STATUS64 /dev/block/loop8: No such device or address
05-02 20:48:52.787 237 237 W vold : Failed to LOOP_GET_STATUS64 /dev/block/loop15: No such device or address
05-02 20:48:52.787 237 237 D vold : Found unmanaged loop device at /dev/block/loop1 named apex:
05-02 20:48:52.791 237 237 D vold : VoldNativeService::start() completed OK
05-02 20:48:52.815 0 0 I zram0 : detected capacity change from 0 to 629145600
05-02 20:48:52.819 237 243 I vold : Found disk at /devices/platform/soc@0/30800000.bus/30b50000.mmc/mmc_host/mmc1/mmc1:aaaa/block/mmcblk1 but delaying scan due to secure keyguard
05-02 20:48:52.843 0 0 I mkswap : Swapspace size: 614396k, UUID=27ab4f08-0f64-4fce-9378-28d236800b9f
05-02 20:48:52.891 0 0 I : Adding 614396k swap on /dev/block/zram0. Priority:-2 extents:1 across:614396k SS
05-02 20:48:52.974 0 0 I wait_for_keymaster: Waiting for Keymaster device
05-02 20:48:53.000 247 247 I auditd : type=1400 audit(0.0:6): avc: denied { search } for comm="android.hardwar" name="gsi" dev="mmcblk2p8" ino=20 scontext=u:r:hal_bootctl_default:s0 tcontext=u:object_r:gsi_metadata_file:s0 tclass=dir permissive=1
05-02 20:48:53.002 0 0 I HidlServiceManagement: getService: Trying again for android.hardware.keymaster@4.0::IKeymasterDevice/default...
05-02 20:48:53.014 0 0 I wait_for_keymaster: List of Keymaster HALs found:
05-02 20:48:53.040 0 0 I wait_for_keymaster: Keymaster HAL #1: SoftwareKeymasterDevice from Google SecurityLevel: SOFTWARE HAL: android.hardware.keymaster@4.1::IKeymasterDevice/default
05-02 20:48:54.092 0 0 D : ddrc freq set to low bus mode
05-02 20:48:55.338 0 0 I random : crng init done
05-02 20:48:55.342 0 0 I random : 7 urandom warning(s) missed due to ratelimiting
05-02 20:48:55.349 0 0 D wait_for_keymaster: Computing HMAC with params { (seed: , nonce: f25353c81ba993a17b553589d65c71e8ab485a9ff12f7db2675a3882c4e0ed) }
05-02 20:48:55.349 0 0 D wait_for_keymaster: Computing HMAC for SoftwareKeymasterDevice from Google SecurityLevel: SOFTWARE HAL: android.hardware.keymaster@4.1::IKeymasterDevice/default
05-02 20:48:55.350 0 0 I wait_for_keymaster: Using SoftwareKeymasterDevice from Google for encryption. Security level: SOFTWARE, HAL: android.hardware.keymaster@4.1::IKeymasterDevice/default
05-02 20:48:55.366 0 0 I wait_for_keymaster: Keymaster device ready
05-02 20:48:55.406 237 237 I Checkpoint: Validating checkpoint on /dev/block/by-name/userdata
05-02 20:48:55.406 0 0 D vdc : Waited 0ms for vold
05-02 20:48:55.409 0 0 D : ddrc freq set to high bus mode
05-02 20:48:55.410 237 237 E Checkpoint: No magic
05-02 20:48:55.411 0 0 E vdc : Command: checkpoint restoreCheckpoint /dev/block/by-name/userdata Failed: Status(-8, EX_SERVICE_SPECIFIC): '22: No magic'
05-02 20:48:55.443 0 0 D vdc : Waited 0ms for vold
05-02 20:48:55.468 237 237 D vold : fscrypt_mount_metadata_encrypted: /data 0
05-02 20:48:55.468 237 237 D vold : metadata_key_dir/key: /metadata/vold/metadata_encryption/key
05-02 20:48:55.468 0 0 D vdc : Waited 0ms for vold
05-02 20:48:55.470 237 237 I vold : List of Keymaster HALs found:
05-02 20:48:55.470 237 237 I vold : Keymaster HAL #1: SoftwareKeymasterDevice from Google SecurityLevel: SOFTWARE HAL: android.hardware.keymaster@4.1::IKeymasterDevice/default
05-02 20:48:55.470 237 237 D vold : Computing HMAC with params { (seed: , nonce: f25353c81ba993a17b553589d65c71e8ab485a9ff12f7db2675a3882c4e0ed) }
05-02 20:48:55.470 237 237 D vold : Computing HMAC for SoftwareKeymasterDevice from Google SecurityLevel: SOFTWARE HAL: android.hardware.keymaster@4.1::IKeymasterDevice/default
05-02 20:48:55.470 237 237 I vold : Using SoftwareKeymasterDevice from Google for encryption. Security level: SOFTWARE, HAL: android.hardware.keymaster@4.1::IKeymasterDevice/default
05-02 20:48:55.471 237 237 D vold : Key exists, using: /metadata/vold/metadata_encryption/key
05-02 20:48:55.472 31 31 I auditd : type=1400 audit(0.0:7): avc: denied { setattr } for comm="kdevtmpfs" name="dm-5" dev="devtmpfs" ino=216 scontext=u:r:kernel:s0 tcontext=u:object_r:device:s0 tclass=blk_file permissive=1
05-02 20:48:55.474 237 237 I vold : List of Keymaster HALs found:
05-02 20:48:55.475 237 237 I vold : Keymaster HAL #1: SoftwareKeymasterDevice from Google SecurityLevel: SOFTWARE HAL: android.hardware.keymaster@4.1::IKeymasterDevice/default
05-02 20:48:55.475 237 237 I vold : Using SoftwareKeymasterDevice from Google for encryption. Security level: SOFTWARE, HAL: android.hardware.keymaster@4.1::IKeymasterDevice/default
05-02 20:48:55.479 237 237 D vold : Mounting metadata-encrypted filesystem:/data
05-02 20:48:55.481 237 237 I vold : List of Keymaster HALs found:
05-02 20:48:55.482 237 237 I vold : Keymaster HAL #1: SoftwareKeymasterDevice from Google SecurityLevel: SOFTWARE HAL: android.hardware.keymaster@4.1::IKeymasterDevice/default
05-02 20:48:55.498 237 237 I vold : [libfs_mgr]superblock s_max_mnt_count:65535,/dev/block/dm-5
05-02 20:48:55.499 237 237 I vold : [libfs_mgr]superblock s_max_mnt_count:65535,/dev/block/dm-5
05-02 20:48:55.499 237 237 W vold : [libfs_mgr]Reserved blocks 32768 is too large; capping to 14182
05-02 20:48:55.501 0 0 I EXT4-fs (dm-5): Using encoding defined by superblock: utf8-12.1.0 with flags 0x0
05-02 20:48:55.513 0 0 I EXT4-fs (dm-5): mounted filesystem with ordered data mode. Opts: noauto_da_alloc,errors=panic
05-02 20:48:55.522 237 237 I vold : [libfs_mgr]__mount(source=/dev/block/dm-5,target=/data,type=ext4)=0: Success
05-02 20:48:55.522 237 237 D vold : Mounted /data
05-02 20:48:55.523 237 243 D vold : Disk at 252:5 changed
05-02 20:48:55.554 237 237 I Checkpoint: cp_prepareCheckpoint called
05-02 20:48:55.579 237 237 I vold : fscrypt_initialize_systemwide_keys
05-02 20:48:55.580 237 237 D vold : Key exists, using: /data/unencrypted/key
05-02 20:48:55.580 0 0 D vdc : Waited 0ms for vold
05-02 20:48:55.584 237 237 I vold : List of Keymaster HALs found:
05-02 20:48:55.584 237 237 I vold : Keymaster HAL #1: SoftwareKeymasterDevice from Google SecurityLevel: SOFTWARE HAL: android.hardware.keymaster@4.1::IKeymasterDevice/default
05-02 20:48:55.584 237 237 I vold : Using SoftwareKeymasterDevice from Google for encryption. Security level: SOFTWARE, HAL: android.hardware.keymaster@4.1::IKeymasterDevice/default
05-02 20:48:55.585 237 237 D vold : Installed fscrypt key with ref c744086b005cf09a762c0e0383a80971 to /data
05-02 20:48:55.585 237 237 D vold : Added fscrypt-provisioning key for c744086b005cf09a762c0e0383a80971 to session keyring
05-02 20:48:55.598 237 237 I vold : Wrote system DE key reference to:/data/unencrypted/ref
05-02 20:48:55.598 237 237 D vold : Installed fscrypt key with ref 1ff96845ce5482808c1df222998dd177 to /data
05-02 20:48:55.598 237 237 D vold : Added fscrypt-provisioning key for 1ff96845ce5482808c1df222998dd177 to session keyring
05-02 20:48:55.602 237 237 I vold : Wrote per boot key reference to:/data/unencrypted/per_boot_ref
05-02 20:48:55.609 0 0 I fscrypt : AES-256-CTS-CBC using implementation "cts-cbc-aes-ce"
05-02 20:48:55.629 0 0 I fscrypt : AES-256-XTS using implementation "xts-aes-ce"
05-02 20:48:55.649 0 0 I apexd : Scanning /system/apex for preinstalled data
05-02 20:48:55.661 0 0 I apexd : Scanning /system_ext/apex for preinstalled data
05-02 20:48:55.668 0 0 I apexd : ... does not exist. Skipping
05-02 20:48:55.672 0 0 I apexd : Scanning /product/apex for preinstalled data
05-02 20:48:55.678 0 0 I apexd : ... does not exist. Skipping
05-02 20:48:55.683 0 0 I apexd : Scanning /vendor/apex for preinstalled data
05-02 20:48:55.689 0 0 I apexd : ... does not exist. Skipping
05-02 20:48:55.693 0 0 I apexd : Populating APEX database from mounts...
05-02 20:48:55.700 0 0 I apexd : 0 packages restored.
05-02 20:48:55.704 0 0 I apexd : Marking APEXd as starting
05-02 20:48:55.715 237 243 D vold : Disk at 7:48 changed
05-02 20:48:55.725 0 0 I EXT4-fs (loop6): mounted filesystem without journal. Opts: (null)
05-02 20:48:55.734 237 243 D vold : Disk at 7:56 changed
05-02 20:48:55.748 0 0 I EXT4-fs (loop7): mounted filesystem without journal. Opts: (null)
05-02 20:48:55.757 237 243 D vold : Disk at 7:64 changed
05-02 20:48:55.764 0 0 I EXT4-fs (loop8): mounted filesystem without journal. Opts: (null)
05-02 20:48:55.774 237 243 D vold : Disk at 7:72 changed
05-02 20:48:55.781 0 0 I EXT4-fs (loop9): mounted filesystem without journal. Opts: (null)
05-02 20:48:55.790 237 243 D vold : Disk at 7:80 changed
05-02 20:48:55.797 0 0 I EXT4-fs (loop10): mounted filesystem without journal. Opts: (null)
05-02 20:48:55.805 237 243 D vold : Disk at 7:88 changed
05-02 20:48:55.812 0 0 I EXT4-fs (loop11): mounted filesystem without journal. Opts: (null)
05-02 20:48:55.821 237 243 D vold : Disk at 7:96 changed
05-02 20:48:55.827 0 0 I EXT4-fs (loop12): mounted filesystem without journal. Opts: (null)
05-02 20:48:55.836 237 243 D vold : Disk at 7:104 changed
05-02 20:48:55.843 0 0 I EXT4-fs (loop13): mounted filesystem without journal. Opts: (null)
05-02 20:48:55.855 237 243 D vold : Disk at 7:112 changed
05-02 20:48:55.862 0 0 I EXT4-fs (loop14): mounted filesystem without journal. Opts: (null)
05-02 20:48:55.870 237 243 D vold : Disk at 7:120 changed
05-02 20:48:55.879 0 0 I EXT4-fs (loop15): mounted filesystem without journal. Opts: (null)
05-02 20:48:55.889 237 243 D vold : Disk at 7:128 changed
05-02 20:48:55.897 0 0 I EXT4-fs (loop16): mounted filesystem without journal. Opts: (null)
05-02 20:48:55.906 237 243 D vold : Disk at 7:136 changed
05-02 20:48:55.913 0 0 I EXT4-fs (loop17): mounted filesystem without journal. Opts: (null)
05-02 20:48:55.921 237 243 D vold : Disk at 7:144 changed
05-02 20:48:55.931 0 0 I EXT4-fs (loop18): mounted filesystem without journal. Opts: (null)
05-02 20:48:55.940 237 243 D vold : Disk at 7:152 changed
05-02 20:48:55.946 0 0 I EXT4-fs (loop19): mounted filesystem without journal. Opts: (null)
05-02 20:48:55.954 237 243 D vold : Disk at 7:160 changed
05-02 20:48:55.962 0 0 I EXT4-fs (loop20): mounted filesystem without journal. Opts: (null)
05-02 20:48:55.970 237 243 D vold : Disk at 7:168 changed
05-02 20:48:55.977 0 0 I EXT4-fs (loop21): mounted filesystem without journal. Opts: (null)
05-02 20:48:55.986 237 243 D vold : Disk at 7:176 changed
05-02 20:48:55.993 0 0 I EXT4-fs (loop22): mounted filesystem without journal. Opts: (null)
05-02 20:48:56.002 237 243 D vold : Disk at 7:184 changed
05-02 20:48:56.009 0 0 I EXT4-fs (loop23): mounted filesystem without journal. Opts: (null)
05-02 20:48:56.017 237 243 D vold : Disk at 7:192 changed
05-02 20:48:56.028 0 0 I EXT4-fs (loop24): mounted filesystem without journal. Opts: (null)
05-02 20:48:56.036 237 243 D vold : Disk at 7:200 changed
05-02 20:48:56.045 0 0 I EXT4-fs (loop25): mounted filesystem without journal. Opts: (null)
05-02 20:48:56.054 237 243 D vold : Disk at 7:208 changed
05-02 20:48:56.061 0 0 I EXT4-fs (loop26): mounted filesystem without journal. Opts: (null)
05-02 20:48:56.218 237 237 D vold : fscrypt_init_user0
05-02 20:48:56.218 237 237 D vold : Preparing: /data/misc/vold/user_keys
05-02 20:48:56.219 0 0 D vdc : Waited 0ms for vold
05-02 20:48:56.219 237 237 D vold : Preparing: /data/misc/vold/user_keys/ce
05-02 20:48:56.220 237 237 D vold : Preparing: /data/misc/vold/user_keys/de
05-02 20:48:56.221 237 237 D vold : Skipping non-de-key ..
05-02 20:48:56.221 237 237 D vold : Skipping non-de-key .
05-02 20:48:56.226 237 237 I vold : List of Keymaster HALs found:
05-02 20:48:56.226 237 237 I vold : Keymaster HAL #1: SoftwareKeymasterDevice from Google SecurityLevel: SOFTWARE HAL: android.hardware.keymaster@4.1::IKeymasterDevice/default
05-02 20:48:56.226 237 237 I vold : Using SoftwareKeymasterDevice from Google for encryption. Security level: SOFTWARE, HAL: android.hardware.keymaster@4.1::IKeymasterDevice/default
05-02 20:48:56.228 237 237 D vold : Installed fscrypt key with ref 2a54297c89268a5b4f949c8a506bd8d2 to /data
05-02 20:48:56.228 237 237 D vold : Added fscrypt-provisioning key for 2a54297c89268a5b4f949c8a506bd8d2 to session keyring
05-02 20:48:56.228 237 237 D vold : Installed de key for user 0
05-02 20:48:56.228 237 237 D vold : fscrypt_prepare_user_storage for volume null, user 0, serial 0, flags 1
05-02 20:48:56.228 237 237 D vold : Preparing: /data/system/users/0
05-02 20:48:56.229 237 237 D vold : Preparing: /data/misc/profiles/cur/0
05-02 20:48:56.230 237 237 D vold : Preparing: /data/system_de/0
05-02 20:48:56.230 237 237 D vold : Preparing: /data/misc_de/0
05-02 20:48:56.231 237 237 D vold : Preparing: /data/vendor_de/0
05-02 20:48:56.232 237 237 D vold : Preparing: /data/user_de/0
05-02 20:48:56.233 237 237 I vold : Verified that /data/system_de/0 has the encryption policy 2a54297c89268a5b4f949c8a506bd8d2 v2 modes 1/4 flags 0x2
05-02 20:48:56.233 237 237 I vold : Verified that /data/misc_de/0 has the encryption policy 2a54297c89268a5b4f949c8a506bd8d2 v2 modes 1/4 flags 0x2
05-02 20:48:56.233 237 237 I vold : Verified that /data/vendor_de/0 has the encryption policy 2a54297c89268a5b4f949c8a506bd8d2 v2 modes 1/4 flags 0x2
05-02 20:48:56.233 237 237 I vold : Verified that /data/user_de/0 has the encryption policy 2a54297c89268a5b4f949c8a506bd8d2 v2 modes 1/4 flags 0x2
05-02 20:48:56.233 237 237 D vold : /system/bin/vold_prepare_subdirs
05-02 20:48:56.233 237 237 D vold : prepare
05-02 20:48:56.233 237 237 D vold :
05-02 20:48:56.233 237 237 D vold : 0
05-02 20:48:56.233 237 237 D vold : 1
05-02 20:48:56.280 237 237 D vold : Detected support for FS_IOC_ADD_ENCRYPTION_KEY
05-02 20:48:56.312 0 0 I apexd : Snapshot DE subcommand detected
05-02 20:48:56.318 0 0 I apexd : Marking APEXd as ready
05-02 20:48:56.352 0 0 I init : processing action (post-fs-data) from (/system/etc/init/hw/init.usb.rc:6)
05-02 20:48:56.361 0 0 I init : Verified that /data/adb has the encryption policy c744086b005cf09a762c0e0383a80971 v2 modes 1/4 flags 0x2
05-02 20:48:56.372 0 0 I init : processing action (vendor.skip.charger_not_need=0 && post-fs-data) from (/vendor/etc/init/hw/init.nxp.rc:203)
05-02 20:48:56.385 0 0 I init : processing action (post-fs-data) from (/system/etc/init/bootstat.rc:9)
05-02 20:48:56.396 0 0 I init : processing action (ro.debuggable=1 && post-fs-data) from (/system/etc/init/clean_scratch_files.rc:1)
05-02 20:48:56.407 0 0 I init : Command 'exec_background - root root -- /system/bin/clean_scratch_files' action=ro.debuggable=1 && post-fs-data (/system/etc/init/clean_scratch_files.rc:2) took 0ms and failed: Could not start exec background service: File /system/bin/clean_scratch_files(labeled "u:object_r:system_file:s0") has incorrect label or no domain transition from u:r:init:s0 to another SELinux domain defined. Have you configured your service correctly? https://source.android.com/security/selinux/device-policy#label_new_services_and_address_denials
05-02 20:48:56.455 0 0 I init : processing action (post-fs-data) from (/system/etc/init/gsid.rc:14)
05-02 20:48:56.463 0 0 I init : Not setting encryption policy on: /data/gsi
05-02 20:48:56.472 0 0 I init : processing action (post-fs-data) from (/system/etc/init/incidentd.rc:21)
05-02 20:48:56.480 0 0 I init : processing action (post-fs-data) from (/system/etc/init/iorapd.rc:28)
05-02 20:48:56.500 1 1 I auditd : type=1107 audit(0.0:8): uid=0 auid=4294967295 ses=4294967295 subj=u:r:init:s0 msg='avc: denied { set } for property=ro.nfc.port pid=191 uid=0 gid=0 scontext=u:r:vendor_init:s0 tcontext=u:object_r:default_prop:s0 tclass=property_service permissive=1'
05-02 20:48:56.507 0 0 W init : Top-level directory needs encryption action, eg mkdir /data/vendor encryption=Require
05-02 20:48:56.542 0 0 I init : Verified that /data/vendor has the encryption policy c744086b005cf09a762c0e0383a80971 v2 modes 1/4 flags 0x2
05-02 20:48:56.577 0 0 I logd.daemon: reinit
05-02 20:48:56.635 0 0 I update_verifier: Started with arg 1: nonencrypted
05-02 20:48:56.644 0 0 I update_verifier: Booting slot 0: isSlotMarkedSuccessful=1
05-02 20:48:56.650 0 0 I update_verifier: Leaving update_verifier.
05-02 20:48:56.738 0 0 I : Mass Storage Function, version: 2009/09/11
05-02 20:48:56.744 0 0 I LUN : removable file: (no medium)
05-02 20:48:56.753 0 0 W : using random self ethernet address
05-02 20:48:56.758 0 0 W : using random host ethernet address
05-02 20:48:56.766 0 0 I : file system registered
05-02 20:48:57.099 343 343 I android.hardware.wifi@1.0-service: Wifi Hal is booting up...
05-02 20:48:57.126 343 343 I HidlServiceManagement: Registered android.hardware.wifi@1.4::IWifi/default
05-02 20:48:57.148 0 0 W healthd : batteryCapacityLevelPath not found
05-02 20:48:57.180 0 0 W healthd : batteryChargeTimeToFullNowPath. not found
05-02 20:48:57.187 0 0 W healthd : batteryFullChargeDesignCapacityUahPath. not found
05-02 20:48:57.207 0 0 W healthd : battery l=85 v=3 t=35.0 h=2 st=2 c=400000 fc=4000000 cc=32 chg=a
05-02 20:48:57.274 389 389 I gsid : no DSU: No such file or directory
05-02 20:48:57.337 228 228 I auditd : avc: denied { find } for interface=vendor.nxp.nxpnfc::INxpNfc sid=u:r:hal_nfc_default:s0 pid=361 scontext=u:r:hal_nfc_default:s0 tcontext=u:object_r:default_android_hwservice:s0 tclass=hwservice_manager permissive=1
05-02 20:48:57.339 228 228 I auditd : avc: denied { add } for interface=vendor.nxp.nxpnfc::INxpNfc sid=u:r:hal_nfc_default:s0 pid=361 scontext=u:r:hal_nfc_default:s0 tcontext=u:object_r:default_android_hwservice:s0 tclass=hwservice_manager permissive=1
05-02 20:48:57.633 338 338 I boot_progress_start: 11539
05-02 20:48:57.770 420 420 I installd: installd firing up
05-02 20:48:57.960 437 437 I auditd : type=1400 audit(0.0:9): avc: denied { read } for comm="gpsd_wrapper" name="u:object_r:vendor_gpsd_prop:s0" dev="tmpfs" ino=214 scontext=u:r:gpsd:s0 tcontext=u:object_r:vendor_gpsd_prop:s0 tclass=file permissive=1
05-02 20:48:57.960 437 437 I auditd : type=1400 audit(0.0:10): avc: denied { open } for comm="gpsd_wrapper" path="/dev/__properties__/u:object_r:vendor_gpsd_prop:s0" dev="tmpfs" ino=214 scontext=u:r:gpsd:s0 tcontext=u:object_r:vendor_gpsd_prop:s0 tclass=file permissive=1
05-02 20:48:57.960 437 437 I auditd : type=1400 audit(0.0:11): avc: denied { getattr } for comm="gpsd_wrapper" path="/dev/__properties__/u:object_r:vendor_gpsd_prop:s0" dev="tmpfs" ino=214 scontext=u:r:gpsd:s0 tcontext=u:object_r:vendor_gpsd_prop:s0 tclass=file permissive=1
05-02 20:48:57.960 437 437 I auditd : type=1400 audit(0.0:12): avc: denied { map } for comm="gpsd_wrapper" path="/dev/__properties__/u:object_r:vendor_gpsd_prop:s0" dev="tmpfs" ino=214 scontext=u:r:gpsd:s0 tcontext=u:object_r:vendor_gpsd_prop:s0 tclass=file permissive=1
05-02 20:48:58.225 434 434 I wificond: wificond is starting up...
05-02 20:48:58.286 434 434 I HidlServiceManagement: Registered android.system.wifi.keystore@1.0::IKeystore/default
05-02 20:48:58.296 461 461 I auditd : type=1400 audit(0.0:13): avc: denied { getattr } for comm="gpsd" path="/dev/ttymxc1" dev="tmpfs" ino=245 scontext=u:r:gpsd:s0 tcontext=u:object_r:gps_device:s0 tclass=chr_file permissive=1
05-02 20:48:58.320 461 461 I auditd : type=1400 audit(0.0:14): avc: denied { dac_override } for comm="gpsd" capability=1 scontext=u:r:gpsd:s0 tcontext=u:r:gpsd:s0 tclass=capability permissive=1
05-02 20:48:58.320 461 461 I auditd : type=1400 audit(0.0:15): avc: denied { read write } for comm="gpsd" name="ttymxc1" dev="tmpfs" ino=245 scontext=u:r:gpsd:s0 tcontext=u:object_r:gps_device:s0 tclass=chr_file permissive=1
05-02 20:48:58.320 461 461 I auditd : type=1400 audit(0.0:16): avc: denied { open } for comm="gpsd" path="/dev/ttymxc1" dev="tmpfs" ino=245 scontext=u:r:gpsd:s0 tcontext=u:object_r:gps_device:s0 tclass=chr_file permissive=1
05-02 20:48:58.324 461 461 I auditd : type=1400 audit(0.0:17): avc: denied { sys_ptrace } for comm="gpsd" capability=19 scontext=u:r:gpsd:s0 tcontext=u:r:gpsd:s0 tclass=capability permissive=1
05-02 20:48:58.324 461 461 I auditd : type=1400 audit(0.0:18): avc: denied { read } for comm="gpsd" scontext=u:r:gpsd:s0 tcontext=u:r:ueventd:s0 tclass=file permissive=1
05-02 20:48:58.328 461 461 I auditd : type=1400 audit(0.0:19): avc: denied { read } for comm="gpsd" scontext=u:r:gpsd:s0 tcontext=u:r:logd:s0 tclass=file permissive=1
05-02 20:48:58.332 461 461 I auditd : type=1400 audit(0.0:20): avc: denied { read } for comm="gpsd" scontext=u:r:gpsd:s0 tcontext=u:r:lmkd:s0 tclass=file permissive=1
05-02 20:48:58.332 461 461 I auditd : type=1400 audit(0.0:21): avc: denied { read } for comm="gpsd" scontext=u:r:gpsd:s0 tcontext=u:r:servicemanager:s0 tclass=file permissive=1
05-02 20:48:58.332 461 461 I auditd : type=1400 audit(0.0:22): avc: denied { read } for comm="gpsd" scontext=u:r:gpsd:s0 tcontext=u:r:hwservicemanager:s0 tclass=file permissive=1
05-02 20:48:58.332 461 461 I auditd : type=1400 audit(0.0:23): avc: denied { read } for comm="gpsd" scontext=u:r:gpsd:s0 tcontext=u:r:vndservicemanager:s0 tclass=file permissive=1
05-02 20:48:58.336 461 461 I auditd : type=1400 audit(0.0:24): avc: denied { read } for comm="gpsd" scontext=u:r:gpsd:s0 tcontext=u:r:shell:s0 tclass=file permissive=1
05-02 20:48:58.336 461 461 I auditd : type=1400 audit(0.0:25): avc: denied { read } for comm="gpsd" scontext=u:r:gpsd:s0 tcontext=u:r:system_suspend:s0 tclass=file permissive=1
05-02 20:48:58.336 461 461 I auditd : type=1400 audit(0.0:26): avc: denied { read } for comm="gpsd" scontext=u:r:gpsd:s0 tcontext=u:r:hal_gatekeeper_default:s0 tclass=file permissive=1
05-02 20:48:58.336 461 461 I auditd : type=1400 audit(0.0:27): avc: denied { read } for comm="gpsd" scontext=u:r:gpsd:s0 tcontext=u:r:hal_keymaster_default:s0 tclass=file permissive=1
05-02 20:48:58.340 461 461 I auditd : type=1400 audit(0.0:28): avc: denied { read } for comm="gpsd" scontext=u:r:gpsd:s0 tcontext=u:r:hal_power_default:s0 tclass=file permissive=1
05-02 20:48:58.340 461 461 I auditd : type=1400 audit(0.0:29): avc: denied { read } for comm="gpsd" scontext=u:r:gpsd:s0 tcontext=u:r:apexd:s0 tclass=file permissive=1
05-02 20:48:58.340 461 461 I auditd : type=1400 audit(0.0:30): avc: denied { read } for comm="gpsd" scontext=u:r:gpsd:s0 tcontext=u:r:tombstoned:s0 tclass=file permissive=1
05-02 20:48:58.344 461 461 I auditd : type=1400 audit(0.0:31): avc: denied { read } for comm="gpsd" scontext=u:r:gpsd:s0 tcontext=u:r:statsd:s0 tclass=file permissive=1
05-02 20:48:58.344 461 461 I auditd : type=1400 audit(0.0:32): avc: denied { read } for comm="gpsd" scontext=u:r:gpsd:s0 tcontext=u:r:hal_wifi_default:s0 tclass=file permissive=1
05-02 20:48:58.348 461 461 I auditd : type=1400 audit(0.0:33): avc: denied { read } for comm="gpsd" scontext=u:r:gpsd:s0 tcontext=u:r:hal_allocator_default:s0 tclass=file permissive=1
05-02 20:48:58.348 461 461 I auditd : type=1400 audit(0.0:34): avc: denied { read } for comm="gpsd" scontext=u:r:gpsd:s0 tcontext=u:r:hal_audio_default:s0 tclass=file permissive=1
05-02 20:48:58.348 461 461 I auditd : type=1400 audit(0.0:35): avc: denied { read } for comm="gpsd" scontext=u:r:gpsd:s0 tcontext=u:r:hal_bluetooth_default:s0 tclass=file permissive=1
05-02 20:48:58.348 461 461 I auditd : type=1400 audit(0.0:36): avc: denied { read } for comm="gpsd" scontext=u:r:gpsd:s0 tcontext=u:r:hal_camera_default:s0 tclass=file permissive=1
05-02 20:48:58.348 461 461 I auditd : type=1400 audit(0.0:37): avc: denied { read } for comm="gpsd" scontext=u:r:gpsd:s0 tcontext=u:r:hal_cas_default:s0 tclass=file permissive=1
05-02 20:48:58.348 461 461 I auditd : type=1400 audit(0.0:38): avc: denied { read } for comm="gpsd" scontext=u:r:gpsd:s0 tcontext=u:r:hal_drm_clearkey:s0 tclass=file permissive=1
05-02 20:48:58.352 461 461 I auditd : type=1400 audit(0.0:39): avc: denied { read } for comm="gpsd" scontext=u:r:gpsd:s0 tcontext=u:r:hal_gnss_default:s0 tclass=file permissive=1
05-02 20:48:58.352 461 461 I auditd : type=1400 audit(0.0:40): avc: denied { read } for comm="gpsd" scontext=u:r:gpsd:s0 tcontext=u:r:hal_graphics_allocator_default:s0 tclass=file permissive=1
05-02 20:48:58.352 461 461 I auditd : type=1400 audit(0.0:41): avc: denied { read } for comm="gpsd" scontext=u:r:gpsd:s0 tcontext=u:r:hal_graphics_composer_default:s0 tclass=file permissive=1
05-02 20:48:58.352 461 461 I auditd : type=1400 audit(0.0:42): avc: denied { read } for comm="gpsd" scontext=u:r:gpsd:s0 tcontext=u:r:hal_health_default:s0 tclass=file permissive=1
05-02 20:48:58.352 461 461 I auditd : type=1400 audit(0.0:43): avc: denied { read } for comm="gpsd" scontext=u:r:gpsd:s0 tcontext=u:r:mediacodec:s0 tclass=file permissive=1
05-02 20:48:58.352 461 461 I auditd : type=1400 audit(0.0:44): avc: denied { read } for comm="gpsd" scontext=u:r:gpsd:s0 tcontext=u:r:hal_memtrack_default:s0 tclass=file permissive=1
05-02 20:48:58.352 461 461 I auditd : type=1400 audit(0.0:45): avc: denied { read } for comm="gpsd" scontext=u:r:gpsd:s0 tcontext=u:r:hal_nfc_default:s0 tclass=file permissive=1
05-02 20:48:58.352 461 461 I auditd : type=1400 audit(0.0:46): avc: denied { read } for comm="gpsd" scontext=u:r:gpsd:s0 tcontext=u:r:hal_spi:s0 tclass=file permissive=1
05-02 20:48:58.352 461 461 I auditd : type=1400 audit(0.0:47): avc: denied { read } for comm="gpsd" scontext=u:r:gpsd:s0 tcontext=u:r:hal_thermal_default:s0 tclass=file permissive=1
05-02 20:48:58.352 461 461 I auditd : type=1400 audit(0.0:48): avc: denied { read } for comm="gpsd" scontext=u:r:gpsd:s0 tcontext=u:r:hal_rebootescrow_default:s0 tclass=file permissive=1
05-02 20:48:58.352 461 461 I auditd : type=1400 audit(0.0:49): avc: denied { read } for comm="gpsd" scontext=u:r:gpsd:s0 tcontext=u:r:audioserver:s0 tclass=file permissive=1
05-02 20:48:58.352 461 461 I auditd : type=1400 audit(0.0:50): avc: denied { read } for comm="gpsd" scontext=u:r:gpsd:s0 tcontext=u:r:credstore:s0 tclass=file permissive=1
05-02 20:48:58.352 461 461 I auditd : type=1400 audit(0.0:51): avc: denied { read } for comm="gpsd" scontext=u:r:gpsd:s0 tcontext=u:r:gpuservice:s0 tclass=file permissive=1
05-02 20:48:58.352 461 461 I auditd : type=1400 audit(0.0:52): avc: denied { read } for comm="gpsd" scontext=u:r:gpsd:s0 tcontext=u:r:surfaceflinger:s0 tclass=file permissive=1
05-02 20:48:58.352 461 461 I auditd : type=1400 audit(0.0:53): avc: denied { read } for comm="gpsd" scontext=u:r:gpsd:s0 tcontext=u:r:mediaserver:s0 tclass=file permissive=1
05-02 20:48:58.352 461 461 I auditd : type=1400 audit(0.0:54): avc: denied { read } for comm="gpsd" scontext=u:r:gpsd:s0 tcontext=u:r:drmserver:s0 tclass=file permissive=1
05-02 20:48:58.352 461 461 I auditd : type=1400 audit(0.0:55): avc: denied { read } for comm="gpsd" scontext=u:r:gpsd:s0 tcontext=u:r:traced_probes:s0 tclass=file permissive=1
05-02 20:48:58.360 461 461 I auditd : type=1400 audit(0.0:56): avc: denied { read } for comm="gpsd" scontext=u:r:gpsd:s0 tcontext=u:r:traced:s0 tclass=file permissive=1
05-02 20:48:58.360 461 461 I auditd : type=1400 audit(0.0:57): avc: denied { read } for comm="gpsd" scontext=u:r:gpsd:s0 tcontext=u:r:cameraserver:s0 tclass=file permissive=1
05-02 20:48:58.360 461 461 I auditd : type=1400 audit(0.0:58): avc: denied { read } for comm="gpsd" scontext=u:r:gpsd:s0 tcontext=u:r:idmap:s0 tclass=file permissive=1
05-02 20:48:58.360 461 461 I auditd : type=1400 audit(0.0:59): avc: denied { read } for comm="gpsd" scontext=u:r:gpsd:s0 tcontext=u:r:incidentd:s0 tclass=file permissive=1
05-02 20:48:58.360 461 461 I auditd : type=1400 audit(0.0:60): avc: denied { read } for comm="gpsd" scontext=u:r:gpsd:s0 tcontext=u:r:keystore:s0 tclass=file permissive=1
05-02 20:48:58.360 461 461 I auditd : type=1400 audit(0.0:61): avc: denied { read } for comm="gpsd" scontext=u:r:gpsd:s0 tcontext=u:r:mediaextractor:s0 tclass=file permissive=1
05-02 20:48:58.360 461 461 I auditd : type=1400 audit(0.0:62): avc: denied { read } for comm="gpsd" scontext=u:r:gpsd:s0 tcontext=u:r:mediametrics:s0 tclass=file permissive=1
05-02 20:48:58.360 461 461 I auditd : type=1400 audit(0.0:63): avc: denied { read } for comm="gpsd" scontext=u:r:gpsd:s0 tcontext=u:r:storaged:s0 tclass=file permissive=1
05-02 20:48:58.360 461 461 I auditd : type=1400 audit(0.0:64): avc: denied { read } for comm="gpsd" scontext=u:r:gpsd:s0 tcontext=u:r:wificond:s0 tclass=file permissive=1
05-02 20:48:58.360 461 461 I auditd : type=1400 audit(0.0:65): avc: denied { read } for comm="gpsd" scontext=u:r:gpsd:s0 tcontext=u:r:libtelit_rild:s0 tclass=file permissive=1
05-02 20:48:58.360 461 461 I auditd : type=1400 audit(0.0:66): avc: denied { read } for comm="gpsd" scontext=u:r:gpsd:s0 tcontext=u:r:mediaswcodec:s0 tclass=file permissive=1
05-02 20:48:58.364 461 461 I auditd : type=1400 audit(0.0:67): avc: denied { read } for comm="gpsd" scontext=u:r:gpsd:s0 tcontext=u:r:gatekeeperd:s0 tclass=file permissive=1
05-02 20:48:58.364 461 461 I auditd : type=1400 audit(0.0:68): avc: denied { search } for comm="gpsd" name="193" dev="proc" ino=15797 scontext=u:r:gpsd:s0 tcontext=u:r:ueventd:s0 tclass=dir permissive=1
05-02 20:48:58.368 461 461 I auditd : type=1400 audit(0.0:69): avc: denied { read } for comm="gpsd" name="fd" dev="proc" ino=15805 scontext=u:r:gpsd:s0 tcontext=u:r:ueventd:s0 tclass=dir permissive=1
05-02 20:48:58.372 461 461 I auditd : type=1400 audit(0.0:70): avc: denied { open } for comm="gpsd" path="/proc/193/fd" dev="proc" ino=15805 scontext=u:r:gpsd:s0 tcontext=u:r:ueventd:s0 tclass=dir permissive=1
05-02 20:48:58.372 461 461 I auditd : type=1400 audit(0.0:71): avc: denied { read } for comm="gpsd" name="0" dev="proc" ino=18425 scontext=u:r:gpsd:s0 tcontext=u:r:ueventd:s0 tclass=lnk_file permissive=1
05-02 20:48:58.372 461 461 I auditd : type=1400 audit(0.0:72): avc: denied { search } for comm="gpsd" name="224" dev="proc" ino=15881 scontext=u:r:gpsd:s0 tcontext=u:r:logd:s0 tclass=dir permissive=1
05-02 20:48:58.372 461 461 I auditd : type=1400 audit(0.0:73): avc: denied { read } for comm="gpsd" name="fd" dev="proc" ino=15883 scontext=u:r:gpsd:s0 tcontext=u:r:logd:s0 tclass=dir permissive=1
05-02 20:48:58.372 461 461 I auditd : type=1400 audit(0.0:74): avc: denied { open } for comm="gpsd" path="/proc/224/fd" dev="proc" ino=15883 scontext=u:r:gpsd:s0 tcontext=u:r:logd:s0 tclass=dir permissive=1
05-02 20:48:58.372 461 461 I auditd : type=1400 audit(0.0:75): avc: denied { read } for comm="gpsd" name="0" dev="proc" ino=20490 scontext=u:r:gpsd:s0 tcontext=u:r:logd:s0 tclass=lnk_file permissive=1
05-02 20:48:58.376 461 461 I auditd : type=1400 audit(0.0:76): avc: denied { search } for comm="gpsd" name="226" dev="proc" ino=11155 scontext=u:r:gpsd:s0 tcontext=u:r:lmkd:s0 tclass=dir permissive=1
05-02 20:48:58.384 461 461 I auditd : type=1400 audit(0.0:77): avc: denied { dac_read_search } for comm="gpsd" capability=2 scontext=u:r:gpsd:s0 tcontext=u:r:gpsd:s0 tclass=capability permissive=1
05-02 20:48:58.384 461 461 I auditd : type=1400 audit(0.0:78): avc: denied { read } for comm="gpsd" name="fd" dev="proc" ino=11157 scontext=u:r:gpsd:s0 tcontext=u:r:lmkd:s0 tclass=dir permissive=1
05-02 20:48:58.384 461 461 I auditd : type=1400 audit(0.0:79): avc: denied { open } for comm="gpsd" path="/proc/226/fd" dev="proc" ino=11157 scontext=u:r:gpsd:s0 tcontext=u:r:lmkd:s0 tclass=dir permissive=1
05-02 20:48:58.384 461 461 I auditd : type=1400 audit(0.0:80): avc: denied { read } for comm="gpsd" name="0" dev="proc" ino=20497 scontext=u:r:gpsd:s0 tcontext=u:r:lmkd:s0 tclass=lnk_file permissive=1
05-02 20:48:58.384 461 461 I auditd : type=1400 audit(0.0:81): avc: denied { search } for comm="gpsd" name="227" dev="proc" ino=332 scontext=u:r:gpsd:s0 tcontext=u:r:servicemanager:s0 tclass=dir permissive=1
05-02 20:48:58.388 461 461 I auditd : type=1400 audit(0.0:82): avc: denied { read } for comm="gpsd" name="fd" dev="proc" ino=334 scontext=u:r:gpsd:s0 tcontext=u:r:servicemanager:s0 tclass=dir permissive=1
05-02 20:48:58.388 461 461 I auditd : type=1400 audit(0.0:83): avc: denied { open } for comm="gpsd" path="/proc/227/fd" dev="proc" ino=334 scontext=u:r:gpsd:s0 tcontext=u:r:servicemanager:s0 tclass=dir permissive=1
05-02 20:48:58.388 461 461 I auditd : type=1400 audit(0.0:84): avc: denied { read } for comm="gpsd" name="0" dev="proc" ino=20510 scontext=u:r:gpsd:s0 tcontext=u:r:servicemanager:s0 tclass=lnk_file permissive=1
05-02 20:48:58.388 461 461 I auditd : type=1400 audit(0.0:85): avc: denied { search } for comm="gpsd" name="228" dev="proc" ino=328 scontext=u:r:gpsd:s0 tcontext=u:r:hwservicemanager:s0 tclass=dir permissive=1
05-02 20:48:58.388 461 461 I auditd : type=1400 audit(0.0:86): avc: denied { read } for comm="gpsd" name="fd" dev="proc" ino=339 scontext=u:r:gpsd:s0 tcontext=u:r:hwservicemanager:s0 tclass=dir permissive=1
05-02 20:48:58.388 461 461 I auditd : type=1400 audit(0.0:87): avc: denied { open } for comm="gpsd" path="/proc/228/fd" dev="proc" ino=339 scontext=u:r:gpsd:s0 tcontext=u:r:hwservicemanager:s0 tclass=dir permissive=1
05-02 20:48:58.388 461 461 I auditd : type=1400 audit(0.0:88): avc: denied { read } for comm="gpsd" name="0" dev="proc" ino=20513 scontext=u:r:gpsd:s0 tcontext=u:r:hwservicemanager:s0 tclass=lnk_file permissive=1
05-02 20:48:58.388 461 461 I auditd : type=1400 audit(0.0:89): avc: denied { search } for comm="gpsd" name="229" dev="proc" ino=330 scontext=u:r:gpsd:s0 tcontext=u:r:vndservicemanager:s0 tclass=dir permissive=1
05-02 20:48:58.388 461 461 I auditd : type=1400 audit(0.0:90): avc: denied { read } for comm="gpsd" name="fd" dev="proc" ino=336 scontext=u:r:gpsd:s0 tcontext=u:r:vndservicemanager:s0 tclass=dir permissive=1
05-02 20:48:58.388 461 461 I auditd : type=1400 audit(0.0:91): avc: denied { open } for comm="gpsd" path="/proc/229/fd" dev="proc" ino=336 scontext=u:r:gpsd:s0 tcontext=u:r:vndservicemanager:s0 tclass=dir permissive=1
05-02 20:48:58.388 461 461 I auditd : type=1400 audit(0.0:92): avc: denied { read } for comm="gpsd" name="0" dev="proc" ino=20516 scontext=u:r:gpsd:s0 tcontext=u:r:vndservicemanager:s0 tclass=lnk_file permissive=1
05-02 20:48:58.388 461 461 I auditd : type=1400 audit(0.0:93): avc: denied { search } for comm="gpsd" name="230" dev="proc" ino=11163 scontext=u:r:gpsd:s0 tcontext=u:r:shell:s0 tclass=dir permissive=1
05-02 20:48:58.388 461 461 I auditd : type=1400 audit(0.0:94): avc: denied { read } for comm="gpsd" name="fd" dev="proc" ino=11169 scontext=u:r:gpsd:s0 tcontext=u:r:shell:s0 tclass=dir permissive=1
05-02 20:48:58.388 461 461 I auditd : type=1400 audit(0.0:95): avc: denied { open } for comm="gpsd" path="/proc/230/fd" dev="proc" ino=11169 scontext=u:r:gpsd:s0 tcontext=u:r:shell:s0 tclass=dir permissive=1
05-02 20:48:58.388 461 461 I auditd : type=1400 audit(0.0:96): avc: denied { read } for comm="gpsd" name="0" dev="proc" ino=20519 scontext=u:r:gpsd:s0 tcontext=u:r:shell:s0 tclass=lnk_file permissive=1
05-02 20:48:58.388 461 461 I auditd : type=1400 audit(0.0:97): avc: denied { search } for comm="gpsd" name="246" dev="proc" ino=11234 scontext=u:r:gpsd:s0 tcontext=u:r:system_suspend:s0 tclass=dir permissive=1
05-02 20:48:58.396 461 461 I auditd : type=1400 audit(0.0:98): avc: denied { read } for comm="gpsd" name="fd" dev="proc" ino=11236 scontext=u:r:gpsd:s0 tcontext=u:r:system_suspend:s0 tclass=dir permissive=1
05-02 20:48:58.400 461 461 I auditd : type=1400 audit(0.0:99): avc: denied { open } for comm="gpsd" path="/proc/246/fd" dev="proc" ino=11236 scontext=u:r:gpsd:s0 tcontext=u:r:system_suspend:s0 tclass=dir permissive=1
05-02 20:48:58.400 461 461 I auditd : type=1400 audit(0.0:100): avc: denied { read } for comm="gpsd" name="0" dev="proc" ino=20533 scontext=u:r:gpsd:s0 tcontext=u:r:system_suspend:s0 tclass=lnk_file permissive=1
05-02 20:48:58.400 461 461 I auditd : type=1400 audit(0.0:101): avc: denied { search } for comm="gpsd" name="248" dev="proc" ino=11251 scontext=u:r:gpsd:s0 tcontext=u:r:hal_gatekeeper_default:s0 tclass=dir permissive=1
05-02 20:48:58.400 461 461 I auditd : type=1400 audit(0.0:102): avc: denied { read } for comm="gpsd" name="fd" dev="proc" ino=11253 scontext=u:r:gpsd:s0 tcontext=u:r:hal_gatekeeper_default:s0 tclass=dir permissive=1
05-02 20:48:58.400 461 461 I auditd : type=1400 audit(0.0:103): avc: denied { open } for comm="gpsd" path="/proc/248/fd" dev="proc" ino=11253 scontext=u:r:gpsd:s0 tcontext=u:r:hal_gatekeeper_default:s0 tclass=dir permissive=1
05-02 20:48:58.400 461 461 I auditd : type=1400 audit(0.0:104): avc: denied { read } for comm="gpsd" name="0" dev="proc" ino=20539 scontext=u:r:gpsd:s0 tcontext=u:r:hal_gatekeeper_default:s0 tclass=lnk_file permissive=1
05-02 20:48:58.400 461 461 I auditd : type=1400 audit(0.0:105): avc: denied { read } for comm="gpsd" scontext=u:r:gpsd:s0 tcontext=u:r:hal_keymaster_default:s0 tclass=file permissive=1
05-02 20:48:58.400 461 461 I auditd : type=1400 audit(0.0:106): avc: denied { search } for comm="gpsd" name="249" dev="proc" ino=11255 scontext=u:r:gpsd:s0 tcontext=u:r:hal_keymaster_default:s0 tclass=dir permissive=1
05-02 20:48:58.400 461 461 I auditd : type=1400 audit(0.0:107): avc: denied { read } for comm="gpsd" name="fd" dev="proc" ino=11257 scontext=u:r:gpsd:s0 tcontext=u:r:hal_keymaster_default:s0 tclass=dir permissive=1
05-02 20:48:58.400 461 461 I auditd : type=1400 audit(0.0:108): avc: denied { open } for comm="gpsd" path="/proc/249/fd" dev="proc" ino=11257 scontext=u:r:gpsd:s0 tcontext=u:r:hal_keymaster_default:s0 tclass=dir permissive=1
05-02 20:48:58.400 461 461 I auditd : type=1400 audit(0.0:109): avc: denied { read } for comm="gpsd" name="0" dev="proc" ino=20542 scontext=u:r:gpsd:s0 tcontext=u:r:hal_keymaster_default:s0 tclass=lnk_file permissive=1
05-02 20:48:58.400 461 461 I auditd : type=1400 audit(0.0:110): avc: denied { read } for comm="gpsd" scontext=u:r:gpsd:s0 tcontext=u:r:hal_power_default:s0 tclass=file permissive=1
05-02 20:48:58.400 461 461 I auditd : type=1400 audit(0.0:111): avc: denied { search } for comm="gpsd" name="267" dev="proc" ino=485 scontext=u:r:gpsd:s0 tcontext=u:r:hal_power_default:s0 tclass=dir permissive=1
05-02 20:48:58.400 461 461 I auditd : type=1400 audit(0.0:112): avc: denied { read } for comm="gpsd" name="fd" dev="proc" ino=487 scontext=u:r:gpsd:s0 tcontext=u:r:hal_power_default:s0 tclass=dir permissive=1
05-02 20:48:58.400 461 461 I auditd : type=1400 audit(0.0:113): avc: denied { open } for comm="gpsd" path="/proc/267/fd" dev="proc" ino=487 scontext=u:r:gpsd:s0 tcontext=u:r:hal_power_default:s0 tclass=dir permissive=1
05-02 20:48:58.400 461 461 I auditd : type=1400 audit(0.0:114): avc: denied { read } for comm="gpsd" name="0" dev="proc" ino=20551 scontext=u:r:gpsd:s0 tcontext=u:r:hal_power_default:s0 tclass=lnk_file permissive=1
05-02 20:48:58.400 461 461 I auditd : type=1400 audit(0.0:115): avc: denied { search } for comm="gpsd" name="276" dev="proc" ino=16025 scontext=u:r:gpsd:s0 tcontext=u:r:apexd:s0 tclass=dir permissive=1
05-02 20:48:58.400 461 461 I auditd : type=1400 audit(0.0:116): avc: denied { read } for comm="gpsd" name="fd" dev="proc" ino=16027 scontext=u:r:gpsd:s0 tcontext=u:r:apexd:s0 tclass=dir permissive=1
05-02 20:48:58.400 461 461 I auditd : type=1400 audit(0.0:117): avc: denied { open } for comm="gpsd" path="/proc/276/fd" dev="proc" ino=16027 scontext=u:r:gpsd:s0 tcontext=u:r:apexd:s0 tclass=dir permissive=1
05-02 20:48:58.400 461 461 I auditd : type=1400 audit(0.0:118): avc: denied { read } for comm="gpsd" name="0" dev="proc" ino=20554 scontext=u:r:gpsd:s0 tcontext=u:r:apexd:s0 tclass=lnk_file permissive=1
05-02 20:48:58.404 461 461 I auditd : type=1400 audit(0.0:119): avc: denied { search } for comm="gpsd" name="331" dev="proc" ino=520 scontext=u:r:gpsd:s0 tcontext=u:r:tombstoned:s0 tclass=dir permissive=1
05-02 20:48:58.404 461 461 I auditd : type=1400 audit(0.0:120): avc: denied { read } for comm="gpsd" name="fd" dev="proc" ino=522 scontext=u:r:gpsd:s0 tcontext=u:r:tombstoned:s0 tclass=dir permissive=1
05-02 20:48:58.404 461 461 I auditd : type=1400 audit(0.0:121): avc: denied { open } for comm="gpsd" path="/proc/331/fd" dev="proc" ino=522 scontext=u:r:gpsd:s0 tcontext=u:r:tombstoned:s0 tclass=dir permissive=1
05-02 20:48:58.404 461 461 I auditd : type=1400 audit(0.0:122): avc: denied { read } for comm="gpsd" name="0" dev="proc" ino=20600 scontext=u:r:gpsd:s0 tcontext=u:r:tombstoned:s0 tclass=lnk_file permissive=1
05-02 20:48:58.408 461 461 I auditd : type=1400 audit(0.0:123): avc: denied { search } for comm="gpsd" name="336" dev="proc" ino=16549 scontext=u:r:gpsd:s0 tcontext=u:r:statsd:s0 tclass=dir permissive=1
05-02 20:48:58.408 461 461 I auditd : type=1400 audit(0.0:124): avc: denied { read } for comm="gpsd" name="fd" dev="proc" ino=16551 scontext=u:r:gpsd:s0 tcontext=u:r:statsd:s0 tclass=dir permissive=1
05-02 20:48:58.408 461 461 I auditd : type=1400 audit(0.0:125): avc: denied { open } for comm="gpsd" path="/proc/336/fd" dev="proc" ino=16551 scontext=u:r:gpsd:s0 tcontext=u:r:statsd:s0 tclass=dir permissive=1
05-02 20:48:58.408 461 461 I auditd : type=1400 audit(0.0:126): avc: denied { read } for comm="gpsd" name="0" dev="proc" ino=20608 scontext=u:r:gpsd:s0 tcontext=u:r:statsd:s0 tclass=lnk_file permissive=1
05-02 20:48:58.408 461 461 I auditd : type=1400 audit(0.0:127): avc: denied { read } for comm="gpsd" scontext=u:r:gpsd:s0 tcontext=u:r:hal_wifi_default:s0 tclass=file permissive=1
05-02 20:48:58.408 461 461 I auditd : type=1400 audit(0.0:128): avc: denied { search } for comm="gpsd" name="343" dev="proc" ino=16592 scontext=u:r:gpsd:s0 tcontext=u:r:hal_wifi_default:s0 tclass=dir permissive=1
05-02 20:48:58.408 461 461 I auditd : type=1400 audit(0.0:129): avc: denied { read } for comm="gpsd" name="fd" dev="proc" ino=16594 scontext=u:r:gpsd:s0 tcontext=u:r:hal_wifi_default:s0 tclass=dir permissive=1
05-02 20:48:58.408 461 461 I auditd : type=1400 audit(0.0:130): avc: denied { open } for comm="gpsd" path="/proc/343/fd" dev="proc" ino=16594 scontext=u:r:gpsd:s0 tcontext=u:r:hal_wifi_default:s0 tclass=dir permissive=1
05-02 20:48:58.408 461 461 I auditd : type=1400 audit(0.0:131): avc: denied { read } for comm="gpsd" name="0" dev="proc" ino=20640 scontext=u:r:gpsd:s0 tcontext=u:r:hal_wifi_default:s0 tclass=lnk_file permissive=1
05-02 20:48:58.408 461 461 I auditd : type=1400 audit(0.0:132): avc: denied { search } for comm="gpsd" name="344" dev="proc" ino=16628 scontext=u:r:gpsd:s0 tcontext=u:r:hal_allocator_default:s0 tclass=dir permissive=1
05-02 20:48:58.408 461 461 I auditd : type=1400 audit(0.0:133): avc: denied { read } for comm="gpsd" name="fd" dev="proc" ino=16630 scontext=u:r:gpsd:s0 tcontext=u:r:hal_allocator_default:s0 tclass=dir permissive=1
05-02 20:48:58.408 461 461 I auditd : type=1400 audit(0.0:134): avc: denied { open } for comm="gpsd" path="/proc/344/fd" dev="proc" ino=16630 scontext=u:r:gpsd:s0 tcontext=u:r:hal_allocator_default:s0 tclass=dir permissive=1
05-02 20:48:58.408 461 461 I auditd : type=1400 audit(0.0:135): avc: denied { read } for comm="gpsd" name="0" dev="proc" ino=20643 scontext=u:r:gpsd:s0 tcontext=u:r:hal_allocator_default:s0 tclass=lnk_file permissive=1
05-02 20:48:58.408 461 461 I auditd : type=1400 audit(0.0:136): avc: denied { read } for comm="gpsd" scontext=u:r:gpsd:s0 tcontext=u:r:hal_audio_default:s0 tclass=file permissive=1
05-02 20:48:58.408 461 461 I auditd : type=1400 audit(0.0:137): avc: denied { search } for comm="gpsd" name="345" dev="proc" ino=10234 scontext=u:r:gpsd:s0 tcontext=u:r:hal_audio_default:s0 tclass=dir permissive=1
05-02 20:48:58.408 461 461 I auditd : type=1400 audit(0.0:138): avc: denied { read } for comm="gpsd" name="fd" dev="proc" ino=685 scontext=u:r:gpsd:s0 tcontext=u:r:hal_audio_default:s0 tclass=dir permissive=1
05-02 20:48:58.408 461 461 I auditd : type=1400 audit(0.0:139): avc: denied { open } for comm="gpsd" path="/proc/345/fd" dev="proc" ino=685 scontext=u:r:gpsd:s0 tcontext=u:r:hal_audio_default:s0 tclass=dir permissive=1
05-02 20:48:58.408 461 461 I auditd : type=1400 audit(0.0:140): avc: denied { read } for comm="gpsd" name="0" dev="proc" ino=20646 scontext=u:r:gpsd:s0 tcontext=u:r:hal_audio_default:s0 tclass=lnk_file permissive=1
05-02 20:48:58.408 461 461 I auditd : type=1400 audit(0.0:141): avc: denied { read } for comm="gpsd" scontext=u:r:gpsd:s0 tcontext=u:r:hal_bluetooth_default:s0 tclass=file permissive=1
05-02 20:48:58.408 461 461 I auditd : type=1400 audit(0.0:142): avc: denied { search } for comm="gpsd" name="346" dev="proc" ino=16193 scontext=u:r:gpsd:s0 tcontext=u:r:hal_bluetooth_default:s0 tclass=dir permissive=1
05-02 20:48:58.408 461 461 I auditd : type=1400 audit(0.0:143): avc: denied { read } for comm="gpsd" name="fd" dev="proc" ino=16204 scontext=u:r:gpsd:s0 tcontext=u:r:hal_bluetooth_default:s0 tclass=dir permissive=1
05-02 20:48:58.408 461 461 I auditd : type=1400 audit(0.0:144): avc: denied { open } for comm="gpsd" path="/proc/346/fd" dev="proc" ino=16204 scontext=u:r:gpsd:s0 tcontext=u:r:hal_bluetooth_default:s0 tclass=dir permissive=1
05-02 20:48:58.408 461 461 I auditd : type=1400 audit(0.0:145): avc: denied { read } for comm="gpsd" name="0" dev="proc" ino=20649 scontext=u:r:gpsd:s0 tcontext=u:r:hal_bluetooth_default:s0 tclass=lnk_file permissive=1
05-02 20:48:58.408 461 461 I auditd : type=1400 audit(0.0:146): avc: denied { read } for comm="gpsd" scontext=u:r:gpsd:s0 tcontext=u:r:hal_camera_default:s0 tclass=file permissive=1
05-02 20:48:58.408 461 461 I auditd : type=1400 audit(0.0:147): avc: denied { search } for comm="gpsd" name="347" dev="proc" ino=16645 scontext=u:r:gpsd:s0 tcontext=u:r:hal_camera_default:s0 tclass=dir permissive=1
05-02 20:48:58.408 461 461 I auditd : type=1400 audit(0.0:148): avc: denied { read } for comm="gpsd" name="fd" dev="proc" ino=16648 scontext=u:r:gpsd:s0 tcontext=u:r:hal_camera_default:s0 tclass=dir permissive=1
05-02 20:48:58.408 461 461 I auditd : type=1400 audit(0.0:149): avc: denied { open } for comm="gpsd" path="/proc/347/fd" dev="proc" ino=16648 scontext=u:r:gpsd:s0 tcontext=u:r:hal_camera_default:s0 tclass=dir permissive=1
05-02 20:48:58.408 461 461 I auditd : type=1400 audit(0.0:150): avc: denied { read } for comm="gpsd" name="0" dev="proc" ino=20652 scontext=u:r:gpsd:s0 tcontext=u:r:hal_camera_default:s0 tclass=lnk_file permissive=1
05-02 20:48:58.412 461 461 I auditd : type=1400 audit(0.0:151): avc: denied { read } for comm="gpsd" scontext=u:r:gpsd:s0 tcontext=u:r:hal_cas_default:s0 tclass=file permissive=1
05-02 20:48:58.412 461 461 I auditd : type=1400 audit(0.0:152): avc: denied { search } for comm="gpsd" name="352" dev="proc" ino=17543 scontext=u:r:gpsd:s0 tcontext=u:r:hal_cas_default:s0 tclass=dir permissive=1
05-02 20:48:58.412 461 461 I auditd : type=1400 audit(0.0:153): avc: denied { read } for comm="gpsd" name="fd" dev="proc" ino=17545 scontext=u:r:gpsd:s0 tcontext=u:r:hal_cas_default:s0 tclass=dir permissive=1
05-02 20:48:58.412 461 461 I auditd : type=1400 audit(0.0:154): avc: denied { open } for comm="gpsd" path="/proc/352/fd" dev="proc" ino=17545 scontext=u:r:gpsd:s0 tcontext=u:r:hal_cas_default:s0 tclass=dir permissive=1
05-02 20:48:58.412 461 461 I auditd : type=1400 audit(0.0:155): avc: denied { sys_ptrace } for comm="gpsd" capability=19 scontext=u:r:gpsd:s0 tcontext=u:r:gpsd:s0 tclass=capability permissive=1
05-02 20:48:58.412 461 461 I auditd : type=1400 audit(0.0:156): avc: denied { dac_read_search } for comm="gpsd" capability=2 scontext=u:r:gpsd:s0 tcontext=u:r:gpsd:s0 tclass=capability permissive=1
05-02 20:48:58.412 461 461 I auditd : type=1400 audit(0.0:157): avc: denied { read } for comm="gpsd" name="0" dev="proc" ino=20668 scontext=u:r:gpsd:s0 tcontext=u:r:hal_cas_default:s0 tclass=lnk_file permissive=1
05-02 20:48:58.412 461 461 I auditd : type=1400 audit(0.0:158): avc: denied { read } for comm="gpsd" scontext=u:r:gpsd:s0 tcontext=u:r:hal_drm_clearkey:s0 tclass=file permissive=1
05-02 20:48:58.412 461 461 I auditd : type=1400 audit(0.0:159): avc: denied { search } for comm="gpsd" name="353" dev="proc" ino=722 scontext=u:r:gpsd:s0 tcontext=u:r:hal_drm_clearkey:s0 tclass=dir permissive=1
05-02 20:48:58.412 461 461 I auditd : type=1400 audit(0.0:160): avc: denied { read } for comm="gpsd" name="fd" dev="proc" ino=18473 scontext=u:r:gpsd:s0 tcontext=u:r:hal_drm_clearkey:s0 tclass=dir permissive=1
05-02 20:48:58.412 461 461 I auditd : type=1400 audit(0.0:161): avc: denied { open } for comm="gpsd" path="/proc/353/fd" dev="proc" ino=18473 scontext=u:r:gpsd:s0 tcontext=u:r:hal_drm_clearkey:s0 tclass=dir permissive=1
05-02 20:48:58.412 461 461 I auditd : type=1400 audit(0.0:162): avc: denied { read } for comm="gpsd" name="0" dev="proc" ino=20671 scontext=u:r:gpsd:s0 tcontext=u:r:hal_drm_clearkey:s0 tclass=lnk_file permissive=1
05-02 20:48:58.412 461 461 I auditd : type=1400 audit(0.0:163): avc: denied { read } for comm="gpsd" scontext=u:r:gpsd:s0 tcontext=u:r:hal_gnss_default:s0 tclass=file permissive=1
05-02 20:48:58.412 461 461 I auditd : type=1400 audit(0.0:164): avc: denied { search } for comm="gpsd" name="354" dev="proc" ino=16675 scontext=u:r:gpsd:s0 tcontext=u:r:hal_gnss_default:s0 tclass=dir permissive=1
05-02 20:48:58.412 461 461 I auditd : type=1400 audit(0.0:165): avc: denied { read } for comm="gpsd" name="fd" dev="proc" ino=16679 scontext=u:r:gpsd:s0 tcontext=u:r:hal_gnss_default:s0 tclass=dir permissive=1
05-02 20:48:58.412 461 461 I auditd : type=1400 audit(0.0:166): avc: denied { open } for comm="gpsd" path="/proc/354/fd" dev="proc" ino=16679 scontext=u:r:gpsd:s0 tcontext=u:r:hal_gnss_default:s0 tclass=dir permissive=1
05-02 20:48:58.412 461 461 I auditd : type=1400 audit(0.0:167): avc: denied { read } for comm="gpsd" name="0" dev="proc" ino=20674 scontext=u:r:gpsd:s0 tcontext=u:r:hal_gnss_default:s0 tclass=lnk_file permissive=1
05-02 20:48:58.412 461 461 I auditd : type=1400 audit(0.0:168): avc: denied { read } for comm="gpsd" scontext=u:r:gpsd:s0 tcontext=u:r:hal_graphics_allocator_default:s0 tclass=file permissive=1
05-02 20:48:58.412 461 461 I auditd : type=1400 audit(0.0:169): avc: denied { search } for comm="gpsd" name="355" dev="proc" ino=725 scontext=u:r:gpsd:s0 tcontext=u:r:hal_graphics_allocator_default:s0 tclass=dir permissive=1
