05-02 20:49:12.878 525 525 I sysui_multi_action: [757,804,799,note_interruptive,801,0,802,1]
05-02 20:49:12.880 525 525 I sysui_multi_action: [757,1501,758,1,793,204,794,0,795,204,796,26,806,android,857,DEVELOPER_IMPORTANT,858,4,947,0,1500,0,1688,1]
05-02 20:49:12.880 525 525 I sysui_multi_action: [757,804,799,note_interruptive,801,0,802,1]
05-02 20:49:12.881 228 228 I hwservicemanager: getTransport: Cannot find entry android.hardware.keymaster@3.0::IKeymasterDevice/default in either framework or device manifest.
05-02 20:49:12.881 237 237 I vold : List of Keymaster HALs found:
05-02 20:49:12.881 525 525 I sysui_multi_action: [757,199,758,1,759,2,793,206,794,0,795,206,796,26,806,android,857,DEVELOPER_IMPORTANT,858,4,947,0,1500,2,1688,1]
05-02 20:49:12.881 237 237 I vold : Keymaster HAL #1: SoftwareKeymasterDevice from Google SecurityLevel: SOFTWARE HAL: android.hardware.keymaster@4.1::IKeymasterDevice/default
05-02 20:49:12.882 525 525 I notification_alert: [-1|android|26|null|1000,0,1,0]
05-02 20:49:12.882 237 237 I vold : Using SoftwareKeymasterDevice from Google for encryption. Security level: SOFTWARE, HAL: android.hardware.keymaster@4.1::IKeymasterDevice/default
05-02 20:49:12.883 525 525 W NotificationHistory: Attempted to add notif for locked/gone/disabled user 0
05-02 20:49:12.885 237 237 D vold : Successfully retrieved key
05-02 20:49:12.885 237 237 D vold : Installed fscrypt key with ref cc779c5a258b8d0ff081de4d57dad920 to /data
05-02 20:49:12.885 237 237 D vold : Added fscrypt-provisioning key for cc779c5a258b8d0ff081de4d57dad920 to session keyring
05-02 20:49:12.885 237 237 D vold : Installed ce key for user 0
05-02 20:49:12.886 525 545 I uc_finish_user_unlocking: 0
05-02 20:49:12.887 525 545 W ActivityManager: UserLifecycleEvent 5 received without an active userJourneySession.
05-02 20:49:12.887 525 545 D ActivityManager: Started unlocking user 0
05-02 20:49:12.887 525 545 D ActivityManager: Unlocking user 0 progress 0
05-02 20:49:12.887 525 545 D ActivityManager: Unlocking user 0 progress 5
05-02 20:49:12.888 525 545 E UserspaceRebootLogger: Userspace reboot is not supported.
05-02 20:49:12.888 450 450 I update_engine: EnsureMetadataMounted does nothing in Android mode.
05-02 20:49:12.889 525 552 I am_uid_running: 10109
05-02 20:49:12.891 525 552 D CompatibilityChangeReporter: Compat change id reported: 135634846; UID 10109; state: DISABLED
05-02 20:49:12.891 525 552 D CompatibilityChangeReporter: Compat change id reported: 135754954; UID 10109; state: DISABLED
05-02 20:49:12.891 525 552 I am_wtf : [0,525,system_server,-1,UserspaceRebootLogger,Userspace reboot is not supported.]
05-02 20:49:12.892 525 545 D ActivityManagerTiming: FinishBooting took to complete: 350ms
05-02 20:49:12.892 525 553 D CompatibilityChangeReporter: Compat change id reported: 143937733; UID 10109; state: DISABLED
05-02 20:49:12.893 525 552 I DropBoxManagerService: add tag=system_server_wtf isTagEnabled=true flags=0x2
05-02 20:49:12.894 525 542 W Looper : Slow dispatch took 156ms android.fg h=com.android.server.DropBoxManagerService$DropBoxManagerBroadcastHandler c=null m=2
05-02 20:49:12.895 237 237 D vold : fscrypt_prepare_user_storage for volume null, user 0, serial 0, flags 2
05-02 20:49:12.895 237 237 D vold : Preparing: /data/system_ce/0
05-02 20:49:12.895 237 237 D vold : Preparing: /data/misc_ce/0
05-02 20:49:12.895 237 237 D vold : Preparing: /data/vendor_ce/0
05-02 20:49:12.896 525 525 I notification_enqueue: [1000,525,android,55,NULL,-1,Notification(channel=DEVELOPER shortcut=null contentView=null vibrate=null sound=null tick defaults=0x0 flags=0x2 color=0xff607d8b vis=PUBLIC),0]
05-02 20:49:12.898 237 237 D vold : Preparing: /data/media/0
05-02 20:49:12.898 237 237 D vold : Preparing: /data/data
05-02 20:49:12.898 237 237 I vold : Verified that /data/system_ce/0 has the encryption policy cc779c5a258b8d0ff081de4d57dad920 v2 modes 1/4 flags 0x2
05-02 20:49:12.899 237 237 I vold : Verified that /data/misc_ce/0 has the encryption policy cc779c5a258b8d0ff081de4d57dad920 v2 modes 1/4 flags 0x2
05-02 20:49:12.899 237 237 I vold : Verified that /data/vendor_ce/0 has the encryption policy cc779c5a258b8d0ff081de4d57dad920 v2 modes 1/4 flags 0x2
05-02 20:49:12.899 237 237 I vold : Verified that /data/media/0 has the encryption policy cc779c5a258b8d0ff081de4d57dad920 v2 modes 1/4 flags 0x2
05-02 20:49:12.899 237 237 I vold : Verified that /data/data has the encryption policy cc779c5a258b8d0ff081de4d57dad920 v2 modes 1/4 flags 0x2
05-02 20:49:12.899 237 237 D vold : Starting restorecon of /data/system_ce/0
05-02 20:49:12.901 525 544 I DropBoxManagerService: add tag=system_server_strictmode isTagEnabled=true flags=0x2
05-02 20:49:12.904 237 237 D vold : Finished restorecon of /data/system_ce/0
05-02 20:49:12.904 237 237 D vold : Starting restorecon of /data/vendor_ce/0
05-02 20:49:12.908 237 237 D vold : Finished restorecon of /data/vendor_ce/0
05-02 20:49:12.908 525 545 D ColorDisplayService: setUp: currentUser=0
05-02 20:49:12.908 237 237 D vold : Starting restorecon of /data/misc_ce/0
05-02 20:49:12.913 237 237 D vold : Finished restorecon of /data/misc_ce/0
05-02 20:49:12.913 237 237 D vold : /system/bin/vold_prepare_subdirs
05-02 20:49:12.914 237 237 D vold : prepare
05-02 20:49:12.914 237 237 D vold :
05-02 20:49:12.914 237 237 D vold : 0
05-02 20:49:12.914 237 237 D vold : 2
05-02 20:49:12.914 383 813 D NuPlayerDriver: NuPlayerDriver(0xebec0ab0) created, clientPid(685)
05-02 20:49:12.918 450 450 I update_engine: Read merge statistics file failed: No such file or directory
05-02 20:49:12.920 525 544 I DropBoxManagerService: add tag=system_server_strictmode isTagEnabled=true flags=0x2
05-02 20:49:12.928 525 544 I chatty : uid=1000(system) android.io identical 1 line
05-02 20:49:12.930 383 1188 D GenericSource: FileSource remote
05-02 20:49:12.935 525 544 I DropBoxManagerService: add tag=system_server_strictmode isTagEnabled=true flags=0x2
05-02 20:49:12.939 422 422 E Utils : did not find channel-count and/or sample-rate
05-02 20:49:12.942 422 422 E Utils : did not find channel-count and/or sample-rate
05-02 20:49:12.946 856 872 I com.android.se: WaitForGcToComplete blocked RunEmptyCheckpoint on ProfileSaver for 44.066ms
05-02 20:49:12.948 338 338 D Zygote : Forked child process 1191
05-02 20:49:12.949 450 450 I update_engine: [INFO:cleanup_previous_update_action.cc(206)] Waiting for any previous merge request to complete. This can take up to several minutes.
05-02 20:49:12.965 1185 1185 D vold_prepare_subdirs: Setting up mode 700 uid 0 gid 0 context u:object_r:vold_data_file:s0 on path: /data/misc_ce/0/vold
05-02 20:49:12.967 450 450 E update_engine: Read state file failed: No such file or directory
05-02 20:49:12.974 1191 1191 I Zygote : seccomp disabled by setenforce 0
05-02 20:49:12.975 1191 1191 I libc : SetHeapTaggingLevel: tag level set to 0
05-02 20:49:12.977 450 450 I update_engine: [INFO:cleanup_previous_update_action.cc(229)] Can't find any snapshot to merge.
05-02 20:49:12.979 1189 1189 I bootstat: Service started: /system/bin/bootstat --record_boot_complete --record_boot_reason --record_time_since_factory_reset -l
05-02 20:49:12.981 1189 1189 E bootstat: Failed to read /data/misc/bootstat/post_decrypt_time_elapsed: No such file or directory
05-02 20:49:12.981 1189 1189 E bootstat: Failed to parse boot time record: /data/misc/bootstat/post_decrypt_time_elapsed
05-02 20:49:12.984 525 553 W ActivityManager: Slow operation: 94ms so far, now at startProcess: returned from zygote!
05-02 20:49:12.984 1185 1185 D vold_prepare_subdirs: Setting up mode 700 uid 0 gid 0 context u:object_r:storaged_data_file:s0 on path: /data/misc_ce/0/storaged
05-02 20:49:12.984 525 553 W ActivityManager: Slow operation: 94ms so far, now at startProcess: done updating battery stats
05-02 20:49:12.985 525 553 I am_proc_start: [0,1191,10109,com.android.deskclock,broadcast,{com.android.deskclock/com.android.deskclock.AlarmInitReceiver}]
05-02 20:49:12.985 525 553 W ActivityManager: Slow operation: 95ms so far, now at startProcess: building log message
05-02 20:49:12.985 525 553 I ActivityManager: Start proc 1191:com.android.deskclock/u0a109 for broadcast {com.android.deskclock/com.android.deskclock.AlarmInitReceiver}
05-02 20:49:12.985 525 553 W ActivityManager: Slow operation: 95ms so far, now at startProcess: starting to update pids map
05-02 20:49:12.986 1185 1185 D vold_prepare_subdirs: Setting up mode 700 uid 0 gid 0 context u:object_r:rollback_data_file:s0 on path: /data/misc_ce/0/rollback
05-02 20:49:12.986 525 553 W ActivityManager: Slow operation: 96ms so far, now at startProcess: done updating pids map
05-02 20:49:12.987 1185 1185 D vold_prepare_subdirs: Setting up mode 700 uid 0 gid 0 context u:object_r:apex_rollback_data_file:s0 on path: /data/misc_ce/0/apexrollback
05-02 20:49:12.988 1185 1185 D vold_prepare_subdirs: Setting up mode 711 uid 0 gid 0 context u:object_r:apex_module_data_file:s0 on path: /data/misc_ce/0/apexdata
05-02 20:49:12.989 450 450 E update_engine: Read state file failed: No such file or directory
05-02 20:49:12.990 685 685 D InterruptionStateProvider: No bubble up: not allowed to bubble: -1|android|26|null|1000
05-02 20:49:12.994 1185 1185 D vold_prepare_subdirs: Setting up mode 771 uid 0 gid 1000 context u:object_r:apex_module_data_file:s0 on path: /data/misc_ce/0/apexdata/com.android.mediaprovider
05-02 20:49:12.994 685 685 W NotifBindPipeline: Row is not set so pipeline will not run. notif = -1|android|26|null|1000
05-02 20:49:12.996 1185 1185 D vold_prepare_subdirs: Setting up mode 771 uid 0 gid 1000 context u:object_r:apex_module_data_file:s0 on path: /data/misc_ce/0/apexdata/com.android.tethering
05-02 20:49:12.997 1185 1185 D vold_prepare_subdirs: Setting up mode 771 uid 0 gid 1000 context u:object_r:apex_module_data_file:s0 on path: /data/misc_ce/0/apexdata/com.android.conscrypt
05-02 20:49:12.999 1185 1185 D vold_prepare_subdirs: Setting up mode 771 uid 0 gid 1000 context u:object_r:apex_module_data_file:s0 on path: /data/misc_ce/0/apexdata/com.android.adbd
05-02 20:49:13.000 1185 1185 D vold_prepare_subdirs: Setting up mode 771 uid 0 gid 1000 context u:object_r:apex_module_data_file:s0 on path: /data/misc_ce/0/apexdata/com.android.resolv
05-02 20:49:13.001 1185 1185 D vold_prepare_subdirs: Setting up mode 771 uid 0 gid 1000 context u:object_r:apex_permission_data_file:s0 on path: /data/misc_ce/0/apexdata/com.android.permission
05-02 20:49:13.007 572 576 I adbd : jdwp connection from 1191
05-02 20:49:13.011 1185 1185 D vold_prepare_subdirs: Setting up mode 771 uid 0 gid 1000 context u:object_r:apex_module_data_file:s0 on path: /data/misc_ce/0/apexdata/com.android.cellbroadcast
05-02 20:49:13.016 450 450 I update_engine: [INFO:cleanup_previous_update_action.cc(397)] Not reporting merge stats because state is None
05-02 20:49:13.024 525 544 D BluetoothManagerService: MESSAGE_RESTART_BLUETOOTH_SERVICE: retry count=2
05-02 20:49:13.024 525 544 D BluetoothManagerService: binding Bluetooth service
05-02 20:49:13.026 525 544 I am_uid_running: 1002
05-02 20:49:13.027 525 544 D CompatibilityChangeReporter: Compat change id reported: 135634846; UID 1002; state: DISABLED
05-02 20:49:13.027 525 544 D CompatibilityChangeReporter: Compat change id reported: 135754954; UID 1002; state: ENABLED
05-02 20:49:13.030 1189 1189 W bootstat: LogBootEvents, atomInfo not defined for events:boottime.bootloader.ODT,boottime.bootloader.KD,boot_reason,build_date,time_since_last_boot,last_boot_time_utc,ro.boottime.init.cold_boot_wait,system_boot_reason,boottime.bootloader.AVB
05-02 20:49:13.034 450 450 I update_engine: [INFO:action_processor.cc(116)] ActionProcessor: finished last action CleanupPreviousUpdateAction with code ErrorCode::kSuccess
05-02 20:49:13.035 887 901 I m.android.phon: WaitForGcToComplete blocked RunEmptyCheckpoint on ProfileSaver for 18.563ms
05-02 20:49:13.039 525 811 I am_proc_bound: [0,1191,com.android.deskclock]
05-02 20:49:13.039 1185 1185 D vold_prepare_subdirs: Setting up mode 771 uid 0 gid 1000 context u:object_r:apex_module_data_file:s0 on path: /data/misc_ce/0/apexdata/com.android.media
05-02 20:49:13.040 450 450 I update_engine: [INFO:update_attempter_android.cc(522)] Processing Done.
05-02 20:49:13.050 338 338 D Zygote : Forked child process 1213
05-02 20:49:13.050 1185 1185 D vold_prepare_subdirs: Setting up mode 771 uid 0 gid 1000 context u:object_r:apex_module_data_file:s0 on path: /data/misc_ce/0/apexdata/com.android.media.swcodec
05-02 20:49:13.051 450 450 I update_engine: [INFO:update_attempter_android.cc(662)] Terminating cleanup previous update.
05-02 20:49:13.053 525 553 I am_proc_start: [0,1213,1002,com.android.bluetooth,service,{com.android.bluetooth/com.android.bluetooth.btservice.AdapterService}]
05-02 20:49:13.054 525 553 I ActivityManager: Start proc 1213:com.android.bluetooth/1002 for service {com.android.bluetooth/com.android.bluetooth.btservice.AdapterService}
05-02 20:49:13.058 1185 1185 D vold_prepare_subdirs: Setting up mode 771 uid 0 gid 1000 context u:object_r:apex_module_data_file:s0 on path: /data/misc_ce/0/apexdata/com.android.extservices
05-02 20:49:13.059 1185 1185 D vold_prepare_subdirs: Setting up mode 771 uid 0 gid 1000 context u:object_r:apex_module_data_file:s0 on path: /data/misc_ce/0/apexdata/com.android.sdkext
05-02 20:49:13.060 1185 1185 D vold_prepare_subdirs: Setting up mode 771 uid 0 gid 1000 context u:object_r:apex_module_data_file:s0 on path: /data/misc_ce/0/apexdata/com.android.ipsec
05-02 20:49:13.061 1185 1185 D vold_prepare_subdirs: Setting up mode 771 uid 0 gid 1000 context u:object_r:apex_wifi_data_file:s0 on path: /data/misc_ce/0/apexdata/com.android.wifi
05-02 20:49:13.068 1185 1185 D vold_prepare_subdirs: Setting up mode 771 uid 0 gid 1000 context u:object_r:apex_module_data_file:s0 on path: /data/misc_ce/0/apexdata/com.android.apex.cts.shim
05-02 20:49:13.069 1185 1185 D vold_prepare_subdirs: Setting up mode 771 uid 0 gid 1000 context u:object_r:apex_module_data_file:s0 on path: /data/misc_ce/0/apexdata/com.android.neuralnetworks
05-02 20:49:13.070 1185 1185 D vold_prepare_subdirs: Setting up mode 771 uid 0 gid 1000 context u:object_r:apex_module_data_file:s0 on path: /data/misc_ce/0/apexdata/com.android.runtime
05-02 20:49:13.071 1185 1185 D vold_prepare_subdirs: Setting up mode 771 uid 0 gid 1000 context u:object_r:apex_module_data_file:s0 on path: /data/misc_ce/0/apexdata/com.android.tzdata
05-02 20:49:13.072 1185 1185 D vold_prepare_subdirs: Setting up mode 771 uid 0 gid 1000 context u:object_r:apex_module_data_file:s0 on path: /data/misc_ce/0/apexdata/com.android.vndk.v30
05-02 20:49:13.073 1185 1185 D vold_prepare_subdirs: Setting up mode 771 uid 0 gid 1000 context u:object_r:apex_module_data_file:s0 on path: /data/misc_ce/0/apexdata/com.android.os.statsd
05-02 20:49:13.074 1185 1185 D vold_prepare_subdirs: Setting up mode 771 uid 0 gid 1000 context u:object_r:apex_module_data_file:s0 on path: /data/misc_ce/0/apexdata/com.android.i18n
05-02 20:49:13.075 1191 1191 D ApplicationLoaders: Returning zygote-cached class loader: /system/framework/android.test.base.jar
05-02 20:49:13.075 1191 1191 D ApplicationLoaders: Returning zygote-cached class loader: /system/framework/android.hidl.base-V1.0-java.jar
05-02 20:49:13.075 1191 1191 D ApplicationLoaders: Returning zygote-cached class loader: /system/framework/android.hidl.manager-V1.0-java.jar
05-02 20:49:13.075 1191 1191 D ApplicationLoaders: Returning zygote-cached class loader: /system/framework/android.hidl.base-V1.0-java.jar
05-02 20:49:13.075 1185 1185 D vold_prepare_subdirs: Setting up mode 771 uid 0 gid 1000 context u:object_r:apex_module_data_file:s0 on path: /data/misc_ce/0/apexdata/com.android.art
05-02 20:49:13.076 1185 1185 D vold_prepare_subdirs: Setting up mode 700 uid 1000 gid 1000 context u:object_r:backup_data_file:s0 on path: /data/system_ce/0/backup
05-02 20:49:13.078 1185 1185 D vold_prepare_subdirs: Setting up mode 700 uid 1000 gid 1000 context u:object_r:backup_data_file:s0 on path: /data/system_ce/0/backup_stage
05-02 20:49:13.080 1191 1191 I droid.deskcloc: The ClassLoaderContext is a special shared library.
05-02 20:49:13.082 1185 1185 D vold_prepare_subdirs: Setting up mode 700 uid 1000 gid 1000 context u:object_r:face_vendor_data_file:s0 on path: /data/vendor_ce/0/facedata
05-02 20:49:13.085 525 542 V UserDataPreparer: Found /data/user/0 with serial number 0
05-02 20:49:13.086 525 542 V UserDataPreparer: Found /data/system_ce/0 with serial number 0
05-02 20:49:13.087 525 542 D UserDataPreparer: Setting property: sys.user.0.ce_available=true
05-02 20:49:13.088 525 542 V PackageManager: reconcileAppsData for null u0 0x2 migrateAppData=false
05-02 20:49:13.094 1213 1213 I Zygote : seccomp disabled by setenforce 0
05-02 20:49:13.102 525 525 I sysui_multi_action: [757,1501,758,1,793,213,794,0,795,213,796,55,806,android,857,DEVELOPER,858,2,947,0,1500,0]
05-02 20:49:13.103 525 525 I sysui_multi_action: [757,804,799,note_interruptive,801,0,802,1]
05-02 20:49:13.104 525 525 W NotificationHistory: Attempted to add notif for locked/gone/disabled user 0
05-02 20:49:13.109 1191 1191 I droid.deskcloc: The ClassLoaderContext is a special shared library.
05-02 20:49:13.110 1191 1191 D nativeloader: classloader namespace configured for unbundled product apk. library_path=/product/app/DeskClock/lib/arm64:/product/lib64:/system/product/lib64
05-02 20:49:13.118 572 576 I adbd : jdwp connection from 1213
05-02 20:49:13.126 525 811 I am_proc_bound: [0,1213,com.android.bluetooth]
05-02 20:49:13.129 525 811 I am_uid_active: 1002
05-02 20:49:13.150 685 685 W View : requestLayout() improperly called by android.widget.FrameLayout{b41ae69 I.E...... ......I. 0,0-0,0 #7f0a00c4 app:id/big_clock_container} during layout: running second layout pass
05-02 20:49:13.155 938 952 I id.ext.service: WaitForGcToComplete blocked RunEmptyCheckpoint on ProfileSaver for 57.995ms
05-02 20:49:13.162 1213 1213 I chatty : uid=1002(bluetooth) com.android.bluetooth expire 45 lines
05-02 20:49:13.170 1191 1191 D NetworkSecurityConfig: No Network Security Config specified, using platform default
05-02 20:49:13.171 1191 1191 D NetworkSecurityConfig: No Network Security Config specified, using platform default
05-02 20:49:13.208 461 461 I auditd : type=1400 audit(0.0:335): avc: denied { ioctl } for comm="gpsd" path="/dev/ttymxc1" dev="tmpfs" ino=245 ioctlcmd=0x5401 scontext=u:r:gpsd:s0 tcontext=u:object_r:gps_device:s0 tclass=chr_file permissive=1
05-02 20:49:13.238 685 685 D InterruptionStateProvider: No bubble up: not allowed to bubble: -1|android|55|null|1000
05-02 20:49:13.243 685 685 D InterruptionStateProvider: No heads up: unimportant notification: -1|android|55|null|1000
05-02 20:49:13.267 461 461 I chatty : uid=9999(nobody) /vendor/bin/gpsd expire 231 lines
05-02 20:49:13.269 1191 1191 I AlarmClock: AlarmInitReceiver android.intent.action.LOCKED_BOOT_COMPLETED
05-02 20:49:13.338 1191 1240 I AlarmClock: Fixing alarm instances
05-02 20:49:13.419 1213 1241 I chatty : uid=1002(bluetooth) com.android.bluetooth expire 9 lines
05-02 20:49:13.423 444 666 D BufferPoolAccessor2.0: bufferpool2 0xb400ec177b5842e8 : 0(0 size) total buffers - 0(0 size) used buffers - 11/15 (recycle/alloc) - 4/14 (fetch/transfer)
05-02 20:49:13.423 444 666 D BufferPoolAccessor2.0: bufferpool2 0xb400ec177b588f38 : 0(0 size) total buffers - 0(0 size) used buffers - 11/15 (recycle/alloc) - 4/14 (fetch/transfer)
05-02 20:49:13.423 444 666 D BufferPoolAccessor2.0: bufferpool2 0xb400ec177b583bf8 : 0(0 size) total buffers - 0(0 size) used buffers - 7/10 (recycle/alloc) - 3/9 (fetch/transfer)
05-02 20:49:13.423 444 666 D BufferPoolAccessor2.0: bufferpool2 0xb400ec177b5885f8 : 0(0 size) total buffers - 0(0 size) used buffers - 5/7 (recycle/alloc) - 2/6 (fetch/transfer)
05-02 20:49:13.423 444 666 D BufferPoolAccessor2.0: bufferpool2 0xb400ec177b586348 : 0(0 size) total buffers - 0(0 size) used buffers - 7/11 (recycle/alloc) - 4/10 (fetch/transfer)
05-02 20:49:13.423 444 666 D BufferPoolAccessor2.0: evictor expired: 5, evicted: 5
05-02 20:49:13.432 1191 1240 V AlarmClock: AlarmInitReceiver finished
05-02 20:49:13.470 1213 1244 I chatty : uid=1002(bluetooth) com.android.bluetooth expire 17 lines
05-02 20:49:13.472 887 887 I m.android.phon: The ClassLoaderContext is a special shared library.
05-02 20:49:13.478 1213 1247 I chatty : uid=1002(bluetooth) com.android.bluetooth expire 1 line
05-02 20:49:13.479 1213 1248 I chatty : uid=1002(bluetooth) com.android.bluetooth expire 1 line
05-02 20:49:13.479 1213 1244 I bt_config_source: 1
05-02 20:49:13.480 1213 1249 I chatty : uid=1002(bluetooth) com.android.bluetooth expire 5 lines
05-02 20:49:13.491 525 525 D BluetoothManagerService: Bluetooth Adapter name changed to iMX8
05-02 20:49:13.491 525 525 D BluetoothManagerService: Stored Bluetooth name: iMX8
05-02 20:49:13.504 887 887 D NetworkSecurityConfig: No Network Security Config specified, using platform default
05-02 20:49:13.504 887 887 W nsconfig: com.android.phone: New config does not match the previously set config.
05-02 20:49:13.505 887 887 D ONSAutoboot: Received android.intent.action.LOCKED_BOOT_COMPLETED
05-02 20:49:13.513 887 887 D ONSNetworkScanCtlr: init called
05-02 20:49:13.514 1213 1250 I chatty : uid=1002(bluetooth) com.android.bluetooth expire 4 lines
05-02 20:49:13.524 383 1184 I GenericSource: start
05-02 20:49:13.533 525 824 D TelephonyRegistry: listen ooscl: hasNotifyOpptSubInfoChangedOccurred==false no callback
05-02 20:49:13.534 887 887 D ONSProfileSelector: ONSProfileSelector init complete
05-02 20:49:13.537 383 1259 D CCodec : allocate(c2.android.vorbis.decoder)
05-02 20:49:13.540 383 1259 I CCodec : setting up 'default' as default (vendor) store
05-02 20:49:13.541 444 444 V C2Store : in init
05-02 20:49:13.541 444 444 V C2Store : loading dll
05-02 20:49:13.545 383 1259 I CCodec : Created component [c2.android.vorbis.decoder]
05-02 20:49:13.546 383 1259 D CCodecConfig: read media type: audio/vorbis
05-02 20:49:13.548 383 1259 D ReflectedParamUpdater: extent() != 1 for single value type: algo.buffers.max-count.values
05-02 20:49:13.549 383 1259 D ReflectedParamUpdater: extent() != 1 for single value type: output.subscribed-indices.values
05-02 20:49:13.549 383 1259 D ReflectedParamUpdater: extent() != 1 for single value type: input.buffers.allocator-ids.values
05-02 20:49:13.549 383 1259 D ReflectedParamUpdater: extent() != 1 for single value type: output.buffers.allocator-ids.values
05-02 20:49:13.549 383 1259 D ReflectedParamUpdater: extent() != 1 for single value type: algo.buffers.allocator-ids.values
05-02 20:49:13.550 383 1259 D ReflectedParamUpdater: extent() != 1 for single value type: output.buffers.pool-ids.values
05-02 20:49:13.550 383 1259 D ReflectedParamUpdater: extent() != 1 for single value type: algo.buffers.pool-ids.values
05-02 20:49:13.550 887 887 D ONS : service is enable state true
05-02 20:49:13.553 383 1259 I CCodecConfig: query failed after returning 7 values (BAD_INDEX)
05-02 20:49:13.553 383 1259 D CCodecConfig: c2 config diff is Dict {
05-02 20:49:13.553 383 1259 D CCodecConfig: c2::u32 coded.bitrate.value = 64000
05-02 20:49:13.553 383 1259 D CCodecConfig: c2::u32 input.buffers.max-size.value = 32768
05-02 20:49:13.553 383 1259 D CCodecConfig: c2::u32 input.delay.value = 0
05-02 20:49:13.553 383 1259 D CCodecConfig: string input.media-type.value = "audio/vorbis"
05-02 20:49:13.553 383 1259 D CCodecConfig: string output.media-type.value = "audio/raw"
05-02 20:49:13.553 383 1259 D CCodecConfig: c2::u32 raw.channel-count.value = 1
05-02 20:49:13.553 383 1259 D CCodecConfig: c2::u32 raw.sample-rate.value = 48000
05-02 20:49:13.553 383 1259 D CCodecConfig: }
05-02 20:49:13.557 383 1259 D CCodec : [c2.android.vorbis.decoder] buffers are bound to CCodec for this session
05-02 20:49:13.558 383 1259 D CCodecConfig: no c2 equivalents for durationUs
05-02 20:49:13.558 383 1259 D CCodecConfig: no c2 equivalents for csd-1
05-02 20:49:13.558 383 1259 D CCodecConfig: no c2 equivalents for channel-mask
05-02 20:49:13.558 383 1259 D CCodecConfig: no c2 equivalents for streaming
05-02 20:49:13.558 383 1259 D CCodecConfig: no c2 equivalents for flags
05-02 20:49:13.559 383 1259 D CCodecConfig: c2 config diff is c2::u32 coded.bitrate.value = 70000
05-02 20:49:13.561 383 1259 W Codec2Client: query -- param skipped: index = 1107298332.
05-02 20:49:13.561 383 1259 D CCodec : setup formats input: AMessage(what = 0x00000000) = {
05-02 20:49:13.561 383 1259 D CCodec : int32_t bitrate = 70000
05-02 20:49:13.561 383 1259 D CCodec : int32_t channel-count = 1
05-02 20:49:13.561 383 1259 D CCodec : int32_t max-input-size = 32768
05-02 20:49:13.561 383 1259 D CCodec : string mime = "audio/vorbis"
05-02 20:49:13.561 383 1259 D CCodec : int32_t sample-rate = 48000
05-02 20:49:13.561 383 1259 D CCodec : } and output: AMessage(what = 0x00000000) = {
05-02 20:49:13.561 383 1259 D CCodec : int32_t bitrate = 70000
05-02 20:49:13.561 383 1259 D CCodec : int32_t channel-count = 1
05-02 20:49:13.561 383 1259 D CCodec : string mime = "audio/raw"
05-02 20:49:13.561 383 1259 D CCodec : int32_t sample-rate = 48000
05-02 20:49:13.561 383 1259 D CCodec : int32_t channel-mask = 1
05-02 20:49:13.561 383 1259 D CCodec : }
05-02 20:49:13.561 383 1259 I MediaCodec: MediaCodec will operate in async mode
05-02 20:49:13.562 383 1259 W Codec2Client: query -- param skipped: index = 1342179345.
05-02 20:49:13.562 383 1259 W Codec2Client: query -- param skipped: index = 2415921170.
05-02 20:49:13.565 383 1259 E FMQ : grantorIdx must be less than 3
05-02 20:49:13.565 383 1259 E FMQ : grantorIdx must be less than 3
05-02 20:49:13.565 383 1259 D CCodecBufferChannel: [c2.android.vorbis.decoder#116] Created input block pool with allocatorID 16 => poolID 17 - OK (0)
05-02 20:49:13.565 525 525 D BluetoothManagerService: BluetoothServiceConnection: com.android.bluetooth.btservice.AdapterService
05-02 20:49:13.566 525 544 D BluetoothManagerService: MESSAGE_BLUETOOTH_SERVICE_CONNECTED: 1
05-02 20:49:13.567 444 766 E FMQ : grantorIdx must be less than 3
05-02 20:49:13.567 444 766 E FMQ : grantorIdx must be less than 3
05-02 20:49:13.567 525 855 I chatty : uid=1000(system) HwBinder:525_5 expire 3 lines
05-02 20:49:13.568 525 544 D BluetoothManagerService: Broadcasting onBluetoothServiceUp() to 4 receivers.
05-02 20:49:13.568 525 637 I chatty : uid=1000(system) HwBinder:525_2 expire 1 line
05-02 20:49:13.568 525 544 I chatty : uid=1000(system) android.io expire 6 lines
05-02 20:49:13.569 383 1259 I CCodecBufferChannel: [c2.android.vorbis.decoder#116] Created output block pool with allocatorID 16 => poolID 26 - OK
05-02 20:49:13.569 887 1070 D BluetoothAdapter: onBluetoothServiceUp: android.bluetooth.IBluetooth$Stub$Proxy@b5b186a
05-02 20:49:13.569 383 1259 D CCodecBufferChannel: [c2.android.vorbis.decoder#116] Configured output block pool ids 26 => OK
05-02 20:49:13.569 685 712 D BluetoothAdapter: onBluetoothServiceUp: android.bluetooth.IBluetooth$Stub$Proxy@d34289d
05-02 20:49:13.570 525 639 I chatty : uid=1000(system) HwBinder:525_3 expire 2 lines
05-02 20:49:13.570 383 1259 E ion : ioctl c0044901 failed with code -1: Inappropriate ioctl for device
05-02 20:49:13.571 1213 1232 I chatty : uid=1002(bluetooth) com.android.bluetooth expire 1 line
05-02 20:49:13.578 1213 1253 I chatty : uid=1002(bluetooth) com.android.bluetooth expire 5 lines
05-02 20:49:13.580 1213 1235 I chatty : uid=1002(bluetooth) com.android.bluetooth expire 1 line
05-02 20:49:13.584 525 544 D BluetoothManagerService: MESSAGE_BLUETOOTH_STATE_CHANGE: OFF > BLE_TURNING_ON
05-02 20:49:13.585 525 544 D BluetoothManagerService: Sending BLE State Change: OFF > BLE_TURNING_ON
05-02 20:49:13.592 444 1264 D SimpleC2Component: Using output block pool with poolID 26 => got 26 - 0
05-02 20:49:13.607 685 685 V MediaRouter: Selecting route: RouteInfo{ name=Tablet, description=null, status=null, category=RouteCategory{ name=System types=ROUTE_TYPE_LIVE_AUDIO ROUTE_TYPE_LIVE_VIDEO groupable=false }, supportedTypes=ROUTE_TYPE_LIVE_AUDIO ROUTE_TYPE_LIVE_VIDEO , presentationDisplay=null }
05-02 20:49:13.610 383 1259 E FMQ : grantorIdx must be less than 3
05-02 20:49:13.611 444 766 E FMQ : grantorIdx must be less than 3
05-02 20:49:13.627 444 1264 E FMQ : grantorIdx must be less than 3
05-02 20:49:13.628 383 1187 E FMQ : grantorIdx must be less than 3
05-02 20:49:13.634 525 551 I chatty : uid=1000(system) android.bg expire 1 line
05-02 20:49:13.634 525 545 W ActivityTaskManager: Sleep timeout! Sleeping now.
05-02 20:49:13.635 383 1259 D CCodecBuffers: [c2.android.vorbis.decoder#116:Output[N]] popFromStashAndRegister: output format changed to AMessage(what = 0x00000000) = {
05-02 20:49:13.635 383 1259 D CCodecBuffers: int32_t bitrate = 70000
05-02 20:49:13.635 383 1259 D CCodecBuffers: int32_t channel-count = 1
05-02 20:49:13.635 383 1259 D CCodecBuffers: string mime = "audio/raw"
05-02 20:49:13.635 383 1259 D CCodecBuffers: int32_t sample-rate = 48000
05-02 20:49:13.635 383 1259 D CCodecBuffers: int32_t channel-mask = 1
05-02 20:49:13.635 383 1259 D CCodecBuffers: }
05-02 20:49:13.645 366 630 D AudioFlinger: Client defaulted notificationFrames to 12000 for frameCount 24000
05-02 20:49:13.649 366 630 D AF::TrackHandle: OpPlayAudio: track:55 usage:5 not muted
05-02 20:49:13.660 1213 1271 I chatty : uid=1002(bluetooth) com.android.bluetooth expire 1 line
05-02 20:49:13.676 345 398 E FMQ : grantorIdx must be less than 3
05-02 20:49:13.678 345 398 E FMQ : grantorIdx must be less than 3
05-02 20:49:13.680 366 482 E FMQ : grantorIdx must be less than 3
05-02 20:49:13.680 366 482 E FMQ : grantorIdx must be less than 3
05-02 20:49:13.681 345 1272 I audio_hw_primary: start_output_stream: primary: 1, out: 0xf16c33a0, device: 2, address: , mode: 0, flags 0x2
05-02 20:49:13.682 345 1272 I audio_hw_primary: select_output_device(), headphone 0 ,headset 0 ,speaker 2
05-02 20:49:13.682 345 1272 D audio_hw_primary: start_output_stream: pcm_open: card: 0, pcm_device_id: 0, rate: 48000, channel: 2, format: 0, period_size: 0xc0, flag: 9
05-02 20:49:13.685 0 0 E tlv320aic31xx-codec 1-0018: ##Divyesh tlv aic31xx_hw_params: width 16 rate 48000
05-02 20:49:13.703 0 0 E tlv320aic31xx-codec 1-0018: ##Divyesh tlv pll 8.1920/1 dosr 128 n 8 m 2 aosr 128 n 8 m 2 bclk_n 8
05-02 20:49:13.713 0 0 E fsl-sai 30010000.sai: Divyesh tlv > ratio 8 for freq 1536000Hz based on clock 12288000Hz
05-02 20:49:13.722 0 0 E fsl-sai 30010000.sai: Divyesh tlv best fit: clock id=1, ratio=8, deviation=0
05-02 20:49:13.733 0 0 E tlv320aic31xx-codec 1-0018: ##Divyesh tlv Enter : aic31xx_dac_mute
05-02 20:49:13.740 0 0 E tlv320aic31xx-codec 1-0018: ##Divyesh tlv Enter : aic31xx_dac_mute >> Else function > unmute
05-02 20:49:13.750 1213 1213 I service_manager_slow: [14,companiondevice]
05-02 20:49:13.774 685 1022 D BufferPoolAccessor2.0: bufferpool2 0xb400e8f094408998 : 0(0 size) total buffers - 0(0 size) used buffers - 1/7 (recycle/alloc) - 6/36 (fetch/transfer)
05-02 20:49:13.774 685 1022 D BufferPoolAccessor2.0: bufferpool2 0xb400e8f0943e2968 : 0(0 size) total buffers - 0(0 size) used buffers - 2/7 (recycle/alloc) - 5/38 (fetch/transfer)
05-02 20:49:13.774 685 1022 D BufferPoolAccessor2.0: evictor expired: 2, evicted: 2
05-02 20:49:13.795 383 1256 D AudioTrack: getTimestamp_l(8): device stall time corrected using current time 27701221500
05-02 20:49:13.842 1213 1277 I chatty : uid=1002(bluetooth) com.android.bluetooth expire 4 lines
05-02 20:49:13.844 228 228 I hwservicemanager: getTransport: Cannot find entry android.hardware.bluetooth@1.1::IBluetoothHci/default in either framework or device manifest.
05-02 20:49:13.973 525 551 I am_meminfo: [288055296,2721656832,12288,117800960,366405632]
05-02 20:49:13.991 525 551 I am_pss : [1033,10118,com.android.launcher3,17344512,7561216,0,113565696,2,5,14]
05-02 20:49:14.002 525 551 I am_pss : [938,10126,android.ext.services,13557760,3895296,0,111632384,2,5,8]
05-02 20:49:14.014 525 551 I am_pss : [909,1000,com.android.settings,32537600,15482880,0,140779520,2,12,10]
05-02 20:49:14.032 525 551 I am_pss : [790,1073,com.android.networkstack.process,17709056,6565888,0,123801600,2,0,13]
05-02 20:49:14.048 525 551 I am_pss : [887,1001,com.android.phone,28707840,14987264,0,142176256,2,0,9]
05-02 20:49:14.084 525 551 I am_pss : [856,1068,com.android.se,12649472,3592192,0,106614784,2,0,13]
05-02 20:49:14.103 525 551 I am_pss : [685,10121,com.android.systemui,94253056,70488064,0,243556352,2,1,16]
05-02 20:49:14.142 525 551 I am_pss : [525,1000,system,133620736,106156032,0,290705408,2,0,23]
05-02 20:49:14.212 461 461 I auditd : type=1400 audit(0.0:336): avc: denied { ioctl } for comm="gpsd" path="/dev/ttymxc1" dev="tmpfs" ino=245 ioctlcmd=0x5401 scontext=u:r:gpsd:s0 tcontext=u:object_r:gps_device:s0 tclass=chr_file permissive=1
05-02 20:49:14.233 1213 1277 F libc : Fatal signal 6 (SIGABRT), code -1 (SI_QUEUE) in tid 1277 (bt_hci_thread), pid 1213 (droid.bluetooth)
05-02 20:49:14.238 525 542 V PackageManager: reconcileAppsData finished 164 packages
05-02 20:49:14.238 525 542 I ActivityManager: User 0 state changed from RUNNING_LOCKED to RUNNING_UNLOCKING
05-02 20:49:14.238 525 542 I am_user_state_changed: [0,2]
05-02 20:49:14.240 525 542 D ActivityManager: Unlocking user 0 progress 20
05-02 20:49:14.240 525 542 W Looper : Slow dispatch took 1345ms android.fg h=android.os.Handler c=com.android.server.am.-$$Lambda$UserController$stQk1028ON105v_u-VMykVjcxLk@a9fd0c5 m=0
05-02 20:49:14.240 525 552 I SystemServerTimingAsync: ssm.UnlockingUser-0
05-02 20:49:14.241 525 552 I SystemServiceManager: Calling onUnlockingUser 0
05-02 20:49:14.241 525 552 I SystemServerTimingAsync: ssm.onUnlockingUser-0_com.android.server.security.FileIntegrityService
05-02 20:49:14.241 525 552 D SystemServerTimingAsync: ssm.onUnlockingUser-0_com.android.server.security.FileIntegrityService took to complete: 0ms
05-02 20:49:14.241 525 552 I SystemServerTimingAsync: ssm.onUnlockingUser-0_com.android.server.pm.Installer
05-02 20:49:14.241 525 552 D SystemServerTimingAsync: ssm.onUnlockingUser-0_com.android.server.pm.Installer took to complete: 0ms
05-02 20:49:14.241 525 552 I SystemServerTimingAsync: ssm.onUnlockingUser-0_com.android.server.os.DeviceIdentifiersPolicyService
05-02 20:49:14.241 525 552 D SystemServerTimingAsync: ssm.onUnlockingUser-0_com.android.server.os.DeviceIdentifiersPolicyService took to complete: 0ms
05-02 20:49:14.241 525 552 I SystemServerTimingAsync: ssm.onUnlockingUser-0_com.android.server.uri.UriGrantsManagerService$Lifecycle
05-02 20:49:14.241 525 552 D SystemServerTimingAsync: ssm.onUnlockingUser-0_com.android.server.uri.UriGrantsManagerService$Lifecycle took to complete: 0ms
05-02 20:49:14.241 525 552 I SystemServerTimingAsync: ssm.onUnlockingUser-0_com.android.server.wm.ActivityTaskManagerService$Lifecycle
05-02 20:49:14.245 525 542 W Looper : Slow delivery took 1355ms android.fg h=android.os.Handler c=com.android.server.am.-$$Lambda$UserController$G0WJmqt4X_QG30fRlvXobn18mrE@5061a1a m=0
05-02 20:49:14.246 525 552 I LaunchParamsPersister: Didn't find launch param folder for user 0
05-02 20:49:14.247 525 552 D SystemServerTimingAsync: ssm.onUnlockingUser-0_com.android.server.wm.ActivityTaskManagerService$Lifecycle took to complete: 6ms
05-02 20:49:14.247 525 552 I SystemServerTimingAsync: ssm.onUnlockingUser-0_com.android.server.am.ActivityManagerService$Lifecycle
05-02 20:49:14.247 525 552 D SystemServerTimingAsync: ssm.onUnlockingUser-0_com.android.server.am.ActivityManagerService$Lifecycle took to complete: 0ms
05-02 20:49:14.247 525 552 I SystemServerTimingAsync: ssm.onUnlockingUser-0_com.android.server.pm.DataLoaderManagerService
05-02 20:49:14.247 525 552 D SystemServerTimingAsync: ssm.onUnlockingUser-0_com.android.server.pm.DataLoaderManagerService took to complete: 0ms
05-02 20:49:14.247 525 552 I SystemServerTimingAsync: ssm.onUnlockingUser-0_com.android.server.power.PowerManagerService
05-02 20:49:14.247 525 552 D SystemServerTimingAsync: ssm.onUnlockingUser-0_com.android.server.power.PowerManagerService took to complete: 0ms
05-02 20:49:14.247 525 552 I SystemServerTimingAsync: ssm.onUnlockingUser-0_com.android.server.power.ThermalManagerService
05-02 20:49:14.247 525 552 D SystemServerTimingAsync: ssm.onUnlockingUser-0_com.android.server.power.ThermalManagerService took to complete: 0ms
05-02 20:49:14.247 525 552 I SystemServerTimingAsync: ssm.onUnlockingUser-0_com.android.server.recoverysystem.RecoverySystemService$Lifecycle
05-02 20:49:14.247 525 552 D SystemServerTimingAsync: ssm.onUnlockingUser-0_com.android.server.recoverysystem.RecoverySystemService$Lifecycle took to complete: 0ms
05-02 20:49:14.247 525 552 I SystemServerTimingAsync: ssm.onUnlockingUser-0_com.android.server.lights.LightsService
05-02 20:49:14.247 525 552 D SystemServerTimingAsync: ssm.onUnlockingUser-0_com.android.server.lights.LightsService took to complete: 0ms
05-02 20:49:14.248 525 552 I SystemServerTimingAsync: ssm.onUnlockingUser-0_com.android.server.display.DisplayManagerService
05-02 20:49:14.248 525 552 D SystemServerTimingAsync: ssm.onUnlockingUser-0_com.android.server.display.DisplayManagerService took to complete: 0ms
05-02 20:49:14.248 525 552 I SystemServerTimingAsync: ssm.onUnlockingUser-0_com.android.server.pm.UserManagerService$LifeCycle
05-02 20:49:14.248 525 552 D SystemServerTimingAsync: ssm.onUnlockingUser-0_com.android.server.pm.UserManagerService$LifeCycle took to complete: 0ms
05-02 20:49:14.248 525 552 I SystemServerTimingAsync: ssm.onUnlockingUser-0_com.android.server.om.OverlayManagerService
05-02 20:49:14.249 525 552 D SystemServerTimingAsync: ssm.onUnlockingUser-0_com.android.server.om.OverlayManagerService took to complete: 0ms
05-02 20:49:14.249 525 552 I SystemServerTimingAsync: ssm.onUnlockingUser-0_com.android.server.SensorPrivacyService
05-02 20:49:14.249 525 552 D SystemServerTimingAsync: ssm.onUnlockingUser-0_com.android.server.SensorPrivacyService took to complete: 0ms
05-02 20:49:14.249 525 552 I SystemServerTimingAsync: ssm.onUnlockingUser-0_com.android.server.SystemConfigService
05-02 20:49:14.249 525 552 D SystemServerTimingAsync: ssm.onUnlockingUser-0_com.android.server.SystemConfigService took to complete: 0ms
05-02 20:49:14.249 525 552 I SystemServerTimingAsync: ssm.onUnlockingUser-0_com.android.server.BatteryService
05-02 20:49:14.249 525 552 D SystemServerTimingAsync: ssm.onUnlockingUser-0_com.android.server.BatteryService took to complete: 0ms
05-02 20:49:14.249 525 552 I SystemServerTimingAsync: ssm.onUnlockingUser-0_com.android.server.usage.UsageStatsService
05-02 20:49:14.250 525 552 D SystemServerTimingAsync: ssm.onUnlockingUser-0_com.android.server.usage.UsageStatsService took to complete: 1ms
05-02 20:49:14.250 525 552 I SystemServerTimingAsync: ssm.onUnlockingUser-0_com.android.server.webkit.WebViewUpdateService
05-02 20:49:14.250 525 552 D SystemServerTimingAsync: ssm.onUnlockingUser-0_com.android.server.webkit.WebViewUpdateService took to complete: 0ms
05-02 20:49:14.250 525 552 I SystemServerTimingAsync: ssm.onUnlockingUser-0_com.android.server.CachedDeviceStateService
05-02 20:49:14.250 525 552 D SystemServerTimingAsync: ssm.onUnlockingUser-0_com.android.server.CachedDeviceStateService took to complete: 0ms
05-02 20:49:14.250 525 552 I SystemServerTimingAsync: ssm.onUnlockingUser-0_com.android.server.BinderCallsStatsService$LifeCycle
05-02 20:49:14.250 525 552 D SystemServerTimingAsync: ssm.onUnlockingUser-0_com.android.server.BinderCallsStatsService$LifeCycle took to complete: 0ms
05-02 20:49:14.250 525 552 I SystemServerTimingAsync: ssm.onUnlockingUser-0_com.android.server.LooperStatsService$Lifecycle
05-02 20:49:14.250 525 552 D SystemServerTimingAsync: ssm.onUnlockingUser-0_com.android.server.LooperStatsService$Lifecycle took to complete: 0ms
05-02 20:49:14.250 525 552 I SystemServerTimingAsync: ssm.onUnlockingUser-0_com.android.server.rollback.RollbackManagerService
05-02 20:49:14.251 525 552 D SystemServerTimingAsync: ssm.onUnlockingUser-0_com.android.server.rollback.RollbackManagerService took to complete: 1ms
05-02 20:49:14.251 525 552 I SystemServerTimingAsync: ssm.onUnlockingUser-0_com.android.server.os.BugreportManagerService
05-02 20:49:14.251 525 552 D SystemServerTimingAsync: ssm.onUnlockingUser-0_com.android.server.os.BugreportManagerService took to complete: 0ms
05-02 20:49:14.251 525 552 I SystemServerTimingAsync: ssm.onUnlockingUser-0_com.android.server.gpu.GpuService
05-02 20:49:14.251 525 552 D SystemServerTimingAsync: ssm.onUnlockingUser-0_com.android.server.gpu.GpuService took to complete: 0ms
05-02 20:49:14.251 525 552 I SystemServerTimingAsync: ssm.onUnlockingUser-0_com.android.server.security.KeyChainSystemService
05-02 20:49:14.251 525 552 D SystemServerTimingAsync: ssm.onUnlockingUser-0_com.android.server.security.KeyChainSystemService took to complete: 0ms
05-02 20:49:14.251 525 552 I SystemServerTimingAsync: ssm.onUnlockingUser-0_com.android.server.telecom.TelecomLoaderService
05-02 20:49:14.251 525 552 D SystemServerTimingAsync: ssm.onUnlockingUser-0_com.android.server.telecom.TelecomLoaderService took to complete: 0ms
05-02 20:49:14.251 525 552 I SystemServerTimingAsync: ssm.onUnlockingUser-0_com.android.server.accounts.AccountManagerService$Lifecycle
05-02 20:49:14.251 525 552 D SystemServerTimingAsync: ssm.onUnlockingUser-0_com.android.server.accounts.AccountManagerService$Lifecycle took to complete: 0ms
05-02 20:49:14.251 525 552 I SystemServerTimingAsync: ssm.onUnlockingUser-0_com.android.server.content.ContentService$Lifecycle
05-02 20:49:14.252 525 552 D SystemServerTimingAsync: ssm.onUnlockingUser-0_com.android.server.content.ContentService$Lifecycle took to complete: 0ms
05-02 20:49:14.252 525 552 I SystemServerTimingAsync: ssm.onUnlockingUser-0_com.android.server.DropBoxManagerService
05-02 20:49:14.252 525 552 D SystemServerTimingAsync: ssm.onUnlockingUser-0_com.android.server.DropBoxManagerService took to complete: 0ms
05-02 20:49:14.252 525 552 I SystemServerTimingAsync: ssm.onUnlockingUser-0_com.android.server.AlarmManagerService
05-02 20:49:14.252 525 552 D SystemServerTimingAsync: ssm.onUnlockingUser-0_com.android.server.AlarmManagerService took to complete: 0ms
05-02 20:49:14.252 525 552 I SystemServerTimingAsync: ssm.onUnlockingUser-0_com.android.server.BluetoothService
05-02 20:49:14.252 525 552 D BluetoothManagerService: User 0 unlocked
05-02 20:49:14.252 525 544 D BluetoothManagerService: MESSAGE_USER_UNLOCKED
05-02 20:49:14.252 525 552 D SystemServerTimingAsync: ssm.onUnlockingUser-0_com.android.server.BluetoothService took to complete: 0ms
05-02 20:49:14.253 525 552 I SystemServerTimingAsync: ssm.onUnlockingUser-0_com.android.server.connectivity.IpConnectivityMetrics
05-02 20:49:14.254 0 0 D apexd : destroyCeSnapshotsNotSpecified() received by ApexService.
05-02 20:49:14.255 525 552 D SystemServerTimingAsync: ssm.onUnlockingUser-0_com.android.server.connectivity.IpConnectivityMetrics took to complete: 2ms
05-02 20:49:14.255 525 552 I SystemServerTimingAsync: ssm.onUnlockingUser-0_com.android.server.net.watchlist.NetworkWatchlistService$Lifecycle
05-02 20:49:14.255 525 552 D SystemServerTimingAsync: ssm.onUnlockingUser-0_com.android.server.net.watchlist.NetworkWatchlistService$Lifecycle took to complete: 0ms
05-02 20:49:14.255 525 552 I SystemServerTimingAsync: ssm.onUnlockingUser-0_com.android.server.PinnerService
05-02 20:49:14.255 525 552 D SystemServerTimingAsync: ssm.onUnlockingUser-0_com.android.server.PinnerService took to complete: 0ms
05-02 20:49:14.255 525 552 I SystemServerTimingAsync: ssm.onUnlockingUser-0_com.google.android.startop.iorap.IorapForwardingService
05-02 20:49:14.255 525 552 D SystemServerTimingAsync: ssm.onUnlockingUser-0_com.google.android.startop.iorap.IorapForwardingService took to complete: 0ms
05-02 20:49:14.255 525 552 I SystemServerTimingAsync: ssm.onUnlockingUser-0_com.android.server.integrity.AppIntegrityManagerService
05-02 20:49:14.255 525 552 D SystemServerTimingAsync: ssm.onUnlockingUser-0_com.android.server.integrity.AppIntegrityManagerService took to complete: 0ms
05-02 20:49:14.255 525 552 I SystemServerTimingAsync: ssm.onUnlockingUser-0_com.android.server.inputmethod.InputMethodManagerService$Lifecycle
05-02 20:49:14.256 525 552 D SystemServerTimingAsync: ssm.onUnlockingUser-0_com.android.server.inputmethod.InputMethodManagerService$Lifecycle took to complete: 0ms
05-02 20:49:14.256 525 552 I SystemServerTimingAsync: ssm.onUnlockingUser-0_com.android.server.accessibility.AccessibilityManagerService$Lifecycle
05-02 20:49:14.256 525 552 D SystemServerTimingAsync: ssm.onUnlockingUser-0_com.android.server.accessibility.AccessibilityManagerService$Lifecycle took to complete: 0ms
05-02 20:49:14.256 525 552 I SystemServerTimingAsync: ssm.onUnlockingUser-0_com.android.server.StorageManagerService$Lifecycle
05-02 20:49:14.256 525 552 D StorageManagerService: onUnlockUser 0
05-02 20:49:14.256 525 552 I StorageSessionController: On user unlock 0
05-02 20:49:14.257 525 552 I StorageSessionController: Initialialising...
05-02 20:49:14.311 237 237 I vold : onUserStarted: 0
05-02 20:49:14.314 525 811 I sysui_multi_action: [757,128,758,1,793,1639,794,0,795,1639,796,26,798,0,806,android,857,DEVELOPER_IMPORTANT,858,4,947,0,1395,3,1500,1435,1688,1]
05-02 20:49:14.315 525 824 V StorageManagerService: Found primary storage at VolumeInfo{emulated;0}:
05-02 20:49:14.315 525 824 V StorageManagerService: type=EMULATED diskId=null partGuid= mountFlags=0 mountUserId=0
05-02 20:49:14.315 525 824 V StorageManagerService: state=UNMOUNTED
05-02 20:49:14.315 525 824 V StorageManagerService: fsType=null fsUuid=null fsLabel=null
05-02 20:49:14.315 525 824 V StorageManagerService: path=null internalPath=null
05-02 20:49:14.316 525 607 I StorageManagerService: Mounting volume VolumeInfo{emulated;0}:
05-02 20:49:14.316 525 607 I StorageManagerService: type=EMULATED diskId=null partGuid= mountFlags=PRIMARY|VISIBLE
05-02 20:49:14.316 525 607 I StorageManagerService: mountUserId=0 state=UNMOUNTED
05-02 20:49:14.316 525 607 I StorageManagerService: fsType=null fsUuid=null fsLabel=null
05-02 20:49:14.316 525 607 I StorageManagerService: path=null internalPath=null
05-02 20:49:14.318 525 811 I sysui_multi_action: [757,804,799,note_freshness,801,1639,802,1]
05-02 20:49:14.318 525 811 I notification_visibility: [-1|android|26|null|1000,1,1639,1639,0,0]
05-02 20:49:14.319 237 237 D vold : /system/bin/sgdisk
05-02 20:49:14.319 525 811 I sysui_multi_action: [757,128,758,1,793,1430,794,0,795,1430,796,55,798,1,806,android,857,DEVELOPER,858,2,947,0,1395,3,1500,1217,1688,1]
05-02 20:49:14.320 525 811 I sysui_multi_action: [757,804,799,note_freshness,801,1430,802,1]
05-02 20:49:14.320 525 811 I notification_visibility: [-1|android|55|null|1000,1,1430,1430,0,1]
05-02 20:49:14.322 237 237 D vold : --android-dump
05-02 20:49:14.322 237 237 D vold : /dev/block/vold/disk:179,96
05-02 20:49:14.328 525 542 W Looper : Drained
05-02 20:49:14.359 1283 1283 I chatty : uid=1002(bluetooth) crash_dump64 expire 9 lines
05-02 20:49:14.363 525 525 W Looper : Slow dispatch took 107ms main h=android.os.Handler c=null m=5000
05-02 20:49:14.366 331 331 I tombstoned: received crash request for pid 1277
05-02 20:49:14.378 237 237 D vold : DISK mbr
05-02 20:49:14.378 237 237 D vold : PART 1 c
05-02 20:49:14.381 237 327 I vold : Mounting emulated fuse volume
05-02 20:49:14.383 525 552 W SystemServiceManager: Service com.android.server.StorageManagerService$Lifecycle took 127 ms in onUnlockingUser-0
05-02 20:49:14.383 525 552 D SystemServerTimingAsync: ssm.onUnlockingUser-0_com.android.server.StorageManagerService$Lifecycle took to complete: 127ms
05-02 20:49:14.383 525 552 I SystemServerTimingAsync: ssm.onUnlockingUser-0_com.android.server.usage.StorageStatsService$Lifecycle
05-02 20:49:14.384 525 552 D SystemServerTimingAsync: ssm.onUnlockingUser-0_com.android.server.usage.StorageStatsService$Lifecycle took to complete: 0ms
05-02 20:49:14.384 525 552 I SystemServerTimingAsync: ssm.onUnlockingUser-0_com.android.server.UiModeManagerService
05-02 20:49:14.384 525 552 D SystemServerTimingAsync: ssm.onUnlockingUser-0_com.android.server.UiModeManagerService took to complete: 0ms
05-02 20:49:14.384 525 552 I SystemServerTimingAsync: ssm.onUnlockingUser-0_com.android.server.locksettings.LockSettingsService$Lifecycle
05-02 20:49:14.384 525 552 D SystemServerTimingAsync: ssm.onUnlockingUser-0_com.android.server.locksettings.LockSettingsService$Lifecycle took to complete: 0ms
05-02 20:49:14.384 525 552 I SystemServerTimingAsync: ssm.onUnlockingUser-0_com.android.server.PersistentDataBlockService
05-02 20:49:14.384 525 552 D SystemServerTimingAsync: ssm.onUnlockingUser-0_com.android.server.PersistentDataBlockService took to complete: 0ms
05-02 20:49:14.384 525 552 I SystemServerTimingAsync: ssm.onUnlockingUser-0_com.android.server.testharness.TestHarnessModeService
05-02 20:49:14.384 525 552 D SystemServerTimingAsync: ssm.onUnlockingUser-0_com.android.server.testharness.TestHarnessModeService took to complete: 0ms
05-02 20:49:14.384 525 552 I SystemServerTimingAsync: ssm.onUnlockingUser-0_com.android.server.oemlock.OemLockService
05-02 20:49:14.384 525 552 D SystemServerTimingAsync: ssm.onUnlockingUser-0_com.android.server.oemlock.OemLockService took to complete: 0ms
05-02 20:49:14.384 525 552 I SystemServerTimingAsync: ssm.onUnlockingUser-0_com.android.server.DeviceIdleController
05-02 20:49:14.384 525 552 D SystemServerTimingAsync: ssm.onUnlockingUser-0_com.android.server.DeviceIdleController took to complete: 0ms
05-02 20:49:14.384 525 552 I SystemServerTimingAsync: ssm.onUnlockingUser-0_com.android.server.devicepolicy.DevicePolicyManagerService$Lifecycle
05-02 20:49:14.384 525 552 D SystemServerTimingAsync: ssm.onUnlockingUser-0_com.android.server.devicepolicy.DevicePolicyManagerService$Lifecycle took to complete: 0ms
