05-02 20:49:11.394 1153 1153 F DEBUG : #20 pc 00000000000505d0 /apex/com.android.runtime/lib64/bionic/libc.so (__start_thread+64) (BuildId: 2338ca8a340db969666f0073f3371d96)
05-02 20:49:11.428 685 685 V ShadeControllerImpl: NotificationShadeWindow: com.android.systemui.statusbar.phone.NotificationShadeWindowView{5b700c0 V.E...... .......D 0,0-1920,1080} canPanelBeCollapsed(): false
05-02 20:49:11.432 685 685 D KeyguardViewMediator: onSystemReady
05-02 20:49:11.436 237 237 E Cryptfs : cryptfs_get_password not valid for file encryption
05-02 20:49:11.437 685 685 D KeyguardViewMediator: doKeyguard: showing the lock screen
05-02 20:49:11.437 685 685 D KeyguardViewMediator: showLocked
05-02 20:49:11.440 685 685 D KeyguardViewMediator: adjustStatusBarLocked: mShowing=true mOccluded=false isSecure=false force=false --> flags=0x1200000
05-02 20:49:11.441 685 685 D KeyguardViewMediator: handleNotifyWakingUp
05-02 20:49:11.452 1153 1153 I auditd : type=1400 audit(0.0:313): avc: denied { open } for comm="crash_dump64" path="/dev/__properties__/u:object_r:hwservicemanager_prop:s0" dev="tmpfs" ino=154 scontext=u:r:crash_dump:s0 tcontext=u:object_r:hwservicemanager_prop:s0 tclass=file permissive=1
05-02 20:49:11.452 1153 1153 I auditd : type=1400 audit(0.0:314): avc: denied { getattr } for comm="crash_dump64" path="/dev/__properties__/u:object_r:hwservicemanager_prop:s0" dev="tmpfs" ino=154 scontext=u:r:crash_dump:s0 tcontext=u:object_r:hwservicemanager_prop:s0 tclass=file permissive=1
05-02 20:49:11.452 1153 1153 I auditd : type=1400 audit(0.0:315): avc: denied { map } for comm="crash_dump64" path="/dev/__properties__/u:object_r:hwservicemanager_prop:s0" dev="tmpfs" ino=154 scontext=u:r:crash_dump:s0 tcontext=u:object_r:hwservicemanager_prop:s0 tclass=file permissive=1
05-02 20:49:11.452 1153 1153 I auditd : type=1400 audit(0.0:316): avc: denied { open } for comm="crash_dump64" path="/dev/__properties__/u:object_r:bluetooth_a2dp_offload_prop:s0" dev="tmpfs" ino=69 scontext=u:r:crash_dump:s0 tcontext=u:object_r:bluetooth_a2dp_offload_prop:s0 tclass=file permissive=1
05-02 20:49:11.452 1153 1153 I auditd : type=1400 audit(0.0:317): avc: denied { getattr } for comm="crash_dump64" path="/dev/__properties__/u:object_r:bluetooth_a2dp_offload_prop:s0" dev="tmpfs" ino=69 scontext=u:r:crash_dump:s0 tcontext=u:object_r:bluetooth_a2dp_offload_prop:s0 tclass=file permissive=1
05-02 20:49:11.452 1153 1153 I auditd : type=1400 audit(0.0:318): avc: denied { map } for comm="crash_dump64" path="/dev/__properties__/u:object_r:bluetooth_a2dp_offload_prop:s0" dev="tmpfs" ino=69 scontext=u:r:crash_dump:s0 tcontext=u:object_r:bluetooth_a2dp_offload_prop:s0 tclass=file permissive=1
05-02 20:49:11.464 1153 1153 I auditd : type=1400 audit(0.0:319): avc: denied { open } for comm="crash_dump64" path="/dev/__properties__/u:object_r:bluetooth_prop:s0" dev="tmpfs" ino=71 scontext=u:r:crash_dump:s0 tcontext=u:object_r:bluetooth_prop:s0 tclass=file permissive=1
05-02 20:49:11.464 1153 1153 I auditd : type=1400 audit(0.0:320): avc: denied { getattr } for comm="crash_dump64" path="/dev/__properties__/u:object_r:bluetooth_prop:s0" dev="tmpfs" ino=71 scontext=u:r:crash_dump:s0 tcontext=u:object_r:bluetooth_prop:s0 tclass=file permissive=1
05-02 20:49:11.464 1153 1153 I auditd : type=1400 audit(0.0:321): avc: denied { map } for comm="crash_dump64" path="/dev/__properties__/u:object_r:bluetooth_prop:s0" dev="tmpfs" ino=71 scontext=u:r:crash_dump:s0 tcontext=u:object_r:bluetooth_prop:s0 tclass=file permissive=1
05-02 20:49:11.464 685 685 D KeyguardViewMediator: handleNotifyScreenTurningOn
05-02 20:49:11.465 685 685 D KeyguardClockSwitch: Updating clock: 849
05-02 20:49:11.466 525 546 V WindowManager: Orientation start waiting for draw, mDrawState=DRAW_PENDING in Window{ff0cdbe u0 NotificationShade}, surfaceController Surface(name=NotificationShade)/@0x46acb37
05-02 20:49:11.468 1153 1153 I auditd : type=1400 audit(0.0:322): avc: denied { open } for comm="crash_dump64" path="/dev/__properties__/u:object_r:device_config_runtime_native_prop:s0" dev="tmpfs" ino=112 scontext=u:r:crash_dump:s0 tcontext=u:object_r:device_config_runtime_native_prop:s0 tclass=file permissive=1
05-02 20:49:11.468 1153 1153 I auditd : type=1400 audit(0.0:323): avc: denied { getattr } for comm="crash_dump64" path="/dev/__properties__/u:object_r:device_config_runtime_native_prop:s0" dev="tmpfs" ino=112 scontext=u:r:crash_dump:s0 tcontext=u:object_r:device_config_runtime_native_prop:s0 tclass=file permissive=1
05-02 20:49:11.468 1153 1153 I auditd : type=1400 audit(0.0:324): avc: denied { map } for comm="crash_dump64" path="/dev/__properties__/u:object_r:device_config_runtime_native_prop:s0" dev="tmpfs" ino=112 scontext=u:r:crash_dump:s0 tcontext=u:object_r:device_config_runtime_native_prop:s0 tclass=file permissive=1
05-02 20:49:11.481 685 685 D KeyguardViewMediator: handleNotifyScreenTurnedOn
05-02 20:49:11.483 685 685 D StatusBar: disable disable2
05-02 20:49:11.492 1153 1153 I auditd : type=1400 audit(0.0:325): avc: denied { open } for comm="crash_dump64" path="/dev/__properties__/u:object_r:media_variant_prop:s0" dev="tmpfs" ino=167 scontext=u:r:crash_dump:s0 tcontext=u:object_r:media_variant_prop:s0 tclass=file permissive=1
05-02 20:49:11.492 1153 1153 I auditd : type=1400 audit(0.0:326): avc: denied { getattr } for comm="crash_dump64" path="/dev/__properties__/u:object_r:media_variant_prop:s0" dev="tmpfs" ino=167 scontext=u:r:crash_dump:s0 tcontext=u:object_r:media_variant_prop:s0 tclass=file permissive=1
05-02 20:49:11.492 1153 1153 I auditd : type=1400 audit(0.0:327): avc: denied { map } for comm="crash_dump64" path="/dev/__properties__/u:object_r:media_variant_prop:s0" dev="tmpfs" ino=167 scontext=u:r:crash_dump:s0 tcontext=u:object_r:media_variant_prop:s0 tclass=file permissive=1
05-02 20:49:11.525 685 685 V KeyguardUpdateMonitor: onSubscriptionInfoChanged()
05-02 20:49:11.536 1153 1153 I auditd : type=1400 audit(0.0:328): avc: denied { read } for comm="crash_dump64" name="bluetooth_db-shm" dev="dm-5" ino=32752 scontext=u:r:crash_dump:s0 tcontext=u:object_r:bluetooth_data_file:s0 tclass=file permissive=1
05-02 20:49:11.536 1153 1153 I auditd : type=1400 audit(0.0:329): avc: denied { open } for comm="crash_dump64" path="/data/user_de/0/com.android.bluetooth/databases/bluetooth_db-shm" dev="dm-5" ino=32752 scontext=u:r:crash_dump:s0 tcontext=u:object_r:bluetooth_data_file:s0 tclass=file permissive=1
05-02 20:49:11.536 1153 1153 I auditd : type=1400 audit(0.0:330): avc: denied { getattr } for comm="crash_dump64" path="/data/user_de/0/com.android.bluetooth/databases/bluetooth_db-shm" dev="dm-5" ino=32752 scontext=u:r:crash_dump:s0 tcontext=u:object_r:bluetooth_data_file:s0 tclass=file permissive=1
05-02 20:49:11.536 1153 1153 I auditd : type=1400 audit(0.0:331): avc: denied { map } for comm="crash_dump64" path="/data/user_de/0/com.android.bluetooth/databases/bluetooth_db-shm" dev="dm-5" ino=32752 scontext=u:r:crash_dump:s0 tcontext=u:object_r:bluetooth_data_file:s0 tclass=file permissive=1
05-02 20:49:11.542 685 685 I Choreographer: Skipped 47 frames! The application may be doing too much work on its main thread.
05-02 20:49:11.639 685 1094 I OpenGLRenderer: Davey! duration=889ms; Flags=1, IntendedVsync=24654182791, Vsync=25437516140, OldestInputEvent=9223372036854775807, NewestInputEvent=0, HandleInputStart=25448165500, AnimationStart=25448168375, PerformTraversalsStart=25449208750, DrawStart=25539439750, SyncQueued=25539726500, SyncStart=25541205250, IssueDrawCommandsStart=25541276625, SwapBuffers=25542452125, FrameCompleted=25545073750, DequeueBufferDuration=613125, QueueBufferDuration=1167375, GpuCompleted=0,
05-02 20:49:11.640 685 685 D StatusBar: disable disable2
05-02 20:49:11.648 685 685 D NavigationModeController: getCurrentInteractionMode: mode=0 contextUser=0
05-02 20:49:11.678 685 685 D NavigationModeController: getCurrentUserContext: contextUser=0 currentUser=0
05-02 20:49:11.692 685 685 D NavigationModeController: getCurrentInteractionMode: mode=0 contextUser=0
05-02 20:49:11.698 790 790 D CdmaServiceCategoryProgramHandler: Idle: release wakelock
05-02 20:49:11.700 790 790 D CellBroadcastHandler: Idle: release wakelock
05-02 20:49:11.701 790 790 D GsmCellBroadcastHandler: Idle: release wakelock
05-02 20:49:11.735 685 685 D NavigationModeController: getCurrentUserContext: contextUser=0 currentUser=0
05-02 20:49:11.756 1153 1153 I auditd : type=1400 audit(0.0:332): avc: denied { open } for comm="crash_dump64" path="/dev/__properties__/u:object_r:device_config_runtime_native_boot_prop:s0" dev="tmpfs" ino=111 scontext=u:r:crash_dump:s0 tcontext=u:object_r:device_config_runtime_native_boot_prop:s0 tclass=file permissive=1
05-02 20:49:11.756 1153 1153 I auditd : type=1400 audit(0.0:333): avc: denied { getattr } for comm="crash_dump64" path="/dev/__properties__/u:object_r:device_config_runtime_native_boot_prop:s0" dev="tmpfs" ino=111 scontext=u:r:crash_dump:s0 tcontext=u:object_r:device_config_runtime_native_boot_prop:s0 tclass=file permissive=1
05-02 20:49:11.756 1153 1153 I auditd : type=1400 audit(0.0:334): avc: denied { map } for comm="crash_dump64" path="/dev/__properties__/u:object_r:device_config_runtime_native_boot_prop:s0" dev="tmpfs" ino=111 scontext=u:r:crash_dump:s0 tcontext=u:object_r:device_config_runtime_native_boot_prop:s0 tclass=file permissive=1
05-02 20:49:11.810 685 685 V KeyguardUpdateMonitor: onSubscriptionInfoChanged()
05-02 20:49:11.899 685 685 D InterruptionStateProvider: No bubble up: not allowed to bubble: -1|android|32|null|1000
05-02 20:49:11.901 685 685 D InterruptionStateProvider: No heads up: unimportant notification: -1|android|32|null|1000
05-02 20:49:11.901 685 685 V KeyguardUpdateMonitor: onSubscriptionInfoChanged()
05-02 20:49:11.921 685 685 I chatty : uid=10121(com.android.systemui) identical 6 lines
05-02 20:49:11.924 685 685 V KeyguardUpdateMonitor: onSubscriptionInfoChanged()
05-02 20:49:11.930 685 685 D KeyguardViewMediator: handleShow
05-02 20:49:11.951 685 685 D StatusBar: updateQsExpansionEnabled - QS Expand enabled: true
05-02 20:49:11.968 685 685 I sysui_multi_action: [757,111,758,1]
05-02 20:49:11.969 685 685 I sysui_multi_action: [757,126,758,1,759,126,927,0,928,0,1593,0]
05-02 20:49:11.970 685 685 I sysui_multi_action: [757,113,758,1,759,113,927,1,928,0,1593,0]
05-02 20:49:11.970 685 685 I sysui_multi_action: [757,118,758,1,759,118,927,2,928,0,1593,0]
05-02 20:49:11.970 685 685 I sysui_multi_action: [757,123,758,1,759,123,927,4,928,0,1593,0]
05-02 20:49:11.971 685 685 I sysui_multi_action: [757,261,758,1,759,261,927,5,928,0,1593,0]
05-02 20:49:11.971 685 685 I sysui_multi_action: [757,115,758,1,759,115,927,6,928,0,1593,0]
05-02 20:49:11.980 685 685 D StatusBar: disable disable2
05-02 20:49:11.980 525 849 I sysui_multi_action: [757,127,758,1]
05-02 20:49:11.981 525 849 I sysui_multi_action: [757,804,799,note_load,801,0,802,1]
05-02 20:49:11.982 525 849 I notification_panel_revealed: 0
05-02 20:49:11.986 685 685 E KeyguardBouncer: onFullyShown when view was null
05-02 20:49:11.987 525 849 I am_wtf : [0,685,com.android.systemui,818462221,KeyguardBouncer,onFullyShown when view was null]
05-02 20:49:11.990 525 1162 I DropBoxManagerService: add tag=system_app_wtf isTagEnabled=true flags=0x2
05-02 20:49:11.994 685 685 D StatusBar: disable disable2
05-02 20:49:11.996 685 685 D StatusBar: disable disable2
05-02 20:49:11.996 525 545 V WindowManager: Orientation start waiting for draw, mDrawState=DRAW_PENDING in Window{ff0cdbe u0 NotificationShade}, surfaceController Surface(name=NotificationShade)/@0x46acb37
05-02 20:49:11.996 525 545 V WindowManager: Orientation start waiting for draw, mDrawState=DRAW_PENDING in Window{8fbd54a u0 com.android.systemui.ImageWallpaper}, surfaceController Surface(name=com.android.systemui.ImageWallpaper)/@0x1527609
05-02 20:49:12.069 685 685 D StatusBar: disable disable2
05-02 20:49:12.069 685 685 D KeyguardUpdateMonitor: onKeyguardVisibilityChanged(true)
05-02 20:49:12.071 685 685 D KeyguardClockSwitch: Updating clock: 849
05-02 20:49:12.079 685 685 I sysui_multi_action: [757,196,758,1,759,0]
05-02 20:49:12.080 685 685 I sysui_status_bar_state: [1,1,0,0,0,1]
05-02 20:49:12.081 685 685 D StatusBar: disable disable2
05-02 20:49:12.083 685 685 D KeyguardViewMediator: adjustStatusBarLocked: mShowing=true mOccluded=false isSecure=false force=false --> flags=0x1200000
05-02 20:49:12.108 525 1165 I am_crash: [525,0,com.android.bluetooth,818462277,Native crash,Aborted,unknown,0]
05-02 20:49:12.109 331 331 E tombstoned: Tombstone written to: /data/tombstones/tombstone_10
05-02 20:49:12.116 525 1165 I sysui_multi_action: [757,316,758,4,759,-1]
05-02 20:49:12.117 685 685 D KeyguardViewMediator: adjustStatusBarLocked: mShowing=true mOccluded=false isSecure=false force=false --> flags=0x1200000
05-02 20:49:12.118 525 1166 I DropBoxManagerService: add tag=system_app_native_crash isTagEnabled=true flags=0x2
05-02 20:49:12.126 685 685 I Choreographer: Skipped 33 frames! The application may be doing too much work on its main thread.
05-02 20:49:12.152 0 0 I init : Untracked pid 1153 exited with status 0
05-02 20:49:12.168 0 0 I init : Untracked pid 1155 exited with status 0
05-02 20:49:12.190 525 545 I user_activity_timeout_override: 10000
05-02 20:49:12.195 0 0 I binder : release 1104:1147 transaction 20671 in, still active
05-02 20:49:12.198 338 338 I Zygote : Process 1104 exited due to signal 6 (Aborted)
05-02 20:49:12.202 0 0 I binder : release 1104:1147 transaction 20128 out, still active
05-02 20:49:12.210 0 0 I binder : send failed reply for transaction 20671 to 346:346
05-02 20:49:12.211 685 685 W View : requestLayout() improperly called by com.android.keyguard.CarrierText{b8f6d1a V.ED..... ..S...ID 36,0-1746,90 #7f0a0266 app:id/keyguard_carrier_text} during layout: running second layout pass
05-02 20:49:12.216 525 811 I ActivityManager: Process com.android.bluetooth (pid 1104) has died: psvc PER
05-02 20:49:12.216 525 811 I am_proc_died: [0,1104,com.android.bluetooth,-700,0]
05-02 20:49:12.217 0 0 I binder : 346:346 transaction failed 29189/0, size 4-0 line 2645
05-02 20:49:12.217 525 811 W ActivityManager: Scheduling restart of crashed service com.android.bluetooth/.btservice.AdapterService in 1000ms for connection
05-02 20:49:12.217 525 811 I am_schedule_service_restart: [0,com.android.bluetooth/.btservice.AdapterService,1000]
05-02 20:49:12.218 525 811 I am_uid_stopped: 1002
05-02 20:49:12.220 525 811 I am_low_memory: 8
05-02 20:49:12.223 525 525 D BluetoothManagerService: BluetoothServiceConnection, disconnected: com.android.bluetooth.btservice.AdapterService
05-02 20:49:12.223 525 544 E BluetoothManagerService: MESSAGE_BLUETOOTH_SERVICE_DISCONNECTED(1)
05-02 20:49:12.224 525 544 D BluetoothManagerService: Broadcasting onBluetoothServiceDown() to 3 receivers.
05-02 20:49:12.224 887 905 D BluetoothAdapter: onBluetoothServiceDown: android.bluetooth.IBluetooth$Stub$Proxy@cd3222d
05-02 20:49:12.224 685 714 D BluetoothAdapter: onBluetoothServiceDown: android.bluetooth.IBluetooth$Stub$Proxy@5f96106
05-02 20:49:12.225 0 0 I binder : send failed reply for transaction 20128, target dead
05-02 20:49:12.280 685 1094 I OpenGLRenderer: Davey! duration=720ms; Flags=1, IntendedVsync=25465720416, Vsync=26015720427, OldestInputEvent=9223372036854775807, NewestInputEvent=0, HandleInputStart=26032307250, AnimationStart=26032309875, PerformTraversalsStart=26042187875, DrawStart=26135566000, SyncQueued=26142780250, SyncStart=26143096500, IssueDrawCommandsStart=26143364125, SwapBuffers=26185462500, FrameCompleted=26186513375, DequeueBufferDuration=116750, QueueBufferDuration=453250, GpuCompleted=0,
05-02 20:49:12.309 685 1094 I OpenGLRenderer: Davey! duration=747ms; Flags=1, IntendedVsync=25465720416, Vsync=26015720427, OldestInputEvent=9223372036854775807, NewestInputEvent=0, HandleInputStart=26032307250, AnimationStart=26032309875, PerformTraversalsStart=26042187875, DrawStart=26192658625, SyncQueued=26207146625, SyncStart=26208746500, IssueDrawCommandsStart=26208855500, SwapBuffers=26214264500, FrameCompleted=26215126375, DequeueBufferDuration=85125, QueueBufferDuration=537625, GpuCompleted=0,
05-02 20:49:12.313 685 1094 I OpenGLRenderer: Davey! duration=751ms; Flags=1, IntendedVsync=25465720416, Vsync=26015720427, OldestInputEvent=9223372036854775807, NewestInputEvent=0, HandleInputStart=26032307250, AnimationStart=26032309875, PerformTraversalsStart=26042187875, DrawStart=26213230500, SyncQueued=26214144125, SyncStart=26216114625, IssueDrawCommandsStart=26216250750, SwapBuffers=26218453750, FrameCompleted=26219435750, DequeueBufferDuration=124125, QueueBufferDuration=430500, GpuCompleted=0,
05-02 20:49:12.420 525 816 I chatty : uid=1000(system) NDK MediaCodec_ expire 9 lines
05-02 20:49:12.423 444 666 D BufferPoolAccessor2.0: bufferpool2 0xb400ec177b5857b8 : 0(0 size) total buffers - 0(0 size) used buffers - 6/10 (recycle/alloc) - 4/9 (fetch/transfer)
05-02 20:49:12.423 444 666 D BufferPoolAccessor2.0: evictor expired: 1, evicted: 1
05-02 20:49:12.430 517 517 D BootAnimation: BootAnimationStopTiming start time: 26336ms
05-02 20:49:12.454 369 369 I sf_frame_dur: [BootAnimation#0,2,3,146,1,0,0,0]
05-02 20:49:12.461 0 0 I init : Service 'bootanim' (pid 517) exited with status 0 oneshot service took 13.200000 seconds in background
05-02 20:49:12.474 0 0 I init : Sending signal 9 to service 'bootanim' (pid 517) process group...
05-02 20:49:12.483 0 0 I libprocessgroup: Successfully killed process cgroup uid 1003 pid 517 in 0ms
05-02 20:49:12.532 525 545 I WindowManager: ******* TELLING SURFACE FLINGER WE ARE BOOTED!
05-02 20:49:12.533 369 608 I SurfaceFlinger: Boot is finished (14807 ms)
05-02 20:49:12.537 369 608 I sf_stop_bootanim: 26443
05-02 20:49:12.541 525 545 I wm_boot_animation_done: 26447
05-02 20:49:12.542 525 545 I ActivityManagerTiming: FinishBooting
05-02 20:49:12.544 525 545 I ActivityManager: About to commit checkpoint
05-02 20:49:12.546 525 545 I SystemServiceManager: Starting phase 1000
05-02 20:49:12.546 525 545 I ActivityManagerTiming: OnBootPhase_1000
05-02 20:49:12.546 525 545 I ActivityManagerTiming: OnBootPhase_1000_com.android.server.security.FileIntegrityService
05-02 20:49:12.546 525 545 D ActivityManagerTiming: OnBootPhase_1000_com.android.server.security.FileIntegrityService took to complete: 0ms
05-02 20:49:12.546 525 545 I ActivityManagerTiming: OnBootPhase_1000_com.android.server.pm.Installer
05-02 20:49:12.546 525 545 D ActivityManagerTiming: OnBootPhase_1000_com.android.server.pm.Installer took to complete: 0ms
05-02 20:49:12.546 525 545 I ActivityManagerTiming: OnBootPhase_1000_com.android.server.os.DeviceIdentifiersPolicyService
05-02 20:49:12.546 525 545 D ActivityManagerTiming: OnBootPhase_1000_com.android.server.os.DeviceIdentifiersPolicyService took to complete: 0ms
05-02 20:49:12.546 525 545 I ActivityManagerTiming: OnBootPhase_1000_com.android.server.uri.UriGrantsManagerService$Lifecycle
05-02 20:49:12.546 525 545 D ActivityManagerTiming: OnBootPhase_1000_com.android.server.uri.UriGrantsManagerService$Lifecycle took to complete: 0ms
05-02 20:49:12.547 525 545 I ActivityManagerTiming: OnBootPhase_1000_com.android.server.wm.ActivityTaskManagerService$Lifecycle
05-02 20:49:12.547 525 545 D ActivityManagerTiming: OnBootPhase_1000_com.android.server.wm.ActivityTaskManagerService$Lifecycle took to complete: 0ms
05-02 20:49:12.547 525 545 I ActivityManagerTiming: OnBootPhase_1000_com.android.server.am.ActivityManagerService$Lifecycle
05-02 20:49:12.547 525 545 D ActivityManagerTiming: OnBootPhase_1000_com.android.server.am.ActivityManagerService$Lifecycle took to complete: 0ms
05-02 20:49:12.547 525 545 I ActivityManagerTiming: OnBootPhase_1000_com.android.server.pm.DataLoaderManagerService
05-02 20:49:12.547 525 545 D ActivityManagerTiming: OnBootPhase_1000_com.android.server.pm.DataLoaderManagerService took to complete: 0ms
05-02 20:49:12.547 525 545 I ActivityManagerTiming: OnBootPhase_1000_com.android.server.power.PowerManagerService
05-02 20:49:12.559 227 227 I servicemanager: Found android.hardware.power.IPower/default in device VINTF manifest.
05-02 20:49:12.560 369 425 I PowerAdvisor: Loaded AIDL Power HAL service
05-02 20:49:12.560 267 267 I libperfmgr: Hint type not present in actions: EXPENSIVE_RENDERING
05-02 20:49:12.561 267 267 I android.hardware.power-service.imx: Power mode EXPENSIVE_RENDERING isModeSupported: 0
05-02 20:49:12.562 267 267 I libperfmgr: Hint type not present in actions: DISPLAY_UPDATE_IMMINENT
05-02 20:49:12.562 267 267 I android.hardware.power-service.imx: Power boost DISPLAY_UPDATE_IMMINENT isBoostSupported: 0
05-02 20:49:12.564 525 564 V DisplayPowerController: Brightness [0.39763778] reason changing to: 'manual', previous reason: 'override'.
05-02 20:49:12.565 525 545 D ActivityManagerTiming: OnBootPhase_1000_com.android.server.power.PowerManagerService took to complete: 18ms
05-02 20:49:12.565 525 545 I ActivityManagerTiming: OnBootPhase_1000_com.android.server.power.ThermalManagerService
05-02 20:49:12.565 525 545 D ActivityManagerTiming: OnBootPhase_1000_com.android.server.power.ThermalManagerService took to complete: 0ms
05-02 20:49:12.565 525 545 I ActivityManagerTiming: OnBootPhase_1000_com.android.server.recoverysystem.RecoverySystemService$Lifecycle
05-02 20:49:12.565 525 545 D ActivityManagerTiming: OnBootPhase_1000_com.android.server.recoverysystem.RecoverySystemService$Lifecycle took to complete: 0ms
05-02 20:49:12.565 525 545 I ActivityManagerTiming: OnBootPhase_1000_com.android.server.lights.LightsService
05-02 20:49:12.566 525 545 D ActivityManagerTiming: OnBootPhase_1000_com.android.server.lights.LightsService took to complete: 0ms
05-02 20:49:12.566 525 545 I ActivityManagerTiming: OnBootPhase_1000_com.android.server.display.DisplayManagerService
05-02 20:49:12.566 525 545 D ActivityManagerTiming: OnBootPhase_1000_com.android.server.display.DisplayManagerService took to complete: 0ms
05-02 20:49:12.566 525 545 I ActivityManagerTiming: OnBootPhase_1000_com.android.server.pm.UserManagerService$LifeCycle
05-02 20:49:12.566 525 545 D ActivityManagerTiming: OnBootPhase_1000_com.android.server.pm.UserManagerService$LifeCycle took to complete: 0ms
05-02 20:49:12.566 525 545 I ActivityManagerTiming: OnBootPhase_1000_com.android.server.om.OverlayManagerService
05-02 20:49:12.566 525 545 D ActivityManagerTiming: OnBootPhase_1000_com.android.server.om.OverlayManagerService took to complete: 0ms
05-02 20:49:12.566 525 545 I ActivityManagerTiming: OnBootPhase_1000_com.android.server.SensorPrivacyService
05-02 20:49:12.566 525 545 D ActivityManagerTiming: OnBootPhase_1000_com.android.server.SensorPrivacyService took to complete: 0ms
05-02 20:49:12.566 525 545 I ActivityManagerTiming: OnBootPhase_1000_com.android.server.SystemConfigService
05-02 20:49:12.566 525 545 D ActivityManagerTiming: OnBootPhase_1000_com.android.server.SystemConfigService took to complete: 0ms
05-02 20:49:12.566 525 545 I ActivityManagerTiming: OnBootPhase_1000_com.android.server.BatteryService
05-02 20:49:12.566 525 545 D ActivityManagerTiming: OnBootPhase_1000_com.android.server.BatteryService took to complete: 0ms
05-02 20:49:12.566 525 545 I ActivityManagerTiming: OnBootPhase_1000_com.android.server.usage.UsageStatsService
05-02 20:49:12.566 525 545 D ActivityManagerTiming: OnBootPhase_1000_com.android.server.usage.UsageStatsService took to complete: 0ms
05-02 20:49:12.567 525 545 I ActivityManagerTiming: OnBootPhase_1000_com.android.server.webkit.WebViewUpdateService
05-02 20:49:12.567 525 545 D ActivityManagerTiming: OnBootPhase_1000_com.android.server.webkit.WebViewUpdateService took to complete: 0ms
05-02 20:49:12.567 525 545 I ActivityManagerTiming: OnBootPhase_1000_com.android.server.CachedDeviceStateService
05-02 20:49:12.567 525 545 D ActivityManagerTiming: OnBootPhase_1000_com.android.server.CachedDeviceStateService took to complete: 0ms
05-02 20:49:12.567 525 545 I ActivityManagerTiming: OnBootPhase_1000_com.android.server.BinderCallsStatsService$LifeCycle
05-02 20:49:12.567 525 545 D ActivityManagerTiming: OnBootPhase_1000_com.android.server.BinderCallsStatsService$LifeCycle took to complete: 0ms
05-02 20:49:12.567 525 545 I ActivityManagerTiming: OnBootPhase_1000_com.android.server.LooperStatsService$Lifecycle
05-02 20:49:12.567 525 545 D ActivityManagerTiming: OnBootPhase_1000_com.android.server.LooperStatsService$Lifecycle took to complete: 0ms
05-02 20:49:12.567 525 545 I ActivityManagerTiming: OnBootPhase_1000_com.android.server.rollback.RollbackManagerService
05-02 20:49:12.568 525 545 D ActivityManagerTiming: OnBootPhase_1000_com.android.server.rollback.RollbackManagerService took to complete: 1ms
05-02 20:49:12.568 525 545 I ActivityManagerTiming: OnBootPhase_1000_com.android.server.os.BugreportManagerService
05-02 20:49:12.568 525 545 D ActivityManagerTiming: OnBootPhase_1000_com.android.server.os.BugreportManagerService took to complete: 0ms
05-02 20:49:12.568 525 545 I ActivityManagerTiming: OnBootPhase_1000_com.android.server.gpu.GpuService
05-02 20:49:12.569 525 545 D ActivityManagerTiming: OnBootPhase_1000_com.android.server.gpu.GpuService took to complete: 0ms
05-02 20:49:12.569 525 545 I ActivityManagerTiming: OnBootPhase_1000_com.android.server.security.KeyChainSystemService
05-02 20:49:12.569 525 545 D ActivityManagerTiming: OnBootPhase_1000_com.android.server.security.KeyChainSystemService took to complete: 0ms
05-02 20:49:12.569 525 545 I ActivityManagerTiming: OnBootPhase_1000_com.android.server.telecom.TelecomLoaderService
05-02 20:49:12.569 525 545 D ActivityManagerTiming: OnBootPhase_1000_com.android.server.telecom.TelecomLoaderService took to complete: 0ms
05-02 20:49:12.569 525 545 I ActivityManagerTiming: OnBootPhase_1000_com.android.server.accounts.AccountManagerService$Lifecycle
05-02 20:49:12.569 525 545 D ActivityManagerTiming: OnBootPhase_1000_com.android.server.accounts.AccountManagerService$Lifecycle took to complete: 0ms
05-02 20:49:12.569 525 545 I ActivityManagerTiming: OnBootPhase_1000_com.android.server.content.ContentService$Lifecycle
05-02 20:49:12.569 525 545 D ActivityManagerTiming: OnBootPhase_1000_com.android.server.content.ContentService$Lifecycle took to complete: 0ms
05-02 20:49:12.569 525 545 I ActivityManagerTiming: OnBootPhase_1000_com.android.server.DropBoxManagerService
05-02 20:49:12.569 525 545 D ActivityManagerTiming: OnBootPhase_1000_com.android.server.DropBoxManagerService took to complete: 0ms
05-02 20:49:12.569 525 545 I ActivityManagerTiming: OnBootPhase_1000_com.android.server.AlarmManagerService
05-02 20:49:12.569 525 545 D ActivityManagerTiming: OnBootPhase_1000_com.android.server.AlarmManagerService took to complete: 0ms
05-02 20:49:12.569 525 545 I ActivityManagerTiming: OnBootPhase_1000_com.android.server.BluetoothService
05-02 20:49:12.569 525 545 D ActivityManagerTiming: OnBootPhase_1000_com.android.server.BluetoothService took to complete: 0ms
05-02 20:49:12.569 525 545 I ActivityManagerTiming: OnBootPhase_1000_com.android.server.connectivity.IpConnectivityMetrics
05-02 20:49:12.569 525 545 D ActivityManagerTiming: OnBootPhase_1000_com.android.server.connectivity.IpConnectivityMetrics took to complete: 0ms
05-02 20:49:12.569 525 545 I ActivityManagerTiming: OnBootPhase_1000_com.android.server.net.watchlist.NetworkWatchlistService$Lifecycle
05-02 20:49:12.569 525 545 D ActivityManagerTiming: OnBootPhase_1000_com.android.server.net.watchlist.NetworkWatchlistService$Lifecycle took to complete: 0ms
05-02 20:49:12.569 525 545 I ActivityManagerTiming: OnBootPhase_1000_com.android.server.PinnerService
05-02 20:49:12.569 525 545 D ActivityManagerTiming: OnBootPhase_1000_com.android.server.PinnerService took to complete: 0ms
05-02 20:49:12.569 525 545 I ActivityManagerTiming: OnBootPhase_1000_com.google.android.startop.iorap.IorapForwardingService
05-02 20:49:12.569 525 545 D ActivityManagerTiming: OnBootPhase_1000_com.google.android.startop.iorap.IorapForwardingService took to complete: 0ms
05-02 20:49:12.569 525 545 I ActivityManagerTiming: OnBootPhase_1000_com.android.server.integrity.AppIntegrityManagerService
05-02 20:49:12.569 525 545 D ActivityManagerTiming: OnBootPhase_1000_com.android.server.integrity.AppIntegrityManagerService took to complete: 0ms
05-02 20:49:12.569 525 545 I ActivityManagerTiming: OnBootPhase_1000_com.android.server.inputmethod.InputMethodManagerService$Lifecycle
05-02 20:49:12.569 525 545 D ActivityManagerTiming: OnBootPhase_1000_com.android.server.inputmethod.InputMethodManagerService$Lifecycle took to complete: 0ms
05-02 20:49:12.569 525 545 I ActivityManagerTiming: OnBootPhase_1000_com.android.server.accessibility.AccessibilityManagerService$Lifecycle
05-02 20:49:12.569 525 545 D ActivityManagerTiming: OnBootPhase_1000_com.android.server.accessibility.AccessibilityManagerService$Lifecycle took to complete: 0ms
05-02 20:49:12.569 525 545 I ActivityManagerTiming: OnBootPhase_1000_com.android.server.StorageManagerService$Lifecycle
05-02 20:49:12.570 525 607 D StorageManagerService: Thinking about init, mBootCompleted=true, mDaemonConnected=true
05-02 20:49:12.570 525 607 D StorageManagerService: Thinking about reset, mBootCompleted=true, mDaemonConnected=true
05-02 20:49:12.570 525 595 D RollbackManager: mRollbackLifetimeDurationInMillis=1209600000
05-02 20:49:12.570 525 607 I StorageSessionController: Started resetting external storage service...
05-02 20:49:12.570 525 607 I StorageSessionController: Finished resetting external storage service
05-02 20:49:12.571 525 607 I StorageManagerService: Resetting vold...
05-02 20:49:12.571 525 545 D StorageManagerService: FUSE flags. Settings: true. Default: true
05-02 20:49:12.571 525 545 D ActivityManagerTiming: OnBootPhase_1000_com.android.server.StorageManagerService$Lifecycle took to complete: 2ms
05-02 20:49:12.571 525 545 I ActivityManagerTiming: OnBootPhase_1000_com.android.server.usage.StorageStatsService$Lifecycle
05-02 20:49:12.571 525 545 D ActivityManagerTiming: OnBootPhase_1000_com.android.server.usage.StorageStatsService$Lifecycle took to complete: 0ms
05-02 20:49:12.572 525 607 I StorageManagerService: Reset vold
05-02 20:49:12.572 525 545 I ActivityManagerTiming: OnBootPhase_1000_com.android.server.UiModeManagerService
05-02 20:49:12.572 525 545 D ActivityManagerTiming: OnBootPhase_1000_com.android.server.UiModeManagerService took to complete: 0ms
05-02 20:49:12.572 525 545 I ActivityManagerTiming: OnBootPhase_1000_com.android.server.locksettings.LockSettingsService$Lifecycle
05-02 20:49:12.572 237 237 I vold : onUserAdded: 0
05-02 20:49:12.572 525 545 D ActivityManagerTiming: OnBootPhase_1000_com.android.server.locksettings.LockSettingsService$Lifecycle took to complete: 0ms
05-02 20:49:12.572 525 545 I ActivityManagerTiming: OnBootPhase_1000_com.android.server.PersistentDataBlockService
05-02 20:49:12.572 525 545 D ActivityManagerTiming: OnBootPhase_1000_com.android.server.PersistentDataBlockService took to complete: 0ms
05-02 20:49:12.572 525 545 I ActivityManagerTiming: OnBootPhase_1000_com.android.server.testharness.TestHarnessModeService
05-02 20:49:12.573 525 545 D TestHarnessModeService: Completing Test Harness Mode setup.
05-02 20:49:12.593 525 551 D AppStandbyController: Loading headless system app cache. appIdleEnabled=false
05-02 20:49:12.612 525 545 D ActivityManagerTiming: OnBootPhase_1000_com.android.server.testharness.TestHarnessModeService took to complete: 40ms
05-02 20:49:12.612 525 545 I ActivityManagerTiming: OnBootPhase_1000_com.android.server.oemlock.OemLockService
05-02 20:49:12.612 525 545 D ActivityManagerTiming: OnBootPhase_1000_com.android.server.oemlock.OemLockService took to complete: 0ms
05-02 20:49:12.612 525 545 I ActivityManagerTiming: OnBootPhase_1000_com.android.server.DeviceIdleController
05-02 20:49:12.612 525 545 D ActivityManagerTiming: OnBootPhase_1000_com.android.server.DeviceIdleController took to complete: 0ms
05-02 20:49:12.612 525 545 I ActivityManagerTiming: OnBootPhase_1000_com.android.server.devicepolicy.DevicePolicyManagerService$Lifecycle
05-02 20:49:12.613 525 545 D ActivityManagerTiming: OnBootPhase_1000_com.android.server.devicepolicy.DevicePolicyManagerService$Lifecycle took to complete: 1ms
05-02 20:49:12.613 525 545 I ActivityManagerTiming: OnBootPhase_1000_com.android.server.textservices.TextServicesManagerService$Lifecycle
05-02 20:49:12.613 525 545 D ActivityManagerTiming: OnBootPhase_1000_com.android.server.textservices.TextServicesManagerService$Lifecycle took to complete: 0ms
05-02 20:49:12.613 525 545 I ActivityManagerTiming: OnBootPhase_1000_com.android.server.textclassifier.TextClassificationManagerService$Lifecycle
05-02 20:49:12.613 525 545 D ActivityManagerTiming: OnBootPhase_1000_com.android.server.textclassifier.TextClassificationManagerService$Lifecycle took to complete: 0ms
05-02 20:49:12.613 525 545 I ActivityManagerTiming: OnBootPhase_1000_com.android.server.NetworkScoreService$Lifecycle
05-02 20:49:12.613 525 545 D ActivityManagerTiming: OnBootPhase_1000_com.android.server.NetworkScoreService$Lifecycle took to complete: 0ms
05-02 20:49:12.613 525 545 I ActivityManagerTiming: OnBootPhase_1000_com.android.server.wifi.WifiService
05-02 20:49:12.613 525 545 D ActivityManagerTiming: OnBootPhase_1000_com.android.server.wifi.WifiService took to complete: 0ms
05-02 20:49:12.614 525 545 I ActivityManagerTiming: OnBootPhase_1000_com.android.server.wifi.scanner.WifiScanningService
05-02 20:49:12.615 525 545 D ActivityManagerTiming: OnBootPhase_1000_com.android.server.wifi.scanner.WifiScanningService took to complete: 0ms
05-02 20:49:12.615 525 545 I ActivityManagerTiming: OnBootPhase_1000_com.android.server.wifi.p2p.WifiP2pService
05-02 20:49:12.615 525 545 D ActivityManagerTiming: OnBootPhase_1000_com.android.server.wifi.p2p.WifiP2pService took to complete: 0ms
05-02 20:49:12.615 525 545 I ActivityManagerTiming: OnBootPhase_1000_com.android.server.ethernet.EthernetService
05-02 20:49:12.615 525 545 D ActivityManagerTiming: OnBootPhase_1000_com.android.server.ethernet.EthernetService took to complete: 0ms
05-02 20:49:12.615 525 545 I ActivityManagerTiming: OnBootPhase_1000_com.android.server.notification.NotificationManagerService
05-02 20:49:12.615 525 545 D ActivityManagerTiming: OnBootPhase_1000_com.android.server.notification.NotificationManagerService took to complete: 0ms
05-02 20:49:12.615 525 545 I ActivityManagerTiming: OnBootPhase_1000_com.android.server.storage.DeviceStorageMonitorService
05-02 20:49:12.615 525 545 D ActivityManagerTiming: OnBootPhase_1000_com.android.server.storage.DeviceStorageMonitorService took to complete: 0ms
05-02 20:49:12.615 525 545 I ActivityManagerTiming: OnBootPhase_1000_com.android.server.location.LocationManagerService$Lifecycle
05-02 20:49:12.615 525 545 D ActivityManagerTiming: OnBootPhase_1000_com.android.server.location.LocationManagerService$Lifecycle took to complete: 0ms
05-02 20:49:12.615 525 545 I ActivityManagerTiming: OnBootPhase_1000_com.android.server.timedetector.TimeDetectorService$Lifecycle
05-02 20:49:12.615 525 545 D ActivityManagerTiming: OnBootPhase_1000_com.android.server.timedetector.TimeDetectorService$Lifecycle took to complete: 0ms
05-02 20:49:12.615 525 545 I ActivityManagerTiming: OnBootPhase_1000_com.android.server.timezonedetector.TimeZoneDetectorService$Lifecycle
05-02 20:49:12.615 525 545 D ActivityManagerTiming: OnBootPhase_1000_com.android.server.timezonedetector.TimeZoneDetectorService$Lifecycle took to complete: 0ms
05-02 20:49:12.615 525 545 I ActivityManagerTiming: OnBootPhase_1000_com.android.server.search.SearchManagerService$Lifecycle
05-02 20:49:12.615 525 545 D ActivityManagerTiming: OnBootPhase_1000_com.android.server.search.SearchManagerService$Lifecycle took to complete: 0ms
05-02 20:49:12.616 525 545 I ActivityManagerTiming: OnBootPhase_1000_com.android.server.wallpaper.WallpaperManagerService$Lifecycle
05-02 20:49:12.616 525 545 D ActivityManagerTiming: OnBootPhase_1000_com.android.server.wallpaper.WallpaperManagerService$Lifecycle took to complete: 0ms
05-02 20:49:12.616 525 545 I ActivityManagerTiming: OnBootPhase_1000_com.android.server.audio.AudioService$Lifecycle
05-02 20:49:12.616 525 545 D ActivityManagerTiming: OnBootPhase_1000_com.android.server.audio.AudioService$Lifecycle took to complete: 0ms
05-02 20:49:12.616 525 545 I ActivityManagerTiming: OnBootPhase_1000_com.android.server.soundtrigger_middleware.SoundTriggerMiddlewareService$Lifecycle
05-02 20:49:12.616 525 545 D ActivityManagerTiming: OnBootPhase_1000_com.android.server.soundtrigger_middleware.SoundTriggerMiddlewareService$Lifecycle took to complete: 0ms
05-02 20:49:12.616 525 545 I ActivityManagerTiming: OnBootPhase_1000_com.android.server.DockObserver
05-02 20:49:12.616 525 545 D ActivityManagerTiming: OnBootPhase_1000_com.android.server.DockObserver took to complete: 0ms
05-02 20:49:12.616 525 545 I ActivityManagerTiming: OnBootPhase_1000_com.android.server.midi.MidiService$Lifecycle
05-02 20:49:12.616 525 545 D ActivityManagerTiming: OnBootPhase_1000_com.android.server.midi.MidiService$Lifecycle took to complete: 0ms
05-02 20:49:12.616 525 545 I ActivityManagerTiming: OnBootPhase_1000_com.android.server.adb.AdbService$Lifecycle
05-02 20:49:12.618 525 545 D ActivityManagerTiming: OnBootPhase_1000_com.android.server.adb.AdbService$Lifecycle took to complete: 2ms
05-02 20:49:12.620 525 545 I ActivityManagerTiming: OnBootPhase_1000_com.android.server.usb.UsbService$Lifecycle
05-02 20:49:12.620 525 545 D ActivityManagerTiming: OnBootPhase_1000_com.android.server.usb.UsbService$Lifecycle took to complete: 0ms
05-02 20:49:12.620 525 545 I ActivityManagerTiming: OnBootPhase_1000_com.android.server.twilight.TwilightService
05-02 20:49:12.624 525 545 D ActivityManagerTiming: OnBootPhase_1000_com.android.server.twilight.TwilightService took to complete: 4ms
05-02 20:49:12.625 525 545 I ActivityManagerTiming: OnBootPhase_1000_com.android.server.display.color.ColorDisplayService
05-02 20:49:12.626 525 545 D ActivityManagerTiming: OnBootPhase_1000_com.android.server.display.color.ColorDisplayService took to complete: 0ms
05-02 20:49:12.626 525 545 I ActivityManagerTiming: OnBootPhase_1000_com.android.server.job.JobSchedulerService
05-02 20:49:12.627 525 545 D ActivityManagerTiming: OnBootPhase_1000_com.android.server.job.JobSchedulerService took to complete: 0ms
05-02 20:49:12.627 525 545 I ActivityManagerTiming: OnBootPhase_1000_com.android.server.soundtrigger.SoundTriggerService
05-02 20:49:12.633 525 545 D SoundTriggerService: onBootPhase: 1000 : false
05-02 20:49:12.634 525 545 D ActivityManagerTiming: OnBootPhase_1000_com.android.server.soundtrigger.SoundTriggerService took to complete: 7ms
05-02 20:49:12.635 525 545 I ActivityManagerTiming: OnBootPhase_1000_com.android.server.trust.TrustManagerService
05-02 20:49:12.635 525 545 D ActivityManagerTiming: OnBootPhase_1000_com.android.server.trust.TrustManagerService took to complete: 0ms
05-02 20:49:12.636 525 545 I ActivityManagerTiming: OnBootPhase_1000_com.android.server.backup.BackupManagerService$Lifecycle
05-02 20:49:12.636 525 545 D ActivityManagerTiming: OnBootPhase_1000_com.android.server.backup.BackupManagerService$Lifecycle took to complete: 0ms
05-02 20:49:12.636 525 545 I ActivityManagerTiming: OnBootPhase_1000_com.android.server.appwidget.AppWidgetService
05-02 20:49:12.636 525 545 D ActivityManagerTiming: OnBootPhase_1000_com.android.server.appwidget.AppWidgetService took to complete: 0ms
05-02 20:49:12.636 525 545 I ActivityManagerTiming: OnBootPhase_1000_com.android.server.role.RoleManagerService
05-02 20:49:12.636 525 545 D ActivityManagerTiming: OnBootPhase_1000_com.android.server.role.RoleManagerService took to complete: 0ms
05-02 20:49:12.636 525 545 I ActivityManagerTiming: OnBootPhase_1000_com.android.server.voiceinteraction.VoiceInteractionManagerService
05-02 20:49:12.636 525 545 D ActivityManagerTiming: OnBootPhase_1000_com.android.server.voiceinteraction.VoiceInteractionManagerService took to complete: 0ms
05-02 20:49:12.636 525 545 I ActivityManagerTiming: OnBootPhase_1000_com.android.server.GestureLauncherService
05-02 20:49:12.636 525 545 D ActivityManagerTiming: OnBootPhase_1000_com.android.server.GestureLauncherService took to complete: 0ms
05-02 20:49:12.636 525 545 I ActivityManagerTiming: OnBootPhase_1000_com.android.server.SensorNotificationService
05-02 20:49:12.665 525 619 D ConnectivityService: Got NetworkProvider Messenger for WifiNetworkFactory
05-02 20:49:12.665 525 619 D ConnectivityService: Got NetworkProvider Messenger for UntrustedWifiNetworkFactory
05-02 20:49:12.672 525 545 D ActivityManagerTiming: OnBootPhase_1000_com.android.server.SensorNotificationService took to complete: 36ms
05-02 20:49:12.672 525 545 I ActivityManagerTiming: OnBootPhase_1000_com.android.server.emergency.EmergencyAffordanceService
05-02 20:49:12.672 525 545 D ActivityManagerTiming: OnBootPhase_1000_com.android.server.emergency.EmergencyAffordanceService took to complete: 0ms
05-02 20:49:12.672 525 545 I ActivityManagerTiming: OnBootPhase_1000_com.android.server.dreams.DreamManagerService
05-02 20:49:12.672 525 545 D ActivityManagerTiming: OnBootPhase_1000_com.android.server.dreams.DreamManagerService took to complete: 0ms
05-02 20:49:12.672 525 545 I ActivityManagerTiming: OnBootPhase_1000_com.android.server.print.PrintManagerService
05-02 20:49:12.672 525 545 D ActivityManagerTiming: OnBootPhase_1000_com.android.server.print.PrintManagerService took to complete: 0ms
05-02 20:49:12.672 525 545 I ActivityManagerTiming: OnBootPhase_1000_com.android.server.companion.CompanionDeviceManagerService
05-02 20:49:12.672 525 545 D ActivityManagerTiming: OnBootPhase_1000_com.android.server.companion.CompanionDeviceManagerService took to complete: 0ms
05-02 20:49:12.672 525 545 I ActivityManagerTiming: OnBootPhase_1000_com.android.server.restrictions.RestrictionsManagerService
05-02 20:49:12.672 525 545 D ActivityManagerTiming: OnBootPhase_1000_com.android.server.restrictions.RestrictionsManagerService took to complete: 0ms
05-02 20:49:12.672 525 545 I ActivityManagerTiming: OnBootPhase_1000_com.android.server.media.MediaSessionService
05-02 20:49:12.672 525 545 D ActivityManagerTiming: OnBootPhase_1000_com.android.server.media.MediaSessionService took to complete: 0ms
05-02 20:49:12.672 525 545 I ActivityManagerTiming: OnBootPhase_1000_com.android.server.media.MediaResourceMonitorService
05-02 20:49:12.672 525 545 D ActivityManagerTiming: OnBootPhase_1000_com.android.server.media.MediaResourceMonitorService took to complete: 0ms
05-02 20:49:12.672 525 545 I ActivityManagerTiming: OnBootPhase_1000_com.android.server.blob.BlobStoreManagerService
05-02 20:49:12.674 525 545 D ActivityManagerTiming: OnBootPhase_1000_com.android.server.blob.BlobStoreManagerService took to complete: 1ms
05-02 20:49:12.674 525 545 I ActivityManagerTiming: OnBootPhase_1000_com.android.server.biometrics.BiometricService
05-02 20:49:12.674 525 545 D ActivityManagerTiming: OnBootPhase_1000_com.android.server.biometrics.BiometricService took to complete: 0ms
05-02 20:49:12.675 525 545 I ActivityManagerTiming: OnBootPhase_1000_com.android.server.biometrics.AuthService
05-02 20:49:12.675 525 545 D ActivityManagerTiming: OnBootPhase_1000_com.android.server.biometrics.AuthService took to complete: 0ms
05-02 20:49:12.675 525 545 I ActivityManagerTiming: OnBootPhase_1000_com.android.server.pm.ShortcutService$Lifecycle
05-02 20:49:12.675 525 545 D ActivityManagerTiming: OnBootPhase_1000_com.android.server.pm.ShortcutService$Lifecycle took to complete: 0ms
05-02 20:49:12.675 525 545 I ActivityManagerTiming: OnBootPhase_1000_com.android.server.pm.LauncherAppsService
05-02 20:49:12.675 525 545 D ActivityManagerTiming: OnBootPhase_1000_com.android.server.pm.LauncherAppsService took to complete: 0ms
05-02 20:49:12.675 525 545 I ActivityManagerTiming: OnBootPhase_1000_com.android.server.pm.CrossProfileAppsService
05-02 20:49:12.675 525 545 D ActivityManagerTiming: OnBootPhase_1000_com.android.server.pm.CrossProfileAppsService took to complete: 0ms
05-02 20:49:12.675 525 545 I ActivityManagerTiming: OnBootPhase_1000_com.android.server.people.PeopleService
05-02 20:49:12.675 525 545 D ActivityManagerTiming: OnBootPhase_1000_com.android.server.people.PeopleService took to complete: 0ms
05-02 20:49:12.675 525 545 I ActivityManagerTiming: OnBootPhase_1000_com.android.server.media.projection.MediaProjectionManagerService
05-02 20:49:12.675 525 545 D ActivityManagerTiming: OnBootPhase_1000_com.android.server.media.projection.MediaProjectionManagerService took to complete: 0ms
05-02 20:49:12.675 525 545 I ActivityManagerTiming: OnBootPhase_1000_com.android.server.slice.SliceManagerService$Lifecycle
05-02 20:49:12.675 525 545 D ActivityManagerTiming: OnBootPhase_1000_com.android.server.slice.SliceManagerService$Lifecycle took to complete: 0ms
05-02 20:49:12.675 525 545 I ActivityManagerTiming: OnBootPhase_1000_com.android.server.camera.CameraServiceProxy
05-02 20:49:12.675 525 545 D ActivityManagerTiming: OnBootPhase_1000_com.android.server.camera.CameraServiceProxy took to complete: 0ms
05-02 20:49:12.675 525 545 I ActivityManagerTiming: OnBootPhase_1000_com.android.server.stats.StatsCompanion$Lifecycle
05-02 20:49:12.676 525 545 D ActivityManagerTiming: OnBootPhase_1000_com.android.server.stats.StatsCompanion$Lifecycle took to complete: 1ms
05-02 20:49:12.676 525 545 I ActivityManagerTiming: OnBootPhase_1000_com.android.server.stats.pull.StatsPullAtomService
05-02 20:49:12.676 525 545 D ActivityManagerTiming: OnBootPhase_1000_com.android.server.stats.pull.StatsPullAtomService took to complete: 0ms
05-02 20:49:12.676 525 545 I ActivityManagerTiming: OnBootPhase_1000_com.android.server.incident.IncidentCompanionService
05-02 20:49:12.676 525 545 D ActivityManagerTiming: OnBootPhase_1000_com.android.server.incident.IncidentCompanionService took to complete: 0ms
05-02 20:49:12.676 525 545 I ActivityManagerTiming: OnBootPhase_1000_com.android.server.MmsServiceBroker
05-02 20:49:12.676 525 545 D ActivityManagerTiming: OnBootPhase_1000_com.android.server.MmsServiceBroker took to complete: 0ms
05-02 20:49:12.676 525 525 I notification_enqueue: [1000,525,android,26,NULL,-1,Notification(channel=DEVELOPER_IMPORTANT shortcut=null contentView=null vibrate=null sound=null tick defaults=0x0 flags=0x2 color=0xff607d8b vis=PUBLIC),0]
05-02 20:49:12.676 525 545 I ActivityManagerTiming: OnBootPhase_1000_com.android.server.autofill.AutofillManagerService
05-02 20:49:12.676 525 545 D ActivityManagerTiming: OnBootPhase_1000_com.android.server.autofill.AutofillManagerService took to complete: 0ms
05-02 20:49:12.676 525 545 I ActivityManagerTiming: OnBootPhase_1000_com.android.server.clipboard.ClipboardService
05-02 20:49:12.676 525 545 D ActivityManagerTiming: OnBootPhase_1000_com.android.server.clipboard.ClipboardService took to complete: 0ms
05-02 20:49:12.676 525 545 I ActivityManagerTiming: OnBootPhase_1000_com.android.server.appbinding.AppBindingService$Lifecycle
05-02 20:49:12.676 525 545 D ActivityManagerTiming: OnBootPhase_1000_com.android.server.appbinding.AppBindingService$Lifecycle took to complete: 0ms
05-02 20:49:12.676 525 545 I ActivityManagerTiming: OnBootPhase_1000_com.android.server.policy.PermissionPolicyService
05-02 20:49:12.676 525 545 D ActivityManagerTiming: OnBootPhase_1000_com.android.server.policy.PermissionPolicyService took to complete: 0ms
05-02 20:49:12.676 525 545 I ActivityManagerTiming: OnBootPhase_1000_com.android.server.pm.StagingManager$Lifecycle
05-02 20:49:12.676 525 545 D ActivityManagerTiming: OnBootPhase_1000_com.android.server.pm.StagingManager$Lifecycle took to complete: 0ms
05-02 20:49:12.676 525 545 D ActivityManagerTiming: OnBootPhase_1000 took to complete: 131ms
05-02 20:49:12.677 525 545 D ActivityManagerTiming: TotalBootTime took to complete: 10373ms
05-02 20:49:12.677 525 545 D SystemServerInitThreadPool: Shutdown requested
05-02 20:49:12.677 525 545 I SystemServerTiming: WaitInitThreadPoolShutdown
05-02 20:49:12.678 572 574 I adbd : adbd_auth: received a new framework connection
05-02 20:49:12.678 572 574 I adbd : adbd_auth: received new framework fd 21 (current = -1)
05-02 20:49:12.680 525 545 D SystemServerInitThreadPool: Shutdown successful
05-02 20:49:12.680 525 545 D SystemServerTiming: WaitInitThreadPoolShutdown took to complete: 3ms
05-02 20:49:12.683 525 545 I uc_finish_user_boot: 0
05-02 20:49:12.684 525 545 I ActivityManager: User 0 state changed from BOOTING to RUNNING_LOCKED
05-02 20:49:12.684 525 545 I am_user_state_changed: [0,1]
05-02 20:49:12.684 0 0 I init : processing action (sys.boot_completed=1) from (/system/etc/init/hw/init.rc:981)
05-02 20:49:12.684 525 545 W ActivityManager: UserLifecycleEvent 4 received without an active userJourneySession.
05-02 20:49:12.687 525 545 I uc_send_user_broadcast: [0,android.intent.action.LOCKED_BOOT_COMPLETED]
05-02 20:49:12.689 525 545 D StorageManagerService: unlockUserKey: 0 isFileEncryptedNativeOrEmulated: true hasToken: false hasSecret: false
05-02 20:49:12.694 237 237 D vold : fscrypt_unlock_user_key 0 serial=0 token_present=0
05-02 20:49:12.700 0 0 I init : starting service 'exec 15 (/bin/rm -rf /data/per_boot)'...
05-02 20:49:12.711 0 0 I init : SVC_EXEC service 'exec 15 (/bin/rm -rf /data/per_boot)' pid 1175 (uid 1000 gid 1000+0 context default) started; waiting...
05-02 20:49:12.740 450 450 I update_engine: [INFO:cleanup_previous_update_action.cc(137)] Boot completed, waiting on markBootSuccessful()
05-02 20:49:12.848 237 237 D vold : Skipping non-key ..
05-02 20:49:12.848 237 237 D vold : Skipping non-key .
05-02 20:49:12.848 237 237 D vold : Trying user CE key /data/misc/vold/user_keys/ce/0/current
05-02 20:49:12.877 525 525 I sysui_multi_action: [757,1501,758,1,793,202,794,0,795,202,796,26,806,android,857,DEVELOPER_IMPORTANT,858,4,947,0,1500,0]
