05-02 20:49:07.040 525 525 D ConnectivityModuleConnector: Starting networking module android.net.ITetheringConnector
05-02 20:49:07.058 525 525 D ConnectivityModuleConnector: Starting networking module in network_stack process
05-02 20:49:07.059 525 525 D ConnectivityModuleConnector: Networking module service start requested
05-02 20:49:07.060 525 525 D SystemServerTiming: StartTethering took to complete: 20ms
05-02 20:49:07.060 525 525 I SystemServerTiming: MakeCountryDetectionServiceReady
05-02 20:49:07.060 525 525 D SystemServerTiming: MakeCountryDetectionServiceReady took to complete: 0ms
05-02 20:49:07.060 525 525 I SystemServerTiming: MakeNetworkTimeUpdateReady
05-02 20:49:07.064 525 525 D ConnectivityService: requestNetwork for uid/pid:1000/525 NetworkRequest [ TRACK_DEFAULT id=9, [ Capabilities: INTERNET&NOT_RESTRICTED&TRUSTED Uid: 1000 AdministratorUids: [] RequestorUid: 1000 RequestorPackageName: android] ]
05-02 20:49:07.091 525 525 D SystemServerTiming: MakeNetworkTimeUpdateReady took to complete: 31ms
05-02 20:49:07.091 525 525 I SystemServerTiming: MakeInputManagerServiceReady
05-02 20:49:07.092 525 525 D SystemServerTiming: MakeInputManagerServiceReady took to complete: 1ms
05-02 20:49:07.092 525 525 I SystemServerTiming: MakeTelephonyRegistryReady
05-02 20:49:07.093 525 525 D TelephonyRegistry: systemRunning register for intents
05-02 20:49:07.093 525 525 D SystemServerTiming: MakeTelephonyRegistryReady took to complete: 0ms
05-02 20:49:07.093 525 525 I SystemServerTiming: MakeMediaRouterServiceReady
05-02 20:49:07.093 525 525 D SystemServerTiming: MakeMediaRouterServiceReady took to complete: 0ms
05-02 20:49:07.094 525 525 I SystemServerTiming: MakeMmsServiceReady
05-02 20:49:07.094 525 525 I MmsServiceBroker: Delay connecting to MmsService until an API is called
05-02 20:49:07.094 525 525 D SystemServerTiming: MakeMmsServiceReady took to complete: 0ms
05-02 20:49:07.094 525 525 I SystemServerTiming: IncidentDaemonReady
05-02 20:49:07.096 525 619 D ConnectivityService: NetReassign [no changes]
05-02 20:49:07.102 525 525 D SystemServerTiming: IncidentDaemonReady took to complete: 8ms
05-02 20:49:07.103 525 525 I SystemServerTiming: MakeIncrementalServiceReady
05-02 20:49:07.103 525 525 D SystemServerTiming: MakeIncrementalServiceReady took to complete: 0ms
05-02 20:49:07.103 525 525 I SystemServerTiming: getCurrentUser
05-02 20:49:07.103 525 525 I ActivityManager: Current user:0
05-02 20:49:07.103 525 525 D SystemServerTiming: getCurrentUser took to complete: 0ms
05-02 20:49:07.103 525 525 I SystemServerTiming: ActivityManagerStartApps
05-02 20:49:07.103 525 525 I SystemServerTiming: ssm.StartUser-0
05-02 20:49:07.103 525 525 I SystemServiceManager: Calling onStartUser 0
05-02 20:49:07.103 525 525 I SystemServerTiming: ssm.onStartUser-0_com.android.server.security.FileIntegrityService
05-02 20:49:07.103 525 525 D SystemServerTiming: ssm.onStartUser-0_com.android.server.security.FileIntegrityService took to complete: 0ms
05-02 20:49:07.103 525 525 I SystemServerTiming: ssm.onStartUser-0_com.android.server.pm.Installer
05-02 20:49:07.103 525 525 D SystemServerTiming: ssm.onStartUser-0_com.android.server.pm.Installer took to complete: 0ms
05-02 20:49:07.103 525 525 I SystemServerTiming: ssm.onStartUser-0_com.android.server.os.DeviceIdentifiersPolicyService
05-02 20:49:07.103 525 525 D SystemServerTiming: ssm.onStartUser-0_com.android.server.os.DeviceIdentifiersPolicyService took to complete: 0ms
05-02 20:49:07.103 525 525 I SystemServerTiming: ssm.onStartUser-0_com.android.server.uri.UriGrantsManagerService$Lifecycle
05-02 20:49:07.103 525 525 D SystemServerTiming: ssm.onStartUser-0_com.android.server.uri.UriGrantsManagerService$Lifecycle took to complete: 0ms
05-02 20:49:07.103 525 525 I SystemServerTiming: ssm.onStartUser-0_com.android.server.wm.ActivityTaskManagerService$Lifecycle
05-02 20:49:07.103 525 525 D SystemServerTiming: ssm.onStartUser-0_com.android.server.wm.ActivityTaskManagerService$Lifecycle took to complete: 0ms
05-02 20:49:07.103 525 525 I SystemServerTiming: ssm.onStartUser-0_com.android.server.am.ActivityManagerService$Lifecycle
05-02 20:49:07.103 525 525 D SystemServerTiming: ssm.onStartUser-0_com.android.server.am.ActivityManagerService$Lifecycle took to complete: 0ms
05-02 20:49:07.103 525 525 I SystemServerTiming: ssm.onStartUser-0_com.android.server.pm.DataLoaderManagerService
05-02 20:49:07.103 525 525 D SystemServerTiming: ssm.onStartUser-0_com.android.server.pm.DataLoaderManagerService took to complete: 0ms
05-02 20:49:07.104 525 525 I SystemServerTiming: ssm.onStartUser-0_com.android.server.power.PowerManagerService
05-02 20:49:07.104 525 525 D SystemServerTiming: ssm.onStartUser-0_com.android.server.power.PowerManagerService took to complete: 0ms
05-02 20:49:07.104 525 525 I SystemServerTiming: ssm.onStartUser-0_com.android.server.power.ThermalManagerService
05-02 20:49:07.104 525 525 D SystemServerTiming: ssm.onStartUser-0_com.android.server.power.ThermalManagerService took to complete: 0ms
05-02 20:49:07.104 525 525 I SystemServerTiming: ssm.onStartUser-0_com.android.server.recoverysystem.RecoverySystemService$Lifecycle
05-02 20:49:07.104 525 525 D SystemServerTiming: ssm.onStartUser-0_com.android.server.recoverysystem.RecoverySystemService$Lifecycle took to complete: 0ms
05-02 20:49:07.104 525 525 I SystemServerTiming: ssm.onStartUser-0_com.android.server.lights.LightsService
05-02 20:49:07.104 525 525 D SystemServerTiming: ssm.onStartUser-0_com.android.server.lights.LightsService took to complete: 0ms
05-02 20:49:07.104 525 525 I SystemServerTiming: ssm.onStartUser-0_com.android.server.display.DisplayManagerService
05-02 20:49:07.104 525 525 D SystemServerTiming: ssm.onStartUser-0_com.android.server.display.DisplayManagerService took to complete: 0ms
05-02 20:49:07.104 525 525 I SystemServerTiming: ssm.onStartUser-0_com.android.server.pm.UserManagerService$LifeCycle
05-02 20:49:07.104 525 525 D SystemServerTiming: ssm.onStartUser-0_com.android.server.pm.UserManagerService$LifeCycle took to complete: 0ms
05-02 20:49:07.104 525 525 I SystemServerTiming: ssm.onStartUser-0_com.android.server.om.OverlayManagerService
05-02 20:49:07.104 525 525 D SystemServerTiming: ssm.onStartUser-0_com.android.server.om.OverlayManagerService took to complete: 0ms
05-02 20:49:07.104 525 525 I SystemServerTiming: ssm.onStartUser-0_com.android.server.SensorPrivacyService
05-02 20:49:07.104 525 525 D SystemServerTiming: ssm.onStartUser-0_com.android.server.SensorPrivacyService took to complete: 0ms
05-02 20:49:07.104 525 525 I SystemServerTiming: ssm.onStartUser-0_com.android.server.SystemConfigService
05-02 20:49:07.104 525 525 D SystemServerTiming: ssm.onStartUser-0_com.android.server.SystemConfigService took to complete: 0ms
05-02 20:49:07.104 525 525 I SystemServerTiming: ssm.onStartUser-0_com.android.server.BatteryService
05-02 20:49:07.104 525 525 D SystemServerTiming: ssm.onStartUser-0_com.android.server.BatteryService took to complete: 0ms
05-02 20:49:07.104 525 525 I SystemServerTiming: ssm.onStartUser-0_com.android.server.usage.UsageStatsService
05-02 20:49:07.104 525 525 D SystemServerTiming: ssm.onStartUser-0_com.android.server.usage.UsageStatsService took to complete: 0ms
05-02 20:49:07.104 525 525 I SystemServerTiming: ssm.onStartUser-0_com.android.server.webkit.WebViewUpdateService
05-02 20:49:07.104 525 525 D SystemServerTiming: ssm.onStartUser-0_com.android.server.webkit.WebViewUpdateService took to complete: 0ms
05-02 20:49:07.104 525 525 I SystemServerTiming: ssm.onStartUser-0_com.android.server.CachedDeviceStateService
05-02 20:49:07.104 525 525 D SystemServerTiming: ssm.onStartUser-0_com.android.server.CachedDeviceStateService took to complete: 0ms
05-02 20:49:07.104 525 525 I SystemServerTiming: ssm.onStartUser-0_com.android.server.BinderCallsStatsService$LifeCycle
05-02 20:49:07.104 525 525 D SystemServerTiming: ssm.onStartUser-0_com.android.server.BinderCallsStatsService$LifeCycle took to complete: 0ms
05-02 20:49:07.104 525 525 I SystemServerTiming: ssm.onStartUser-0_com.android.server.LooperStatsService$Lifecycle
05-02 20:49:07.104 525 525 D SystemServerTiming: ssm.onStartUser-0_com.android.server.LooperStatsService$Lifecycle took to complete: 0ms
05-02 20:49:07.105 525 525 I SystemServerTiming: ssm.onStartUser-0_com.android.server.rollback.RollbackManagerService
05-02 20:49:07.105 525 525 D SystemServerTiming: ssm.onStartUser-0_com.android.server.rollback.RollbackManagerService took to complete: 0ms
05-02 20:49:07.105 525 525 I SystemServerTiming: ssm.onStartUser-0_com.android.server.os.BugreportManagerService
05-02 20:49:07.105 525 525 D SystemServerTiming: ssm.onStartUser-0_com.android.server.os.BugreportManagerService took to complete: 0ms
05-02 20:49:07.105 525 525 I SystemServerTiming: ssm.onStartUser-0_com.android.server.gpu.GpuService
05-02 20:49:07.105 525 525 D SystemServerTiming: ssm.onStartUser-0_com.android.server.gpu.GpuService took to complete: 0ms
05-02 20:49:07.105 525 525 I SystemServerTiming: ssm.onStartUser-0_com.android.server.security.KeyChainSystemService
05-02 20:49:07.105 525 525 D SystemServerTiming: ssm.onStartUser-0_com.android.server.security.KeyChainSystemService took to complete: 0ms
05-02 20:49:07.105 525 525 I SystemServerTiming: ssm.onStartUser-0_com.android.server.telecom.TelecomLoaderService
05-02 20:49:07.105 525 525 D SystemServerTiming: ssm.onStartUser-0_com.android.server.telecom.TelecomLoaderService took to complete: 0ms
05-02 20:49:07.105 525 525 I SystemServerTiming: ssm.onStartUser-0_com.android.server.accounts.AccountManagerService$Lifecycle
05-02 20:49:07.105 525 525 D SystemServerTiming: ssm.onStartUser-0_com.android.server.accounts.AccountManagerService$Lifecycle took to complete: 0ms
05-02 20:49:07.105 525 525 I SystemServerTiming: ssm.onStartUser-0_com.android.server.content.ContentService$Lifecycle
05-02 20:49:07.105 525 525 D SystemServerTiming: ssm.onStartUser-0_com.android.server.content.ContentService$Lifecycle took to complete: 0ms
05-02 20:49:07.105 525 525 I SystemServerTiming: ssm.onStartUser-0_com.android.server.DropBoxManagerService
05-02 20:49:07.105 525 525 D SystemServerTiming: ssm.onStartUser-0_com.android.server.DropBoxManagerService took to complete: 0ms
05-02 20:49:07.105 525 525 I SystemServerTiming: ssm.onStartUser-0_com.android.server.AlarmManagerService
05-02 20:49:07.105 525 525 D SystemServerTiming: ssm.onStartUser-0_com.android.server.AlarmManagerService took to complete: 0ms
05-02 20:49:07.105 525 525 I SystemServerTiming: ssm.onStartUser-0_com.android.server.BluetoothService
05-02 20:49:07.105 525 525 D SystemServerTiming: ssm.onStartUser-0_com.android.server.BluetoothService took to complete: 0ms
05-02 20:49:07.105 525 525 I SystemServerTiming: ssm.onStartUser-0_com.android.server.connectivity.IpConnectivityMetrics
05-02 20:49:07.105 525 525 D SystemServerTiming: ssm.onStartUser-0_com.android.server.connectivity.IpConnectivityMetrics took to complete: 0ms
05-02 20:49:07.105 525 525 I SystemServerTiming: ssm.onStartUser-0_com.android.server.net.watchlist.NetworkWatchlistService$Lifecycle
05-02 20:49:07.105 525 525 D SystemServerTiming: ssm.onStartUser-0_com.android.server.net.watchlist.NetworkWatchlistService$Lifecycle took to complete: 0ms
05-02 20:49:07.105 525 525 I SystemServerTiming: ssm.onStartUser-0_com.android.server.PinnerService
05-02 20:49:07.105 525 525 D SystemServerTiming: ssm.onStartUser-0_com.android.server.PinnerService took to complete: 0ms
05-02 20:49:07.105 525 525 I SystemServerTiming: ssm.onStartUser-0_com.google.android.startop.iorap.IorapForwardingService
05-02 20:49:07.105 525 525 D SystemServerTiming: ssm.onStartUser-0_com.google.android.startop.iorap.IorapForwardingService took to complete: 0ms
05-02 20:49:07.105 525 525 I SystemServerTiming: ssm.onStartUser-0_com.android.server.integrity.AppIntegrityManagerService
05-02 20:49:07.105 525 525 D SystemServerTiming: ssm.onStartUser-0_com.android.server.integrity.AppIntegrityManagerService took to complete: 0ms
05-02 20:49:07.106 525 525 I SystemServerTiming: ssm.onStartUser-0_com.android.server.inputmethod.InputMethodManagerService$Lifecycle
05-02 20:49:07.106 525 525 D SystemServerTiming: ssm.onStartUser-0_com.android.server.inputmethod.InputMethodManagerService$Lifecycle took to complete: 0ms
05-02 20:49:07.106 525 525 I SystemServerTiming: ssm.onStartUser-0_com.android.server.accessibility.AccessibilityManagerService$Lifecycle
05-02 20:49:07.106 525 525 D SystemServerTiming: ssm.onStartUser-0_com.android.server.accessibility.AccessibilityManagerService$Lifecycle took to complete: 0ms
05-02 20:49:07.106 525 525 I SystemServerTiming: ssm.onStartUser-0_com.android.server.StorageManagerService$Lifecycle
05-02 20:49:07.115 525 525 V StorageManagerService: Package com.android.cts.priv.ctsshim does not have legacy storage
05-02 20:49:07.115 525 525 V StorageManagerService: Package com.android.internal.display.cutout.emulation.corner does not have legacy storage
05-02 20:49:07.115 525 525 V StorageManagerService: Package com.example.android.livecubes does not have legacy storage
05-02 20:49:07.115 525 553 W ActivityManager: Slow operation: 230ms so far, now at startProcess: returned from zygote!
05-02 20:49:07.115 525 525 V StorageManagerService: Package com.android.internal.display.cutout.emulation.double does not have legacy storage
05-02 20:49:07.116 525 525 V StorageManagerService: Package com.android.providers.telephony does not have legacy storage
05-02 20:49:07.116 525 525 V StorageManagerService: Package com.android.dynsystem does not have legacy storage
05-02 20:49:07.116 525 525 V StorageManagerService: Package com.fsl.ethernet does not have legacy storage
05-02 20:49:07.116 525 553 W ActivityManager: Slow operation: 231ms so far, now at startProcess: done updating battery stats
05-02 20:49:07.116 525 525 V StorageManagerService: Package com.android.theme.color.amethyst does not have legacy storage
05-02 20:49:07.116 525 553 I am_proc_start: [0,725,1037,WebViewLoader-armeabi-v7a,NULL,]
05-02 20:49:07.116 525 553 W ActivityManager: Slow operation: 231ms so far, now at startProcess: building log message
05-02 20:49:07.116 525 525 V StorageManagerService: Package com.android.theme.icon.pebble does not have legacy storage
05-02 20:49:07.116 525 553 I ActivityManager: Start proc 725:WebViewLoader-armeabi-v7a/1037 [android.webkit.WebViewLibraryLoader$RelroFileCreator] for null
05-02 20:49:07.116 525 553 W ActivityManager: Slow operation: 231ms so far, now at startProcess: starting to update pids map
05-02 20:49:07.116 525 553 W ActivityManager: Slow operation: 231ms so far, now at startProcess: done updating pids map
05-02 20:49:07.116 525 553 W ActivityManager: Slow operation: 230ms so far, now at startProcess: asking zygote to start proc
05-02 20:49:07.123 525 525 V StorageManagerService: Package com.android.providers.calendar does not have legacy storage
05-02 20:49:07.123 525 525 V StorageManagerService: Package com.android.providers.media has legacy storage
05-02 20:49:07.123 525 525 V StorageManagerService: Package com.android.internal.systemui.navbar.gestural_wide_back does not have legacy storage
05-02 20:49:07.123 525 525 V StorageManagerService: Package com.android.theme.color.sand does not have legacy storage
05-02 20:49:07.124 525 525 V StorageManagerService: Package com.android.wallpapercropper does not have legacy storage
05-02 20:49:07.124 525 525 V StorageManagerService: Package com.android.theme.icon.vessel does not have legacy storage
05-02 20:49:07.124 525 525 V StorageManagerService: Package com.android.theme.color.cinnamon does not have legacy storage
05-02 20:49:07.124 525 525 V StorageManagerService: Package com.android.theme.icon_pack.victor.settings does not have legacy storage
05-02 20:49:07.124 525 525 V StorageManagerService: Package com.android.theme.icon_pack.rounded.systemui does not have legacy storage
05-02 20:49:07.124 525 525 V StorageManagerService: Package com.nxp.directaudioplayer has legacy storage
05-02 20:49:07.124 525 525 V StorageManagerService: Package com.android.theme.icon.taperedrect does not have legacy storage
05-02 20:49:07.124 525 525 V StorageManagerService: Package com.android.documentsui does not have legacy storage
05-02 20:49:07.125 525 525 V StorageManagerService: Package com.android.externalstorage has legacy storage
05-02 20:49:07.125 525 525 V StorageManagerService: Package com.android.htmlviewer does not have legacy storage
05-02 20:49:07.126 525 525 V StorageManagerService: Package com.android.companiondevicemanager does not have legacy storage
05-02 20:49:07.126 525 525 V StorageManagerService: Package com.android.quicksearchbox does not have legacy storage
05-02 20:49:07.126 525 525 V StorageManagerService: Package com.android.mms.service does not have legacy storage
05-02 20:49:07.126 525 525 V StorageManagerService: Package com.android.providers.downloads has legacy storage
05-02 20:49:07.126 525 525 V StorageManagerService: Package com.android.messaging has legacy storage
05-02 20:49:07.126 525 525 V StorageManagerService: Package com.android.theme.icon_pack.rounded.android does not have legacy storage
05-02 20:49:07.126 525 525 V StorageManagerService: Package com.android.theme.icon_pack.victor.systemui does not have legacy storage
05-02 20:49:07.126 525 525 V StorageManagerService: Package com.android.theme.icon_pack.circular.themepicker does not have legacy storage
05-02 20:49:07.126 525 525 V StorageManagerService: Package com.android.soundrecorder does not have legacy storage
05-02 20:49:07.127 525 525 V StorageManagerService: Package com.android.theme.color.tangerine does not have legacy storage
05-02 20:49:07.127 525 525 V StorageManagerService: Package com.android.providers.downloads.ui has legacy storage
05-02 20:49:07.127 525 525 V StorageManagerService: Package com.android.pacprocessor does not have legacy storage
05-02 20:49:07.127 525 525 V StorageManagerService: Package com.android.simappdialog does not have legacy storage
05-02 20:49:07.127 525 525 V StorageManagerService: Package com.android.networkstack does not have legacy storage
05-02 20:49:07.127 525 525 V StorageManagerService: Package com.android.theme.color.aquamarine does not have legacy storage
05-02 20:49:07.127 525 525 V StorageManagerService: Package com.android.internal.display.cutout.emulation.hole does not have legacy storage
05-02 20:49:07.127 525 525 V StorageManagerService: Package com.android.internal.display.cutout.emulation.tall does not have legacy storage
05-02 20:49:07.127 525 525 V StorageManagerService: Package com.android.modulemetadata does not have legacy storage
05-02 20:49:07.127 525 525 V StorageManagerService: Package com.android.certinstaller does not have legacy storage
05-02 20:49:07.127 525 525 V StorageManagerService: Package com.android.theme.color.black does not have legacy storage
05-02 20:49:07.127 525 525 V StorageManagerService: Package com.android.carrierconfig does not have legacy storage
05-02 20:49:07.127 525 525 V StorageManagerService: Package com.android.theme.color.green does not have legacy storage
05-02 20:49:07.128 525 525 V StorageManagerService: Package com.android.theme.color.ocean does not have legacy storage
05-02 20:49:07.128 525 525 V StorageManagerService: Package com.android.theme.color.space does not have legacy storage
05-02 20:49:07.128 525 525 V StorageManagerService: Package com.android.internal.systemui.navbar.threebutton does not have legacy storage
05-02 20:49:07.128 525 525 V StorageManagerService: Package android does not have legacy storage
05-02 20:49:07.128 525 525 V StorageManagerService: Package com.android.contacts does not have legacy storage
05-02 20:49:07.128 525 525 V StorageManagerService: Package com.android.camera2 has legacy storage
05-02 20:49:07.128 525 525 V StorageManagerService: Package com.android.theme.icon_pack.rounded.launcher does not have legacy storage
05-02 20:49:07.128 525 525 V StorageManagerService: Package com.android.theme.icon_pack.kai.settings does not have legacy storage
05-02 20:49:07.128 525 525 V StorageManagerService: Package com.android.egg does not have legacy storage
05-02 20:49:07.128 525 525 V StorageManagerService: Package com.android.mtp has legacy storage
05-02 20:49:07.128 525 525 V StorageManagerService: Package com.android.nfc does not have legacy storage
05-02 20:49:07.128 525 525 V StorageManagerService: Package com.android.ons does not have legacy storage
05-02 20:49:07.128 525 525 V StorageManagerService: Package com.android.stk does not have legacy storage
05-02 20:49:07.129 525 525 V StorageManagerService: Package com.android.launcher3 does not have legacy storage
05-02 20:49:07.129 525 525 V StorageManagerService: Package com.android.backupconfirm does not have legacy storage
05-02 20:49:07.129 525 525 V StorageManagerService: Package com.android.provision does not have legacy storage
05-02 20:49:07.129 525 525 V StorageManagerService: Package com.android.statementservice does not have legacy storage
05-02 20:49:07.129 525 525 V StorageManagerService: Package com.android.theme.icon_pack.sam.settings does not have legacy storage
05-02 20:49:07.129 525 525 V StorageManagerService: Package com.android.settings.intelligence does not have legacy storage
05-02 20:49:07.133 525 525 V StorageManagerService: Package com.android.calendar does not have legacy storage
05-02 20:49:07.133 525 525 V StorageManagerService: Package com.android.internal.systemui.navbar.gestural_extra_wide_back does not have legacy storage
05-02 20:49:07.133 525 525 V StorageManagerService: Package com.android.theme.icon_pack.kai.themepicker does not have legacy storage
05-02 20:49:07.134 525 525 V StorageManagerService: Package com.android.providers.settings does not have legacy storage
05-02 20:49:07.134 525 525 V StorageManagerService: Package com.android.wifi.resources.imx does not have legacy storage
05-02 20:49:07.134 525 525 V StorageManagerService: Package com.android.sharedstoragebackup has legacy storage
05-02 20:49:07.134 525 525 V StorageManagerService: Package com.android.theme.icon_pack.victor.launcher does not have legacy storage
05-02 20:49:07.134 525 525 V StorageManagerService: Package com.android.printspooler does not have legacy storage
05-02 20:49:07.134 525 525 V StorageManagerService: Package com.android.theme.icon_pack.filled.settings does not have legacy storage
05-02 20:49:07.134 525 525 V StorageManagerService: Package com.android.dreams.basic does not have legacy storage
05-02 20:49:07.134 525 525 V StorageManagerService: Package com.android.theme.icon_pack.kai.systemui does not have legacy storage
05-02 20:49:07.134 525 525 V StorageManagerService: Package com.android.webview does not have legacy storage
05-02 20:49:07.134 525 525 V StorageManagerService: Package com.android.se does not have legacy storage
05-02 20:49:07.134 525 525 V StorageManagerService: Package com.android.inputdevices does not have legacy storage
05-02 20:49:07.135 525 525 V StorageManagerService: Package com.android.bips does not have legacy storage
05-02 20:49:07.135 525 525 V StorageManagerService: Package com.android.theme.icon_pack.circular.settings does not have legacy storage
05-02 20:49:07.135 525 525 V StorageManagerService: Package com.android.musicfx does not have legacy storage
05-02 20:49:07.135 525 525 V StorageManagerService: Package com.android.theme.icon_pack.sam.systemui does not have legacy storage
05-02 20:49:07.135 525 525 V StorageManagerService: Package com.android.cellbroadcastreceiver does not have legacy storage
05-02 20:49:07.135 525 525 V StorageManagerService: Package com.android.theme.icon.teardrop does not have legacy storage
05-02 20:49:07.135 525 525 V StorageManagerService: Package android.ext.shared does not have legacy storage
05-02 20:49:07.135 525 525 V StorageManagerService: Package com.android.onetimeinitializer does not have legacy storage
05-02 20:49:07.135 525 525 V StorageManagerService: Package com.android.server.telecom does not have legacy storage
05-02 20:49:07.135 525 525 V StorageManagerService: Package com.android.cellbroadcastservice does not have legacy storage
05-02 20:49:07.135 525 525 V StorageManagerService: Package com.android.theme.icon_pack.rounded.themepicker does not have legacy storage
05-02 20:49:07.135 525 525 V StorageManagerService: Package com.android.keychain does not have legacy storage
05-02 20:49:07.135 525 525 V StorageManagerService: Package com.android.printservice.recommendation does not have legacy storage
05-02 20:49:07.136 525 525 V StorageManagerService: Package com.android.dialer has legacy storage
05-02 20:49:07.136 525 525 V StorageManagerService: Package com.android.gallery3d has legacy storage
05-02 20:49:07.136 525 525 V StorageManagerService: Package com.android.theme.icon_pack.filled.systemui does not have legacy storage
05-02 20:49:07.136 525 525 V StorageManagerService: Package android.ext.services does not have legacy storage
05-02 20:49:07.136 525 525 V StorageManagerService: Package com.android.wifi.resources does not have legacy storage
05-02 20:49:07.136 525 525 V StorageManagerService: Package com.android.calllogbackup does not have legacy storage
05-02 20:49:07.136 525 525 V StorageManagerService: Package com.android.localtransport does not have legacy storage
05-02 20:49:07.136 525 525 V StorageManagerService: Package com.android.packageinstaller does not have legacy storage
05-02 20:49:07.136 525 525 V StorageManagerService: Package com.android.carrierdefaultapp does not have legacy storage
05-02 20:49:07.136 525 525 V StorageManagerService: Package com.android.theme.icon_pack.sam.android does not have legacy storage
05-02 20:49:07.136 525 525 V StorageManagerService: Package com.android.theme.font.notoserifsource does not have legacy storage
05-02 20:49:07.136 525 525 V StorageManagerService: Package com.android.theme.icon_pack.filled.android does not have legacy storage
05-02 20:49:07.136 525 525 V StorageManagerService: Package com.android.proxyhandler does not have legacy storage
05-02 20:49:07.137 525 525 V StorageManagerService: Package com.android.internal.display.cutout.emulation.waterfall does not have legacy storage
05-02 20:49:07.137 525 525 V StorageManagerService: Package com.android.theme.icon_pack.circular.systemui does not have legacy storage
05-02 20:49:07.137 525 525 V StorageManagerService: Package org.videolan.vlc does not have legacy storage
05-02 20:49:07.137 525 525 V StorageManagerService: Package com.android.inputmethod.latin has legacy storage
05-02 20:49:07.137 525 525 V StorageManagerService: Package org.chromium.webview_shell has legacy storage
05-02 20:49:07.137 525 525 V StorageManagerService: Package com.android.theme.icon_pack.kai.android does not have legacy storage
05-02 20:49:07.137 525 525 V StorageManagerService: Package com.android.managedprovisioning does not have legacy storage
05-02 20:49:07.137 525 525 V StorageManagerService: Package com.android.networkstack.tethering does not have legacy storage
05-02 20:49:07.137 525 525 V StorageManagerService: Package com.android.soundpicker has legacy storage
05-02 20:49:07.137 525 525 V StorageManagerService: Package com.android.dreams.phototable has legacy storage
05-02 20:49:07.143 525 551 I service_manager_slow: [29,alarm]
05-02 20:49:07.144 525 525 V StorageManagerService: Package com.android.theme.icon_pack.kai.launcher does not have legacy storage
05-02 20:49:07.144 525 525 V StorageManagerService: Package com.android.smspush does not have legacy storage
05-02 20:49:07.144 525 525 V StorageManagerService: Package com.android.wallpaper.livepicker does not have legacy storage
05-02 20:49:07.144 525 525 V StorageManagerService: Package com.android.cellbroadcastreceiver.module does not have legacy storage
05-02 20:49:07.144 525 525 V StorageManagerService: Package com.android.apps.tag does not have legacy storage
05-02 20:49:07.145 525 525 V StorageManagerService: Package com.android.theme.icon_pack.sam.launcher does not have legacy storage
05-02 20:49:07.145 525 525 V StorageManagerService: Package com.android.theme.icon.squircle does not have legacy storage
05-02 20:49:07.145 525 525 V StorageManagerService: Package com.android.theme.icon_pack.victor.android does not have legacy storage
05-02 20:49:07.145 525 525 V StorageManagerService: Package com.android.storagemanager does not have legacy storage
05-02 20:49:07.145 525 525 V StorageManagerService: Package com.android.theme.color.palette does not have legacy storage
05-02 20:49:07.145 525 525 V StorageManagerService: Package com.android.bookmarkprovider does not have legacy storage
05-02 20:49:07.145 525 525 V StorageManagerService: Package com.android.settings does not have legacy storage
05-02 20:49:07.145 525 525 V StorageManagerService: Package com.android.theme.icon_pack.filled.launcher does not have legacy storage
05-02 20:49:07.146 525 525 V StorageManagerService: Package com.android.networkstack.permissionconfig does not have legacy storage
05-02 20:49:07.146 525 525 V StorageManagerService: Package com.freescale.cactusplayer has legacy storage
05-02 20:49:07.147 525 525 V StorageManagerService: Package com.android.cts.ctsshim does not have legacy storage
05-02 20:49:07.147 525 525 V StorageManagerService: Package com.android.theme.color.carbon does not have legacy storage
05-02 20:49:07.147 525 525 V StorageManagerService: Package com.example.android.systemupdatersample does not have legacy storage
05-02 20:49:07.147 525 525 V StorageManagerService: Package com.android.theme.icon_pack.circular.launcher does not have legacy storage
05-02 20:49:07.147 525 525 V StorageManagerService: Package com.android.vpndialogs does not have legacy storage
05-02 20:49:07.147 525 525 V StorageManagerService: Package com.example.android.camera2.basic does not have legacy storage
05-02 20:49:07.147 525 525 V StorageManagerService: Package com.android.music does not have legacy storage
05-02 20:49:07.147 525 525 V StorageManagerService: Package com.android.phone does not have legacy storage
05-02 20:49:07.147 525 525 V StorageManagerService: Package com.android.shell has legacy storage
05-02 20:49:07.148 525 525 V StorageManagerService: Package com.android.theme.icon_pack.filled.themepicker does not have legacy storage
05-02 20:49:07.148 525 525 V StorageManagerService: Package com.android.wallpaperbackup does not have legacy storage
05-02 20:49:07.149 525 598 I commit_sys_config_file: [settings-0-0,15]
05-02 20:49:07.150 525 525 V StorageManagerService: Package com.android.providers.blockednumber does not have legacy storage
05-02 20:49:07.151 525 525 V StorageManagerService: Package com.android.providers.userdictionary does not have legacy storage
05-02 20:49:07.151 525 525 V StorageManagerService: Package com.android.providers.media.module has legacy storage
05-02 20:49:07.151 525 525 V StorageManagerService: Package com.android.emergency does not have legacy storage
05-02 20:49:07.151 525 525 V StorageManagerService: Package com.android.hotspot2.osulogin does not have legacy storage
05-02 20:49:07.152 525 525 V StorageManagerService: Package com.android.internal.systemui.navbar.gestural does not have legacy storage
05-02 20:49:07.152 525 525 V StorageManagerService: Package com.android.location.fused does not have legacy storage
05-02 20:49:07.152 525 525 V StorageManagerService: Package com.android.theme.icon_pack.victor.themepicker does not have legacy storage
05-02 20:49:07.152 525 525 V StorageManagerService: Package com.android.theme.color.orchid does not have legacy storage
05-02 20:49:07.152 525 525 V StorageManagerService: Package com.android.deskclock has legacy storage
05-02 20:49:07.152 525 525 V StorageManagerService: Package com.android.systemui has legacy storage
05-02 20:49:07.152 525 525 V StorageManagerService: Package com.android.theme.color.purple does not have legacy storage
05-02 20:49:07.152 525 525 V StorageManagerService: Package com.android.bluetoothmidiservice does not have legacy storage
05-02 20:49:07.152 525 525 V StorageManagerService: Package com.android.permissioncontroller does not have legacy storage
05-02 20:49:07.152 525 525 V StorageManagerService: Package com.android.traceur does not have legacy storage
05-02 20:49:07.152 525 525 V StorageManagerService: Package com.cpuid.cpu_z does not have legacy storage
05-02 20:49:07.152 525 525 V StorageManagerService: Package com.android.theme.icon_pack.sam.themepicker does not have legacy storage
05-02 20:49:07.152 525 525 V StorageManagerService: Package com.android.bluetooth does not have legacy storage
05-02 20:49:07.152 525 525 V StorageManagerService: Package com.android.providers.contacts does not have legacy storage
05-02 20:49:07.153 525 525 V StorageManagerService: Package com.android.captiveportallogin does not have legacy storage
05-02 20:49:07.153 525 525 V StorageManagerService: Package com.android.theme.icon.roundedrect does not have legacy storage
05-02 20:49:07.153 525 525 V StorageManagerService: Package com.android.internal.systemui.navbar.gestural_narrow_back does not have legacy storage
05-02 20:49:07.153 525 525 V StorageManagerService: Package com.android.theme.icon_pack.rounded.settings does not have legacy storage
05-02 20:49:07.153 525 525 V StorageManagerService: Package com.android.theme.icon_pack.circular.android does not have legacy storage
05-02 20:49:07.153 525 525 D SystemServerTiming: ssm.onStartUser-0_com.android.server.StorageManagerService$Lifecycle took to complete: 47ms
05-02 20:49:07.153 525 525 I SystemServerTiming: ssm.onStartUser-0_com.android.server.usage.StorageStatsService$Lifecycle
05-02 20:49:07.154 525 525 D SystemServerTiming: ssm.onStartUser-0_com.android.server.usage.StorageStatsService$Lifecycle took to complete: 0ms
05-02 20:49:07.154 525 525 I SystemServerTiming: ssm.onStartUser-0_com.android.server.UiModeManagerService
05-02 20:49:07.154 525 525 D SystemServerTiming: ssm.onStartUser-0_com.android.server.UiModeManagerService took to complete: 0ms
05-02 20:49:07.154 525 525 I SystemServerTiming: ssm.onStartUser-0_com.android.server.locksettings.LockSettingsService$Lifecycle
05-02 20:49:07.154 525 525 D SystemServerTiming: ssm.onStartUser-0_com.android.server.locksettings.LockSettingsService$Lifecycle took to complete: 0ms
05-02 20:49:07.154 525 525 I SystemServerTiming: ssm.onStartUser-0_com.android.server.PersistentDataBlockService
05-02 20:49:07.154 525 525 D SystemServerTiming: ssm.onStartUser-0_com.android.server.PersistentDataBlockService took to complete: 0ms
05-02 20:49:07.154 525 525 I SystemServerTiming: ssm.onStartUser-0_com.android.server.testharness.TestHarnessModeService
05-02 20:49:07.154 525 525 D SystemServerTiming: ssm.onStartUser-0_com.android.server.testharness.TestHarnessModeService took to complete: 0ms
05-02 20:49:07.154 525 525 I SystemServerTiming: ssm.onStartUser-0_com.android.server.oemlock.OemLockService
05-02 20:49:07.154 525 525 D SystemServerTiming: ssm.onStartUser-0_com.android.server.oemlock.OemLockService took to complete: 0ms
05-02 20:49:07.154 525 525 I SystemServerTiming: ssm.onStartUser-0_com.android.server.DeviceIdleController
05-02 20:49:07.154 525 525 D SystemServerTiming: ssm.onStartUser-0_com.android.server.DeviceIdleController took to complete: 0ms
05-02 20:49:07.154 525 525 I SystemServerTiming: ssm.onStartUser-0_com.android.server.devicepolicy.DevicePolicyManagerService$Lifecycle
05-02 20:49:07.156 525 553 W ActivityManager: Slow operation: 269ms so far, now at startProcess: returned from zygote!
05-02 20:49:07.156 525 551 I netstats_mobile_sample: [0,0,0,0,0,0,0,0,0,0,0,0,1651524547155]
05-02 20:49:07.156 525 551 I netstats_wifi_sample: [0,0,0,0,0,0,0,0,0,0,0,0,1651524547155]
05-02 20:49:07.159 525 525 D SystemServerTiming: ssm.onStartUser-0_com.android.server.devicepolicy.DevicePolicyManagerService$Lifecycle took to complete: 5ms
05-02 20:49:07.159 525 525 I SystemServerTiming: ssm.onStartUser-0_com.android.server.textservices.TextServicesManagerService$Lifecycle
05-02 20:49:07.160 525 525 D SystemServerTiming: ssm.onStartUser-0_com.android.server.textservices.TextServicesManagerService$Lifecycle took to complete: 0ms
05-02 20:49:07.160 525 525 I SystemServerTiming: ssm.onStartUser-0_com.android.server.textclassifier.TextClassificationManagerService$Lifecycle
05-02 20:49:07.161 525 525 D SystemServerTiming: ssm.onStartUser-0_com.android.server.textclassifier.TextClassificationManagerService$Lifecycle took to complete: 1ms
05-02 20:49:07.161 525 525 I SystemServerTiming: ssm.onStartUser-0_com.android.server.NetworkScoreService$Lifecycle
05-02 20:49:07.161 525 525 D SystemServerTiming: ssm.onStartUser-0_com.android.server.NetworkScoreService$Lifecycle took to complete: 0ms
05-02 20:49:07.161 525 525 I SystemServerTiming: ssm.onStartUser-0_com.android.server.wifi.WifiService
05-02 20:49:07.161 525 525 D SystemServerTiming: ssm.onStartUser-0_com.android.server.wifi.WifiService took to complete: 0ms
05-02 20:49:07.161 525 525 I SystemServerTiming: ssm.onStartUser-0_com.android.server.wifi.scanner.WifiScanningService
05-02 20:49:07.161 525 525 D SystemServerTiming: ssm.onStartUser-0_com.android.server.wifi.scanner.WifiScanningService took to complete: 0ms
05-02 20:49:07.161 525 525 I SystemServerTiming: ssm.onStartUser-0_com.android.server.wifi.p2p.WifiP2pService
05-02 20:49:07.162 525 525 D SystemServerTiming: ssm.onStartUser-0_com.android.server.wifi.p2p.WifiP2pService took to complete: 0ms
05-02 20:49:07.162 525 525 I SystemServerTiming: ssm.onStartUser-0_com.android.server.ethernet.EthernetService
05-02 20:49:07.162 525 525 D SystemServerTiming: ssm.onStartUser-0_com.android.server.ethernet.EthernetService took to complete: 0ms
05-02 20:49:07.162 525 525 I SystemServerTiming: ssm.onStartUser-0_com.android.server.notification.NotificationManagerService
05-02 20:49:07.162 525 525 D SystemServerTiming: ssm.onStartUser-0_com.android.server.notification.NotificationManagerService took to complete: 0ms
05-02 20:49:07.162 525 525 I SystemServerTiming: ssm.onStartUser-0_com.android.server.storage.DeviceStorageMonitorService
05-02 20:49:07.162 525 525 D SystemServerTiming: ssm.onStartUser-0_com.android.server.storage.DeviceStorageMonitorService took to complete: 0ms
05-02 20:49:07.162 525 525 I SystemServerTiming: ssm.onStartUser-0_com.android.server.location.LocationManagerService$Lifecycle
05-02 20:49:07.165 725 725 I service_manager_slow: [21,activity]
05-02 20:49:07.172 525 553 W ActivityManager: Slow operation: 286ms so far, now at startProcess: done updating battery stats
05-02 20:49:07.173 525 553 I am_proc_start: [0,747,1037,WebViewLoader-arm64-v8a,NULL,]
05-02 20:49:07.173 525 553 W ActivityManager: Slow operation: 287ms so far, now at startProcess: building log message
05-02 20:49:07.173 525 553 I ActivityManager: Start proc 747:WebViewLoader-arm64-v8a/1037 [android.webkit.WebViewLibraryLoader$RelroFileCreator] for null
05-02 20:49:07.173 525 553 W ActivityManager: Slow operation: 287ms so far, now at startProcess: starting to update pids map
05-02 20:49:07.173 525 553 W ActivityManager: Slow operation: 287ms so far, now at startProcess: done updating pids map
05-02 20:49:07.173 525 553 W ActivityManager: Slow operation: 137ms so far, now at startProcess: asking zygote to start proc
05-02 20:49:07.174 525 525 D SystemServerTiming: ssm.onStartUser-0_com.android.server.location.LocationManagerService$Lifecycle took to complete: 12ms
05-02 20:49:07.174 525 525 I SystemServerTiming: ssm.onStartUser-0_com.android.server.timedetector.TimeDetectorService$Lifecycle
05-02 20:49:07.174 525 525 D SystemServerTiming: ssm.onStartUser-0_com.android.server.timedetector.TimeDetectorService$Lifecycle took to complete: 0ms
05-02 20:49:07.174 525 525 I SystemServerTiming: ssm.onStartUser-0_com.android.server.timezonedetector.TimeZoneDetectorService$Lifecycle
05-02 20:49:07.174 525 525 D SystemServerTiming: ssm.onStartUser-0_com.android.server.timezonedetector.TimeZoneDetectorService$Lifecycle took to complete: 0ms
05-02 20:49:07.174 525 525 I SystemServerTiming: ssm.onStartUser-0_com.android.server.search.SearchManagerService$Lifecycle
05-02 20:49:07.175 525 525 D SystemServerTiming: ssm.onStartUser-0_com.android.server.search.SearchManagerService$Lifecycle took to complete: 0ms
05-02 20:49:07.175 525 525 I SystemServerTiming: ssm.onStartUser-0_com.android.server.wallpaper.WallpaperManagerService$Lifecycle
05-02 20:49:07.175 525 525 D SystemServerTiming: ssm.onStartUser-0_com.android.server.wallpaper.WallpaperManagerService$Lifecycle took to complete: 0ms
05-02 20:49:07.175 525 525 I SystemServerTiming: ssm.onStartUser-0_com.android.server.audio.AudioService$Lifecycle
05-02 20:49:07.175 525 525 D SystemServerTiming: ssm.onStartUser-0_com.android.server.audio.AudioService$Lifecycle took to complete: 0ms
05-02 20:49:07.175 525 525 I SystemServerTiming: ssm.onStartUser-0_com.android.server.soundtrigger_middleware.SoundTriggerMiddlewareService$Lifecycle
05-02 20:49:07.175 525 525 D SystemServerTiming: ssm.onStartUser-0_com.android.server.soundtrigger_middleware.SoundTriggerMiddlewareService$Lifecycle took to complete: 0ms
05-02 20:49:07.175 525 525 I SystemServerTiming: ssm.onStartUser-0_com.android.server.DockObserver
05-02 20:49:07.175 525 525 D SystemServerTiming: ssm.onStartUser-0_com.android.server.DockObserver took to complete: 0ms
05-02 20:49:07.175 525 525 I SystemServerTiming: ssm.onStartUser-0_com.android.server.midi.MidiService$Lifecycle
05-02 20:49:07.175 525 525 D SystemServerTiming: ssm.onStartUser-0_com.android.server.midi.MidiService$Lifecycle took to complete: 0ms
05-02 20:49:07.175 525 525 I SystemServerTiming: ssm.onStartUser-0_com.android.server.adb.AdbService$Lifecycle
05-02 20:49:07.175 525 525 D SystemServerTiming: ssm.onStartUser-0_com.android.server.adb.AdbService$Lifecycle took to complete: 0ms
05-02 20:49:07.175 525 525 I SystemServerTiming: ssm.onStartUser-0_com.android.server.usb.UsbService$Lifecycle
05-02 20:49:07.175 525 525 D SystemServerTiming: ssm.onStartUser-0_com.android.server.usb.UsbService$Lifecycle took to complete: 0ms
05-02 20:49:07.175 525 525 I SystemServerTiming: ssm.onStartUser-0_com.android.server.twilight.TwilightService
05-02 20:49:07.175 525 525 D SystemServerTiming: ssm.onStartUser-0_com.android.server.twilight.TwilightService took to complete: 0ms
05-02 20:49:07.175 525 525 I SystemServerTiming: ssm.onStartUser-0_com.android.server.display.color.ColorDisplayService
05-02 20:49:07.176 525 525 D SystemServerTiming: ssm.onStartUser-0_com.android.server.display.color.ColorDisplayService took to complete: 1ms
05-02 20:49:07.176 525 525 I SystemServerTiming: ssm.onStartUser-0_com.android.server.job.JobSchedulerService
05-02 20:49:07.177 525 525 D SystemServerTiming: ssm.onStartUser-0_com.android.server.job.JobSchedulerService took to complete: 0ms
05-02 20:49:07.177 525 525 I SystemServerTiming: ssm.onStartUser-0_com.android.server.soundtrigger.SoundTriggerService
05-02 20:49:07.177 525 525 D SystemServerTiming: ssm.onStartUser-0_com.android.server.soundtrigger.SoundTriggerService took to complete: 0ms
05-02 20:49:07.177 525 525 I SystemServerTiming: ssm.onStartUser-0_com.android.server.trust.TrustManagerService
05-02 20:49:07.177 525 525 D SystemServerTiming: ssm.onStartUser-0_com.android.server.trust.TrustManagerService took to complete: 0ms
05-02 20:49:07.177 525 525 I SystemServerTiming: ssm.onStartUser-0_com.android.server.backup.BackupManagerService$Lifecycle
05-02 20:49:07.177 525 525 D SystemServerTiming: ssm.onStartUser-0_com.android.server.backup.BackupManagerService$Lifecycle took to complete: 0ms
05-02 20:49:07.177 525 525 I SystemServerTiming: ssm.onStartUser-0_com.android.server.appwidget.AppWidgetService
05-02 20:49:07.177 525 525 D SystemServerTiming: ssm.onStartUser-0_com.android.server.appwidget.AppWidgetService took to complete: 0ms
05-02 20:49:07.177 525 525 I SystemServerTiming: ssm.onStartUser-0_com.android.server.role.RoleManagerService
05-02 20:49:07.178 525 588 I am_proc_bound: [0,725,WebViewLoader-armeabi-v7a]
05-02 20:49:07.192 525 588 I am_uid_active: 1037
05-02 20:49:07.194 525 553 W ActivityManager: Slow operation: 158ms so far, now at startProcess: returned from zygote!
05-02 20:49:07.194 525 553 W ActivityManager: Slow operation: 158ms so far, now at startProcess: done updating battery stats
05-02 20:49:07.194 525 553 I am_proc_start: [0,768,1073,com.android.networkstack.process,service,{com.android.networkstack/com.android.server.NetworkStackService}]
05-02 20:49:07.195 525 553 W ActivityManager: Slow operation: 159ms so far, now at startProcess: building log message
05-02 20:49:07.195 525 553 I ActivityManager: Start proc 768:com.android.networkstack.process/1073 for service {com.android.networkstack/com.android.server.NetworkStackService}
05-02 20:49:07.195 525 553 W ActivityManager: Slow operation: 159ms so far, now at startProcess: starting to update pids map
05-02 20:49:07.195 525 553 W ActivityManager: Slow operation: 159ms so far, now at startProcess: done updating pids map
05-02 20:49:07.196 525 525 D SystemServerTiming: ssm.onStartUser-0_com.android.server.role.RoleManagerService took to complete: 19ms
05-02 20:49:07.196 525 525 I SystemServerTiming: ssm.onStartUser-0_com.android.server.voiceinteraction.VoiceInteractionManagerService
05-02 20:49:07.196 525 525 W VoiceInteractionManager: no available voice recognition services found for user 0
05-02 20:49:07.196 525 525 D SystemServerTiming: ssm.onStartUser-0_com.android.server.voiceinteraction.VoiceInteractionManagerService took to complete: 0ms
05-02 20:49:07.196 525 525 I SystemServerTiming: ssm.onStartUser-0_com.android.server.GestureLauncherService
05-02 20:49:07.196 525 525 D SystemServerTiming: ssm.onStartUser-0_com.android.server.GestureLauncherService took to complete: 0ms
05-02 20:49:07.196 525 525 I SystemServerTiming: ssm.onStartUser-0_com.android.server.SensorNotificationService
05-02 20:49:07.198 525 525 D SystemServerTiming: ssm.onStartUser-0_com.android.server.SensorNotificationService took to complete: 1ms
05-02 20:49:07.198 525 525 I SystemServerTiming: ssm.onStartUser-0_com.android.server.emergency.EmergencyAffordanceService
05-02 20:49:07.198 525 525 D SystemServerTiming: ssm.onStartUser-0_com.android.server.emergency.EmergencyAffordanceService took to complete: 0ms
05-02 20:49:07.198 525 525 I SystemServerTiming: ssm.onStartUser-0_com.android.server.dreams.DreamManagerService
05-02 20:49:07.198 525 525 D SystemServerTiming: ssm.onStartUser-0_com.android.server.dreams.DreamManagerService took to complete: 0ms
05-02 20:49:07.198 525 525 I SystemServerTiming: ssm.onStartUser-0_com.android.server.print.PrintManagerService
05-02 20:49:07.198 525 525 D SystemServerTiming: ssm.onStartUser-0_com.android.server.print.PrintManagerService took to complete: 0ms
05-02 20:49:07.198 525 525 I SystemServerTiming: ssm.onStartUser-0_com.android.server.companion.CompanionDeviceManagerService
05-02 20:49:07.198 525 525 D SystemServerTiming: ssm.onStartUser-0_com.android.server.companion.CompanionDeviceManagerService took to complete: 0ms
05-02 20:49:07.199 525 525 I SystemServerTiming: ssm.onStartUser-0_com.android.server.restrictions.RestrictionsManagerService
05-02 20:49:07.199 525 525 D SystemServerTiming: ssm.onStartUser-0_com.android.server.restrictions.RestrictionsManagerService took to complete: 0ms
05-02 20:49:07.199 525 525 I SystemServerTiming: ssm.onStartUser-0_com.android.server.media.MediaSessionService
05-02 20:49:07.199 525 525 D SystemServerTiming: ssm.onStartUser-0_com.android.server.media.MediaSessionService took to complete: 0ms
05-02 20:49:07.199 525 525 I SystemServerTiming: ssm.onStartUser-0_com.android.server.media.MediaResourceMonitorService
05-02 20:49:07.199 525 525 D SystemServerTiming: ssm.onStartUser-0_com.android.server.media.MediaResourceMonitorService took to complete: 0ms
05-02 20:49:07.200 525 525 I SystemServerTiming: ssm.onStartUser-0_com.android.server.blob.BlobStoreManagerService
05-02 20:49:07.200 525 525 D SystemServerTiming: ssm.onStartUser-0_com.android.server.blob.BlobStoreManagerService took to complete: 0ms
05-02 20:49:07.200 525 525 I SystemServerTiming: ssm.onStartUser-0_com.android.server.biometrics.BiometricService
05-02 20:49:07.200 525 525 D SystemServerTiming: ssm.onStartUser-0_com.android.server.biometrics.BiometricService took to complete: 0ms
05-02 20:49:07.200 525 525 I SystemServerTiming: ssm.onStartUser-0_com.android.server.biometrics.AuthService
05-02 20:49:07.200 525 525 D SystemServerTiming: ssm.onStartUser-0_com.android.server.biometrics.AuthService took to complete: 0ms
05-02 20:49:07.200 525 525 I SystemServerTiming: ssm.onStartUser-0_com.android.server.pm.ShortcutService$Lifecycle
05-02 20:49:07.200 525 525 D SystemServerTiming: ssm.onStartUser-0_com.android.server.pm.ShortcutService$Lifecycle took to complete: 0ms
05-02 20:49:07.200 525 525 I SystemServerTiming: ssm.onStartUser-0_com.android.server.pm.LauncherAppsService
05-02 20:49:07.200 525 525 D SystemServerTiming: ssm.onStartUser-0_com.android.server.pm.LauncherAppsService took to complete: 0ms
05-02 20:49:07.202 525 525 I SystemServerTiming: ssm.onStartUser-0_com.android.server.pm.CrossProfileAppsService
05-02 20:49:07.203 525 525 D SystemServerTiming: ssm.onStartUser-0_com.android.server.pm.CrossProfileAppsService took to complete: 0ms
05-02 20:49:07.203 525 525 I SystemServerTiming: ssm.onStartUser-0_com.android.server.people.PeopleService
05-02 20:49:07.203 525 525 D SystemServerTiming: ssm.onStartUser-0_com.android.server.people.PeopleService took to complete: 0ms
05-02 20:49:07.203 525 525 I SystemServerTiming: ssm.onStartUser-0_com.android.server.media.projection.MediaProjectionManagerService
05-02 20:49:07.203 525 525 D SystemServerTiming: ssm.onStartUser-0_com.android.server.media.projection.MediaProjectionManagerService took to complete: 0ms
