05-02 20:49:09.047 1062 1062 F DEBUG : #07 0x0000e8ef4989659b /system/lib64/android.hardware.bluetooth@1.0.so+0x000000000001059b
05-02 20:49:09.047 1062 1062 F DEBUG : #08 0x0000e8ef49be86a3 /system/lib64/libbluetooth.so+0x00000000002666a3
05-02 20:49:09.047 1062 1062 F DEBUG : #09 0x0000e8ef4a0a58a3 /system/lib64/libchrome.so+0x000000000009e8a3
05-02 20:49:09.047 1062 1062 F DEBUG : #10 0x0000e8ef4a0c6027 /system/lib64/libchrome.so+0x00000000000bf027
05-02 20:49:09.047 1062 1062 F DEBUG : #11 0x0000e8ef4a0c63d3 /system/lib64/libchrome.so+0x00000000000bf3d3
05-02 20:49:09.047 1062 1062 F DEBUG : #12 0x0000e8ef4a0c7bd3 /system/lib64/libchrome.so+0x00000000000c0bd3
05-02 20:49:09.047 1062 1062 F DEBUG : #13 0x0000e8ef4a0ea277 /system/lib64/libchrome.so+0x00000000000e3277
05-02 20:49:09.047 1062 1062 F DEBUG : #14 0x0000e8ef49b2540f /system/lib64/libbluetooth.so+0x00000000001a340f
05-02 20:49:09.047 1062 1062 F DEBUG : #15 0x0000e8ef49b24f53 /system/lib64/libbluetooth.so+0x00000000001a2f53
05-02 20:49:09.047 1062 1062 F DEBUG : #16 0x0000e8ef49b25917 /system/lib64/libbluetooth.so+0x00000000001a3917
05-02 20:49:09.047 1062 1062 F DEBUG : #17 0x0000e8f1c648ec0b /apex/com.android.runtime/lib64/bionic/libc.so+0x00000000000b0c0b
05-02 20:49:09.047 1062 1062 F DEBUG : #18 0x0000e8f1c642e5d3 /apex/com.android.runtime/lib64/bionic/libc.so+0x00000000000505d3
05-02 20:49:09.047 1062 1062 F DEBUG : #19 0xffffffffffffffff
05-02 20:49:09.047 1062 1062 F DEBUG :
05-02 20:49:09.047 1062 1062 F DEBUG : '
05-02 20:49:09.047 1062 1062 F DEBUG : x0 0000000000000000 x1 00000000000003ee x2 0000000000000006 x3 0000e8ef39932610
05-02 20:49:09.047 1062 1062 F DEBUG : x4 53736d647543ff6f x5 53736d647543ff6f x6 53736d647543ff6f x7 7f7f7f7f7f7f7f7f
05-02 20:49:09.047 1062 1062 F DEBUG : x8 00000000000000f0 x9 0000e8f1c63fe7e0 x10 ffffff80fffffbdf x11 0000000000000001
05-02 20:49:09.047 1062 1062 F DEBUG : x12 0000e8ef39931420 x13 000000000000061d x14 0000e8ef399314d0 x15 00000000106a2ccc
05-02 20:49:09.047 1062 1062 F DEBUG : x16 0000e8f1c6497c80 x17 0000e8f1c64793c0 x18 0000e8ef39786028 x19 00000000000000ac
05-02 20:49:09.047 1062 1062 F DEBUG : x20 00000000000002a1 x21 00000000000000b2 x22 00000000000003ee x23 00000000ffffffff
05-02 20:49:09.047 1062 1062 F DEBUG : x24 0000e8ef4a134000 x25 0000e8f1c649af28 x26 0000e8ef39934000 x27 0000e8ef39932708
05-02 20:49:09.047 1062 1062 F DEBUG : x28 00000000000002a1 x29 0000e8ef39932690
05-02 20:49:09.047 1062 1062 F DEBUG : lr 0000e8f1c642c544 sp 0000e8ef399325f0 pc 0000e8f1c642c574 pst 0000000000000000
05-02 20:49:09.069 887 887 D DCT-C-0 : Adding emergency APN : [ApnSettingV7] Emergency, 0, null, sos, null, null, null, null, null, 0, emergency, IPV4V6, IPV4V6, false, 0, false, 0, 0, 0, 0, null, null, false, 135168, -1, -1, -1
05-02 20:49:09.075 887 887 D m.android.phon: DCT.constructor
05-02 20:49:09.090 887 887 D Dcc-I-0 : E ctor
05-02 20:49:09.090 887 887 D Dcc-I-0 : X ctor
05-02 20:49:09.090 887 887 D DcTesterDeacativateAll: register for intent action=com.android.internal.telephony.dataconnection.action_deactivate_all
05-02 20:49:09.091 887 887 D DcTesterDeacativateAll: register for intent action=com.android.internal.telephony.action_detached
05-02 20:49:09.093 887 887 D DcTesterFailBrinupAll: register for intent action=com.android.internal.telephony.dataconnection.action_fail_bringup
05-02 20:49:09.093 887 887 D DcTesterFailBrinupAll: register for intent action=com.android.internal.telephony.action_detached
05-02 20:49:09.093 887 887 D DcTesterFailBrinupAll: register for intent action=com.android.internal.telephony.action_attached
05-02 20:49:09.100 887 887 W CarrierConfigManager: Error getting config for subId -1 ICarrierConfigLoader is null
05-02 20:49:09.100 887 887 D DCT-I-0 : initApnContexts: E
05-02 20:49:09.101 887 887 W ApnConfigTypeRepository: carrier config is null
05-02 20:49:09.105 887 887 D DCT-I-0 : initApnContexts: apnContext=hipri
05-02 20:49:09.106 887 887 D DCT-I-0 : initApnContexts: apnContext=fota
05-02 20:49:09.106 887 887 D DCT-I-0 : initApnContexts: apnContext=ims
05-02 20:49:09.106 887 887 D DCT-I-0 : initApnContexts: apnContext=cbs
05-02 20:49:09.106 887 887 D DCT-I-0 : initApnContexts: apnContext=ia
05-02 20:49:09.106 887 887 D DCT-I-0 : initApnContexts: apnContext=emergency
05-02 20:49:09.106 887 887 D DCT-I-0 : initApnContexts: apnContext=mcx
05-02 20:49:09.106 887 887 D DCT-I-0 : initApnContexts: apnContext=xcap
05-02 20:49:09.107 887 887 D DCT-I-0 : initApnContexts: apnContext=default
05-02 20:49:09.107 887 887 D DCT-I-0 : initApnContexts: apnContext=mms
05-02 20:49:09.107 887 887 D DCT-I-0 : initApnContexts: apnContext=supl
05-02 20:49:09.107 887 887 D DCT-I-0 : initApnContexts: apnContext=dun
05-02 20:49:09.131 1062 1062 F DEBUG : backtrace:
05-02 20:49:09.131 1062 1062 F DEBUG : #00 pc 000000000004e574 /apex/com.android.runtime/lib64/bionic/libc.so (abort+180) (BuildId: 2338ca8a340db969666f0073f3371d96)
05-02 20:49:09.131 1062 1062 F DEBUG : #01 pc 000000000009d7e4 /system/lib64/libchrome.so (base::debug::BreakDebugger()+20) (BuildId: d09629fde1649584555f8bdbb82b7e43)
05-02 20:49:09.131 1062 1062 F DEBUG : #02 pc 00000000000b77d0 /system/lib64/libchrome.so (logging::LogMessage::~LogMessage()+1312) (BuildId: d09629fde1649584555f8bdbb82b7e43)
05-02 20:49:09.131 1062 1062 F DEBUG : #03 pc 0000000000266cb0 /system/lib64/libbluetooth.so (BluetoothHciCallbacks::initializationComplete(android::hardware::bluetooth::V1_0::Status)+120) (BuildId: 87cc65273a2f0dc4def578e33d2562c2)
05-02 20:49:09.131 1062 1062 F DEBUG : #04 pc 000000000001b578 /system/lib64/android.hardware.bluetooth@1.0.so (android::hardware::bluetooth::V1_0::BnHwBluetoothHciCallbacks::_hidl_initializationComplete(android::hidl::base::V1_0::BnHwBase*, android::hardware::Parcel const&, android::hardware::Parcel*, std::__1::function)+184) (BuildId: 0296ed46349be614c375cae0f90266ff)
05-02 20:49:09.131 1062 1062 F DEBUG : #05 pc 000000000001bc38 /system/lib64/android.hardware.bluetooth@1.1.so (android::hardware::bluetooth::V1_1::BnHwBluetoothHciCallbacks::onTransact(unsigned int, android::hardware::Parcel const&, android::hardware::Parcel*, unsigned int, std::__1::function)+552) (BuildId: 487535fb4e5d76b170fabe39fc61ca32)
05-02 20:49:09.132 1062 1062 F DEBUG : #06 pc 0000000000094898 /system/lib64/libhidlbase.so (android::hardware::BHwBinder::transact(unsigned int, android::hardware::Parcel const&, android::hardware::Parcel*, unsigned int, std::__1::function)+72) (BuildId: d936c383e6af0d8aee8ac56dcdfe7291)
05-02 20:49:09.132 1062 1062 F DEBUG : #07 pc 000000000009a7a8 /system/lib64/libhidlbase.so (android::hardware::IPCThreadState::transact(int, unsigned int, android::hardware::Parcel const&, android::hardware::Parcel*, unsigned int)+2272) (BuildId: d936c383e6af0d8aee8ac56dcdfe7291)
05-02 20:49:09.132 1062 1062 F DEBUG : #08 pc 00000000000954b4 /system/lib64/libhidlbase.so (android::hardware::BpHwBinder::transact(unsigned int, android::hardware::Parcel const&, android::hardware::Parcel*, unsigned int, std::__1::function)+76) (BuildId: d936c383e6af0d8aee8ac56dcdfe7291)
05-02 20:49:09.132 1062 1062 F DEBUG : #09 pc 0000000000010598 /system/lib64/android.hardware.bluetooth@1.0.so (android::hardware::bluetooth::V1_0::BpHwBluetoothHci::_hidl_initialize(android::hardware::IInterface*, android::hardware::details::HidlInstrumentor*, android::sp const&)+368) (BuildId: 0296ed46349be614c375cae0f90266ff)
05-02 20:49:09.132 1062 1062 F DEBUG : #10 pc 00000000002666a0 /system/lib64/libbluetooth.so (hci_initialize()+856) (BuildId: 87cc65273a2f0dc4def578e33d2562c2)
05-02 20:49:09.132 1062 1062 F DEBUG : #11 pc 000000000009e8a0 /system/lib64/libchrome.so (base::debug::TaskAnnotator::RunTask(char const*, base::PendingTask*)+192) (BuildId: d09629fde1649584555f8bdbb82b7e43)
05-02 20:49:09.132 1062 1062 F DEBUG : #12 pc 00000000000bf024 /system/lib64/libchrome.so (base::MessageLoop::RunTask(base::PendingTask*)+324) (BuildId: d09629fde1649584555f8bdbb82b7e43)
05-02 20:49:09.132 1062 1062 F DEBUG : #13 pc 00000000000bf3d0 /system/lib64/libchrome.so (base::MessageLoop::DoWork()+464) (BuildId: d09629fde1649584555f8bdbb82b7e43)
05-02 20:49:09.132 1062 1062 F DEBUG : #14 pc 00000000000c0bd0 /system/lib64/libchrome.so (base::MessagePumpDefault::Run(base::MessagePump::Delegate*)+104) (BuildId: d09629fde1649584555f8bdbb82b7e43)
05-02 20:49:09.132 1062 1062 F DEBUG : #15 pc 00000000000e3274 /system/lib64/libchrome.so (base::RunLoop::Run()+84) (BuildId: d09629fde1649584555f8bdbb82b7e43)
05-02 20:49:09.132 1062 1062 F DEBUG : #16 pc 00000000001a340c /system/lib64/libbluetooth.so (bluetooth::common::MessageLoopThread::Run(std::__1::promise)+268) (BuildId: 87cc65273a2f0dc4def578e33d2562c2)
05-02 20:49:09.132 1062 1062 F DEBUG : #17 pc 00000000001a2f50 /system/lib64/libbluetooth.so (bluetooth::common::MessageLoopThread::RunThread(bluetooth::common::MessageLoopThread*, std::__1::promise)+48) (BuildId: 87cc65273a2f0dc4def578e33d2562c2)
05-02 20:49:09.132 1062 1062 F DEBUG : #18 pc 00000000001a3914 /system/lib64/libbluetooth.so (void* std::__1::__thread_proxy >, void (*)(bluetooth::common::MessageLoopThread*, std::__1::promise), bluetooth::common::MessageLoopThread*, std::__1::promise > >(void*)+84) (BuildId: 87cc65273a2f0dc4def578e33d2562c2)
05-02 20:49:09.132 1062 1062 F DEBUG : #19 pc 00000000000b0c08 /apex/com.android.runtime/lib64/bionic/libc.so (__pthread_start(void*)+64) (BuildId: 2338ca8a340db969666f0073f3371d96)
05-02 20:49:09.132 1062 1062 F DEBUG : #20 pc 00000000000505d0 /apex/com.android.runtime/lib64/bionic/libc.so (__start_thread+64) (BuildId: 2338ca8a340db969666f0073f3371d96)
05-02 20:49:09.143 887 887 D DCT-I-0 : Adding emergency APN : [ApnSettingV7] Emergency, 0, null, sos, null, null, null, null, null, 0, emergency, IPV4V6, IPV4V6, false, 0, false, 0, 0, 0, 0, null, null, false, 135168, -1, -1, -1
05-02 20:49:09.145 887 887 D CarrierResolver: Creating CarrierResolver[0]
05-02 20:49:09.150 525 544 I DropBoxManagerService: add tag=system_app_strictmode isTagEnabled=true flags=0x2
05-02 20:49:09.166 887 887 D SST : [0] notifyVoiceRegStateRilRadioTechnologyChanged: vrs=1 rat=0
05-02 20:49:09.174 887 887 I GsmCdmaPhone: [0] updateTtyMode ttyMode=0
05-02 20:49:09.192 887 887 D RILJ : [0006]> RIL_REQUEST_SET_TTY_MODE ttyMode = 0 [PHONE0]
05-02 20:49:09.193 438 438 D RILC : setTTYMode: serial 6
05-02 20:49:09.193 438 438 D RIL : onRequest: 80, SET_TTY_MODE datalen: 4, data 0xb400ec52f28d33d0
05-02 20:49:09.193 438 438 D RILC : RequestComplete, RIL_SOCKET_1
05-02 20:49:09.193 438 438 E RILC : Calling responseFunction() for token 6
05-02 20:49:09.193 438 438 D RILC : setTTYModeResponse: serial 6
05-02 20:49:09.194 887 1002 D RILJ : [0006]< RIL_REQUEST_SET_TTY_MODE error 1 [PHONE0]
05-02 20:49:09.194 887 1002 D RilRequest: [0006]< RIL_REQUEST_SET_TTY_MODE error: com.android.internal.telephony.CommandException: RADIO_NOT_AVAILABLE ret=
05-02 20:49:09.199 887 887 I GsmCdmaPhone: [0] updateUiTtyMode ttyMode=0
05-02 20:49:09.199 887 887 D CallManager: registerPhone(GSM Handler (com.android.internal.telephony.GsmCdmaPhone) {21e387})
05-02 20:49:09.200 1062 1062 I auditd : type=1400 audit(0.0:287): avc: denied { open } for comm="crash_dump64" path="/dev/__properties__/u:object_r:hwservicemanager_prop:s0" dev="tmpfs" ino=154 scontext=u:r:crash_dump:s0 tcontext=u:object_r:hwservicemanager_prop:s0 tclass=file permissive=1
05-02 20:49:09.200 1062 1062 I auditd : type=1400 audit(0.0:288): avc: denied { getattr } for comm="crash_dump64" path="/dev/__properties__/u:object_r:hwservicemanager_prop:s0" dev="tmpfs" ino=154 scontext=u:r:crash_dump:s0 tcontext=u:object_r:hwservicemanager_prop:s0 tclass=file permissive=1
05-02 20:49:09.200 1062 1062 I auditd : type=1400 audit(0.0:289): avc: denied { map } for comm="crash_dump64" path="/dev/__properties__/u:object_r:hwservicemanager_prop:s0" dev="tmpfs" ino=154 scontext=u:r:crash_dump:s0 tcontext=u:object_r:hwservicemanager_prop:s0 tclass=file permissive=1
05-02 20:49:09.200 1062 1062 I auditd : type=1400 audit(0.0:290): avc: denied { open } for comm="crash_dump64" path="/dev/__properties__/u:object_r:bluetooth_a2dp_offload_prop:s0" dev="tmpfs" ino=69 scontext=u:r:crash_dump:s0 tcontext=u:object_r:bluetooth_a2dp_offload_prop:s0 tclass=file permissive=1
05-02 20:49:09.200 1062 1062 I auditd : type=1400 audit(0.0:291): avc: denied { getattr } for comm="crash_dump64" path="/dev/__properties__/u:object_r:bluetooth_a2dp_offload_prop:s0" dev="tmpfs" ino=69 scontext=u:r:crash_dump:s0 tcontext=u:object_r:bluetooth_a2dp_offload_prop:s0 tclass=file permissive=1
05-02 20:49:09.200 1062 1062 I auditd : type=1400 audit(0.0:292): avc: denied { map } for comm="crash_dump64" path="/dev/__properties__/u:object_r:bluetooth_a2dp_offload_prop:s0" dev="tmpfs" ino=69 scontext=u:r:crash_dump:s0 tcontext=u:object_r:bluetooth_a2dp_offload_prop:s0 tclass=file permissive=1
05-02 20:49:09.200 887 887 D GsmCdmaPhone: [0] GsmCdmaPhone: constructor: sub = 0
05-02 20:49:09.208 685 685 D SystemUIBootTiming: StartServicescom.android.systemui.volume.VolumeUI took to complete: 389ms
05-02 20:49:09.209 685 685 D SystemUIBootTiming: StartServicescom.android.systemui.stackdivider.Divider took to complete: 0ms
05-02 20:49:09.228 461 461 I auditd : type=1400 audit(0.0:293): avc: denied { ioctl } for comm="gpsd" path="/dev/ttymxc1" dev="tmpfs" ino=245 ioctlcmd=0x5401 scontext=u:r:gpsd:s0 tcontext=u:object_r:gps_device:s0 tclass=chr_file permissive=1
05-02 20:49:09.228 685 1029 I sysui_multi_action: [757,213,758,4,759,-1]
05-02 20:49:09.236 1062 1062 I auditd : type=1400 audit(0.0:294): avc: denied { open } for comm="crash_dump64" path="/dev/__properties__/u:object_r:bluetooth_prop:s0" dev="tmpfs" ino=71 scontext=u:r:crash_dump:s0 tcontext=u:object_r:bluetooth_prop:s0 tclass=file permissive=1
05-02 20:49:09.236 1062 1062 I auditd : type=1400 audit(0.0:295): avc: denied { getattr } for comm="crash_dump64" path="/dev/__properties__/u:object_r:bluetooth_prop:s0" dev="tmpfs" ino=71 scontext=u:r:crash_dump:s0 tcontext=u:object_r:bluetooth_prop:s0 tclass=file permissive=1
05-02 20:49:09.236 1062 1062 I auditd : type=1400 audit(0.0:296): avc: denied { map } for comm="crash_dump64" path="/dev/__properties__/u:object_r:bluetooth_prop:s0" dev="tmpfs" ino=71 scontext=u:r:crash_dump:s0 tcontext=u:object_r:bluetooth_prop:s0 tclass=file permissive=1
05-02 20:49:09.238 887 887 I PhoneFactory: defaultSmsApplication: com.android.messaging
05-02 20:49:09.240 887 887 I PhoneFactory: Creating SubInfoRecordUpdater
05-02 20:49:09.244 1062 1062 I auditd : type=1400 audit(0.0:297): avc: denied { open } for comm="crash_dump64" path="/dev/__properties__/u:object_r:device_config_runtime_native_prop:s0" dev="tmpfs" ino=112 scontext=u:r:crash_dump:s0 tcontext=u:object_r:device_config_runtime_native_prop:s0 tclass=file permissive=1
05-02 20:49:09.244 1062 1062 I auditd : type=1400 audit(0.0:298): avc: denied { getattr } for comm="crash_dump64" path="/dev/__properties__/u:object_r:device_config_runtime_native_prop:s0" dev="tmpfs" ino=112 scontext=u:r:crash_dump:s0 tcontext=u:object_r:device_config_runtime_native_prop:s0 tclass=file permissive=1
05-02 20:49:09.244 1062 1062 I auditd : type=1400 audit(0.0:299): avc: denied { map } for comm="crash_dump64" path="/dev/__properties__/u:object_r:device_config_runtime_native_prop:s0" dev="tmpfs" ino=112 scontext=u:r:crash_dump:s0 tcontext=u:object_r:device_config_runtime_native_prop:s0 tclass=file permissive=1
05-02 20:49:09.250 525 544 I DropBoxManagerService: add tag=system_app_strictmode isTagEnabled=true flags=0x2
05-02 20:49:09.256 525 544 I chatty : uid=1000(system) android.io identical 1 line
05-02 20:49:09.263 525 544 I DropBoxManagerService: add tag=system_app_strictmode isTagEnabled=true flags=0x2
05-02 20:49:09.266 887 887 D SubscriptionInfoUpdater: Constructor invoked
05-02 20:49:09.276 1062 1062 I auditd : type=1400 audit(0.0:300): avc: denied { open } for comm="crash_dump64" path="/dev/__properties__/u:object_r:media_variant_prop:s0" dev="tmpfs" ino=167 scontext=u:r:crash_dump:s0 tcontext=u:object_r:media_variant_prop:s0 tclass=file permissive=1
05-02 20:49:09.276 1062 1062 I auditd : type=1400 audit(0.0:301): avc: denied { getattr } for comm="crash_dump64" path="/dev/__properties__/u:object_r:media_variant_prop:s0" dev="tmpfs" ino=167 scontext=u:r:crash_dump:s0 tcontext=u:object_r:media_variant_prop:s0 tclass=file permissive=1
05-02 20:49:09.276 1062 1062 I auditd : type=1400 audit(0.0:302): avc: denied { map } for comm="crash_dump64" path="/dev/__properties__/u:object_r:media_variant_prop:s0" dev="tmpfs" ino=167 scontext=u:r:crash_dump:s0 tcontext=u:object_r:media_variant_prop:s0 tclass=file permissive=1
05-02 20:49:09.302 887 887 I PhoneFactory: IMS is not supported on this device, skipping ImsResolver.
05-02 20:49:09.307 525 811 D TelephonyRegistry: listen oscl: mHasNotifySubscriptionInfoChangedOccurred==false no callback
05-02 20:49:09.312 1062 1062 I auditd : type=1400 audit(0.0:303): avc: denied { read } for comm="crash_dump64" name="bluetooth_db-shm" dev="dm-5" ino=32752 scontext=u:r:crash_dump:s0 tcontext=u:object_r:bluetooth_data_file:s0 tclass=file permissive=1
05-02 20:49:09.312 1062 1062 I auditd : type=1400 audit(0.0:304): avc: denied { open } for comm="crash_dump64" path="/data/user_de/0/com.android.bluetooth/databases/bluetooth_db-shm" dev="dm-5" ino=32752 scontext=u:r:crash_dump:s0 tcontext=u:object_r:bluetooth_data_file:s0 tclass=file permissive=1
05-02 20:49:09.312 1062 1062 I auditd : type=1400 audit(0.0:305): avc: denied { getattr } for comm="crash_dump64" path="/data/user_de/0/com.android.bluetooth/databases/bluetooth_db-shm" dev="dm-5" ino=32752 scontext=u:r:crash_dump:s0 tcontext=u:object_r:bluetooth_data_file:s0 tclass=file permissive=1
05-02 20:49:09.312 1062 1062 I auditd : type=1400 audit(0.0:306): avc: denied { map } for comm="crash_dump64" path="/data/user_de/0/com.android.bluetooth/databases/bluetooth_db-shm" dev="dm-5" ino=32752 scontext=u:r:crash_dump:s0 tcontext=u:object_r:bluetooth_data_file:s0 tclass=file permissive=1
05-02 20:49:09.316 525 619 D ConnectivityService: Got NetworkProvider Messenger for PhoneSwitcherNetworkRequstListener
05-02 20:49:09.324 525 544 I DropBoxManagerService: add tag=system_app_strictmode isTagEnabled=true flags=0x2
05-02 20:49:09.326 887 887 D PhoneSwitcher: PhoneSwitcher started
05-02 20:49:09.341 887 887 D ProxyController: Constructor - Enter
05-02 20:49:09.343 525 544 I chatty : uid=1000(system) android.io identical 1 line
05-02 20:49:09.349 887 887 D ProxyController: clearTransaction
05-02 20:49:09.349 887 887 D ProxyController: clearTransaction: phoneId=0 status=IDLE
05-02 20:49:09.349 887 887 D ProxyController: Constructor - Exit
05-02 20:49:09.371 525 544 I DropBoxManagerService: add tag=system_app_strictmode isTagEnabled=true flags=0x2
05-02 20:49:09.376 525 824 D TelephonyRegistry: listen oscl: mHasNotifySubscriptionInfoChangedOccurred==false no callback
05-02 20:49:09.377 887 887 D TelephonyNetworkFactory[0]: Registering NetworkFactory
05-02 20:49:09.378 525 619 D ConnectivityService: Got NetworkProvider Messenger for TelephonyNetworkFactory[0]
05-02 20:49:09.414 887 1077 W ActivityThread: Failed to find provider info for com.android.contacts (user not unlocked)
05-02 20:49:09.426 525 811 D BluetoothManagerService: Trying to bind to profile: 1, while Bluetooth was disabled
05-02 20:49:09.428 525 824 D TelephonyRegistry: listen oscl: mHasNotifySubscriptionInfoChangedOccurred==false no callback
05-02 20:49:09.430 887 887 D CallManager: registerForMmiComplete
05-02 20:49:09.431 887 887 D NewNitzStateMachineImpl: handleAirplaneModeChanged(false): mLatestNitzSignal was already null. Nothing to do.
05-02 20:49:09.443 525 811 D TelephonyRegistry: listen oscl: mHasNotifySubscriptionInfoChangedOccurred==false no callback
05-02 20:49:09.456 887 887 D UiccController: handleMessage: Received RADIO_UNAVAILABLE for phoneId 0
05-02 20:49:09.457 887 887 D UiccController: EVENT_RADIO_UNAVAILABLE, dispose card
05-02 20:49:09.459 525 619 D ConnectivityService: NetReassign [no changes]
05-02 20:49:09.476 525 824 D ConnectivityService: requestNetwork for uid/pid:10121/685 NetworkRequest [ TRACK_DEFAULT id=15, [ Capabilities: INTERNET&NOT_RESTRICTED&TRUSTED Uid: 10121 AdministratorUids: [] RequestorUid: 10121 RequestorPackageName: com.android.systemui] ]
05-02 20:49:09.477 525 619 D ConnectivityService: NetReassign [no changes]
05-02 20:49:09.486 525 825 D ConnectivityService: requestNetwork for uid/pid:10121/685 NetworkRequest [ TRACK_DEFAULT id=16, [ Capabilities: INTERNET&NOT_RESTRICTED&TRUSTED Uid: 10121 AdministratorUids: [] RequestorUid: 10121 RequestorPackageName: com.android.systemui] ]
05-02 20:49:09.487 525 619 D ConnectivityService: NetReassign [no changes]
05-02 20:49:09.492 525 824 D TelephonyRegistry: listen oscl: mHasNotifySubscriptionInfoChangedOccurred==false no callback
05-02 20:49:09.528 887 905 D PhoneInterfaceManager: getServiceStateForSubscriber returning null for inactive subId=-1
05-02 20:49:09.572 525 824 I StatusBarManagerService: registerStatusBar bar=com.android.internal.statusbar.IStatusBar$Stub$Proxy@be78f99
05-02 20:49:09.616 1062 1062 I auditd : type=1400 audit(0.0:307): avc: denied { open } for comm="crash_dump64" path="/dev/__properties__/u:object_r:device_config_runtime_native_boot_prop:s0" dev="tmpfs" ino=111 scontext=u:r:crash_dump:s0 tcontext=u:object_r:device_config_runtime_native_boot_prop:s0 tclass=file permissive=1
05-02 20:49:09.616 1062 1062 I auditd : type=1400 audit(0.0:308): avc: denied { getattr } for comm="crash_dump64" path="/dev/__properties__/u:object_r:device_config_runtime_native_boot_prop:s0" dev="tmpfs" ino=111 scontext=u:r:crash_dump:s0 tcontext=u:object_r:device_config_runtime_native_boot_prop:s0 tclass=file permissive=1
05-02 20:49:09.616 1062 1062 I auditd : type=1400 audit(0.0:309): avc: denied { map } for comm="crash_dump64" path="/dev/__properties__/u:object_r:device_config_runtime_native_boot_prop:s0" dev="tmpfs" ino=111 scontext=u:r:crash_dump:s0 tcontext=u:object_r:device_config_runtime_native_boot_prop:s0 tclass=file permissive=1
05-02 20:49:09.673 887 887 D RILJ : [0007]> GET_CURRENT_CALLS [PHONE0]
05-02 20:49:09.674 438 438 D RILC : getCurrentCalls: serial 7
05-02 20:49:09.674 438 438 D RIL : onRequest: 9, GET_CURRENT_CALLS datalen: 0, data 0x0
05-02 20:49:09.674 438 438 D RILC : RequestComplete, RIL_SOCKET_1
05-02 20:49:09.674 438 438 E RILC : Calling responseFunction() for token 7
05-02 20:49:09.674 887 887 D GsmSMSDispatcher: GsmSMSDispatcher: subId = -1 slotId = 0
05-02 20:49:09.674 438 438 D RILC : getCurrentCallsResponse: serial 7
05-02 20:49:09.674 887 887 D GsmCdmaPhone: [0] Event EVENT_RADIO_OFF_OR_NOT_AVAILABLE Received
05-02 20:49:09.674 887 887 D GsmCdmaPhone: [0] EVENT EVENT_RADIO_STATE_CHANGED
05-02 20:49:09.674 887 887 D GsmCdmaPhone: handleRadioPowerStateChange, state= 2
05-02 20:49:09.675 887 1002 D RILJ : [0007]< GET_CURRENT_CALLS error 1 [PHONE0]
05-02 20:49:09.675 887 1002 D RilRequest: [0007]< GET_CURRENT_CALLS error: com.android.internal.telephony.CommandException: RADIO_NOT_AVAILABLE ret={}
05-02 20:49:09.679 887 887 E AccessNetworksManager: Can't find the binding package
05-02 20:49:09.680 887 887 D SST : [0] EVENT_ICC_CHANGED: SIM absent
05-02 20:49:09.680 887 887 D SST : [0] cancelAllNotifications: mPrevSubId=-1
05-02 20:49:09.682 887 887 D SST : [0] updateSpnDisplayLegacy+
05-02 20:49:09.689 887 887 D SST : [0] updateSpnDisplay: radio is on but out of service, set plmn='No service'
05-02 20:49:09.690 887 887 D SST : [0] updateSpnDisplay: rawSpn =
05-02 20:49:09.693 887 887 D SST : [0] updateSpnDisplay: updateSpnDisplay: changed sending intent, rule=2, showPlmn='true', plmn='No service', showSpn='false', spn='', dataSpn='', subId='-1'
05-02 20:49:09.693 887 887 D SubscriptionManager: putPhoneIdAndSubIdExtra: no valid subs
05-02 20:49:09.696 887 887 D SubscriptionController: [setPlmnSpn] No valid subscription to store info
05-02 20:49:09.696 887 887 D SubscriptionController: notifySubscriptionInfoChanged:
05-02 20:49:09.696 525 824 D TelephonyRegistry: notifySubscriptionInfoChanged: first invocation mRecords.size=26
05-02 20:49:09.704 887 887 D SST : [0] updateSpnDisplayLegacy-
05-02 20:49:09.708 887 887 D NRM-C-0 : Trying to bind com.android.phone for transport WWAN
05-02 20:49:09.714 887 887 E NRM-I-0 : Can't find the binding package
05-02 20:49:09.715 887 887 D SST : [0] mDeviceShuttingDown=false, mDesiredPowerState=true, getRadioState=2, mPowerOffDelayNeed=true, mAlarmSwitch=false, mRadioDisabledByCarrier=false
05-02 20:49:09.715 887 887 D SST : [0] pollState: modemTriggered=true
05-02 20:49:09.716 887 887 D NewNitzStateMachineImpl: handleNetworkUnavailable(): mLatestNitzSignal was already null. Nothing to do.
05-02 20:49:09.716 887 887 D SST : [0] Poll ServiceState done: oldSS=[{mVoiceRegState=1(OUT_OF_SERVICE), mDataRegState=1(OUT_OF_SERVICE), mChannelNumber=-1, duplexMode()=0, mCellBandwidths=[], mOperatorAlphaLong=null, mOperatorAlphaShort=null, isManualNetworkSelection=false(automatic), getRilVoiceRadioTechnology=0(Unknown), getRilDataRadioTechnology=0(Unknown), mCssIndicator=unsupported, mNetworkId=-1, mSystemId=-1, mCdmaRoamingIndicator=-1, mCdmaDefaultRoamingIndicator=-1, mIsEmergencyOnly=false, isUsingCarrierAggregation=false, mLteEarfcnRsrpBoost=0, mNetworkRegistrationInfos=[NetworkRegistrationInfo{ domain=CS transportType=WWAN registrationState=UNKNOWN roamingType=NOT_ROAMING accessNetworkTechnology=UNKNOWN rejectCause=0 emergencyEnabled=false availableServices=[] cellIdentity=null voiceSpecificInfo=null dataSpecificInfo=null nrState=NONE rRplmn=}, NetworkRegistrationInfo{ domain=PS transportType=WWAN registrationState=UNKNOWN roamingType=NOT_ROAMING accessNetworkTechnology=UNKNOWN rejectCause=0 emergencyEnabled=false availableServices=[] cellIdentity=null voiceSpecificInfo=null dataSpecificInfo=null nrState=NONE rRplmn=}], mNrFrequencyRange=0, mOperatorAlphaLongRaw=null, mOperatorAlphaShortRaw=null, mIsDataRoamingFromRegistration=false, mIsIwlanPreferred=false}] newSS=[{mVoiceRegState=1(OUT_OF_SERVICE), mDataRegState=1(OUT_OF_SERVICE), mChannelNumber=-1, duplexMode()=0, mCellBandwidths=[], mOperatorAlphaLong=null, mOperatorAlphaShort=null, isManualNetworkSelection=false(automatic), getRilVoiceRadioTechnology=0(Unknown), getRilDataRadioTechnology=0(Unknown), mCssIndicator=unsupported, mNetworkId=-1, mSystemId=-1, mCdmaRoamingIndicator=-1, mCdmaDefaultRoamingIndicator=-1, mIsEmergencyOnly=false, isUsingCarrierAggregation=false, mLteEarfcnRsrpBoost=0, mNetworkRegistrationInfos=[NetworkRegistrationInfo{ domain=CS transportType=WWAN registrationState=UNKNOWN roamingType=NOT_ROAMING accessNetworkTechnology=UNKNOWN rejectCause=0 emergencyEnabled=false availableServices=[] cellIdentity=null voiceSpecificInfo=null dataSpecificInfo=null nrState=NONE rRplmn=}, NetworkRegistrationInfo{ domain=PS transportType=WWAN registrationState=UNKNOWN roamingType=NOT_ROAMING accessNetworkTechnology=UNKNOWN rejectCause=0 emergencyEnabled=false availableServices=[] cellIdentity=null voiceSpecificInfo=null dataSpecificInfo=null nrState=NONE rRplmn=}], mNrFrequencyRange=0, mOperatorAlphaLongRaw=null, mOperatorAlphaShortRaw=null, mIsDataRoamingFromRegistration=false, mIsIwlanPreferred=false}] oldMaxDataCalls=1 mNewMaxDataCalls=1 oldReasonDataDenied=-1 mNewReasonDataDenied=-1
05-02 20:49:09.719 887 887 D SST : [0] pollStateDone: hasRegistered = false hasDeregistered = false hasDataAttached = {1=false, 2=false} hasDataDetached = {1=false, 2=false} hasDataRegStateChanged = {1=false, 2=false} hasRilVoiceRadioTechnologyChanged = false hasRilDataRadioTechnologyChanged = {1=false, 2=false} hasDataTransportPreferenceChanged = false hasChanged = false hasVoiceRoamingOn = false hasVoiceRoamingOff = false hasDataRoamingOn =false hasDataRoamingOff = false hasLocationChanged = false has4gHandoff = false hasMultiApnSupport = false hasLostMultiApnSupport = false hasCssIndicatorChanged = false hasNrFrequencyRangeChanged = false hasNrStateChanged = false hasAirplaneModeOnlChanged = false
05-02 20:49:09.720 887 887 D SST : [0] mDeviceShuttingDown=false, mDesiredPowerState=true, getRadioState=2, mPowerOffDelayNeed=true, mAlarmSwitch=false, mRadioDisabledByCarrier=false
05-02 20:49:09.721 887 887 D SST : [0] pollState: modemTriggered=true
05-02 20:49:09.721 887 887 D NewNitzStateMachineImpl: handleNetworkUnavailable(): mLatestNitzSignal was already null. Nothing to do.
05-02 20:49:09.721 887 887 D SST : [0] Poll ServiceState done: oldSS=[{mVoiceRegState=1(OUT_OF_SERVICE), mDataRegState=1(OUT_OF_SERVICE), mChannelNumber=-1, duplexMode()=0, mCellBandwidths=[], mOperatorAlphaLong=null, mOperatorAlphaShort=null, isManualNetworkSelection=false(automatic), getRilVoiceRadioTechnology=0(Unknown), getRilDataRadioTechnology=0(Unknown), mCssIndicator=unsupported, mNetworkId=-1, mSystemId=-1, mCdmaRoamingIndicator=-1, mCdmaDefaultRoamingIndicator=-1, mIsEmergencyOnly=false, isUsingCarrierAggregation=false, mLteEarfcnRsrpBoost=0, mNetworkRegistrationInfos=[NetworkRegistrationInfo{ domain=CS transportType=WWAN registrationState=UNKNOWN roamingType=NOT_ROAMING accessNetworkTechnology=UNKNOWN rejectCause=0 emergencyEnabled=false availableServices=[] cellIdentity=null voiceSpecificInfo=null dataSpecificInfo=null nrState=NONE rRplmn=}, NetworkRegistrationInfo{ domain=PS transportType=WWAN registrationState=UNKNOWN roamingType=NOT_ROAMING accessNetworkTechnology=UNKNOWN rejectCause=0 emergencyEnabled=false availableServices=[] cellIdentity=null voiceSpecificInfo=null dataSpecificInfo=null nrState=NONE rRplmn=}], mNrFrequencyRange=0, mOperatorAlphaLongRaw=null, mOperatorAlphaShortRaw=null, mIsDataRoamingFromRegistration=false, mIsIwlanPreferred=false}] newSS=[{mVoiceRegState=1(OUT_OF_SERVICE), mDataRegState=1(OUT_OF_SERVICE), mChannelNumber=-1, duplexMode()=0, mCellBandwidths=[], mOperatorAlphaLong=null, mOperatorAlphaShort=null, isManualNetworkSelection=false(automatic), getRilVoiceRadioTechnology=0(Unknown), getRilDataRadioTechnology=0(Unknown), mCssIndicator=unsupported, mNetworkId=-1, mSystemId=-1, mCdmaRoamingIndicator=-1, mCdmaDefaultRoamingIndicator=-1, mIsEmergencyOnly=false, isUsingCarrierAggregation=false, mLteEarfcnRsrpBoost=0, mNetworkRegistrationInfos=[NetworkRegistrationInfo{ domain=CS transportType=WWAN registrationState=UNKNOWN roamingType=NOT_ROAMING accessNetworkTechnology=UNKNOWN rejectCause=0 emergencyEnabled=false availableServices=[] cellIdentity=null voiceSpecificInfo=null dataSpecificInfo=null nrState=NONE rRplmn=}, NetworkRegistrationInfo{ domain=PS transportType=WWAN registrationState=UNKNOWN roamingType=NOT_ROAMING accessNetworkTechnology=UNKNOWN rejectCause=0 emergencyEnabled=false availableServices=[] cellIdentity=null voiceSpecificInfo=null dataSpecificInfo=null nrState=NONE rRplmn=}], mNrFrequencyRange=0, mOperatorAlphaLongRaw=null, mOperatorAlphaShortRaw=null, mIsDataRoamingFromRegistration=false, mIsIwlanPreferred=false}] oldMaxDataCalls=1 mNewMaxDataCalls=1 oldReasonDataDenied=-1 mNewReasonDataDenied=-1
05-02 20:49:09.722 887 887 D SST : [0] pollStateDone: hasRegistered = false hasDeregistered = false hasDataAttached = {1=false, 2=false} hasDataDetached = {1=false, 2=false} hasDataRegStateChanged = {1=false, 2=false} hasRilVoiceRadioTechnologyChanged = false hasRilDataRadioTechnologyChanged = {1=false, 2=false} hasDataTransportPreferenceChanged = false hasChanged = false hasVoiceRoamingOn = false hasVoiceRoamingOff = false hasDataRoamingOn =false hasDataRoamingOff = false hasLocationChanged = false has4gHandoff = false hasMultiApnSupport = false hasLostMultiApnSupport = false hasCssIndicatorChanged = false hasNrFrequencyRangeChanged = false hasNrStateChanged = false hasAirplaneModeOnlChanged = false
05-02 20:49:09.727 887 887 D SubscriptionController: [getSlotIndex]- subId invalid
05-02 20:49:09.735 887 887 D SubscriptionController: Valid row not present in db
05-02 20:49:09.736 887 887 D SubscriptionController: getSubscriptionProperty Query value = null
05-02 20:49:09.737 887 887 I CSST : isNrSupported: carrierConfigEnabled: true, AccessFamilySupported: false, isNrNetworkTypeAllowed: true
05-02 20:49:09.737 887 887 I CSST : PrefNetworkNotification: sendMessage() w/values: ,false,-1,false,false
05-02 20:49:09.738 887 887 I CSST : canceling notifications: 1000
05-02 20:49:09.738 887 887 D Phone : isWifiCallingEnabled =false
05-02 20:49:09.739 887 887 D CSST : isPhoneRegisteredForWifiCalling: false
05-02 20:49:09.739 887 887 D Phone : isWifiCallingEnabled =false
05-02 20:49:09.739 887 887 I CSST : EmergencyNetworkNotification: sendMessage() w/values: ,-1,false,false
05-02 20:49:09.740 887 887 I CSST : canceling notifications: 1001
05-02 20:49:09.755 887 887 D SubscriptionController: Valid row not present in db
05-02 20:49:09.756 887 887 D SubscriptionController: getSubscriptionProperty Query value = null
05-02 20:49:09.756 887 887 I CSST : isNrSupported: carrierConfigEnabled: true, AccessFamilySupported: false, isNrNetworkTypeAllowed: true
05-02 20:49:09.756 887 887 I CSST : PrefNetworkNotification: sendMessage() w/values: ,false,-1,false,false
05-02 20:49:09.758 887 887 I CSST : canceling notifications: 1000
05-02 20:49:09.758 887 887 D Phone : isWifiCallingEnabled =false
05-02 20:49:09.758 887 887 D CSST : isPhoneRegisteredForWifiCalling: false
05-02 20:49:09.758 887 887 D Phone : isWifiCallingEnabled =false
05-02 20:49:09.758 887 887 I CSST : EmergencyNetworkNotification: sendMessage() w/values: ,-1,false,false
05-02 20:49:09.760 887 887 I CSST : canceling notifications: 1001
05-02 20:49:09.760 887 887 D EmergencyNumberTracker: updateRadioEmergencyNumberListAndNotify(): receiving []
05-02 20:49:09.771 887 887 D RILJ : [0008]> RIL_REQUEST_SEND_DEVICE_STATE 1:true [PHONE0]
05-02 20:49:09.772 438 438 D RILC : sendDeviceState: serial 8
05-02 20:49:09.772 438 438 D RIL : onRequest: 138, SEND_DEVICE_STATE datalen: 8, data 0xb400ec52f28d33d0
05-02 20:49:09.772 438 438 D RILC : RequestComplete, RIL_SOCKET_1
05-02 20:49:09.772 438 438 E RILC : Calling responseFunction() for token 8
05-02 20:49:09.772 438 438 D RILC : sendDeviceStateResponse: serial 8
05-02 20:49:09.773 887 1002 D RILJ : [0008]< RIL_REQUEST_SEND_DEVICE_STATE error 1 [PHONE0]
05-02 20:49:09.773 887 1002 D RilRequest: [0008]< RIL_REQUEST_SEND_DEVICE_STATE error: com.android.internal.telephony.CommandException: RADIO_NOT_AVAILABLE ret=
05-02 20:49:09.773 887 887 D RILJ : [0009]> RIL_REQUEST_SEND_DEVICE_STATE 2:false [PHONE0]
05-02 20:49:09.774 438 438 D RILC : sendDeviceState: serial 9
05-02 20:49:09.774 438 438 D RIL : onRequest: 138, SEND_DEVICE_STATE datalen: 8, data 0xb400ec52f28d33d0
05-02 20:49:09.774 438 438 D RILC : RequestComplete, RIL_SOCKET_1
05-02 20:49:09.774 438 438 E RILC : Calling responseFunction() for token 9
05-02 20:49:09.774 438 438 D RILC : sendDeviceStateResponse: serial 9
05-02 20:49:09.774 887 1002 D RILJ : [0009]< RIL_REQUEST_SEND_DEVICE_STATE error 1 [PHONE0]
05-02 20:49:09.775 887 1002 D RilRequest: [0009]< RIL_REQUEST_SEND_DEVICE_STATE error: com.android.internal.telephony.CommandException: RADIO_NOT_AVAILABLE ret=
05-02 20:49:09.775 887 887 D RILJ : [0010]> RIL_REQUEST_SEND_DEVICE_STATE 0:false [PHONE0]
05-02 20:49:09.776 438 438 D RILC : sendDeviceState: serial 10
05-02 20:49:09.777 438 438 D RIL : onRequest: 138, SEND_DEVICE_STATE datalen: 8, data 0xb400ec52f28d33d0
05-02 20:49:09.777 438 438 D RILC : RequestComplete, RIL_SOCKET_1
05-02 20:49:09.777 438 438 E RILC : Calling responseFunction() for token 10
05-02 20:49:09.777 438 438 D RILC : sendDeviceStateResponse: serial 10
05-02 20:49:09.777 887 1002 D RILJ : [0010]< RIL_REQUEST_SEND_DEVICE_STATE error 1 [PHONE0]
05-02 20:49:09.777 887 1002 D RilRequest: [0010]< RIL_REQUEST_SEND_DEVICE_STATE error: com.android.internal.telephony.CommandException: RADIO_NOT_AVAILABLE ret=
05-02 20:49:09.778 887 887 D RILJ : [0011]> RIL_REQUEST_SET_UNSOLICITED_RESPONSE_FILTER -1 [PHONE0]
05-02 20:49:09.778 438 438 D RILC : setIndicationFilter_1_2: serial 11
05-02 20:49:09.778 438 438 D RIL : onRequest: 139, SET_UNSOLICITED_FILTER datalen: 4, data 0xb400ec52f28d33d0
05-02 20:49:09.778 438 438 D RILC : RequestComplete, RIL_SOCKET_1
05-02 20:49:09.778 438 438 E RILC : Calling responseFunction() for token 11
05-02 20:49:09.778 438 438 D RILC : setIndicationFilterResponse: serial 11
05-02 20:49:09.779 887 1002 D RILJ : [0011]< RIL_REQUEST_SET_UNSOLICITED_RESPONSE_FILTER error 1 [PHONE0]
05-02 20:49:09.779 887 1002 D RilRequest: [0011]< RIL_REQUEST_SET_UNSOLICITED_RESPONSE_FILTER error: com.android.internal.telephony.CommandException: RADIO_NOT_AVAILABLE ret=
05-02 20:49:09.780 887 887 D RILJ : [0012]> RIL_REQUEST_SET_SIGNAL_STRENGTH_REPORTING_CRITERIA [PHONE0]
05-02 20:49:09.781 438 438 D RILC : setSignalStrengthReportingCriteria: 12
05-02 20:49:09.782 887 887 D RILJ : [0013]> RIL_REQUEST_SET_SIGNAL_STRENGTH_REPORTING_CRITERIA [PHONE0]
05-02 20:49:09.784 887 887 D RILJ : [0014]> RIL_REQUEST_SET_SIGNAL_STRENGTH_REPORTING_CRITERIA [PHONE0]
05-02 20:49:09.785 887 887 D RILJ : [0015]> RIL_REQUEST_SET_SIGNAL_STRENGTH_REPORTING_CRITERIA [PHONE0]
05-02 20:49:09.787 887 887 D RILJ : [0016]> RIL_REQUEST_SET_LINK_CAPACITY_REPORTING_CRITERIA [PHONE0]
05-02 20:49:09.789 887 887 D RILJ : [0017]> RIL_REQUEST_SET_LINK_CAPACITY_REPORTING_CRITERIA [PHONE0]
05-02 20:49:09.791 887 887 D RILJ : [0018]> RIL_REQUEST_SET_LINK_CAPACITY_REPORTING_CRITERIA [PHONE0]
05-02 20:49:09.793 887 887 D RILJ : [0019]> RIL_REQUEST_SET_LINK_CAPACITY_REPORTING_CRITERIA [PHONE0]
05-02 20:49:09.793 887 887 D NetworkTypeController: [0] DefaultState: process EVENT_INITIALIZE
05-02 20:49:09.797 887 887 D NetworkTypeController: [0] mOverrideTimerRules: {connected={mState=connected, mOverrideType=NR_NSA, mPrimaryTimers={}, mSecondaryTimers={}}, not_restricted_rrc_con={mState=not_restricted_rrc_con, mOverrideType=NR_NSA, mPrimaryTimers={}, mSecondaryTimers={}}, legacy={mState=legacy, mOverrideType=NONE, mPrimaryTimers={}, mSecondaryTimers={}}, not_restricted_rrc_idle={mState=not_restricted_rrc_idle, mOverrideType=NR_NSA, mPrimaryTimers={}, mSecondaryTimers={}}, restricted={mState=restricted, mOverrideType=NONE, mPrimaryTimers={}, mSecondaryTimers={}}, connected_mmwave={mState=connected_mmwave, mOverrideType=NR_NSA, mPrimaryTimers={}, mSecondaryTimers={}}}
05-02 20:49:09.797 887 887 D NetworkTypeController: [0] DefaultState: process EVENT_UPDATE
05-02 20:49:09.797 887 887 D NetworkTypeController: [0] Remove all timers
05-02 20:49:09.798 887 887 D NetworkTypeController: [0] Entering LegacyState
05-02 20:49:09.798 887 887 D NetworkTypeController: [0] Remove all timers
05-02 20:49:09.798 887 887 D DisplayInfoController: TelephonyDisplayInfo[0] changed from null to TelephonyDisplayInfo {network=UNKNOWN, override=NONE}
05-02 20:49:09.813 887 887 D DCT-C-0 : onDataEnabledChanged: enable=true, enabledChangedReason=0
05-02 20:49:09.814 887 887 D DCT-C-0 : setupDataOnAllConnectableApns: dataEnabled hipri:[state=IDLE,enabled=false] mcx:[state=IDLE,enabled=false] xcap:[state=IDLE,enabled=false] fota:[state=IDLE,enabled=false] ims:[state=IDLE,enabled=false] cbs:[state=IDLE,enabled=false] ia:[state=IDLE,enabled=false] emergency:[state=IDLE,enabled=false] mms:[state=IDLE,enabled=false] supl:[state=IDLE,enabled=false] dun:[state=IDLE,enabled=false] default:[state=IDLE,enabled=false]
05-02 20:49:09.814 887 887 D DCT-C-0 : onDataEnabledOverrideRulesChanged
05-02 20:49:09.815 438 438 D RILC : setSignalStrengthReportingCriteria: 13
05-02 20:49:09.815 438 438 D RILC : setSignalStrengthReportingCriteria: 14
05-02 20:49:09.815 438 438 D RILC : setSignalStrengthReportingCriteria: 15
05-02 20:49:09.815 438 438 E RILC : [0016]< Method is not implemented
05-02 20:49:09.815 438 438 D RILC : setLinkCapacityReportingCriteria: 16
05-02 20:49:09.815 438 438 D RILC : setLinkCapacityReportingCriteriaResponse: serial 16
05-02 20:49:09.815 887 1002 D RILJ : [0012]< RIL_REQUEST_SET_SIGNAL_STRENGTH_REPORTING_CRITERIA [PHONE0]
05-02 20:49:09.815 438 438 E RILC : [0017]< Method is not implemented
05-02 20:49:09.815 438 438 D RILC : setLinkCapacityReportingCriteria: 17
05-02 20:49:09.815 438 438 D RILC : setLinkCapacityReportingCriteriaResponse: serial 17
05-02 20:49:09.815 438 438 E RILC : [0018]< Method is not implemented
05-02 20:49:09.815 438 438 D RILC : setLinkCapacityReportingCriteria: 18
05-02 20:49:09.815 438 438 D RILC : setLinkCapacityReportingCriteriaResponse: serial 18
05-02 20:49:09.815 438 438 E RILC : [0019]< Method is not implemented
05-02 20:49:09.815 438 438 D RILC : setLinkCapacityReportingCriteria: 19
05-02 20:49:09.815 438 438 D RILC : setLinkCapacityReportingCriteriaResponse: serial 19
05-02 20:49:09.815 887 1002 D RILJ : [0013]< RIL_REQUEST_SET_SIGNAL_STRENGTH_REPORTING_CRITERIA [PHONE0]
05-02 20:49:09.816 887 1002 D RILJ : [0014]< RIL_REQUEST_SET_SIGNAL_STRENGTH_REPORTING_CRITERIA [PHONE0]
05-02 20:49:09.816 887 1002 D RILJ : [0015]< RIL_REQUEST_SET_SIGNAL_STRENGTH_REPORTING_CRITERIA [PHONE0]
05-02 20:49:09.817 887 1002 D RILJ : [0016]< RIL_REQUEST_SET_LINK_CAPACITY_REPORTING_CRITERIA [PHONE0]
05-02 20:49:09.817 887 1002 D RILJ : [0017]< RIL_REQUEST_SET_LINK_CAPACITY_REPORTING_CRITERIA [PHONE0]
05-02 20:49:09.818 887 1002 D RILJ : [0018]< RIL_REQUEST_SET_LINK_CAPACITY_REPORTING_CRITERIA [PHONE0]
05-02 20:49:09.818 887 1002 D RILJ : [0019]< RIL_REQUEST_SET_LINK_CAPACITY_REPORTING_CRITERIA [PHONE0]
05-02 20:49:09.820 887 887 D DCT-C-0 : shouldRestrictDataForEcbm: isInEcm=false isInImsEcm=false
05-02 20:49:09.825 887 887 D SubscriptionController: [getActiveSubscriptionInfo]- subId=-1 subList=[] subInfo=null
05-02 20:49:09.828 887 887 D DCT-C-0 : shouldRestrictDataForEcbm: isInEcm=false isInImsEcm=false
05-02 20:49:09.833 887 887 D SubscriptionController: [getActiveSubscriptionInfo]- subId=-1 subList=[] subInfo=null
05-02 20:49:09.835 887 887 D DCT-C-0 : shouldRestrictDataForEcbm: isInEcm=false isInImsEcm=false
05-02 20:49:09.839 887 887 D SubscriptionController: [getActiveSubscriptionInfo]- subId=-1 subList=[] subInfo=null
05-02 20:49:09.841 887 887 D DCT-C-0 : shouldRestrictDataForEcbm: isInEcm=false isInImsEcm=false
05-02 20:49:09.845 887 887 D SubscriptionController: [getActiveSubscriptionInfo]- subId=-1 subList=[] subInfo=null
05-02 20:49:09.852 887 887 D DCT-C-0 : shouldRestrictDataForEcbm: isInEcm=false isInImsEcm=false
05-02 20:49:09.856 887 887 D SubscriptionController: [getActiveSubscriptionInfo]- subId=-1 subList=[] subInfo=null
05-02 20:49:09.858 887 887 D DCT-C-0 : shouldRestrictDataForEcbm: isInEcm=false isInImsEcm=false
05-02 20:49:09.861 887 887 D SubscriptionController: [getActiveSubscriptionInfo]- subId=-1 subList=[] subInfo=null
05-02 20:49:09.863 887 887 D DCT-C-0 : shouldRestrictDataForEcbm: isInEcm=false isInImsEcm=false
05-02 20:49:09.867 887 887 D SubscriptionController: [getActiveSubscriptionInfo]- subId=-1 subList=[] subInfo=null
05-02 20:49:09.869 887 887 D DCT-C-0 : shouldRestrictDataForEcbm: isInEcm=false isInImsEcm=false
05-02 20:49:09.871 887 887 D SubscriptionController: [getActiveSubscriptionInfo]- subId=-1 subList=[] subInfo=null
05-02 20:49:09.873 887 887 D DCT-C-0 : shouldRestrictDataForEcbm: isInEcm=false isInImsEcm=false
05-02 20:49:09.876 887 887 D SubscriptionController: [getActiveSubscriptionInfo]- subId=-1 subList=[] subInfo=null
05-02 20:49:09.877 887 887 D DCT-C-0 : shouldRestrictDataForEcbm: isInEcm=false isInImsEcm=false
05-02 20:49:09.879 887 887 D SubscriptionController: [getActiveSubscriptionInfo]- subId=-1 subList=[] subInfo=null
05-02 20:49:09.881 887 887 D DCT-C-0 : shouldRestrictDataForEcbm: isInEcm=false isInImsEcm=false
05-02 20:49:09.884 887 887 D SubscriptionController: [getActiveSubscriptionInfo]- subId=-1 subList=[] subInfo=null
05-02 20:49:09.886 887 887 D DCT-C-0 : shouldRestrictDataForEcbm: isInEcm=false isInImsEcm=false
05-02 20:49:09.888 887 887 D SubscriptionController: [getActiveSubscriptionInfo]- subId=-1 subList=[] subInfo=null
05-02 20:49:09.889 887 887 D DCT-C-0 : onRadioOffOrNotAvailable: is off and clean up all connections
05-02 20:49:09.889 887 887 D DCT-C-0 : cleanUpAllConnectionsInternal: detach=false reason=radioTurnedOff
05-02 20:49:09.891 887 887 D DCT-C-0 : cleanUpConnectionInternal: X detach=false reason=radioTurnedOff apnContext={mApnType=xcap mState=IDLE mWaitingApns={null priority=3} mApnSetting={null} mReason=radioTurnedOff mDataEnabled=false} dc=null
05-02 20:49:09.893 887 887 D DCT-C-0 : cleanUpConnectionInternal: X detach=false reason=radioTurnedOff apnContext={mApnType=mcx mState=IDLE mWaitingApns={null priority=3} mApnSetting={null} mReason=radioTurnedOff mDataEnabled=false} dc=null
05-02 20:49:09.895 887 887 D DCT-C-0 : cleanUpConnectionInternal: X detach=false reason=radioTurnedOff apnContext={mApnType=fota mState=IDLE mWaitingApns={null priority=2} mApnSetting={null} mReason=radioTurnedOff mDataEnabled=false} dc=null
05-02 20:49:09.897 887 887 D DCT-C-0 : cleanUpConnectionInternal: X detach=false reason=radioTurnedOff apnContext={mApnType=supl mState=IDLE mWaitingApns={null priority=2} mApnSetting={null} mReason=radioTurnedOff mDataEnabled=false} dc=null
05-02 20:49:09.898 887 887 D DCT-C-0 : return new LinkProperties
05-02 20:49:09.901 525 544 I DropBoxManagerService: add tag=system_app_strictmode isTagEnabled=true flags=0x2
05-02 20:49:09.903 887 887 D DCT-C-0 : cleanUpConnectionInternal: X detach=false reason=radioTurnedOff apnContext={mApnType=emergency mState=IDLE mWaitingApns={null priority=2} mApnSetting={null} mReason=radioTurnedOff mDataEnabled=false} dc=null
05-02 20:49:09.905 525 811 D TelephonyRegistry: onDataConnectionStateChanged(DISCONNECTED, UNKNOWN) subId=-1, phoneId=0
05-02 20:49:09.906 887 887 D DCT-C-0 : cleanUpConnectionInternal: X detach=false reason=radioTurnedOff apnContext={mApnType=hipri mState=IDLE mWaitingApns={null priority=3} mApnSetting={null} mReason=radioTurnedOff mDataEnabled=false} dc=null
05-02 20:49:09.908 887 887 D DCT-C-0 : cleanUpConnectionInternal: X detach=false reason=radioTurnedOff apnContext={mApnType=ims mState=IDLE mWaitingApns={null priority=2} mApnSetting={null} mReason=radioTurnedOff mDataEnabled=false} dc=null
05-02 20:49:09.909 887 887 D DCT-C-0 : cleanUpConnectionInternal: X detach=false reason=radioTurnedOff apnContext={mApnType=default mState=IDLE mWaitingApns={null priority=0} mApnSetting={null} mReason=radioTurnedOff mDataEnabled=false} dc=null
05-02 20:49:09.911 887 887 D DCT-C-0 : cleanUpConnectionInternal: X detach=false reason=radioTurnedOff apnContext={mApnType=mms mState=IDLE mWaitingApns={null priority=2} mApnSetting={null} mReason=radioTurnedOff mDataEnabled=false} dc=null
05-02 20:49:09.916 887 887 D DCT-C-0 : cleanUpConnectionInternal: X detach=false reason=radioTurnedOff apnContext={mApnType=cbs mState=IDLE mWaitingApns={null priority=2} mApnSetting={null} mReason=radioTurnedOff mDataEnabled=false} dc=null
05-02 20:49:09.918 887 887 D DCT-C-0 : cleanUpConnectionInternal: X detach=false reason=radioTurnedOff apnContext={mApnType=ia mState=IDLE mWaitingApns={null priority=2} mApnSetting={null} mReason=radioTurnedOff mDataEnabled=false} dc=null
05-02 20:49:09.920 887 887 D DCT-C-0 : cleanUpConnectionInternal: X detach=false reason=radioTurnedOff apnContext={mApnType=dun mState=IDLE mWaitingApns={null priority=2} mApnSetting={null} mReason=radioTurnedOff mDataEnabled=false} dc=null
05-02 20:49:09.921 887 887 D DCT-C-0 : stopNetStatPoll
05-02 20:49:09.922 887 887 D DCT-C-0 : cleanUpAllConnectionsInternal: mDisconnectPendingCount = 0
05-02 20:49:09.922 887 887 D DCT-C-0 : onDataConnectionDetached: stop polling and notify detached
05-02 20:49:09.922 887 887 D DCT-C-0 : stopNetStatPoll
05-02 20:49:09.925 887 887 D DCT-C-0 : onDataRoamingOff
05-02 20:49:09.937 887 887 E DSM-I-0 : Can't find the binding package
05-02 20:49:09.938 887 887 D DCT-C-0 : onDataEnabledChanged: enable=true, enabledChangedReason=0
05-02 20:49:09.942 887 887 D DCT-C-0 : setupDataOnAllConnectableApns: dataEnabled hipri:[state=IDLE,enabled=false] mcx:[state=IDLE,enabled=false] xcap:[state=IDLE,enabled=false] fota:[state=IDLE,enabled=false] ims:[state=IDLE,enabled=false] cbs:[state=IDLE,enabled=false] ia:[state=IDLE,enabled=false] emergency:[state=IDLE,enabled=false] mms:[state=IDLE,enabled=false] supl:[state=IDLE,enabled=false] dun:[state=IDLE,enabled=false] default:[state=IDLE,enabled=false]
05-02 20:49:09.943 887 887 D DCT-I-0 : onDataEnabledChanged: enable=true, enabledChangedReason=0
05-02 20:49:09.943 887 887 D DCT-I-0 : setupDataOnAllConnectableApns: dataEnabled hipri:[state=IDLE,enabled=false] mcx:[state=IDLE,enabled=false] xcap:[state=IDLE,enabled=false] fota:[state=IDLE,enabled=false] ims:[state=IDLE,enabled=false] cbs:[state=IDLE,enabled=false] ia:[state=IDLE,enabled=false] emergency:[state=IDLE,enabled=false] mms:[state=IDLE,enabled=false] supl:[state=IDLE,enabled=false] dun:[state=IDLE,enabled=false] default:[state=IDLE,enabled=false]
05-02 20:49:09.943 887 887 D DCT-C-0 : onDataEnabledOverrideRulesChanged
05-02 20:49:09.944 887 887 D DCT-C-0 : shouldRestrictDataForEcbm: isInEcm=false isInImsEcm=false
05-02 20:49:09.951 887 887 D SubscriptionController: [getActiveSubscriptionInfo]- subId=-1 subList=[] subInfo=null
05-02 20:49:09.954 887 887 D DCT-C-0 : shouldRestrictDataForEcbm: isInEcm=false isInImsEcm=false
05-02 20:49:09.958 887 887 D SubscriptionController: [getActiveSubscriptionInfo]- subId=-1 subList=[] subInfo=null
05-02 20:49:09.961 887 887 D DCT-C-0 : shouldRestrictDataForEcbm: isInEcm=false isInImsEcm=false
05-02 20:49:09.965 887 887 D SubscriptionController: [getActiveSubscriptionInfo]- subId=-1 subList=[] subInfo=null
05-02 20:49:09.967 887 887 D DCT-C-0 : shouldRestrictDataForEcbm: isInEcm=false isInImsEcm=false
05-02 20:49:09.970 887 887 D SubscriptionController: [getActiveSubscriptionInfo]- subId=-1 subList=[] subInfo=null
05-02 20:49:09.972 887 887 D DCT-C-0 : shouldRestrictDataForEcbm: isInEcm=false isInImsEcm=false
