05-02 20:49:06.618 525 525 I SystemServerTiming: OnBootPhase_550_com.android.server.storage.DeviceStorageMonitorService
05-02 20:49:06.618 525 525 D SystemServerTiming: OnBootPhase_550_com.android.server.storage.DeviceStorageMonitorService took to complete: 0ms
05-02 20:49:06.618 525 525 I SystemServerTiming: OnBootPhase_550_com.android.server.location.LocationManagerService$Lifecycle
05-02 20:49:06.618 525 525 D SystemServerTiming: OnBootPhase_550_com.android.server.location.LocationManagerService$Lifecycle took to complete: 0ms
05-02 20:49:06.618 525 525 I SystemServerTiming: OnBootPhase_550_com.android.server.timedetector.TimeDetectorService$Lifecycle
05-02 20:49:06.618 525 525 D SystemServerTiming: OnBootPhase_550_com.android.server.timedetector.TimeDetectorService$Lifecycle took to complete: 0ms
05-02 20:49:06.618 525 525 I SystemServerTiming: OnBootPhase_550_com.android.server.timezonedetector.TimeZoneDetectorService$Lifecycle
05-02 20:49:06.618 525 525 D SystemServerTiming: OnBootPhase_550_com.android.server.timezonedetector.TimeZoneDetectorService$Lifecycle took to complete: 0ms
05-02 20:49:06.618 525 525 I SystemServerTiming: OnBootPhase_550_com.android.server.search.SearchManagerService$Lifecycle
05-02 20:49:06.618 525 525 D SystemServerTiming: OnBootPhase_550_com.android.server.search.SearchManagerService$Lifecycle took to complete: 0ms
05-02 20:49:06.618 525 525 I SystemServerTiming: OnBootPhase_550_com.android.server.wallpaper.WallpaperManagerService$Lifecycle
05-02 20:49:06.618 525 607 D StorageManagerService: Isolated storage local flag 0 and remote flag 0 resolved to true
05-02 20:49:06.619 525 525 I WallpaperManagerService: No static wallpaper imagery; defaults will be shown
05-02 20:49:06.620 525 525 V WallpaperManagerService: bindWallpaperComponentLocked: componentName=ComponentInfo{com.android.systemui/com.android.systemui.ImageWallpaper}
05-02 20:49:06.622 525 525 I am_uid_running: 10121
05-02 20:49:06.625 525 525 D CompatibilityChangeReporter: Compat change id reported: 135634846; UID 10121; state: DISABLED
05-02 20:49:06.626 525 525 D CompatibilityChangeReporter: Compat change id reported: 135754954; UID 10121; state: ENABLED
05-02 20:49:06.629 525 525 W WallpaperManagerService: Invalid wallpaper data
05-02 20:49:06.629 525 525 E WallpaperManagerService: Unable to apply new wallpaper
05-02 20:49:06.629 525 598 I commit_sys_config_file: [settings-0-0,10]
05-02 20:49:06.630 525 525 D SystemServerTiming: OnBootPhase_550_com.android.server.wallpaper.WallpaperManagerService$Lifecycle took to complete: 12ms
05-02 20:49:06.630 525 525 I SystemServerTiming: OnBootPhase_550_com.android.server.audio.AudioService$Lifecycle
05-02 20:49:06.632 525 525 D SystemServerTiming: OnBootPhase_550_com.android.server.audio.AudioService$Lifecycle took to complete: 2ms
05-02 20:49:06.632 525 525 I SystemServerTiming: OnBootPhase_550_com.android.server.soundtrigger_middleware.SoundTriggerMiddlewareService$Lifecycle
05-02 20:49:06.632 525 525 D SystemServerTiming: OnBootPhase_550_com.android.server.soundtrigger_middleware.SoundTriggerMiddlewareService$Lifecycle took to complete: 0ms
05-02 20:49:06.632 525 525 I SystemServerTiming: OnBootPhase_550_com.android.server.DockObserver
05-02 20:49:06.632 525 525 D SystemServerTiming: OnBootPhase_550_com.android.server.DockObserver took to complete: 0ms
05-02 20:49:06.632 525 525 I SystemServerTiming: OnBootPhase_550_com.android.server.midi.MidiService$Lifecycle
05-02 20:49:06.633 525 525 D SystemServerTiming: OnBootPhase_550_com.android.server.midi.MidiService$Lifecycle took to complete: 0ms
05-02 20:49:06.633 525 525 I SystemServerTiming: OnBootPhase_550_com.android.server.adb.AdbService$Lifecycle
05-02 20:49:06.634 525 628 D BluetoothManagerService: Trying to bind to profile: 1, while Bluetooth was disabled
05-02 20:49:06.636 525 525 D SystemServerTiming: OnBootPhase_550_com.android.server.adb.AdbService$Lifecycle took to complete: 0ms
05-02 20:49:06.636 525 525 I SystemServerTiming: OnBootPhase_550_com.android.server.usb.UsbService$Lifecycle
05-02 20:49:06.640 525 525 D SystemServerTiming: OnBootPhase_550_com.android.server.usb.UsbService$Lifecycle took to complete: 4ms
05-02 20:49:06.640 525 525 I SystemServerTiming: OnBootPhase_550_com.android.server.twilight.TwilightService
05-02 20:49:06.640 525 525 D SystemServerTiming: OnBootPhase_550_com.android.server.twilight.TwilightService took to complete: 0ms
05-02 20:49:06.640 525 525 I SystemServerTiming: OnBootPhase_550_com.android.server.display.color.ColorDisplayService
05-02 20:49:06.640 525 525 D SystemServerTiming: OnBootPhase_550_com.android.server.display.color.ColorDisplayService took to complete: 0ms
05-02 20:49:06.640 525 525 I SystemServerTiming: OnBootPhase_550_com.android.server.job.JobSchedulerService
05-02 20:49:06.640 525 525 D SystemServerTiming: OnBootPhase_550_com.android.server.job.JobSchedulerService took to complete: 0ms
05-02 20:49:06.640 525 525 I SystemServerTiming: OnBootPhase_550_com.android.server.soundtrigger.SoundTriggerService
05-02 20:49:06.640 525 525 D SoundTriggerService: onBootPhase: 550 : false
05-02 20:49:06.640 525 525 D SystemServerTiming: OnBootPhase_550_com.android.server.soundtrigger.SoundTriggerService took to complete: 0ms
05-02 20:49:06.640 525 525 I SystemServerTiming: OnBootPhase_550_com.android.server.trust.TrustManagerService
05-02 20:49:06.641 525 525 D SystemServerTiming: OnBootPhase_550_com.android.server.trust.TrustManagerService took to complete: 0ms
05-02 20:49:06.641 525 525 I SystemServerTiming: OnBootPhase_550_com.android.server.backup.BackupManagerService$Lifecycle
05-02 20:49:06.641 525 525 D SystemServerTiming: OnBootPhase_550_com.android.server.backup.BackupManagerService$Lifecycle took to complete: 0ms
05-02 20:49:06.641 525 525 I SystemServerTiming: OnBootPhase_550_com.android.server.appwidget.AppWidgetService
05-02 20:49:06.641 525 525 D SystemServerTiming: OnBootPhase_550_com.android.server.appwidget.AppWidgetService took to complete: 0ms
05-02 20:49:06.641 525 525 I SystemServerTiming: OnBootPhase_550_com.android.server.role.RoleManagerService
05-02 20:49:06.641 525 525 D SystemServerTiming: OnBootPhase_550_com.android.server.role.RoleManagerService took to complete: 0ms
05-02 20:49:06.641 525 525 I SystemServerTiming: OnBootPhase_550_com.android.server.voiceinteraction.VoiceInteractionManagerService
05-02 20:49:06.641 525 525 D SystemServerTiming: OnBootPhase_550_com.android.server.voiceinteraction.VoiceInteractionManagerService took to complete: 0ms
05-02 20:49:06.641 525 525 I SystemServerTiming: OnBootPhase_550_com.android.server.GestureLauncherService
05-02 20:49:06.641 525 525 D SystemServerTiming: OnBootPhase_550_com.android.server.GestureLauncherService took to complete: 0ms
05-02 20:49:06.641 525 525 I SystemServerTiming: OnBootPhase_550_com.android.server.SensorNotificationService
05-02 20:49:06.641 525 525 D SystemServerTiming: OnBootPhase_550_com.android.server.SensorNotificationService took to complete: 0ms
05-02 20:49:06.641 525 525 I SystemServerTiming: OnBootPhase_550_com.android.server.emergency.EmergencyAffordanceService
05-02 20:49:06.641 525 525 D SystemServerTiming: OnBootPhase_550_com.android.server.emergency.EmergencyAffordanceService took to complete: 0ms
05-02 20:49:06.641 525 525 I SystemServerTiming: OnBootPhase_550_com.android.server.dreams.DreamManagerService
05-02 20:49:06.641 525 525 D SystemServerTiming: OnBootPhase_550_com.android.server.dreams.DreamManagerService took to complete: 0ms
05-02 20:49:06.641 525 525 I SystemServerTiming: OnBootPhase_550_com.android.server.print.PrintManagerService
05-02 20:49:06.641 525 525 D SystemServerTiming: OnBootPhase_550_com.android.server.print.PrintManagerService took to complete: 0ms
05-02 20:49:06.641 525 525 I SystemServerTiming: OnBootPhase_550_com.android.server.companion.CompanionDeviceManagerService
05-02 20:49:06.641 525 525 D SystemServerTiming: OnBootPhase_550_com.android.server.companion.CompanionDeviceManagerService took to complete: 0ms
05-02 20:49:06.641 525 525 I SystemServerTiming: OnBootPhase_550_com.android.server.restrictions.RestrictionsManagerService
05-02 20:49:06.641 525 525 D SystemServerTiming: OnBootPhase_550_com.android.server.restrictions.RestrictionsManagerService took to complete: 0ms
05-02 20:49:06.641 525 525 I SystemServerTiming: OnBootPhase_550_com.android.server.media.MediaSessionService
05-02 20:49:06.641 525 525 D SystemServerTiming: OnBootPhase_550_com.android.server.media.MediaSessionService took to complete: 0ms
05-02 20:49:06.641 525 525 I SystemServerTiming: OnBootPhase_550_com.android.server.media.MediaResourceMonitorService
05-02 20:49:06.641 525 525 D SystemServerTiming: OnBootPhase_550_com.android.server.media.MediaResourceMonitorService took to complete: 0ms
05-02 20:49:06.641 525 525 I SystemServerTiming: OnBootPhase_550_com.android.server.blob.BlobStoreManagerService
05-02 20:49:06.641 525 550 I SystemServerTimingAsync: InitThreadPoolExec:UsbService$Lifecycle#onBootPhase
05-02 20:49:06.642 525 550 D SystemServerInitThreadPool: Started executing UsbService$Lifecycle#onBootPhase
05-02 20:49:06.644 525 550 D SystemServerInitThreadPool: Finished executing UsbService$Lifecycle#onBootPhase
05-02 20:49:06.644 525 550 D SystemServerTimingAsync: InitThreadPoolExec:UsbService$Lifecycle#onBootPhase took to complete: 2ms
05-02 20:49:06.645 525 525 D SystemServerTiming: OnBootPhase_550_com.android.server.blob.BlobStoreManagerService took to complete: 4ms
05-02 20:49:06.645 525 525 I SystemServerTiming: OnBootPhase_550_com.android.server.biometrics.BiometricService
05-02 20:49:06.645 525 525 D SystemServerTiming: OnBootPhase_550_com.android.server.biometrics.BiometricService took to complete: 0ms
05-02 20:49:06.645 525 525 I SystemServerTiming: OnBootPhase_550_com.android.server.biometrics.AuthService
05-02 20:49:06.645 525 525 D SystemServerTiming: OnBootPhase_550_com.android.server.biometrics.AuthService took to complete: 0ms
05-02 20:49:06.645 525 525 I SystemServerTiming: OnBootPhase_550_com.android.server.pm.ShortcutService$Lifecycle
05-02 20:49:06.645 525 525 D SystemServerTiming: OnBootPhase_550_com.android.server.pm.ShortcutService$Lifecycle took to complete: 0ms
05-02 20:49:06.645 525 525 I SystemServerTiming: OnBootPhase_550_com.android.server.pm.LauncherAppsService
05-02 20:49:06.645 525 525 D SystemServerTiming: OnBootPhase_550_com.android.server.pm.LauncherAppsService took to complete: 0ms
05-02 20:49:06.645 525 525 I SystemServerTiming: OnBootPhase_550_com.android.server.pm.CrossProfileAppsService
05-02 20:49:06.645 525 525 D SystemServerTiming: OnBootPhase_550_com.android.server.pm.CrossProfileAppsService took to complete: 0ms
05-02 20:49:06.645 525 525 I SystemServerTiming: OnBootPhase_550_com.android.server.people.PeopleService
05-02 20:49:06.645 525 525 D SystemServerTiming: OnBootPhase_550_com.android.server.people.PeopleService took to complete: 0ms
05-02 20:49:06.645 525 525 I SystemServerTiming: OnBootPhase_550_com.android.server.media.projection.MediaProjectionManagerService
05-02 20:49:06.645 525 525 D SystemServerTiming: OnBootPhase_550_com.android.server.media.projection.MediaProjectionManagerService took to complete: 0ms
05-02 20:49:06.645 525 525 I SystemServerTiming: OnBootPhase_550_com.android.server.slice.SliceManagerService$Lifecycle
05-02 20:49:06.645 525 525 D SystemServerTiming: OnBootPhase_550_com.android.server.slice.SliceManagerService$Lifecycle took to complete: 0ms
05-02 20:49:06.645 525 525 I SystemServerTiming: OnBootPhase_550_com.android.server.camera.CameraServiceProxy
05-02 20:49:06.645 525 525 D SystemServerTiming: OnBootPhase_550_com.android.server.camera.CameraServiceProxy took to complete: 0ms
05-02 20:49:06.645 525 525 I SystemServerTiming: OnBootPhase_550_com.android.server.stats.StatsCompanion$Lifecycle
05-02 20:49:06.646 525 525 D SystemServerTiming: OnBootPhase_550_com.android.server.stats.StatsCompanion$Lifecycle took to complete: 0ms
05-02 20:49:06.646 525 525 I SystemServerTiming: OnBootPhase_550_com.android.server.stats.pull.StatsPullAtomService
05-02 20:49:06.646 525 525 D SystemServerTiming: OnBootPhase_550_com.android.server.stats.pull.StatsPullAtomService took to complete: 0ms
05-02 20:49:06.646 525 525 I SystemServerTiming: OnBootPhase_550_com.android.server.incident.IncidentCompanionService
05-02 20:49:06.646 525 525 D SystemServerTiming: OnBootPhase_550_com.android.server.incident.IncidentCompanionService took to complete: 0ms
05-02 20:49:06.646 525 525 I SystemServerTiming: OnBootPhase_550_com.android.server.MmsServiceBroker
05-02 20:49:06.646 525 639 I UsbPortManager: ClientCallback V1_1: port0
05-02 20:49:06.646 525 525 D SystemServerTiming: OnBootPhase_550_com.android.server.MmsServiceBroker took to complete: 0ms
05-02 20:49:06.646 525 525 I SystemServerTiming: OnBootPhase_550_com.android.server.autofill.AutofillManagerService
05-02 20:49:06.646 525 525 D SystemServerTiming: OnBootPhase_550_com.android.server.autofill.AutofillManagerService took to complete: 0ms
05-02 20:49:06.646 525 525 I SystemServerTiming: OnBootPhase_550_com.android.server.clipboard.ClipboardService
05-02 20:49:06.646 525 525 D SystemServerTiming: OnBootPhase_550_com.android.server.clipboard.ClipboardService took to complete: 0ms
05-02 20:49:06.646 525 525 I SystemServerTiming: OnBootPhase_550_com.android.server.appbinding.AppBindingService$Lifecycle
05-02 20:49:06.647 525 542 I UsbPortManager: USB port added: port=UsbPort{id=port0, supportedModes=dualsupportedContaminantProtectionModes=0supportsEnableContaminantPresenceProtection=falsesupportsEnableContaminantPresenceDetection=false, status=UsbPortStatus{connected=true, currentMode=ufp, currentPowerRole=sink, currentDataRole=device, supportedRoleCombinations=[sink:device], contaminantDetectionStatus=0, contaminantProtectionStatus=0}, canChangeMode=false, canChangePowerRole=false, canChangeDataRole=false, connectedAtMillis=20553, lastConnectDurationMillis=0
05-02 20:49:06.647 525 525 I AppBindingService: Updating constants with: null
05-02 20:49:06.647 525 525 D SystemServerTiming: OnBootPhase_550_com.android.server.appbinding.AppBindingService$Lifecycle took to complete: 1ms
05-02 20:49:06.647 525 525 I SystemServerTiming: OnBootPhase_550_com.android.server.policy.PermissionPolicyService
05-02 20:49:06.655 339 339 D ZygoteInitTiming_lazy: PreloadResources took to complete: 67ms
05-02 20:49:06.723 525 525 I PackageManager: Permission ownership changed. Updating all permissions.
05-02 20:49:06.776 525 525 W SystemServiceManager: Service com.android.server.policy.PermissionPolicyService took 129 ms in onBootPhase
05-02 20:49:06.776 525 525 D SystemServerTiming: OnBootPhase_550_com.android.server.policy.PermissionPolicyService took to complete: 129ms
05-02 20:49:06.776 525 525 I SystemServerTiming: OnBootPhase_550_com.android.server.pm.StagingManager$Lifecycle
05-02 20:49:06.776 525 525 D SystemServerTiming: OnBootPhase_550_com.android.server.pm.StagingManager$Lifecycle took to complete: 0ms
05-02 20:49:06.776 525 525 D SystemServerTiming: OnBootPhase_550 took to complete: 263ms
05-02 20:49:06.776 525 525 D SystemServerTiming: StartActivityManagerReadyPhase took to complete: 263ms
05-02 20:49:06.776 525 525 I SystemServerTiming: StartObservingNativeCrashes
05-02 20:49:06.777 525 525 D SystemServerTiming: StartObservingNativeCrashes took to complete: 0ms
05-02 20:49:06.777 525 525 I SystemServerTiming: StartSystemUI
05-02 20:49:06.778 525 591 I SystemServerTimingAsync: InitThreadPoolExec:WebViewFactoryPreparation
05-02 20:49:06.778 525 591 D SystemServerInitThreadPool: Started executing WebViewFactoryPreparation
05-02 20:49:06.778 525 591 I SystemServer: WebViewFactoryPreparation
05-02 20:49:06.778 525 591 I SystemServerTimingAsync: WebViewFactoryPreparation
05-02 20:49:06.781 525 525 D SystemServerTiming: StartSystemUI took to complete: 3ms
05-02 20:49:06.781 525 525 I SystemServerTiming: MakeNetworkManagementServiceReady
05-02 20:49:06.786 525 525 D SystemServerTiming: MakeNetworkManagementServiceReady took to complete: 5ms
05-02 20:49:06.786 525 525 I SystemServerTiming: MakeIpSecServiceReady
05-02 20:49:06.792 525 525 D IpSecService: IpSecService is ready
05-02 20:49:06.792 525 525 D SystemServerTiming: MakeIpSecServiceReady took to complete: 6ms
05-02 20:49:06.792 525 525 I SystemServerTiming: MakeNetworkStatsServiceReady
05-02 20:49:06.810 525 612 I commit_sys_config_file: [net-policy,17]
05-02 20:49:06.811 525 612 W NetworkPolicy: setRestrictBackgroundUL: already false
05-02 20:49:06.844 438 500 D AT : pthread_cond_timedwait ETIMEDOUT
05-02 20:49:06.844 438 500 D AT : AT> ATE0Q0V1
05-02 20:49:06.845 525 525 D TelephonyRegistry: listen oscl: mHasNotifySubscriptionInfoChangedOccurred==false no callback
05-02 20:49:06.851 525 619 D ConnectivityService: NetReassign [no changes]
05-02 20:49:06.851 525 525 D SystemServerTiming: MakeNetworkStatsServiceReady took to complete: 59ms
05-02 20:49:06.851 525 525 I SystemServerTiming: MakeConnectivityServiceReady
05-02 20:49:06.851 525 612 D TelephonyRegistry: listen oscl: mHasNotifySubscriptionInfoChangedOccurred==false no callback
05-02 20:49:06.882 525 596 D SystemServerTimingAsync: SecondaryZygotePreload took to complete: 2251ms
05-02 20:49:06.882 525 596 D SystemServerInitThreadPool: Finished executing SecondaryZygotePreload
05-02 20:49:06.882 525 596 D SystemServerTimingAsync: InitThreadPoolExec:SecondaryZygotePreload took to complete: 2251ms
05-02 20:49:06.885 525 591 I am_uid_running: 1037
05-02 20:49:06.887 525 591 D SystemServerTimingAsync: WebViewFactoryPreparation took to complete: 108ms
05-02 20:49:06.887 525 611 I netstats_mobile_sample: [0,0,0,0,0,0,0,0,0,0,0,0,1651524546887]
05-02 20:49:06.887 525 591 D SystemServerInitThreadPool: Finished executing WebViewFactoryPreparation
05-02 20:49:06.887 525 591 D SystemServerTimingAsync: InitThreadPoolExec:WebViewFactoryPreparation took to complete: 109ms
05-02 20:49:06.887 525 611 I netstats_wifi_sample: [0,0,0,0,0,0,0,0,0,0,0,0,1651524546887]
05-02 20:49:06.893 525 525 D SystemServerTiming: MakeConnectivityServiceReady took to complete: 42ms
05-02 20:49:06.893 525 525 I SystemServerTiming: MakeNetworkPolicyServiceReady
05-02 20:49:06.893 525 525 D SystemServerTiming: MakeNetworkPolicyServiceReady took to complete: 0ms
05-02 20:49:06.893 525 525 I SystemServerTiming: PhaseThirdPartyAppsCanStart
05-02 20:49:06.893 525 525 I SystemServiceManager: Starting phase 600
05-02 20:49:06.894 525 525 I SystemServerTiming: OnBootPhase_600
05-02 20:49:06.894 525 525 I SystemServerTiming: OnBootPhase_600_com.android.server.security.FileIntegrityService
05-02 20:49:06.894 525 525 D SystemServerTiming: OnBootPhase_600_com.android.server.security.FileIntegrityService took to complete: 0ms
05-02 20:49:06.894 525 525 I SystemServerTiming: OnBootPhase_600_com.android.server.pm.Installer
05-02 20:49:06.894 525 525 D SystemServerTiming: OnBootPhase_600_com.android.server.pm.Installer took to complete: 0ms
05-02 20:49:06.894 525 525 I SystemServerTiming: OnBootPhase_600_com.android.server.os.DeviceIdentifiersPolicyService
05-02 20:49:06.894 525 525 D SystemServerTiming: OnBootPhase_600_com.android.server.os.DeviceIdentifiersPolicyService took to complete: 0ms
05-02 20:49:06.894 525 525 I SystemServerTiming: OnBootPhase_600_com.android.server.uri.UriGrantsManagerService$Lifecycle
05-02 20:49:06.894 525 525 D SystemServerTiming: OnBootPhase_600_com.android.server.uri.UriGrantsManagerService$Lifecycle took to complete: 0ms
05-02 20:49:06.894 525 525 I SystemServerTiming: OnBootPhase_600_com.android.server.wm.ActivityTaskManagerService$Lifecycle
05-02 20:49:06.894 525 525 D SystemServerTiming: OnBootPhase_600_com.android.server.wm.ActivityTaskManagerService$Lifecycle took to complete: 0ms
05-02 20:49:06.894 525 525 I SystemServerTiming: OnBootPhase_600_com.android.server.am.ActivityManagerService$Lifecycle
05-02 20:49:06.895 525 619 D ConnectivityService: NetReassign [no changes]
05-02 20:49:06.895 525 525 I ExplicitHealthCheckController: Explicit health checks enabled.
05-02 20:49:06.895 525 525 I PackageWatchdog: Syncing state, reason: health check state enabled
05-02 20:49:06.895 525 525 I PackageWatchdog: Not pruning observers, elapsed time: 0ms
05-02 20:49:06.895 525 525 I PackageWatchdog: Cancelling state sync, nothing to sync
05-02 20:49:06.896 525 525 D SystemServerTiming: OnBootPhase_600_com.android.server.am.ActivityManagerService$Lifecycle took to complete: 2ms
05-02 20:49:06.896 525 525 I SystemServerTiming: OnBootPhase_600_com.android.server.pm.DataLoaderManagerService
05-02 20:49:06.896 525 525 D SystemServerTiming: OnBootPhase_600_com.android.server.pm.DataLoaderManagerService took to complete: 0ms
05-02 20:49:06.896 525 525 I SystemServerTiming: OnBootPhase_600_com.android.server.power.PowerManagerService
05-02 20:49:06.897 525 525 D SystemServerTiming: OnBootPhase_600_com.android.server.power.PowerManagerService took to complete: 1ms
05-02 20:49:06.897 525 525 I SystemServerTiming: OnBootPhase_600_com.android.server.power.ThermalManagerService
05-02 20:49:06.897 525 525 D SystemServerTiming: OnBootPhase_600_com.android.server.power.ThermalManagerService took to complete: 0ms
05-02 20:49:06.897 525 525 I SystemServerTiming: OnBootPhase_600_com.android.server.recoverysystem.RecoverySystemService$Lifecycle
05-02 20:49:06.897 525 525 D SystemServerTiming: OnBootPhase_600_com.android.server.recoverysystem.RecoverySystemService$Lifecycle took to complete: 0ms
05-02 20:49:06.897 525 525 I SystemServerTiming: OnBootPhase_600_com.android.server.lights.LightsService
05-02 20:49:06.897 525 525 D SystemServerTiming: OnBootPhase_600_com.android.server.lights.LightsService took to complete: 0ms
05-02 20:49:06.897 525 525 I SystemServerTiming: OnBootPhase_600_com.android.server.display.DisplayManagerService
05-02 20:49:06.897 525 525 D SystemServerTiming: OnBootPhase_600_com.android.server.display.DisplayManagerService took to complete: 0ms
05-02 20:49:06.897 525 525 I SystemServerTiming: OnBootPhase_600_com.android.server.pm.UserManagerService$LifeCycle
05-02 20:49:06.897 525 525 D SystemServerTiming: OnBootPhase_600_com.android.server.pm.UserManagerService$LifeCycle took to complete: 0ms
05-02 20:49:06.897 525 525 I SystemServerTiming: OnBootPhase_600_com.android.server.om.OverlayManagerService
05-02 20:49:06.897 525 525 D SystemServerTiming: OnBootPhase_600_com.android.server.om.OverlayManagerService took to complete: 0ms
05-02 20:49:06.897 525 525 I SystemServerTiming: OnBootPhase_600_com.android.server.SensorPrivacyService
05-02 20:49:06.897 525 525 D SystemServerTiming: OnBootPhase_600_com.android.server.SensorPrivacyService took to complete: 0ms
05-02 20:49:06.897 525 525 I SystemServerTiming: OnBootPhase_600_com.android.server.SystemConfigService
05-02 20:49:06.897 525 525 D SystemServerTiming: OnBootPhase_600_com.android.server.SystemConfigService took to complete: 0ms
05-02 20:49:06.897 525 525 I SystemServerTiming: OnBootPhase_600_com.android.server.BatteryService
05-02 20:49:06.897 525 525 D SystemServerTiming: OnBootPhase_600_com.android.server.BatteryService took to complete: 0ms
05-02 20:49:06.897 525 525 I SystemServerTiming: OnBootPhase_600_com.android.server.usage.UsageStatsService
05-02 20:49:06.898 525 525 D SystemServerTiming: OnBootPhase_600_com.android.server.usage.UsageStatsService took to complete: 0ms
05-02 20:49:06.898 525 525 I SystemServerTiming: OnBootPhase_600_com.android.server.webkit.WebViewUpdateService
05-02 20:49:06.898 525 525 D SystemServerTiming: OnBootPhase_600_com.android.server.webkit.WebViewUpdateService took to complete: 0ms
05-02 20:49:06.898 525 525 I SystemServerTiming: OnBootPhase_600_com.android.server.CachedDeviceStateService
05-02 20:49:06.898 525 525 D SystemServerTiming: OnBootPhase_600_com.android.server.CachedDeviceStateService took to complete: 0ms
05-02 20:49:06.898 525 525 I SystemServerTiming: OnBootPhase_600_com.android.server.BinderCallsStatsService$LifeCycle
05-02 20:49:06.898 525 525 D SystemServerTiming: OnBootPhase_600_com.android.server.BinderCallsStatsService$LifeCycle took to complete: 0ms
05-02 20:49:06.898 525 525 I SystemServerTiming: OnBootPhase_600_com.android.server.LooperStatsService$Lifecycle
05-02 20:49:06.898 525 525 D SystemServerTiming: OnBootPhase_600_com.android.server.LooperStatsService$Lifecycle took to complete: 0ms
05-02 20:49:06.898 525 525 I SystemServerTiming: OnBootPhase_600_com.android.server.rollback.RollbackManagerService
05-02 20:49:06.898 525 525 D SystemServerTiming: OnBootPhase_600_com.android.server.rollback.RollbackManagerService took to complete: 0ms
05-02 20:49:06.898 525 525 I SystemServerTiming: OnBootPhase_600_com.android.server.os.BugreportManagerService
05-02 20:49:06.898 525 525 D SystemServerTiming: OnBootPhase_600_com.android.server.os.BugreportManagerService took to complete: 0ms
05-02 20:49:06.898 525 525 I SystemServerTiming: OnBootPhase_600_com.android.server.gpu.GpuService
05-02 20:49:06.898 525 525 D SystemServerTiming: OnBootPhase_600_com.android.server.gpu.GpuService took to complete: 0ms
05-02 20:49:06.898 525 525 I SystemServerTiming: OnBootPhase_600_com.android.server.security.KeyChainSystemService
05-02 20:49:06.898 525 525 D SystemServerTiming: OnBootPhase_600_com.android.server.security.KeyChainSystemService took to complete: 0ms
05-02 20:49:06.898 525 525 I SystemServerTiming: OnBootPhase_600_com.android.server.telecom.TelecomLoaderService
05-02 20:49:06.898 525 525 D SystemServerTiming: OnBootPhase_600_com.android.server.telecom.TelecomLoaderService took to complete: 0ms
05-02 20:49:06.898 525 525 I SystemServerTiming: OnBootPhase_600_com.android.server.accounts.AccountManagerService$Lifecycle
05-02 20:49:06.898 525 525 D SystemServerTiming: OnBootPhase_600_com.android.server.accounts.AccountManagerService$Lifecycle took to complete: 0ms
05-02 20:49:06.898 525 525 I SystemServerTiming: OnBootPhase_600_com.android.server.content.ContentService$Lifecycle
05-02 20:49:06.898 525 525 D SystemServerTiming: OnBootPhase_600_com.android.server.content.ContentService$Lifecycle took to complete: 0ms
05-02 20:49:06.898 525 525 I SystemServerTiming: OnBootPhase_600_com.android.server.DropBoxManagerService
05-02 20:49:06.898 525 525 D SystemServerTiming: OnBootPhase_600_com.android.server.DropBoxManagerService took to complete: 0ms
05-02 20:49:06.898 525 525 I SystemServerTiming: OnBootPhase_600_com.android.server.AlarmManagerService
05-02 20:49:06.898 525 525 D SystemServerTiming: OnBootPhase_600_com.android.server.AlarmManagerService took to complete: 0ms
05-02 20:49:06.898 525 525 I SystemServerTiming: OnBootPhase_600_com.android.server.BluetoothService
05-02 20:49:06.898 525 525 D SystemServerTiming: OnBootPhase_600_com.android.server.BluetoothService took to complete: 0ms
05-02 20:49:06.898 525 525 I SystemServerTiming: OnBootPhase_600_com.android.server.connectivity.IpConnectivityMetrics
05-02 20:49:06.899 525 525 D SystemServerTiming: OnBootPhase_600_com.android.server.connectivity.IpConnectivityMetrics took to complete: 0ms
05-02 20:49:06.899 525 525 I SystemServerTiming: OnBootPhase_600_com.android.server.net.watchlist.NetworkWatchlistService$Lifecycle
05-02 20:49:06.899 525 525 D SystemServerTiming: OnBootPhase_600_com.android.server.net.watchlist.NetworkWatchlistService$Lifecycle took to complete: 0ms
05-02 20:49:06.899 525 525 I SystemServerTiming: OnBootPhase_600_com.android.server.PinnerService
05-02 20:49:06.899 525 525 D SystemServerTiming: OnBootPhase_600_com.android.server.PinnerService took to complete: 0ms
05-02 20:49:06.899 525 525 I SystemServerTiming: OnBootPhase_600_com.google.android.startop.iorap.IorapForwardingService
05-02 20:49:06.899 525 525 D SystemServerTiming: OnBootPhase_600_com.google.android.startop.iorap.IorapForwardingService took to complete: 0ms
05-02 20:49:06.899 525 525 I SystemServerTiming: OnBootPhase_600_com.android.server.integrity.AppIntegrityManagerService
05-02 20:49:06.899 525 525 D SystemServerTiming: OnBootPhase_600_com.android.server.integrity.AppIntegrityManagerService took to complete: 0ms
05-02 20:49:06.899 525 525 I SystemServerTiming: OnBootPhase_600_com.android.server.inputmethod.InputMethodManagerService$Lifecycle
05-02 20:49:06.899 525 525 D SystemServerTiming: OnBootPhase_600_com.android.server.inputmethod.InputMethodManagerService$Lifecycle took to complete: 0ms
05-02 20:49:06.899 525 619 D ConnectivityService: NetReassign [no changes]
05-02 20:49:06.899 525 525 I SystemServerTiming: OnBootPhase_600_com.android.server.accessibility.AccessibilityManagerService$Lifecycle
05-02 20:49:06.899 525 525 D SystemServerTiming: OnBootPhase_600_com.android.server.accessibility.AccessibilityManagerService$Lifecycle took to complete: 0ms
05-02 20:49:06.899 525 525 I SystemServerTiming: OnBootPhase_600_com.android.server.StorageManagerService$Lifecycle
05-02 20:49:06.899 525 525 D SystemServerTiming: OnBootPhase_600_com.android.server.StorageManagerService$Lifecycle took to complete: 0ms
05-02 20:49:06.899 525 525 I SystemServerTiming: OnBootPhase_600_com.android.server.usage.StorageStatsService$Lifecycle
05-02 20:49:06.899 525 525 D SystemServerTiming: OnBootPhase_600_com.android.server.usage.StorageStatsService$Lifecycle took to complete: 0ms
05-02 20:49:06.899 525 525 I SystemServerTiming: OnBootPhase_600_com.android.server.UiModeManagerService
05-02 20:49:06.899 525 525 D SystemServerTiming: OnBootPhase_600_com.android.server.UiModeManagerService took to complete: 0ms
05-02 20:49:06.899 525 525 I SystemServerTiming: OnBootPhase_600_com.android.server.locksettings.LockSettingsService$Lifecycle
05-02 20:49:06.899 525 525 D SystemServerTiming: OnBootPhase_600_com.android.server.locksettings.LockSettingsService$Lifecycle took to complete: 0ms
05-02 20:49:06.899 525 525 I SystemServerTiming: OnBootPhase_600_com.android.server.PersistentDataBlockService
05-02 20:49:06.899 525 525 D SystemServerTiming: OnBootPhase_600_com.android.server.PersistentDataBlockService took to complete: 0ms
05-02 20:49:06.899 525 525 I SystemServerTiming: OnBootPhase_600_com.android.server.testharness.TestHarnessModeService
05-02 20:49:06.899 525 525 D SystemServerTiming: OnBootPhase_600_com.android.server.testharness.TestHarnessModeService took to complete: 0ms
05-02 20:49:06.899 525 525 I SystemServerTiming: OnBootPhase_600_com.android.server.oemlock.OemLockService
05-02 20:49:06.899 525 525 D SystemServerTiming: OnBootPhase_600_com.android.server.oemlock.OemLockService took to complete: 0ms
05-02 20:49:06.900 525 525 I SystemServerTiming: OnBootPhase_600_com.android.server.DeviceIdleController
05-02 20:49:06.900 525 525 D SystemServerTiming: OnBootPhase_600_com.android.server.DeviceIdleController took to complete: 0ms
05-02 20:49:06.900 525 525 I SystemServerTiming: OnBootPhase_600_com.android.server.devicepolicy.DevicePolicyManagerService$Lifecycle
05-02 20:49:06.900 525 525 D SystemServerTiming: OnBootPhase_600_com.android.server.devicepolicy.DevicePolicyManagerService$Lifecycle took to complete: 0ms
05-02 20:49:06.900 525 525 I SystemServerTiming: OnBootPhase_600_com.android.server.textservices.TextServicesManagerService$Lifecycle
05-02 20:49:06.900 525 525 D SystemServerTiming: OnBootPhase_600_com.android.server.textservices.TextServicesManagerService$Lifecycle took to complete: 0ms
05-02 20:49:06.900 525 525 I SystemServerTiming: OnBootPhase_600_com.android.server.textclassifier.TextClassificationManagerService$Lifecycle
05-02 20:49:06.900 525 525 D SystemServerTiming: OnBootPhase_600_com.android.server.textclassifier.TextClassificationManagerService$Lifecycle took to complete: 0ms
05-02 20:49:06.900 525 525 I SystemServerTiming: OnBootPhase_600_com.android.server.NetworkScoreService$Lifecycle
05-02 20:49:06.900 525 525 D SystemServerTiming: OnBootPhase_600_com.android.server.NetworkScoreService$Lifecycle took to complete: 0ms
05-02 20:49:06.900 525 525 I SystemServerTiming: OnBootPhase_600_com.android.server.wifi.WifiService
05-02 20:49:06.900 525 525 D SystemServerTiming: OnBootPhase_600_com.android.server.wifi.WifiService took to complete: 0ms
05-02 20:49:06.900 525 525 I SystemServerTiming: OnBootPhase_600_com.android.server.wifi.scanner.WifiScanningService
05-02 20:49:06.900 525 525 D SystemServerTiming: OnBootPhase_600_com.android.server.wifi.scanner.WifiScanningService took to complete: 0ms
05-02 20:49:06.900 525 525 I SystemServerTiming: OnBootPhase_600_com.android.server.wifi.p2p.WifiP2pService
05-02 20:49:06.900 525 525 D SystemServerTiming: OnBootPhase_600_com.android.server.wifi.p2p.WifiP2pService took to complete: 0ms
05-02 20:49:06.900 525 525 I SystemServerTiming: OnBootPhase_600_com.android.server.ethernet.EthernetService
05-02 20:49:06.900 525 525 D SystemServerTiming: OnBootPhase_600_com.android.server.ethernet.EthernetService took to complete: 0ms
05-02 20:49:06.900 525 525 I SystemServerTiming: OnBootPhase_600_com.android.server.notification.NotificationManagerService
05-02 20:49:06.901 525 551 I PackageWatchdog: Saving observer state to file
05-02 20:49:06.906 525 525 D SystemServerTiming: OnBootPhase_600_com.android.server.notification.NotificationManagerService took to complete: 6ms
05-02 20:49:06.906 525 525 I SystemServerTiming: OnBootPhase_600_com.android.server.storage.DeviceStorageMonitorService
05-02 20:49:06.906 525 525 D SystemServerTiming: OnBootPhase_600_com.android.server.storage.DeviceStorageMonitorService took to complete: 0ms
05-02 20:49:06.906 525 525 I SystemServerTiming: OnBootPhase_600_com.android.server.location.LocationManagerService$Lifecycle
05-02 20:49:06.913 525 553 W ActivityManager: Slow operation: 376ms so far, now at startProcess: returned from zygote!
05-02 20:49:06.914 525 553 W ActivityManager: Slow operation: 377ms so far, now at startProcess: done updating battery stats
05-02 20:49:06.914 525 553 I am_proc_start: [0,673,1002,com.android.bluetooth,service,{com.android.bluetooth/com.android.bluetooth.btservice.AdapterService}]
05-02 20:49:06.914 525 553 W ActivityManager: Slow operation: 377ms so far, now at startProcess: building log message
05-02 20:49:06.914 525 553 I ActivityManager: Start proc 673:com.android.bluetooth/1002 for service {com.android.bluetooth/com.android.bluetooth.btservice.AdapterService}
05-02 20:49:06.915 525 553 W ActivityManager: Slow operation: 378ms so far, now at startProcess: starting to update pids map
05-02 20:49:06.915 525 553 W ActivityManager: Slow operation: 378ms so far, now at startProcess: done updating pids map
05-02 20:49:06.915 525 553 W ActivityManager: Slow operation: 293ms so far, now at startProcess: asking zygote to start proc
05-02 20:49:06.916 525 553 D CompatibilityChangeReporter: Compat change id reported: 143937733; UID 10121; state: ENABLED
05-02 20:49:06.923 525 525 D TelephonyRegistry: listen oscl: mHasNotifySubscriptionInfoChangedOccurred==false no callback
05-02 20:49:06.933 525 525 D SystemServerTiming: OnBootPhase_600_com.android.server.location.LocationManagerService$Lifecycle took to complete: 27ms
05-02 20:49:06.933 525 525 I SystemServerTiming: OnBootPhase_600_com.android.server.timedetector.TimeDetectorService$Lifecycle
05-02 20:49:06.933 525 525 D SystemServerTiming: OnBootPhase_600_com.android.server.timedetector.TimeDetectorService$Lifecycle took to complete: 0ms
05-02 20:49:06.933 525 525 I SystemServerTiming: OnBootPhase_600_com.android.server.timezonedetector.TimeZoneDetectorService$Lifecycle
05-02 20:49:06.933 525 525 D SystemServerTiming: OnBootPhase_600_com.android.server.timezonedetector.TimeZoneDetectorService$Lifecycle took to complete: 0ms
05-02 20:49:06.933 525 525 I SystemServerTiming: OnBootPhase_600_com.android.server.search.SearchManagerService$Lifecycle
05-02 20:49:06.933 525 525 D SystemServerTiming: OnBootPhase_600_com.android.server.search.SearchManagerService$Lifecycle took to complete: 0ms
05-02 20:49:06.933 525 525 I SystemServerTiming: OnBootPhase_600_com.android.server.wallpaper.WallpaperManagerService$Lifecycle
05-02 20:49:06.934 525 525 I WallpaperManagerService: switch-user-0
05-02 20:49:06.934 525 525 V WallpaperManagerService: bindWallpaperComponentLocked: componentName=ComponentInfo{com.android.systemui/com.android.systemui.ImageWallpaper}
05-02 20:49:06.935 525 525 D WallpaperManagerService: switch-user-0 took to complete: 1ms
05-02 20:49:06.935 525 525 D SystemServerTiming: OnBootPhase_600_com.android.server.wallpaper.WallpaperManagerService$Lifecycle took to complete: 1ms
05-02 20:49:06.935 525 525 I SystemServerTiming: OnBootPhase_600_com.android.server.audio.AudioService$Lifecycle
05-02 20:49:06.935 525 525 D SystemServerTiming: OnBootPhase_600_com.android.server.audio.AudioService$Lifecycle took to complete: 0ms
05-02 20:49:06.935 525 525 I SystemServerTiming: OnBootPhase_600_com.android.server.soundtrigger_middleware.SoundTriggerMiddlewareService$Lifecycle
05-02 20:49:06.935 525 525 D SystemServerTiming: OnBootPhase_600_com.android.server.soundtrigger_middleware.SoundTriggerMiddlewareService$Lifecycle took to complete: 0ms
05-02 20:49:06.935 525 525 I SystemServerTiming: OnBootPhase_600_com.android.server.DockObserver
05-02 20:49:06.936 525 525 D SystemServerTiming: OnBootPhase_600_com.android.server.DockObserver took to complete: 0ms
05-02 20:49:06.936 525 525 I SystemServerTiming: OnBootPhase_600_com.android.server.midi.MidiService$Lifecycle
05-02 20:49:06.936 525 525 D SystemServerTiming: OnBootPhase_600_com.android.server.midi.MidiService$Lifecycle took to complete: 0ms
05-02 20:49:06.936 525 525 I SystemServerTiming: OnBootPhase_600_com.android.server.adb.AdbService$Lifecycle
05-02 20:49:06.936 525 525 D SystemServerTiming: OnBootPhase_600_com.android.server.adb.AdbService$Lifecycle took to complete: 0ms
05-02 20:49:06.936 525 525 I SystemServerTiming: OnBootPhase_600_com.android.server.usb.UsbService$Lifecycle
05-02 20:49:06.936 525 525 D SystemServerTiming: OnBootPhase_600_com.android.server.usb.UsbService$Lifecycle took to complete: 0ms
05-02 20:49:06.937 525 525 I SystemServerTiming: OnBootPhase_600_com.android.server.twilight.TwilightService
05-02 20:49:06.937 525 525 D SystemServerTiming: OnBootPhase_600_com.android.server.twilight.TwilightService took to complete: 0ms
05-02 20:49:06.937 525 525 I SystemServerTiming: OnBootPhase_600_com.android.server.display.color.ColorDisplayService
05-02 20:49:06.937 525 525 D SystemServerTiming: OnBootPhase_600_com.android.server.display.color.ColorDisplayService took to complete: 0ms
05-02 20:49:06.937 525 525 I SystemServerTiming: OnBootPhase_600_com.android.server.job.JobSchedulerService
05-02 20:49:06.939 525 525 D SystemServerTiming: OnBootPhase_600_com.android.server.job.JobSchedulerService took to complete: 2ms
05-02 20:49:06.939 525 525 I SystemServerTiming: OnBootPhase_600_com.android.server.soundtrigger.SoundTriggerService
05-02 20:49:06.939 525 525 D SoundTriggerService: onBootPhase: 600 : false
05-02 20:49:06.939 525 525 D SystemServerTiming: OnBootPhase_600_com.android.server.soundtrigger.SoundTriggerService took to complete: 0ms
05-02 20:49:06.939 525 525 I SystemServerTiming: OnBootPhase_600_com.android.server.trust.TrustManagerService
05-02 20:49:06.941 525 525 D SystemServerTiming: OnBootPhase_600_com.android.server.trust.TrustManagerService took to complete: 2ms
05-02 20:49:06.941 525 525 I SystemServerTiming: OnBootPhase_600_com.android.server.backup.BackupManagerService$Lifecycle
05-02 20:49:06.941 525 525 D SystemServerTiming: OnBootPhase_600_com.android.server.backup.BackupManagerService$Lifecycle took to complete: 0ms
05-02 20:49:06.941 525 525 I SystemServerTiming: OnBootPhase_600_com.android.server.appwidget.AppWidgetService
05-02 20:49:06.941 525 525 D SystemServerTiming: OnBootPhase_600_com.android.server.appwidget.AppWidgetService took to complete: 0ms
05-02 20:49:06.941 525 525 I SystemServerTiming: OnBootPhase_600_com.android.server.role.RoleManagerService
05-02 20:49:06.941 525 525 D SystemServerTiming: OnBootPhase_600_com.android.server.role.RoleManagerService took to complete: 0ms
05-02 20:49:06.941 525 525 I SystemServerTiming: OnBootPhase_600_com.android.server.voiceinteraction.VoiceInteractionManagerService
05-02 20:49:06.942 525 525 D SystemServerTiming: OnBootPhase_600_com.android.server.voiceinteraction.VoiceInteractionManagerService took to complete: 1ms
05-02 20:49:06.943 525 525 I SystemServerTiming: OnBootPhase_600_com.android.server.GestureLauncherService
05-02 20:49:06.944 525 553 W ActivityManager: Slow operation: 322ms so far, now at startProcess: returned from zygote!
05-02 20:49:06.944 525 553 W ActivityManager: Slow operation: 322ms so far, now at startProcess: done updating battery stats
05-02 20:49:06.944 525 553 I am_proc_start: [0,685,10121,com.android.systemui,service,{com.android.systemui/com.android.systemui.ImageWallpaper}]
05-02 20:49:06.944 525 553 W ActivityManager: Slow operation: 322ms so far, now at startProcess: building log message
05-02 20:49:06.945 525 553 I ActivityManager: Start proc 685:com.android.systemui/u0a121 for service {com.android.systemui/com.android.systemui.ImageWallpaper}
05-02 20:49:06.945 525 553 W ActivityManager: Slow operation: 323ms so far, now at startProcess: starting to update pids map
05-02 20:49:06.946 525 553 W ActivityManager: Slow operation: 324ms so far, now at startProcess: done updating pids map
05-02 20:49:06.947 525 553 W ActivityManager: Slow operation: 62ms so far, now at startProcess: asking zygote to start proc
05-02 20:49:06.948 525 539 I am_proc_bound: [0,673,com.android.bluetooth]
05-02 20:49:06.963 525 539 I am_uid_active: 1002
05-02 20:49:06.967 525 525 D SystemServerTiming: OnBootPhase_600_com.android.server.GestureLauncherService took to complete: 24ms
05-02 20:49:06.967 525 525 I SystemServerTiming: OnBootPhase_600_com.android.server.SensorNotificationService
05-02 20:49:06.970 525 619 D ConnectivityService: NetReassign [no changes]
05-02 20:49:06.972 525 525 D SystemServerTiming: OnBootPhase_600_com.android.server.SensorNotificationService took to complete: 5ms
05-02 20:49:06.972 525 525 I SystemServerTiming: OnBootPhase_600_com.android.server.emergency.EmergencyAffordanceService
05-02 20:49:06.977 525 525 D TelephonyRegistry: listen oscl: mHasNotifySubscriptionInfoChangedOccurred==false no callback
05-02 20:49:06.978 525 525 D SystemServerTiming: OnBootPhase_600_com.android.server.emergency.EmergencyAffordanceService took to complete: 5ms
05-02 20:49:06.978 525 525 I SystemServerTiming: OnBootPhase_600_com.android.server.dreams.DreamManagerService
05-02 20:49:06.979 525 525 D SystemServerTiming: OnBootPhase_600_com.android.server.dreams.DreamManagerService took to complete: 1ms
05-02 20:49:06.979 525 525 I SystemServerTiming: OnBootPhase_600_com.android.server.print.PrintManagerService
05-02 20:49:06.979 525 525 D SystemServerTiming: OnBootPhase_600_com.android.server.print.PrintManagerService took to complete: 0ms
05-02 20:49:06.979 525 525 I SystemServerTiming: OnBootPhase_600_com.android.server.companion.CompanionDeviceManagerService
05-02 20:49:06.980 525 525 D SystemServerTiming: OnBootPhase_600_com.android.server.companion.CompanionDeviceManagerService took to complete: 0ms
05-02 20:49:06.980 525 525 I SystemServerTiming: OnBootPhase_600_com.android.server.restrictions.RestrictionsManagerService
05-02 20:49:06.980 525 525 D SystemServerTiming: OnBootPhase_600_com.android.server.restrictions.RestrictionsManagerService took to complete: 0ms
05-02 20:49:06.980 525 525 I SystemServerTiming: OnBootPhase_600_com.android.server.media.MediaSessionService
05-02 20:49:06.980 525 525 D SystemServerTiming: OnBootPhase_600_com.android.server.media.MediaSessionService took to complete: 0ms
05-02 20:49:06.980 525 525 I SystemServerTiming: OnBootPhase_600_com.android.server.media.MediaResourceMonitorService
05-02 20:49:06.980 525 525 D SystemServerTiming: OnBootPhase_600_com.android.server.media.MediaResourceMonitorService took to complete: 0ms
05-02 20:49:06.980 525 525 I SystemServerTiming: OnBootPhase_600_com.android.server.blob.BlobStoreManagerService
05-02 20:49:06.986 525 539 I am_proc_bound: [0,685,com.android.systemui]
05-02 20:49:06.987 525 525 D SystemServerTiming: OnBootPhase_600_com.android.server.blob.BlobStoreManagerService took to complete: 7ms
05-02 20:49:06.989 525 525 I SystemServerTiming: OnBootPhase_600_com.android.server.biometrics.BiometricService
05-02 20:49:06.990 525 525 D SystemServerTiming: OnBootPhase_600_com.android.server.biometrics.BiometricService took to complete: 0ms
05-02 20:49:06.990 525 525 I SystemServerTiming: OnBootPhase_600_com.android.server.biometrics.AuthService
05-02 20:49:06.990 525 525 D SystemServerTiming: OnBootPhase_600_com.android.server.biometrics.AuthService took to complete: 0ms
05-02 20:49:06.990 525 525 I SystemServerTiming: OnBootPhase_600_com.android.server.pm.ShortcutService$Lifecycle
05-02 20:49:06.990 525 525 D SystemServerTiming: OnBootPhase_600_com.android.server.pm.ShortcutService$Lifecycle took to complete: 0ms
05-02 20:49:06.990 525 525 I SystemServerTiming: OnBootPhase_600_com.android.server.pm.LauncherAppsService
05-02 20:49:06.990 525 525 D SystemServerTiming: OnBootPhase_600_com.android.server.pm.LauncherAppsService took to complete: 0ms
05-02 20:49:06.990 525 525 I SystemServerTiming: OnBootPhase_600_com.android.server.pm.CrossProfileAppsService
05-02 20:49:06.991 525 525 D SystemServerTiming: OnBootPhase_600_com.android.server.pm.CrossProfileAppsService took to complete: 0ms
05-02 20:49:06.991 525 525 I SystemServerTiming: OnBootPhase_600_com.android.server.people.PeopleService
05-02 20:49:06.991 525 525 D SystemServerTiming: OnBootPhase_600_com.android.server.people.PeopleService took to complete: 0ms
05-02 20:49:06.991 525 525 I SystemServerTiming: OnBootPhase_600_com.android.server.media.projection.MediaProjectionManagerService
05-02 20:49:06.991 525 525 D SystemServerTiming: OnBootPhase_600_com.android.server.media.projection.MediaProjectionManagerService took to complete: 0ms
05-02 20:49:06.991 525 525 I SystemServerTiming: OnBootPhase_600_com.android.server.slice.SliceManagerService$Lifecycle
05-02 20:49:06.991 525 525 D SystemServerTiming: OnBootPhase_600_com.android.server.slice.SliceManagerService$Lifecycle took to complete: 0ms
05-02 20:49:06.991 525 525 I SystemServerTiming: OnBootPhase_600_com.android.server.camera.CameraServiceProxy
05-02 20:49:06.991 525 525 D SystemServerTiming: OnBootPhase_600_com.android.server.camera.CameraServiceProxy took to complete: 0ms
05-02 20:49:06.991 525 525 I SystemServerTiming: OnBootPhase_600_com.android.server.stats.StatsCompanion$Lifecycle
05-02 20:49:06.993 525 539 I am_uid_active: 10121
05-02 20:49:07.028 525 525 D SystemServerTiming: OnBootPhase_600_com.android.server.stats.StatsCompanion$Lifecycle took to complete: 37ms
05-02 20:49:07.028 525 525 I SystemServerTiming: OnBootPhase_600_com.android.server.stats.pull.StatsPullAtomService
05-02 20:49:07.028 525 525 D SystemServerTiming: OnBootPhase_600_com.android.server.stats.pull.StatsPullAtomService took to complete: 0ms
05-02 20:49:07.028 525 525 I SystemServerTiming: OnBootPhase_600_com.android.server.incident.IncidentCompanionService
05-02 20:49:07.028 525 525 D SystemServerTiming: OnBootPhase_600_com.android.server.incident.IncidentCompanionService took to complete: 0ms
05-02 20:49:07.028 525 525 I SystemServerTiming: OnBootPhase_600_com.android.server.MmsServiceBroker
05-02 20:49:07.028 525 525 D SystemServerTiming: OnBootPhase_600_com.android.server.MmsServiceBroker took to complete: 0ms
05-02 20:49:07.028 525 525 I SystemServerTiming: OnBootPhase_600_com.android.server.autofill.AutofillManagerService
05-02 20:49:07.028 525 551 D StatsPullAtomService: Registering NetworkStats pullers with statsd
05-02 20:49:07.032 525 525 D SystemServerTiming: OnBootPhase_600_com.android.server.autofill.AutofillManagerService took to complete: 4ms
05-02 20:49:07.032 525 525 I SystemServerTiming: OnBootPhase_600_com.android.server.clipboard.ClipboardService
05-02 20:49:07.032 525 525 D SystemServerTiming: OnBootPhase_600_com.android.server.clipboard.ClipboardService took to complete: 0ms
05-02 20:49:07.032 525 525 I SystemServerTiming: OnBootPhase_600_com.android.server.appbinding.AppBindingService$Lifecycle
05-02 20:49:07.033 525 525 D SystemServerTiming: OnBootPhase_600_com.android.server.appbinding.AppBindingService$Lifecycle took to complete: 1ms
05-02 20:49:07.033 525 525 I SystemServerTiming: OnBootPhase_600_com.android.server.policy.PermissionPolicyService
05-02 20:49:07.033 525 525 D SystemServerTiming: OnBootPhase_600_com.android.server.policy.PermissionPolicyService took to complete: 0ms
05-02 20:49:07.033 525 525 I SystemServerTiming: OnBootPhase_600_com.android.server.pm.StagingManager$Lifecycle
05-02 20:49:07.033 525 525 D SystemServerTiming: OnBootPhase_600_com.android.server.pm.StagingManager$Lifecycle took to complete: 0ms
05-02 20:49:07.033 525 525 D SystemServerTiming: OnBootPhase_600 took to complete: 139ms
05-02 20:49:07.033 525 525 D SystemServerTiming: PhaseThirdPartyAppsCanStart took to complete: 140ms
05-02 20:49:07.033 525 525 I SystemServerTiming: StartNetworkStack
05-02 20:49:07.033 525 525 D ConnectivityModuleConnector: Starting networking module android.net.INetworkStackConnector
05-02 20:49:07.034 525 525 D ConnectivityModuleConnector: Starting networking module in network_stack process
05-02 20:49:07.036 525 525 I am_uid_running: 1073
05-02 20:49:07.037 525 525 D CompatibilityChangeReporter: Compat change id reported: 135634846; UID 1073; state: DISABLED
05-02 20:49:07.039 525 525 D CompatibilityChangeReporter: Compat change id reported: 135754954; UID 1073; state: ENABLED
05-02 20:49:07.039 525 525 D ConnectivityModuleConnector: Networking module service start requested
05-02 20:49:07.040 525 525 D SystemServerTiming: StartNetworkStack took to complete: 7ms
05-02 20:49:07.040 525 525 I SystemServerTiming: StartTethering
