05-02 20:49:14.384 525 552 I SystemServerTimingAsync: ssm.onUnlockingUser-0_com.android.server.textservices.TextServicesManagerService$Lifecycle
05-02 20:49:14.386 1283 1283 F DEBUG : *** *** *** *** *** *** *** *** *** *** *** *** *** *** *** ***
05-02 20:49:14.386 1283 1283 F DEBUG : Build fingerprint: 'Android/evk_8mm/evk_8mm:11/RQ2A.210505.002/eng.kiran.20220502.202049:userdebug/dev-keys'
05-02 20:49:14.387 1283 1283 F DEBUG : Revision: '0'
05-02 20:49:14.387 1283 1283 F DEBUG : ABI: 'arm64'
05-02 20:49:14.387 525 552 D SystemServerTimingAsync: ssm.onUnlockingUser-0_com.android.server.textservices.TextServicesManagerService$Lifecycle took to complete: 3ms
05-02 20:49:14.387 525 552 I SystemServerTimingAsync: ssm.onUnlockingUser-0_com.android.server.textclassifier.TextClassificationManagerService$Lifecycle
05-02 20:49:14.387 525 552 D SystemServerTimingAsync: ssm.onUnlockingUser-0_com.android.server.textclassifier.TextClassificationManagerService$Lifecycle took to complete: 0ms
05-02 20:49:14.387 525 552 I SystemServerTimingAsync: ssm.onUnlockingUser-0_com.android.server.NetworkScoreService$Lifecycle
05-02 20:49:14.387 525 552 D SystemServerTimingAsync: ssm.onUnlockingUser-0_com.android.server.NetworkScoreService$Lifecycle took to complete: 0ms
05-02 20:49:14.387 525 552 I SystemServerTimingAsync: ssm.onUnlockingUser-0_com.android.server.wifi.WifiService
05-02 20:49:14.387 525 552 I chatty : uid=1000(system) ActivityManager expire 5 lines
05-02 20:49:14.387 525 552 D SystemServerTimingAsync: ssm.onUnlockingUser-0_com.android.server.wifi.WifiService took to complete: 0ms
05-02 20:49:14.388 525 552 I SystemServerTimingAsync: ssm.onUnlockingUser-0_com.android.server.wifi.scanner.WifiScanningService
05-02 20:49:14.388 525 552 D SystemServerTimingAsync: ssm.onUnlockingUser-0_com.android.server.wifi.scanner.WifiScanningService took to complete: 0ms
05-02 20:49:14.388 525 552 I SystemServerTimingAsync: ssm.onUnlockingUser-0_com.android.server.wifi.p2p.WifiP2pService
05-02 20:49:14.388 525 552 D SystemServerTimingAsync: ssm.onUnlockingUser-0_com.android.server.wifi.p2p.WifiP2pService took to complete: 0ms
05-02 20:49:14.388 1283 1283 F DEBUG : Timestamp: 2022-05-02 20:49:14+0000
05-02 20:49:14.388 525 552 I SystemServerTimingAsync: ssm.onUnlockingUser-0_com.android.server.ethernet.EthernetService
05-02 20:49:14.388 525 552 D SystemServerTimingAsync: ssm.onUnlockingUser-0_com.android.server.ethernet.EthernetService took to complete: 0ms
05-02 20:49:14.388 1283 1283 F DEBUG : pid: 1213, tid: 1277, name: bt_hci_thread >>> com.android.bluetooth <<<
05-02 20:49:14.388 525 552 I SystemServerTimingAsync: ssm.onUnlockingUser-0_com.android.server.notification.NotificationManagerService
05-02 20:49:14.388 1283 1283 F DEBUG : uid: 1002
05-02 20:49:14.388 1283 1283 F DEBUG : signal 6 (SIGABRT), code -1 (SI_QUEUE), fault addr --------
05-02 20:49:14.388 525 552 D SystemServerTimingAsync: ssm.onUnlockingUser-0_com.android.server.notification.NotificationManagerService took to complete: 0ms
05-02 20:49:14.388 525 552 I SystemServerTimingAsync: ssm.onUnlockingUser-0_com.android.server.storage.DeviceStorageMonitorService
05-02 20:49:14.388 525 552 D SystemServerTimingAsync: ssm.onUnlockingUser-0_com.android.server.storage.DeviceStorageMonitorService took to complete: 0ms
05-02 20:49:14.388 525 552 I SystemServerTimingAsync: ssm.onUnlockingUser-0_com.android.server.location.LocationManagerService$Lifecycle
05-02 20:49:14.388 525 525 I NotificationHistory: Attempted to unlock gone/disabled user 0
05-02 20:49:14.388 525 552 D SystemServerTimingAsync: ssm.onUnlockingUser-0_com.android.server.location.LocationManagerService$Lifecycle took to complete: 0ms
05-02 20:49:14.388 1283 1283 F DEBUG : Abort message: '[0502/204914.208180:FATAL:hci_layer_android.cc(102)] Check failed: status == Status::SUCCESS.
05-02 20:49:14.388 1283 1283 F DEBUG : #00 0x0000e8ef4a00538f /system/lib64/libchrome.so+0x00000000000b738f
05-02 20:49:14.388 1283 1283 F DEBUG : #01 0x0000e8ef49bf0cb3 /system/lib64/libbluetooth.so+0x0000000000266cb3
05-02 20:49:14.388 1283 1283 F DEBUG : #02 0x0000e8ef4995e57b /system/lib64/android.hardware.bluetooth@1.0.so+0x000000000001b57b
05-02 20:49:14.388 1283 1283 F DEBUG : #03 0x0000e8ef49872c3b /system/lib64/android.hardware.bluetooth@1.1.so+0x000000000001bc3b
05-02 20:49:14.388 1283 1283 F DEBUG : #04 0x0000e8f1c84d989b /system/lib64/libhidlbase.so+0x000000000009489b
05-02 20:49:14.388 1283 1283 F DEBUG : #05 0x0000e8f1c84df7ab /system/lib64/libhidlbase.so+0x000000000009a7ab
05-02 20:49:14.388 1283 1283 F DEBUG : #06 0x0000e8f1c84da4b7 /system/lib64/libhidlbase.so+0x00000000000954b7
05-02 20:49:14.388 1283 1283 F DEBUG : #07 0x0000e8ef4995359b /system/lib64/android.hardware.bluetooth@1.0.so+0x000000000001059b
05-02 20:49:14.388 1283 1283 F DEBUG : #08 0x0000e8ef49bf06a3 /system/lib64/libbluetooth.so+0x00000000002666a3
05-02 20:49:14.388 1283 1283 F DEBUG : #09 0x0000e8ef49fec8a3 /system/lib64/libchrome.so+0x000000000009e8a3
05-02 20:49:14.388 1283 1283 F DEBUG : #10 0x0000e8ef4a00d027 /system/lib64/libchrome.so+0x00000000000bf027
05-02 20:49:14.388 1283 1283 F DEBUG : #11 0x0000e8ef4a00d3d3 /system/lib64/libchrome.so+0x00000000000bf3d3
05-02 20:49:14.388 1283 1283 F DEBUG : #12 0x0000e8ef4a00ebd3 /system/lib64/libchrome.so+0x00000000000c0bd3
05-02 20:49:14.388 1283 1283 F DEBUG : #13 0x0000e8ef4a031277 /system/lib64/libchrome.so+0x00000000000e3277
05-02 20:49:14.388 1283 1283 F DEBUG : #14 0x0000e8ef49b2d40f /system/lib64/libbluetooth.so+0x00000000001a340f
05-02 20:49:14.388 1283 1283 F DEBUG : #15 0x0000e8ef49b2cf53 /system/lib64/libbluetooth.so+0x00000000001a2f53
05-02 20:49:14.388 1283 1283 F DEBUG : #16 0x0000e8ef49b2d917 /system/lib64/libbluetooth.so+0x00000000001a3917
05-02 20:49:14.388 1283 1283 F DEBUG : #17 0x0000e8f1c648ec0b /apex/com.android.runtime/lib64/bionic/libc.so+0x00000000000b0c0b
05-02 20:49:14.388 1283 1283 F DEBUG : #18 0x0000e8f1c642e5d3 /apex/com.android.runtime/lib64/bionic/libc.so+0x00000000000505d3
05-02 20:49:14.388 1283 1283 F DEBUG : #19 0xffffffffffffffff
05-02 20:49:14.388 1283 1283 F DEBUG :
05-02 20:49:14.388 1283 1283 F DEBUG : '
05-02 20:49:14.388 525 552 I SystemServerTimingAsync: ssm.onUnlockingUser-0_com.android.server.timedetector.TimeDetectorService$Lifecycle
05-02 20:49:14.388 525 552 D SystemServerTimingAsync: ssm.onUnlockingUser-0_com.android.server.timedetector.TimeDetectorService$Lifecycle took to complete: 0ms
05-02 20:49:14.388 525 552 I SystemServerTimingAsync: ssm.onUnlockingUser-0_com.android.server.timezonedetector.TimeZoneDetectorService$Lifecycle
05-02 20:49:14.388 1283 1283 F DEBUG : x0 0000000000000000 x1 00000000000004fd x2 0000000000000006 x3 0000e8ef39903610
05-02 20:49:14.388 525 552 D SystemServerTimingAsync: ssm.onUnlockingUser-0_com.android.server.timezonedetector.TimeZoneDetectorService$Lifecycle took to complete: 0ms
05-02 20:49:14.388 1283 1283 F DEBUG : x4 feffe6ff09093d6d x5 feffe6ff09093d6d x6 feffe6ff09093d6d x7 7f7fff7f7f7f7f7f
05-02 20:49:14.388 525 552 I SystemServerTimingAsync: ssm.onUnlockingUser-0_com.android.server.search.SearchManagerService$Lifecycle
05-02 20:49:14.388 1283 1283 F DEBUG : x8 00000000000000f0 x9 0000e8f1c63fe7e0 x10 ffffff80fffffbdf x11 0000000000000001
05-02 20:49:14.388 525 552 D SystemServerTimingAsync: ssm.onUnlockingUser-0_com.android.server.search.SearchManagerService$Lifecycle took to complete: 0ms
05-02 20:49:14.388 1283 1283 F DEBUG : x12 0000e8ef39902420 x13 000000000000061d x14 0000e8ef399024d0 x15 0000000012f21aa7
05-02 20:49:14.388 525 552 I SystemServerTimingAsync: ssm.onUnlockingUser-0_com.android.server.wallpaper.WallpaperManagerService$Lifecycle
05-02 20:49:14.388 1283 1283 F DEBUG : x16 0000e8f1c6497c80 x17 0000e8f1c64793c0 x18 0000e8ef38960028 x19 00000000000000ac
05-02 20:49:14.388 1283 1283 F DEBUG : x20 00000000000004bd x21 00000000000000b2 x22 00000000000004fd x23 00000000ffffffff
05-02 20:49:14.388 525 552 I WallpaperManagerService: on-unlock-user-0
05-02 20:49:14.388 1283 1283 F DEBUG : x24 0000e8ef4a07b000 x25 0000e8f1c649af28 x26 0000e8ef39905000 x27 0000e8ef39903708
05-02 20:49:14.388 1283 1283 F DEBUG : x28 00000000000004bd x29 0000e8ef39903690
05-02 20:49:14.389 525 552 D WallpaperManagerService: on-unlock-user-0 took to complete: 0ms
05-02 20:49:14.389 1283 1283 F DEBUG : lr 0000e8f1c642c544 sp 0000e8ef399035f0 pc 0000e8f1c642c574 pst 0000000000000000
05-02 20:49:14.389 525 552 D SystemServerTimingAsync: ssm.onUnlockingUser-0_com.android.server.wallpaper.WallpaperManagerService$Lifecycle took to complete: 1ms
05-02 20:49:14.389 525 552 I SystemServerTimingAsync: ssm.onUnlockingUser-0_com.android.server.audio.AudioService$Lifecycle
05-02 20:49:14.389 525 552 D SystemServerTimingAsync: ssm.onUnlockingUser-0_com.android.server.audio.AudioService$Lifecycle took to complete: 0ms
05-02 20:49:14.389 525 552 I SystemServerTimingAsync: ssm.onUnlockingUser-0_com.android.server.soundtrigger_middleware.SoundTriggerMiddlewareService$Lifecycle
05-02 20:49:14.389 525 552 D SystemServerTimingAsync: ssm.onUnlockingUser-0_com.android.server.soundtrigger_middleware.SoundTriggerMiddlewareService$Lifecycle took to complete: 0ms
05-02 20:49:14.389 525 552 I SystemServerTimingAsync: ssm.onUnlockingUser-0_com.android.server.DockObserver
05-02 20:49:14.389 525 552 D SystemServerTimingAsync: ssm.onUnlockingUser-0_com.android.server.DockObserver took to complete: 0ms
05-02 20:49:14.389 525 552 I SystemServerTimingAsync: ssm.onUnlockingUser-0_com.android.server.midi.MidiService$Lifecycle
05-02 20:49:14.390 525 552 D SystemServerTimingAsync: ssm.onUnlockingUser-0_com.android.server.midi.MidiService$Lifecycle took to complete: 1ms
05-02 20:49:14.390 525 552 I SystemServerTimingAsync: ssm.onUnlockingUser-0_com.android.server.adb.AdbService$Lifecycle
05-02 20:49:14.390 525 552 D SystemServerTimingAsync: ssm.onUnlockingUser-0_com.android.server.adb.AdbService$Lifecycle took to complete: 0ms
05-02 20:49:14.390 525 552 I SystemServerTimingAsync: ssm.onUnlockingUser-0_com.android.server.usb.UsbService$Lifecycle
05-02 20:49:14.390 525 552 D SystemServerTimingAsync: ssm.onUnlockingUser-0_com.android.server.usb.UsbService$Lifecycle took to complete: 0ms
05-02 20:49:14.390 525 552 I SystemServerTimingAsync: ssm.onUnlockingUser-0_com.android.server.twilight.TwilightService
05-02 20:49:14.390 525 552 D SystemServerTimingAsync: ssm.onUnlockingUser-0_com.android.server.twilight.TwilightService took to complete: 0ms
05-02 20:49:14.390 525 552 I SystemServerTimingAsync: ssm.onUnlockingUser-0_com.android.server.display.color.ColorDisplayService
05-02 20:49:14.391 525 552 D SystemServerTimingAsync: ssm.onUnlockingUser-0_com.android.server.display.color.ColorDisplayService took to complete: 0ms
05-02 20:49:14.391 525 552 I SystemServerTimingAsync: ssm.onUnlockingUser-0_com.android.server.job.JobSchedulerService
05-02 20:49:14.391 525 552 D SystemServerTimingAsync: ssm.onUnlockingUser-0_com.android.server.job.JobSchedulerService took to complete: 0ms
05-02 20:49:14.391 525 552 I SystemServerTimingAsync: ssm.onUnlockingUser-0_com.android.server.soundtrigger.SoundTriggerService
05-02 20:49:14.391 525 552 D SystemServerTimingAsync: ssm.onUnlockingUser-0_com.android.server.soundtrigger.SoundTriggerService took to complete: 0ms
05-02 20:49:14.391 525 552 I SystemServerTimingAsync: ssm.onUnlockingUser-0_com.android.server.trust.TrustManagerService
05-02 20:49:14.391 525 552 D SystemServerTimingAsync: ssm.onUnlockingUser-0_com.android.server.trust.TrustManagerService took to complete: 0ms
05-02 20:49:14.391 525 552 I SystemServerTimingAsync: ssm.onUnlockingUser-0_com.android.server.backup.BackupManagerService$Lifecycle
05-02 20:49:14.391 525 552 D SystemServerTimingAsync: ssm.onUnlockingUser-0_com.android.server.backup.BackupManagerService$Lifecycle took to complete: 0ms
05-02 20:49:14.391 525 552 I SystemServerTimingAsync: ssm.onUnlockingUser-0_com.android.server.appwidget.AppWidgetService
05-02 20:49:14.391 525 552 D SystemServerTimingAsync: ssm.onUnlockingUser-0_com.android.server.appwidget.AppWidgetService took to complete: 0ms
05-02 20:49:14.391 525 552 I SystemServerTimingAsync: ssm.onUnlockingUser-0_com.android.server.role.RoleManagerService
05-02 20:49:14.391 525 552 D SystemServerTimingAsync: ssm.onUnlockingUser-0_com.android.server.role.RoleManagerService took to complete: 0ms
05-02 20:49:14.391 525 552 I SystemServerTimingAsync: ssm.onUnlockingUser-0_com.android.server.voiceinteraction.VoiceInteractionManagerService
05-02 20:49:14.392 525 552 W VoiceInteractionManager: no available voice recognition services found for user 0
05-02 20:49:14.392 525 552 D SystemServerTimingAsync: ssm.onUnlockingUser-0_com.android.server.voiceinteraction.VoiceInteractionManagerService took to complete: 1ms
05-02 20:49:14.392 525 552 I SystemServerTimingAsync: ssm.onUnlockingUser-0_com.android.server.GestureLauncherService
05-02 20:49:14.392 525 552 D SystemServerTimingAsync: ssm.onUnlockingUser-0_com.android.server.GestureLauncherService took to complete: 0ms
05-02 20:49:14.392 525 552 I SystemServerTimingAsync: ssm.onUnlockingUser-0_com.android.server.SensorNotificationService
05-02 20:49:14.392 525 552 D SystemServerTimingAsync: ssm.onUnlockingUser-0_com.android.server.SensorNotificationService took to complete: 0ms
05-02 20:49:14.392 525 552 I SystemServerTimingAsync: ssm.onUnlockingUser-0_com.android.server.emergency.EmergencyAffordanceService
05-02 20:49:14.392 525 552 D SystemServerTimingAsync: ssm.onUnlockingUser-0_com.android.server.emergency.EmergencyAffordanceService took to complete: 0ms
05-02 20:49:14.392 525 552 I SystemServerTimingAsync: ssm.onUnlockingUser-0_com.android.server.dreams.DreamManagerService
05-02 20:49:14.392 525 552 D SystemServerTimingAsync: ssm.onUnlockingUser-0_com.android.server.dreams.DreamManagerService took to complete: 0ms
05-02 20:49:14.392 525 552 I SystemServerTimingAsync: ssm.onUnlockingUser-0_com.android.server.print.PrintManagerService
05-02 20:49:14.392 525 552 D SystemServerTimingAsync: ssm.onUnlockingUser-0_com.android.server.print.PrintManagerService took to complete: 0ms
05-02 20:49:14.392 525 552 I SystemServerTimingAsync: ssm.onUnlockingUser-0_com.android.server.companion.CompanionDeviceManagerService
05-02 20:49:14.394 525 638 I BackupManagerService: Starting service for user: 0
05-02 20:49:14.394 525 615 I chatty : uid=1000(system) WifiHandlerThre expire 3 lines
05-02 20:49:14.396 525 552 D SystemServerTimingAsync: ssm.onUnlockingUser-0_com.android.server.companion.CompanionDeviceManagerService took to complete: 3ms
05-02 20:49:14.396 525 552 I SystemServerTimingAsync: ssm.onUnlockingUser-0_com.android.server.restrictions.RestrictionsManagerService
05-02 20:49:14.396 525 552 D SystemServerTimingAsync: ssm.onUnlockingUser-0_com.android.server.restrictions.RestrictionsManagerService took to complete: 0ms
05-02 20:49:14.396 525 552 I SystemServerTimingAsync: ssm.onUnlockingUser-0_com.android.server.media.MediaSessionService
05-02 20:49:14.396 525 552 D SystemServerTimingAsync: ssm.onUnlockingUser-0_com.android.server.media.MediaSessionService took to complete: 0ms
05-02 20:49:14.396 525 552 I SystemServerTimingAsync: ssm.onUnlockingUser-0_com.android.server.media.MediaResourceMonitorService
05-02 20:49:14.396 525 552 D SystemServerTimingAsync: ssm.onUnlockingUser-0_com.android.server.media.MediaResourceMonitorService took to complete: 0ms
05-02 20:49:14.396 525 552 I SystemServerTimingAsync: ssm.onUnlockingUser-0_com.android.server.blob.BlobStoreManagerService
05-02 20:49:14.396 525 552 D SystemServerTimingAsync: ssm.onUnlockingUser-0_com.android.server.blob.BlobStoreManagerService took to complete: 0ms
05-02 20:49:14.396 525 552 I SystemServerTimingAsync: ssm.onUnlockingUser-0_com.android.server.biometrics.BiometricService
05-02 20:49:14.396 525 552 D SystemServerTimingAsync: ssm.onUnlockingUser-0_com.android.server.biometrics.BiometricService took to complete: 0ms
05-02 20:49:14.397 525 552 I SystemServerTimingAsync: ssm.onUnlockingUser-0_com.android.server.biometrics.AuthService
05-02 20:49:14.397 525 552 D SystemServerTimingAsync: ssm.onUnlockingUser-0_com.android.server.biometrics.AuthService took to complete: 0ms
05-02 20:49:14.397 525 552 I SystemServerTimingAsync: ssm.onUnlockingUser-0_com.android.server.pm.ShortcutService$Lifecycle
05-02 20:49:14.397 525 552 D SystemServerTimingAsync: ssm.onUnlockingUser-0_com.android.server.pm.ShortcutService$Lifecycle took to complete: 0ms
05-02 20:49:14.397 525 552 I SystemServerTimingAsync: ssm.onUnlockingUser-0_com.android.server.pm.LauncherAppsService
05-02 20:49:14.397 525 552 D SystemServerTimingAsync: ssm.onUnlockingUser-0_com.android.server.pm.LauncherAppsService took to complete: 0ms
05-02 20:49:14.397 525 552 I SystemServerTimingAsync: ssm.onUnlockingUser-0_com.android.server.pm.CrossProfileAppsService
05-02 20:49:14.397 525 552 D SystemServerTimingAsync: ssm.onUnlockingUser-0_com.android.server.pm.CrossProfileAppsService took to complete: 0ms
05-02 20:49:14.397 525 552 I SystemServerTimingAsync: ssm.onUnlockingUser-0_com.android.server.people.PeopleService
05-02 20:49:14.397 525 552 D SystemServerTimingAsync: ssm.onUnlockingUser-0_com.android.server.people.PeopleService took to complete: 0ms
05-02 20:49:14.397 525 552 I SystemServerTimingAsync: ssm.onUnlockingUser-0_com.android.server.media.projection.MediaProjectionManagerService
05-02 20:49:14.397 525 552 D SystemServerTimingAsync: ssm.onUnlockingUser-0_com.android.server.media.projection.MediaProjectionManagerService took to complete: 0ms
05-02 20:49:14.397 525 552 I SystemServerTimingAsync: ssm.onUnlockingUser-0_com.android.server.slice.SliceManagerService$Lifecycle
05-02 20:49:14.398 525 552 D SystemServerTimingAsync: ssm.onUnlockingUser-0_com.android.server.slice.SliceManagerService$Lifecycle took to complete: 0ms
05-02 20:49:14.398 525 552 I SystemServerTimingAsync: ssm.onUnlockingUser-0_com.android.server.camera.CameraServiceProxy
05-02 20:49:14.398 525 552 D SystemServerTimingAsync: ssm.onUnlockingUser-0_com.android.server.camera.CameraServiceProxy took to complete: 0ms
05-02 20:49:14.398 525 552 I SystemServerTimingAsync: ssm.onUnlockingUser-0_com.android.server.stats.StatsCompanion$Lifecycle
05-02 20:49:14.398 525 552 D SystemServerTimingAsync: ssm.onUnlockingUser-0_com.android.server.stats.StatsCompanion$Lifecycle took to complete: 0ms
05-02 20:49:14.398 525 638 V BackupManagerService: [UserID:0] Starting with transport com.android.localtransport/.LocalTransport
05-02 20:49:14.398 525 638 D BackupManagerService: [UserID:0] Started thread backup-0
05-02 20:49:14.399 525 552 I SystemServerTimingAsync: ssm.onUnlockingUser-0_com.android.server.stats.pull.StatsPullAtomService
05-02 20:49:14.399 525 552 D SystemServerTimingAsync: ssm.onUnlockingUser-0_com.android.server.stats.pull.StatsPullAtomService took to complete: 0ms
05-02 20:49:14.400 525 552 I SystemServerTimingAsync: ssm.onUnlockingUser-0_com.android.server.incident.IncidentCompanionService
05-02 20:49:14.400 525 552 D SystemServerTimingAsync: ssm.onUnlockingUser-0_com.android.server.incident.IncidentCompanionService took to complete: 0ms
05-02 20:49:14.400 525 552 I SystemServerTimingAsync: ssm.onUnlockingUser-0_com.android.server.MmsServiceBroker
05-02 20:49:14.400 525 552 D SystemServerTimingAsync: ssm.onUnlockingUser-0_com.android.server.MmsServiceBroker took to complete: 0ms
05-02 20:49:14.400 525 552 I SystemServerTimingAsync: ssm.onUnlockingUser-0_com.android.server.autofill.AutofillManagerService
05-02 20:49:14.400 525 543 D AutofillUI: destroySaveUiUiThread(): already destroyed
05-02 20:49:14.400 525 552 D AutofillManagerServiceImpl: Reset component for user 0:
05-02 20:49:14.402 525 552 D FieldClassificationStrategy: reset(): service is not bound. Do nothing.
05-02 20:49:14.402 525 552 D SystemServerTimingAsync: ssm.onUnlockingUser-0_com.android.server.autofill.AutofillManagerService took to complete: 2ms
05-02 20:49:14.402 525 552 I SystemServerTimingAsync: ssm.onUnlockingUser-0_com.android.server.clipboard.ClipboardService
05-02 20:49:14.402 525 552 D SystemServerTimingAsync: ssm.onUnlockingUser-0_com.android.server.clipboard.ClipboardService took to complete: 0ms
05-02 20:49:14.402 525 552 I SystemServerTimingAsync: ssm.onUnlockingUser-0_com.android.server.appbinding.AppBindingService$Lifecycle
05-02 20:49:14.403 525 552 D SystemServerTimingAsync: ssm.onUnlockingUser-0_com.android.server.appbinding.AppBindingService$Lifecycle took to complete: 1ms
05-02 20:49:14.403 525 552 I SystemServerTimingAsync: ssm.onUnlockingUser-0_com.android.server.policy.PermissionPolicyService
05-02 20:49:14.403 525 552 D SystemServerTimingAsync: ssm.onUnlockingUser-0_com.android.server.policy.PermissionPolicyService took to complete: 0ms
05-02 20:49:14.403 525 552 I SystemServerTimingAsync: ssm.onUnlockingUser-0_com.android.server.pm.StagingManager$Lifecycle
05-02 20:49:14.403 525 552 D SystemServerTimingAsync: ssm.onUnlockingUser-0_com.android.server.pm.StagingManager$Lifecycle took to complete: 0ms
05-02 20:49:14.403 525 552 D SystemServerTimingAsync: ssm.UnlockingUser-0 took to complete: 162ms
05-02 20:49:14.403 525 542 I ActivityTaskManager: Loading recents for user 0 into memory.
05-02 20:49:14.406 525 542 I wm_task_created: [8,-1]
05-02 20:49:14.406 525 542 I wm_stack_created: 8
05-02 20:49:14.407 525 552 W ActivityManager: UserLifecycleEvent 5 received without an active userJourneySession.
05-02 20:49:14.407 525 552 W ActivityManager: UserLifecycleEvent 6 received without an active userJourneySession.
05-02 20:49:14.407 525 552 I uc_finish_user_unlocked: 0
05-02 20:49:14.407 525 552 I ActivityManager: User 0 state changed from RUNNING_UNLOCKING to RUNNING_UNLOCKED
05-02 20:49:14.408 525 552 I am_user_state_changed: [0,3]
05-02 20:49:14.408 525 552 D SystemServerTiming: SystemUserUnlock took to complete: 1521ms
05-02 20:49:14.412 525 542 I wm_task_created: [14,-1]
05-02 20:49:14.412 525 542 I wm_stack_created: 14
05-02 20:49:14.413 525 542 I wm_task_created: [18,-1]
05-02 20:49:14.414 525 542 I wm_stack_created: 18
05-02 20:49:14.417 525 542 I wm_task_created: [12,-1]
05-02 20:49:14.417 525 542 I wm_stack_created: 12
05-02 20:49:14.418 237 327 I vold : Bind mounting /data/media to /mnt/pass_through/0/emulated
05-02 20:49:14.422 525 607 I StorageSessionController: On volume mount VolumeInfo{emulated;0}:
05-02 20:49:14.422 525 607 I StorageSessionController: type=EMULATED diskId=null partGuid= mountFlags=PRIMARY|VISIBLE
05-02 20:49:14.422 525 607 I StorageSessionController: mountUserId=0 state=CHECKING
05-02 20:49:14.422 525 607 I StorageSessionController: fsType=null fsUuid=null fsLabel=null
05-02 20:49:14.422 525 607 I StorageSessionController: path=/storage/emulated internalPath=/data/media
05-02 20:49:14.422 525 607 I StorageSessionController: Creating connection for user: 0
05-02 20:49:14.423 525 607 I StorageSessionController: Creating and starting session with id: emulated;0
05-02 20:49:14.423 525 607 I StorageUserConnection: Binding to the ExternalStorageService for user 0
05-02 20:49:14.424 525 542 I wm_task_created: [19,-1]
05-02 20:49:14.425 444 666 D BufferPoolAccessor2.0: bufferpool2 0xb400ec177b587f08 : 0(0 size) total buffers - 0(0 size) used buffers - 5/7 (recycle/alloc) - 2/6 (fetch/transfer)
05-02 20:49:14.425 525 542 I wm_stack_created: 19
05-02 20:49:14.428 444 666 D BufferPoolAccessor2.0: bufferpool2 0xb400ec177b5832b8 : 0(0 size) total buffers - 0(0 size) used buffers - 15/16 (recycle/alloc) - 1/15 (fetch/transfer)
05-02 20:49:14.428 444 666 D BufferPoolAccessor2.0: bufferpool2 0xb400ec177b582288 : 0(0 size) total buffers - 0(0 size) used buffers - 13/17 (recycle/alloc) - 4/16 (fetch/transfer)
05-02 20:49:14.428 444 666 D BufferPoolAccessor2.0: evictor expired: 3, evicted: 3
05-02 20:49:14.430 525 552 I am_uid_running: 1027
05-02 20:49:14.432 525 552 D CompatibilityChangeReporter: Compat change id reported: 135634846; UID 1027; state: DISABLED
05-02 20:49:14.432 525 552 D CompatibilityChangeReporter: Compat change id reported: 135754954; UID 1027; state: ENABLED
05-02 20:49:14.451 525 607 I am_uid_running: 10130
05-02 20:49:14.452 525 607 D CompatibilityChangeReporter: Compat change id reported: 135634846; UID 10130; state: DISABLED
05-02 20:49:14.452 525 607 D CompatibilityChangeReporter: Compat change id reported: 135754954; UID 10130; state: ENABLED
05-02 20:49:14.453 525 552 I uc_send_user_broadcast: [0,android.intent.action.USER_UNLOCKED]
05-02 20:49:14.453 525 552 I uc_finish_user_unlocked_completed: 0
05-02 20:49:14.454 525 552 I ActivityManager: Posting BOOT_COMPLETED user #0
05-02 20:49:14.455 525 607 I StorageUserConnection: Bound to the ExternalStorageService for user 0
05-02 20:49:14.456 525 544 I DropBoxManagerService: add tag=system_server_strictmode isTagEnabled=true flags=0x2
05-02 20:49:14.461 1283 1283 F DEBUG : backtrace:
05-02 20:49:14.461 1283 1283 F DEBUG : #00 pc 000000000004e574 /apex/com.android.runtime/lib64/bionic/libc.so (abort+180) (BuildId: 2338ca8a340db969666f0073f3371d96)
05-02 20:49:14.461 1283 1283 F DEBUG : #01 pc 000000000009d7e4 /system/lib64/libchrome.so (base::debug::BreakDebugger()+20) (BuildId: d09629fde1649584555f8bdbb82b7e43)
05-02 20:49:14.461 1283 1283 F DEBUG : #02 pc 00000000000b77d0 /system/lib64/libchrome.so (logging::LogMessage::~LogMessage()+1312) (BuildId: d09629fde1649584555f8bdbb82b7e43)
05-02 20:49:14.461 1283 1283 F DEBUG : #03 pc 0000000000266cb0 /system/lib64/libbluetooth.so (BluetoothHciCallbacks::initializationComplete(android::hardware::bluetooth::V1_0::Status)+120) (BuildId: 87cc65273a2f0dc4def578e33d2562c2)
05-02 20:49:14.461 1283 1283 F DEBUG : #04 pc 000000000001b578 /system/lib64/android.hardware.bluetooth@1.0.so (android::hardware::bluetooth::V1_0::BnHwBluetoothHciCallbacks::_hidl_initializationComplete(android::hidl::base::V1_0::BnHwBase*, android::hardware::Parcel const&, android::hardware::Parcel*, std::__1::function)+184) (BuildId: 0296ed46349be614c375cae0f90266ff)
05-02 20:49:14.461 1283 1283 F DEBUG : #05 pc 000000000001bc38 /system/lib64/android.hardware.bluetooth@1.1.so (android::hardware::bluetooth::V1_1::BnHwBluetoothHciCallbacks::onTransact(unsigned int, android::hardware::Parcel const&, android::hardware::Parcel*, unsigned int, std::__1::function)+552) (BuildId: 487535fb4e5d76b170fabe39fc61ca32)
05-02 20:49:14.462 1283 1283 F DEBUG : #06 pc 0000000000094898 /system/lib64/libhidlbase.so (android::hardware::BHwBinder::transact(unsigned int, android::hardware::Parcel const&, android::hardware::Parcel*, unsigned int, std::__1::function)+72) (BuildId: d936c383e6af0d8aee8ac56dcdfe7291)
05-02 20:49:14.462 1283 1283 F DEBUG : #07 pc 000000000009a7a8 /system/lib64/libhidlbase.so (android::hardware::IPCThreadState::transact(int, unsigned int, android::hardware::Parcel const&, android::hardware::Parcel*, unsigned int)+2272) (BuildId: d936c383e6af0d8aee8ac56dcdfe7291)
05-02 20:49:14.462 1283 1283 F DEBUG : #08 pc 00000000000954b4 /system/lib64/libhidlbase.so (android::hardware::BpHwBinder::transact(unsigned int, android::hardware::Parcel const&, android::hardware::Parcel*, unsigned int, std::__1::function)+76) (BuildId: d936c383e6af0d8aee8ac56dcdfe7291)
05-02 20:49:14.462 525 638 E BackupPasswordManager: Unable to read backup pw version
05-02 20:49:14.462 1283 1283 F DEBUG : #09 pc 0000000000010598 /system/lib64/android.hardware.bluetooth@1.0.so (android::hardware::bluetooth::V1_0::BpHwBluetoothHci::_hidl_initialize(android::hardware::IInterface*, android::hardware::details::HidlInstrumentor*, android::sp const&)+368) (BuildId: 0296ed46349be614c375cae0f90266ff)
05-02 20:49:14.462 1283 1283 F DEBUG : #10 pc 00000000002666a0 /system/lib64/libbluetooth.so (hci_initialize()+856) (BuildId: 87cc65273a2f0dc4def578e33d2562c2)
05-02 20:49:14.462 1283 1283 F DEBUG : #11 pc 000000000009e8a0 /system/lib64/libchrome.so (base::debug::TaskAnnotator::RunTask(char const*, base::PendingTask*)+192) (BuildId: d09629fde1649584555f8bdbb82b7e43)
05-02 20:49:14.462 1283 1283 F DEBUG : #12 pc 00000000000bf024 /system/lib64/libchrome.so (base::MessageLoop::RunTask(base::PendingTask*)+324) (BuildId: d09629fde1649584555f8bdbb82b7e43)
05-02 20:49:14.462 1283 1283 F DEBUG : #13 pc 00000000000bf3d0 /system/lib64/libchrome.so (base::MessageLoop::DoWork()+464) (BuildId: d09629fde1649584555f8bdbb82b7e43)
05-02 20:49:14.462 1283 1283 F DEBUG : #14 pc 00000000000c0bd0 /system/lib64/libchrome.so (base::MessagePumpDefault::Run(base::MessagePump::Delegate*)+104) (BuildId: d09629fde1649584555f8bdbb82b7e43)
05-02 20:49:14.462 525 638 E BackupPasswordManager: Unable to read saved backup pw hash
05-02 20:49:14.462 1283 1283 F DEBUG : #15 pc 00000000000e3274 /system/lib64/libchrome.so (base::RunLoop::Run()+84) (BuildId: d09629fde1649584555f8bdbb82b7e43)
05-02 20:49:14.462 1283 1283 F DEBUG : #16 pc 00000000001a340c /system/lib64/libbluetooth.so (bluetooth::common::MessageLoopThread::Run(std::__1::promise)+268) (BuildId: 87cc65273a2f0dc4def578e33d2562c2)
05-02 20:49:14.462 1283 1283 F DEBUG : #17 pc 00000000001a2f50 /system/lib64/libbluetooth.so (bluetooth::common::MessageLoopThread::RunThread(bluetooth::common::MessageLoopThread*, std::__1::promise)+48) (BuildId: 87cc65273a2f0dc4def578e33d2562c2)
05-02 20:49:14.462 1283 1283 F DEBUG : #18 pc 00000000001a3914 /system/lib64/libbluetooth.so (void* std::__1::__thread_proxy >, void (*)(bluetooth::common::MessageLoopThread*, std::__1::promise), bluetooth::common::MessageLoopThread*, std::__1::promise > >(void*)+84) (BuildId: 87cc65273a2f0dc4def578e33d2562c2)
05-02 20:49:14.462 1283 1283 F DEBUG : #19 pc 00000000000b0c08 /apex/com.android.runtime/lib64/bionic/libc.so (__pthread_start(void*)+64) (BuildId: 2338ca8a340db969666f0073f3371d96)
05-02 20:49:14.462 1283 1283 F DEBUG : #20 pc 00000000000505d0 /apex/com.android.runtime/lib64/bionic/libc.so (__start_thread+64) (BuildId: 2338ca8a340db969666f0073f3371d96)
05-02 20:49:14.464 525 525 V NotificationAssistants: disabling notification assistant for user 0: ComponentInfo{android.ext.services/android.ext.services.notification.Assistant}
05-02 20:49:14.465 525 525 D NotificationListeners: Removing active service ComponentInfo{android.ext.services/android.ext.services.notification.Assistant}
05-02 20:49:14.466 525 544 I DropBoxManagerService: add tag=system_server_strictmode isTagEnabled=true flags=0x2
05-02 20:49:14.467 525 551 I UsageStatsService: User[0] Rollover scheduled @ 2022-05-03 19:29:55(1651606195350)
05-02 20:49:14.470 525 551 I UsageStatsService: User[0] Flushing usage stats to disk
05-02 20:49:14.473 909 909 D FallbackHome: User unlocked and real home found; let's go!
05-02 20:49:14.476 525 552 I SystemServerTimingAsync: ssm.UnlockedUser-0
05-02 20:49:14.476 887 887 D WAP PUSH: Received broadcast android.intent.action.USER_UNLOCKED
05-02 20:49:14.476 525 552 I SystemServiceManager: Calling onUnlockedUser 0
05-02 20:49:14.476 525 552 I SystemServerTimingAsync: ssm.onUnlockedUser-0_com.android.server.security.FileIntegrityService
05-02 20:49:14.476 525 552 D SystemServerTimingAsync: ssm.onUnlockedUser-0_com.android.server.security.FileIntegrityService took to complete: 0ms
05-02 20:49:14.477 525 552 I SystemServerTimingAsync: ssm.onUnlockedUser-0_com.android.server.pm.Installer
05-02 20:49:14.477 525 552 D SystemServerTimingAsync: ssm.onUnlockedUser-0_com.android.server.pm.Installer took to complete: 0ms
05-02 20:49:14.477 525 552 I SystemServerTimingAsync: ssm.onUnlockedUser-0_com.android.server.os.DeviceIdentifiersPolicyService
05-02 20:49:14.477 525 552 D SystemServerTimingAsync: ssm.onUnlockedUser-0_com.android.server.os.DeviceIdentifiersPolicyService took to complete: 0ms
05-02 20:49:14.477 525 552 I SystemServerTimingAsync: ssm.onUnlockedUser-0_com.android.server.uri.UriGrantsManagerService$Lifecycle
05-02 20:49:14.477 525 552 D SystemServerTimingAsync: ssm.onUnlockedUser-0_com.android.server.uri.UriGrantsManagerService$Lifecycle took to complete: 0ms
05-02 20:49:14.477 525 552 I SystemServerTimingAsync: ssm.onUnlockedUser-0_com.android.server.wm.ActivityTaskManagerService$Lifecycle
05-02 20:49:14.477 525 552 D SystemServerTimingAsync: ssm.onUnlockedUser-0_com.android.server.wm.ActivityTaskManagerService$Lifecycle took to complete: 0ms
05-02 20:49:14.477 525 552 I SystemServerTimingAsync: ssm.onUnlockedUser-0_com.android.server.am.ActivityManagerService$Lifecycle
05-02 20:49:14.477 525 552 D SystemServerTimingAsync: ssm.onUnlockedUser-0_com.android.server.am.ActivityManagerService$Lifecycle took to complete: 0ms
05-02 20:49:14.477 525 552 I SystemServerTimingAsync: ssm.onUnlockedUser-0_com.android.server.pm.DataLoaderManagerService
05-02 20:49:14.477 525 552 D SystemServerTimingAsync: ssm.onUnlockedUser-0_com.android.server.pm.DataLoaderManagerService took to complete: 0ms
05-02 20:49:14.477 525 552 I SystemServerTimingAsync: ssm.onUnlockedUser-0_com.android.server.power.PowerManagerService
05-02 20:49:14.477 525 552 D SystemServerTimingAsync: ssm.onUnlockedUser-0_com.android.server.power.PowerManagerService took to complete: 0ms
05-02 20:49:14.477 525 552 I SystemServerTimingAsync: ssm.onUnlockedUser-0_com.android.server.power.ThermalManagerService
05-02 20:49:14.477 525 552 D SystemServerTimingAsync: ssm.onUnlockedUser-0_com.android.server.power.ThermalManagerService took to complete: 0ms
05-02 20:49:14.477 525 552 I SystemServerTimingAsync: ssm.onUnlockedUser-0_com.android.server.recoverysystem.RecoverySystemService$Lifecycle
05-02 20:49:14.477 525 552 D SystemServerTimingAsync: ssm.onUnlockedUser-0_com.android.server.recoverysystem.RecoverySystemService$Lifecycle took to complete: 0ms
05-02 20:49:14.477 525 552 I SystemServerTimingAsync: ssm.onUnlockedUser-0_com.android.server.lights.LightsService
05-02 20:49:14.477 525 552 D SystemServerTimingAsync: ssm.onUnlockedUser-0_com.android.server.lights.LightsService took to complete: 0ms
05-02 20:49:14.477 525 552 I SystemServerTimingAsync: ssm.onUnlockedUser-0_com.android.server.display.DisplayManagerService
05-02 20:49:14.477 525 552 D SystemServerTimingAsync: ssm.onUnlockedUser-0_com.android.server.display.DisplayManagerService took to complete: 0ms
05-02 20:49:14.477 525 552 I SystemServerTimingAsync: ssm.onUnlockedUser-0_com.android.server.pm.UserManagerService$LifeCycle
05-02 20:49:14.478 525 552 D SystemServerTimingAsync: ssm.onUnlockedUser-0_com.android.server.pm.UserManagerService$LifeCycle took to complete: 0ms
05-02 20:49:14.478 525 552 I SystemServerTimingAsync: ssm.onUnlockedUser-0_com.android.server.om.OverlayManagerService
05-02 20:49:14.478 525 552 D SystemServerTimingAsync: ssm.onUnlockedUser-0_com.android.server.om.OverlayManagerService took to complete: 0ms
05-02 20:49:14.478 525 552 I SystemServerTimingAsync: ssm.onUnlockedUser-0_com.android.server.SensorPrivacyService
05-02 20:49:14.478 525 552 D SystemServerTimingAsync: ssm.onUnlockedUser-0_com.android.server.SensorPrivacyService took to complete: 0ms
05-02 20:49:14.478 525 552 I SystemServerTimingAsync: ssm.onUnlockedUser-0_com.android.server.SystemConfigService
05-02 20:49:14.478 525 552 D SystemServerTimingAsync: ssm.onUnlockedUser-0_com.android.server.SystemConfigService took to complete: 0ms
05-02 20:49:14.478 525 552 I SystemServerTimingAsync: ssm.onUnlockedUser-0_com.android.server.BatteryService
05-02 20:49:14.478 525 552 D SystemServerTimingAsync: ssm.onUnlockedUser-0_com.android.server.BatteryService took to complete: 0ms
05-02 20:49:14.478 525 552 I SystemServerTimingAsync: ssm.onUnlockedUser-0_com.android.server.usage.UsageStatsService
05-02 20:49:14.478 525 552 D SystemServerTimingAsync: ssm.onUnlockedUser-0_com.android.server.usage.UsageStatsService took to complete: 0ms
05-02 20:49:14.478 525 552 I SystemServerTimingAsync: ssm.onUnlockedUser-0_com.android.server.webkit.WebViewUpdateService
05-02 20:49:14.478 525 552 D SystemServerTimingAsync: ssm.onUnlockedUser-0_com.android.server.webkit.WebViewUpdateService took to complete: 0ms
05-02 20:49:14.478 525 552 I SystemServerTimingAsync: ssm.onUnlockedUser-0_com.android.server.CachedDeviceStateService
05-02 20:49:14.478 525 552 D SystemServerTimingAsync: ssm.onUnlockedUser-0_com.android.server.CachedDeviceStateService took to complete: 0ms
05-02 20:49:14.478 525 552 I SystemServerTimingAsync: ssm.onUnlockedUser-0_com.android.server.BinderCallsStatsService$LifeCycle
05-02 20:49:14.478 525 552 D SystemServerTimingAsync: ssm.onUnlockedUser-0_com.android.server.BinderCallsStatsService$LifeCycle took to complete: 0ms
05-02 20:49:14.478 525 552 I SystemServerTimingAsync: ssm.onUnlockedUser-0_com.android.server.LooperStatsService$Lifecycle
05-02 20:49:14.478 525 552 D SystemServerTimingAsync: ssm.onUnlockedUser-0_com.android.server.LooperStatsService$Lifecycle took to complete: 0ms
05-02 20:49:14.478 525 552 I SystemServerTimingAsync: ssm.onUnlockedUser-0_com.android.server.rollback.RollbackManagerService
05-02 20:49:14.478 525 552 D SystemServerTimingAsync: ssm.onUnlockedUser-0_com.android.server.rollback.RollbackManagerService took to complete: 0ms
05-02 20:49:14.478 525 552 I SystemServerTimingAsync: ssm.onUnlockedUser-0_com.android.server.os.BugreportManagerService
05-02 20:49:14.478 525 552 D SystemServerTimingAsync: ssm.onUnlockedUser-0_com.android.server.os.BugreportManagerService took to complete: 0ms
05-02 20:49:14.478 525 552 I SystemServerTimingAsync: ssm.onUnlockedUser-0_com.android.server.gpu.GpuService
05-02 20:49:14.478 525 552 D SystemServerTimingAsync: ssm.onUnlockedUser-0_com.android.server.gpu.GpuService took to complete: 0ms
05-02 20:49:14.478 525 552 I SystemServerTimingAsync: ssm.onUnlockedUser-0_com.android.server.security.KeyChainSystemService
05-02 20:49:14.478 525 552 D SystemServerTimingAsync: ssm.onUnlockedUser-0_com.android.server.security.KeyChainSystemService took to complete: 0ms
05-02 20:49:14.478 525 552 I SystemServerTimingAsync: ssm.onUnlockedUser-0_com.android.server.telecom.TelecomLoaderService
05-02 20:49:14.478 525 552 D SystemServerTimingAsync: ssm.onUnlockedUser-0_com.android.server.telecom.TelecomLoaderService took to complete: 0ms
05-02 20:49:14.478 525 552 I SystemServerTimingAsync: ssm.onUnlockedUser-0_com.android.server.accounts.AccountManagerService$Lifecycle
05-02 20:49:14.478 525 552 D SystemServerTimingAsync: ssm.onUnlockedUser-0_com.android.server.accounts.AccountManagerService$Lifecycle took to complete: 0ms
05-02 20:49:14.478 525 552 I SystemServerTimingAsync: ssm.onUnlockedUser-0_com.android.server.content.ContentService$Lifecycle
05-02 20:49:14.478 525 552 D SystemServerTimingAsync: ssm.onUnlockedUser-0_com.android.server.content.ContentService$Lifecycle took to complete: 1ms
05-02 20:49:14.479 525 552 I SystemServerTimingAsync: ssm.onUnlockedUser-0_com.android.server.DropBoxManagerService
05-02 20:49:14.479 525 552 D SystemServerTimingAsync: ssm.onUnlockedUser-0_com.android.server.DropBoxManagerService took to complete: 0ms
05-02 20:49:14.479 525 552 I SystemServerTimingAsync: ssm.onUnlockedUser-0_com.android.server.AlarmManagerService
05-02 20:49:14.479 525 552 D SystemServerTimingAsync: ssm.onUnlockedUser-0_com.android.server.AlarmManagerService took to complete: 0ms
05-02 20:49:14.479 525 552 I SystemServerTimingAsync: ssm.onUnlockedUser-0_com.android.server.BluetoothService
05-02 20:49:14.479 525 552 D SystemServerTimingAsync: ssm.onUnlockedUser-0_com.android.server.BluetoothService took to complete: 0ms
05-02 20:49:14.479 525 552 I SystemServerTimingAsync: ssm.onUnlockedUser-0_com.android.server.connectivity.IpConnectivityMetrics
05-02 20:49:14.479 525 552 D SystemServerTimingAsync: ssm.onUnlockedUser-0_com.android.server.connectivity.IpConnectivityMetrics took to complete: 0ms
05-02 20:49:14.479 525 552 I SystemServerTimingAsync: ssm.onUnlockedUser-0_com.android.server.net.watchlist.NetworkWatchlistService$Lifecycle
05-02 20:49:14.479 525 552 D SystemServerTimingAsync: ssm.onUnlockedUser-0_com.android.server.net.watchlist.NetworkWatchlistService$Lifecycle took to complete: 0ms
05-02 20:49:14.479 525 552 I SystemServerTimingAsync: ssm.onUnlockedUser-0_com.android.server.PinnerService
05-02 20:49:14.479 525 552 D SystemServerTimingAsync: ssm.onUnlockedUser-0_com.android.server.PinnerService took to complete: 0ms
05-02 20:49:14.479 525 552 I SystemServerTimingAsync: ssm.onUnlockedUser-0_com.google.android.startop.iorap.IorapForwardingService
05-02 20:49:14.479 887 887 D WAP PUSH: Received broadcast android.intent.action.USER_UNLOCKED
05-02 20:49:14.479 525 552 D SystemServerTimingAsync: ssm.onUnlockedUser-0_com.google.android.startop.iorap.IorapForwardingService took to complete: 0ms
05-02 20:49:14.479 525 552 I SystemServerTimingAsync: ssm.onUnlockedUser-0_com.android.server.integrity.AppIntegrityManagerService
05-02 20:49:14.479 525 552 D SystemServerTimingAsync: ssm.onUnlockedUser-0_com.android.server.integrity.AppIntegrityManagerService took to complete: 0ms
05-02 20:49:14.479 525 552 I SystemServerTimingAsync: ssm.onUnlockedUser-0_com.android.server.inputmethod.InputMethodManagerService$Lifecycle
05-02 20:49:14.479 525 552 D SystemServerTimingAsync: ssm.onUnlockedUser-0_com.android.server.inputmethod.InputMethodManagerService$Lifecycle took to complete: 0ms
05-02 20:49:14.479 525 552 I SystemServerTimingAsync: ssm.onUnlockedUser-0_com.android.server.accessibility.AccessibilityManagerService$Lifecycle
05-02 20:49:14.479 525 552 D SystemServerTimingAsync: ssm.onUnlockedUser-0_com.android.server.accessibility.AccessibilityManagerService$Lifecycle took to complete: 0ms
05-02 20:49:14.479 525 552 I SystemServerTimingAsync: ssm.onUnlockedUser-0_com.android.server.StorageManagerService$Lifecycle
05-02 20:49:14.479 525 552 D SystemServerTimingAsync: ssm.onUnlockedUser-0_com.android.server.StorageManagerService$Lifecycle took to complete: 0ms
05-02 20:49:14.479 525 552 I SystemServerTimingAsync: ssm.onUnlockedUser-0_com.android.server.usage.StorageStatsService$Lifecycle
05-02 20:49:14.479 525 552 D SystemServerTimingAsync: ssm.onUnlockedUser-0_com.android.server.usage.StorageStatsService$Lifecycle took to complete: 0ms
05-02 20:49:14.479 525 552 I SystemServerTimingAsync: ssm.onUnlockedUser-0_com.android.server.UiModeManagerService
05-02 20:49:14.479 525 552 D SystemServerTimingAsync: ssm.onUnlockedUser-0_com.android.server.UiModeManagerService took to complete: 0ms
05-02 20:49:14.479 525 552 I SystemServerTimingAsync: ssm.onUnlockedUser-0_com.android.server.locksettings.LockSettingsService$Lifecycle
05-02 20:49:14.479 525 552 D SystemServerTimingAsync: ssm.onUnlockedUser-0_com.android.server.locksettings.LockSettingsService$Lifecycle took to complete: 0ms
05-02 20:49:14.479 525 552 I SystemServerTimingAsync: ssm.onUnlockedUser-0_com.android.server.PersistentDataBlockService
05-02 20:49:14.479 525 552 D SystemServerTimingAsync: ssm.onUnlockedUser-0_com.android.server.PersistentDataBlockService took to complete: 0ms
05-02 20:49:14.479 525 552 I SystemServerTimingAsync: ssm.onUnlockedUser-0_com.android.server.testharness.TestHarnessModeService
05-02 20:49:14.479 525 552 D SystemServerTimingAsync: ssm.onUnlockedUser-0_com.android.server.testharness.TestHarnessModeService took to complete: 0ms
05-02 20:49:14.479 525 552 I SystemServerTimingAsync: ssm.onUnlockedUser-0_com.android.server.oemlock.OemLockService
05-02 20:49:14.479 525 552 D SystemServerTimingAsync: ssm.onUnlockedUser-0_com.android.server.oemlock.OemLockService took to complete: 0ms
05-02 20:49:14.480 525 552 I SystemServerTimingAsync: ssm.onUnlockedUser-0_com.android.server.DeviceIdleController
05-02 20:49:14.480 525 552 D SystemServerTimingAsync: ssm.onUnlockedUser-0_com.android.server.DeviceIdleController took to complete: 0ms
05-02 20:49:14.480 525 552 I SystemServerTimingAsync: ssm.onUnlockedUser-0_com.android.server.devicepolicy.DevicePolicyManagerService$Lifecycle
05-02 20:49:14.480 525 552 D SystemServerTimingAsync: ssm.onUnlockedUser-0_com.android.server.devicepolicy.DevicePolicyManagerService$Lifecycle took to complete: 0ms
05-02 20:49:14.480 525 552 I SystemServerTimingAsync: ssm.onUnlockedUser-0_com.android.server.textservices.TextServicesManagerService$Lifecycle
05-02 20:49:14.480 525 552 D SystemServerTimingAsync: ssm.onUnlockedUser-0_com.android.server.textservices.TextServicesManagerService$Lifecycle took to complete: 0ms
05-02 20:49:14.480 525 552 I SystemServerTimingAsync: ssm.onUnlockedUser-0_com.android.server.textclassifier.TextClassificationManagerService$Lifecycle
05-02 20:49:14.480 525 552 D SystemServerTimingAsync: ssm.onUnlockedUser-0_com.android.server.textclassifier.TextClassificationManagerService$Lifecycle took to complete: 0ms
05-02 20:49:14.480 525 552 I SystemServerTimingAsync: ssm.onUnlockedUser-0_com.android.server.NetworkScoreService$Lifecycle
05-02 20:49:14.480 525 552 D SystemServerTimingAsync: ssm.onUnlockedUser-0_com.android.server.NetworkScoreService$Lifecycle took to complete: 0ms
05-02 20:49:14.480 525 552 I SystemServerTimingAsync: ssm.onUnlockedUser-0_com.android.server.wifi.WifiService
05-02 20:49:14.480 525 552 D SystemServerTimingAsync: ssm.onUnlockedUser-0_com.android.server.wifi.WifiService took to complete: 0ms
05-02 20:49:14.480 525 552 I SystemServerTimingAsync: ssm.onUnlockedUser-0_com.android.server.wifi.scanner.WifiScanningService
05-02 20:49:14.480 525 552 D SystemServerTimingAsync: ssm.onUnlockedUser-0_com.android.server.wifi.scanner.WifiScanningService took to complete: 0ms
05-02 20:49:14.480 525 552 I SystemServerTimingAsync: ssm.onUnlockedUser-0_com.android.server.wifi.p2p.WifiP2pService
05-02 20:49:14.480 525 552 D SystemServerTimingAsync: ssm.onUnlockedUser-0_com.android.server.wifi.p2p.WifiP2pService took to complete: 0ms
05-02 20:49:14.480 525 552 I SystemServerTimingAsync: ssm.onUnlockedUser-0_com.android.server.ethernet.EthernetService
05-02 20:49:14.480 525 552 D SystemServerTimingAsync: ssm.onUnlockedUser-0_com.android.server.ethernet.EthernetService took to complete: 0ms
05-02 20:49:14.480 525 552 I SystemServerTimingAsync: ssm.onUnlockedUser-0_com.android.server.notification.NotificationManagerService
05-02 20:49:14.480 525 552 D SystemServerTimingAsync: ssm.onUnlockedUser-0_com.android.server.notification.NotificationManagerService took to complete: 0ms
05-02 20:49:14.480 525 552 I SystemServerTimingAsync: ssm.onUnlockedUser-0_com.android.server.storage.DeviceStorageMonitorService
05-02 20:49:14.480 525 552 D SystemServerTimingAsync: ssm.onUnlockedUser-0_com.android.server.storage.DeviceStorageMonitorService took to complete: 0ms
05-02 20:49:14.480 525 552 I SystemServerTimingAsync: ssm.onUnlockedUser-0_com.android.server.location.LocationManagerService$Lifecycle
05-02 20:49:14.480 525 552 D SystemServerTimingAsync: ssm.onUnlockedUser-0_com.android.server.location.LocationManagerService$Lifecycle took to complete: 0ms
05-02 20:49:14.480 525 552 I SystemServerTimingAsync: ssm.onUnlockedUser-0_com.android.server.timedetector.TimeDetectorService$Lifecycle
05-02 20:49:14.480 525 552 D SystemServerTimingAsync: ssm.onUnlockedUser-0_com.android.server.timedetector.TimeDetectorService$Lifecycle took to complete: 0ms
05-02 20:49:14.480 525 552 I SystemServerTimingAsync: ssm.onUnlockedUser-0_com.android.server.timezonedetector.TimeZoneDetectorService$Lifecycle
05-02 20:49:14.480 525 552 D SystemServerTimingAsync: ssm.onUnlockedUser-0_com.android.server.timezonedetector.TimeZoneDetectorService$Lifecycle took to complete: 0ms
05-02 20:49:14.480 525 552 I SystemServerTimingAsync: ssm.onUnlockedUser-0_com.android.server.search.SearchManagerService$Lifecycle
05-02 20:49:14.480 525 552 D SystemServerTimingAsync: ssm.onUnlockedUser-0_com.android.server.search.SearchManagerService$Lifecycle took to complete: 0ms
05-02 20:49:14.480 525 552 I SystemServerTimingAsync: ssm.onUnlockedUser-0_com.android.server.wallpaper.WallpaperManagerService$Lifecycle
05-02 20:49:14.481 525 552 D SystemServerTimingAsync: ssm.onUnlockedUser-0_com.android.server.wallpaper.WallpaperManagerService$Lifecycle took to complete: 0ms
05-02 20:49:14.481 525 552 I SystemServerTimingAsync: ssm.onUnlockedUser-0_com.android.server.audio.AudioService$Lifecycle
05-02 20:49:14.481 525 552 D SystemServerTimingAsync: ssm.onUnlockedUser-0_com.android.server.audio.AudioService$Lifecycle took to complete: 0ms
05-02 20:49:14.481 525 552 I SystemServerTimingAsync: ssm.onUnlockedUser-0_com.android.server.soundtrigger_middleware.SoundTriggerMiddlewareService$Lifecycle
05-02 20:49:14.481 525 552 D SystemServerTimingAsync: ssm.onUnlockedUser-0_com.android.server.soundtrigger_middleware.SoundTriggerMiddlewareService$Lifecycle took to complete: 0ms
05-02 20:49:14.481 525 552 I SystemServerTimingAsync: ssm.onUnlockedUser-0_com.android.server.DockObserver
05-02 20:49:14.481 525 552 D SystemServerTimingAsync: ssm.onUnlockedUser-0_com.android.server.DockObserver took to complete: 0ms
05-02 20:49:14.481 525 552 I SystemServerTimingAsync: ssm.onUnlockedUser-0_com.android.server.midi.MidiService$Lifecycle
05-02 20:49:14.481 525 552 D SystemServerTimingAsync: ssm.onUnlockedUser-0_com.android.server.midi.MidiService$Lifecycle took to complete: 0ms
05-02 20:49:14.481 525 552 I SystemServerTimingAsync: ssm.onUnlockedUser-0_com.android.server.adb.AdbService$Lifecycle
05-02 20:49:14.481 525 552 D SystemServerTimingAsync: ssm.onUnlockedUser-0_com.android.server.adb.AdbService$Lifecycle took to complete: 0ms
05-02 20:49:14.481 525 552 I SystemServerTimingAsync: ssm.onUnlockedUser-0_com.android.server.usb.UsbService$Lifecycle
05-02 20:49:14.481 525 552 D SystemServerTimingAsync: ssm.onUnlockedUser-0_com.android.server.usb.UsbService$Lifecycle took to complete: 0ms
05-02 20:49:14.481 525 525 V NotificationAssistants: enabling notification assistant for 0: ComponentInfo{android.ext.services/android.ext.services.notification.Assistant}
05-02 20:49:14.482 525 552 I SystemServerTimingAsync: ssm.onUnlockedUser-0_com.android.server.twilight.TwilightService
