05-02 20:49:17.664 1700 1700 F DEBUG : #14 0x0000e8ef4abe540f /system/lib64/libbluetooth.so+0x00000000001a340f
05-02 20:49:17.664 1700 1700 F DEBUG : #15 0x0000e8ef4abe4f53 /system/lib64/libbluetooth.so+0x00000000001a2f53
05-02 20:49:17.664 1700 1700 F DEBUG : #16 0x0000e8ef4abe5917 /system/lib64/libbluetooth.so+0x00000000001a3917
05-02 20:49:17.664 1700 1700 F DEBUG : #17 0x0000e8f1c648ec0b /apex/com.android.runtime/lib64/bionic/libc.so+0x00000000000b0c0b
05-02 20:49:17.664 1700 1700 F DEBUG : #18 0x0000e8f1c642e5d3 /apex/com.android.runtime/lib64/bionic/libc.so+0x00000000000505d3
05-02 20:49:17.664 1700 1700 F DEBUG : #19 0xffffffffffffffff
05-02 20:49:17.664 1700 1700 F DEBUG :
05-02 20:49:17.664 1700 1700 F DEBUG : '
05-02 20:49:17.664 1700 1700 F DEBUG : x0 0000000000000000 x1 000000000000066d x2 0000000000000006 x3 0000e8ef3aa3a610
05-02 20:49:17.664 1700 1700 F DEBUG : x4 feffe6ff09093d6d x5 feffe6ff09093d6d x6 feffe6ff09093d6d x7 7f7fff7f7f7f7f7f
05-02 20:49:17.664 525 551 I sysui_multi_action: [757,1717,758,1,759,0]
05-02 20:49:17.664 1700 1700 F DEBUG : x8 00000000000000f0 x9 0000e8f1c63fe7e0 x10 ffffff80fffffbdf x11 0000000000000001
05-02 20:49:17.664 1700 1700 F DEBUG : x12 0000e8ef3aa39420 x13 000000000000061d x14 0000e8ef3aa394d0 x15 000000001485a80c
05-02 20:49:17.664 1700 1700 F DEBUG : x16 0000e8f1c6497c80 x17 0000e8f1c64793c0 x18 0000e8ef39ea6028 x19 00000000000000ac
05-02 20:49:17.664 1700 1700 F DEBUG : x20 0000000000000630 x21 00000000000000b2 x22 000000000000066d x23 00000000ffffffff
05-02 20:49:17.664 1700 1700 F DEBUG : x24 0000e8ef4b2ad000 x25 0000e8f1c649af28 x26 0000e8ef3aa3c000 x27 0000e8ef3aa3a708
05-02 20:49:17.664 1700 1700 F DEBUG : x28 0000000000000630 x29 0000e8ef3aa3a690
05-02 20:49:17.664 1700 1700 F DEBUG : lr 0000e8f1c642c544 sp 0000e8ef3aa3a5f0 pc 0000e8f1c642c574 pst 0000000000000000
05-02 20:49:17.665 525 551 I sysui_multi_action: [757,1717,758,2,759,0]
05-02 20:49:17.667 525 551 I sysui_multi_action: [757,1717,758,3,759,0]
05-02 20:49:17.683 685 685 D InterruptionStateProvider: No bubble up: not allowed to bubble: 0|com.android.systemui|1397773634|public:179,97|10121
05-02 20:49:17.685 685 685 D InterruptionStateProvider: No heads up: unimportant notification: 0|com.android.systemui|1397773634|public:179,97|10121
05-02 20:49:17.726 1674 1674 I CAM_SetActivitiesCamera: component state is 1
05-02 20:49:17.728 525 1288 D CompatibilityChangeReporter: Compat change id reported: 135634846; UID 1000; state: DISABLED
05-02 20:49:17.729 525 1288 D CompatibilityChangeReporter: Compat change id reported: 135754954; UID 1000; state: ENABLED
05-02 20:49:17.731 525 1288 I backup_transport_lifecycle: [com.android.localtransport/.LocalTransportService,1]
05-02 20:49:17.737 227 227 I servicemanager: Notifying apexservice they have clients: 1
05-02 20:49:17.737 227 227 I servicemanager: Notifying apexservice they have clients: 0
05-02 20:49:17.738 525 588 I am_uid_running: 10100
05-02 20:49:17.738 0 0 I AidlLazyServiceRegistrar: Process has 1 (of 1 available) client(s) in use after notification android.apex.IApexService has clients: 1
05-02 20:49:17.739 525 588 D CompatibilityChangeReporter: Compat change id reported: 135634846; UID 10100; state: DISABLED
05-02 20:49:17.739 525 588 D CompatibilityChangeReporter: Compat change id reported: 135754954; UID 10100; state: DISABLED
05-02 20:49:17.747 1700 1700 F DEBUG : backtrace:
05-02 20:49:17.747 1700 1700 F DEBUG : #00 pc 000000000004e574 /apex/com.android.runtime/lib64/bionic/libc.so (abort+180) (BuildId: 2338ca8a340db969666f0073f3371d96)
05-02 20:49:17.747 1700 1700 F DEBUG : #01 pc 000000000009d7e4 /system/lib64/libchrome.so (base::debug::BreakDebugger()+20) (BuildId: d09629fde1649584555f8bdbb82b7e43)
05-02 20:49:17.748 1700 1700 F DEBUG : #02 pc 00000000000b77d0 /system/lib64/libchrome.so (logging::LogMessage::~LogMessage()+1312) (BuildId: d09629fde1649584555f8bdbb82b7e43)
05-02 20:49:17.748 1700 1700 F DEBUG : #03 pc 0000000000266cb0 /system/lib64/libbluetooth.so (BluetoothHciCallbacks::initializationComplete(android::hardware::bluetooth::V1_0::Status)+120) (BuildId: 87cc65273a2f0dc4def578e33d2562c2)
05-02 20:49:17.748 1700 1700 F DEBUG : #04 pc 000000000001b578 /system/lib64/android.hardware.bluetooth@1.0.so (android::hardware::bluetooth::V1_0::BnHwBluetoothHciCallbacks::_hidl_initializationComplete(android::hidl::base::V1_0::BnHwBase*, android::hardware::Parcel const&, android::hardware::Parcel*, std::__1::function)+184) (BuildId: 0296ed46349be614c375cae0f90266ff)
05-02 20:49:17.748 1700 1700 F DEBUG : #05 pc 000000000001bc38 /system/lib64/android.hardware.bluetooth@1.1.so (android::hardware::bluetooth::V1_1::BnHwBluetoothHciCallbacks::onTransact(unsigned int, android::hardware::Parcel const&, android::hardware::Parcel*, unsigned int, std::__1::function)+552) (BuildId: 487535fb4e5d76b170fabe39fc61ca32)
05-02 20:49:17.748 1700 1700 F DEBUG : #06 pc 0000000000094898 /system/lib64/libhidlbase.so (android::hardware::BHwBinder::transact(unsigned int, android::hardware::Parcel const&, android::hardware::Parcel*, unsigned int, std::__1::function)+72) (BuildId: d936c383e6af0d8aee8ac56dcdfe7291)
05-02 20:49:17.748 1700 1700 F DEBUG : #07 pc 000000000009a7a8 /system/lib64/libhidlbase.so (android::hardware::IPCThreadState::transact(int, unsigned int, android::hardware::Parcel const&, android::hardware::Parcel*, unsigned int)+2272) (BuildId: d936c383e6af0d8aee8ac56dcdfe7291)
05-02 20:49:17.748 1700 1700 F DEBUG : #08 pc 00000000000954b4 /system/lib64/libhidlbase.so (android::hardware::BpHwBinder::transact(unsigned int, android::hardware::Parcel const&, android::hardware::Parcel*, unsigned int, std::__1::function)+76) (BuildId: d936c383e6af0d8aee8ac56dcdfe7291)
05-02 20:49:17.748 1700 1700 F DEBUG : #09 pc 0000000000010598 /system/lib64/android.hardware.bluetooth@1.0.so (android::hardware::bluetooth::V1_0::BpHwBluetoothHci::_hidl_initialize(android::hardware::IInterface*, android::hardware::details::HidlInstrumentor*, android::sp const&)+368) (BuildId: 0296ed46349be614c375cae0f90266ff)
05-02 20:49:17.748 1700 1700 F DEBUG : #10 pc 00000000002666a0 /system/lib64/libbluetooth.so (hci_initialize()+856) (BuildId: 87cc65273a2f0dc4def578e33d2562c2)
05-02 20:49:17.748 1700 1700 F DEBUG : #11 pc 000000000009e8a0 /system/lib64/libchrome.so (base::debug::TaskAnnotator::RunTask(char const*, base::PendingTask*)+192) (BuildId: d09629fde1649584555f8bdbb82b7e43)
05-02 20:49:17.748 1700 1700 F DEBUG : #12 pc 00000000000bf024 /system/lib64/libchrome.so (base::MessageLoop::RunTask(base::PendingTask*)+324) (BuildId: d09629fde1649584555f8bdbb82b7e43)
05-02 20:49:17.748 1700 1700 F DEBUG : #13 pc 00000000000bf3d0 /system/lib64/libchrome.so (base::MessageLoop::DoWork()+464) (BuildId: d09629fde1649584555f8bdbb82b7e43)
05-02 20:49:17.749 1700 1700 F DEBUG : #14 pc 00000000000c0bd0 /system/lib64/libchrome.so (base::MessagePumpDefault::Run(base::MessagePump::Delegate*)+104) (BuildId: d09629fde1649584555f8bdbb82b7e43)
05-02 20:49:17.749 1700 1700 F DEBUG : #15 pc 00000000000e3274 /system/lib64/libchrome.so (base::RunLoop::Run()+84) (BuildId: d09629fde1649584555f8bdbb82b7e43)
05-02 20:49:17.749 1700 1700 F DEBUG : #16 pc 00000000001a340c /system/lib64/libbluetooth.so (bluetooth::common::MessageLoopThread::Run(std::__1::promise)+268) (BuildId: 87cc65273a2f0dc4def578e33d2562c2)
05-02 20:49:17.749 1700 1700 F DEBUG : #17 pc 00000000001a2f50 /system/lib64/libbluetooth.so (bluetooth::common::MessageLoopThread::RunThread(bluetooth::common::MessageLoopThread*, std::__1::promise)+48) (BuildId: 87cc65273a2f0dc4def578e33d2562c2)
05-02 20:49:17.749 1700 1700 F DEBUG : #18 pc 00000000001a3914 /system/lib64/libbluetooth.so (void* std::__1::__thread_proxy >, void (*)(bluetooth::common::MessageLoopThread*, std::__1::promise), bluetooth::common::MessageLoopThread*, std::__1::promise > >(void*)+84) (BuildId: 87cc65273a2f0dc4def578e33d2562c2)
05-02 20:49:17.749 1700 1700 F DEBUG : #19 pc 00000000000b0c08 /apex/com.android.runtime/lib64/bionic/libc.so (__pthread_start(void*)+64) (BuildId: 2338ca8a340db969666f0073f3371d96)
05-02 20:49:17.749 1700 1700 F DEBUG : #20 pc 00000000000505d0 /apex/com.android.runtime/lib64/bionic/libc.so (__start_thread+64) (BuildId: 2338ca8a340db969666f0073f3371d96)
05-02 20:49:17.752 0 0 I AidlLazyServiceRegistrar: Process has 0 (of 1 available) client(s) in use after notification android.apex.IApexService has clients: 0
05-02 20:49:17.766 0 0 I AidlLazyServiceRegistrar: Shutdown prevented by forcePersist override flag.
05-02 20:49:17.770 338 338 D Zygote : Forked child process 1704
05-02 20:49:17.774 525 553 I am_proc_start: [0,1704,1000,com.android.localtransport,service,{com.android.localtransport/com.android.localtransport.LocalTransportService}]
05-02 20:49:17.774 525 553 I ActivityManager: Start proc 1704:com.android.localtransport/1000 for service {com.android.localtransport/com.android.localtransport.LocalTransportService}
05-02 20:49:17.775 1704 1704 I Zygote : seccomp disabled by setenforce 0
05-02 20:49:17.776 525 553 D CompatibilityChangeReporter: Compat change id reported: 143937733; UID 10100; state: DISABLED
05-02 20:49:17.808 572 576 I adbd : jdwp connection from 1704
05-02 20:49:17.821 338 338 D Zygote : Forked child process 1723
05-02 20:49:17.827 1723 1723 I Zygote : seccomp disabled by setenforce 0
05-02 20:49:17.828 1723 1723 I libc : SetHeapTaggingLevel: tag level set to 0
05-02 20:49:17.829 525 553 W ActivityManager: Slow operation: 91ms so far, now at startProcess: returned from zygote!
05-02 20:49:17.829 525 553 W ActivityManager: Slow operation: 91ms so far, now at startProcess: done updating battery stats
05-02 20:49:17.830 525 553 I am_proc_start: [0,1723,10100,com.android.contacts,broadcast,{com.android.contacts/com.android.contacts.interactions.OnBootOrUpgradeReceiver}]
05-02 20:49:17.830 525 553 W ActivityManager: Slow operation: 92ms so far, now at startProcess: building log message
05-02 20:49:17.830 525 553 I ActivityManager: Start proc 1723:com.android.contacts/u0a100 for broadcast {com.android.contacts/com.android.contacts.interactions.OnBootOrUpgradeReceiver}
05-02 20:49:17.830 525 553 W ActivityManager: Slow operation: 92ms so far, now at startProcess: starting to update pids map
05-02 20:49:17.830 525 553 W ActivityManager: Slow operation: 92ms so far, now at startProcess: done updating pids map
05-02 20:49:17.832 1700 1700 I auditd : type=1400 audit(0.0:366): avc: denied { open } for comm="crash_dump64" path="/dev/__properties__/u:object_r:hwservicemanager_prop:s0" dev="tmpfs" ino=154 scontext=u:r:crash_dump:s0 tcontext=u:object_r:hwservicemanager_prop:s0 tclass=file permissive=1
05-02 20:49:17.832 1700 1700 I auditd : type=1400 audit(0.0:367): avc: denied { getattr } for comm="crash_dump64" path="/dev/__properties__/u:object_r:hwservicemanager_prop:s0" dev="tmpfs" ino=154 scontext=u:r:crash_dump:s0 tcontext=u:object_r:hwservicemanager_prop:s0 tclass=file permissive=1
05-02 20:49:17.832 1700 1700 I auditd : type=1400 audit(0.0:368): avc: denied { map } for comm="crash_dump64" path="/dev/__properties__/u:object_r:hwservicemanager_prop:s0" dev="tmpfs" ino=154 scontext=u:r:crash_dump:s0 tcontext=u:object_r:hwservicemanager_prop:s0 tclass=file permissive=1
05-02 20:49:17.832 1700 1700 I auditd : type=1400 audit(0.0:369): avc: denied { open } for comm="crash_dump64" path="/dev/__properties__/u:object_r:bluetooth_a2dp_offload_prop:s0" dev="tmpfs" ino=69 scontext=u:r:crash_dump:s0 tcontext=u:object_r:bluetooth_a2dp_offload_prop:s0 tclass=file permissive=1
05-02 20:49:17.832 1700 1700 I auditd : type=1400 audit(0.0:370): avc: denied { getattr } for comm="crash_dump64" path="/dev/__properties__/u:object_r:bluetooth_a2dp_offload_prop:s0" dev="tmpfs" ino=69 scontext=u:r:crash_dump:s0 tcontext=u:object_r:bluetooth_a2dp_offload_prop:s0 tclass=file permissive=1
05-02 20:49:17.835 1704 1704 I service_manager_slow: [10,activity]
05-02 20:49:17.836 0 0 W audit : audit_lost=20 audit_rate_limit=5 audit_backlog_limit=64
05-02 20:49:17.837 525 588 I am_proc_bound: [0,1704,com.android.localtransport]
05-02 20:49:17.843 0 0 E audit : rate limit exceeded
05-02 20:49:17.859 572 576 I adbd : jdwp connection from 1723
05-02 20:49:17.875 525 588 I am_proc_bound: [0,1723,com.android.contacts]
05-02 20:49:17.895 1704 1704 I .localtranspor: The ClassLoaderContext is a special shared library.
05-02 20:49:17.935 1704 1704 D NetworkSecurityConfig: No Network Security Config specified, using platform default
05-02 20:49:17.936 1704 1704 D NetworkSecurityConfig: No Network Security Config specified, using platform default
05-02 20:49:17.955 525 525 I backup_transport_connection: [com.android.localtransport/.LocalTransportService,1]
05-02 20:49:17.956 525 525 I TransportClient: LocalTransportService#0: Notifying [TransportManager.registerTransport()] transport = IBackupTransport
05-02 20:49:17.961 525 1288 D BackupTransportManager: Transport com.android.localtransport/.LocalTransportService registered
05-02 20:49:17.961 525 1288 D BackupManagerService: [UserID:0] Transport com.android.localtransport/.LocalTransport registered 3279ms after first request (delay = 3000ms)
05-02 20:49:17.964 525 1288 I backup_transport_lifecycle: [com.android.localtransport/.LocalTransportService,0]
05-02 20:49:17.964 525 1288 I backup_transport_connection: [com.android.localtransport/.LocalTransportService,0]
05-02 20:49:17.971 525 1288 I BackupManagerService: [UserID:0] Found stale backup journal, scheduling
05-02 20:49:18.039 525 1288 I chatty : uid=1000(system) backup-0 identical 102 lines
05-02 20:49:18.039 525 1288 I BackupManagerService: [UserID:0] Found stale backup journal, scheduling
05-02 20:49:18.157 1723 1723 D ApplicationLoaders: Returning zygote-cached class loader: /system/framework/android.test.base.jar
05-02 20:49:18.195 1191 1233 I droid.deskcloc: Waiting for a blocking GC ProfileSaver
05-02 20:49:18.272 525 588 I sysui_multi_action: [757,128,758,1,793,1209,794,0,795,926,796,1397773634,797,public:179,97,798,2,806,com.android.systemui,857,DSK,858,2,947,0,1395,4,1500,926,1641,sys,1688,1,1745,2098068913]
05-02 20:49:18.273 525 588 I sysui_multi_action: [757,804,799,note_freshness,801,926,802,1]
05-02 20:49:18.273 525 588 I notification_visibility: [0|com.android.systemui|1397773634|public:179,97|10121,1,1209,926,0,2]
05-02 20:49:18.274 525 588 I sysui_multi_action: [757,128,758,2,793,5385,794,3955,795,5385,796,55,798,1,806,android,857,DEVELOPER,858,2,947,0,1395,3,1500,5172,1688,1]
05-02 20:49:18.275 525 588 I notification_visibility: [-1|android|55|null|1000,0,5385,5385,0,1]
05-02 20:49:18.332 1723 1723 I ndroid.contact: The ClassLoaderContext is a special shared library.
05-02 20:49:18.353 1723 1723 D nativeloader: classloader namespace configured for unbundled product apk. library_path=/product/priv-app/Contacts/lib/arm64:/product/lib64:/system/product/lib64
05-02 20:49:18.556 0 0 E pn54x_dev_write: i2c_master_send returned -6
05-02 20:49:18.569 525 1752 I am_crash: [525,0,com.android.bluetooth,818462277,Native crash,Aborted,unknown,0]
05-02 20:49:18.570 331 331 E tombstoned: Tombstone written to: /data/tombstones/tombstone_12
05-02 20:49:18.572 525 1753 I DropBoxManagerService: add tag=system_app_native_crash isTagEnabled=true flags=0x2
05-02 20:49:18.572 525 1752 I sysui_multi_action: [757,316,758,4,759,-1]
05-02 20:49:18.577 525 559 I BootReceiver: Copying /data/tombstones/tombstone_12 to DropBox (SYSTEM_TOMBSTONE)
05-02 20:49:18.580 525 559 I DropBoxManagerService: add tag=SYSTEM_TOMBSTONE isTagEnabled=true flags=0x2
05-02 20:49:18.597 1294 1756 I chatty : uid=1027(nfc) Thread-4 expire 18 lines
05-02 20:49:18.598 1294 1755 I chatty : uid=1027(nfc) Thread-3 expire 21 lines
05-02 20:49:18.598 1294 1754 I chatty : uid=1027(nfc) Thread-2 expire 18 lines
05-02 20:49:18.618 1191 1233 I droid.deskcloc: WaitForGcToComplete blocked ProfileSaver on ClassLinker for 422.665ms
05-02 20:49:18.620 0 0 I init : Untracked pid 1700 exited with status 0
05-02 20:49:18.624 525 559 I dropbox_file_copy: [/data/tombstones/tombstone_12,98304,SYSTEM_TOMBSTONE]
05-02 20:49:18.629 422 659 E Utils : did not find channel-count and/or sample-rate
05-02 20:49:18.632 0 0 I init : Untracked pid 1703 exited with status 0
05-02 20:49:18.637 422 660 E Utils : did not find channel-count and/or sample-rate
05-02 20:49:18.638 525 559 I commit_sys_config_file: [log-files,14]
05-02 20:49:18.642 1294 1760 I chatty : uid=1027(nfc) com.android.nfc expire 23 lines
05-02 20:49:18.644 1294 1762 I chatty : uid=1027(nfc) com.android.nfc expire 24 lines
05-02 20:49:18.650 358 358 V ImxC2Store: ImxC2Store::createComponent name=c2.android.vorbis.decoder, ret=2
05-02 20:49:18.650 358 458 V ImxC2Store: ImxC2Store::createComponent name=c2.android.vorbis.decoder, ret=2
05-02 20:49:18.652 444 444 V C2Store : in init
05-02 20:49:18.653 444 444 V C2Store : loading dll
05-02 20:49:18.661 0 0 I binder : release 1584:1645 transaction 29953 in, still active
05-02 20:49:18.668 0 0 I binder : release 1584:1645 transaction 29474 out, still active
05-02 20:49:18.670 1294 1558 I libnfc_nci: [INFO:nfa_ce_act.cc(308)] nfa_ce_handle_disc_start (status=0x0)
05-02 20:49:18.670 1294 1760 W Codec2Client: query -- param skipped: index = 1342179345.
05-02 20:49:18.670 1294 1760 W Codec2Client: query -- param skipped: index = 2415921170.
05-02 20:49:18.670 1294 1558 I libnfc_nci: [INFO:NativeNfcManager.cpp(273)] nfaConnectionCallback: event= 30
05-02 20:49:18.670 1294 1558 I libnfc_nci: [INFO:NativeNfcManager.cpp(298)] nfaConnectionCallback: NFA_RF_DISCOVERY_STARTED_EVT: status = 0
05-02 20:49:18.670 1294 1558 I libnfc_nci: [INFO:nfa_dm_discover.cc(2565)] new state: DISCOVERY (1), disc_flags: 0x1
05-02 20:49:18.670 1294 1554 I libnfc_nci: [INFO:NativeNfcTag.cpp(1844)] nativeNfcTag_releaseRfInterfaceMutexLock: sRfInterfaceMutex unlock
05-02 20:49:18.671 1294 1554 I libnfc_nci: [INFO:PowerSwitch.cpp(258)] PowerSwitch::setModeOn(activated=0x1) : mCurrActivity=0x1
05-02 20:49:18.671 1294 1554 I libnfc_nci: [INFO:NativeNfcManager.cpp(1317)] nfcManager_enableDiscovery: exit
05-02 20:49:18.671 1294 1762 E FMQ : grantorIdx must be less than 3
05-02 20:49:18.671 361 1541 D NxpTml : PN54X - Read requested.....
05-02 20:49:18.671 1294 1762 E FMQ : grantorIdx must be less than 3
05-02 20:49:18.671 361 1541 D NxpTml : PN54X - Invoking I2C Read.....
05-02 20:49:18.673 1723 1723 D NetworkSecurityConfig: No Network Security Config specified, using platform default
05-02 20:49:18.674 1723 1723 D NetworkSecurityConfig: No Network Security Config specified, using platform default
05-02 20:49:18.675 0 0 I binder : send failed reply for transaction 29953 to 346:346
05-02 20:49:18.681 346 346 I chatty : uid=1002 bluetooth@1.0-s expire 5 lines
05-02 20:49:18.681 338 338 I Zygote : Process 1584 exited due to signal 6 (Aborted)
05-02 20:49:18.682 346 1008 E android.hardware.bluetooth@1.0-impl: BluetoothDeathRecipient::serviceDied - Bluetooth service died
05-02 20:49:18.682 346 1008 I android.hardware.bluetooth@1.0-impl: BluetoothHci::close()
05-02 20:49:18.682 346 1008 I android.hardware.bluetooth@1.0-impl: Skipping unlink call, service died.
05-02 20:49:18.682 346 1008 D bt-vnd-mrvl: bt_vnd_mrvl_if_op(L940): opcode = 6
05-02 20:49:18.682 0 0 I binder : 346:346 transaction failed 29189/0, size 4-0 line 2645
05-02 20:49:18.682 346 1008 D android.hardware.bluetooth@1.0-impl: low_power_mode_cb result: 0
05-02 20:49:18.682 346 1008 D bt-vnd-mrvl: bt_vnd_mrvl_if_op(L940): opcode = 4
05-02 20:49:18.682 346 1008 D bt-vnd-mrvl: bt_vnd_mrvl_if_op(L940): opcode = 0
05-02 20:49:18.682 346 1008 D bt-vnd-mrvl: bt_vnd_mrvl_if_op(L946): power off ***************************************
05-02 20:49:18.682 346 1008 D bt-vnd-mrvl: bt_vnd_mrvl_if_op(L948): BT adapter switches from ON to OFF ..
05-02 20:49:18.682 346 1008 D bt-vnd-mrvl: bt_vnd_mrvl_if_cleanup(L1158): cleanup ...
05-02 20:49:18.682 525 1445 I ActivityManager: Process com.android.bluetooth (pid 1584) has died: psvc PER
05-02 20:49:18.682 525 1445 I am_proc_died: [0,1584,com.android.bluetooth,-700,0]
05-02 20:49:18.683 525 1445 W ActivityManager: Scheduling restart of crashed service com.android.bluetooth/.btservice.AdapterService in 1000ms for connection
05-02 20:49:18.683 525 1445 I am_schedule_service_restart: [0,com.android.bluetooth/.btservice.AdapterService,1000]
05-02 20:49:18.683 525 1445 I am_uid_stopped: 1002
05-02 20:49:18.687 0 0 I binder_alloc: 1584: binder_alloc_buf, no vma
05-02 20:49:18.689 0 0 I binder : send failed reply for transaction 29474, target dead
05-02 20:49:18.694 525 525 D BluetoothManagerService: BluetoothServiceConnection, disconnected: com.android.bluetooth.btservice.AdapterService
05-02 20:49:18.694 525 544 E BluetoothManagerService: MESSAGE_BLUETOOTH_SERVICE_DISCONNECTED(1)
05-02 20:49:18.694 525 544 D BluetoothManagerService: Broadcasting onBluetoothServiceDown() to 4 receivers.
05-02 20:49:18.695 887 1076 D BluetoothAdapter: onBluetoothServiceDown: android.bluetooth.IBluetooth$Stub$Proxy@c637b09
05-02 20:49:18.696 0 0 I binder : 525:543 transaction failed 29189/-3, size 76-0 line 2886
05-02 20:49:18.700 685 712 D BluetoothAdapter: onBluetoothServiceDown: android.bluetooth.IBluetooth$Stub$Proxy@4b57bf6
05-02 20:49:18.701 0 0 E tlv320aic31xx-codec 1-0018: ##Divyesh tlv Enter : aic31xx_dac_mute
05-02 20:49:18.701 0 0 E tlv320aic31xx-codec 1-0018: ##Divyesh tlv Enter : aic31xx_dac_mute >> if function > mute
05-02 20:49:18.702 345 398 W audio_hw_primary: do_out_standby... 0xf16c33a0
05-02 20:49:18.714 1191 1191 I AlarmClock: AlarmInitReceiver android.intent.action.BOOT_COMPLETED
05-02 20:49:18.724 1191 1240 I AlarmClock: Fixing alarm instances
05-02 20:49:18.726 1294 1762 D CCodecBufferChannel: [c2.android.vorbis.decoder#692] Created input block pool with allocatorID 16 => poolID 17 - OK (0)
05-02 20:49:18.726 1294 1339 D BluetoothAdapter: onBluetoothServiceDown: android.bluetooth.IBluetooth$Stub$Proxy@55d5fb8
05-02 20:49:18.727 1294 1760 E FMQ : grantorIdx must be less than 3
05-02 20:49:18.728 1294 1760 E FMQ : grantorIdx must be less than 3
05-02 20:49:18.728 1294 1760 D CCodecBufferChannel: [c2.android.vorbis.decoder#591] Created input block pool with allocatorID 16 => poolID 18 - OK (0)
05-02 20:49:18.729 444 1026 E FMQ : grantorIdx must be less than 3
05-02 20:49:18.730 444 1026 E FMQ : grantorIdx must be less than 3
05-02 20:49:18.730 685 1023 D BufferPoolAccessor2.0: Destruction - bufferpool2 0xb400e8f0943e2968 cached: 0/0M, 0/0% in use; allocs: 7, 29% recycled; transfers: 38, 87% unfetched
05-02 20:49:18.731 685 1023 D BufferPoolAccessor2.0: Destruction - bufferpool2 0xb400e8f094408998 cached: 0/0M, 0/0% in use; allocs: 7, 14% recycled; transfers: 36, 83% unfetched
05-02 20:49:18.731 685 1023 D BufferPoolAccessor2.0: Destruction - bufferpool2 0xb400e8f094407718 cached: 0/0M, 0/0% in use; allocs: 7, 29% recycled; transfers: 18, 72% unfetched
05-02 20:49:18.731 444 444 E FMQ : grantorIdx must be less than 3
05-02 20:49:18.732 1294 1760 I CCodecBufferChannel: [c2.android.vorbis.decoder#591] Created output block pool with allocatorID 16 => poolID 27 - OK
05-02 20:49:18.732 444 444 E FMQ : grantorIdx must be less than 3
05-02 20:49:18.732 1294 1760 D CCodecBufferChannel: [c2.android.vorbis.decoder#591] Configured output block pool ids 27 => OK
05-02 20:49:18.732 1294 1762 I CCodecBufferChannel: [c2.android.vorbis.decoder#692] Created output block pool with allocatorID 16 => poolID 28 - OK
05-02 20:49:18.733 1294 1762 D CCodecBufferChannel: [c2.android.vorbis.decoder#692] Configured output block pool ids 28 => OK
05-02 20:49:18.734 1294 1760 E ion : ioctl c0044901 failed with code -1: Inappropriate ioctl for device
05-02 20:49:18.734 1294 1762 E ion : ioctl c0044901 failed with code -1: Inappropriate ioctl for device
05-02 20:49:18.743 1191 1240 V AlarmClock: AlarmInitReceiver finished
05-02 20:49:18.751 444 1766 D SimpleC2Component: Using output block pool with poolID 27 => got 27 - 0
05-02 20:49:18.752 444 1767 D SimpleC2Component: Using output block pool with poolID 28 => got 28 - 0
05-02 20:49:18.755 1294 1760 E FMQ : grantorIdx must be less than 3
05-02 20:49:18.755 444 444 E FMQ : grantorIdx must be less than 3
05-02 20:49:18.758 1294 1762 E FMQ : grantorIdx must be less than 3
05-02 20:49:18.759 444 444 E FMQ : grantorIdx must be less than 3
05-02 20:49:18.766 444 1766 E FMQ : grantorIdx must be less than 3
05-02 20:49:18.767 1294 1487 E FMQ : grantorIdx must be less than 3
05-02 20:49:18.769 1294 1760 D CCodecBuffers: [c2.android.vorbis.decoder#591:Output[N]] popFromStashAndRegister: output format changed to AMessage(what = 0x00000000) = {
05-02 20:49:18.769 1294 1760 D CCodecBuffers: int32_t bitrate = 64000
05-02 20:49:18.769 1294 1760 D CCodecBuffers: int32_t channel-count = 1
05-02 20:49:18.769 1294 1760 D CCodecBuffers: string mime = "audio/raw"
05-02 20:49:18.769 1294 1760 D CCodecBuffers: int32_t sample-rate = 16000
05-02 20:49:18.769 1294 1760 D CCodecBuffers: int32_t channel-mask = 1
05-02 20:49:18.769 1294 1760 D CCodecBuffers: }
05-02 20:49:18.771 1464 1464 I Dialer : VoicemailModule.provideVoicemailClient - providing VoicemailClientImpl
05-02 20:49:18.774 1464 1464 I Dialer : VvmOmtpService - onBoot
05-02 20:49:18.781 525 539 D CompatibilityChangeReporter: Compat change id reported: 135634846; UID 1000; state: DISABLED
05-02 20:49:18.782 525 539 D CompatibilityChangeReporter: Compat change id reported: 135754954; UID 1000; state: ENABLED
05-02 20:49:18.795 338 338 D Zygote : Forked child process 1771
05-02 20:49:18.798 525 553 I am_proc_start: [0,1771,1000,com.android.dynsystem,broadcast,{com.android.dynsystem/com.android.dynsystem.BootCompletedReceiver}]
05-02 20:49:18.798 525 553 I ActivityManager: Start proc 1771:com.android.dynsystem/1000 for broadcast {com.android.dynsystem/com.android.dynsystem.BootCompletedReceiver}
05-02 20:49:18.798 1771 1771 I Zygote : seccomp disabled by setenforce 0
05-02 20:49:18.800 444 1767 E FMQ : grantorIdx must be less than 3
05-02 20:49:18.800 1294 1487 E FMQ : grantorIdx must be less than 3
05-02 20:49:18.806 1294 1762 D CCodecBuffers: [c2.android.vorbis.decoder#692:Output[N]] popFromStashAndRegister: output format changed to AMessage(what = 0x00000000) = {
05-02 20:49:18.806 1294 1762 D CCodecBuffers: int32_t bitrate = 64000
05-02 20:49:18.806 1294 1762 D CCodecBuffers: int32_t channel-count = 1
05-02 20:49:18.806 1294 1762 D CCodecBuffers: string mime = "audio/raw"
05-02 20:49:18.806 1294 1762 D CCodecBuffers: int32_t sample-rate = 16000
05-02 20:49:18.806 1294 1762 D CCodecBuffers: int32_t channel-mask = 1
05-02 20:49:18.806 1294 1762 D CCodecBuffers: }
05-02 20:49:18.814 572 576 I adbd : jdwp connection from 1771
05-02 20:49:18.823 525 539 I am_proc_bound: [0,1771,com.android.dynsystem]
05-02 20:49:18.856 1294 1762 D CCodecBufferChannel: [c2.android.vorbis.decoder#692] MediaCodec discarded an unknown buffer
05-02 20:49:18.856 1294 1762 D CCodecBufferChannel: [c2.android.vorbis.decoder#692] MediaCodec discarded an unknown buffer
05-02 20:49:18.858 1771 1771 I droid.dynsyste: The ClassLoaderContext is a special shared library.
05-02 20:49:18.858 1294 1762 I hw-BpHwBinder: onLastStrongRef automatically unlinking death recipients
05-02 20:49:18.869 422 659 E Utils : did not find channel-count and/or sample-rate
05-02 20:49:18.874 1294 1795 D CCodec : allocate(c2.android.vorbis.decoder)
05-02 20:49:18.875 1771 1771 D NetworkSecurityConfig: No Network Security Config specified, using platform default
05-02 20:49:18.876 1294 1795 I CCodec : setting up 'default' as default (vendor) store
05-02 20:49:18.876 1771 1771 D NetworkSecurityConfig: No Network Security Config specified, using platform default
05-02 20:49:18.878 1294 1795 I CCodec : Created component [c2.android.vorbis.decoder]
05-02 20:49:18.879 1294 1795 D CCodecConfig: read media type: audio/vorbis
05-02 20:49:18.879 1294 1760 D CCodecBufferChannel: [c2.android.vorbis.decoder#591] MediaCodec discarded an unknown buffer
05-02 20:49:18.879 1294 1760 D CCodecBufferChannel: [c2.android.vorbis.decoder#591] MediaCodec discarded an unknown buffer
05-02 20:49:18.881 1294 1760 I hw-BpHwBinder: onLastStrongRef automatically unlinking death recipients
05-02 20:49:18.882 525 539 I am_uid_running: 10112
05-02 20:49:18.883 1294 1795 D ReflectedParamUpdater: extent() != 1 for single value type: algo.buffers.max-count.values
05-02 20:49:18.883 525 539 D CompatibilityChangeReporter: Compat change id reported: 135634846; UID 10112; state: DISABLED
05-02 20:49:18.883 525 539 D CompatibilityChangeReporter: Compat change id reported: 135754954; UID 10112; state: DISABLED
05-02 20:49:18.883 1294 1795 D ReflectedParamUpdater: extent() != 1 for single value type: output.subscribed-indices.values
05-02 20:49:18.884 525 553 D CompatibilityChangeReporter: Compat change id reported: 143937733; UID 10112; state: DISABLED
05-02 20:49:18.884 1294 1795 D ReflectedParamUpdater: extent() != 1 for single value type: input.buffers.allocator-ids.values
05-02 20:49:18.884 1294 1795 D ReflectedParamUpdater: extent() != 1 for single value type: output.buffers.allocator-ids.values
05-02 20:49:18.884 1294 1795 D ReflectedParamUpdater: extent() != 1 for single value type: algo.buffers.allocator-ids.values
05-02 20:49:18.885 1294 1795 D ReflectedParamUpdater: extent() != 1 for single value type: output.buffers.pool-ids.values
05-02 20:49:18.885 1294 1795 D ReflectedParamUpdater: extent() != 1 for single value type: algo.buffers.pool-ids.values
05-02 20:49:18.887 1294 1795 I CCodecConfig: query failed after returning 7 values (BAD_INDEX)
05-02 20:49:18.887 1294 1795 D CCodecConfig: c2 config diff is Dict {
05-02 20:49:18.887 1294 1795 D CCodecConfig: c2::u32 coded.bitrate.value = 64000
05-02 20:49:18.887 1294 1795 D CCodecConfig: c2::u32 input.buffers.max-size.value = 32768
05-02 20:49:18.887 1294 1795 D CCodecConfig: c2::u32 input.delay.value = 0
05-02 20:49:18.887 1294 1795 D CCodecConfig: string input.media-type.value = "audio/vorbis"
05-02 20:49:18.887 1294 1795 D CCodecConfig: string output.media-type.value = "audio/raw"
05-02 20:49:18.887 1294 1795 D CCodecConfig: c2::u32 raw.channel-count.value = 1
05-02 20:49:18.887 1294 1795 D CCodecConfig: c2::u32 raw.sample-rate.value = 48000
05-02 20:49:18.887 1294 1795 D CCodecConfig: }
05-02 20:49:18.889 1294 1795 D CCodec : [c2.android.vorbis.decoder] buffers are bound to CCodec for this session
05-02 20:49:18.889 1294 1795 D CCodecConfig: no c2 equivalents for durationUs
05-02 20:49:18.889 1294 1795 D CCodecConfig: no c2 equivalents for track-id
05-02 20:49:18.889 1294 1795 D CCodecConfig: no c2 equivalents for csd-1
05-02 20:49:18.889 1294 1795 D CCodecConfig: no c2 equivalents for channel-mask
05-02 20:49:18.889 1294 1795 D CCodecConfig: no c2 equivalents for flags
05-02 20:49:18.890 1294 1795 D CCodecConfig: c2 config diff is c2::u32 raw.sample-rate.value = 16000
05-02 20:49:18.891 1294 1795 W Codec2Client: query -- param skipped: index = 1107298332.
05-02 20:49:18.891 1294 1795 D CCodec : setup formats input: AMessage(what = 0x00000000) = {
05-02 20:49:18.891 1294 1795 D CCodec : int32_t bitrate = 64000
05-02 20:49:18.891 1294 1795 D CCodec : int32_t channel-count = 1
05-02 20:49:18.891 1294 1795 D CCodec : int32_t max-input-size = 32768
05-02 20:49:18.891 1294 1795 D CCodec : string mime = "audio/vorbis"
05-02 20:49:18.891 1294 1795 D CCodec : int32_t sample-rate = 16000
05-02 20:49:18.891 1294 1795 D CCodec : } and output: AMessage(what = 0x00000000) = {
05-02 20:49:18.891 1294 1795 D CCodec : int32_t bitrate = 64000
05-02 20:49:18.891 1294 1795 D CCodec : int32_t channel-count = 1
05-02 20:49:18.891 1294 1795 D CCodec : string mime = "audio/raw"
05-02 20:49:18.891 1294 1795 D CCodec : int32_t sample-rate = 16000
05-02 20:49:18.891 1294 1795 D CCodec : int32_t channel-mask = 1
05-02 20:49:18.891 1294 1795 D CCodec : }
05-02 20:49:18.891 1294 1795 W Codec2Client: query -- param skipped: index = 1342179345.
05-02 20:49:18.891 1294 1795 W Codec2Client: query -- param skipped: index = 2415921170.
05-02 20:49:18.892 1294 1795 E FMQ : grantorIdx must be less than 3
05-02 20:49:18.892 1294 1795 E FMQ : grantorIdx must be less than 3
05-02 20:49:18.893 1294 1795 D CCodecBufferChannel: [c2.android.vorbis.decoder#64] Created input block pool with allocatorID 16 => poolID 19 - OK (0)
05-02 20:49:18.893 444 802 E FMQ : grantorIdx must be less than 3
05-02 20:49:18.894 444 802 E FMQ : grantorIdx must be less than 3
05-02 20:49:18.894 1294 1795 I CCodecBufferChannel: [c2.android.vorbis.decoder#64] Created output block pool with allocatorID 16 => poolID 29 - OK
05-02 20:49:18.895 1294 1795 D CCodecBufferChannel: [c2.android.vorbis.decoder#64] Configured output block pool ids 29 => OK
05-02 20:49:18.901 338 338 D Zygote : Forked child process 1798
05-02 20:49:18.902 444 1796 D SimpleC2Component: Using output block pool with poolID 29 => got 29 - 0
05-02 20:49:18.906 525 553 I am_proc_start: [0,1798,10112,com.android.inputmethod.latin,broadcast,{com.android.inputmethod.latin/com.android.inputmethod.latin.SystemBroadcastReceiver}]
05-02 20:49:18.906 1294 1795 E FMQ : grantorIdx must be less than 3
05-02 20:49:18.906 525 553 I ActivityManager: Start proc 1798:com.android.inputmethod.latin/u0a112 for broadcast {com.android.inputmethod.latin/com.android.inputmethod.latin.SystemBroadcastReceiver}
05-02 20:49:18.906 444 802 E FMQ : grantorIdx must be less than 3
05-02 20:49:18.907 1798 1798 I Zygote : seccomp disabled by setenforce 0
05-02 20:49:18.907 1798 1798 I libc : SetHeapTaggingLevel: tag level set to 0
05-02 20:49:18.913 444 1796 E FMQ : grantorIdx must be less than 3
05-02 20:49:18.914 1294 1487 E FMQ : grantorIdx must be less than 3
05-02 20:49:18.915 1294 1795 D CCodecBuffers: [c2.android.vorbis.decoder#64:Output[N]] popFromStashAndRegister: output format changed to AMessage(what = 0x00000000) = {
05-02 20:49:18.915 1294 1795 D CCodecBuffers: int32_t bitrate = 64000
05-02 20:49:18.915 1294 1795 D CCodecBuffers: int32_t channel-count = 1
05-02 20:49:18.915 1294 1795 D CCodecBuffers: string mime = "audio/raw"
05-02 20:49:18.915 1294 1795 D CCodecBuffers: int32_t sample-rate = 16000
05-02 20:49:18.915 1294 1795 D CCodecBuffers: int32_t channel-mask = 1
05-02 20:49:18.915 1294 1795 D CCodecBuffers: }
05-02 20:49:18.922 572 576 I adbd : jdwp connection from 1798
05-02 20:49:18.929 525 539 I am_proc_bound: [0,1798,com.android.inputmethod.latin]
05-02 20:49:18.948 1798 1798 D ApplicationLoaders: Returning zygote-cached class loader: /system/framework/android.test.base.jar
05-02 20:49:18.948 1798 1798 D ApplicationLoaders: Returning zygote-cached class loader: /system/framework/android.hidl.base-V1.0-java.jar
05-02 20:49:18.948 1798 1798 D ApplicationLoaders: Returning zygote-cached class loader: /system/framework/android.hidl.manager-V1.0-java.jar
05-02 20:49:18.948 1798 1798 D ApplicationLoaders: Returning zygote-cached class loader: /system/framework/android.hidl.base-V1.0-java.jar
05-02 20:49:18.951 1294 1795 D CCodecBufferChannel: [c2.android.vorbis.decoder#64] MediaCodec discarded an unknown buffer
05-02 20:49:18.951 1294 1795 D CCodecBufferChannel: [c2.android.vorbis.decoder#64] MediaCodec discarded an unknown buffer
05-02 20:49:18.952 1294 1795 I hw-BpHwBinder: onLastStrongRef automatically unlinking death recipients
05-02 20:49:18.952 444 839 I hw-BpHwBinder: onLastStrongRef automatically unlinking death recipients
05-02 20:49:18.953 444 839 V C2Store : in ~ComponentModule
05-02 20:49:18.953 444 839 V C2Store : unloading dll
05-02 20:49:18.959 1798 1798 I putmethod.lati: The ClassLoaderContext is a special shared library.
05-02 20:49:18.961 1798 1798 D nativeloader: classloader namespace configured for unbundled product apk. library_path=/product/app/LatinIME/lib/arm64:/product/app/LatinIME/LatinIME.apk!/lib/arm64-v8a:/product/lib64:/system/product/lib64
05-02 20:49:18.977 1798 1798 D NetworkSecurityConfig: No Network Security Config specified, using platform default
05-02 20:49:18.977 1798 1798 D NetworkSecurityConfig: No Network Security Config specified, using platform default
05-02 20:49:18.983 1798 1798 I SystemBroadcastReceiver: Boot has been completed
05-02 20:49:18.983 1798 1798 I SystemBroadcastReceiver: toggleAppIcon() : FLAG_SYSTEM = true
05-02 20:49:18.997 525 539 I am_uid_running: 10077
05-02 20:49:18.998 525 539 D CompatibilityChangeReporter: Compat change id reported: 135634846; UID 10077; state: DISABLED
05-02 20:49:18.998 525 539 D CompatibilityChangeReporter: Compat change id reported: 135754954; UID 10077; state: ENABLED
05-02 20:49:18.998 525 553 D CompatibilityChangeReporter: Compat change id reported: 143937733; UID 10077; state: ENABLED
05-02 20:49:19.013 338 338 D Zygote : Forked child process 1822
05-02 20:49:19.016 525 553 I am_proc_start: [0,1822,10077,com.android.managedprovisioning,broadcast,{com.android.managedprovisioning/com.android.managedprovisioning.BootReminder}]
05-02 20:49:19.016 525 553 I ActivityManager: Start proc 1822:com.android.managedprovisioning/u0a77 for broadcast {com.android.managedprovisioning/com.android.managedprovisioning.BootReminder}
05-02 20:49:19.018 1822 1822 I Zygote : seccomp disabled by setenforce 0
05-02 20:49:19.029 572 576 I adbd : jdwp connection from 1822
05-02 20:49:19.036 525 539 I am_proc_bound: [0,1822,com.android.managedprovisioning]
05-02 20:49:19.100 1822 1822 I gedprovisionin: The ClassLoaderContext is a special shared library.
05-02 20:49:19.133 1822 1822 D NetworkSecurityConfig: No Network Security Config specified, using platform default
05-02 20:49:19.133 1822 1822 D NetworkSecurityConfig: No Network Security Config specified, using platform default
05-02 20:49:19.134 1822 1822 I CarUiInstaller: CarUiInstaller started for com.android.managedprovisioning
05-02 20:49:19.145 525 539 I am_uid_running: 10106
05-02 20:49:19.146 525 539 D CompatibilityChangeReporter: Compat change id reported: 135634846; UID 10106; state: DISABLED
05-02 20:49:19.146 525 539 D CompatibilityChangeReporter: Compat change id reported: 135754954; UID 10106; state: DISABLED
05-02 20:49:19.146 525 553 D CompatibilityChangeReporter: Compat change id reported: 143937733; UID 10106; state: DISABLED
05-02 20:49:19.160 338 338 D Zygote : Forked child process 1844
05-02 20:49:19.163 525 553 I am_proc_start: [0,1844,10106,com.android.messaging,broadcast,{com.android.messaging/com.android.messaging.receiver.BootAndPackageReplacedReceiver}]
05-02 20:49:19.163 525 553 I ActivityManager: Start proc 1844:com.android.messaging/u0a106 for broadcast {com.android.messaging/com.android.messaging.receiver.BootAndPackageReplacedReceiver}
05-02 20:49:19.163 1844 1844 I Zygote : seccomp disabled by setenforce 0
05-02 20:49:19.164 1844 1844 I libc : SetHeapTaggingLevel: tag level set to 0
05-02 20:49:19.173 572 576 I adbd : jdwp connection from 1844
05-02 20:49:19.180 525 539 I am_proc_bound: [0,1844,com.android.messaging]
05-02 20:49:19.194 1844 1844 D ApplicationLoaders: Returning zygote-cached class loader: /system/framework/android.test.base.jar
05-02 20:49:19.194 1844 1844 D ApplicationLoaders: Returning zygote-cached class loader: /system/framework/android.hidl.base-V1.0-java.jar
05-02 20:49:19.194 1844 1844 D ApplicationLoaders: Returning zygote-cached class loader: /system/framework/android.hidl.manager-V1.0-java.jar
05-02 20:49:19.194 1844 1844 D ApplicationLoaders: Returning zygote-cached class loader: /system/framework/android.hidl.base-V1.0-java.jar
05-02 20:49:19.197 1844 1844 I droid.messagin: The ClassLoaderContext is a special shared library.
05-02 20:49:19.213 1844 1844 I droid.messagin: The ClassLoaderContext is a special shared library.
05-02 20:49:19.214 1844 1844 D nativeloader: classloader namespace configured for unbundled product apk. library_path=/product/app/messaging/lib/arm64:/product/lib64:/system/product/lib64
05-02 20:49:19.242 1844 1844 D NetworkSecurityConfig: No Network Security Config specified, using platform default
05-02 20:49:19.243 1844 1844 D NetworkSecurityConfig: No Network Security Config specified, using platform default
05-02 20:49:19.256 1844 1844 I TetheringManager: registerTetheringEventCallback:com.android.messaging
05-02 20:49:19.284 1844 1844 W MessagingApp: PhoneUtils.getForLMR1(): invalid subId = -1
05-02 20:49:19.286 1844 1863 D TelephonyRegistryManager: onSubscriptionsChangedListener callback received.
05-02 20:49:19.291 1844 1868 W MessagingApp: PhoneUtils.getForLMR1(): invalid subId = -1
05-02 20:49:19.294 1844 1844 D CompatibilityChangeReporter: Compat change id reported: 147600208; UID 10106; state: DISABLED
05-02 20:49:19.297 1490 1490 D NetworkSecurityConfig: No Network Security Config specified, using platform default
05-02 20:49:19.305 525 588 I am_uid_running: 10098
05-02 20:49:19.306 525 588 D CompatibilityChangeReporter: Compat change id reported: 135634846; UID 10098; state: DISABLED
05-02 20:49:19.306 525 588 D CompatibilityChangeReporter: Compat change id reported: 135754954; UID 10098; state: ENABLED
05-02 20:49:19.307 525 553 D CompatibilityChangeReporter: Compat change id reported: 143937733; UID 10098; state: ENABLED
05-02 20:49:19.311 1844 1869 W MessagingApp: PhoneUtils.getForLMR1(): invalid subId = -1
05-02 20:49:19.323 338 338 D Zygote : Forked child process 1872
05-02 20:49:19.326 1844 1870 W MessagingApp: PhoneUtils.getForLMR1(): invalid subId = -1
05-02 20:49:19.326 525 553 I am_proc_start: [0,1872,10098,com.android.onetimeinitializer,broadcast,{com.android.onetimeinitializer/com.android.onetimeinitializer.OneTimeInitializerReceiver}]
05-02 20:49:19.326 525 553 I ActivityManager: Start proc 1872:com.android.onetimeinitializer/u0a98 for broadcast {com.android.onetimeinitializer/com.android.onetimeinitializer.OneTimeInitializerReceiver}
05-02 20:49:19.327 1844 1871 I MessagingAppDataModel: Fixup: Send failed - 0 Download failed - 0
05-02 20:49:19.330 1872 1872 I Zygote : seccomp disabled by setenforce 0
05-02 20:49:19.338 1844 1870 W MessagingApp: PhoneUtils.getForLMR1(): invalid subId = -1
05-02 20:49:19.338 1844 1870 W MessagingApp: PhoneUtils.getForLMR1(): invalid subId = -1
05-02 20:49:19.340 1844 1871 W MessagingApp: PhoneUtils.getForLMR1(): invalid subId = -1
05-02 20:49:19.342 1844 1870 W MessagingApp: PhoneUtils.getSelfRawNumber: subInfo is null for -1
05-02 20:49:19.342 572 576 I adbd : jdwp connection from 1872
05-02 20:49:19.343 1844 1870 W MessagingApp: PhoneUtils.getForLMR1(): invalid subId = -1
05-02 20:49:19.351 525 588 I am_proc_bound: [0,1872,com.android.onetimeinitializer]
05-02 20:49:19.377 1872 1872 I timeinitialize: The ClassLoaderContext is a special shared library.
05-02 20:49:19.378 1872 1872 D nativeloader: classloader namespace configured for unbundled product apk. library_path=/product/priv-app/OneTimeInitializer/lib/arm64:/product/lib64:/system/product/lib64
05-02 20:49:19.385 1844 1871 W MessagingApp: PhoneUtils.getForLMR1(): invalid subId = -1
05-02 20:49:19.389 1872 1872 D NetworkSecurityConfig: No Network Security Config specified, using platform default
05-02 20:49:19.389 1872 1872 D NetworkSecurityConfig: No Network Security Config specified, using platform default
05-02 20:49:19.391 1872 1872 V OneTimeInitializerReceiver: OneTimeInitializerReceiver.onReceive
05-02 20:49:19.400 525 539 I am_uid_running: 10062
05-02 20:49:19.401 525 539 D CompatibilityChangeReporter: Compat change id reported: 135634846; UID 10062; state: DISABLED
05-02 20:49:19.401 525 539 D CompatibilityChangeReporter: Compat change id reported: 135754954; UID 10062; state: ENABLED
05-02 20:49:19.402 525 553 D CompatibilityChangeReporter: Compat change id reported: 143937733; UID 10062; state: ENABLED
05-02 20:49:19.417 338 338 D Zygote : Forked child process 1897
05-02 20:49:19.420 525 553 I am_proc_start: [0,1897,10062,com.android.packageinstaller,broadcast,{com.android.packageinstaller/com.android.packageinstaller.TemporaryFileManager}]
05-02 20:49:19.420 525 553 I ActivityManager: Start proc 1897:com.android.packageinstaller/u0a62 for broadcast {com.android.packageinstaller/com.android.packageinstaller.TemporaryFileManager}
05-02 20:49:19.422 1897 1897 I Zygote : seccomp disabled by setenforce 0
05-02 20:49:19.433 572 576 I adbd : jdwp connection from 1897
05-02 20:49:19.440 525 539 I am_proc_bound: [0,1897,com.android.packageinstaller]
05-02 20:49:19.475 1844 1870 I MessagingAppDataModel: SyncMessagesAction: Starting batch for messages from 1651524284210 to 1651524559280 (message update limit = 80, message scan limit = 4000)
05-02 20:49:19.477 1844 1871 W MessagingApp: PhoneUtils.getForLMR1(): invalid subId = -1
05-02 20:49:19.480 1897 1897 I ackageinstalle: The ClassLoaderContext is a special shared library.
05-02 20:49:19.494 1897 1897 D NetworkSecurityConfig: No Network Security Config specified, using platform default
05-02 20:49:19.495 1897 1897 D NetworkSecurityConfig: No Network Security Config specified, using platform default
05-02 20:49:19.500 525 588 I am_uid_running: 10127
05-02 20:49:19.501 525 588 D CompatibilityChangeReporter: Compat change id reported: 135634846; UID 10127; state: DISABLED
05-02 20:49:19.501 525 588 D CompatibilityChangeReporter: Compat change id reported: 135754954; UID 10127; state: DISABLED
05-02 20:49:19.502 525 553 D CompatibilityChangeReporter: Compat change id reported: 143937733; UID 10127; state: DISABLED
05-02 20:49:19.518 338 338 D Zygote : Forked child process 1920
05-02 20:49:19.521 525 553 I am_proc_start: [0,1920,10127,com.android.permissioncontroller,broadcast,{com.android.permissioncontroller/com.android.permissioncontroller.permission.service.LocationAccessCheck$SetupPeriodicBackgroundLocationAccessCheck}]
05-02 20:49:19.521 1920 1920 I Zygote : seccomp disabled by setenforce 0
05-02 20:49:19.521 525 553 I ActivityManager: Start proc 1920:com.android.permissioncontroller/u0a127 for broadcast {com.android.permissioncontroller/com.android.permissioncontroller.permission.service.LocationAccessCheck$SetupPeriodicBackgroundLocationAccessCheck}
05-02 20:49:19.522 1920 1920 I libc : SetHeapTaggingLevel: tag level set to 0
05-02 20:49:19.534 572 576 I adbd : jdwp connection from 1920
05-02 20:49:19.544 525 1445 I am_proc_bound: [0,1920,com.android.permissioncontroller]
05-02 20:49:19.563 1920 1920 D ApplicationLoaders: Returning zygote-cached class loader: /system/framework/android.test.base.jar
05-02 20:49:19.621 1920 1920 D NetworkSecurityConfig: No Network Security Config specified, using platform default
05-02 20:49:19.622 1920 1920 D NetworkSecurityConfig: No Network Security Config specified, using platform default
05-02 20:49:19.624 1844 1870 I MessagingAppDataModel: SyncMessagesAction: All messages now in sync
05-02 20:49:19.648 1920 1920 I CarUiInstaller: CarUiInstaller started for com.android.permissioncontroller
05-02 20:49:19.685 525 552 I am_uid_running: 1002
05-02 20:49:19.686 525 552 D CompatibilityChangeReporter: Compat change id reported: 135634846; UID 1002; state: DISABLED
05-02 20:49:19.686 525 552 D CompatibilityChangeReporter: Compat change id reported: 135754954; UID 1002; state: ENABLED
05-02 20:49:19.690 1920 1920 I AutoRevokePermissions: Parsed teamfood setting value: null
05-02 20:49:19.693 1920 1920 I AutoRevokePermissions: Parsed teamfood setting value: null
05-02 20:49:19.693 1920 1920 I AutoRevokePermissions: scheduleAutoRevokePermissions with frequency 1296000000ms and threshold 7776000000ms
05-02 20:49:19.696 1920 1920 I AutoRevokePermissions: user 0 is a profile owner. Running Auto Revoke.
05-02 20:49:19.697 1920 1920 I AutoRevokePermissions: Parsed teamfood setting value: null
05-02 20:49:19.699 338 338 D Zygote : Forked child process 1946
05-02 20:49:19.703 525 553 I am_proc_start: [0,1946,1002,com.android.bluetooth,service,{com.android.bluetooth/com.android.bluetooth.btservice.AdapterService}]
05-02 20:49:19.703 525 553 I ActivityManager: Start proc 1946:com.android.bluetooth/1002 for service {com.android.bluetooth/com.android.bluetooth.btservice.AdapterService}
05-02 20:49:19.705 1946 1946 I Zygote : seccomp disabled by setenforce 0
05-02 20:49:19.706 887 887 I VvmSimStateTracker: android.intent.action.BOOT_COMPLETED
05-02 20:49:19.708 525 588 I am_uid_running: 10065
05-02 20:49:19.709 1920 1920 I AutoRevokePermissions: onStartJob
05-02 20:49:19.710 525 588 D CompatibilityChangeReporter: Compat change id reported: 135634846; UID 10065; state: DISABLED
05-02 20:49:19.710 525 588 D CompatibilityChangeReporter: Compat change id reported: 135754954; UID 10065; state: ENABLED
05-02 20:49:19.710 1920 1920 I AutoRevokePermissions: Skipping auto revoke first run when scheduled by system
05-02 20:49:19.711 525 553 D CompatibilityChangeReporter: Compat change id reported: 143937733; UID 10065; state: ENABLED
05-02 20:49:19.721 572 576 I adbd : jdwp connection from 1946
05-02 20:49:19.724 525 1445 I ActivityManager: Killing 909:com.android.settings/1000 (adj 975): empty #17
05-02 20:49:19.724 525 1445 I am_kill : [0,909,com.android.settings,975,empty #17]
05-02 20:49:19.729 525 539 I am_proc_bound: [0,1946,com.android.bluetooth]
05-02 20:49:19.731 338 338 D Zygote : Forked child process 1967
05-02 20:49:19.732 525 539 I am_uid_active: 1002
05-02 20:49:19.735 525 553 I am_proc_start: [0,1967,10065,com.android.providers.calendar,broadcast,{com.android.providers.calendar/com.android.providers.calendar.CalendarReceiver}]
05-02 20:49:19.736 525 553 I ActivityManager: Start proc 1967:com.android.providers.calendar/u0a65 for broadcast {com.android.providers.calendar/com.android.providers.calendar.CalendarReceiver}
05-02 20:49:19.742 1967 1967 I Zygote : seccomp disabled by setenforce 0
05-02 20:49:19.756 1946 1946 I droid.bluetoot: The ClassLoaderContext is a special shared library.
05-02 20:49:19.756 572 576 I adbd : jdwp connection from 1967
05-02 20:49:19.762 525 539 I am_proc_died: [0,909,com.android.settings,975,19]
