05-02 20:49:14.482 525 552 D SystemServerTimingAsync: ssm.onUnlockedUser-0_com.android.server.twilight.TwilightService took to complete: 0ms
05-02 20:49:14.482 525 552 I SystemServerTimingAsync: ssm.onUnlockedUser-0_com.android.server.display.color.ColorDisplayService
05-02 20:49:14.482 525 552 D SystemServerTimingAsync: ssm.onUnlockedUser-0_com.android.server.display.color.ColorDisplayService took to complete: 0ms
05-02 20:49:14.482 525 552 I SystemServerTimingAsync: ssm.onUnlockedUser-0_com.android.server.job.JobSchedulerService
05-02 20:49:14.482 525 552 D SystemServerTimingAsync: ssm.onUnlockedUser-0_com.android.server.job.JobSchedulerService took to complete: 0ms
05-02 20:49:14.482 525 552 I SystemServerTimingAsync: ssm.onUnlockedUser-0_com.android.server.soundtrigger.SoundTriggerService
05-02 20:49:14.482 525 552 D SystemServerTimingAsync: ssm.onUnlockedUser-0_com.android.server.soundtrigger.SoundTriggerService took to complete: 0ms
05-02 20:49:14.482 525 552 I SystemServerTimingAsync: ssm.onUnlockedUser-0_com.android.server.trust.TrustManagerService
05-02 20:49:14.482 525 552 D SystemServerTimingAsync: ssm.onUnlockedUser-0_com.android.server.trust.TrustManagerService took to complete: 0ms
05-02 20:49:14.482 525 552 I SystemServerTimingAsync: ssm.onUnlockedUser-0_com.android.server.backup.BackupManagerService$Lifecycle
05-02 20:49:14.482 525 552 D SystemServerTimingAsync: ssm.onUnlockedUser-0_com.android.server.backup.BackupManagerService$Lifecycle took to complete: 0ms
05-02 20:49:14.482 525 552 I SystemServerTimingAsync: ssm.onUnlockedUser-0_com.android.server.appwidget.AppWidgetService
05-02 20:49:14.482 525 552 D SystemServerTimingAsync: ssm.onUnlockedUser-0_com.android.server.appwidget.AppWidgetService took to complete: 0ms
05-02 20:49:14.483 525 552 I SystemServerTimingAsync: ssm.onUnlockedUser-0_com.android.server.role.RoleManagerService
05-02 20:49:14.483 525 552 D SystemServerTimingAsync: ssm.onUnlockedUser-0_com.android.server.role.RoleManagerService took to complete: 0ms
05-02 20:49:14.483 525 552 I SystemServerTimingAsync: ssm.onUnlockedUser-0_com.android.server.voiceinteraction.VoiceInteractionManagerService
05-02 20:49:14.483 525 552 D SystemServerTimingAsync: ssm.onUnlockedUser-0_com.android.server.voiceinteraction.VoiceInteractionManagerService took to complete: 0ms
05-02 20:49:14.483 525 552 I SystemServerTimingAsync: ssm.onUnlockedUser-0_com.android.server.GestureLauncherService
05-02 20:49:14.483 525 552 D SystemServerTimingAsync: ssm.onUnlockedUser-0_com.android.server.GestureLauncherService took to complete: 0ms
05-02 20:49:14.483 525 552 I SystemServerTimingAsync: ssm.onUnlockedUser-0_com.android.server.SensorNotificationService
05-02 20:49:14.483 525 525 V NotificationAssistants: binding: Intent { act=android.service.notification.NotificationAssistantService cmp=android.ext.services/.notification.Assistant (has extras) }
05-02 20:49:14.483 525 552 D SystemServerTimingAsync: ssm.onUnlockedUser-0_com.android.server.SensorNotificationService took to complete: 0ms
05-02 20:49:14.483 525 552 I SystemServerTimingAsync: ssm.onUnlockedUser-0_com.android.server.emergency.EmergencyAffordanceService
05-02 20:49:14.483 525 552 D SystemServerTimingAsync: ssm.onUnlockedUser-0_com.android.server.emergency.EmergencyAffordanceService took to complete: 0ms
05-02 20:49:14.483 525 552 I SystemServerTimingAsync: ssm.onUnlockedUser-0_com.android.server.dreams.DreamManagerService
05-02 20:49:14.483 525 552 D SystemServerTimingAsync: ssm.onUnlockedUser-0_com.android.server.dreams.DreamManagerService took to complete: 0ms
05-02 20:49:14.483 525 552 I SystemServerTimingAsync: ssm.onUnlockedUser-0_com.android.server.print.PrintManagerService
05-02 20:49:14.483 525 552 D SystemServerTimingAsync: ssm.onUnlockedUser-0_com.android.server.print.PrintManagerService took to complete: 0ms
05-02 20:49:14.483 525 552 I SystemServerTimingAsync: ssm.onUnlockedUser-0_com.android.server.companion.CompanionDeviceManagerService
05-02 20:49:14.483 525 552 D SystemServerTimingAsync: ssm.onUnlockedUser-0_com.android.server.companion.CompanionDeviceManagerService took to complete: 0ms
05-02 20:49:14.483 525 552 I SystemServerTimingAsync: ssm.onUnlockedUser-0_com.android.server.restrictions.RestrictionsManagerService
05-02 20:49:14.483 525 552 D SystemServerTimingAsync: ssm.onUnlockedUser-0_com.android.server.restrictions.RestrictionsManagerService took to complete: 0ms
05-02 20:49:14.484 525 552 I SystemServerTimingAsync: ssm.onUnlockedUser-0_com.android.server.media.MediaSessionService
05-02 20:49:14.484 525 552 D SystemServerTimingAsync: ssm.onUnlockedUser-0_com.android.server.media.MediaSessionService took to complete: 0ms
05-02 20:49:14.484 525 552 I SystemServerTimingAsync: ssm.onUnlockedUser-0_com.android.server.media.MediaResourceMonitorService
05-02 20:49:14.484 525 552 D SystemServerTimingAsync: ssm.onUnlockedUser-0_com.android.server.media.MediaResourceMonitorService took to complete: 0ms
05-02 20:49:14.484 525 552 I SystemServerTimingAsync: ssm.onUnlockedUser-0_com.android.server.blob.BlobStoreManagerService
05-02 20:49:14.484 525 552 D SystemServerTimingAsync: ssm.onUnlockedUser-0_com.android.server.blob.BlobStoreManagerService took to complete: 0ms
05-02 20:49:14.484 525 552 I SystemServerTimingAsync: ssm.onUnlockedUser-0_com.android.server.biometrics.BiometricService
05-02 20:49:14.484 525 552 D SystemServerTimingAsync: ssm.onUnlockedUser-0_com.android.server.biometrics.BiometricService took to complete: 0ms
05-02 20:49:14.484 525 552 I SystemServerTimingAsync: ssm.onUnlockedUser-0_com.android.server.biometrics.AuthService
05-02 20:49:14.484 525 552 D SystemServerTimingAsync: ssm.onUnlockedUser-0_com.android.server.biometrics.AuthService took to complete: 0ms
05-02 20:49:14.484 525 552 I SystemServerTimingAsync: ssm.onUnlockedUser-0_com.android.server.pm.ShortcutService$Lifecycle
05-02 20:49:14.484 525 552 D SystemServerTimingAsync: ssm.onUnlockedUser-0_com.android.server.pm.ShortcutService$Lifecycle took to complete: 0ms
05-02 20:49:14.484 525 552 I SystemServerTimingAsync: ssm.onUnlockedUser-0_com.android.server.pm.LauncherAppsService
05-02 20:49:14.484 525 552 D SystemServerTimingAsync: ssm.onUnlockedUser-0_com.android.server.pm.LauncherAppsService took to complete: 0ms
05-02 20:49:14.484 525 552 I SystemServerTimingAsync: ssm.onUnlockedUser-0_com.android.server.pm.CrossProfileAppsService
05-02 20:49:14.484 525 552 D SystemServerTimingAsync: ssm.onUnlockedUser-0_com.android.server.pm.CrossProfileAppsService took to complete: 0ms
05-02 20:49:14.484 525 552 I SystemServerTimingAsync: ssm.onUnlockedUser-0_com.android.server.people.PeopleService
05-02 20:49:14.486 909 909 I service_manager_slow: [12,thermalservice]
05-02 20:49:14.488 525 811 I wm_finish_activity: [0,207307406,2,com.android.settings/.FallbackHome,app-request]
05-02 20:49:14.489 525 811 I wm_task_moved: [2,1,2147483647]
05-02 20:49:14.491 525 811 I ActivityTaskManager: START u0 {act=android.intent.action.MAIN cat=[android.intent.category.HOME] flg=0x10000100 cmp=com.android.launcher3/.uioverrides.QuickstepLauncher} from uid 0
05-02 20:49:14.492 525 552 D SystemServerTimingAsync: ssm.onUnlockedUser-0_com.android.server.people.PeopleService took to complete: 8ms
05-02 20:49:14.492 525 552 I SystemServerTimingAsync: ssm.onUnlockedUser-0_com.android.server.media.projection.MediaProjectionManagerService
05-02 20:49:14.492 525 552 D SystemServerTimingAsync: ssm.onUnlockedUser-0_com.android.server.media.projection.MediaProjectionManagerService took to complete: 0ms
05-02 20:49:14.492 525 552 I SystemServerTimingAsync: ssm.onUnlockedUser-0_com.android.server.slice.SliceManagerService$Lifecycle
05-02 20:49:14.492 887 887 D SmsBroadcastUndelivered: Received broadcast android.intent.action.USER_UNLOCKED
05-02 20:49:14.492 525 552 D SystemServerTimingAsync: ssm.onUnlockedUser-0_com.android.server.slice.SliceManagerService$Lifecycle took to complete: 0ms
05-02 20:49:14.492 525 552 I SystemServerTimingAsync: ssm.onUnlockedUser-0_com.android.server.camera.CameraServiceProxy
05-02 20:49:14.492 525 552 D SystemServerTimingAsync: ssm.onUnlockedUser-0_com.android.server.camera.CameraServiceProxy took to complete: 0ms
05-02 20:49:14.492 525 552 I SystemServerTimingAsync: ssm.onUnlockedUser-0_com.android.server.stats.StatsCompanion$Lifecycle
05-02 20:49:14.492 525 552 D SystemServerTimingAsync: ssm.onUnlockedUser-0_com.android.server.stats.StatsCompanion$Lifecycle took to complete: 0ms
05-02 20:49:14.492 525 552 I SystemServerTimingAsync: ssm.onUnlockedUser-0_com.android.server.stats.pull.StatsPullAtomService
05-02 20:49:14.492 525 552 D SystemServerTimingAsync: ssm.onUnlockedUser-0_com.android.server.stats.pull.StatsPullAtomService took to complete: 0ms
05-02 20:49:14.492 525 552 I SystemServerTimingAsync: ssm.onUnlockedUser-0_com.android.server.incident.IncidentCompanionService
05-02 20:49:14.492 525 552 D SystemServerTimingAsync: ssm.onUnlockedUser-0_com.android.server.incident.IncidentCompanionService took to complete: 0ms
05-02 20:49:14.492 525 552 I SystemServerTimingAsync: ssm.onUnlockedUser-0_com.android.server.MmsServiceBroker
05-02 20:49:14.492 525 552 D SystemServerTimingAsync: ssm.onUnlockedUser-0_com.android.server.MmsServiceBroker took to complete: 0ms
05-02 20:49:14.492 525 552 I SystemServerTimingAsync: ssm.onUnlockedUser-0_com.android.server.autofill.AutofillManagerService
05-02 20:49:14.492 525 552 D SystemServerTimingAsync: ssm.onUnlockedUser-0_com.android.server.autofill.AutofillManagerService took to complete: 0ms
05-02 20:49:14.492 525 552 I SystemServerTimingAsync: ssm.onUnlockedUser-0_com.android.server.clipboard.ClipboardService
05-02 20:49:14.492 525 552 D SystemServerTimingAsync: ssm.onUnlockedUser-0_com.android.server.clipboard.ClipboardService took to complete: 0ms
05-02 20:49:14.492 525 552 I SystemServerTimingAsync: ssm.onUnlockedUser-0_com.android.server.appbinding.AppBindingService$Lifecycle
05-02 20:49:14.492 525 552 D SystemServerTimingAsync: ssm.onUnlockedUser-0_com.android.server.appbinding.AppBindingService$Lifecycle took to complete: 0ms
05-02 20:49:14.492 887 887 D SmsDispatchersController: Received broadcast android.intent.action.USER_UNLOCKED
05-02 20:49:14.493 525 552 I SystemServerTimingAsync: ssm.onUnlockedUser-0_com.android.server.policy.PermissionPolicyService
05-02 20:49:14.493 525 552 D SystemServerTimingAsync: ssm.onUnlockedUser-0_com.android.server.policy.PermissionPolicyService took to complete: 0ms
05-02 20:49:14.493 887 887 D CarrierSvcBindHelper: Received android.intent.action.USER_UNLOCKED
05-02 20:49:14.493 525 552 I SystemServerTimingAsync: ssm.onUnlockedUser-0_com.android.server.pm.StagingManager$Lifecycle
05-02 20:49:14.493 525 552 D SystemServerTimingAsync: ssm.onUnlockedUser-0_com.android.server.pm.StagingManager$Lifecycle took to complete: 0ms
05-02 20:49:14.493 525 552 D SystemServerTimingAsync: ssm.UnlockedUser-0 took to complete: 17ms
05-02 20:49:14.493 525 552 W ActivityManager: UserLifecycleEvent 6 received without an active userJourneySession.
05-02 20:49:14.494 887 887 E PhoneInterfaceManager: [PhoneIntfMgr] getCarrierPackageNamesForIntentAndPhone: No UICC
05-02 20:49:14.494 887 887 D CarrierSvcBindHelper: No carrier app for: 0
05-02 20:49:14.507 525 811 I wm_task_created: [20,0]
05-02 20:49:14.507 525 811 I wm_stack_created: 20
05-02 20:49:14.514 525 811 I wm_task_moved: [20,1,2147483647]
05-02 20:49:14.519 525 811 I wm_create_task: [0,20]
05-02 20:49:14.519 525 811 I wm_create_activity: [0,188384300,20,com.android.launcher3/.uioverrides.QuickstepLauncher,android.intent.action.MAIN,NULL,NULL,268435712]
05-02 20:49:14.519 525 811 I wm_task_moved: [20,1,2147483647]
05-02 20:49:14.531 887 1292 D SmsBroadcastUndelivered: scanning raw table for undelivered messages
05-02 20:49:14.539 525 588 W StorageManagerService: Reporting emulated;0 unmounted due to system locked
05-02 20:49:14.540 1283 1283 I auditd : type=1400 audit(0.0:337): avc: denied { open } for comm="crash_dump64" path="/dev/__properties__/u:object_r:hwservicemanager_prop:s0" dev="tmpfs" ino=154 scontext=u:r:crash_dump:s0 tcontext=u:object_r:hwservicemanager_prop:s0 tclass=file permissive=1
05-02 20:49:14.540 1283 1283 I auditd : type=1400 audit(0.0:338): avc: denied { getattr } for comm="crash_dump64" path="/dev/__properties__/u:object_r:hwservicemanager_prop:s0" dev="tmpfs" ino=154 scontext=u:r:crash_dump:s0 tcontext=u:object_r:hwservicemanager_prop:s0 tclass=file permissive=1
05-02 20:49:14.540 1283 1283 I auditd : type=1400 audit(0.0:339): avc: denied { map } for comm="crash_dump64" path="/dev/__properties__/u:object_r:hwservicemanager_prop:s0" dev="tmpfs" ino=154 scontext=u:r:crash_dump:s0 tcontext=u:object_r:hwservicemanager_prop:s0 tclass=file permissive=1
05-02 20:49:14.540 1283 1283 I auditd : type=1400 audit(0.0:340): avc: denied { open } for comm="crash_dump64" path="/dev/__properties__/u:object_r:bluetooth_a2dp_offload_prop:s0" dev="tmpfs" ino=69 scontext=u:r:crash_dump:s0 tcontext=u:object_r:bluetooth_a2dp_offload_prop:s0 tclass=file permissive=1
05-02 20:49:14.540 1283 1283 I auditd : type=1400 audit(0.0:341): avc: denied { getattr } for comm="crash_dump64" path="/dev/__properties__/u:object_r:bluetooth_a2dp_offload_prop:s0" dev="tmpfs" ino=69 scontext=u:r:crash_dump:s0 tcontext=u:object_r:bluetooth_a2dp_offload_prop:s0 tclass=file permissive=1
05-02 20:49:14.540 1283 1283 I auditd : type=1400 audit(0.0:342): avc: denied { map } for comm="crash_dump64" path="/dev/__properties__/u:object_r:bluetooth_a2dp_offload_prop:s0" dev="tmpfs" ino=69 scontext=u:r:crash_dump:s0 tcontext=u:object_r:bluetooth_a2dp_offload_prop:s0 tclass=file permissive=1
05-02 20:49:14.546 338 338 D Zygote : Forked child process 1294
05-02 20:49:14.546 525 545 I wm_restart_activity: [0,188384300,20,com.android.launcher3/.uioverrides.QuickstepLauncher]
05-02 20:49:14.549 525 553 W ActivityManager: Slow operation: 118ms so far, now at startProcess: returned from zygote!
05-02 20:49:14.550 525 545 I wm_set_resumed_activity: [0,com.android.launcher3/.uioverrides.QuickstepLauncher,minimalResumeActivityLocked]
05-02 20:49:14.551 525 545 I wm_add_to_stopping: [0,188384300,com.android.launcher3/.uioverrides.QuickstepLauncher,makeInvisible]
05-02 20:49:14.552 1283 1283 I auditd : type=1400 audit(0.0:343): avc: denied { open } for comm="crash_dump64" path="/dev/__properties__/u:object_r:bluetooth_prop:s0" dev="tmpfs" ino=71 scontext=u:r:crash_dump:s0 tcontext=u:object_r:bluetooth_prop:s0 tclass=file permissive=1
05-02 20:49:14.552 525 545 I wm_pause_activity: [0,188384300,com.android.launcher3/.uioverrides.QuickstepLauncher,userLeaving=false]
05-02 20:49:14.554 1294 1294 I Zygote : seccomp disabled by setenforce 0
05-02 20:49:14.556 0 0 W audit : audit_lost=3 audit_rate_limit=5 audit_backlog_limit=64
05-02 20:49:14.557 525 540 I am_uid_running: 10122
05-02 20:49:14.558 525 540 D CompatibilityChangeReporter: Compat change id reported: 135634846; UID 10122; state: DISABLED
05-02 20:49:14.559 525 540 D CompatibilityChangeReporter: Compat change id reported: 135754954; UID 10122; state: ENABLED
05-02 20:49:14.563 0 0 E audit : rate limit exceeded
05-02 20:49:14.564 525 553 W ActivityManager: Slow operation: 133ms so far, now at startProcess: done updating battery stats
05-02 20:49:14.564 525 553 I am_proc_start: [0,1294,1027,com.android.nfc,added application,com.android.nfc]
05-02 20:49:14.564 525 553 W ActivityManager: Slow operation: 133ms so far, now at startProcess: building log message
05-02 20:49:14.564 525 553 I ActivityManager: Start proc 1294:com.android.nfc/1027 for added application com.android.nfc
05-02 20:49:14.564 525 553 W ActivityManager: Slow operation: 133ms so far, now at startProcess: starting to update pids map
05-02 20:49:14.564 525 553 W ActivityManager: Slow operation: 133ms so far, now at startProcess: done updating pids map
05-02 20:49:14.565 525 553 W ActivityManager: Slow operation: 113ms so far, now at startProcess: asking zygote to start proc
05-02 20:49:14.565 525 553 D CompatibilityChangeReporter: Compat change id reported: 143937733; UID 10130; state: ENABLED
05-02 20:49:14.572 572 576 I adbd : jdwp connection from 1294
05-02 20:49:14.575 887 1292 D SmsBroadcastUndelivered: finished scanning raw table in 43 ms
05-02 20:49:14.619 525 525 I chatty : uid=1000(system) Binder:525_3 expire 2 lines
05-02 20:49:14.659 338 338 D Zygote : Forked child process 1314
05-02 20:49:14.662 525 553 W ActivityManager: Slow operation: 210ms so far, now at startProcess: returned from zygote!
05-02 20:49:14.669 1314 1314 I Zygote : seccomp disabled by setenforce 0
05-02 20:49:14.670 525 525 W Looper : Slow dispatch took 108ms main h=android.app.ActivityThread$H c=android.app.-$$Lambda$LoadedApk$ReceiverDispatcher$Args$_BumDX2UKsnxLVrE6UJsJZkotuA@3eb4fea m=0
05-02 20:49:14.692 525 638 V BackupManagerService: [UserID:0] No ancestral data
05-02 20:49:14.703 383 1256 W AudioTrack: getTimestamp_l(8): location moved from kernel to server
05-02 20:49:14.705 572 576 I adbd : jdwp connection from 1314
05-02 20:49:14.707 345 1272 W audio_hw_primary: ret -32, pcm write 768 error wait error: hw 0xa5c0 app 0xabc0 avail 0x0
05-02 20:49:14.707 345 1272 W audio_hw_primary: : Broken pipe
05-02 20:49:14.708 0 0 E tlv320aic31xx-codec 1-0018: ##Divyesh tlv Enter : aic31xx_dac_mute
05-02 20:49:14.715 0 0 E tlv320aic31xx-codec 1-0018: ##Divyesh tlv Enter : aic31xx_dac_mute >> Else function > unmute
05-02 20:49:14.775 685 1022 D BufferPoolAccessor2.0: bufferpool2 0xb400e8f094407718 : 0(0 size) total buffers - 0(0 size) used buffers - 2/7 (recycle/alloc) - 5/18 (fetch/transfer)
05-02 20:49:14.775 685 1022 D BufferPoolAccessor2.0: evictor expired: 1, evicted: 1
05-02 20:49:14.776 525 535 I chatty : uid=1000(system) HeapTaskDaemon expire 2 lines
05-02 20:49:14.896 0 0 D logd : logdr: UID=1002 GID=1002 PID=1283 n tail=50 logMask=8 pid=1213 start=0ns timeout=0ns
05-02 20:49:14.900 0 0 D logd : logdr: UID=1002 GID=1002 PID=1283 n tail=50 logMask=1 pid=1213 start=0ns timeout=0ns
05-02 20:49:14.901 525 545 I chatty : uid=1000(system) android.display expire 1 line
05-02 20:49:14.901 525 545 I dvm_lock_sample: [system_server,1,android.display,311,UsageStatsService.java,763,void com.android.server.usage.UsageStatsService.reportEventOrAddToQueue(int, android.app.usage.UsageEvents$Event),-,383,void com.android.server.usage.UsageStatsService.onUserUnlocked(int),62]
05-02 20:49:14.901 525 545 I sysui_multi_action: [757,1144,758,8,806,com.android.launcher3,871,com.android.launcher3.uioverrides.QuickstepLauncher]
05-02 20:49:14.902 525 540 I chatty : uid=1000(system) Binder:525_2 expire 1 line
05-02 20:49:14.903 525 540 I dvm_lock_sample: [system_server,1,Binder:525_2,318,ActivityManagerService.java,7681,void com.android.server.am.ActivityManagerService.publishContentProviders(android.app.IApplicationThread, java.util.List),-,3209,void com.android.server.am.ActivityManagerService.updateActivityUsageStats(android.content.ComponentName, int, int, android.os.IBinder, android.content.ComponentName),63]
05-02 20:49:14.903 525 539 I chatty : uid=1000(system) Binder:525_1 expire 2 lines
05-02 20:49:14.903 525 539 I dvm_lock_sample: [system_server,1,Binder:525_1,296,ActivityManagerService.java,5438,void com.android.server.am.ActivityManagerService.attachApplication(android.app.IApplicationThread, long),-,3209,void com.android.server.am.ActivityManagerService.updateActivityUsageStats(android.content.ComponentName, int, int, android.os.IBinder, android.content.ComponentName),59]
05-02 20:49:14.903 525 539 I am_proc_bound: [0,1294,com.android.nfc]
05-02 20:49:14.903 525 545 I wm_destroy_activity: [0,207307406,2,com.android.settings/.FallbackHome,finish-idle]
05-02 20:49:14.907 525 539 I am_uid_active: 1027
05-02 20:49:14.907 525 1291 I dvm_lock_sample: [system_server,0,pool-5-thread-1,260,ActivityManagerService.java,6811,java.lang.String com.android.server.am.ActivityManagerService.checkContentProviderAccess(java.lang.String, int),,0,null,52]
05-02 20:49:14.908 525 1288 V BackupManagerConstants: getKeyValueBackupIntervalMilliseconds(...) returns 14400000
05-02 20:49:14.908 525 1288 V BackupManagerConstants: getKeyValueBackupFuzzMilliseconds(...) returns 600000
05-02 20:49:14.908 525 1288 V BackupManagerConstants: getKeyValueBackupRequiredNetworkType(...) returns 1
05-02 20:49:14.908 525 1288 V BackupManagerConstants: getKeyValueBackupRequireCharging(...) returns true
05-02 20:49:14.908 525 1288 V KeyValueBackupJob: Scheduling k/v pass in 240 minutes
05-02 20:49:14.909 525 553 W ActivityManager: Slow operation: 456ms so far, now at startProcess: done updating battery stats
05-02 20:49:14.909 525 638 I chatty : uid=1000(system) backup expire 1 line
05-02 20:49:14.909 525 553 I am_proc_start: [0,1314,10130,com.android.providers.media.module,service,{com.android.providers.media.module/com.android.providers.media.fuse.ExternalStorageServiceImpl}]
05-02 20:49:14.909 525 553 I Watchdog: Interesting Java process com.android.providers.media.module started. Pid 1314
05-02 20:49:14.909 525 553 W ActivityManager: Slow operation: 457ms so far, now at startProcess: building log message
05-02 20:49:14.909 525 638 I dvm_lock_sample: [system_server,0,backup,215,UserBackupManagerService.java,933,void com.android.server.backup.UserBackupManagerService.initPackageTracking(),-,2596,void com.android.server.backup.UserBackupManagerService.dataChangedImpl(java.lang.String, java.util.HashSet),43]
05-02 20:49:14.909 525 553 I ActivityManager: Start proc 1314:com.android.providers.media.module/u0a130 for service {com.android.providers.media.module/com.android.providers.media.fuse.ExternalStorageServiceImpl}
05-02 20:49:14.909 525 553 W ActivityManager: Slow operation: 457ms so far, now at startProcess: starting to update pids map
05-02 20:49:14.909 525 553 W ActivityManager: Slow operation: 457ms so far, now at startProcess: done updating pids map
05-02 20:49:14.909 525 553 W ActivityManager: Slow operation: 351ms so far, now at startProcess: asking zygote to start proc
05-02 20:49:14.910 525 588 I dvm_lock_sample: [system_server,1,Binder:525_5,248,ActivityManagerService.java,15517,android.content.Intent com.android.server.am.ActivityManagerService.registerReceiverWithFeature(android.app.IApplicationThread, java.lang.String, java.lang.String, android.content.IIntentReceiver, android.content.IntentFilter, java.lang.String, int, int),,0,null,49]
05-02 20:49:14.910 525 1095 I dvm_lock_sample: [system_server,1,Binder:525_A,239,ActivityManagerService.java,15167,int com.android.server.am.ActivityManagerService.bindIsolatedService(android.app.IApplicationThread, android.os.IBinder, android.content.Intent, java.lang.String, android.app.IServiceConnection, int, java.lang.String, java.lang.String, int),,0,null,47]
05-02 20:49:14.911 525 553 D CompatibilityChangeReporter: Compat change id reported: 143937733; UID 10122; state: ENABLED
05-02 20:49:14.912 887 1087 D SubscriptionController: [getSlotIndex]- subId invalid
05-02 20:49:14.914 887 1087 I chatty : uid=1001(radio) Binder:887_7 identical 1 line
05-02 20:49:14.917 887 1087 D SubscriptionController: [getSlotIndex]- subId invalid
05-02 20:49:14.929 525 1095 D CompatibilityChangeReporter: Compat change id reported: 135634846; UID 1000; state: DISABLED
05-02 20:49:14.929 525 1095 D CompatibilityChangeReporter: Compat change id reported: 135754954; UID 1000; state: ENABLED
05-02 20:49:14.930 525 525 I dvm_lock_sample: [system_server,0,main,259,ActivityManagerService.java,10496,int com.android.server.am.ActivityManagerService.getMemoryTrimLevel(),,0,null,51]
05-02 20:49:14.930 525 525 W Looper : Slow dispatch took 259ms main h=com.android.server.job.JobSchedulerService$JobHandler c=null m=7
05-02 20:49:14.930 525 525 W Looper : Slow delivery took 421ms main h=com.android.server.job.JobSchedulerService$JobHandler c=null m=4
05-02 20:49:14.931 525 655 I chatty : uid=1000(system) SyncManager expire 1 line
05-02 20:49:14.931 525 655 I dvm_lock_sample: [system_server,0,SyncManager,250,JobSchedulerService.java,1159,java.util.List com.android.server.job.JobSchedulerService.getPendingJobs(int),-,1981,void com.android.server.job.JobSchedulerService$JobHandler.handleMessage(android.os.Message),50]
05-02 20:49:14.932 525 655 I SyncManager: Loaded persisted syncs: 0 periodic syncs, 0 oneshot syncs, 14 total system server jobs, JobStats: FirstLoad: 5/4/0 LastSave: -1/-1/-1
05-02 20:49:14.933 525 811 I am_proc_bound: [0,1314,com.android.providers.media.module]
05-02 20:49:14.936 525 811 I am_uid_active: 10130
05-02 20:49:14.949 525 552 I am_uid_running: 10108
05-02 20:49:14.951 525 552 D CompatibilityChangeReporter: Compat change id reported: 135634846; UID 10108; state: DISABLED
05-02 20:49:14.951 525 552 D CompatibilityChangeReporter: Compat change id reported: 135754954; UID 10108; state: DISABLED
05-02 20:49:14.959 525 545 I dvm_lock_sample: [system_server,1,android.display,54,ActivityManagerService.java,19264,void com.android.server.am.ActivityManagerService$LocalService.updateCpuStats(),,0,null,10]
05-02 20:49:14.959 1294 1294 I chatty : uid=1027(nfc) com.android.nfc expire 53 lines
05-02 20:49:14.960 525 588 I dvm_lock_sample: [system_server,1,Binder:525_5,50,ActivityManagerService.java,15601,android.content.Intent com.android.server.am.ActivityManagerService.registerReceiverWithFeature(android.app.IApplicationThread, java.lang.String, java.lang.String, android.content.IIntentReceiver, android.content.IntentFilter, java.lang.String, int, int),,0,null,10]
05-02 20:49:14.970 525 525 V NotificationAssistants: 0 notification assistant service connected: ComponentInfo{android.ext.services/android.ext.services.notification.Assistant}
05-02 20:49:14.971 525 525 W Looper : Drained
05-02 20:49:14.973 525 542 I AppWidgetServiceImpl: Processing of handleUserUnlocked u0 took 519 ms
05-02 20:49:14.973 525 542 W Looper : Slow dispatch took 519ms android.fg h=android.os.Handler c=com.android.server.am.-$$Lambda$UserController$Injector$MYTLl7MOQKjyMJknWdxPeBLoPCc@4f68638 m=0
05-02 20:49:14.973 525 542 I uc_send_user_broadcast: [0,android.intent.action.BOOT_COMPLETED]
05-02 20:49:14.984 525 542 W Looper : Slow delivery took 519ms android.fg h=android.os.Handler c=com.android.server.am.-$$Lambda$UserController$I0p0bKjuvsSPLZB71mKQFfdUjZ4@d3a2d77 m=0
05-02 20:49:14.989 525 587 W OverlayManager: service 'idmap' died
05-02 20:49:15.001 525 542 W Looper : Drained
05-02 20:49:15.018 909 909 I wm_on_destroy_called: [207307406,com.android.settings.FallbackHome,performDestroy]
05-02 20:49:15.018 383 1259 D CCodecBufferChannel: [c2.android.vorbis.decoder#116] buffers after EOS ignored (0 us)
05-02 20:49:15.022 338 338 D Zygote : Forked child process 1347
05-02 20:49:15.025 525 553 W ActivityManager: Slow operation: 467ms so far, now at startProcess: returned from zygote!
05-02 20:49:15.026 525 553 W ActivityManager: Slow operation: 468ms so far, now at startProcess: done updating battery stats
05-02 20:49:15.027 525 553 I am_proc_start: [0,1347,10122,com.android.smspush,service,{com.android.smspush/com.android.smspush.WapPushManager}]
05-02 20:49:15.027 525 553 W ActivityManager: Slow operation: 469ms so far, now at startProcess: building log message
05-02 20:49:15.027 525 553 I ActivityManager: Start proc 1347:com.android.smspush/u0a122 for service {com.android.smspush/com.android.smspush.WapPushManager}
05-02 20:49:15.027 525 553 W ActivityManager: Slow operation: 469ms so far, now at startProcess: starting to update pids map
05-02 20:49:15.029 525 540 I wm_task_removed: [2,removeTask]
05-02 20:49:15.029 525 540 I wm_stack_removed: 2
05-02 20:49:15.029 1347 1347 I Zygote : seccomp disabled by setenforce 0
05-02 20:49:15.031 525 540 I wm_task_removed: [2,removeChild: last r=ActivityRecord{c5b428e u0 com.android.settings/.FallbackHome t-1 f}} in t=Task{1ccf99a #2 visible=false type=home mode=fullscreen translucent=true A=1000:com.android.settings.FallbackHome U=0 StackId=2 sz=0}]
05-02 20:49:15.031 525 540 I wm_task_removed: [2,removeTask]
05-02 20:49:15.036 525 553 W ActivityManager: Slow operation: 478ms so far, now at startProcess: done updating pids map
05-02 20:49:15.041 525 553 W ActivityManager: Slow operation: 114ms so far, now at startProcess: asking zygote to start proc
05-02 20:49:15.048 525 638 D BackupManagerService: user:0 readBackupEnableState enabled:false
05-02 20:49:15.049 525 638 I BackupManagerService: [UserID:0] Backup enabled => false
05-02 20:49:15.049 525 638 D BackupManagerService: user:0 writeBackupEnableState enable:false
05-02 20:49:15.050 572 576 I adbd : jdwp connection from 1347
05-02 20:49:15.053 525 545 W ActivityTaskManager: Activity top resumed state loss timeout for ActivityRecord{b3a842c u0 com.android.launcher3/.uioverrides.QuickstepLauncher t20}
05-02 20:49:15.053 525 545 W ActivityTaskManager: Activity pause timeout for ActivityRecord{b3a842c u0 com.android.launcher3/.uioverrides.QuickstepLauncher t20}
05-02 20:49:15.055 525 545 I sysui_multi_action: [757,803,799,window_time_0,802,6]
05-02 20:49:15.083 525 811 I am_proc_bound: [0,1347,com.android.smspush]
05-02 20:49:15.091 366 483 D AudioFlinger: mixer(0xb400eef7b895c040) throttle end: throttle time(11)
05-02 20:49:15.092 525 811 I am_uid_active: 10122
05-02 20:49:15.101 338 338 D Zygote : Forked child process 1368
05-02 20:49:15.115 1368 1368 I Zygote : seccomp disabled by setenforce 0
05-02 20:49:15.129 525 553 W ActivityManager: Slow operation: 202ms so far, now at startProcess: returned from zygote!
05-02 20:49:15.130 525 553 W ActivityManager: Slow operation: 203ms so far, now at startProcess: done updating battery stats
05-02 20:49:15.130 525 553 I am_proc_start: [0,1368,1000,com.android.keychain,service,{com.android.keychain/com.android.keychain.KeyChainService}]
05-02 20:49:15.130 525 553 W ActivityManager: Slow operation: 203ms so far, now at startProcess: building log message
05-02 20:49:15.131 525 553 I ActivityManager: Start proc 1368:com.android.keychain/1000 for service {com.android.keychain/com.android.keychain.KeyChainService}
05-02 20:49:15.131 525 553 W ActivityManager: Slow operation: 204ms so far, now at startProcess: starting to update pids map
05-02 20:49:15.132 525 553 W ActivityManager: Slow operation: 205ms so far, now at startProcess: done updating pids map
05-02 20:49:15.132 525 553 W ActivityManager: Slow operation: 182ms so far, now at startProcess: asking zygote to start proc
05-02 20:49:15.133 525 553 D CompatibilityChangeReporter: Compat change id reported: 143937733; UID 10108; state: DISABLED
05-02 20:49:15.141 572 576 I adbd : jdwp connection from 1368
05-02 20:49:15.144 525 619 D ConnectivityService: releasing NetworkRequest [ TRACK_DEFAULT id=17, [ Capabilities: INTERNET&NOT_RESTRICTED&TRUSTED Uid: 1001 AdministratorUids: [] RequestorUid: 1001 RequestorPackageName: com.android.phone] ] (release request)
05-02 20:49:15.148 887 887 D DcRequest: Cellular request confirmed: NetworkRequest [ TRACK_DEFAULT id=17, [ Capabilities: INTERNET&NOT_RESTRICTED&TRUSTED Uid: 1001 AdministratorUids: [] RequestorUid: 1001 RequestorPackageName: com.android.phone] ]
05-02 20:49:15.148 887 887 D PhoneSwitcher: evaluating due to netReleased
05-02 20:49:15.149 887 887 D PhoneSwitcher: notifyPreferredDataSubIdChanged to -1
05-02 20:49:15.156 366 483 D AudioFlinger: mixer(0xb400eef7b895c040) throttle end: throttle time(3)
05-02 20:49:15.162 685 685 V KeyguardUpdateMonitor: onSubscriptionInfoChanged()
05-02 20:49:15.171 887 887 D PhoneSwitcher: Removed DcRequest, size: 7
05-02 20:49:15.172 887 887 D TelephonyNetworkFactory[0]: onReleaseNetworkFor NetworkRequest [ TRACK_DEFAULT id=17, [ Capabilities: INTERNET&NOT_RESTRICTED&TRUSTED Uid: 1001 AdministratorUids: [] RequestorUid: 1001 RequestorPackageName: com.android.phone] ] applied false
05-02 20:49:15.172 525 587 I am_proc_bound: [0,1368,com.android.keychain]
05-02 20:49:15.173 887 887 D Telephony: isEmergencyPreferredAccount: subId=-1, activeData=-1
05-02 20:49:15.173 887 887 D Telephony: isEmergencyPreferredAccount: Device does not require preference.
05-02 20:49:15.180 338 338 D Zygote : Forked child process 1390
05-02 20:49:15.183 525 553 W ActivityManager: Slow operation: 233ms so far, now at startProcess: returned from zygote!
05-02 20:49:15.185 1390 1390 I Zygote : seccomp disabled by setenforce 0
05-02 20:49:15.186 1390 1390 I libc : SetHeapTaggingLevel: tag level set to 0
05-02 20:49:15.187 525 638 I dvm_lock_sample: [system_server,0,backup,13,ActivityManagerService.java,6002,boolean com.android.server.am.ActivityManagerService.isAppBad(android.content.pm.ApplicationInfo),-,5444,void com.android.server.am.ActivityManagerService.attachApplication(android.app.IApplicationThread, long),2]
05-02 20:49:15.188 525 553 W ActivityManager: Slow operation: 238ms so far, now at startProcess: done updating battery stats
05-02 20:49:15.188 525 553 I am_proc_start: [0,1390,10108,com.android.quicksearchbox,broadcast,{com.android.quicksearchbox/com.android.quicksearchbox.SearchWidgetProvider}]
05-02 20:49:15.188 525 553 W ActivityManager: Slow operation: 238ms so far, now at startProcess: building log message
05-02 20:49:15.188 525 553 I ActivityManager: Start proc 1390:com.android.quicksearchbox/u0a108 for broadcast {com.android.quicksearchbox/com.android.quicksearchbox.SearchWidgetProvider}
05-02 20:49:15.188 525 553 W ActivityManager: Slow operation: 238ms so far, now at startProcess: starting to update pids map
05-02 20:49:15.189 525 553 W ActivityManager: Slow operation: 239ms so far, now at startProcess: done updating pids map
05-02 20:49:15.191 525 1288 V BackupManagerConstants: getKeyValueBackupIntervalMilliseconds(...) returns 14400000
05-02 20:49:15.191 525 1288 V BackupManagerConstants: getKeyValueBackupFuzzMilliseconds(...) returns 600000
05-02 20:49:15.191 525 1288 V BackupManagerConstants: getKeyValueBackupRequiredNetworkType(...) returns 1
05-02 20:49:15.191 525 1288 V BackupManagerConstants: getKeyValueBackupRequireCharging(...) returns true
05-02 20:49:15.191 525 1288 V KeyValueBackupJob: Scheduling k/v pass in 249 minutes
05-02 20:49:15.212 685 685 W Choreographer: Frame time is 0.120165996 ms in the future! Check that graphics HAL is generating vsync timestamps using the correct timebase.
05-02 20:49:15.215 525 811 W StorageManagerService: Reporting emulated;0 unmounted due to system locked
05-02 20:49:15.223 572 576 I adbd : jdwp connection from 1390
05-02 20:49:15.226 525 551 I am_uid_running: 10087
05-02 20:49:15.228 525 551 D CompatibilityChangeReporter: Compat change id reported: 135634846; UID 10087; state: DISABLED
05-02 20:49:15.229 525 551 D CompatibilityChangeReporter: Compat change id reported: 135754954; UID 10087; state: ENABLED
05-02 20:49:15.230 525 849 I am_proc_bound: [0,1390,com.android.quicksearchbox]
05-02 20:49:15.237 525 553 D CompatibilityChangeReporter: Compat change id reported: 143937733; UID 10087; state: ENABLED
05-02 20:49:15.268 383 1256 D AudioTrack: stop(8): called with 82980 frames delivered
05-02 20:49:15.271 366 483 D AudioFlinger: mixer(0xb400eef7b895c040) throttle end: throttle time(16)
05-02 20:49:15.296 1368 1368 I ndroid.keychai: The ClassLoaderContext is a special shared library.
05-02 20:49:15.315 1347 1347 I android.smspus: The ClassLoaderContext is a special shared library.
05-02 20:49:15.323 338 338 D Zygote : Forked child process 1415
05-02 20:49:15.341 1415 1415 I Zygote : seccomp disabled by setenforce 0
05-02 20:49:15.346 1390 1390 D ApplicationLoaders: Returning zygote-cached class loader: /system/framework/android.test.base.jar
05-02 20:49:15.347 1390 1390 D ApplicationLoaders: Returning zygote-cached class loader: /system/framework/android.hidl.base-V1.0-java.jar
05-02 20:49:15.347 1390 1390 D ApplicationLoaders: Returning zygote-cached class loader: /system/framework/android.hidl.manager-V1.0-java.jar
05-02 20:49:15.347 1390 1390 D ApplicationLoaders: Returning zygote-cached class loader: /system/framework/android.hidl.base-V1.0-java.jar
05-02 20:49:15.352 1368 1368 D NetworkSecurityConfig: No Network Security Config specified, using platform default
05-02 20:49:15.353 1368 1368 D NetworkSecurityConfig: No Network Security Config specified, using platform default
05-02 20:49:15.337 1314 1314 D NetworkSecurityConfig: No Network Security Config specified, using platform default
05-02 20:49:15.357 525 553 W ActivityManager: Slow operation: 130ms so far, now at startProcess: returned from zygote!
05-02 20:49:15.358 525 553 W ActivityManager: Slow operation: 131ms so far, now at startProcess: done updating battery stats
05-02 20:49:15.358 525 553 I am_proc_start: [0,1415,10087,com.android.printspooler,service,{com.android.printspooler/com.android.printspooler.model.PrintSpoolerService}]
05-02 20:49:15.358 525 553 W ActivityManager: Slow operation: 131ms so far, now at startProcess: building log message
05-02 20:49:15.358 525 553 I ActivityManager: Start proc 1415:com.android.printspooler/u0a87 for service {com.android.printspooler/com.android.printspooler.model.PrintSpoolerService}
05-02 20:49:15.358 525 553 W ActivityManager: Slow operation: 131ms so far, now at startProcess: starting to update pids map
05-02 20:49:15.355 1314 1314 D NetworkSecurityConfig: No Network Security Config specified, using platform default
05-02 20:49:15.358 572 576 I adbd : jdwp connection from 1415
05-02 20:49:15.359 525 553 W ActivityManager: Slow operation: 132ms so far, now at startProcess: done updating pids map
05-02 20:49:15.362 1390 1390 I .quicksearchbo: The ClassLoaderContext is a special shared library.
05-02 20:49:15.382 1347 1347 D NetworkSecurityConfig: No Network Security Config specified, using platform default
05-02 20:49:15.383 1347 1347 D NetworkSecurityConfig: No Network Security Config specified, using platform default
05-02 20:49:15.400 331 331 E tombstoned: Tombstone written to: /data/tombstones/tombstone_11
05-02 20:49:15.401 525 1440 I am_crash: [525,0,com.android.bluetooth,818462277,Native crash,Aborted,unknown,0]
05-02 20:49:15.406 1033 1033 E ContextImpl: Tried to access visual service WallpaperManager from a non-visual Context:android.app.Application@70a5136 Visual services, such as WindowManager, WallpaperService or LayoutInflater should be accessed from Activity or other visual Context. Use an Activity or a Context created with Context#createWindowContext(int, Bundle), which are adjusted to the configuration and visual bounds of an area on screen.
05-02 20:49:15.406 1033 1033 E ContextImpl: java.lang.IllegalAccessException: Tried to access visual service WallpaperManager from a non-visual Context:android.app.Application@70a5136
05-02 20:49:15.406 1033 1033 E ContextImpl: at android.app.ContextImpl.getSystemService(ContextImpl.java:1914)
05-02 20:49:15.406 1033 1033 E ContextImpl: at android.content.ContextWrapper.getSystemService(ContextWrapper.java:803)
05-02 20:49:15.406 1033 1033 E ContextImpl: at android.content.Context.getSystemService(Context.java:3706)
05-02 20:49:15.406 1033 1033 E ContextImpl: at com.android.launcher3.uioverrides.WallpaperColorInfo.(WallpaperColorInfo.java:55)
05-02 20:49:15.406 1033 1033 E ContextImpl: at com.android.launcher3.uioverrides.WallpaperColorInfo.lambda$tLetMNUhFw-gX6-W-n47DqKz3p0(Unknown Source:2)
05-02 20:49:15.406 1033 1033 E ContextImpl: at com.android.launcher3.uioverrides.-$$Lambda$WallpaperColorInfo$tLetMNUhFw-gX6-W-n47DqKz3p0.get(Unknown Source:0)
05-02 20:49:15.406 1033 1033 E ContextImpl: at com.android.launcher3.util.MainThreadInitializedObject.lambda$get$0$MainThreadInitializedObject(MainThreadInitializedObject.java:50)
05-02 20:49:15.406 1033 1033 E ContextImpl: at com.android.launcher3.util.-$$Lambda$MainThreadInitializedObject$31I13NSyZWlVLw9-SvduyHO4fhM.get(Unknown Source:4)
05-02 20:49:15.406 1033 1033 E ContextImpl: at com.android.launcher3.util.TraceHelper.allowIpcs(TraceHelper.java:84)
05-02 20:49:15.406 1033 1033 E ContextImpl: at com.android.launcher3.util.MainThreadInitializedObject.get(MainThreadInitializedObject.java:49)
05-02 20:49:15.406 1033 1033 E ContextImpl: at com.android.launcher3.BaseDraggingActivity.onCreate(BaseDraggingActivity.java:90)
05-02 20:49:15.406 1033 1033 E ContextImpl: at com.android.launcher3.Launcher.onCreate(Launcher.java:368)
05-02 20:49:15.406 1033 1033 E ContextImpl: at com.android.launcher3.BaseQuickstepLauncher.onCreate(BaseQuickstepLauncher.java:83)
05-02 20:49:15.406 1033 1033 E ContextImpl: at com.android.launcher3.uioverrides.QuickstepLauncher.onCreate(QuickstepLauncher.java:98)
05-02 20:49:15.406 1033 1033 E ContextImpl: at android.app.Activity.performCreate(Activity.java:8000)
05-02 20:49:15.406 1033 1033 E ContextImpl: at android.app.Activity.performCreate(Activity.java:7984)
05-02 20:49:15.406 1033 1033 E ContextImpl: at android.app.Instrumentation.callActivityOnCreate(Instrumentation.java:1309)
05-02 20:49:15.406 1033 1033 E ContextImpl: at android.app.ActivityThread.performLaunchActivity(ActivityThread.java:3404)
05-02 20:49:15.406 1033 1033 E ContextImpl: at android.app.ActivityThread.handleLaunchActivity(ActivityThread.java:3595)
05-02 20:49:15.406 1033 1033 E ContextImpl: at android.app.servertransaction.LaunchActivityItem.execute(LaunchActivityItem.java:85)
05-02 20:49:15.406 1033 1033 E ContextImpl: at android.app.servertransaction.TransactionExecutor.executeCallbacks(TransactionExecutor.java:135)
05-02 20:49:15.406 1033 1033 E ContextImpl: at android.app.servertransaction.TransactionExecutor.execute(TransactionExecutor.java:95)
05-02 20:49:15.406 1033 1033 E ContextImpl: at android.app.ActivityThread$H.handleMessage(ActivityThread.java:2066)
05-02 20:49:15.406 1033 1033 E ContextImpl: at android.os.Handler.dispatchMessage(Handler.java:106)
05-02 20:49:15.406 1033 1033 E ContextImpl: at android.os.Looper.loop(Looper.java:223)
05-02 20:49:15.406 1033 1033 E ContextImpl: at android.app.ActivityThread.main(ActivityThread.java:7660)
05-02 20:49:15.406 1033 1033 E ContextImpl: at java.lang.reflect.Method.invoke(Native Method)
05-02 20:49:15.406 1033 1033 E ContextImpl: at com.android.internal.os.RuntimeInit$MethodAndArgsCaller.run(RuntimeInit.java:592)
05-02 20:49:15.406 1033 1033 E ContextImpl: at com.android.internal.os.ZygoteInit.main(ZygoteInit.java:947)
05-02 20:49:15.406 525 1441 I DropBoxManagerService: add tag=system_app_native_crash isTagEnabled=true flags=0x2
05-02 20:49:15.410 525 1440 I sysui_multi_action: [757,316,758,4,759,-1]
05-02 20:49:15.418 525 544 I DropBoxManagerService: add tag=system_app_strictmode isTagEnabled=true flags=0x2
05-02 20:49:15.423 525 811 I am_proc_bound: [0,1415,com.android.printspooler]
05-02 20:49:15.427 525 811 I am_uid_active: 10087
05-02 20:49:15.441 0 0 I init : Untracked pid 1283 exited with status 0
05-02 20:49:15.451 366 483 D AudioFlinger: mixer(0xb400eef7b895c040) throttle end: throttle time(1)
05-02 20:49:15.466 1033 1033 D Tonal : Tonal Palette - index: 1. Main color: ff03252e
05-02 20:49:15.466 1033 1033 D Tonal : Colors: ff011216, ff03252e, ff053c46, ff065463, ff097986, ff0b89aa, ff0da5ce, ff3cbddf, ff4fc6f3, ff6cccf5, ff8ed2f8, ffbde4fb, ffdef3fd
05-02 20:49:15.467 1033 1033 V Launcher: LauncherAppState initiated
05-02 20:49:15.480 525 540 I ActivityManager: Process com.android.bluetooth (pid 1213) has died: psvc PER
05-02 20:49:15.481 338 338 I Zygote : Process 1213 exited due to signal 6 (Aborted)
05-02 20:49:15.481 525 540 I am_proc_died: [0,1213,com.android.bluetooth,-700,0]
05-02 20:49:15.481 0 0 I binder : release 1213:1277 transaction 25448 in, still active
05-02 20:49:15.482 525 525 D BluetoothManagerService: BluetoothServiceConnection, disconnected: com.android.bluetooth.btservice.AdapterService
05-02 20:49:15.482 525 544 E BluetoothManagerService: MESSAGE_BLUETOOTH_SERVICE_DISCONNECTED(1)
05-02 20:49:15.482 525 544 D BluetoothManagerService: Broadcasting onBluetoothServiceDown() to 3 receivers.
05-02 20:49:15.482 525 540 W ActivityManager: Scheduling restart of crashed service com.android.bluetooth/.btservice.AdapterService in 1000ms for connection
05-02 20:49:15.483 525 540 I am_schedule_service_restart: [0,com.android.bluetooth/.btservice.AdapterService,1000]
05-02 20:49:15.483 887 1087 D BluetoothAdapter: onBluetoothServiceDown: android.bluetooth.IBluetooth$Stub$Proxy@b5b186a
05-02 20:49:15.483 525 540 I am_uid_stopped: 1002
05-02 20:49:15.483 685 1031 D BluetoothAdapter: onBluetoothServiceDown: android.bluetooth.IBluetooth$Stub$Proxy@d34289d
05-02 20:49:15.488 0 0 I binder : release 1213:1277 transaction 24570 out, still active
05-02 20:49:15.491 1390 1390 I .quicksearchbo: The ClassLoaderContext is a special shared library.
05-02 20:49:15.491 0 0 I init : Untracked pid 1286 exited with status 0
05-02 20:49:15.492 1390 1390 D nativeloader: classloader namespace configured for unbundled product apk. library_path=/product/app/QuickSearchBox/lib/arm64:/product/lib64:/system/product/lib64
05-02 20:49:15.493 1314 1314 V MediaProvider: Attached media from com.android.providers.media.module
05-02 20:49:15.496 525 554 I chatty : uid=1000(system) ActivityManager expire 10 lines
05-02 20:49:15.508 1415 1415 I id.printspoole: The ClassLoaderContext is a special shared library.
05-02 20:49:15.513 0 0 I binder : send failed reply for transaction 25448 to 346:1008
05-02 20:49:15.521 0 0 I binder : 346:1008 transaction failed 29189/0, size 4-0 line 2645
05-02 20:49:15.527 1314 1314 V MediaStore: Examining volume emulated;0 with name external_primary and state checking
05-02 20:49:15.527 1314 1314 V MediaProvider: Updated external volumes to: {}
05-02 20:49:15.529 0 0 I binder : send failed reply for transaction 24570, target dead
05-02 20:49:15.531 228 228 I hwservicemanager: getTransport: Cannot find entry android.hardware.configstore@1.0::ISurfaceFlingerConfigs/default in either framework or device manifest.
05-02 20:49:15.532 1415 1415 D NetworkSecurityConfig: No Network Security Config specified, using platform default
05-02 20:49:15.533 1415 1415 D NetworkSecurityConfig: No Network Security Config specified, using platform default
05-02 20:49:15.545 1314 1314 D CompatibilityChangeReporter: Compat change id reported: 148180766; UID 10130; state: ENABLED
05-02 20:49:15.550 1390 1390 D NetworkSecurityConfig: No Network Security Config specified, using platform default
05-02 20:49:15.551 1390 1390 D NetworkSecurityConfig: No Network Security Config specified, using platform default
05-02 20:49:15.565 1314 1452 V MediaProvider: onConfigure() for external.db
05-02 20:49:15.575 1314 1452 V MediaProvider: onOpen() for external.db
05-02 20:49:15.575 1314 1452 V MediaProvider: onOpen() finished for external.db
05-02 20:49:15.581 525 525 I StorageUserConnection: Service: [ComponentInfo{com.android.providers.media.module/com.android.providers.media.fuse.ExternalStorageServiceImpl}] connected. User [0]
05-02 20:49:15.585 1033 1413 I display : open gpu gralloc module!
05-02 20:49:15.587 525 544 I DropBoxManagerService: add tag=system_server_strictmode isTagEnabled=true flags=0x2
05-02 20:49:15.588 1314 1455 I ExternalStorageServiceImpl: Starting session for id: emulated;0
05-02 20:49:15.597 525 544 I DropBoxManagerService: add tag=system_server_strictmode isTagEnabled=true flags=0x2
05-02 20:49:15.614 1314 1455 V FuseDaemonThread: Waiting 1000ms for FUSE start. Count 4
05-02 20:49:15.616 1314 1458 I FuseDaemonThread: Starting thread for emulated;0 ...
05-02 20:49:15.616 1033 1413 E FrameEvents: updateAcquireFence: Did not find frame.
05-02 20:49:15.617 1314 1458 I FuseDaemon: Starting fuse...
05-02 20:49:15.618 685 685 D KeyguardViewMediator: adjustStatusBarLocked: mShowing=true mOccluded=false isSecure=false force=false --> flags=0x1200000
05-02 20:49:15.619 685 685 D StatusBar: disable disable2
05-02 20:49:15.622 525 525 I am_uid_running: 10101
05-02 20:49:15.623 525 525 D CompatibilityChangeReporter: Compat change id reported: 135634846; UID 10101; state: DISABLED
05-02 20:49:15.623 525 525 D CompatibilityChangeReporter: Compat change id reported: 135754954; UID 10101; state: DISABLED
05-02 20:49:15.624 525 553 D CompatibilityChangeReporter: Compat change id reported: 143937733; UID 10101; state: DISABLED
05-02 20:49:15.627 525 1462 I chatty : uid=1000(system) Binder:525_3 expire 1 line
05-02 20:49:15.632 525 1462 I DropBoxManagerService: add tag=SYSTEM_BOOT isTagEnabled=true flags=0x2
05-02 20:49:15.634 1033 1413 E FrameEvents: updateAcquireFence: Did not find frame.
05-02 20:49:15.640 525 1462 I BootReceiver: Copying audit failures to DropBox
05-02 20:49:15.641 338 338 D Zygote : Forked child process 1464
05-02 20:49:15.642 525 1462 I BootReceiver: Checking for fsck errors
05-02 20:49:15.645 1464 1464 I Zygote : seccomp disabled by setenforce 0
05-02 20:49:15.646 1464 1464 I libc : SetHeapTaggingLevel: tag level set to 0
05-02 20:49:15.649 525 1462 I BootReceiver: Copying /data/tombstones/tombstone_09 to DropBox (SYSTEM_TOMBSTONE)
05-02 20:49:15.651 525 1462 I DropBoxManagerService: add tag=SYSTEM_TOMBSTONE isTagEnabled=true flags=0x2
05-02 20:49:15.654 525 553 I am_proc_start: [0,1464,10101,com.android.dialer,broadcast,{com.android.dialer/com.android.dialer.app.calllog.CallLogReceiver}]
05-02 20:49:15.654 525 553 I ActivityManager: Start proc 1464:com.android.dialer/u0a101 for broadcast {com.android.dialer/com.android.dialer.app.calllog.CallLogReceiver}
05-02 20:49:15.662 572 576 I adbd : jdwp connection from 1464
05-02 20:49:15.673 525 587 I am_proc_bound: [0,1464,com.android.dialer]
05-02 20:49:15.681 525 1445 I chatty : uid=1000(system) Binder:525_B expire 1 line
05-02 20:49:15.683 525 1462 I dropbox_file_copy: [/data/tombstones/tombstone_09,98304,SYSTEM_TOMBSTONE]
05-02 20:49:15.683 685 1179 V MediaPlayer: resetDrmState: mDrmInfo=null mDrmProvisioningThread=null mPrepareDrmInProgress=false mActiveDrmScheme=false
05-02 20:49:15.683 685 1179 V MediaPlayer: cleanDrmObj: mDrmObj=null mDrmSessionId=null
05-02 20:49:15.684 383 813 D NuPlayerDriver: reset(0xebec0ab0) at state 6
