05-02 20:50:11.992 355 987 I gralloc_driver: is_supported check descriptor name=GraphicBufferSource, width=1920, height=1080, droid_format=RGBA8888, usage=GPU_RENDER_TARGET|VIDEO_ENCODER
05-02 20:50:12.019 525 824 I system_server: oneway function results will be dropped but finished with status OK and parcel size 4
05-02 20:50:12.065 356 463 E display : updateScreen invalid drmfd
05-02 20:50:12.181 356 463 E display : updateScreen invalid drmfd
05-02 20:50:12.245 356 463 E display : updateScreen invalid drmfd
05-02 20:50:12.248 355 987 I gralloc_driver: is_supported check descriptor name=Bitmap::allocateHardwareBitmap pid [525], width=960, height=540, droid_format=RGBA8888, usage=GPU_TEXTURE
05-02 20:50:12.274 228 228 I hwservicemanager: getTransport: Cannot find entry android.hardware.configstore@1.0::ISurfaceFlingerConfigs/default in either framework or device manifest.
05-02 20:50:12.307 356 463 E display : updateScreen invalid drmfd
05-02 20:50:12.341 2015 2015 I wm_on_create_called: [251667580,com.android.settings.Settings,performCreate]
05-02 20:50:12.376 356 463 E display : updateScreen invalid drmfd
05-02 20:50:12.404 2015 2748 I chatty : uid=1000(system) BluetoothUpdate expire 4 lines
05-02 20:50:12.411 356 463 E display : updateScreen invalid drmfd
05-02 20:50:12.429 356 463 E display : updateScreen invalid drmfd
05-02 20:50:12.444 355 987 I gralloc_driver: is_supported check descriptor name=Bitmap::allocateHardwareBitmap pid [525], width=640, height=400, droid_format=RGBA8888, usage=GPU_TEXTURE
05-02 20:50:12.526 356 463 E display : updateScreen invalid drmfd
05-02 20:50:12.603 356 463 E display : updateScreen invalid drmfd
05-02 20:50:12.621 2015 2015 I chatty : uid=1000(system) com.android.settings expire 11 lines
05-02 20:50:12.677 356 463 E display : updateScreen invalid drmfd
05-02 20:50:12.719 525 545 I dvm_lock_sample: [system_server,1,android.display,19,ActivityTaskManagerService.java,3167,void com.android.server.wm.ActivityTaskManagerService.lambda$notifyEnterAnimationComplete$1$ActivityTaskManagerService(android.os.IBinder),,0,null,3]
05-02 20:50:12.722 525 811 I am_uid_running: 10099
05-02 20:50:12.729 525 811 D CompatibilityChangeReporter: Compat change id reported: 135634846; UID 10099; state: DISABLED
05-02 20:50:12.731 525 811 D CompatibilityChangeReporter: Compat change id reported: 135754954; UID 10099; state: DISABLED
05-02 20:50:12.733 525 553 D CompatibilityChangeReporter: Compat change id reported: 143937733; UID 10099; state: DISABLED
05-02 20:50:12.763 2015 2015 I wm_on_start_called: [251667580,com.android.settings.Settings,handleStartActivity]
05-02 20:50:12.773 356 463 E display : updateScreen invalid drmfd
05-02 20:50:12.777 2015 2015 I snet_event_log: [120484087,-1,]
05-02 20:50:12.778 2015 2015 I wm_on_resume_called: [251667580,com.android.settings.Settings,RESUME_ACTIVITY]
05-02 20:50:12.780 525 615 E WifiNative: Could not get Iface object for interface null
05-02 20:50:12.785 525 615 E HalDevMgr: Should have at least 1 chip!
05-02 20:50:12.786 369 369 E Layer : [Surface(name=Task=21)/@0xa92190a - animation-leash#0] No local sync point found
05-02 20:50:12.786 369 369 E Layer : [Surface(name=Task=21)/@0xa92190a - animation-leash#0] No local sync point found
05-02 20:50:12.786 369 369 E Layer : [Surface(name=Task=1)/@0xb91e57b - animation-leash#0] No local sync point found
05-02 20:50:12.786 369 369 E Layer : [Surface(name=Task=1)/@0xb91e57b - animation-leash#0] No local sync point found
05-02 20:50:12.792 338 338 D Zygote : Forked child process 2758
05-02 20:50:12.797 2015 2755 I service_manager_slow: [25,batterystats]
05-02 20:50:12.797 356 463 E display : updateScreen invalid drmfd
05-02 20:50:12.799 2015 2015 I sysui_multi_action: [757,1502,758,1,833,0,1089,402]
05-02 20:50:12.809 2758 2758 I Zygote : seccomp disabled by setenforce 0
05-02 20:50:12.812 2758 2758 I libc : SetHeapTaggingLevel: tag level set to 0
05-02 20:50:12.823 887 887 D RILJ : [0020]> RIL_REQUEST_GET_ACTIVITY_INFO [PHONE0]
05-02 20:50:12.826 438 438 D RILC : getModemActivityInfo: serial 20
05-02 20:50:12.827 438 438 D RIL : onRequest: 135, GET_ACTIVITY_INFO datalen: 0, data 0x0
05-02 20:50:12.827 438 438 D RILC : RequestComplete, RIL_SOCKET_1
05-02 20:50:12.827 438 438 E RILC : Calling responseFunction() for token 20
05-02 20:50:12.827 438 438 D RILC : getModemActivityInfoResponse: serial 20
05-02 20:50:12.827 438 438 E RILC : getModemActivityInfoResponse Invalid response: NULL
05-02 20:50:12.830 887 1002 D RILJ : [0020]< RIL_REQUEST_GET_ACTIVITY_INFO ModemActivityInfo{ mTimestamp=0 mSleepTimeMs=0 mIdleTimeMs=0 mTransmitPowerInfo[]=[TransmitPower{ mTimeInMillis=0 mPowerRangeInDbm={-2147483648,0}}, TransmitPower{ mTimeInMillis=0 mPowerRangeInDbm={0,5}}, TransmitPower{ mTimeInMillis=0 mPowerRangeInDbm={5,15}}, TransmitPower{ mTimeInMillis=0 mPowerRangeInDbm={15,20}}, TransmitPower{ mTimeInMillis=0 mPowerRangeInDbm={20,2147483647}}] mRxTimeMs=0} [PHONE0]
05-02 20:50:12.840 525 553 W ActivityManager: Slow operation: 115ms so far, now at startProcess: returned from zygote!
05-02 20:50:12.842 525 558 W KernelCpuProcStringReader: File not found. It's normal if not implemented: /proc/uid_time_in_state
05-02 20:50:12.843 525 558 W KernelCpuProcStringReader: File not found. It's normal if not implemented: /proc/uid_concurrent_active_time
05-02 20:50:12.843 572 576 I adbd : jdwp connection from 2758
05-02 20:50:12.844 525 558 W KernelCpuProcStringReader: File not found. It's normal if not implemented: /proc/uid_concurrent_policy_time
05-02 20:50:12.844 2015 2015 I sysui_multi_action: [757,35,758,1,833,0,1089,347]
05-02 20:50:12.870 228 228 I hwservicemanager: getTransport: Cannot find entry android.hardware.power.stats@1.0::IPowerStats/default in either framework or device manifest.
05-02 20:50:12.871 228 228 I hwservicemanager: getTransport: Cannot find entry android.hardware.power@1.0::IPower/default in either framework or device manifest.
05-02 20:50:12.871 525 558 E BatteryStatsService: Unable to load Power Hal or power.stats HAL
05-02 20:50:12.872 525 553 W ActivityManager: Slow operation: 147ms so far, now at startProcess: done updating battery stats
05-02 20:50:12.873 525 553 I am_proc_start: [0,2758,10099,com.android.settings.intelligence,service,{com.android.settings.intelligence/com.android.settings.intelligence.suggestions.SuggestionService}]
05-02 20:50:12.873 525 553 W ActivityManager: Slow operation: 148ms so far, now at startProcess: building log message
05-02 20:50:12.873 525 553 I ActivityManager: Start proc 2758:com.android.settings.intelligence/u0a99 for service {com.android.settings.intelligence/com.android.settings.intelligence.suggestions.SuggestionService}
05-02 20:50:12.873 525 553 W ActivityManager: Slow operation: 148ms so far, now at startProcess: starting to update pids map
05-02 20:50:12.873 525 553 W ActivityManager: Slow operation: 148ms so far, now at startProcess: done updating pids map
05-02 20:50:12.874 525 558 W BatteryExternalStatsWorker: modem info is invalid: ModemActivityInfo{ mTimestamp=0 mSleepTimeMs=0 mIdleTimeMs=0 mTransmitPowerInfo[]=[TransmitPower{ mTimeInMillis=0 mPowerRangeInDbm={-2147483648,0}}, TransmitPower{ mTimeInMillis=0 mPowerRangeInDbm={0,5}}, TransmitPower{ mTimeInMillis=0 mPowerRangeInDbm={5,15}}, TransmitPower{ mTimeInMillis=0 mPowerRangeInDbm={15,20}}, TransmitPower{ mTimeInMillis=0 mPowerRangeInDbm={20,2147483647}}] mRxTimeMs=0}
05-02 20:50:12.875 525 615 E WifiNative: Could not get Iface object for interface null
05-02 20:50:12.877 525 615 E HalDevMgr: Should have at least 1 chip!
05-02 20:50:12.879 525 824 I am_proc_bound: [0,2758,com.android.settings.intelligence]
05-02 20:50:12.884 525 824 D CompatibilityChangeReporter: Compat change id reported: 136274596; UID 1000; state: ENABLED
05-02 20:50:12.885 525 824 I am_uid_active: 10099
05-02 20:50:12.903 369 369 E Layer : [Surface(name=Task=21)/@0xa92190a - animation-leash#0] No local sync point found
05-02 20:50:12.904 369 369 E Layer : [Surface(name=Task=1)/@0xb91e57b - animation-leash#0] No local sync point found
05-02 20:50:12.929 356 463 E display : updateScreen invalid drmfd
05-02 20:50:12.933 525 824 W ActivityManager: Slow operation: 55ms so far, now at attachApplicationLocked: after mServices.attachApplicationLocked
05-02 20:50:12.972 2015 2015 I sysui_multi_action: [757,1729,758,4,854,isParalleledControllers:false,1089,474]
05-02 20:50:12.989 356 463 E display : updateScreen invalid drmfd
05-02 20:50:12.991 887 887 D RILJ : [0021]> RIL_REQUEST_GET_ACTIVITY_INFO [PHONE0]
05-02 20:50:12.992 438 438 D RILC : getModemActivityInfo: serial 21
05-02 20:50:12.992 438 438 D RIL : onRequest: 135, GET_ACTIVITY_INFO datalen: 0, data 0x0
05-02 20:50:12.992 438 438 D RILC : RequestComplete, RIL_SOCKET_1
05-02 20:50:12.992 438 438 E RILC : Calling responseFunction() for token 21
05-02 20:50:12.992 438 438 D RILC : getModemActivityInfoResponse: serial 21
05-02 20:50:12.992 438 438 E RILC : getModemActivityInfoResponse Invalid response: NULL
05-02 20:50:13.004 1033 1413 E Surface : IGraphicBufferProducer::setBufferCount(0) returned Invalid argument
05-02 20:50:13.005 887 1002 D RILJ : [0021]< RIL_REQUEST_GET_ACTIVITY_INFO ModemActivityInfo{ mTimestamp=0 mSleepTimeMs=0 mIdleTimeMs=0 mTransmitPowerInfo[]=[TransmitPower{ mTimeInMillis=0 mPowerRangeInDbm={-2147483648,0}}, TransmitPower{ mTimeInMillis=0 mPowerRangeInDbm={0,5}}, TransmitPower{ mTimeInMillis=0 mPowerRangeInDbm={5,15}}, TransmitPower{ mTimeInMillis=0 mPowerRangeInDbm={15,20}}, TransmitPower{ mTimeInMillis=0 mPowerRangeInDbm={20,2147483647}}] mRxTimeMs=0} [PHONE0]
05-02 20:50:13.037 356 463 E display : updateScreen invalid drmfd
05-02 20:50:13.042 525 558 W BatteryExternalStatsWorker: modem info is invalid: ModemActivityInfo{ mTimestamp=0 mSleepTimeMs=0 mIdleTimeMs=0 mTransmitPowerInfo[]=[TransmitPower{ mTimeInMillis=0 mPowerRangeInDbm={-2147483648,0}}, TransmitPower{ mTimeInMillis=0 mPowerRangeInDbm={0,5}}, TransmitPower{ mTimeInMillis=0 mPowerRangeInDbm={5,15}}, TransmitPower{ mTimeInMillis=0 mPowerRangeInDbm={15,20}}, TransmitPower{ mTimeInMillis=0 mPowerRangeInDbm={20,2147483647}}] mRxTimeMs=0}
05-02 20:50:13.080 356 463 E display : updateScreen invalid drmfd
05-02 20:50:13.085 2015 2015 I wm_on_top_resumed_gained_called: [251667580,com.android.settings.Settings,topStateChangedWhenResumed]
05-02 20:50:13.117 2758 2758 D ApplicationLoaders: Returning zygote-cached class loader: /system/framework/android.test.base.jar
05-02 20:50:13.123 2758 2758 I gs.intelligenc: The ClassLoaderContext is a special shared library.
05-02 20:50:13.130 2758 2758 D nativeloader: classloader namespace configured for unbundled product apk. library_path=/product/priv-app/SettingsIntelligence/lib/arm64:/product/lib64:/system/product/lib64
05-02 20:50:13.140 356 463 E display : updateScreen invalid drmfd
05-02 20:50:13.140 525 615 E WifiNative: Could not get Iface object for interface null
05-02 20:50:13.143 525 615 E HalDevMgr: Should have at least 1 chip!
05-02 20:50:13.169 356 463 E display : updateScreen invalid drmfd
05-02 20:50:13.185 887 887 D RILJ : [0022]> RIL_REQUEST_GET_ACTIVITY_INFO [PHONE0]
05-02 20:50:13.186 438 438 D RILC : getModemActivityInfo: serial 22
05-02 20:50:13.186 438 438 D RIL : onRequest: 135, GET_ACTIVITY_INFO datalen: 0, data 0x0
05-02 20:50:13.186 438 438 D RILC : RequestComplete, RIL_SOCKET_1
05-02 20:50:13.186 438 438 E RILC : Calling responseFunction() for token 22
05-02 20:50:13.186 438 438 D RILC : getModemActivityInfoResponse: serial 22
05-02 20:50:13.186 438 438 E RILC : getModemActivityInfoResponse Invalid response: NULL
05-02 20:50:13.188 887 1002 D RILJ : [0022]< RIL_REQUEST_GET_ACTIVITY_INFO ModemActivityInfo{ mTimestamp=0 mSleepTimeMs=0 mIdleTimeMs=0 mTransmitPowerInfo[]=[TransmitPower{ mTimeInMillis=0 mPowerRangeInDbm={-2147483648,0}}, TransmitPower{ mTimeInMillis=0 mPowerRangeInDbm={0,5}}, TransmitPower{ mTimeInMillis=0 mPowerRangeInDbm={5,15}}, TransmitPower{ mTimeInMillis=0 mPowerRangeInDbm={15,20}}, TransmitPower{ mTimeInMillis=0 mPowerRangeInDbm={20,2147483647}}] mRxTimeMs=0} [PHONE0]
05-02 20:50:13.197 356 463 E display : updateScreen invalid drmfd
05-02 20:50:13.226 356 463 E display : updateScreen invalid drmfd
05-02 20:50:13.268 356 463 E display : updateScreen invalid drmfd
05-02 20:50:13.271 355 987 I gralloc_driver: is_supported check descriptor name=GraphicBufferSource, width=1920, height=1080, droid_format=RGBA8888, usage=GPU_RENDER_TARGET|VIDEO_ENCODER
05-02 20:50:13.307 525 558 W BatteryExternalStatsWorker: modem info is invalid: ModemActivityInfo{ mTimestamp=0 mSleepTimeMs=0 mIdleTimeMs=0 mTransmitPowerInfo[]=[TransmitPower{ mTimeInMillis=0 mPowerRangeInDbm={-2147483648,0}}, TransmitPower{ mTimeInMillis=0 mPowerRangeInDbm={0,5}}, TransmitPower{ mTimeInMillis=0 mPowerRangeInDbm={5,15}}, TransmitPower{ mTimeInMillis=0 mPowerRangeInDbm={15,20}}, TransmitPower{ mTimeInMillis=0 mPowerRangeInDbm={20,2147483647}}] mRxTimeMs=0}
05-02 20:50:13.326 356 463 E display : updateScreen invalid drmfd
05-02 20:50:13.342 2758 2758 D NetworkSecurityConfig: No Network Security Config specified, using platform default
05-02 20:50:13.343 2758 2758 D NetworkSecurityConfig: No Network Security Config specified, using platform default
05-02 20:50:13.364 356 463 E display : updateScreen invalid drmfd
05-02 20:50:13.400 356 463 E display : updateScreen invalid drmfd
05-02 20:50:13.432 2758 2758 I CarUiInstaller: CarUiInstaller started for com.android.settings.intelligence
05-02 20:50:13.455 356 463 E display : updateScreen invalid drmfd
05-02 20:50:13.459 2015 2756 I chatty : uid=1000(system) pool-2-thread-1 expire 3 lines
05-02 20:50:13.490 356 463 E display : updateScreen invalid drmfd
05-02 20:50:13.530 2015 2033 I chatty : uid=1000(system) HeapTaskDaemon expire 2 lines
05-02 20:50:13.531 356 463 E display : updateScreen invalid drmfd
05-02 20:50:13.756 356 463 E display : updateScreen invalid drmfd
05-02 20:50:13.779 2015 2755 I chatty : uid=1000(system) com.android.settings expire 3 lines
05-02 20:50:13.815 356 463 E display : updateScreen invalid drmfd
05-02 20:50:13.819 2015 2783 I chatty : uid=1000(system) pool-2-thread-3 expire 3 lines
05-02 20:50:13.845 356 463 E display : updateScreen invalid drmfd
05-02 20:50:14.203 356 463 E display : updateScreen invalid drmfd
05-02 20:50:14.238 356 463 E display : updateScreen invalid drmfd
05-02 20:50:14.277 356 463 E display : updateScreen invalid drmfd
05-02 20:50:14.311 356 463 E display : updateScreen invalid drmfd
05-02 20:50:14.311 228 228 I hwservicemanager: getTransport: Cannot find entry android.hardware.configstore@1.0::ISurfaceFlingerConfigs/default in either framework or device manifest.
05-02 20:50:14.338 356 463 E display : updateScreen invalid drmfd
05-02 20:50:14.375 355 987 I gralloc_driver: is_supported check descriptor name=com.android.settings/com.android.settings.Settings#0, width=1920, height=1080, droid_format=RGBA8888, usage=COMPOSER_OVERLAY|GPU_RENDER_TARGET|GPU_TEXTURE
05-02 20:50:14.384 2015 2733 I chatty : uid=1000(system) RenderThread expire 3 lines
05-02 20:50:14.388 355 987 I gralloc_driver: is_supported check descriptor name=com.android.settings/com.android.settings.Settings#0, width=1920, height=1080, droid_format=RGBA8888, usage=COMPOSER_OVERLAY|GPU_RENDER_TARGET|GPU_TEXTURE
05-02 20:50:14.394 355 355 I gralloc_driver: is_supported check descriptor name=com.android.settings/com.android.settings.Settings#0, width=1920, height=1080, droid_format=RGBA8888, usage=COMPOSER_OVERLAY|GPU_RENDER_TARGET|GPU_TEXTURE
05-02 20:50:14.401 355 987 I gralloc_driver: is_supported check descriptor name=com.android.settings/com.android.settings.Settings#0, width=1920, height=1080, droid_format=RGBA8888, usage=COMPOSER_OVERLAY|GPU_RENDER_TARGET|GPU_TEXTURE
05-02 20:50:14.569 525 546 I sysui_multi_action: [324,1,757,1090,758,12,806,com.android.settings,871,com.android.settings.Settings,1091,2840]
05-02 20:50:14.584 356 463 E display : updateScreen invalid drmfd
05-02 20:50:14.594 1920 2803 I UserPackageInfos: updating UserPackageInfosLiveData for user 0
05-02 20:50:14.636 356 463 E display : updateScreen invalid drmfd
05-02 20:50:14.711 356 463 E display : updateScreen invalid drmfd
05-02 20:50:14.712 525 551 I sysui_multi_action: [319,330,321,295,322,2840,325,85,757,761,758,8,759,1,806,com.android.settings,871,com.android.settings.Settings,904,com.android.launcher3,905,0,1320,5,1321,1]
05-02 20:50:14.730 2758 2778 D SuggestionParser: Day 0 for com.android.settings.suggested.category.DEFERRED_SETUP
05-02 20:50:14.735 525 551 I wm_activity_launch_time: [0,251667580,com.android.settings/.Settings,2840]
05-02 20:50:14.735 525 551 I ActivityTaskManager: Displayed com.android.settings/.Settings: +2s840ms
05-02 20:50:14.736 525 551 I ActivityTaskManager: Fully drawn com.android.settings/.Settings: +2s840ms
05-02 20:50:14.742 2758 2778 D CandidateSuggestionFilter: filterCandidates duration: 0
05-02 20:50:14.742 2758 2778 D SuggestionParser: Day 0 for com.android.settings.suggested.category.HIGH_PRIORITY
05-02 20:50:14.745 2758 2778 D CandidateSuggestionFilter: filterCandidates duration: 0
05-02 20:50:14.746 2758 2778 D SuggestionParser: Day 0 for com.android.settings.suggested.category.FIRST_IMPRESSION
05-02 20:50:14.762 356 463 E display : updateScreen invalid drmfd
05-02 20:50:14.812 356 463 E display : updateScreen invalid drmfd
05-02 20:50:14.842 2758 2778 I FeatureEligibility: com.android.settings/com.android.settings.biometrics.fingerprint.FingerprintEnrollSuggestionActivity requires unavailable feature android.hardware.fingerprint
05-02 20:50:14.865 356 463 E display : updateScreen invalid drmfd
05-02 20:50:14.895 356 463 E display : updateScreen invalid drmfd
05-02 20:50:14.939 356 463 E display : updateScreen invalid drmfd
05-02 20:50:14.947 2758 2772 I gs.intelligenc: Background young concurrent copying GC freed 8513(554KB) AllocSpace objects, 2(40KB) LOS objects, 93% free, 1762KB/25MB, paused 243us total 122.249ms
05-02 20:50:14.977 0 0 E tlv320aic31xx-codec 1-0018: ##Divyesh tlv Enter : aic31xx_dac_mute
05-02 20:50:14.984 0 0 E tlv320aic31xx-codec 1-0018: ##Divyesh tlv Enter : aic31xx_dac_mute >> if function > mute
05-02 20:50:14.994 356 463 E display : updateScreen invalid drmfd
05-02 20:50:14.996 345 398 W audio_hw_primary: do_out_standby... 0xf16c33a0
05-02 20:50:14.997 525 539 I system_server: oneway function results will be dropped but finished with status OK and parcel size 4
05-02 20:50:15.065 356 463 E display : updateScreen invalid drmfd
05-02 20:50:15.133 356 463 E display : updateScreen invalid drmfd
05-02 20:50:15.153 1920 1934 I ssioncontrolle: Background concurrent copying GC freed 18369(999KB) AllocSpace objects, 0(0B) LOS objects, 49% free, 2428KB/4856KB, paused 2.478ms total 391.573ms
05-02 20:50:15.185 356 463 E display : updateScreen invalid drmfd
05-02 20:50:15.203 2015 2732 I chatty : uid=1000(system) Binder:2015_4 expire 1 line
05-02 20:50:15.204 2758 2812 D CandidateSuggestionFilter: Suggestion state result Bundle[{candidate_is_complete=true}]
05-02 20:50:15.205 2758 2778 D CandidateSuggestionFilter: filterCandidates duration: 140
05-02 20:50:15.207 2758 2778 D CandidateSuggestionFilter: filterCandidates duration: 0
05-02 20:50:15.209 2758 2778 D CandidateSuggestionFilter: filterCandidates duration: 0
05-02 20:50:15.213 2758 2778 D CandidateSuggestionFilter: filterCandidates duration: 0
05-02 20:50:15.213 461 461 I chatty : uid=9999(nobody) /vendor/bin/gpsd expire 274 lines
05-02 20:50:15.220 2758 2778 D CandidateSuggestionFilter: filterCandidates duration: 0
05-02 20:50:15.225 2758 2778 D CandidateSuggestionFilter: filterCandidates duration: 0
05-02 20:50:15.233 2758 2778 D CandidateSuggestionFilter: filterCandidates duration: 0
05-02 20:50:15.237 356 463 E display : updateScreen invalid drmfd
05-02 20:50:15.243 2758 2778 D CandidateSuggestionFilter: filterCandidates duration: 0
05-02 20:50:15.245 2758 2778 D CandidateSuggestionFilter: filterCandidates duration: 0
05-02 20:50:15.259 2015 2804 I chatty : uid=1000(system) pool-2-thread-4 expire 1 line
05-02 20:50:15.298 356 463 E display : updateScreen invalid drmfd
05-02 20:50:15.414 525 588 I wm_stop_activity: [0,188384300,com.android.launcher3/.uioverrides.QuickstepLauncher]
05-02 20:50:15.439 1033 1033 I wm_on_stop_called: [188384300,com.android.launcher3.uioverrides.QuickstepLauncher,STOP_ACTIVITY_ITEM]
05-02 20:50:15.513 525 598 I commit_sys_config_file: [settings-2-0,78]
05-02 20:50:15.514 356 463 I chatty : uid=1000(system) HwBinder:356_3 identical 62 lines
05-02 20:50:15.528 369 369 I sf_frame_dur: [com.android.launcher3/com.android.launcher3.uioverrides.QuickstepLauncher#0,0,6,11,8,1,2,1]
05-02 20:50:15.547 356 463 E display : updateScreen invalid drmfd
05-02 20:50:15.548 525 551 I am_pss : [1314,10130,com.android.providers.media.module,26526720,20525056,0,144363520,0,0,20]
05-02 20:50:15.592 525 1281 E TaskPersister: File error accessing recents directory (directory doesn't exist?).
05-02 20:50:15.614 525 551 I am_pss : [1294,1027,com.android.nfc,16531456,9998336,0,134483968,0,0,14]
05-02 20:50:15.619 1920 2670 I UserPackageInfos: updating UserPackageInfosLiveData for user 0
05-02 20:50:15.631 525 551 I am_pss : [790,1073,com.android.networkstack.process,11460608,6471680,0,123699200,0,0,7]
05-02 20:50:15.642 887 906 E PhoneInterfaceManager: [PhoneIntfMgr] getCarrierPackageNamesForIntentAndPhone: No UICC
05-02 20:50:15.643 525 551 I am_pss : [887,1001,com.android.phone,24527872,17256448,0,145514496,0,0,8]
05-02 20:50:15.654 525 551 I am_pss : [856,1068,com.android.se,7367680,3575808,0,106586112,0,0,7]
05-02 20:50:15.679 525 551 I am_pss : [685,10121,com.android.systemui,82524160,64307200,0,249204736,0,0,15]
05-02 20:50:15.701 525 551 I am_pss : [525,1000,system,128397312,109101056,0,307134464,0,0,16]
05-02 20:50:15.707 887 906 I chatty : uid=1001(radio) Binder:887_2 identical 6 lines
05-02 20:50:15.711 887 906 E PhoneInterfaceManager: [PhoneIntfMgr] getCarrierPackageNamesForIntentAndPhone: No UICC
05-02 20:50:15.815 356 463 E display : updateScreen invalid drmfd
05-02 20:50:15.847 356 463 E display : updateScreen invalid drmfd
05-02 20:50:15.876 358 2380 D BufferPoolAccessor2.0: bufferpool2 0xb400f2b00bcb6a38 : 12(31322112 size) total buffers - 4(14544896 size) used buffers - 221/236 (recycle/alloc) - 12/232 (fetch/transfer)
05-02 20:50:15.946 2015 2015 I chatty : uid=1000(system) com.android.settings expire 21 lines
05-02 20:50:16.215 525 551 I am_pss : [1464,10101,com.android.dialer,12760064,7782400,0,112984064,0,19,8]
05-02 20:50:17.035 525 552 I am_uid_idle: 10069
05-02 20:50:17.396 356 463 E display : updateScreen invalid drmfd
05-02 20:50:17.777 356 463 E display : updateScreen invalid drmfd
05-02 20:50:17.778 2015 2015 I sysui_multi_action: [757,830,758,4,833,0,854,top_level_sound,1089,0]
05-02 20:50:17.788 525 1095 I ActivityTaskManager: START u0 {act=android.intent.action.MAIN cmp=com.android.settings/.SubSettings (has extras)} from uid 1000
05-02 20:50:17.789 345 1272 I audio_hw_primary: start_output_stream: primary: 1, out: 0xf16c33a0, device: 2, address: , mode: 0, flags 0x2
05-02 20:50:17.789 345 1272 I audio_hw_primary: select_output_device(), headphone 0 ,headset 0 ,speaker 2
05-02 20:50:17.789 345 1272 D audio_hw_primary: start_output_stream: pcm_open: card: 0, pcm_device_id: 0, rate: 48000, channel: 2, format: 0, period_size: 0xc0, flag: 9
05-02 20:50:17.792 0 0 E tlv320aic31xx-codec 1-0018: ##Divyesh tlv aic31xx_hw_params: width 16 rate 48000
05-02 20:50:17.794 525 1095 I wm_create_activity: [0,213626675,21,com.android.settings/.SubSettings,android.intent.action.MAIN,NULL,NULL,0]
05-02 20:50:17.800 525 539 I system_server: oneway function results will be dropped but finished with status OK and parcel size 4
05-02 20:50:17.801 525 588 I system_server: oneway function results will be dropped but finished with status OK and parcel size 4
05-02 20:50:17.804 525 1095 I wm_pause_activity: [0,251667580,com.android.settings/.Settings,userLeaving=true]
05-02 20:50:17.805 0 0 E tlv320aic31xx-codec 1-0018: ##Divyesh tlv pll 8.1920/1 dosr 128 n 8 m 2 aosr 128 n 8 m 2 bclk_n 8
05-02 20:50:17.816 0 0 E fsl-sai 30010000.sai: Divyesh tlv > ratio 8 for freq 1536000Hz based on clock 12288000Hz
05-02 20:50:17.825 0 0 E fsl-sai 30010000.sai: Divyesh tlv best fit: clock id=1, ratio=8, deviation=0
05-02 20:50:17.827 356 463 E display : updateScreen invalid drmfd
05-02 20:50:17.828 2015 2015 I wm_on_top_resumed_lost_called: [251667580,com.android.settings.Settings,topStateChangedWhenResumed]
05-02 20:50:17.837 2015 2015 I sysui_multi_action: [757,1502,758,2,1089,5056]
05-02 20:50:17.838 0 0 E tlv320aic31xx-codec 1-0018: ##Divyesh tlv Enter : aic31xx_dac_mute
05-02 20:50:17.840 2015 2015 I sysui_multi_action: [757,35,758,2,1089,4996]
05-02 20:50:17.843 2015 2015 I wm_on_paused_called: [251667580,com.android.settings.Settings,performPause]
05-02 20:50:17.845 525 1095 W ActivityTaskManager: Tried to set launchTime (0) < mLastActivityLaunchTime (85669)
05-02 20:50:17.845 525 1095 I wm_add_to_stopping: [0,251667580,com.android.settings/.Settings,makeInvisible]
05-02 20:50:17.845 0 0 E tlv320aic31xx-codec 1-0018: ##Divyesh tlv Enter : aic31xx_dac_mute >> Else function > unmute
05-02 20:50:17.847 525 1095 I wm_restart_activity: [0,213626675,21,com.android.settings/.SubSettings]
05-02 20:50:17.852 525 1095 I wm_set_resumed_activity: [0,com.android.settings/.SubSettings,minimalResumeActivityLocked]
05-02 20:50:17.881 525 545 I sysui_multi_action: [757,803,799,window_time_0,802,6]
05-02 20:50:17.911 525 551 I am_pss : [1490,10069,android.process.media,10725376,6905856,0,110608384,0,19,11]
05-02 20:50:17.924 356 463 E display : updateScreen invalid drmfd
05-02 20:50:17.976 356 463 E display : updateScreen invalid drmfd
05-02 20:50:18.027 356 463 E display : updateScreen invalid drmfd
05-02 20:50:18.041 366 446 W APM::AudioPolicyEngine: getDevicesForStrategy() unknown strategy: -1
05-02 20:50:18.044 525 539 I system_server: oneway function results will be dropped but finished with status OK and parcel size 4
05-02 20:50:18.080 356 463 E display : updateScreen invalid drmfd
05-02 20:50:18.133 356 463 E display : updateScreen invalid drmfd
05-02 20:50:18.190 356 463 E display : updateScreen invalid drmfd
05-02 20:50:18.247 356 463 E display : updateScreen invalid drmfd
05-02 20:50:18.306 525 539 E UserRestrictionsUtils: Unknown restriction queried by uid 1000 (com.android.localtransport et al): null
05-02 20:50:18.314 525 539 I chatty : uid=1000(system) Binder:525_1 identical 4 lines
05-02 20:50:18.317 525 539 E UserRestrictionsUtils: Unknown restriction queried by uid 1000 (com.android.localtransport et al): null
05-02 20:50:18.360 2015 2015 I wm_on_create_called: [213626675,com.android.settings.SubSettings,performCreate]
05-02 20:50:18.400 2015 2015 I wm_on_start_called: [213626675,com.android.settings.SubSettings,handleStartActivity]
05-02 20:50:18.401 2015 2015 I snet_event_log: [120484087,-1,]
05-02 20:50:18.404 2015 2015 I wm_on_resume_called: [213626675,com.android.settings.SubSettings,RESUME_ACTIVITY]
05-02 20:50:18.413 2015 2015 I sysui_multi_action: [757,336,758,1,833,35,1089,274]
05-02 20:50:18.431 2015 2015 I sysui_multi_action: [757,1729,758,4,854,isParalleledControllers:false,1089,292]
05-02 20:50:18.435 525 1095 D CompatibilityChangeReporter: Compat change id reported: 149924527; UID 1000; state: ENABLED
05-02 20:50:18.437 2015 2850 I chatty : uid=1000(system) com.android.settings expire 1 line
05-02 20:50:18.438 525 1095 D CompatibilityChangeReporter: Compat change id reported: 132649864; UID 1000; state: DISABLED
05-02 20:50:18.439 2015 2015 I wm_on_top_resumed_gained_called: [213626675,com.android.settings.SubSettings,topStateChangedWhenResumed]
05-02 20:50:18.459 356 463 E display : updateScreen invalid drmfd
05-02 20:50:18.498 356 463 E display : updateScreen invalid drmfd
05-02 20:50:18.499 355 987 I gralloc_driver: is_supported check descriptor name=com.android.settings/com.android.settings.SubSettings#0, width=1920, height=1080, droid_format=RGBA8888, usage=COMPOSER_OVERLAY|GPU_RENDER_TARGET|GPU_TEXTURE
05-02 20:50:18.526 356 463 E display : updateScreen invalid drmfd
05-02 20:50:18.531 355 987 I gralloc_driver: is_supported check descriptor name=com.android.settings/com.android.settings.SubSettings#0, width=1920, height=1080, droid_format=RGBA8888, usage=COMPOSER_OVERLAY|GPU_RENDER_TARGET|GPU_TEXTURE
05-02 20:50:18.563 355 355 I gralloc_driver: is_supported check descriptor name=com.android.settings/com.android.settings.SubSettings#0, width=1920, height=1080, droid_format=RGBA8888, usage=COMPOSER_OVERLAY|GPU_RENDER_TARGET|GPU_TEXTURE
05-02 20:50:18.571 355 987 I gralloc_driver: is_supported check descriptor name=com.android.settings/com.android.settings.SubSettings#0, width=1920, height=1080, droid_format=RGBA8888, usage=COMPOSER_OVERLAY|GPU_RENDER_TARGET|GPU_TEXTURE
05-02 20:50:18.599 383 2122 D NuPlayerDriver: NuPlayerDriver(0xebec0e70) created, clientPid(2015)
05-02 20:50:18.606 383 2859 D GenericSource: FileSource remote
05-02 20:50:18.612 422 659 E Utils : did not find channel-count and/or sample-rate
05-02 20:50:18.613 422 659 E Utils : did not find channel-count and/or sample-rate
05-02 20:50:18.618 2015 2855 I chatty : uid=1000(system) com.android.settings expire 7 lines
05-02 20:50:18.620 383 2122 D NuPlayerDriver: reset(0xebec0e70) at state 4
05-02 20:50:18.621 383 812 D NuPlayerDriver: NuPlayerDriver(0xebec1cd0) created, clientPid(2015)
05-02 20:50:18.621 383 2858 D NuPlayerDriver: notifyResetComplete(0xebec0e70)
05-02 20:50:18.621 383 2122 D NuPlayerDriver: reset(0xebec0e70) at state 0
05-02 20:50:18.627 383 2122 D NuPlayerDriver: NuPlayerDriver(0xebec0ab0) created, clientPid(2015)
05-02 20:50:18.630 383 2866 D GenericSource: FileSource remote
05-02 20:50:18.635 383 2867 D GenericSource: FileSource remote
05-02 20:50:18.637 422 422 E Utils : did not find channel-count and/or sample-rate
05-02 20:50:18.638 422 422 E Utils : did not find channel-count and/or sample-rate
05-02 20:50:18.640 422 659 E Utils : did not find channel-count and/or sample-rate
05-02 20:50:18.641 422 659 E Utils : did not find channel-count and/or sample-rate
05-02 20:50:18.643 2015 2860 D Ringtone: Successfully created local player
05-02 20:50:18.643 2015 2860 W Ringtone: Use of stream types is deprecated for operations other than volume control
05-02 20:50:18.643 2015 2860 W Ringtone: See the documentation of setStreamType() for what to use instead with android.media.AudioAttributes to qualify your playback use case
05-02 20:50:18.644 383 2122 D NuPlayerDriver: reset(0xebec1cd0) at state 4
05-02 20:50:18.645 383 812 D NuPlayerDriver: NuPlayerDriver(0xebec0e70) created, clientPid(2015)
05-02 20:50:18.647 2015 2855 D Ringtone: Successfully created local player
05-02 20:50:18.651 383 2863 D NuPlayerDriver: notifyResetComplete(0xebec1cd0)
05-02 20:50:18.652 383 2122 D NuPlayerDriver: reset(0xebec1cd0) at state 0
05-02 20:50:18.653 2015 2860 V MediaPlayer: resetDrmState: mDrmInfo=null mDrmProvisioningThread=null mPrepareDrmInProgress=false mActiveDrmScheme=false
05-02 20:50:18.653 2015 2860 V MediaPlayer: cleanDrmObj: mDrmObj=null mDrmSessionId=null
05-02 20:50:18.653 2015 2860 V MediaPlayer: resetDrmState: mDrmInfo=null mDrmProvisioningThread=null mPrepareDrmInProgress=false mActiveDrmScheme=false
05-02 20:50:18.654 2015 2860 V MediaPlayer: cleanDrmObj: mDrmObj=null mDrmSessionId=null
05-02 20:50:18.663 383 2122 D NuPlayerDriver: NuPlayerDriver(0xebec1e10) created, clientPid(2015)
05-02 20:50:18.668 383 2876 D GenericSource: FileSource remote
05-02 20:50:18.679 383 2878 D GenericSource: FileSource remote
05-02 20:50:18.681 422 422 E Utils : did not find channel-count and/or sample-rate
05-02 20:50:18.685 422 659 E Utils : did not find channel-count and/or sample-rate
05-02 20:50:18.686 422 659 E Utils : did not find channel-count and/or sample-rate
05-02 20:50:18.686 422 422 E Utils : did not find channel-count and/or sample-rate
05-02 20:50:18.691 2015 2860 D Ringtone: Successfully created local player
05-02 20:50:18.691 2015 2868 D Ringtone: Successfully created local player
05-02 20:50:18.691 2015 2868 W Ringtone: Use of stream types is deprecated for operations other than volume control
05-02 20:50:18.691 2015 2868 W Ringtone: See the documentation of setStreamType() for what to use instead with android.media.AudioAttributes to qualify your playback use case
05-02 20:50:18.692 383 2122 D NuPlayerDriver: reset(0xebec0e70) at state 4
05-02 20:50:18.693 383 2872 D NuPlayerDriver: notifyResetComplete(0xebec0e70)
05-02 20:50:18.693 383 2122 D NuPlayerDriver: reset(0xebec0e70) at state 0
05-02 20:50:18.694 2015 2868 V MediaPlayer: resetDrmState: mDrmInfo=null mDrmProvisioningThread=null mPrepareDrmInProgress=false mActiveDrmScheme=false
05-02 20:50:18.695 2015 2868 V MediaPlayer: cleanDrmObj: mDrmObj=null mDrmSessionId=null
05-02 20:50:18.695 383 2123 D NuPlayerDriver: NuPlayerDriver(0xebec1910) created, clientPid(2015)
05-02 20:50:18.695 2015 2868 V MediaPlayer: resetDrmState: mDrmInfo=null mDrmProvisioningThread=null mPrepareDrmInProgress=false mActiveDrmScheme=false
05-02 20:50:18.695 2015 2868 V MediaPlayer: cleanDrmObj: mDrmObj=null mDrmSessionId=null
05-02 20:50:18.700 383 2122 D NuPlayerDriver: NuPlayerDriver(0xebec0510) created, clientPid(2015)
05-02 20:50:18.704 383 2887 D GenericSource: FileSource remote
05-02 20:50:18.709 383 2888 D GenericSource: FileSource remote
05-02 20:50:18.711 422 422 E Utils : did not find channel-count and/or sample-rate
05-02 20:50:18.712 422 422 E Utils : did not find channel-count and/or sample-rate
05-02 20:50:18.716 2015 2877 D Ringtone: Successfully created local player
05-02 20:50:18.716 2015 2877 W Ringtone: Use of stream types is deprecated for operations other than volume control
05-02 20:50:18.716 2015 2877 W Ringtone: See the documentation of setStreamType() for what to use instead with android.media.AudioAttributes to qualify your playback use case
05-02 20:50:18.716 422 659 E Utils : did not find channel-count and/or sample-rate
05-02 20:50:18.717 422 2881 E Utils : did not find channel-count and/or sample-rate
05-02 20:50:18.717 383 2123 D NuPlayerDriver: reset(0xebec1910) at state 4
05-02 20:50:18.719 383 2884 D NuPlayerDriver: notifyResetComplete(0xebec1910)
05-02 20:50:18.719 383 2123 D NuPlayerDriver: reset(0xebec1910) at state 0
05-02 20:50:18.719 2015 2877 V MediaPlayer: resetDrmState: mDrmInfo=null mDrmProvisioningThread=null mPrepareDrmInProgress=false mActiveDrmScheme=false
05-02 20:50:18.720 2015 2877 V MediaPlayer: cleanDrmObj: mDrmObj=null mDrmSessionId=null
05-02 20:50:18.720 2015 2877 V MediaPlayer: resetDrmState: mDrmInfo=null mDrmProvisioningThread=null mPrepareDrmInProgress=false mActiveDrmScheme=false
05-02 20:50:18.720 2015 2877 V MediaPlayer: cleanDrmObj: mDrmObj=null mDrmSessionId=null
05-02 20:50:18.722 2015 2868 D Ringtone: Successfully created local player
05-02 20:50:18.725 383 2123 D NuPlayerDriver: NuPlayerDriver(0xebec1910) created, clientPid(2015)
05-02 20:50:18.732 383 2895 D GenericSource: FileSource remote
05-02 20:50:18.738 422 2881 E Utils : did not find channel-count and/or sample-rate
05-02 20:50:18.738 422 2881 E Utils : did not find channel-count and/or sample-rate
05-02 20:50:18.741 2015 2877 D Ringtone: Successfully created local player
05-02 20:50:18.769 2015 2733 I OpenGLRenderer: Davey! duration=876ms; Flags=1, IntendedVsync=91792360666, Vsync=92342360677, OldestInputEvent=9223372036854775807, NewestInputEvent=0, HandleInputStart=92345922000, AnimationStart=92345924625, PerformTraversalsStart=92346005125, DrawStart=92621223875, SyncQueued=92630264500, SyncStart=92636752375, IssueDrawCommandsStart=92637714500, SwapBuffers=92661980375, FrameCompleted=92675561250, DequeueBufferDuration=179375, QueueBufferDuration=625000, GpuCompleted=20,
05-02 20:50:18.775 2015 2015 D ControllerRendererPool: Controller is already there.
05-02 20:50:18.782 525 551 I wm_activity_launch_time: [0,213626675,com.android.settings/.SubSettings,995]
05-02 20:50:18.783 525 551 I ActivityTaskManager: Displayed com.android.settings/.SubSettings: +995ms
05-02 20:50:18.783 525 551 I ActivityTaskManager: Fully drawn com.android.settings/.SubSettings: +995ms
05-02 20:50:18.792 356 463 E display : updateScreen invalid drmfd
05-02 20:50:19.050 525 551 I am_pss : [1771,1000,com.android.dynsystem,6488064,3194880,0,99381248,0,19,12]
05-02 20:50:19.174 356 463 E display : updateScreen invalid drmfd
05-02 20:50:19.204 525 545 I wm_stop_activity: [0,251667580,com.android.settings/.Settings]
05-02 20:50:19.216 356 463 E display : updateScreen invalid drmfd
05-02 20:50:19.258 356 463 E display : updateScreen invalid drmfd
05-02 20:50:19.315 525 551 I am_pss : [1822,10077,com.android.managedprovisioning,10346496,6967296,0,105086976,0,19,14]
05-02 20:50:19.322 2015 2015 I wm_on_stop_called: [251667580,com.android.settings.Settings,STOP_ACTIVITY_ITEM]
05-02 20:50:19.369 525 551 I am_pss : [1872,10098,com.android.onetimeinitializer,6251520,2928640,0,99790848,0,19,6]
05-02 20:50:19.389 369 369 I sf_frame_dur: [com.android.settings/com.android.settings.Settings#0,0,20,7,0,2,1,1]
05-02 20:50:19.596 525 551 I am_pss : [1897,10062,com.android.packageinstaller,8275968,5005312,0,101060608,0,19,6]
05-02 20:50:20.208 356 463 E display : updateScreen invalid drmfd
05-02 20:50:20.252 356 463 E display : updateScreen invalid drmfd
05-02 20:50:20.565 525 552 I am_uid_idle: 10087
05-02 20:50:20.863 525 1281 E TaskPersister: File error accessing recents directory (directory doesn't exist?).
05-02 20:50:21.013 356 463 E display : updateScreen invalid drmfd
05-02 20:50:21.025 0 0 E tlv320aic31xx-codec 1-0018: ##Divyesh tlv Enter : aic31xx_dac_mute
05-02 20:50:21.033 0 0 E tlv320aic31xx-codec 1-0018: ##Divyesh tlv Enter : aic31xx_dac_mute >> if function > mute
05-02 20:50:21.046 345 398 W audio_hw_primary: do_out_standby... 0xf16c33a0
05-02 20:50:21.052 525 539 I system_server: oneway function results will be dropped but finished with status OK and parcel size 4
05-02 20:50:21.055 356 463 E display : updateScreen invalid drmfd
05-02 20:50:21.084 356 463 E display : updateScreen invalid drmfd
05-02 20:50:21.095 358 2380 D BufferPoolAccessor2.0: bufferpool2 0xb400f2b00bcb6a38 : 12(31322112 size) total buffers - 4(14544896 size) used buffers - 298/313 (recycle/alloc) - 13/309 (fetch/transfer)
05-02 20:50:21.129 356 463 E display : updateScreen invalid drmfd
05-02 20:50:21.173 356 463 E display : updateScreen invalid drmfd
05-02 20:50:21.218 356 463 E display : updateScreen invalid drmfd
05-02 20:50:21.263 356 463 E display : updateScreen invalid drmfd
05-02 20:50:22.183 356 463 E display : updateScreen invalid drmfd
05-02 20:50:22.224 356 463 E display : updateScreen invalid drmfd
05-02 20:50:22.273 356 463 E display : updateScreen invalid drmfd
05-02 20:50:22.409 356 463 E display : updateScreen invalid drmfd
05-02 20:50:22.435 2015 2015 I sysui_multi_action: [757,830,758,4,833,0,854,phone_ringtone,1089,0]
05-02 20:50:22.449 345 1272 I audio_hw_primary: start_output_stream: primary: 1, out: 0xf16c33a0, device: 2, address: , mode: 0, flags 0x2
05-02 20:50:22.449 345 1272 I audio_hw_primary: select_output_device(), headphone 0 ,headset 0 ,speaker 2
05-02 20:50:22.449 345 1272 D audio_hw_primary: start_output_stream: pcm_open: card: 0, pcm_device_id: 0, rate: 48000, channel: 2, format: 0, period_size: 0xc0, flag: 9
05-02 20:50:22.450 525 1095 I ActivityTaskManager: START u0 {act=android.intent.action.RINGTONE_PICKER cmp=com.android.soundpicker/.RingtonePickerActivity (has extras)} from uid 1000
05-02 20:50:22.451 525 539 I system_server: oneway function results will be dropped but finished with status OK and parcel size 4
05-02 20:50:22.451 356 463 E display : updateScreen invalid drmfd
05-02 20:50:22.453 525 811 I system_server: oneway function results will be dropped but finished with status OK and parcel size 4
05-02 20:50:22.453 0 0 E tlv320aic31xx-codec 1-0018: ##Divyesh tlv aic31xx_hw_params: width 16 rate 48000
05-02 20:50:22.466 0 0 E tlv320aic31xx-codec 1-0018: ##Divyesh tlv pll 8.1920/1 dosr 128 n 8 m 2 aosr 128 n 8 m 2 bclk_n 8
05-02 20:50:22.476 0 0 E fsl-sai 30010000.sai: Divyesh tlv > ratio 8 for freq 1536000Hz based on clock 12288000Hz
05-02 20:50:22.486 0 0 E fsl-sai 30010000.sai: Divyesh tlv best fit: clock id=1, ratio=8, deviation=0
05-02 20:50:22.497 525 1095 I wm_create_activity: [0,63543079,21,com.android.soundpicker/.RingtonePickerActivity,android.intent.action.RINGTONE_PICKER,NULL,NULL,8388608]
05-02 20:50:22.498 0 0 E tlv320aic31xx-codec 1-0018: ##Divyesh tlv Enter : aic31xx_dac_mute
05-02 20:50:22.501 356 463 E display : updateScreen invalid drmfd
05-02 20:50:22.501 525 1095 I wm_pause_activity: [0,213626675,com.android.settings/.SubSettings,userLeaving=true]
05-02 20:50:22.505 0 0 E tlv320aic31xx-codec 1-0018: ##Divyesh tlv Enter : aic31xx_dac_mute >> Else function > unmute
05-02 20:50:22.523 2015 2015 I wm_on_top_resumed_lost_called: [213626675,com.android.settings.SubSettings,topStateChangedWhenResumed]
05-02 20:50:22.533 525 545 D CompatibilityChangeReporter: Compat change id reported: 135634846; UID 10069; state: DISABLED
05-02 20:50:22.538 525 545 D CompatibilityChangeReporter: Compat change id reported: 135754954; UID 10069; state: ENABLED
05-02 20:50:22.542 356 463 E display : updateScreen invalid drmfd
05-02 20:50:22.546 525 553 D CompatibilityChangeReporter: Compat change id reported: 143937733; UID 10069; state: ENABLED
05-02 20:50:22.548 383 2123 D NuPlayerDriver: reset(0xebec1e10) at state 4
05-02 20:50:22.552 383 2875 D NuPlayerDriver: notifyResetComplete(0xebec1e10)
05-02 20:50:22.553 383 2123 D NuPlayerDriver: reset(0xebec1e10) at state 0
05-02 20:50:22.557 2015 2860 V MediaPlayer: resetDrmState: mDrmInfo=null mDrmProvisioningThread=null mPrepareDrmInProgress=false mActiveDrmScheme=false
05-02 20:50:22.560 2015 2860 V MediaPlayer: cleanDrmObj: mDrmObj=null mDrmSessionId=null
05-02 20:50:22.561 2015 2860 V MediaPlayer: resetDrmState: mDrmInfo=null mDrmProvisioningThread=null mPrepareDrmInProgress=false mActiveDrmScheme=false
05-02 20:50:22.561 2015 2860 V MediaPlayer: cleanDrmObj: mDrmObj=null mDrmSessionId=null
05-02 20:50:22.561 383 2123 D NuPlayerDriver: reset(0xebec0510) at state 4
05-02 20:50:22.563 383 2886 D NuPlayerDriver: notifyResetComplete(0xebec0510)
05-02 20:50:22.564 383 2122 D NuPlayerDriver: reset(0xebec0ab0) at state 4
05-02 20:50:22.564 383 2123 D NuPlayerDriver: reset(0xebec0510) at state 0
05-02 20:50:22.566 383 2865 D NuPlayerDriver: notifyResetComplete(0xebec0ab0)
05-02 20:50:22.567 383 2122 D NuPlayerDriver: reset(0xebec0ab0) at state 0
05-02 20:50:22.571 383 812 D NuPlayerDriver: reset(0xebec1910) at state 4
05-02 20:50:22.571 2015 2855 V MediaPlayer: resetDrmState: mDrmInfo=null mDrmProvisioningThread=null mPrepareDrmInProgress=false mActiveDrmScheme=false
05-02 20:50:22.572 2015 2855 V MediaPlayer: cleanDrmObj: mDrmObj=null mDrmSessionId=null
05-02 20:50:22.572 2015 2855 V MediaPlayer: resetDrmState: mDrmInfo=null mDrmProvisioningThread=null mPrepareDrmInProgress=false mActiveDrmScheme=false
05-02 20:50:22.572 2015 2855 V MediaPlayer: cleanDrmObj: mDrmObj=null mDrmSessionId=null
05-02 20:50:22.580 383 2892 D NuPlayerDriver: notifyResetComplete(0xebec1910)
05-02 20:50:22.581 2015 2015 I sysui_multi_action: [757,336,758,2,1089,4166]
05-02 20:50:22.583 383 812 D NuPlayerDriver: reset(0xebec1910) at state 0
05-02 20:50:22.595 2015 2868 V MediaPlayer: resetDrmState: mDrmInfo=null mDrmProvisioningThread=null mPrepareDrmInProgress=false mActiveDrmScheme=false
05-02 20:50:22.596 2015 2868 V MediaPlayer: cleanDrmObj: mDrmObj=null mDrmSessionId=null
05-02 20:50:22.597 2015 2868 V MediaPlayer: resetDrmState: mDrmInfo=null mDrmProvisioningThread=null mPrepareDrmInProgress=false mActiveDrmScheme=false
05-02 20:50:22.599 2015 2868 V MediaPlayer: cleanDrmObj: mDrmObj=null mDrmSessionId=null
05-02 20:50:22.600 2015 2877 V MediaPlayer: resetDrmState: mDrmInfo=null mDrmProvisioningThread=null mPrepareDrmInProgress=false mActiveDrmScheme=false
05-02 20:50:22.600 2015 2877 V MediaPlayer: cleanDrmObj: mDrmObj=null mDrmSessionId=null
05-02 20:50:22.601 2015 2877 V MediaPlayer: resetDrmState: mDrmInfo=null mDrmProvisioningThread=null mPrepareDrmInProgress=false mActiveDrmScheme=false
05-02 20:50:22.602 356 463 E display : updateScreen invalid drmfd
05-02 20:50:22.611 2015 2015 I wm_on_paused_called: [213626675,com.android.settings.SubSettings,performPause]
05-02 20:50:22.615 2015 2877 V MediaPlayer: cleanDrmObj: mDrmObj=null mDrmSessionId=null
05-02 20:50:22.626 2015 2015 I sysui_multi_action: [757,830,758,4,833,0,854,phone_ringtone,1089,0]
05-02 20:50:22.636 525 545 I sysui_multi_action: [757,803,799,window_time_0,802,5]
05-02 20:50:22.641 356 463 E display : updateScreen invalid drmfd
05-02 20:50:22.653 525 588 I ActivityTaskManager: START u0 {act=android.intent.action.RINGTONE_PICKER cmp=com.android.soundpicker/.RingtonePickerActivity (has extras)} from uid 1000
05-02 20:50:22.661 525 588 I wm_create_activity: [0,62755648,21,com.android.soundpicker/.RingtonePickerActivity,android.intent.action.RINGTONE_PICKER,NULL,NULL,8388608]
05-02 20:50:22.669 356 463 E display : updateScreen invalid drmfd
05-02 20:50:22.679 338 338 D Zygote : Forked child process 2941
05-02 20:50:22.701 2941 2941 I Zygote : seccomp disabled by setenforce 0
05-02 20:50:22.702 525 553 W ActivityManager: Slow operation: 173ms so far, now at startProcess: returned from zygote!
05-02 20:50:22.703 525 553 W ActivityManager: Slow operation: 174ms so far, now at startProcess: done updating battery stats
05-02 20:50:22.703 525 553 I am_proc_start: [0,2941,10069,com.android.soundpicker,pre-top-activity,{com.android.soundpicker/com.android.soundpicker.RingtonePickerActivity}]
05-02 20:50:22.703 525 553 W ActivityManager: Slow operation: 174ms so far, now at startProcess: building log message
05-02 20:50:22.703 525 553 I ActivityManager: Start proc 2941:com.android.soundpicker/u0a69 for pre-top-activity {com.android.soundpicker/com.android.soundpicker.RingtonePickerActivity}
05-02 20:50:22.703 525 553 W ActivityManager: Slow operation: 174ms so far, now at startProcess: starting to update pids map
05-02 20:50:22.704 525 553 W ActivityManager: Slow operation: 175ms so far, now at startProcess: done updating pids map
05-02 20:50:22.728 356 463 E display : updateScreen invalid drmfd
05-02 20:50:22.744 572 576 I adbd : jdwp connection from 2941
05-02 20:50:22.784 356 463 E display : updateScreen invalid drmfd
05-02 20:50:22.788 366 446 W APM::AudioPolicyEngine: getDevicesForStrategy() unknown strategy: -1
05-02 20:50:22.791 525 588 I system_server: oneway function results will be dropped but finished with status OK and parcel size 4
05-02 20:50:22.792 525 811 I am_proc_bound: [0,2941,com.android.soundpicker]
05-02 20:50:22.796 525 811 I wm_restart_activity: [0,62755648,21,com.android.soundpicker/.RingtonePickerActivity]
05-02 20:50:22.803 525 811 I wm_restart_activity: [0,63543079,21,com.android.soundpicker/.RingtonePickerActivity]
05-02 20:50:22.822 525 545 I am_uid_active: 10069
05-02 20:50:22.843 356 463 E display : updateScreen invalid drmfd
05-02 20:50:22.844 525 551 W UsageStatsService: Unexpected activity event reported! (com.android.soundpicker/com.android.soundpicker.RingtonePickerActivity event : 2 instanceId : 95321795)
05-02 20:50:22.845 525 551 W UsageStatsService: Unexpected activity event reported! (com.android.soundpicker/com.android.soundpicker.RingtonePickerActivity event : 2 instanceId : 99620326)
05-02 20:50:22.872 2941 2941 I oid.soundpicke: The ClassLoaderContext is a special shared library.
05-02 20:50:22.886 356 463 E display : updateScreen invalid drmfd
05-02 20:50:22.925 2941 2941 D NetworkSecurityConfig: No Network Security Config specified, using platform default
05-02 20:50:22.926 2941 2941 D NetworkSecurityConfig: No Network Security Config specified, using platform default
05-02 20:50:22.939 356 463 E display : updateScreen invalid drmfd
05-02 20:50:23.045 525 811 D CompatibilityChangeReporter: Compat change id reported: 149924527; UID 10069; state: ENABLED
05-02 20:50:23.053 525 811 D CompatibilityChangeReporter: Compat change id reported: 132649864; UID 10069; state: DISABLED
05-02 20:50:23.072 356 463 E display : updateScreen invalid drmfd
05-02 20:50:23.172 2941 2941 I wm_on_create_called: [62755648,com.android.soundpicker.RingtonePickerActivity,performCreate]
05-02 20:50:23.174 2941 2941 I wm_on_start_called: [62755648,com.android.soundpicker.RingtonePickerActivity,handleStartActivity]
05-02 20:50:23.175 2941 2941 I wm_on_resume_called: [62755648,com.android.soundpicker.RingtonePickerActivity,RESUME_ACTIVITY]
05-02 20:50:23.222 356 463 E display : updateScreen invalid drmfd
05-02 20:50:23.248 356 463 E display : updateScreen invalid drmfd
05-02 20:50:23.260 2941 2941 I wm_on_create_called: [63543079,com.android.soundpicker.RingtonePickerActivity,performCreate]
05-02 20:50:23.267 2941 2941 I wm_on_start_called: [63543079,com.android.soundpicker.RingtonePickerActivity,handleStartActivity]
05-02 20:50:23.268 2941 2941 I wm_on_resume_called: [63543079,com.android.soundpicker.RingtonePickerActivity,LIFECYCLER_RESUME_ACTIVITY]
05-02 20:50:23.279 2941 2941 I wm_on_paused_called: [63543079,com.android.soundpicker.RingtonePickerActivity,performPause]
05-02 20:50:23.372 356 463 E display : updateScreen invalid drmfd
05-02 20:50:23.389 228 228 I hwservicemanager: getTransport: Cannot find entry android.hardware.configstore@1.0::ISurfaceFlingerConfigs/default in either framework or device manifest.
05-02 20:50:23.406 356 463 E display : updateScreen invalid drmfd
