05-02 19:43:02.478 1225 2493 W Ringtone: Use of stream types is deprecated for operations other than volume control
05-02 19:43:02.478 1225 2493 W Ringtone: See the documentation of setStreamType() for what to use instead with android.media.AudioAttributes to qualify your playback use case
05-02 19:43:02.479 393 2231 D NuPlayerDriver: reset(0xea203030) at state 4
05-02 19:43:02.481 534 1973 D CompatibilityChangeReporter: Compat change id reported: 132649864; UID 1000; state: DISABLED
05-02 19:43:02.483 393 1923 D NuPlayerDriver: reset(0xea200fb0) at state 0
05-02 19:43:02.486 1225 1225 I wm_on_top_resumed_gained_called: [109124949,com.android.settings.SubSettings,topWhenResuming]
05-02 19:43:02.486 1225 2487 V MediaPlayer: resetDrmState: mDrmInfo=null mDrmProvisioningThread=null mPrepareDrmInProgress=false mActiveDrmScheme=false
05-02 19:43:02.486 1225 2487 V MediaPlayer: cleanDrmObj: mDrmObj=null mDrmSessionId=null
05-02 19:43:02.486 1225 2487 V MediaPlayer: resetDrmState: mDrmInfo=null mDrmProvisioningThread=null mPrepareDrmInProgress=false mActiveDrmScheme=false
05-02 19:43:02.486 1225 2487 V MediaPlayer: cleanDrmObj: mDrmObj=null mDrmSessionId=null
05-02 19:43:02.487 393 2497 D NuPlayerDriver: notifyResetComplete(0xea203030)
05-02 19:43:02.488 393 2231 D NuPlayerDriver: reset(0xea203030) at state 0
05-02 19:43:02.495 1225 2493 V MediaPlayer: resetDrmState: mDrmInfo=null mDrmProvisioningThread=null mPrepareDrmInProgress=false mActiveDrmScheme=false
05-02 19:43:02.495 1225 2493 V MediaPlayer: cleanDrmObj: mDrmObj=null mDrmSessionId=null
05-02 19:43:02.498 1225 2493 V MediaPlayer: resetDrmState: mDrmInfo=null mDrmProvisioningThread=null mPrepareDrmInProgress=false mActiveDrmScheme=false
05-02 19:43:02.498 1225 2493 V MediaPlayer: cleanDrmObj: mDrmObj=null mDrmSessionId=null
05-02 19:43:02.511 365 433 E display : updateScreen invalid drmfd
05-02 19:43:02.535 534 577 I am_pss : [2100,10105,com.android.messaging,11654144,7131136,0,114143232,0,19,9]
05-02 19:43:02.536 1225 2490 D Ringtone: Successfully created local player
05-02 19:43:02.537 393 2510 D GenericSource: FileSource remote
05-02 19:43:02.537 1225 2490 W Ringtone: Use of stream types is deprecated for operations other than volume control
05-02 19:43:02.538 1225 2490 W Ringtone: See the documentation of setStreamType() for what to use instead with android.media.AudioAttributes to qualify your playback use case
05-02 19:43:02.545 393 2231 D NuPlayerDriver: NuPlayerDriver(0xea203030) created, clientPid(1225)
05-02 19:43:02.551 393 709 D NuPlayerDriver: reset(0xea203530) at state 4
05-02 19:43:02.553 393 2495 D NuPlayerDriver: notifyResetComplete(0xea203530)
05-02 19:43:02.566 365 433 E display : updateScreen invalid drmfd
05-02 19:43:02.567 393 1923 D NuPlayerDriver: reset(0xea203530) at state 0
05-02 19:43:02.575 1225 2490 V MediaPlayer: resetDrmState: mDrmInfo=null mDrmProvisioningThread=null mPrepareDrmInProgress=false mActiveDrmScheme=false
05-02 19:43:02.575 1225 2490 V MediaPlayer: cleanDrmObj: mDrmObj=null mDrmSessionId=null
05-02 19:43:02.575 1225 2490 V MediaPlayer: resetDrmState: mDrmInfo=null mDrmProvisioningThread=null mPrepareDrmInProgress=false mActiveDrmScheme=false
05-02 19:43:02.575 1225 2490 V MediaPlayer: cleanDrmObj: mDrmObj=null mDrmSessionId=null
05-02 19:43:02.575 534 577 I am_pss : [2206,10083,com.android.traceur,9062400,4739072,0,106475520,0,19,12]
05-02 19:43:02.589 393 2231 D NuPlayerDriver: NuPlayerDriver(0xea202450) created, clientPid(1225)
05-02 19:43:02.591 379 379 I sf_frame_dur: [com.android.soundpicker/com.android.soundpicker.RingtonePickerActivity#0,0,85,224,3,3,19,10]
05-02 19:43:02.610 365 433 E display : updateScreen invalid drmfd
05-02 19:43:02.611 534 577 I am_pss : [1729,10068,android.process.acore,14965760,9883648,0,125767680,0,19,13]
05-02 19:43:02.624 468 530 E Utils : did not find channel-count and/or sample-rate
05-02 19:43:02.624 534 572 I dvm_lock_sample: [system_server,1,android.anim,33,WindowSurfacePlacer.java,57,void com.android.server.wm.WindowSurfacePlacer$Traverser.run(),TaskChangeNotificationController.java,339,void com.android.server.wm.TaskChangeNotificationController.forAllRemoteListeners(com.android.server.wm.TaskChangeNotificationController$TaskStackConsumer, android.os.Message),6]
05-02 19:43:02.628 468 530 E Utils : did not find channel-count and/or sample-rate
05-02 19:43:02.643 534 577 I am_pss : [2183,2000,com.android.shell,6809600,3604480,0,101163008,0,19,9]
05-02 19:43:02.667 393 2516 D GenericSource: FileSource remote
05-02 19:43:02.668 365 433 E display : updateScreen invalid drmfd
05-02 19:43:02.668 534 577 I am_pss : [1547,10065,android.process.media,11199488,7475200,0,112173056,0,19,14]
05-02 19:43:02.682 534 571 I dvm_lock_sample: [system_server,1,android.display,55,WindowManagerService.java,5069,void com.android.server.wm.WindowManagerService$H.handleMessage(android.os.Message),WindowSurfacePlacer.java,59,void com.android.server.wm.WindowSurfacePlacer$Traverser.run(),11]
05-02 19:43:02.687 1225 2498 D Ringtone: Successfully created local player
05-02 19:43:02.688 1225 2498 W Ringtone: Use of stream types is deprecated for operations other than volume control
05-02 19:43:02.689 1225 2498 W Ringtone: See the documentation of setStreamType() for what to use instead with android.media.AudioAttributes to qualify your playback use case
05-02 19:43:02.693 534 577 I am_pss : [2154,10071,com.android.packageinstaller,7994368,4812800,0,101494784,0,19,9]
05-02 19:43:02.703 393 1922 D NuPlayerDriver: NuPlayerDriver(0xea201550) created, clientPid(1225)
05-02 19:43:02.710 534 577 I am_pss : [2130,10098,com.android.onetimeinitializer,6141952,2924544,0,100294656,0,19,12]
05-02 19:43:02.712 365 433 E display : updateScreen invalid drmfd
05-02 19:43:02.716 393 709 D NuPlayerDriver: reset(0xea200dd0) at state 4
05-02 19:43:02.719 879 896 I ndroid.systemu: NativeAlloc concurrent copying GC freed 106627(7023KB) AllocSpace objects, 27(1244KB) LOS objects, 49% free, 7367KB/14MB, paused 556us total 698.924ms
05-02 19:43:02.728 393 2503 D NuPlayerDriver: notifyResetComplete(0xea200dd0)
05-02 19:43:02.728 534 577 I am_pss : [2074,10106,com.android.gallery3d,8999936,4546560,0,111325184,0,19,10]
05-02 19:43:02.737 393 2520 D GenericSource: FileSource remote
05-02 19:43:02.738 393 2231 D NuPlayerDriver: reset(0xea200dd0) at state 0
05-02 19:43:02.740 1225 2498 V MediaPlayer: resetDrmState: mDrmInfo=null mDrmProvisioningThread=null mPrepareDrmInProgress=false mActiveDrmScheme=false
05-02 19:43:02.740 1225 2498 V MediaPlayer: cleanDrmObj: mDrmObj=null mDrmSessionId=null
05-02 19:43:02.741 1225 2498 V MediaPlayer: resetDrmState: mDrmInfo=null mDrmProvisioningThread=null mPrepareDrmInProgress=false mActiveDrmScheme=false
05-02 19:43:02.741 1225 2498 V MediaPlayer: cleanDrmObj: mDrmObj=null mDrmSessionId=null
05-02 19:43:02.742 534 577 I am_pss : [2051,1000,com.android.dynsystem,6413312,3227648,0,99811328,0,19,8]
05-02 19:43:02.746 468 468 E Utils : did not find channel-count and/or sample-rate
05-02 19:43:02.748 468 900 E Utils : did not find channel-count and/or sample-rate
05-02 19:43:02.756 534 577 I am_pss : [1930,10101,com.android.dialer,13240320,8478720,0,117862400,0,19,10]
05-02 19:43:02.763 365 433 E display : updateScreen invalid drmfd
05-02 19:43:02.775 534 577 I am_pss : [2027,10100,com.android.contacts,9695232,5603328,0,105693184,0,19,12]
05-02 19:43:02.784 468 530 E Utils : did not find channel-count and/or sample-rate
05-02 19:43:02.789 393 2521 D GenericSource: FileSource remote
05-02 19:43:02.807 1225 2490 D Ringtone: Successfully created local player
05-02 19:43:02.815 365 433 E display : updateScreen invalid drmfd
05-02 19:43:02.816 393 1923 D NuPlayerDriver: NuPlayerDriver(0xea203ad0) created, clientPid(1225)
05-02 19:43:02.825 468 530 E Utils : did not find channel-count and/or sample-rate
05-02 19:43:02.834 468 468 E Utils : did not find channel-count and/or sample-rate
05-02 19:43:02.835 468 2508 E Utils : did not find channel-count and/or sample-rate
05-02 19:43:02.836 1225 2487 D Ringtone: Successfully created local player
05-02 19:43:02.838 393 2526 D GenericSource: FileSource remote
05-02 19:43:02.847 1225 2493 D Ringtone: Successfully created local player
05-02 19:43:02.847 468 2508 E Utils : did not find channel-count and/or sample-rate
05-02 19:43:02.850 468 468 E Utils : did not find channel-count and/or sample-rate
05-02 19:43:02.856 365 433 E display : updateScreen invalid drmfd
05-02 19:43:02.864 1225 2498 D Ringtone: Successfully created local player
05-02 19:43:02.877 365 433 E display : updateScreen invalid drmfd
05-02 19:43:02.930 365 433 E display : updateScreen invalid drmfd
05-02 19:43:04.403 365 433 E display : updateScreen invalid drmfd
05-02 19:43:04.574 365 433 I chatty : uid=1000(system) HwBinder:365_2 identical 6 lines
05-02 19:43:04.627 365 433 E display : updateScreen invalid drmfd
05-02 19:43:04.680 365 433 E display : updateScreen invalid drmfd
05-02 19:43:04.835 365 433 E display : updateScreen invalid drmfd
05-02 19:43:05.101 0 0 E tlv320aic31xx-codec 1-0018: ##Divyesh tlv Enter : aic31xx_dac_mute
05-02 19:43:05.108 0 0 E tlv320aic31xx-codec 1-0018: ##Divyesh tlv Enter : aic31xx_dac_mute >> if function > mute
05-02 19:43:05.117 354 412 E Divyesh tlv audio_hw_primary: do_out_standby... 0xec8454a0
05-02 19:43:05.119 534 565 I system_server: oneway function results will be dropped but finished with status OK and parcel size 4
05-02 19:43:05.573 368 757 D BufferPoolAccessor2.0: bufferpool2 0xb400f2ab576263d8 : 4(14544896 size) total buffers - 4(14544896 size) used buffers - 1322/1332 (recycle/alloc) - 10/1328 (fetch/transfer)
05-02 19:43:07.386 393 1961 D BufferPoolAccessor2.0: bufferpool2 0xe55c0a48 : 0(0 size) total buffers - 0(0 size) used buffers - 4882/4891 (recycle/alloc) - 19/9716 (fetch/transfer)
05-02 19:43:07.386 393 1961 D BufferPoolAccessor2.0: evictor expired: 1, evicted: 1
05-02 19:43:07.388 478 725 D BufferPoolAccessor2.0: bufferpool2 0xb400e24cc7dc29a8 : 0(0 size) total buffers - 0(0 size) used buffers - 4852/4856 (recycle/alloc) - 17/4822 (fetch/transfer)
05-02 19:43:07.388 478 725 D BufferPoolAccessor2.0: evictor expired: 1, evicted: 1
05-02 19:43:07.639 503 503 I chatty : uid=9999(nobody) /vendor/bin/gpsd expire 1082 lines
05-02 19:43:10.291 0 0 E tlv320aic31xx-codec 1-0018: ##Divyesh tlv aic31xx_set_bias_level: 3 -> 2
05-02 19:43:10.308 0 0 E tlv320aic31xx-codec 1-0018: ##Divyesh tlv aic31xx_set_bias_level: 2 -> 1
05-02 19:43:10.316 0 0 E tlv320aic31xx-codec 1-0018: ##Divyesh tlv codec clock -> off
05-02 19:43:11.192 368 671 D BufferPoolAccessor2.0: bufferpool2 0xb400f2ab576263d8 : 4(14544896 size) total buffers - 3(12447744 size) used buffers - 1325/1335 (recycle/alloc) - 10/1332 (fetch/transfer)
05-02 19:43:11.193 368 671 D BufferPoolAccessor2.0: evictor expired: 1, evicted: 1
05-02 19:43:45.385 0 0 W healthd : battery l=85 v=3 t=35.0 h=2 st=2 c=400000 fc=4000000 cc=32 chg=a
05-02 19:43:54.919 534 590 V DisplayPowerController: Brightness [0.05] reason changing to: 'manual [ dim ]', previous reason: 'manual'.
05-02 19:43:54.920 534 590 I sysui_multi_action: [757,1696,758,6,759,2]
05-02 19:43:56.706 370 1559 D NxpTml : PN54X - I2C Read successful.....
05-02 19:43:56.707 370 1559 D NxpNciR : len = 4 > 600701A1
05-02 19:43:56.707 370 1559 D NxpTml : PN54X - Posting read message.....
05-02 19:43:56.707 370 1562 D NxpHal : read successful status = 0x0
05-02 19:43:56.707 370 1562 D NfccPowerTracker: NfccPowerTracker::ProcessNtf: Enter
05-02 19:43:56.707 370 1559 D NxpTml : PN54X - Read requested.....
05-02 19:43:56.707 1427 1587 I libnfc_nci: [INFO:nfc_ncif.cc(501)] NFC received ntf gid:0
05-02 19:43:56.707 370 1559 D NxpTml : PN54X - Invoking I2C Read.....
05-02 19:43:56.707 1427 1587 I libnfc_nci: [INFO:nci_hrcv.cc(128)] nci_proc_core_ntf opcode:0x7
05-02 19:43:56.707 1427 1587 I libnfc_nci: [INFO:nfa_dm_act.cc(269)] NFC_GEN_ERROR_REVT(0x500d)
05-02 19:43:56.707 1427 1587 I libnfc_nci: [INFO:nfa_dm_discover.cc(1663)] nfa_dm_disc_data_cback
05-02 19:43:56.707 1427 1587 I libnfc_nci: [INFO:nfa_dm_discover.cc(2512)] state: DISCOVERY (1), event: INTF_ERROR_NTF(10) disc_flags: 0x1
05-02 19:43:56.707 1427 1587 I libnfc_nci: [INFO:nfa_dm_discover.cc(2565)] new state: DISCOVERY (1), disc_flags: 0x1
05-02 19:43:57.638 503 503 I chatty : uid=9999(nobody) /vendor/bin/gpsd expire 1543 lines
05-02 19:44:00.004 879 879 D KeyguardClockSwitch: Updating clock: 744
05-02 19:44:00.069 365 433 E display : updateScreen invalid drmfd
05-02 19:44:00.131 368 757 D BufferPoolAccessor2.0: bufferpool2 0xb400f2ab576263d8 : 4(14544896 size) total buffers - 4(14544896 size) used buffers - 1325/1336 (recycle/alloc) - 10/1332 (fetch/transfer)
05-02 19:44:00.132 650 737 D BufferPoolAccessor2.0: bufferpool2 0xb400ec86ee787978 : 0(0 size) total buffers - 0(0 size) used buffers - 0/0 (recycle/alloc) - 0/0 (fetch/transfer)
05-02 19:44:02.179 534 578 I am_uid_idle: 10065
05-02 19:44:05.132 368 671 D BufferPoolAccessor2.0: bufferpool2 0xb400f2ab576263d8 : 4(14544896 size) total buffers - 3(12447744 size) used buffers - 1335/1346 (recycle/alloc) - 11/1343 (fetch/transfer)
05-02 19:44:05.132 368 671 D BufferPoolAccessor2.0: evictor expired: 1, evicted: 1
05-02 19:44:15.753 534 570 I DropBoxManagerService: add tag=system_server_strictmode isTagEnabled=true flags=0x2
05-02 19:45:00.003 879 879 D KeyguardClockSwitch: Updating clock: 745
05-02 19:45:00.071 365 433 E display : updateScreen invalid drmfd
05-02 19:45:00.134 368 757 D BufferPoolAccessor2.0: bufferpool2 0xb400f2ab576263d8 : 4(14544896 size) total buffers - 4(14544896 size) used buffers - 1335/1347 (recycle/alloc) - 11/1343 (fetch/transfer)
05-02 19:45:00.135 650 737 D BufferPoolAccessor2.0: bufferpool2 0xb400ec86ee787978 : 0(0 size) total buffers - 0(0 size) used buffers - 0/0 (recycle/alloc) - 0/0 (fetch/transfer)
05-02 19:45:00.636 503 503 I chatty : uid=9999(nobody) /vendor/bin/gpsd expire 1292 lines
05-02 19:45:05.135 368 671 D BufferPoolAccessor2.0: bufferpool2 0xb400f2ab576263d8 : 4(14544896 size) total buffers - 3(12447744 size) used buffers - 1345/1357 (recycle/alloc) - 12/1354 (fetch/transfer)
05-02 19:45:05.135 368 671 D BufferPoolAccessor2.0: evictor expired: 1, evicted: 1
05-02 19:46:00.003 879 879 D KeyguardClockSwitch: Updating clock: 746
05-02 19:46:00.070 365 433 E display : updateScreen invalid drmfd
05-02 19:46:00.128 368 757 D BufferPoolAccessor2.0: bufferpool2 0xb400f2ab576263d8 : 4(14544896 size) total buffers - 4(14544896 size) used buffers - 1345/1358 (recycle/alloc) - 12/1354 (fetch/transfer)
05-02 19:46:00.129 650 737 D BufferPoolAccessor2.0: bufferpool2 0xb400ec86ee787978 : 0(0 size) total buffers - 0(0 size) used buffers - 0/0 (recycle/alloc) - 0/0 (fetch/transfer)
05-02 19:46:00.635 503 503 I chatty : uid=9999(nobody) /vendor/bin/gpsd expire 1520 lines
05-02 19:46:05.129 368 671 D BufferPoolAccessor2.0: bufferpool2 0xb400f2ab576263d8 : 4(14544896 size) total buffers - 3(12447744 size) used buffers - 1355/1368 (recycle/alloc) - 13/1365 (fetch/transfer)
05-02 19:46:05.129 368 671 D BufferPoolAccessor2.0: evictor expired: 1, evicted: 1
05-02 19:46:45.385 0 0 I chatty : uid=0(root) logd identical 3 lines
05-02 19:47:00.003 879 879 D KeyguardClockSwitch: Updating clock: 747
05-02 19:47:00.070 365 433 E display : updateScreen invalid drmfd
05-02 19:47:00.129 368 757 D BufferPoolAccessor2.0: bufferpool2 0xb400f2ab576263d8 : 4(14544896 size) total buffers - 4(14544896 size) used buffers - 1355/1369 (recycle/alloc) - 13/1365 (fetch/transfer)
05-02 19:47:00.130 650 737 D BufferPoolAccessor2.0: bufferpool2 0xb400ec86ee787978 : 0(0 size) total buffers - 0(0 size) used buffers - 0/0 (recycle/alloc) - 0/0 (fetch/transfer)
05-02 19:47:00.633 503 503 I chatty : uid=9999(nobody) /vendor/bin/gpsd expire 1508 lines
05-02 19:47:05.129 368 671 D BufferPoolAccessor2.0: bufferpool2 0xb400f2ab576263d8 : 4(14544896 size) total buffers - 3(12447744 size) used buffers - 1365/1379 (recycle/alloc) - 14/1376 (fetch/transfer)
05-02 19:47:05.129 368 671 D BufferPoolAccessor2.0: evictor expired: 1, evicted: 1
05-02 19:47:45.385 0 0 W healthd : battery l=85 v=3 t=35.0 h=2 st=2 c=400000 fc=4000000 cc=32 chg=a
05-02 19:48:00.003 879 879 D KeyguardClockSwitch: Updating clock: 748
05-02 19:48:00.070 365 433 E display : updateScreen invalid drmfd
05-02 19:48:00.127 368 757 D BufferPoolAccessor2.0: bufferpool2 0xb400f2ab576263d8 : 4(14544896 size) total buffers - 4(14544896 size) used buffers - 1365/1380 (recycle/alloc) - 14/1376 (fetch/transfer)
05-02 19:48:00.128 650 737 D BufferPoolAccessor2.0: bufferpool2 0xb400ec86ee787978 : 0(0 size) total buffers - 0(0 size) used buffers - 0/0 (recycle/alloc) - 0/0 (fetch/transfer)
05-02 19:48:00.631 503 503 I chatty : uid=9999(nobody) /vendor/bin/gpsd expire 1304 lines
05-02 19:48:05.128 368 671 D BufferPoolAccessor2.0: bufferpool2 0xb400f2ab576263d8 : 4(14544896 size) total buffers - 3(12447744 size) used buffers - 1375/1390 (recycle/alloc) - 15/1387 (fetch/transfer)
05-02 19:48:05.128 368 671 D BufferPoolAccessor2.0: evictor expired: 1, evicted: 1
05-02 19:48:45.385 0 0 W healthd : battery l=85 v=3 t=35.0 h=2 st=2 c=400000 fc=4000000 cc=32 chg=a
05-02 19:49:00.002 879 879 D KeyguardClockSwitch: Updating clock: 749
05-02 19:49:00.069 365 433 E display : updateScreen invalid drmfd
05-02 19:49:00.127 368 757 D BufferPoolAccessor2.0: bufferpool2 0xb400f2ab576263d8 : 4(14544896 size) total buffers - 4(14544896 size) used buffers - 1375/1391 (recycle/alloc) - 15/1387 (fetch/transfer)
05-02 19:49:00.128 650 737 D BufferPoolAccessor2.0: bufferpool2 0xb400ec86ee787978 : 0(0 size) total buffers - 0(0 size) used buffers - 0/0 (recycle/alloc) - 0/0 (fetch/transfer)
05-02 19:49:00.629 503 503 I chatty : uid=9999(nobody) /vendor/bin/gpsd expire 294 lines
05-02 19:49:05.128 368 671 D BufferPoolAccessor2.0: bufferpool2 0xb400f2ab576263d8 : 4(14544896 size) total buffers - 3(12447744 size) used buffers - 1385/1401 (recycle/alloc) - 16/1398 (fetch/transfer)
05-02 19:49:05.128 368 671 D BufferPoolAccessor2.0: evictor expired: 1, evicted: 1
05-02 19:49:13.690 370 1559 D NxpTml : PN54X - I2C Read successful.....
05-02 19:49:13.690 370 1559 D NxpNciR : len = 4 > 600701A1
05-02 19:49:13.690 370 1559 D NxpTml : PN54X - Posting read message.....
05-02 19:49:13.690 370 1562 D NxpHal : read successful status = 0x0
05-02 19:49:13.690 370 1562 D NfccPowerTracker: NfccPowerTracker::ProcessNtf: Enter
05-02 19:49:13.690 1427 1587 I libnfc_nci: [INFO:nfc_ncif.cc(501)] NFC received ntf gid:0
05-02 19:49:13.690 370 1559 D NxpTml : PN54X - Read requested.....
05-02 19:49:13.690 370 1559 D NxpTml : PN54X - Invoking I2C Read.....
05-02 19:49:13.690 1427 1587 I libnfc_nci: [INFO:nci_hrcv.cc(128)] nci_proc_core_ntf opcode:0x7
05-02 19:49:13.691 1427 1587 I libnfc_nci: [INFO:nfa_dm_act.cc(269)] NFC_GEN_ERROR_REVT(0x500d)
05-02 19:49:13.691 1427 1587 I libnfc_nci: [INFO:nfa_dm_discover.cc(1663)] nfa_dm_disc_data_cback
05-02 19:49:13.691 1427 1587 I libnfc_nci: [INFO:nfa_dm_discover.cc(2512)] state: DISCOVERY (1), event: INTF_ERROR_NTF(10) disc_flags: 0x1
05-02 19:49:13.691 1427 1587 I libnfc_nci: [INFO:nfa_dm_discover.cc(2565)] new state: DISCOVERY (1), disc_flags: 0x1
05-02 19:49:14.629 503 503 I chatty : uid=9999(nobody) /vendor/bin/gpsd expire 239 lines
05-02 19:44:15.765 534 570 I chatty : uid=1000(system) android.io identical 2 lines
05-02 19:44:15.770 534 570 I DropBoxManagerService: add tag=system_server_strictmode isTagEnabled=true flags=0x2
05-02 19:49:19.520 534 590 V DisplayPowerController: Brightness [0.39763778] reason changing to: 'manual', previous reason: 'manual [ dim ]'.
05-02 19:49:19.520 534 590 I sysui_multi_action: [757,1696,758,6,759,3]
05-02 19:49:19.570 1225 1225 W Choreographer: Frame time is 0.230416 ms in the future! Check that graphics HAL is generating vsync timestamps using the correct timebase.
05-02 19:49:19.570 534 590 W Choreographer: Frame time is 0.229916 ms in the future! Check that graphics HAL is generating vsync timestamps using the correct timebase.
05-02 19:49:19.579 365 433 E display : updateScreen invalid drmfd
05-02 19:49:19.604 534 590 W Choreographer: Frame time is 0.294916 ms in the future! Check that graphics HAL is generating vsync timestamps using the correct timebase.
05-02 19:49:19.612 365 433 E display : updateScreen invalid drmfd
05-02 19:49:19.653 368 757 D BufferPoolAccessor2.0: bufferpool2 0xb400f2ab576263d8 : 4(14544896 size) total buffers - 4(14544896 size) used buffers - 1385/1402 (recycle/alloc) - 16/1398 (fetch/transfer)
05-02 19:49:19.654 650 737 D BufferPoolAccessor2.0: bufferpool2 0xb400ec86ee787978 : 0(0 size) total buffers - 0(0 size) used buffers - 0/0 (recycle/alloc) - 0/0 (fetch/transfer)
05-02 19:49:19.708 534 590 W Choreographer: Frame time is 0.237541 ms in the future! Check that graphics HAL is generating vsync timestamps using the correct timebase.
05-02 19:49:19.725 534 590 W Choreographer: Frame time is 0.069166 ms in the future! Check that graphics HAL is generating vsync timestamps using the correct timebase.
05-02 19:49:19.997 1225 1225 W Choreographer: Frame time is 0.112416 ms in the future! Check that graphics HAL is generating vsync timestamps using the correct timebase.
05-02 19:49:19.997 534 590 W Choreographer: Frame time is 0.119041 ms in the future! Check that graphics HAL is generating vsync timestamps using the correct timebase.
05-02 19:49:20.004 365 433 E display : updateScreen invalid drmfd
05-02 19:49:20.014 534 590 W Choreographer: Frame time is 0.032541 ms in the future! Check that graphics HAL is generating vsync timestamps using the correct timebase.
05-02 19:49:20.014 1225 1225 W Choreographer: Frame time is 0.032791 ms in the future! Check that graphics HAL is generating vsync timestamps using the correct timebase.
05-02 19:49:20.022 365 433 E display : updateScreen invalid drmfd
05-02 19:49:20.376 365 433 I chatty : uid=1000(system) HwBinder:365_2 identical 24 lines
05-02 19:49:20.420 1225 1225 I sysui_multi_action: [757,830,758,4,833,0,854,phone_ringtone,1089,0]
05-02 19:49:20.426 365 433 E display : updateScreen invalid drmfd
05-02 19:49:20.428 534 565 I ActivityTaskManager: START u0 {act=android.intent.action.RINGTONE_PICKER cmp=com.android.soundpicker/.RingtonePickerActivity (has extras)} from uid 1000
05-02 19:49:20.433 534 994 I system_server: oneway function results will be dropped but finished with status OK and parcel size 4
05-02 19:49:20.434 534 565 I wm_create_activity: [0,243798239,8,com.android.soundpicker/.RingtonePickerActivity,android.intent.action.RINGTONE_PICKER,NULL,NULL,8388608]
05-02 19:49:20.434 354 1655 E Divyesh tlv audio_hw_primary: start_output_stream: primary: 1, out: 0xec8454a0, device: 2, address: , mode: 0, flags 0x2
05-02 19:49:20.434 354 1655 E Divyesh tlv audio_hw_primary: select_output_device(), headphone 0 ,headset 0 ,speaker 2
05-02 19:49:20.434 354 1655 E Divyesh tlv audio_hw_primary: start_output_stream: pcm_open: card: 0, pcm_device_id: 0, rate: 48000, channel: 2, format: 0, period_size: 0xc0, flag: 9
05-02 19:49:20.435 534 565 I wm_pause_activity: [0,109124949,com.android.settings/.SubSettings,userLeaving=true]
05-02 19:49:20.436 534 995 I system_server: oneway function results will be dropped but finished with status OK and parcel size 4
05-02 19:49:20.439 0 0 E tlv320aic31xx-codec 1-0018: ##Divyesh tlv aic31xx_hw_params: width 16 rate 48000
05-02 19:49:20.442 1225 1225 I wm_on_top_resumed_lost_called: [109124949,com.android.settings.SubSettings,topStateChangedWhenResumed]
05-02 19:49:20.447 393 1923 D NuPlayerDriver: reset(0xea203ad0) at state 4
05-02 19:49:20.449 393 2524 D NuPlayerDriver: notifyResetComplete(0xea203ad0)
05-02 19:49:20.451 393 2231 D NuPlayerDriver: reset(0xea201550) at state 4
05-02 19:49:20.452 393 2518 D NuPlayerDriver: notifyResetComplete(0xea201550)
05-02 19:49:20.452 0 0 E tlv320aic31xx-codec 1-0018: ##Divyesh tlv pll 8.0000/1 dosr 32 n 1 m 8 aosr 32 n 1 m 8 bclk_n 8
05-02 19:49:20.454 393 2231 D NuPlayerDriver: reset(0xea201550) at state 0
05-02 19:49:20.455 393 709 D NuPlayerDriver: reset(0xea202450) at state 4
05-02 19:49:20.456 1225 2493 V MediaPlayer: resetDrmState: mDrmInfo=null mDrmProvisioningThread=null mPrepareDrmInProgress=false mActiveDrmScheme=false
05-02 19:49:20.456 1225 2493 V MediaPlayer: cleanDrmObj: mDrmObj=null mDrmSessionId=null
05-02 19:49:20.456 1225 2493 V MediaPlayer: resetDrmState: mDrmInfo=null mDrmProvisioningThread=null mPrepareDrmInProgress=false mActiveDrmScheme=false
05-02 19:49:20.456 1225 2493 V MediaPlayer: cleanDrmObj: mDrmObj=null mDrmSessionId=null
05-02 19:49:20.457 393 2514 D NuPlayerDriver: notifyResetComplete(0xea202450)
05-02 19:49:20.457 393 709 D NuPlayerDriver: reset(0xea202450) at state 0
05-02 19:49:20.458 1225 2490 V MediaPlayer: resetDrmState: mDrmInfo=null mDrmProvisioningThread=null mPrepareDrmInProgress=false mActiveDrmScheme=false
05-02 19:49:20.458 1225 2490 V MediaPlayer: cleanDrmObj: mDrmObj=null mDrmSessionId=null
05-02 19:49:20.458 1225 2490 V MediaPlayer: resetDrmState: mDrmInfo=null mDrmProvisioningThread=null mPrepareDrmInProgress=false mActiveDrmScheme=false
05-02 19:49:20.458 1225 2490 V MediaPlayer: cleanDrmObj: mDrmObj=null mDrmSessionId=null
05-02 19:49:20.462 0 0 E fsl-sai 30010000.sai: Divyesh tlv > ratio 8 for freq 1536000Hz based on clock 12288000Hz
05-02 19:49:20.463 393 709 D NuPlayerDriver: reset(0xea203030) at state 4
05-02 19:49:20.464 393 2512 D NuPlayerDriver: notifyResetComplete(0xea203030)
05-02 19:49:20.469 393 2231 D NuPlayerDriver: reset(0xea203030) at state 0
05-02 19:49:20.471 0 0 E fsl-sai 30010000.sai: Divyesh tlv best fit: clock id=1, ratio=8, deviation=0
05-02 19:49:20.473 1225 1225 I sysui_multi_action: [757,336,758,2,1089,378252]
05-02 19:49:20.476 393 1923 D NuPlayerDriver: reset(0xea203ad0) at state 0
05-02 19:49:20.479 1225 2498 V MediaPlayer: resetDrmState: mDrmInfo=null mDrmProvisioningThread=null mPrepareDrmInProgress=false mActiveDrmScheme=false
05-02 19:49:20.481 1225 2487 V MediaPlayer: resetDrmState: mDrmInfo=null mDrmProvisioningThread=null mPrepareDrmInProgress=false mActiveDrmScheme=false
05-02 19:49:20.481 1225 2498 V MediaPlayer: cleanDrmObj: mDrmObj=null mDrmSessionId=null
05-02 19:49:20.482 1225 2498 V MediaPlayer: resetDrmState: mDrmInfo=null mDrmProvisioningThread=null mPrepareDrmInProgress=false mActiveDrmScheme=false
05-02 19:49:20.482 1225 2498 V MediaPlayer: cleanDrmObj: mDrmObj=null mDrmSessionId=null
05-02 19:49:20.485 0 0 E tlv320aic31xx-codec 1-0018: ##Divyesh tlv aic31xx_set_bias_level: 1 -> 2
05-02 19:49:20.487 365 433 E display : updateScreen invalid drmfd
05-02 19:49:20.490 1225 1225 I wm_on_paused_called: [109124949,com.android.settings.SubSettings,performPause]
05-02 19:49:20.491 1225 2487 V MediaPlayer: cleanDrmObj: mDrmObj=null mDrmSessionId=null
05-02 19:49:20.491 534 994 W ActivityTaskManager: Tried to set launchTime (0) < mLastActivityLaunchTime (225646)
05-02 19:49:20.492 1225 2487 V MediaPlayer: resetDrmState: mDrmInfo=null mDrmProvisioningThread=null mPrepareDrmInProgress=false mActiveDrmScheme=false
05-02 19:49:20.492 1225 2487 V MediaPlayer: cleanDrmObj: mDrmObj=null mDrmSessionId=null
05-02 19:49:20.494 534 994 I wm_restart_activity: [0,243798239,8,com.android.soundpicker/.RingtonePickerActivity]
05-02 19:49:20.496 534 994 I wm_set_resumed_activity: [0,com.android.soundpicker/.RingtonePickerActivity,minimalResumeActivityLocked]
05-02 19:49:20.497 0 0 E tlv320aic31xx-codec 1-0018: ##Divyesh tlv codec clock -> on (rate 48000)
05-02 19:49:20.504 534 571 I am_uid_active: 10065
05-02 19:49:20.523 534 571 I sysui_multi_action: [757,803,799,window_time_0,802,378]
05-02 19:49:20.532 0 0 E tlv320aic31xx-codec 1-0018: ##Divyesh tlv aic31xx_set_bias_level: 2 -> 3
05-02 19:49:20.540 0 0 E tlv320aic31xx-codec 1-0018: ##Divyesh tlv Enter : aic31xx_dac_mute
05-02 19:49:20.544 365 433 E display : updateScreen invalid drmfd
05-02 19:49:20.548 0 0 E tlv320aic31xx-codec 1-0018: ##Divyesh tlv Enter : aic31xx_dac_mute >> Else function > unmute
05-02 19:49:20.598 365 433 E display : updateScreen invalid drmfd
05-02 19:49:20.633 2232 2232 I wm_on_create_called: [243798239,com.android.soundpicker.RingtonePickerActivity,performCreate]
05-02 19:49:20.637 2232 2232 I wm_on_start_called: [243798239,com.android.soundpicker.RingtonePickerActivity,handleStartActivity]
05-02 19:49:20.639 2232 2232 I wm_on_resume_called: [243798239,com.android.soundpicker.RingtonePickerActivity,RESUME_ACTIVITY]
05-02 19:49:20.651 2232 2232 I wm_on_top_resumed_gained_called: [243798239,com.android.soundpicker.RingtonePickerActivity,topStateChangedWhenResumed]
05-02 19:49:20.663 365 433 E display : updateScreen invalid drmfd
05-02 19:49:20.715 365 433 E display : updateScreen invalid drmfd
05-02 19:49:20.717 364 401 I gralloc_driver: is_supported check descriptor name=com.android.soundpicker/com.android.soundpicker.RingtonePickerActivity#0, width=966, height=1068, droid_format=RGBA8888, usage=COMPOSER_OVERLAY|GPU_RENDER_TARGET|GPU_TEXTURE
05-02 19:49:20.725 364 401 I chatty : uid=1000(system) HwBinder:364_2 identical 2 lines
05-02 19:49:20.728 364 401 I gralloc_driver: is_supported check descriptor name=com.android.soundpicker/com.android.soundpicker.RingtonePickerActivity#0, width=966, height=1068, droid_format=RGBA8888, usage=COMPOSER_OVERLAY|GPU_RENDER_TARGET|GPU_TEXTURE
05-02 19:49:20.739 376 490 W APM::AudioPolicyEngine: getDevicesForStrategy() unknown strategy: -1
05-02 19:49:20.740 534 565 I system_server: oneway function results will be dropped but finished with status OK and parcel size 4
05-02 19:49:20.767 365 433 E display : updateScreen invalid drmfd
05-02 19:49:20.907 365 433 E display : updateScreen invalid drmfd
05-02 19:49:20.928 534 577 I sysui_multi_action: [319,494,322,492,325,786,757,761,758,8,759,2,806,com.android.soundpicker,871,com.android.soundpicker.RingtonePickerActivity,904,com.android.settings,905,0,1320,5,1321,1]
05-02 19:49:20.930 534 577 I wm_activity_launch_time: [0,243798239,com.android.soundpicker/.RingtonePickerActivity,492]
05-02 19:49:20.930 534 577 I ActivityTaskManager: Displayed com.android.soundpicker/.RingtonePickerActivity: +492ms
05-02 19:49:20.955 534 577 I am_pss : [1225,1000,com.android.settings,52080640,37023744,0,195649536,0,2,13]
05-02 19:49:20.970 534 577 I am_pss : [906,10127,com.android.permissioncontroller,15424512,11022336,0,119775232,0,19,10]
05-02 19:49:20.980 365 433 E display : updateScreen invalid drmfd
05-02 19:49:20.988 534 577 I am_pss : [1729,10068,android.process.acore,14964736,9883648,0,125767680,0,19,12]
05-02 19:49:21.000 534 577 I am_pss : [1547,10065,android.process.media,11198464,7475200,0,112173056,0,19,8]
05-02 19:49:21.020 534 573 W Choreographer: Frame time is 0.211916 ms in the future! Check that graphics HAL is generating vsync timestamps using the correct timebase.
05-02 19:49:21.047 365 433 E display : updateScreen invalid drmfd
05-02 19:49:21.450 365 433 E display : updateScreen invalid drmfd
05-02 19:49:22.338 365 433 E display : updateScreen invalid drmfd
05-02 19:49:22.587 365 433 E display : updateScreen invalid drmfd
05-02 19:49:22.657 365 433 E display : updateScreen invalid drmfd
05-02 19:49:22.837 365 433 E display : updateScreen invalid drmfd
05-02 19:49:23.726 0 0 E tlv320aic31xx-codec 1-0018: ##Divyesh tlv Enter : aic31xx_dac_mute
05-02 19:49:23.734 0 0 E tlv320aic31xx-codec 1-0018: ##Divyesh tlv Enter : aic31xx_dac_mute >> if function > mute
05-02 19:49:23.743 354 412 E Divyesh tlv audio_hw_primary: do_out_standby... 0xec8454a0
05-02 19:49:23.744 534 995 I system_server: oneway function results will be dropped but finished with status OK and parcel size 4
05-02 19:49:24.159 365 433 E display : updateScreen invalid drmfd
05-02 19:49:24.502 365 433 E display : updateScreen invalid drmfd
05-02 19:49:24.552 354 1655 E Divyesh tlv audio_hw_primary: start_output_stream: primary: 1, out: 0xec8454a0, device: 2, address: , mode: 0, flags 0x2
05-02 19:49:24.552 354 1655 E Divyesh tlv audio_hw_primary: select_output_device(), headphone 0 ,headset 0 ,speaker 2
05-02 19:49:24.553 354 1655 E Divyesh tlv audio_hw_primary: start_output_stream: pcm_open: card: 0, pcm_device_id: 0, rate: 48000, channel: 2, format: 0, period_size: 0xc0, flag: 9
05-02 19:49:24.556 0 0 E tlv320aic31xx-codec 1-0018: ##Divyesh tlv aic31xx_hw_params: width 16 rate 48000
05-02 19:49:24.557 534 995 I system_server: oneway function results will be dropped but finished with status OK and parcel size 4
05-02 19:49:24.561 534 565 I system_server: oneway function results will be dropped but finished with status OK and parcel size 4
05-02 19:49:24.567 365 433 E display : updateScreen invalid drmfd
05-02 19:49:24.569 0 0 E tlv320aic31xx-codec 1-0018: ##Divyesh tlv pll 8.0000/1 dosr 32 n 1 m 8 aosr 32 n 1 m 8 bclk_n 8
05-02 19:49:24.579 0 0 E fsl-sai 30010000.sai: Divyesh tlv > ratio 8 for freq 1536000Hz based on clock 12288000Hz
05-02 19:49:24.588 0 0 E fsl-sai 30010000.sai: Divyesh tlv best fit: clock id=1, ratio=8, deviation=0
05-02 19:49:24.601 0 0 E tlv320aic31xx-codec 1-0018: ##Divyesh tlv Enter : aic31xx_dac_mute
05-02 19:49:24.609 0 0 E tlv320aic31xx-codec 1-0018: ##Divyesh tlv Enter : aic31xx_dac_mute >> Else function > unmute
05-02 19:49:24.631 365 433 E display : updateScreen invalid drmfd
05-02 19:49:24.632 503 503 I chatty : uid=9999(nobody) /vendor/bin/gpsd expire 682 lines
05-02 19:49:24.633 2232 2232 W Ringtone: Use of stream types is deprecated for operations other than volume control
05-02 19:49:24.633 2232 2232 W Ringtone: See the documentation of setStreamType() for what to use instead with android.media.AudioAttributes to qualify your playback use case
05-02 19:49:24.655 1405 1426 I MediaProvider: Using lower FS for /product/media/audio/ringtones/Kuma.ogg
05-02 19:49:24.658 393 1923 D NuPlayerDriver: NuPlayerDriver(0xea202770) created, clientPid(2232)
05-02 19:49:24.668 393 2544 D GenericSource: FileSource remote
05-02 19:49:24.687 468 1942 E Utils : did not find channel-count and/or sample-rate
05-02 19:49:24.689 468 1942 E Utils : did not find channel-count and/or sample-rate
05-02 19:49:24.700 365 433 E display : updateScreen invalid drmfd
05-02 19:49:24.705 2232 2232 D Ringtone: Successfully created local player
05-02 19:49:24.706 393 1923 D NuPlayerDriver: reset(0xea202770) at state 4
05-02 19:49:24.707 393 2543 D NuPlayerDriver: notifyResetComplete(0xea202770)
05-02 19:49:24.707 393 1923 D NuPlayerDriver: reset(0xea202770) at state 0
05-02 19:49:24.708 2232 2232 V MediaPlayer: resetDrmState: mDrmInfo=null mDrmProvisioningThread=null mPrepareDrmInProgress=false mActiveDrmScheme=false
05-02 19:49:24.708 2232 2232 V MediaPlayer: cleanDrmObj: mDrmObj=null mDrmSessionId=null
05-02 19:49:24.708 2232 2232 V MediaPlayer: resetDrmState: mDrmInfo=null mDrmProvisioningThread=null mPrepareDrmInProgress=false mActiveDrmScheme=false
05-02 19:49:24.708 2232 2232 V MediaPlayer: cleanDrmObj: mDrmObj=null mDrmSessionId=null
05-02 19:49:24.727 1405 1426 I MediaProvider: Using lower FS for /product/media/audio/ringtones/Kuma.ogg
05-02 19:49:24.731 393 1923 D NuPlayerDriver: NuPlayerDriver(0xea203e90) created, clientPid(2232)
05-02 19:49:24.745 393 2548 D GenericSource: FileSource remote
05-02 19:49:24.764 365 433 E display : updateScreen invalid drmfd
05-02 19:49:24.765 468 530 E Utils : did not find channel-count and/or sample-rate
05-02 19:49:24.766 468 530 E Utils : did not find channel-count and/or sample-rate
05-02 19:49:24.770 2232 2232 D Ringtone: Successfully created local player
05-02 19:49:24.771 393 2547 I GenericSource: start
05-02 19:49:24.776 393 2552 D CCodec : allocate(c2.android.vorbis.decoder)
05-02 19:49:24.779 393 2552 I CCodec : setting up 'default' as default (vendor) store
05-02 19:49:24.779 478 925 V C2Store : in init
05-02 19:49:24.779 478 925 V C2Store : loading dll
05-02 19:49:24.783 393 2552 I CCodec : Created component [c2.android.vorbis.decoder]
05-02 19:49:24.783 393 2552 D CCodecConfig: read media type: audio/vorbis
05-02 19:49:24.785 393 2552 D ReflectedParamUpdater: extent() != 1 for single value type: algo.buffers.max-count.values
05-02 19:49:24.786 393 2552 D ReflectedParamUpdater: extent() != 1 for single value type: output.subscribed-indices.values
05-02 19:49:24.786 393 2552 D ReflectedParamUpdater: extent() != 1 for single value type: input.buffers.allocator-ids.values
05-02 19:49:24.786 393 2552 D ReflectedParamUpdater: extent() != 1 for single value type: output.buffers.allocator-ids.values
05-02 19:49:24.786 393 2552 D ReflectedParamUpdater: extent() != 1 for single value type: algo.buffers.allocator-ids.values
05-02 19:49:24.786 393 2552 D ReflectedParamUpdater: extent() != 1 for single value type: output.buffers.pool-ids.values
05-02 19:49:24.786 393 2552 D ReflectedParamUpdater: extent() != 1 for single value type: algo.buffers.pool-ids.values
05-02 19:49:24.789 393 2552 I CCodecConfig: query failed after returning 7 values (BAD_INDEX)
05-02 19:49:24.790 393 2552 D CCodecConfig: c2 config diff is Dict {
05-02 19:49:24.790 393 2552 D CCodecConfig: c2::u32 coded.bitrate.value = 64000
05-02 19:49:24.790 393 2552 D CCodecConfig: c2::u32 input.buffers.max-size.value = 32768
05-02 19:49:24.790 393 2552 D CCodecConfig: c2::u32 input.delay.value = 0
05-02 19:49:24.790 393 2552 D CCodecConfig: string input.media-type.value = "audio/vorbis"
05-02 19:49:24.790 393 2552 D CCodecConfig: string output.media-type.value = "audio/raw"
05-02 19:49:24.790 393 2552 D CCodecConfig: c2::u32 raw.channel-count.value = 1
05-02 19:49:24.790 393 2552 D CCodecConfig: c2::u32 raw.sample-rate.value = 48000
05-02 19:49:24.790 393 2552 D CCodecConfig: }
05-02 19:49:24.791 393 2552 D CCodec : [c2.android.vorbis.decoder] buffers are bound to CCodec for this session
05-02 19:49:24.791 393 2552 D CCodecConfig: no c2 equivalents for durationUs
05-02 19:49:24.791 393 2552 D CCodecConfig: no c2 equivalents for csd-1
05-02 19:49:24.791 393 2552 D CCodecConfig: no c2 equivalents for channel-mask
05-02 19:49:24.791 393 2552 D CCodecConfig: no c2 equivalents for streaming
05-02 19:49:24.792 393 2552 D CCodecConfig: no c2 equivalents for flags
05-02 19:49:24.793 393 2552 D CCodecConfig: c2 config diff is c2::u32 coded.bitrate.value = 70000
05-02 19:49:24.793 393 2552 D CCodecConfig: c2::u32 raw.sample-rate.value = 44100
05-02 19:49:24.795 393 2552 W Codec2Client: query -- param skipped: index = 1107298332.
05-02 19:49:24.796 393 2552 D CCodec : setup formats input: AMessage(what = 0x00000000) = {
05-02 19:49:24.796 393 2552 D CCodec : int32_t bitrate = 70000
05-02 19:49:24.796 393 2552 D CCodec : int32_t channel-count = 1
05-02 19:49:24.796 393 2552 D CCodec : int32_t max-input-size = 32768
05-02 19:49:24.796 393 2552 D CCodec : string mime = "audio/vorbis"
05-02 19:49:24.796 393 2552 D CCodec : int32_t sample-rate = 44100
05-02 19:49:24.796 393 2552 D CCodec : } and output: AMessage(what = 0x00000000) = {
05-02 19:49:24.796 393 2552 D CCodec : int32_t bitrate = 70000
05-02 19:49:24.796 393 2552 D CCodec : int32_t channel-count = 1
05-02 19:49:24.796 393 2552 D CCodec : string mime = "audio/raw"
05-02 19:49:24.796 393 2552 D CCodec : int32_t sample-rate = 44100
05-02 19:49:24.796 393 2552 D CCodec : int32_t channel-mask = 1
05-02 19:49:24.796 393 2552 D CCodec : }
05-02 19:49:24.797 393 2552 I MediaCodec: MediaCodec will operate in async mode
05-02 19:49:24.799 393 2552 W Codec2Client: query -- param skipped: index = 1342179345.
05-02 19:49:24.800 393 2552 W Codec2Client: query -- param skipped: index = 2415921170.
05-02 19:49:24.802 376 490 W APM::AudioPolicyEngine: getDevicesForStrategy() unknown strategy: -1
05-02 19:49:24.803 393 2552 E FMQ : grantorIdx must be less than 3
05-02 19:49:24.804 393 2552 E FMQ : grantorIdx must be less than 3
05-02 19:49:24.805 534 565 I system_server: oneway function results will be dropped but finished with status OK and parcel size 4
05-02 19:49:24.805 478 478 D BufferPoolAccessor2.0: bufferpool2 0xb400e24cc7dc47b8 : 0(0 size) total buffers - 0(0 size) used buffers - 268/272 (recycle/alloc) - 5/271 (fetch/transfer)
05-02 19:49:24.805 478 943 D BufferPoolAccessor2.0: bufferpool2 0xb400e24cc7dc2068 : 0(0 size) total buffers - 0(0 size) used buffers - 191/194 (recycle/alloc) - 3/193 (fetch/transfer)
05-02 19:49:24.805 478 478 D BufferPoolAccessor2.0: Destruction - bufferpool2 0xb400e24cc7dc47b8 cached: 0/0M, 0/0% in use; allocs: 272, 99% recycled; transfers: 271, 98% unfetched
05-02 19:49:24.805 478 943 D BufferPoolAccessor2.0: Destruction - bufferpool2 0xb400e24cc7dc2068 cached: 0/0M, 0/0% in use; allocs: 194, 98% recycled; transfers: 193, 98% unfetched
05-02 19:49:24.806 393 2552 D CCodecBufferChannel: [c2.android.vorbis.decoder#704] Created input block pool with allocatorID 16 => poolID 33 - OK (0)
05-02 19:49:24.807 478 478 D BufferPoolAccessor2.0: bufferpool2 0xb400e24cc7dc29a8 : 0(0 size) total buffers - 0(0 size) used buffers - 4852/4856 (recycle/alloc) - 17/4822 (fetch/transfer)
05-02 19:49:24.807 478 478 D BufferPoolAccessor2.0: Destruction - bufferpool2 0xb400e24cc7dc29a8 cached: 0/0M, 0/0% in use; allocs: 4856, 100% recycled; transfers: 4822, 100% unfetched
05-02 19:49:24.813 478 1637 E FMQ : grantorIdx must be less than 3
05-02 19:49:24.814 478 1637 E FMQ : grantorIdx must be less than 3
05-02 19:49:24.815 393 1964 D BufferPoolAccessor2.0: bufferpool2 0xe55c3628 : 0(0 size) total buffers - 0(0 size) used buffers - 189/197 (recycle/alloc) - 8/392 (fetch/transfer)
05-02 19:49:24.815 393 2280 D BufferPoolAccessor2.0: bufferpool2 0xe55c2548 : 0(0 size) total buffers - 0(0 size) used buffers - 267/275 (recycle/alloc) - 8/548 (fetch/transfer)
05-02 19:49:24.816 393 1964 D BufferPoolAccessor2.0: Destruction - bufferpool2 0xe55c3628 cached: 0/0M, 0/0% in use; allocs: 197, 96% recycled; transfers: 392, 98% unfetched
05-02 19:49:24.816 393 2280 D BufferPoolAccessor2.0: Destruction - bufferpool2 0xe55c2548 cached: 0/0M, 0/0% in use; allocs: 275, 97% recycled; transfers: 548, 99% unfetched
05-02 19:49:24.818 393 2552 I CCodecBufferChannel: [c2.android.vorbis.decoder#704] Created output block pool with allocatorID 16 => poolID 45 - OK
05-02 19:49:24.819 393 1898 D BufferPoolAccessor2.0: bufferpool2 0xe55c0a48 : 0(0 size) total buffers - 0(0 size) used buffers - 4882/4891 (recycle/alloc) - 19/9716 (fetch/transfer)
05-02 19:49:24.820 393 1898 D BufferPoolAccessor2.0: Destruction - bufferpool2 0xe55c0a48 cached: 0/0M, 0/0% in use; allocs: 4891, 100% recycled; transfers: 9716, 100% unfetched
05-02 19:49:24.823 393 2552 D CCodecBufferChannel: [c2.android.vorbis.decoder#704] Configured output block pool ids 45 => OK
05-02 19:49:24.833 365 433 E display : updateScreen invalid drmfd
05-02 19:49:24.841 478 2553 D SimpleC2Component: Using output block pool with poolID 45 => got 45 - 0
05-02 19:49:24.844 393 2552 E FMQ : grantorIdx must be less than 3
05-02 19:49:24.845 478 1637 E FMQ : grantorIdx must be less than 3
05-02 19:49:24.852 478 2553 E FMQ : grantorIdx must be less than 3
05-02 19:49:24.853 393 2554 E FMQ : grantorIdx must be less than 3
05-02 19:49:24.855 393 2552 D CCodecBuffers: [c2.android.vorbis.decoder#704:Output[N]] popFromStashAndRegister: output format changed to AMessage(what = 0x00000000) = {
05-02 19:49:24.855 393 2552 D CCodecBuffers: int32_t bitrate = 70000
05-02 19:49:24.855 393 2552 D CCodecBuffers: int32_t channel-count = 1
05-02 19:49:24.855 393 2552 D CCodecBuffers: string mime = "audio/raw"
05-02 19:49:24.855 393 2552 D CCodecBuffers: int32_t sample-rate = 44100
05-02 19:49:24.855 393 2552 D CCodecBuffers: int32_t channel-mask = 1
05-02 19:49:24.855 393 2552 D CCodecBuffers: }
05-02 19:49:24.861 376 497 E ServiceUtilities: Request requires android.permission.MODIFY_PHONE_STATE or android.permission.WRITE_SECURE_SETTINGS
05-02 19:49:24.862 376 497 W AudioFlinger: createTrack_l(): mismatch between requested flags (00000008) and output flags (00000006)
05-02 19:49:24.863 376 497 D AudioFlinger: Client defaulted notificationFrames to 11025 for frameCount 22050
05-02 19:49:24.867 376 497 D AF::TrackHandle: OpPlayAudio: track:72 usage:6 not muted
05-02 19:49:24.875 376 497 W APM::AudioPolicyEngine: getDevicesForStrategy() unknown strategy: -1
05-02 19:49:24.877 2232 2232 W Choreographer: Frame time is 0.057916 ms in the future! Check that graphics HAL is generating vsync timestamps using the correct timebase.
05-02 19:49:24.879 534 565 I system_server: oneway function results will be dropped but finished with status OK and parcel size 4
05-02 19:49:24.882 393 2550 D AudioTrack: getTimestamp_l(25): device stall time corrected using current time 790818159125
05-02 19:49:24.904 365 433 E display : updateScreen invalid drmfd
05-02 19:49:24.944 534 994 I wm_finish_activity: [0,243798239,8,com.android.soundpicker/.RingtonePickerActivity,app-request]
05-02 19:49:24.945 376 497 W APM::AudioPolicyEngine: getDevicesForStrategy() unknown strategy: -1
05-02 19:49:24.947 364 401 I gralloc_driver: is_supported check descriptor name=screenshot, width=1920, height=1080, droid_format=RGBA8888, usage=CPU_READ_OFTEN|CPU_WRITE_OFTEN|GPU_RENDER_TARGET|GPU_TEXTURE
05-02 19:49:24.959 534 995 I system_server: oneway function results will be dropped but finished with status OK and parcel size 4
05-02 19:49:24.959 368 757 D BufferPoolAccessor2.0: bufferpool2 0xb400f2ab576263d8 : 4(14544896 size) total buffers - 4(14544896 size) used buffers - 1455/1472 (recycle/alloc) - 17/1468 (fetch/transfer)
05-02 19:49:24.984 365 433 E display : updateScreen invalid drmfd
05-02 19:49:25.036 365 433 E display : updateScreen invalid drmfd
05-02 19:49:25.112 534 994 I wm_pause_activity: [0,243798239,com.android.soundpicker/.RingtonePickerActivity,userLeaving=false]
05-02 19:49:25.115 534 572 W system_server: Long monitor contention with owner Binder:534_C (994) at boolean com.android.server.wm.ActivityTaskManagerService.finishActivity(android.os.IBinder, int, android.content.Intent, int)(ActivityTaskManagerService.java:1759) waiters=0 in void com.android.server.wm.InputMonitor$UpdateInputWindows.run() for 170ms
05-02 19:49:25.116 534 572 I dvm_lock_sample: [system_server,1,android.anim,170,InputMonitor.java,127,void com.android.server.wm.InputMonitor$UpdateInputWindows.run(),ActivityTaskManagerService.java,1759,boolean com.android.server.wm.ActivityTaskManagerService.finishActivity(android.os.IBinder, int, android.content.Intent, int),34]
05-02 19:49:25.117 2232 2232 I wm_on_top_resumed_lost_called: [243798239,com.android.soundpicker.RingtonePickerActivity,topStateChangedWhenResumed]
05-02 19:49:25.118 393 1923 D NuPlayerDriver: reset(0xea203e90) at state 5
05-02 19:49:25.124 376 490 W APM::AudioPolicyEngine: getDevicesForStrategy() unknown strategy: -1
05-02 19:49:25.125 534 994 I system_server: oneway function results will be dropped but finished with status OK and parcel size 4
05-02 19:49:25.129 393 2552 D CCodecBuffers: [c2.android.vorbis.decoder#704:1D-Output.Impl[N]] Client returned a buffer it does not own according to our record: 0
05-02 19:49:25.147 393 2555 I hw-BpHwBinder: onLastStrongRef automatically unlinking death recipients
05-02 19:49:25.147 478 1637 I hw-BpHwBinder: onLastStrongRef automatically unlinking death recipients
05-02 19:49:25.156 393 2547 D NuPlayerDriver: notifyResetComplete(0xea203e90)
05-02 19:49:25.158 393 1923 D NuPlayerDriver: reset(0xea203e90) at state 0
05-02 19:49:25.158 365 433 E display : updateScreen invalid drmfd
05-02 19:49:25.160 2232 2232 V MediaPlayer: resetDrmState: mDrmInfo=null mDrmProvisioningThread=null mPrepareDrmInProgress=false mActiveDrmScheme=false
05-02 19:49:25.160 2232 2232 V MediaPlayer: cleanDrmObj: mDrmObj=null mDrmSessionId=null
05-02 19:49:25.161 2232 2232 V MediaPlayer: resetDrmState: mDrmInfo=null mDrmProvisioningThread=null mPrepareDrmInProgress=false mActiveDrmScheme=false
05-02 19:49:25.161 2232 2232 V MediaPlayer: cleanDrmObj: mDrmObj=null mDrmSessionId=null
05-02 19:49:25.161 2232 2232 I wm_on_paused_called: [243798239,com.android.soundpicker.RingtonePickerActivity,performPause]
05-02 19:49:25.161 478 1637 V C2Store : in ~ComponentModule
05-02 19:49:25.161 478 1637 V C2Store : unloading dll
05-02 19:49:25.163 393 1923 D AudioTrack: stop(25): called with 0 frames delivered
05-02 19:49:25.174 534 994 I wm_set_resumed_activity: [0,com.android.settings/.SubSettings,resumeTopActivityInnerLocked]
05-02 19:49:25.175 534 994 I wm_resume_activity: [0,109124949,8,com.android.settings/.SubSettings]
05-02 19:49:25.178 534 994 I wm_destroy_activity: [0,243798239,8,com.android.soundpicker/.RingtonePickerActivity,finish-imm:completePausedLocked]
05-02 19:49:25.178 1225 1225 I wm_on_activity_result_called: [109124949,com.android.settings.SubSettings,ACTIVITY_RESULT]
05-02 19:49:25.184 1225 1225 I wm_on_resume_called: [109124949,com.android.settings.SubSettings,RESUME_ACTIVITY]
05-02 19:49:25.212 365 433 E display : updateScreen invalid drmfd
05-02 19:49:25.239 376 490 W APM::AudioPolicyEngine: getDevicesForStrategy() unknown strategy: -1
05-02 19:49:25.242 534 995 I system_server: oneway function results will be dropped but finished with status OK and parcel size 4
05-02 19:49:25.244 1225 1225 I sysui_multi_action: [757,336,758,1,833,35,1089,0]
05-02 19:49:25.245 534 571 I dvm_lock_sample: [system_server,1,android.display,76,WindowManagerService.java,4793,void com.android.server.wm.WindowManagerService$H.handleMessage(android.os.Message),ActivityTaskManagerService.java,1844,void com.android.server.wm.ActivityTaskManagerService.activityPaused(android.os.IBinder),15]
05-02 19:49:25.291 365 433 E display : updateScreen invalid drmfd
05-02 19:49:25.297 879 950 I ndroid.systemu: Waiting for a blocking GC ProfileSaver
