05-02 19:39:18.526 534 577 I netstats_wifi_sample: [0,0,0,0,0,0,0,0,0,0,0,0,1651520358525]
05-02 19:39:18.562 534 570 I DropBoxManagerService: add tag=system_app_strictmode isTagEnabled=true flags=0x2
05-02 19:39:18.592 879 879 D SystemUIBootTiming: StartServicescom.android.systemui.volume.VolumeUI took to complete: 394ms
05-02 19:39:18.592 879 879 D SystemUIBootTiming: StartServicescom.android.systemui.stackdivider.Divider took to complete: 1ms
05-02 19:39:18.631 534 570 I DropBoxManagerService: add tag=system_app_strictmode isTagEnabled=true flags=0x2
05-02 19:39:18.631 534 577 I netstats_mobile_sample: [0,0,0,0,0,0,0,0,0,0,0,0,1651520358631]
05-02 19:39:18.632 534 577 I netstats_wifi_sample: [0,0,0,0,0,0,0,0,0,0,0,0,1651520358631]
05-02 19:39:18.636 534 961 I sysui_multi_action: [757,1243,758,4,806,com.android.gallery3d,1241,android.permission.WRITE_EXTERNAL_STORAGE]
05-02 19:39:18.647 534 990 I sysui_multi_action: [757,1243,758,4,806,com.android.gallery3d,1241,android.permission.READ_EXTERNAL_STORAGE]
05-02 19:39:18.697 534 577 I netstats_mobile_sample: [0,0,0,0,0,0,0,0,0,0,0,0,1651520358697]
05-02 19:39:18.697 534 577 I netstats_wifi_sample: [0,0,0,0,0,0,0,0,0,0,0,0,1651520358697]
05-02 19:39:18.706 534 570 I chatty : uid=1000(system) android.io identical 1 line
05-02 19:39:18.709 534 577 D TelephonyRegistry: listen oscl: mHasNotifySubscriptionInfoChangedOccurred==false no callback
05-02 19:39:18.784 534 570 I DropBoxManagerService: add tag=system_app_strictmode isTagEnabled=true flags=0x2
05-02 19:39:18.806 879 879 W CarrierConfigManager: Error getting config for subId -1 ICarrierConfigLoader is null
05-02 19:39:18.813 534 577 D CountryDetector: Using custom country detector class: com.android.server.location.ComprehensiveCountryDetector
05-02 19:39:18.831 534 823 D ConnectivityService: NetReassign [no changes]
05-02 19:39:18.832 534 991 D ConnectivityService: requestNetwork for uid/pid:10121/879 NetworkRequest [ TRACK_DEFAULT id=11, [ Capabilities: INTERNET&NOT_RESTRICTED&TRUSTED Uid: 10121 AdministratorUids: [] RequestorUid: 10121 RequestorPackageName: com.android.systemui] ]
05-02 19:39:18.833 534 823 D ConnectivityService: NetReassign [no changes]
05-02 19:39:18.854 534 961 D ConnectivityService: requestNetwork for uid/pid:10121/879 NetworkRequest [ TRACK_DEFAULT id=12, [ Capabilities: INTERNET&NOT_RESTRICTED&TRUSTED Uid: 10121 AdministratorUids: [] RequestorUid: 10121 RequestorPackageName: com.android.systemui] ]
05-02 19:39:18.857 534 823 D ConnectivityService: NetReassign [no changes]
05-02 19:39:18.864 534 991 D TelephonyRegistry: listen oscl: mHasNotifySubscriptionInfoChangedOccurred==false no callback
05-02 19:39:18.875 534 570 I DropBoxManagerService: add tag=system_app_strictmode isTagEnabled=true flags=0x2
05-02 19:39:18.949 534 961 I StatusBarManagerService: registerStatusBar bar=com.android.internal.statusbar.IStatusBar$Stub$Proxy@a83597f
05-02 19:39:18.963 534 570 I DropBoxManagerService: add tag=system_app_strictmode isTagEnabled=true flags=0x2
05-02 19:39:19.025 534 570 I DropBoxManagerService: add tag=system_app_strictmode isTagEnabled=true flags=0x2
05-02 19:39:19.052 534 534 W SystemServiceManager: Service com.android.server.role.RoleManagerService took 665 ms in onStartUser-0
05-02 19:39:19.052 534 534 D SystemServerTiming: ssm.onStartUser-0_com.android.server.role.RoleManagerService took to complete: 665ms
05-02 19:39:19.052 534 534 I SystemServerTiming: ssm.onStartUser-0_com.android.server.voiceinteraction.VoiceInteractionManagerService
05-02 19:39:19.052 534 534 W VoiceInteractionManager: no available voice interaction services found for user 0
05-02 19:39:19.053 534 534 W VoiceInteractionManager: no available voice recognition services found for user 0
05-02 19:39:19.053 534 534 D SystemServerTiming: ssm.onStartUser-0_com.android.server.voiceinteraction.VoiceInteractionManagerService took to complete: 1ms
05-02 19:39:19.053 534 534 I SystemServerTiming: ssm.onStartUser-0_com.android.server.GestureLauncherService
05-02 19:39:19.053 534 534 D SystemServerTiming: ssm.onStartUser-0_com.android.server.GestureLauncherService took to complete: 0ms
05-02 19:39:19.053 534 534 I SystemServerTiming: ssm.onStartUser-0_com.android.server.SensorNotificationService
05-02 19:39:19.053 534 534 D SystemServerTiming: ssm.onStartUser-0_com.android.server.SensorNotificationService took to complete: 0ms
05-02 19:39:19.053 534 534 I SystemServerTiming: ssm.onStartUser-0_com.android.server.emergency.EmergencyAffordanceService
05-02 19:39:19.053 534 534 D SystemServerTiming: ssm.onStartUser-0_com.android.server.emergency.EmergencyAffordanceService took to complete: 0ms
05-02 19:39:19.053 534 534 I SystemServerTiming: ssm.onStartUser-0_com.android.server.dreams.DreamManagerService
05-02 19:39:19.053 534 534 D SystemServerTiming: ssm.onStartUser-0_com.android.server.dreams.DreamManagerService took to complete: 0ms
05-02 19:39:19.053 534 534 I SystemServerTiming: ssm.onStartUser-0_com.android.server.blob.BlobStoreManagerService
05-02 19:39:19.053 534 534 D SystemServerTiming: ssm.onStartUser-0_com.android.server.blob.BlobStoreManagerService took to complete: 0ms
05-02 19:39:19.053 534 534 I SystemServerTiming: ssm.onStartUser-0_com.android.server.print.PrintManagerService
05-02 19:39:19.053 534 534 D SystemServerTiming: ssm.onStartUser-0_com.android.server.print.PrintManagerService took to complete: 0ms
05-02 19:39:19.053 534 534 I SystemServerTiming: ssm.onStartUser-0_com.android.server.companion.CompanionDeviceManagerService
05-02 19:39:19.053 534 534 D SystemServerTiming: ssm.onStartUser-0_com.android.server.companion.CompanionDeviceManagerService took to complete: 0ms
05-02 19:39:19.053 534 534 I SystemServerTiming: ssm.onStartUser-0_com.android.server.restrictions.RestrictionsManagerService
05-02 19:39:19.053 534 534 D SystemServerTiming: ssm.onStartUser-0_com.android.server.restrictions.RestrictionsManagerService took to complete: 0ms
05-02 19:39:19.053 534 534 I SystemServerTiming: ssm.onStartUser-0_com.android.server.media.MediaSessionService
05-02 19:39:19.053 534 534 D SystemServerTiming: ssm.onStartUser-0_com.android.server.media.MediaSessionService took to complete: 0ms
05-02 19:39:19.054 534 534 I SystemServerTiming: ssm.onStartUser-0_com.android.server.media.MediaResourceMonitorService
05-02 19:39:19.054 534 534 D SystemServerTiming: ssm.onStartUser-0_com.android.server.media.MediaResourceMonitorService took to complete: 0ms
05-02 19:39:19.054 534 534 I SystemServerTiming: ssm.onStartUser-0_com.android.server.biometrics.BiometricService
05-02 19:39:19.054 534 534 D SystemServerTiming: ssm.onStartUser-0_com.android.server.biometrics.BiometricService took to complete: 0ms
05-02 19:39:19.054 534 534 I SystemServerTiming: ssm.onStartUser-0_com.android.server.biometrics.AuthService
05-02 19:39:19.054 534 534 D SystemServerTiming: ssm.onStartUser-0_com.android.server.biometrics.AuthService took to complete: 0ms
05-02 19:39:19.054 534 534 I SystemServerTiming: ssm.onStartUser-0_com.android.server.pm.ShortcutService$Lifecycle
05-02 19:39:19.054 534 534 D SystemServerTiming: ssm.onStartUser-0_com.android.server.pm.ShortcutService$Lifecycle took to complete: 0ms
05-02 19:39:19.054 534 534 I SystemServerTiming: ssm.onStartUser-0_com.android.server.pm.LauncherAppsService
05-02 19:39:19.054 534 534 D SystemServerTiming: ssm.onStartUser-0_com.android.server.pm.LauncherAppsService took to complete: 0ms
05-02 19:39:19.054 534 534 I SystemServerTiming: ssm.onStartUser-0_com.android.server.pm.CrossProfileAppsService
05-02 19:39:19.054 534 534 D SystemServerTiming: ssm.onStartUser-0_com.android.server.pm.CrossProfileAppsService took to complete: 0ms
05-02 19:39:19.054 534 534 I SystemServerTiming: ssm.onStartUser-0_com.android.server.people.PeopleService
05-02 19:39:19.054 534 534 D SystemServerTiming: ssm.onStartUser-0_com.android.server.people.PeopleService took to complete: 0ms
05-02 19:39:19.054 534 534 I SystemServerTiming: ssm.onStartUser-0_com.android.server.media.projection.MediaProjectionManagerService
05-02 19:39:19.054 534 534 D SystemServerTiming: ssm.onStartUser-0_com.android.server.media.projection.MediaProjectionManagerService took to complete: 0ms
05-02 19:39:19.054 534 534 I SystemServerTiming: ssm.onStartUser-0_com.android.server.slice.SliceManagerService$Lifecycle
05-02 19:39:19.054 534 534 D SystemServerTiming: ssm.onStartUser-0_com.android.server.slice.SliceManagerService$Lifecycle took to complete: 0ms
05-02 19:39:19.054 534 534 I SystemServerTiming: ssm.onStartUser-0_com.android.server.camera.CameraServiceProxy
05-02 19:39:19.055 534 534 D SystemServerTiming: ssm.onStartUser-0_com.android.server.camera.CameraServiceProxy took to complete: 1ms
05-02 19:39:19.055 534 534 I SystemServerTiming: ssm.onStartUser-0_com.android.server.stats.StatsCompanion$Lifecycle
05-02 19:39:19.055 534 534 D SystemServerTiming: ssm.onStartUser-0_com.android.server.stats.StatsCompanion$Lifecycle took to complete: 0ms
05-02 19:39:19.055 534 534 I SystemServerTiming: ssm.onStartUser-0_com.android.server.stats.pull.StatsPullAtomService
05-02 19:39:19.056 534 534 D SystemServerTiming: ssm.onStartUser-0_com.android.server.stats.pull.StatsPullAtomService took to complete: 0ms
05-02 19:39:19.056 534 534 I SystemServerTiming: ssm.onStartUser-0_com.android.server.incident.IncidentCompanionService
05-02 19:39:19.056 534 534 D SystemServerTiming: ssm.onStartUser-0_com.android.server.incident.IncidentCompanionService took to complete: 0ms
05-02 19:39:19.056 534 534 I SystemServerTiming: ssm.onStartUser-0_com.android.server.MmsServiceBroker
05-02 19:39:19.056 534 534 D SystemServerTiming: ssm.onStartUser-0_com.android.server.MmsServiceBroker took to complete: 0ms
05-02 19:39:19.056 534 534 I SystemServerTiming: ssm.onStartUser-0_com.android.server.autofill.AutofillManagerService
05-02 19:39:19.056 534 534 D SystemServerTiming: ssm.onStartUser-0_com.android.server.autofill.AutofillManagerService took to complete: 0ms
05-02 19:39:19.056 534 534 I SystemServerTiming: ssm.onStartUser-0_com.android.server.clipboard.ClipboardService
05-02 19:39:19.056 534 534 D SystemServerTiming: ssm.onStartUser-0_com.android.server.clipboard.ClipboardService took to complete: 0ms
05-02 19:39:19.056 534 534 I SystemServerTiming: ssm.onStartUser-0_com.android.server.appbinding.AppBindingService$Lifecycle
05-02 19:39:19.057 534 534 D SystemServerTiming: ssm.onStartUser-0_com.android.server.appbinding.AppBindingService$Lifecycle took to complete: 1ms
05-02 19:39:19.057 534 534 I SystemServerTiming: ssm.onStartUser-0_com.android.server.policy.PermissionPolicyService
05-02 19:39:19.057 534 534 D SystemServerTiming: ssm.onStartUser-0_com.android.server.policy.PermissionPolicyService took to complete: 0ms
05-02 19:39:19.057 534 534 I SystemServerTiming: ssm.onStartUser-0_com.android.server.pm.StagingManager$Lifecycle
05-02 19:39:19.057 534 534 D SystemServerTiming: ssm.onStartUser-0_com.android.server.pm.StagingManager$Lifecycle took to complete: 0ms
05-02 19:39:19.057 534 534 D SystemServerTiming: ssm.StartUser-0 took to complete: 832ms
05-02 19:39:19.057 534 534 I SystemServerTiming: startPersistentApps
05-02 19:39:19.058 534 534 I am_uid_running: 1068
05-02 19:39:19.059 534 534 D CompatibilityChangeReporter: Compat change id reported: 135634846; UID 1068; state: DISABLED
05-02 19:39:19.060 534 534 D CompatibilityChangeReporter: Compat change id reported: 135754954; UID 1068; state: ENABLED
05-02 19:39:19.060 534 579 W ActivityManager: com.android.se inode == 0 (b/152760674)
05-02 19:39:19.061 534 534 I am_uid_running: 1001
05-02 19:39:19.069 534 534 D CompatibilityChangeReporter: Compat change id reported: 135634846; UID 1001; state: DISABLED
05-02 19:39:19.070 534 534 D CompatibilityChangeReporter: Compat change id reported: 135754954; UID 1001; state: ENABLED
05-02 19:39:19.071 534 534 D SystemServerTiming: startPersistentApps took to complete: 13ms
05-02 19:39:19.071 534 534 I SystemServerTiming: startHomeOnAllDisplays
05-02 19:39:19.072 534 570 E BluetoothManagerService: MESSAGE_TIMEOUT_BIND
05-02 19:39:19.077 534 534 I ActivityTaskManager: START u0 {act=android.intent.action.MAIN cat=[android.intent.category.HOME] flg=0x10000100 cmp=com.android.settings/.CryptKeeper} from uid 0
05-02 19:39:19.094 534 534 I wm_task_created: [2,0]
05-02 19:39:19.094 534 534 I wm_stack_created: 2
05-02 19:39:19.112 534 534 I wm_task_moved: [2,1,2147483647]
05-02 19:39:19.120 534 534 I wm_create_task: [0,2]
05-02 19:39:19.121 534 534 I wm_create_activity: [0,193968627,2,com.android.settings/.CryptKeeper,android.intent.action.MAIN,NULL,NULL,276824320]
05-02 19:39:19.132 534 534 I wm_task_moved: [2,1,2147483647]
05-02 19:39:19.137 534 579 W ActivityManager: Slow operation: 79ms so far, now at startProcess: returned from zygote!
05-02 19:39:19.137 534 534 D SystemServerTiming: startHomeOnAllDisplays took to complete: 66ms
05-02 19:39:19.137 534 534 I SystemServerTiming: showSystemReadyErrorDialogs
05-02 19:39:19.251 534 534 D SystemServerTiming: showSystemReadyErrorDialogs took to complete: 114ms
05-02 19:39:19.251 534 534 I SystemServerTiming: sendUserStartBroadcast
05-02 19:39:19.252 534 534 D SystemServerTiming: sendUserStartBroadcast took to complete: 0ms
05-02 19:39:19.252 534 534 I SystemServerTiming: resumeTopActivities
05-02 19:39:19.252 534 571 I dvm_lock_sample: [system_server,1,android.display,152,TaskChangeNotificationController.java,329,void com.android.server.wm.TaskChangeNotificationController.forAllRemoteListeners(com.android.server.wm.TaskChangeNotificationController$TaskStackConsumer, android.os.Message),ActivityTaskManagerService.java,6503,void com.android.server.wm.ActivityTaskManagerService$LocalService.showSystemReadyErrorDialogsIfNeeded(),30]
05-02 19:39:19.253 534 534 D SystemServerTiming: resumeTopActivities took to complete: 1ms
05-02 19:39:19.254 534 534 I SystemServerTiming: sendUserSwitchBroadcasts
05-02 19:39:19.254 534 534 I uc_send_user_broadcast: [0,android.intent.action.USER_FOREGROUND]
05-02 19:39:19.254 534 534 I uc_send_user_broadcast: [0,android.intent.action.USER_SWITCHED]
05-02 19:39:19.254 534 534 D SystemServerTiming: sendUserSwitchBroadcasts took to complete: 1ms
05-02 19:39:19.254 534 534 I SystemServerTiming: setBinderProxies
05-02 19:39:19.254 534 534 D SystemServerTiming: setBinderProxies took to complete: 0ms
05-02 19:39:19.254 534 534 D SystemServerTiming: ActivityManagerStartApps took to complete: 1029ms
05-02 19:39:19.254 534 534 D SystemServerTiming: PhaseActivityManagerReady took to complete: 3543ms
05-02 19:39:19.255 534 534 D SystemServerTiming: startOtherServices took to complete: 138210ms
05-02 19:39:19.255 534 534 D SystemServerTiming: StartServices took to complete: 147614ms
05-02 19:39:19.257 534 571 D CompatibilityChangeReporter: Compat change id reported: 135634846; UID 1000; state: DISABLED
05-02 19:39:19.257 534 571 D CompatibilityChangeReporter: Compat change id reported: 135754954; UID 1000; state: ENABLED
05-02 19:39:19.258 534 534 W Looper : Slow delivery took 145159ms main h=android.app.PropertyInvalidatedCache$AutoCorker$1 c=null m=0
05-02 19:39:19.260 534 961 W ActivityManager: Slow operation: 201ms so far, now at startProcess: done updating battery stats
05-02 19:39:19.260 534 961 I am_proc_start: [0,1146,1068,com.android.se,added application,com.android.se]
05-02 19:39:19.261 534 961 W ActivityManager: Slow operation: 202ms so far, now at startProcess: building log message
05-02 19:39:19.261 534 961 I ActivityManager: Start proc 1146:com.android.se/1068 for added application com.android.se
05-02 19:39:19.261 534 961 W ActivityManager: Slow operation: 202ms so far, now at startProcess: starting to update pids map
05-02 19:39:19.261 534 961 W ActivityManager: Slow operation: 203ms so far, now at startProcess: done updating pids map
05-02 19:39:19.268 534 961 I am_proc_bound: [0,1146,com.android.se]
05-02 19:39:19.283 534 961 I am_uid_active: 1068
05-02 19:39:19.295 534 579 I dvm_lock_sample: [system_server,1,ActivityManager:procStart,155,ProcessList.java,2060,void com.android.server.am.ProcessList.handleProcessStart(com.android.server.am.ProcessRecord, java.lang.String, int[], int, int, int, java.lang.String, java.lang.String, java.lang.String, long),,0,null,31]
05-02 19:39:19.295 534 579 W ActivityManager: Slow operation: 234ms so far, now at startProcess: asking zygote to start proc
05-02 19:39:19.295 534 579 W ActivityManager: com.android.ons inode == 0 (b/152760674)
05-02 19:39:19.296 534 571 I dvm_lock_sample: [system_server,1,android.display,36,ActivityManagerService.java,19621,void com.android.server.am.ActivityManagerService$LocalService.startProcess(java.lang.String, android.content.pm.ApplicationInfo, boolean, boolean, java.lang.String, android.content.ComponentName),,0,null,7]
05-02 19:39:19.320 534 568 W QuotaTracker: Alarm not scheduled because boot isn't completed
05-02 19:39:19.325 534 579 W ActivityManager: Slow operation: 265ms so far, now at startProcess: returned from zygote!
05-02 19:39:19.326 534 579 W ActivityManager: Slow operation: 265ms so far, now at startProcess: done updating battery stats
05-02 19:39:19.326 534 579 I am_proc_start: [0,1168,1001,com.android.phone,added application,com.android.phone]
05-02 19:39:19.326 534 579 I Watchdog: Interesting Java process com.android.phone started. Pid 1168
05-02 19:39:19.326 534 579 W ActivityManager: Slow operation: 265ms so far, now at startProcess: building log message
05-02 19:39:19.326 534 579 I ActivityManager: Start proc 1168:com.android.phone/1001 for added application com.android.phone
05-02 19:39:19.326 534 579 W ActivityManager: Slow operation: 265ms so far, now at startProcess: starting to update pids map
05-02 19:39:19.326 534 579 W ActivityManager: Slow operation: 266ms so far, now at startProcess: done updating pids map
05-02 19:39:19.327 534 579 W ActivityManager: Slow operation: 72ms so far, now at startProcess: asking zygote to start proc
05-02 19:39:19.327 534 579 W ActivityManager: com.android.dynsystem inode == 0 (b/152760674)
05-02 19:39:19.333 534 991 D ConnectivityService: requestNetwork for uid/pid:1073/1087 NetworkRequest [ TRACK_DEFAULT id=13, [ Capabilities: INTERNET&NOT_RESTRICTED&TRUSTED Uid: 1073 AdministratorUids: [] RequestorUid: 1073 RequestorPackageName: com.android.networkstack] ]
05-02 19:39:19.334 534 823 D ConnectivityService: NetReassign [no changes]
05-02 19:39:19.337 534 823 D ConnectivityService: NetReassign [no changes]
05-02 19:39:19.339 534 990 I sysui_multi_action: [757,856,758,1,806,com.android.networkstack,857,connected_note_loud,858,4]
05-02 19:39:19.342 534 990 I sysui_multi_action: [757,856,758,1,806,com.android.networkstack,857,connected_note,858,3]
05-02 19:39:19.391 534 579 W ActivityManager: Slow operation: 136ms so far, now at startProcess: returned from zygote!
05-02 19:39:19.392 534 579 W ActivityManager: Slow operation: 137ms so far, now at startProcess: done updating battery stats
05-02 19:39:19.392 534 579 I am_proc_start: [0,1191,1000,com.android.settings:CryptKeeper,top-activity,{com.android.settings/com.android.settings.CryptKeeper}]
05-02 19:39:19.392 534 579 W ActivityManager: Slow operation: 137ms so far, now at startProcess: building log message
05-02 19:39:19.392 534 579 I ActivityManager: Start proc 1191:com.android.settings:CryptKeeper/1000 for top-activity {com.android.settings/com.android.settings.CryptKeeper}
05-02 19:39:19.392 534 579 W ActivityManager: Slow operation: 137ms so far, now at startProcess: starting to update pids map
05-02 19:39:19.392 534 579 W ActivityManager: Slow operation: 137ms so far, now at startProcess: done updating pids map
05-02 19:39:19.406 534 990 I am_proc_bound: [0,1168,com.android.phone]
05-02 19:39:19.417 534 990 I am_uid_active: 1001
05-02 19:39:19.421 534 570 I commit_sys_config_file: [notification-policy,80]
05-02 19:39:19.463 1191 1191 I service_manager_slow: [17,activity]
05-02 19:39:19.466 534 961 I am_proc_bound: [0,1191,com.android.settings:CryptKeeper]
05-02 19:39:19.478 534 961 I wm_restart_activity: [0,193968627,2,com.android.settings/.CryptKeeper]
05-02 19:39:19.484 534 961 I wm_set_resumed_activity: [0,com.android.settings/.CryptKeeper,minimalResumeActivityLocked]
05-02 19:39:19.498 534 534 W Looper : Slow dispatch took 168ms main h=android.database.sqlite.SQLiteConnectionPool$IdleConnectionHandler c=null m=2
05-02 19:39:19.498 534 534 D ConditionProviders.SCP: onConnected
05-02 19:39:19.507 534 534 I notification_cancel_all: [1000,534,android,0,0,0,17,NULL]
05-02 19:39:19.510 534 570 I commit_sys_config_file: [notification-policy,89]
05-02 19:39:19.510 534 570 I DropBoxManagerService: add tag=system_app_strictmode isTagEnabled=true flags=0x2
05-02 19:39:19.544 534 534 D ConditionProviders: Subscribing to condition://android/event?userId=-10000&calendar=&reply=1 with ComponentInfo{android/com.android.server.notification.EventConditionProvider}
05-02 19:39:19.545 534 534 D ConditionProviders: Subscribing to condition://android/schedule?days=1.2.3.4.5.6.7&start=22.0&end=7.0&exitAtAlarm=true with ComponentInfo{android/com.android.server.notification.ScheduleConditionProvider}
05-02 19:39:19.598 534 570 I DropBoxManagerService: add tag=system_app_strictmode isTagEnabled=true flags=0x2
05-02 19:39:19.670 534 961 I sysui_multi_action: [757,856,758,1,806,com.android.networkstack.tethering,857,TETHERING_STATUS,858,2]
05-02 19:39:19.694 534 534 D StorageManagerService: Isolated storage local flag 0 and remote flag 0 resolved to true
05-02 19:39:19.715 534 995 D PackageManager: Instant App installer not found with android.intent.action.INSTALL_INSTANT_APP_PACKAGE
05-02 19:39:19.715 534 995 D PackageManager: Clear ephemeral installer activity
05-02 19:39:19.716 534 995 I wm_finish_activity: [0,193968627,2,com.android.settings/.CryptKeeper,app-request]
05-02 19:39:19.718 534 570 I DropBoxManagerService: add tag=system_app_strictmode isTagEnabled=true flags=0x2
05-02 19:39:19.718 534 995 I wm_pause_activity: [0,193968627,com.android.settings/.CryptKeeper,userLeaving=false]
05-02 19:39:19.722 1191 1191 I wm_on_create_called: [193968627,com.android.settings.CryptKeeper,performCreate]
05-02 19:39:19.723 534 571 I sysui_multi_action: [757,1144,758,7,806,com.android.settings,871,com.android.settings.CryptKeeper]
05-02 19:39:19.747 534 995 I ActivityTaskManager: START u0 {act=android.intent.action.MAIN cat=[android.intent.category.HOME] flg=0x10000100 cmp=com.android.settings/.FallbackHome} from uid 0
05-02 19:39:19.749 534 995 I wm_task_created: [3,0]
05-02 19:39:19.749 534 995 I wm_stack_created: 3
05-02 19:39:19.751 534 995 I wm_task_moved: [3,1,2147483647]
05-02 19:39:19.753 534 995 I wm_create_task: [0,3]
05-02 19:39:19.753 534 995 I wm_create_activity: [0,197813651,3,com.android.settings/.FallbackHome,android.intent.action.MAIN,NULL,NULL,276824320]
05-02 19:39:19.754 534 995 I wm_task_moved: [3,1,2147483647]
05-02 19:39:19.762 534 968 D ConnectivityService: requestNetwork for uid/pid:1073/1087 NetworkRequest [ REQUEST id=15, [ Capabilities: INTERNET&NOT_RESTRICTED&TRUSTED&NOT_VPN AdministratorUids: [] RequestorUid: 1073 RequestorPackageName: com.android.networkstack] ]
05-02 19:39:19.764 534 823 D ConnectivityService: NetReassign [no changes]
05-02 19:39:19.765 534 571 D CompatibilityChangeReporter: Compat change id reported: 135634846; UID 1000; state: DISABLED
05-02 19:39:19.766 534 571 D CompatibilityChangeReporter: Compat change id reported: 135754954; UID 1000; state: ENABLED
05-02 19:39:19.766 534 579 W ActivityManager: com.android.dynsystem inode == 0 (b/152760674)
05-02 19:39:19.766 534 571 I sysui_multi_action: [757,803,799,window_time_0,802,148]
05-02 19:39:19.803 534 579 I am_proc_start: [0,1225,1000,com.android.settings,top-activity,{com.android.settings/com.android.settings.FallbackHome}]
05-02 19:39:19.803 534 579 I ActivityManager: Start proc 1225:com.android.settings/1000 for top-activity {com.android.settings/com.android.settings.FallbackHome}
05-02 19:39:19.834 534 995 I am_proc_bound: [0,1225,com.android.settings]
05-02 19:39:19.838 534 995 I wm_restart_activity: [0,197813651,3,com.android.settings/.FallbackHome]
05-02 19:39:19.843 534 995 I wm_set_resumed_activity: [0,com.android.settings/.FallbackHome,minimalResumeActivityLocked]
05-02 19:39:20.030 534 628 I commit_sys_config_file: [settings-0-0,250]
05-02 19:39:20.032 534 570 I DropBoxManagerService: add tag=system_app_strictmode isTagEnabled=true flags=0x2
05-02 19:39:20.061 534 823 D ConnectivityService: NetReassign [no changes]
05-02 19:39:20.079 1225 1225 I wm_on_create_called: [197813651,com.android.settings.FallbackHome,performCreate]
05-02 19:39:20.082 879 879 D SystemUIBootTiming: StartServicescom.android.systemui.statusbar.phone.StatusBar took to complete: 1489ms
05-02 19:39:20.083 1225 1225 I wm_on_start_called: [197813651,com.android.settings.FallbackHome,handleStartActivity]
05-02 19:39:20.084 1225 1225 I wm_on_resume_called: [197813651,com.android.settings.FallbackHome,RESUME_ACTIVITY]
05-02 19:39:20.085 879 1143 W ActivityThread: Failed to find provider info for com.android.contacts (user not unlocked)
05-02 19:39:20.089 879 879 D SystemUIBootTiming: StartServicescom.android.systemui.usb.StorageNotification took to complete: 7ms
05-02 19:39:20.113 1225 1225 I wm_on_top_resumed_gained_called: [197813651,com.android.settings.FallbackHome,topStateChangedWhenResumed]
05-02 19:39:20.116 534 534 W Looper : Slow dispatch took 435ms main h=com.android.providers.settings.SettingsProvider$SettingsRegistry$MyHandler c=null m=1
05-02 19:39:20.119 534 534 D BluetoothManagerService: Bluetooth Adapter name changed to iMX8
05-02 19:39:20.121 534 534 D BluetoothManagerService: Stored Bluetooth name: iMX8
05-02 19:39:20.121 534 534 D BluetoothManagerService: BluetoothServiceConnection: com.android.bluetooth.btservice.AdapterService
05-02 19:39:20.137 534 534 I notification_cancel_all: [1000,534,com.android.systemui,0,0,0,17,NULL]
05-02 19:39:20.138 879 879 D SystemUIBootTiming: StartServicescom.android.systemui.power.PowerUI took to complete: 50ms
05-02 19:39:20.142 879 879 D SystemUIBootTiming: StartServicescom.android.systemui.media.RingtonePlayer took to complete: 3ms
05-02 19:39:20.145 879 879 D SystemUIBootTiming: StartServicescom.android.systemui.keyboard.KeyboardUI took to complete: 3ms
05-02 19:39:20.149 879 879 D SystemUIBootTiming: StartServicescom.android.systemui.pip.PipUI took to complete: 3ms
05-02 19:39:20.153 534 571 V WindowManager: Orientation start waiting for draw, mDrawState=DRAW_PENDING in Window{f9dd895 u0 com.android.settings/com.android.settings.FallbackHome}, surfaceController Surface(name=com.android.settings/com.android.settings.FallbackHome)/@0x7680d26
05-02 19:39:20.155 534 568 I RoleManagerService: Granting default roles...
05-02 19:39:20.190 534 570 I DropBoxManagerService: add tag=system_app_strictmode isTagEnabled=true flags=0x2
05-02 19:39:20.211 879 879 D SystemUIBootTiming: StartServicescom.android.systemui.shortcut.ShortcutKeyDispatcher took to complete: 61ms
05-02 19:39:20.212 879 879 D SystemUIBootTiming: StartServicescom.android.systemui.VendorServices took to complete: 0ms
05-02 19:39:20.220 534 534 D PackageWatchdog: Getting all observed packages pending health checks
05-02 19:39:20.220 534 534 I PackageWatchdog: Syncing health check requests for packages: {}
05-02 19:39:20.220 534 534 I ExplicitHealthCheckController: Service not ready to get health check supported packages. Binding...
05-02 19:39:20.222 534 534 I ExplicitHealthCheckController: Explicit health check service is bound
05-02 19:39:20.236 879 879 D SystemUIBootTiming: StartServicescom.android.systemui.util.leak.GarbageMonitor$Service took to complete: 25ms
05-02 19:39:20.237 879 879 D SystemUIBootTiming: StartServicescom.android.systemui.LatencyTester took to complete: 0ms
05-02 19:39:20.248 879 879 D SystemUIBootTiming: StartServicescom.android.systemui.globalactions.GlobalActionsComponent took to complete: 10ms
05-02 19:39:20.281 879 879 D SystemUIBootTiming: StartServicescom.android.systemui.ScreenDecorations took to complete: 33ms
05-02 19:39:20.286 534 569 W WindowManager: Keyguard drawn timeout. Setting mKeyguardDrawComplete
05-02 19:39:20.306 879 879 D SystemUIBootTiming: StartServicescom.android.systemui.biometrics.AuthController took to complete: 24ms
05-02 19:39:20.307 879 879 D SystemUIBootTiming: StartServicescom.android.systemui.SliceBroadcastRelayHandler took to complete: 1ms
05-02 19:39:20.309 534 534 I service_manager_stats: [159,299,5173]
05-02 19:39:20.310 879 879 D SystemUIBootTiming: StartServicescom.android.systemui.SizeCompatModeActivityController took to complete: 2ms
05-02 19:39:20.318 879 879 D SystemUIBootTiming: StartServicescom.android.systemui.statusbar.notification.InstantAppNotifier took to complete: 7ms
05-02 19:39:20.330 879 879 D SystemUIBootTiming: StartServicescom.android.systemui.theme.ThemeOverlayController took to complete: 11ms
05-02 19:39:20.343 879 879 D SystemUIBootTiming: StartServicescom.android.systemui.accessibility.WindowMagnification took to complete: 12ms
05-02 19:39:20.360 879 879 D SystemUIBootTiming: StartServicescom.android.systemui.accessibility.SystemActions took to complete: 16ms
05-02 19:39:20.363 879 879 D SystemUIBootTiming: StartServicescom.android.systemui.toast.ToastUI took to complete: 2ms
05-02 19:39:20.403 534 571 I ActivityManagerTiming: FinishBooting
05-02 19:39:20.403 534 571 I boot_progress_enable_screen: 186338
05-02 19:39:20.404 534 566 I wm_destroy_activity: [0,193968627,2,com.android.settings/.CryptKeeper,finish-idle]
05-02 19:39:20.408 534 571 I screen_toggled: 1
05-02 19:39:20.410 1191 1191 I wm_on_destroy_called: [193968627,com.android.settings.CryptKeeper,performDestroy]
05-02 19:39:20.414 534 566 I wm_task_removed: [2,removeTask]
05-02 19:39:20.414 534 566 I wm_stack_removed: 2
05-02 19:39:20.427 534 566 I wm_task_removed: [2,removeChild: last r=ActivityRecord{b8fb9f3 u0 com.android.settings/.CryptKeeper t-1 f}} in t=Task{de2024f #2 visible=false type=home mode=fullscreen translucent=true A=1000:com.android.settings.CryptKeeper U=0 StackId=2 sz=0}]
05-02 19:39:20.428 534 566 I wm_task_removed: [2,removeTask]
05-02 19:39:20.432 534 571 W KeyguardServiceDelegate: onScreenTurningOn(): no keyguard service!
05-02 19:39:20.461 879 879 D SystemUIBootTiming: StartServices took to complete: 3177ms
05-02 19:39:20.462 534 534 E TrustManagerService: EXTRA_USER_HANDLE missing or invalid, value=0
05-02 19:39:20.463 534 578 I am_wtf : [0,534,system_server,-1,TrustManagerService,EXTRA_USER_HANDLE missing or invalid, value=0]
05-02 19:39:20.464 534 578 I DropBoxManagerService: add tag=system_server_wtf isTagEnabled=true flags=0x2
05-02 19:39:20.477 534 534 V NotificationAssistants: enabling notification assistant for 0: ComponentInfo{android.ext.services/android.ext.services.notification.Assistant}
05-02 19:39:20.477 534 534 V NotificationAssistants: Not registering ComponentInfo{android.ext.services/android.ext.services.notification.Assistant} is already bound
05-02 19:39:20.542 534 570 I commit_sys_config_file: [notification-policy,186]
05-02 19:39:20.544 534 628 I commit_sys_config_file: [settings-2-0,187]
05-02 19:39:20.550 534 570 D BluetoothManagerService: MESSAGE_BLUETOOTH_SERVICE_CONNECTED: 1
05-02 19:39:20.578 534 570 I DropBoxManagerService: add tag=system_server_strictmode isTagEnabled=true flags=0x2
05-02 19:39:20.585 534 534 W Looper : Slow dispatch took 107ms main h=android.app.ActivityThread$H c=android.app.-$$Lambda$LoadedApk$ReceiverDispatcher$Args$_BumDX2UKsnxLVrE6UJsJZkotuA@e7dc8cd m=0
05-02 19:39:20.590 534 568 D UsbDeviceManager: push notification:Charging this device via USB
05-02 19:39:20.592 534 534 I ConnectivityModuleConnector: Networking module service connected
05-02 19:39:20.602 534 534 D ConditionProviders.SCP: onSubscribe condition://android/schedule?days=1.2.3.4.5.6.7&start=22.0&end=7.0&exitAtAlarm=true
05-02 19:39:20.602 534 534 D ConditionProviders.SCP: setRegistered true
05-02 19:39:20.621 534 534 D ConditionProviders.SCP: evaluateSubscriptionLocked cal=ScheduleCalendar[mDays={1, 2, 3, 4, 5, 6, 7}, mSchedule=ScheduleInfo{days=[1, 2, 3, 4, 5, 6, 7], startHour=22, startMinute=0, endHour=7, endMinute=0, exitAtAlarm=true, nextAlarm=Thu Jan 01 00:00:00 GMT 1970 (0)}], now=Mon May 02 19:39:20 GMT 2022 (1651520360602), nextUserAlarmTime=Thu Jan 01 00:00:00 GMT 1970 (0)
05-02 19:39:20.622 534 534 D ConditionProviders.SCP: notifyCondition condition://android/schedule?days=1.2.3.4.5.6.7&start=22.0&end=7.0&exitAtAlarm=true STATE_FALSE reason=!meetsSchedule
05-02 19:39:20.628 534 534 D ConditionProviders.SCP: Scheduling evaluate for Mon May 02 22:00:00 GMT 2022 (1651528800000), in +2h20m39s398ms, now=Mon May 02 19:39:20 GMT 2022 (1651520360602)
05-02 19:39:20.630 534 828 W ActivityThread: Failed to find provider info for com.android.calendar (user not unlocked)
05-02 19:39:20.632 534 828 W ActivityThread: Failed to find provider info for com.android.calendar (user not unlocked)
05-02 19:39:20.638 534 534 I sysui_multi_action: [757,856,758,1,806,com.android.server.telecom,857,TelecomMissedCalls,858,3]
05-02 19:39:20.642 534 534 I sysui_multi_action: [757,856,758,1,806,com.android.server.telecom,857,TelecomIncomingCalls,858,5]
05-02 19:39:20.643 534 534 I sysui_multi_action: [757,856,758,1,806,com.android.server.telecom,857,TelecomCallBlocking,858,2]
05-02 19:39:20.644 534 534 I sysui_multi_action: [757,856,758,1,806,com.android.server.telecom,857,TelecomBackgroundAudioProcessing,858,2]
05-02 19:39:20.645 534 534 I sysui_multi_action: [757,856,758,1,806,com.android.server.telecom,857,TelecomDisconnectedCalls,858,3]
05-02 19:39:20.646 534 534 I sysui_multi_action: [757,856,758,1,806,com.android.server.telecom,857,TelecomInCallServiceCrash,858,3]
05-02 19:39:20.665 534 570 I DropBoxManagerService: add tag=system_server_strictmode isTagEnabled=true flags=0x2
05-02 19:39:20.666 534 534 D BluetoothManagerService: Trying to bind to profile: 1, while Bluetooth was disabled
05-02 19:39:20.671 534 1268 I Telecom : BluetoothRouteManager: getBluetoothAudioConnectedDevice: no service available.
05-02 19:39:20.672 534 991 I wm_task_created: [4,-1]
05-02 19:39:20.672 534 991 I wm_stack_created: 4
05-02 19:39:20.681 534 534 I Telecom : SystemStateHelper: Registering car mode receiver: android.content.IntentFilter@7e892b6: TS.init@AAA
05-02 19:39:20.711 534 566 I wm_task_created: [5,-1]
05-02 19:39:20.711 534 566 I wm_stack_created: 5
05-02 19:39:20.714 534 1270 I Telecom : Logging.Events: Non-call EVENT: AUDIO_ROUTE, Entering state QuiescentSpeakerRoute
05-02 19:39:20.715 534 1270 I Telecom : BluetoothRouteManager: getBluetoothAudioConnectedDevice: no service available.
05-02 19:39:20.743 534 1271 I Telecom : CallAudioModeStateMachine: Message received: null.: TS.init->CAMSM.pM_1@AAA
05-02 19:39:20.759 534 570 I DropBoxManagerService: add tag=system_server_strictmode isTagEnabled=true flags=0x2
05-02 19:39:20.761 534 534 I Telecom : MissedCallNotifierImpl: reloadFromDatabase: Boot not yet complete -- call log db may not be available. Deferring loading until boot complete for user 0: TS.init@AAA
05-02 19:39:20.762 534 534 I Telecom : MissedCallNotifierImpl: reloadFromDatabase: Boot not yet complete -- call log db may not be available. Deferring loading until boot complete for user 0: TS.init@AAA
05-02 19:39:20.763 534 534 D BluetoothManagerService: Trying to bind to profile: 1, while Bluetooth was disabled
05-02 19:39:20.783 534 534 I Telecom : Class: TelecomSystem.INSTANCE being set
05-02 19:39:20.785 534 534 W ContextImpl: Calling a method in the system process without a qualified user: android.app.ContextImpl.startService:1669 android.content.ContextWrapper.startService:720 com.android.server.telecom.components.TelecomService.initializeTelecomSystem:213 com.android.server.telecom.components.TelecomService$1.createTelecomService:81 com.android.server.telecom.TelecomLoaderService$TelecomServiceConnection.onServiceConnected:62
05-02 19:39:20.806 534 534 W CarrierConfigManager: Error getting config for subId -1 ICarrierConfigLoader is null
05-02 19:39:20.807 534 534 I Telecom : PhoneAccountRegistrar: getSimCallManager: SimCallManager for subId -1 queried, returning: null: TSI.gSCM@AAE
05-02 19:39:20.807 534 534 W Looper : Slow dispatch took 174ms main h=android.app.ActivityThread$H c=android.app.LoadedApk$ServiceDispatcher$RunConnection@6e8040a m=0
05-02 19:39:20.809 534 534 D StorageManagerService: Isolated storage local flag 0 and remote flag 0 resolved to true
05-02 19:39:20.814 534 577 W VoiceInteractionManager: no available voice interaction services found for user 0
05-02 19:39:20.820 534 628 I commit_sys_config_file: [settings-2-0,111]
05-02 19:39:20.855 534 570 D BluetoothManagerService: MESSAGE_GET_NAME_AND_ADDRESS
05-02 19:39:20.860 534 570 D BluetoothManagerService: Stored Bluetooth name: iMX8
05-02 19:39:20.861 534 570 D BluetoothManagerService: unbindAndFinish(): android.bluetooth.IBluetooth$Stub$Proxy@9c27044 mBinding = false mUnbinding = false
05-02 19:39:20.888 879 1000 W ActivityThread: Failed to find provider info for com.android.contacts (user not unlocked)
05-02 19:39:20.973 534 534 W Looper : Slow dispatch took 165ms main h=com.android.providers.settings.SettingsProvider$SettingsRegistry$MyHandler c=null m=1
05-02 19:39:20.974 534 534 I ConnectivityModuleConnector: Networking module service connected
05-02 19:39:20.988 534 534 D AutofillManagerService: Restriction did not change for user 0
05-02 19:39:21.001 534 534 D TelephonyRegistry: notifyCellLocationForSubscriber: subId=0 cellLocation=null
05-02 19:39:21.003 534 534 I notification_enqueue: [1000,534,android,32,NULL,-1,Notification(channel=USB shortcut=null contentView=null vibrate=null sound=null tick defaults=0x0 flags=0x2 color=0xff607d8b vis=PUBLIC),0]
05-02 19:39:21.034 534 570 I commit_sys_config_file: [notification-policy,157]
05-02 19:39:21.045 534 534 I Telecom : WiredHeadsetManager: ACTION_HEADSET_PLUG event, plugged in: false, : WHC.oADA@AAQ
05-02 19:39:21.061 534 534 I Telecom : DefaultDialerCache: Refreshing default dialer for user 0: now com.android.dialer: DDC.oR@AAU
05-02 19:39:21.131 534 534 I sysui_multi_action: [757,1501,758,1,793,541,794,0,795,541,796,32,806,android,857,USB,858,1,947,0,1500,0]
05-02 19:39:21.132 534 534 I sysui_multi_action: [757,804,799,note_interruptive,801,0,802,1]
05-02 19:39:21.135 534 534 W NotificationHistory: Attempted to add notif for locked/gone/disabled user 0
05-02 19:39:21.143 534 628 I commit_sys_config_file: [settings-0-0,273]
05-02 19:39:21.185 534 968 I dvm_lock_sample: [system_server,1,Binder:534_6,26,PermissionManagerService.java,974,int com.android.server.pm.permission.PermissionManagerService.checkUidPermission(java.lang.String, int),PackageManagerService.java,24966,int com.android.server.pm.PackageManagerService$PackageManagerInternalImpl.getApplicationEnabledState(java.lang.String, int),5]
05-02 19:39:21.201 534 534 W Looper : Drained
05-02 19:39:21.278 534 570 I commit_sys_config_file: [notification-policy,195]
05-02 19:39:21.311 534 991 I ActivityManager: Process com.android.bluetooth (pid 856) has died: fg SVC
05-02 19:39:21.311 534 991 I am_proc_died: [0,856,com.android.bluetooth,0,10]
05-02 19:39:21.314 534 991 I am_uid_stopped: 1002
05-02 19:39:21.391 534 991 E WindowManager: Window Session Crash
05-02 19:39:21.391 534 991 E WindowManager: java.lang.IllegalArgumentException: Requested window null does not exist
05-02 19:39:21.391 534 991 E WindowManager: at com.android.server.wm.WindowManagerService.windowForClientLocked(WindowManagerService.java:5443)
05-02 19:39:21.391 534 991 E WindowManager: at com.android.server.wm.Session.actionOnWallpaper(Session.java:356)
05-02 19:39:21.391 534 991 E WindowManager: at com.android.server.wm.Session.setWallpaperZoomOut(Session.java:382)
05-02 19:39:21.391 534 991 E WindowManager: at android.view.IWindowSession$Stub.onTransact(IWindowSession.java:1154)
05-02 19:39:21.391 534 991 E WindowManager: at com.android.server.wm.Session.onTransact(Session.java:139)
05-02 19:39:21.391 534 991 E WindowManager: at android.os.Binder.execTransactInternal(Binder.java:1159)
05-02 19:39:21.391 534 991 E WindowManager: at android.os.Binder.execTransact(Binder.java:1123)
05-02 19:39:21.402 534 578 I am_wtf : [0,0,system_server,-1,WindowManager,Requested window null does not exist]
05-02 19:39:21.407 534 570 I commit_sys_config_file: [jobs,89]
05-02 19:39:21.410 534 578 I DropBoxManagerService: add tag=system_server_wtf isTagEnabled=true flags=0x2
05-02 19:39:21.414 534 569 W Looper : Slow dispatch took 507ms android.ui h=android.view.Choreographer$FrameHandler c=android.view.Choreographer$FrameDisplayEventReceiver@96db688 m=0
05-02 19:39:21.415 534 569 W Looper : Slow delivery took 493ms android.ui h=android.view.ViewRootImpl$ViewRootHandler c=null m=17
05-02 19:39:21.430 534 570 I DropBoxManagerService: add tag=system_server_strictmode isTagEnabled=true flags=0x2
05-02 19:39:21.499 534 570 I DropBoxManagerService: add tag=system_server_strictmode isTagEnabled=true flags=0x2
05-02 19:39:21.570 534 628 I commit_sys_config_file: [settings-0-0,153]
05-02 19:39:21.729 879 1143 W ActivityThread: Failed to find provider info for com.android.contacts (user not unlocked)
05-02 19:39:21.762 534 569 W Looper : Slow dispatch took 346ms android.ui h=android.view.Choreographer$FrameHandler c=android.view.Choreographer$FrameDisplayEventReceiver@96db688 m=0
05-02 19:39:21.763 879 1143 W ActivityThread: Failed to find provider info for com.android.contacts (user not unlocked)
05-02 19:39:21.799 534 569 W Looper : Drained
05-02 19:39:22.257 534 569 W Looper : Slow dispatch took 150ms android.ui h=android.view.Choreographer$FrameHandler c=android.view.Choreographer$FrameDisplayEventReceiver@96db688 m=0
05-02 19:39:22.797 1168 1168 I service_manager_stats: [100,86,188732]
05-02 19:39:23.430 379 379 I sf_frame_dur: [BootAnimation#0,1,5,1849,3,0,0,0]
05-02 19:39:23.490 0 0 I init : Service 'bootanim' (pid 480) exited with status 0 oneshot service took 156.041000 seconds in background
05-02 19:39:23.506 0 0 I init : Sending signal 9 to service 'bootanim' (pid 480) process group...
05-02 19:39:23.517 0 0 I libprocessgroup: Successfully killed process cgroup uid 1003 pid 480 in 0ms
05-02 19:39:23.563 534 571 I WindowManager: ******* TELLING SURFACE FLINGER WE ARE BOOTED!
05-02 19:39:23.567 379 1259 I sf_stop_bootanim: 189502
05-02 19:39:23.568 534 571 I wm_boot_animation_done: 189504
05-02 19:39:23.569 534 571 I ActivityManagerTiming: FinishBooting
05-02 19:39:23.570 534 571 I ActivityManager: About to commit checkpoint
05-02 19:39:23.576 237 237 I Checkpoint: Marked slot as booted successfully.
05-02 19:39:23.602 534 569 I am_uid_running: 10113
05-02 19:39:23.603 534 569 D CompatibilityChangeReporter: Compat change id reported: 135634846; UID 10113; state: DISABLED
05-02 19:39:23.604 534 569 D CompatibilityChangeReporter: Compat change id reported: 135754954; UID 10113; state: DISABLED
05-02 19:39:23.606 534 579 D CompatibilityChangeReporter: Compat change id reported: 143937733; UID 10113; state: DISABLED
05-02 19:39:23.607 534 579 W ActivityManager: com.android.inputmethod.latin inode == 0 (b/152760674)
05-02 19:39:23.681 1168 1168 I service_manager_slow: [12,isub]
05-02 19:39:23.692 534 579 W ActivityManager: Slow operation: 89ms so far, now at startProcess: returned from zygote!
05-02 19:39:23.693 534 579 W ActivityManager: Slow operation: 90ms so far, now at startProcess: done updating battery stats
05-02 19:39:23.693 534 579 I am_proc_start: [0,1304,10113,com.android.inputmethod.latin,service,{com.android.inputmethod.latin/com.android.inputmethod.latin.LatinIME}]
05-02 19:39:23.693 534 579 W ActivityManager: Slow operation: 90ms so far, now at startProcess: building log message
05-02 19:39:23.693 534 579 I ActivityManager: Start proc 1304:com.android.inputmethod.latin/u0a113 for service {com.android.inputmethod.latin/com.android.inputmethod.latin.LatinIME}
05-02 19:39:23.693 534 579 W ActivityManager: Slow operation: 91ms so far, now at startProcess: starting to update pids map
05-02 19:39:23.694 534 579 W ActivityManager: Slow operation: 91ms so far, now at startProcess: done updating pids map
05-02 19:39:23.697 0 0 I device-mapper: bow: Switching to state Committed
05-02 19:39:23.724 237 237 I Checkpoint: Checkpoint has been committed.
05-02 19:39:23.725 534 571 I SystemServiceManager: Starting phase 1000
05-02 19:39:23.726 534 571 I ActivityManagerTiming: OnBootPhase_1000
05-02 19:39:23.726 534 571 I ActivityManagerTiming: OnBootPhase_1000_com.android.server.security.FileIntegrityService
05-02 19:39:23.726 534 571 D ActivityManagerTiming: OnBootPhase_1000_com.android.server.security.FileIntegrityService took to complete: 0ms
05-02 19:39:23.726 534 571 I ActivityManagerTiming: OnBootPhase_1000_com.android.server.pm.Installer
05-02 19:39:23.726 534 571 D ActivityManagerTiming: OnBootPhase_1000_com.android.server.pm.Installer took to complete: 0ms
05-02 19:39:23.726 534 571 I ActivityManagerTiming: OnBootPhase_1000_com.android.server.os.DeviceIdentifiersPolicyService
05-02 19:39:23.726 534 571 D ActivityManagerTiming: OnBootPhase_1000_com.android.server.os.DeviceIdentifiersPolicyService took to complete: 0ms
05-02 19:39:23.726 534 571 I ActivityManagerTiming: OnBootPhase_1000_com.android.server.uri.UriGrantsManagerService$Lifecycle
05-02 19:39:23.727 534 571 D ActivityManagerTiming: OnBootPhase_1000_com.android.server.uri.UriGrantsManagerService$Lifecycle took to complete: 0ms
05-02 19:39:23.727 534 571 I ActivityManagerTiming: OnBootPhase_1000_com.android.server.wm.ActivityTaskManagerService$Lifecycle
05-02 19:39:23.727 534 571 D ActivityManagerTiming: OnBootPhase_1000_com.android.server.wm.ActivityTaskManagerService$Lifecycle took to complete: 0ms
05-02 19:39:23.727 534 571 I ActivityManagerTiming: OnBootPhase_1000_com.android.server.am.ActivityManagerService$Lifecycle
05-02 19:39:23.727 534 571 D ActivityManagerTiming: OnBootPhase_1000_com.android.server.am.ActivityManagerService$Lifecycle took to complete: 0ms
05-02 19:39:23.727 534 571 I ActivityManagerTiming: OnBootPhase_1000_com.android.server.pm.DataLoaderManagerService
05-02 19:39:23.727 534 571 D ActivityManagerTiming: OnBootPhase_1000_com.android.server.pm.DataLoaderManagerService took to complete: 0ms
05-02 19:39:23.727 534 571 I ActivityManagerTiming: OnBootPhase_1000_com.android.server.power.PowerManagerService
05-02 19:39:23.733 534 571 D ActivityManagerTiming: OnBootPhase_1000_com.android.server.power.PowerManagerService took to complete: 6ms
05-02 19:39:23.733 534 571 I ActivityManagerTiming: OnBootPhase_1000_com.android.server.power.ThermalManagerService
05-02 19:39:23.734 534 571 D ActivityManagerTiming: OnBootPhase_1000_com.android.server.power.ThermalManagerService took to complete: 0ms
05-02 19:39:23.734 534 571 I ActivityManagerTiming: OnBootPhase_1000_com.android.server.recoverysystem.RecoverySystemService$Lifecycle
05-02 19:39:23.734 534 571 D ActivityManagerTiming: OnBootPhase_1000_com.android.server.recoverysystem.RecoverySystemService$Lifecycle took to complete: 0ms
05-02 19:39:23.734 534 571 I ActivityManagerTiming: OnBootPhase_1000_com.android.server.lights.LightsService
05-02 19:39:23.734 534 571 D ActivityManagerTiming: OnBootPhase_1000_com.android.server.lights.LightsService took to complete: 0ms
05-02 19:39:23.734 534 571 I ActivityManagerTiming: OnBootPhase_1000_com.android.server.display.DisplayManagerService
05-02 19:39:23.734 534 571 D ActivityManagerTiming: OnBootPhase_1000_com.android.server.display.DisplayManagerService took to complete: 0ms
05-02 19:39:23.734 534 571 I ActivityManagerTiming: OnBootPhase_1000_com.android.server.pm.UserManagerService$LifeCycle
05-02 19:39:23.734 534 571 D ActivityManagerTiming: OnBootPhase_1000_com.android.server.pm.UserManagerService$LifeCycle took to complete: 0ms
05-02 19:39:23.734 534 571 I ActivityManagerTiming: OnBootPhase_1000_com.android.server.om.OverlayManagerService
05-02 19:39:23.734 534 571 D ActivityManagerTiming: OnBootPhase_1000_com.android.server.om.OverlayManagerService took to complete: 0ms
05-02 19:39:23.734 534 571 I ActivityManagerTiming: OnBootPhase_1000_com.android.server.SensorPrivacyService
05-02 19:39:23.734 534 571 D ActivityManagerTiming: OnBootPhase_1000_com.android.server.SensorPrivacyService took to complete: 0ms
05-02 19:39:23.734 534 571 I ActivityManagerTiming: OnBootPhase_1000_com.android.server.SystemConfigService
05-02 19:39:23.734 534 571 D ActivityManagerTiming: OnBootPhase_1000_com.android.server.SystemConfigService took to complete: 0ms
05-02 19:39:23.734 534 571 I ActivityManagerTiming: OnBootPhase_1000_com.android.server.BatteryService
05-02 19:39:23.734 534 571 D ActivityManagerTiming: OnBootPhase_1000_com.android.server.BatteryService took to complete: 0ms
05-02 19:39:23.734 534 571 I ActivityManagerTiming: OnBootPhase_1000_com.android.server.usage.UsageStatsService
05-02 19:39:23.736 534 571 D ActivityManagerTiming: OnBootPhase_1000_com.android.server.usage.UsageStatsService took to complete: 1ms
05-02 19:39:23.742 1168 1168 I service_manager_slow: [14,isub]
05-02 19:39:23.746 534 590 V DisplayPowerController: Brightness [0.39763778] reason changing to: 'manual', previous reason: 'override'.
05-02 19:39:23.753 534 571 I ActivityManagerTiming: OnBootPhase_1000_com.android.server.webkit.WebViewUpdateService
05-02 19:39:23.754 534 571 D ActivityManagerTiming: OnBootPhase_1000_com.android.server.webkit.WebViewUpdateService took to complete: 0ms
05-02 19:39:23.754 534 571 I ActivityManagerTiming: OnBootPhase_1000_com.android.server.CachedDeviceStateService
05-02 19:39:23.754 534 571 D ActivityManagerTiming: OnBootPhase_1000_com.android.server.CachedDeviceStateService took to complete: 0ms
