05-02 19:39:41.343 534 534 I notification_enqueue: [1000,534,android,13,PreBootBroadcaster,0,Notification(channel=UPDATES shortcut=null contentView=null vibrate=null sound=null tick defaults=0x0 flags=0x2 color=0xff607d8b vis=PUBLIC),1]
05-02 19:39:41.348 534 571 I sysui_multi_action: [757,803,799,window_time_0,802,4]
05-02 19:39:41.396 534 579 W ActivityManager: Slow operation: 108ms so far, now at startProcess: returned from zygote!
05-02 19:39:41.399 534 579 W ActivityManager: Slow operation: 111ms so far, now at startProcess: done updating battery stats
05-02 19:39:41.399 534 579 I am_proc_start: [0,1864,10069,com.android.providers.calendar,broadcast,{com.android.providers.calendar/com.android.providers.calendar.CalendarUpgradeReceiver}]
05-02 19:39:41.400 534 579 W ActivityManager: Slow operation: 112ms so far, now at startProcess: building log message
05-02 19:39:41.400 534 579 I ActivityManager: Start proc 1864:com.android.providers.calendar/u0a69 for broadcast {com.android.providers.calendar/com.android.providers.calendar.CalendarUpgradeReceiver}
05-02 19:39:41.400 534 579 W ActivityManager: Slow operation: 112ms so far, now at startProcess: starting to update pids map
05-02 19:39:41.401 534 579 W ActivityManager: Slow operation: 113ms so far, now at startProcess: done updating pids map
05-02 19:39:41.414 534 577 I am_pss : [1405,10126,com.android.providers.media.module,15748096,10158080,0,131723264,2,0,14]
05-02 19:39:41.421 1168 1168 E DSM-I-0 : Can't find the binding package
05-02 19:39:41.422 1168 1168 D DCT-C-0 : onDataEnabledChanged: enable=true, enabledChangedReason=0
05-02 19:39:41.422 1168 1168 D DCT-C-0 : setupDataOnAllConnectableApns: dataEnabled hipri:[state=IDLE,enabled=false] mcx:[state=IDLE,enabled=false] xcap:[state=IDLE,enabled=false] fota:[state=IDLE,enabled=false] ims:[state=IDLE,enabled=false] cbs:[state=IDLE,enabled=false] ia:[state=IDLE,enabled=false] emergency:[state=IDLE,enabled=false] mms:[state=IDLE,enabled=false] supl:[state=IDLE,enabled=false] dun:[state=IDLE,enabled=false] default:[state=IDLE,enabled=false]
05-02 19:39:41.427 1168 1168 D DCT-I-0 : onDataEnabledChanged: enable=true, enabledChangedReason=0
05-02 19:39:41.428 1168 1168 D DCT-I-0 : setupDataOnAllConnectableApns: dataEnabled hipri:[state=IDLE,enabled=false] mcx:[state=IDLE,enabled=false] xcap:[state=IDLE,enabled=false] fota:[state=IDLE,enabled=false] ims:[state=IDLE,enabled=false] cbs:[state=IDLE,enabled=false] ia:[state=IDLE,enabled=false] emergency:[state=IDLE,enabled=false] mms:[state=IDLE,enabled=false] supl:[state=IDLE,enabled=false] dun:[state=IDLE,enabled=false] default:[state=IDLE,enabled=false]
05-02 19:39:41.428 1168 1168 D DCT-C-0 : onDataEnabledOverrideRulesChanged
05-02 19:39:41.439 1168 1168 I service_manager_slow: [10,carrier_config]
05-02 19:39:41.442 1168 1168 D DCT-C-0 : shouldRestrictDataForEcbm: isInEcm=false isInImsEcm=false
05-02 19:39:41.446 1729 1788 I dvm_lock_sample: [android.process.acore,0,Worker-1,1553,SQLiteOpenHelper.java,339,android.database.sqlite.SQLiteDatabase android.database.sqlite.SQLiteOpenHelper.getReadableDatabase(),-,316,android.database.sqlite.SQLiteDatabase android.database.sqlite.SQLiteOpenHelper.getWritableDatabase(),100]
05-02 19:39:41.448 1729 1789 I dvm_lock_sample: [android.process.acore,0,Worker-1,1529,SQLiteOpenHelper.java,339,android.database.sqlite.SQLiteDatabase android.database.sqlite.SQLiteOpenHelper.getReadableDatabase(),-,316,android.database.sqlite.SQLiteDatabase android.database.sqlite.SQLiteOpenHelper.getWritableDatabase(),100]
05-02 19:39:41.465 534 577 I am_pss : [1427,1027,com.android.nfc,17638400,11239424,0,135880704,2,0,14]
05-02 19:39:41.487 1168 1168 D SubscriptionController: [getActiveSubscriptionInfo]- subId=-1 subList=[] subInfo=null
05-02 19:39:41.490 534 577 I am_pss : [1358,10108,com.android.deskclock,10313728,5636096,0,110686208,2,19,11]
05-02 19:39:41.510 534 577 I am_pss : [1304,10113,com.android.inputmethod.latin,15648768,8314880,0,134574080,2,7,12]
05-02 19:39:41.512 534 566 I am_proc_bound: [0,1864,com.android.providers.calendar]
05-02 19:39:41.564 534 577 I am_pss : [1191,1000,com.android.settings:CryptKeeper,13687808,4972544,0,124252160,2,19,10]
05-02 19:39:41.585 534 577 I am_pss : [1168,1001,com.android.phone,35706880,28692480,0,154959872,2,0,14]
05-02 19:39:41.623 534 577 I am_pss : [1146,1068,com.android.se,7444480,3682304,0,107380736,2,0,11]
05-02 19:39:41.626 1168 1168 D DCT-C-0 : shouldRestrictDataForEcbm: isInEcm=false isInImsEcm=false
05-02 19:39:41.641 534 577 I am_pss : [1087,1073,com.android.networkstack.process,11786240,6840320,0,123797504,2,0,11]
05-02 19:39:41.667 1729 1779 I dvm_lock_sample: [android.process.acore,0,Worker-1,1945,SQLiteOpenHelper.java,339,android.database.sqlite.SQLiteDatabase android.database.sqlite.SQLiteOpenHelper.getReadableDatabase(),-,340,android.database.sqlite.SQLiteDatabase android.database.sqlite.SQLiteOpenHelper.getReadableDatabase(),100]
05-02 19:39:41.679 1168 1168 D SubscriptionController: [getActiveSubscriptionInfo]- subId=-1 subList=[] subInfo=null
05-02 19:39:41.690 534 577 I am_pss : [879,10121,com.android.systemui,80647168,66138112,0,245182464,2,0,19]
05-02 19:39:41.724 1168 1168 D DCT-C-0 : shouldRestrictDataForEcbm: isInEcm=false isInImsEcm=false
05-02 19:39:41.726 534 577 I am_pss : [534,1000,system,136284160,114024448,0,323321856,2,0,24]
05-02 19:39:41.734 1168 1168 D SubscriptionController: [getActiveSubscriptionInfo]- subId=-1 subList=[] subInfo=null
05-02 19:39:41.740 1168 1168 D DCT-C-0 : shouldRestrictDataForEcbm: isInEcm=false isInImsEcm=false
05-02 19:39:41.749 1168 1168 D SubscriptionController: [getActiveSubscriptionInfo]- subId=-1 subList=[] subInfo=null
05-02 19:39:41.764 1168 1168 D DCT-C-0 : shouldRestrictDataForEcbm: isInEcm=false isInImsEcm=false
05-02 19:39:41.778 1168 1168 D SubscriptionController: [getActiveSubscriptionInfo]- subId=-1 subList=[] subInfo=null
05-02 19:39:41.784 1168 1168 D DCT-C-0 : shouldRestrictDataForEcbm: isInEcm=false isInImsEcm=false
05-02 19:39:41.789 534 993 E UserRestrictionsUtils: Unknown restriction queried by uid 1000 (com.android.dynsystem et al): null
05-02 19:39:41.794 534 993 E UserRestrictionsUtils: Unknown restriction queried by uid 1000 (com.android.dynsystem et al): null
05-02 19:39:41.797 1168 1168 D SubscriptionController: [getActiveSubscriptionInfo]- subId=-1 subList=[] subInfo=null
05-02 19:39:41.799 534 975 E UserRestrictionsUtils: Unknown restriction queried by uid 1000 (com.android.dynsystem et al): null
05-02 19:39:41.803 534 975 I chatty : uid=1000(system) Binder:534_7 identical 1 line
05-02 19:39:41.804 534 577 I sysui_multi_action: [319,151,321,123,322,1926,325,203,757,761,758,8,759,1,806,com.android.settings,871,com.android.settings.Settings,904,com.android.launcher3,905,0,1320,5,1321,1]
05-02 19:39:41.805 1168 1168 D DCT-C-0 : shouldRestrictDataForEcbm: isInEcm=false isInImsEcm=false
05-02 19:39:41.807 534 975 E UserRestrictionsUtils: Unknown restriction queried by uid 1000 (com.android.dynsystem et al): null
05-02 19:39:41.811 534 993 E UserRestrictionsUtils: Unknown restriction queried by uid 1000 (com.android.dynsystem et al): null
05-02 19:39:41.816 1168 1168 D SubscriptionController: [getActiveSubscriptionInfo]- subId=-1 subList=[] subInfo=null
05-02 19:39:41.826 1168 1168 D DCT-C-0 : shouldRestrictDataForEcbm: isInEcm=false isInImsEcm=false
05-02 19:39:41.833 1168 1168 D SubscriptionController: [getActiveSubscriptionInfo]- subId=-1 subList=[] subInfo=null
05-02 19:39:41.837 1168 1168 D DCT-C-0 : shouldRestrictDataForEcbm: isInEcm=false isInImsEcm=false
05-02 19:39:41.847 1168 1168 D SubscriptionController: [getActiveSubscriptionInfo]- subId=-1 subList=[] subInfo=null
05-02 19:39:41.852 1168 1168 D DCT-C-0 : shouldRestrictDataForEcbm: isInEcm=false isInImsEcm=false
05-02 19:39:41.863 1168 1168 D SubscriptionController: [getActiveSubscriptionInfo]- subId=-1 subList=[] subInfo=null
05-02 19:39:41.871 1168 1168 D DCT-C-0 : shouldRestrictDataForEcbm: isInEcm=false isInImsEcm=false
05-02 19:39:41.877 534 577 I wm_activity_launch_time: [0,222931791,com.android.settings/.Settings,1926]
05-02 19:39:41.890 1729 1788 I dvm_lock_sample: [android.process.acore,0,Worker-1,413,ContactLocaleUtils.java,-1,void com.android.providers.contacts.ContactLocaleUtils.setLocales(com.android.providers.contacts.LocaleSet),-,558,void com.android.providers.contacts.ContactLocaleUtils.setLocales(com.android.providers.contacts.LocaleSet),82]
05-02 19:39:41.894 1168 1168 D SubscriptionController: [getActiveSubscriptionInfo]- subId=-1 subList=[] subInfo=null
05-02 19:39:41.902 1225 1225 I wm_on_create_called: [109124949,com.android.settings.SubSettings,performCreate]
05-02 19:39:41.904 1168 1168 D DCT-C-0 : shouldRestrictDataForEcbm: isInEcm=false isInImsEcm=false
05-02 19:39:41.922 1168 1168 D SubscriptionController: [getActiveSubscriptionInfo]- subId=-1 subList=[] subInfo=null
05-02 19:39:41.924 1168 1168 D DCT-I-0 : onDataEnabledOverrideRulesChanged
05-02 19:39:41.925 1168 1727 D SubscriptionController: [getSlotIndex]- subId invalid
05-02 19:39:41.930 1168 1168 D DCT-I-0 : shouldRestrictDataForEcbm: isInEcm=false isInImsEcm=false
05-02 19:39:41.939 1168 1168 D SubscriptionController: [getActiveSubscriptionInfo]- subId=-1 subList=[] subInfo=null
05-02 19:39:41.943 1168 1168 D DCT-I-0 : shouldRestrictDataForEcbm: isInEcm=false isInImsEcm=false
05-02 19:39:41.950 1168 1168 D SubscriptionController: [getActiveSubscriptionInfo]- subId=-1 subList=[] subInfo=null
05-02 19:39:41.958 1225 1225 I wm_on_start_called: [109124949,com.android.settings.SubSettings,handleStartActivity]
05-02 19:39:41.960 1225 1225 I snet_event_log: [120484087,-1,]
05-02 19:39:41.961 1168 1168 D DCT-I-0 : shouldRestrictDataForEcbm: isInEcm=false isInImsEcm=false
05-02 19:39:41.966 1225 1225 I wm_on_resume_called: [109124949,com.android.settings.SubSettings,RESUME_ACTIVITY]
05-02 19:39:41.968 1168 1168 D SubscriptionController: [getActiveSubscriptionInfo]- subId=-1 subList=[] subInfo=null
05-02 19:39:41.973 1168 1168 D DCT-I-0 : shouldRestrictDataForEcbm: isInEcm=false isInImsEcm=false
05-02 19:39:41.982 1168 1168 D SubscriptionController: [getActiveSubscriptionInfo]- subId=-1 subList=[] subInfo=null
05-02 19:39:41.983 1225 1225 I sysui_multi_action: [757,336,758,1,833,35,1089,411]
05-02 19:39:41.990 1168 1168 D DCT-I-0 : shouldRestrictDataForEcbm: isInEcm=false isInImsEcm=false
05-02 19:39:42.008 1168 1168 D SubscriptionController: [getActiveSubscriptionInfo]- subId=-1 subList=[] subInfo=null
05-02 19:39:42.027 1168 1168 D DCT-I-0 : shouldRestrictDataForEcbm: isInEcm=false isInImsEcm=false
05-02 19:39:42.041 1225 1225 I sysui_multi_action: [757,1729,758,4,854,isParalleledControllers:false,1089,470]
05-02 19:39:42.043 1168 1168 D SubscriptionController: [getActiveSubscriptionInfo]- subId=-1 subList=[] subInfo=null
05-02 19:39:42.048 1168 1168 D DCT-I-0 : shouldRestrictDataForEcbm: isInEcm=false isInImsEcm=false
05-02 19:39:42.053 1168 1168 D SubscriptionController: [getActiveSubscriptionInfo]- subId=-1 subList=[] subInfo=null
05-02 19:39:42.060 1168 1168 D DCT-I-0 : shouldRestrictDataForEcbm: isInEcm=false isInImsEcm=false
05-02 19:39:42.071 1225 1225 I wm_on_top_resumed_gained_called: [109124949,com.android.settings.SubSettings,topStateChangedWhenResumed]
05-02 19:39:42.073 1168 1168 D SubscriptionController: [getActiveSubscriptionInfo]- subId=-1 subList=[] subInfo=null
05-02 19:39:42.076 1168 1168 D DCT-I-0 : shouldRestrictDataForEcbm: isInEcm=false isInImsEcm=false
05-02 19:39:42.087 1168 1168 D SubscriptionController: [getActiveSubscriptionInfo]- subId=-1 subList=[] subInfo=null
05-02 19:39:42.100 1168 1168 D DCT-I-0 : shouldRestrictDataForEcbm: isInEcm=false isInImsEcm=false
05-02 19:39:42.111 1168 1168 D SubscriptionController: [getActiveSubscriptionInfo]- subId=-1 subList=[] subInfo=null
05-02 19:39:42.131 1864 1864 I [4000] : 31
05-02 19:39:42.136 1168 1168 D DCT-I-0 : shouldRestrictDataForEcbm: isInEcm=false isInImsEcm=false
05-02 19:39:42.145 534 566 I PreBootBroadcaster: Pre-boot of {com.android.providers.contacts/com.android.providers.contacts.ContactsUpgradeReceiver} for user 0
05-02 19:39:42.145 534 566 I am_pre_boot: [0,com.android.providers.contacts]
05-02 19:39:42.153 534 577 I service_manager_slow: [58,location]
05-02 19:39:42.173 534 534 I notification_enqueue: [1000,534,android,13,PreBootBroadcaster,0,Notification(channel=UPDATES shortcut=null contentView=null vibrate=null sound=null tick defaults=0x0 flags=0x2 color=0xff607d8b vis=PUBLIC),1]
05-02 19:39:42.191 1168 1168 D SubscriptionController: [getActiveSubscriptionInfo]- subId=-1 subList=[] subInfo=null
05-02 19:39:42.208 1168 1168 I service_manager_slow: [14,carrier_config]
05-02 19:39:42.213 1168 1168 D DCT-I-0 : shouldRestrictDataForEcbm: isInEcm=false isInImsEcm=false
05-02 19:39:42.226 1168 1168 D SubscriptionController: [getActiveSubscriptionInfo]- subId=-1 subList=[] subInfo=null
05-02 19:39:42.229 1168 1168 D DCT-I-0 : onDataConnectionAttached
05-02 19:39:42.231 1168 1168 D DCT-I-0 : setupDataOnAllConnectableApns: dataAttached hipri:[state=IDLE,enabled=false] mcx:[state=IDLE,enabled=false] xcap:[state=IDLE,enabled=false] fota:[state=IDLE,enabled=false] ims:[state=IDLE,enabled=false] cbs:[state=IDLE,enabled=false] ia:[state=IDLE,enabled=false] emergency:[state=IDLE,enabled=false] mms:[state=IDLE,enabled=false] supl:[state=IDLE,enabled=false] dun:[state=IDLE,enabled=false] default:[state=IDLE,enabled=false]
05-02 19:39:42.232 1168 1168 D DCT-I-0 : onDataRoamingOff
05-02 19:39:42.238 1168 1168 D CarrierResolver: handleMessage: 2
05-02 19:39:42.239 1168 1168 D GsmCdmaPhone: [0] onVoiceRegStateOrRatChanged
05-02 19:39:42.240 1168 1168 D GsmCdmaPhone: [0] getCsCallRadioTech, current vrs=1, vrat=0
05-02 19:39:42.240 1168 1168 D GsmCdmaPhone: [0] getCsCallRadioTech, result calcVrat=0
05-02 19:39:42.241 1168 1168 D DCT-C-0 : onDataEnabledChanged: enable=true, enabledChangedReason=0
05-02 19:39:42.241 1168 1168 D DCT-C-0 : setupDataOnAllConnectableApns: dataEnabled hipri:[state=IDLE,enabled=false] mcx:[state=IDLE,enabled=false] xcap:[state=IDLE,enabled=false] fota:[state=IDLE,enabled=false] ims:[state=IDLE,enabled=false] cbs:[state=IDLE,enabled=false] ia:[state=IDLE,enabled=false] emergency:[state=IDLE,enabled=false] mms:[state=IDLE,enabled=false] supl:[state=IDLE,enabled=false] dun:[state=IDLE,enabled=false] default:[state=IDLE,enabled=false]
05-02 19:39:42.243 1168 1168 D DCT-I-0 : onDataEnabledChanged: enable=true, enabledChangedReason=0
05-02 19:39:42.243 1168 1168 D DCT-I-0 : setupDataOnAllConnectableApns: dataEnabled hipri:[state=IDLE,enabled=false] mcx:[state=IDLE,enabled=false] xcap:[state=IDLE,enabled=false] fota:[state=IDLE,enabled=false] ims:[state=IDLE,enabled=false] cbs:[state=IDLE,enabled=false] ia:[state=IDLE,enabled=false] emergency:[state=IDLE,enabled=false] mms:[state=IDLE,enabled=false] supl:[state=IDLE,enabled=false] dun:[state=IDLE,enabled=false] default:[state=IDLE,enabled=false]
05-02 19:39:42.244 1168 1168 D PhoneSwitcher: No active subscriptions: resetting preferred phone to 0 for emergency
05-02 19:39:42.248 1168 1168 D PhoneSwitcher: evaluating due to EVENT_PRECISE_CALL_STATE_CHANGED phone[0] 0->-1
05-02 19:39:42.249 1168 1168 D PhoneSwitcher: activate 0
05-02 19:39:42.250 1168 1168 D PhoneSwitcher: notifyPreferredDataSubIdChanged to -1
05-02 19:39:42.253 1168 1168 D PhoneSwitcher: logDataSwitchEvent subId -1 state 1 reason 2
05-02 19:39:42.255 534 975 D ConnectivityService: requestNetwork for uid/pid:1001/1168 NetworkRequest [ TRACK_DEFAULT id=18, [ Capabilities: INTERNET&NOT_RESTRICTED&TRUSTED Uid: 1001 AdministratorUids: [] RequestorUid: 1001 RequestorPackageName: com.android.phone] ]
05-02 19:39:42.256 534 823 D ConnectivityService: NetReassign [no changes]
05-02 19:39:42.260 1168 1168 D TelephonyNetworkFactory[0]: got request NetworkRequest [ REQUEST id=15, [ Capabilities: INTERNET&NOT_RESTRICTED&TRUSTED&NOT_VPN AdministratorUids: [] RequestorUid: 1073 RequestorPackageName: com.android.networkstack] ] with score 0 and providerId -1
05-02 19:39:42.260 1168 1168 D TelephonyNetworkFactory[0]: got request NetworkRequest [ TRACK_DEFAULT id=9, [ Capabilities: INTERNET&NOT_RESTRICTED&TRUSTED Uid: 1000 AdministratorUids: [] RequestorUid: 1000 RequestorPackageName: android] ] with score 0 and providerId -1
05-02 19:39:42.260 1168 1168 D TelephonyNetworkFactory[0]: got request NetworkRequest [ REQUEST id=1, [ Capabilities: INTERNET&NOT_RESTRICTED&TRUSTED&NOT_VPN AdministratorUids: [] RequestorUid: 1000 RequestorPackageName: android] ] with score 0 and providerId -1
05-02 19:39:42.261 1168 1168 D TelephonyNetworkFactory[0]: got request NetworkRequest [ TRACK_DEFAULT id=13, [ Capabilities: INTERNET&NOT_RESTRICTED&TRUSTED Uid: 1073 AdministratorUids: [] RequestorUid: 1073 RequestorPackageName: com.android.networkstack] ] with score 0 and providerId -1
05-02 19:39:42.261 1168 1168 D TelephonyNetworkFactory[0]: got request NetworkRequest [ BACKGROUND_REQUEST id=2, [ Transports: CELLULAR Capabilities: INTERNET&NOT_RESTRICTED&TRUSTED&NOT_VPN AdministratorUids: [] RequestorUid: 1000 RequestorPackageName: android] ] with score 0 and providerId -1
05-02 19:39:42.261 1168 1168 D TelephonyNetworkFactory[0]: got request NetworkRequest [ TRACK_DEFAULT id=12, [ Capabilities: INTERNET&NOT_RESTRICTED&TRUSTED Uid: 10121 AdministratorUids: [] RequestorUid: 10121 RequestorPackageName: com.android.systemui] ] with score 0 and providerId -1
05-02 19:39:42.261 1168 1168 D TelephonyNetworkFactory[0]: got request NetworkRequest [ TRACK_DEFAULT id=11, [ Capabilities: INTERNET&NOT_RESTRICTED&TRUSTED Uid: 10121 AdministratorUids: [] RequestorUid: 10121 RequestorPackageName: com.android.systemui] ] with score 0 and providerId -1
05-02 19:39:42.263 1168 1168 D DebugService: DebugService DebugService:
05-02 19:39:42.284 1168 1168 D ONSNetworkScanCtlr: init called
05-02 19:39:42.299 534 975 D PackageManager: Instant App installer not found with android.intent.action.INSTALL_INSTANT_APP_PACKAGE
05-02 19:39:42.299 534 975 D PackageManager: Clear ephemeral installer activity
05-02 19:39:42.303 534 975 D PackageManager: Instant App installer not found with android.intent.action.INSTALL_INSTANT_APP_PACKAGE
05-02 19:39:42.303 534 975 D PackageManager: Clear ephemeral installer activity
05-02 19:39:42.305 534 993 D TelephonyRegistry: listen ooscl: hasNotifyOpptSubInfoChangedOccurred==false no callback
05-02 19:39:42.306 1168 1168 D ONSProfileSelector: ONSProfileSelector init complete
05-02 19:39:42.311 534 975 D PackageManager: Instant App installer not found with android.intent.action.INSTALL_INSTANT_APP_PACKAGE
05-02 19:39:42.312 534 975 D PackageManager: Clear ephemeral installer activity
05-02 19:39:42.314 534 993 D PackageManager: Instant App installer not found with android.intent.action.INSTALL_INSTANT_APP_PACKAGE
05-02 19:39:42.314 534 993 D PackageManager: Clear ephemeral installer activity
05-02 19:39:42.316 534 975 D PackageManager: Instant App installer not found with android.intent.action.INSTALL_INSTANT_APP_PACKAGE
05-02 19:39:42.316 534 975 D PackageManager: Clear ephemeral installer activity
05-02 19:39:42.318 1168 1168 D ONS : service is enable state true
05-02 19:39:42.323 393 450 I snet_event_log: [132650049,-1,]
05-02 19:39:42.325 534 617 D PackageManager: Instant App installer not found with android.intent.action.INSTALL_INSTANT_APP_PACKAGE
05-02 19:39:42.325 534 617 D PackageManager: Clear ephemeral installer activity
05-02 19:39:42.334 534 975 D PackageManager: Instant App installer not found with android.intent.action.INSTALL_INSTANT_APP_PACKAGE
05-02 19:39:42.334 534 975 D PackageManager: Clear ephemeral installer activity
05-02 19:39:42.351 1168 1168 D GsmSMSDispatcher: GsmSMSDispatcher: subId = -1 slotId = 0
05-02 19:39:42.351 1168 1168 D SST : [0] EVENT_ICC_CHANGED: SIM absent
05-02 19:39:42.351 1168 1168 D SST : [0] cancelAllNotifications: mPrevSubId=-1
05-02 19:39:42.358 534 565 D PackageManager: Instant App installer not found with android.intent.action.INSTALL_INSTANT_APP_PACKAGE
05-02 19:39:42.358 534 565 D PackageManager: Clear ephemeral installer activity
05-02 19:39:42.360 1168 1168 D SST : [0] updateSpnDisplayLegacy+
05-02 19:39:42.384 1168 1168 D SST : [0] updateSpnDisplay: radio is on but out of service, set plmn='No service'
05-02 19:39:42.401 1168 1168 D SST : [0] updateSpnDisplay: rawSpn =
05-02 19:39:42.401 1168 1168 D SST : [0] updateSpnDisplayLegacy-
05-02 19:39:42.402 1168 1168 D CarrierResolver: handleMessage: 2
05-02 19:39:42.403 1168 1168 D GsmCdmaCallTracker: Event EVENT_POLL_CALLS_RESULT Received
05-02 19:39:42.403 1168 1168 D GsmCdmaCallTracker: [0] update phone state, old=IDLE new=IDLE
05-02 19:39:42.403 1168 1168 D SST : [0] SubscriptionListener.onSubscriptionInfoChanged
05-02 19:39:42.412 1168 1168 D Phone : isImsRegistered =false
05-02 19:39:42.463 534 617 I Telecom : PhoneAccountRegistrar: New phone account registered: [[ ] PhoneAccount: ComponentInfo{com.android.phone/com.android.services.telephony.TelephonyConnectionService}, ***, UserHandle{0} Capabilities: CallProvider MultiUser PlaceEmerg SimSub Audio Routes: BESW Schemes: tel voicemail Extras: Bundle[{android.telecom.extra.SUPPORTS_VIDEO_CALLING_FALLBACK=true}] GroupId: ***]: TSI.rPA@ABA
05-02 19:39:42.468 534 617 I Telecom : CallsManager: Sending phone-account ComponentInfo{com.android.phone/com.android.services.telephony.TelephonyConnectionService}, ***, UserHandle{0} registered intent as user: TSI.rPA@ABA
05-02 19:39:42.471 534 617 I Telecom : CallsManager: Sending phone-account registered intent to default dialer: TSI.rPA@ABA
05-02 19:39:42.496 1168 1168 D NetworkService: network service created
05-02 19:39:42.501 1168 1168 D NetworkTypeController: [0] LegacyState: process EVENT_DATA_RAT_CHANGED
05-02 19:39:42.502 1168 1168 D NetworkTypeController: [0] Remove all timers
05-02 19:39:42.502 1168 1168 D NetworkTypeController: [0] Remove all timers
05-02 19:39:42.502 1168 1168 D DCT-C-0 : reevaluateUnmeteredConnections
05-02 19:39:42.503 1168 1168 D DCT-I-0 : reevaluateUnmeteredConnections
05-02 19:39:42.511 1168 1168 D DataService: Data service created
05-02 19:39:42.553 534 577 I wm_activity_launch_time: [0,109124949,com.android.settings/.SubSettings,1325]
05-02 19:39:42.574 534 565 I dvm_lock_sample: [system_server,1,Binder:534_1,42,ActivityManagerService.java,15688,void com.android.server.am.ActivityManagerService.unregisterReceiver(android.content.IIntentReceiver),-,15196,void com.android.server.am.ActivityManagerService.publishService(android.os.IBinder, android.content.Intent, android.os.IBinder),8]
05-02 19:39:42.605 1168 1168 D TelephonyNetworkFactory[0]: got request NetworkRequest [ TRACK_DEFAULT id=18, [ Capabilities: INTERNET&NOT_RESTRICTED&TRUSTED Uid: 1001 AdministratorUids: [] RequestorUid: 1001 RequestorPackageName: com.android.phone] ] with score 0 and providerId 0
05-02 19:39:42.621 1168 1168 D DcRequest: Cellular request confirmed: NetworkRequest [ REQUEST id=15, [ Capabilities: INTERNET&NOT_RESTRICTED&TRUSTED&NOT_VPN AdministratorUids: [] RequestorUid: 1073 RequestorPackageName: com.android.networkstack] ]
05-02 19:39:42.623 1168 1168 D PhoneSwitcher: evaluating due to netRequest
05-02 19:39:42.625 1168 1168 D PhoneSwitcher: notifyPreferredDataSubIdChanged to -1
05-02 19:39:42.641 1168 1168 D PhoneSwitcher: Added DcRequest, size: 1
05-02 19:39:42.646 1168 1168 D DcRequest: Cellular request confirmed: NetworkRequest [ TRACK_DEFAULT id=9, [ Capabilities: INTERNET&NOT_RESTRICTED&TRUSTED Uid: 1000 AdministratorUids: [] RequestorUid: 1000 RequestorPackageName: android] ]
05-02 19:39:42.648 1168 1168 D PhoneSwitcher: evaluating due to netRequest
05-02 19:39:42.650 1168 1168 D PhoneSwitcher: notifyPreferredDataSubIdChanged to -1
05-02 19:39:42.657 1168 1168 D PhoneSwitcher: Added DcRequest, size: 2
05-02 19:39:42.663 1168 1168 D DcRequest: Cellular request confirmed: NetworkRequest [ REQUEST id=1, [ Capabilities: INTERNET&NOT_RESTRICTED&TRUSTED&NOT_VPN AdministratorUids: [] RequestorUid: 1000 RequestorPackageName: android] ]
05-02 19:39:42.665 1168 1168 D PhoneSwitcher: evaluating due to netRequest
05-02 19:39:42.666 1168 1168 D PhoneSwitcher: notifyPreferredDataSubIdChanged to -1
05-02 19:39:42.687 1168 1168 D PhoneSwitcher: Added DcRequest, size: 3
05-02 19:39:42.727 1168 1168 D DcRequest: Cellular request confirmed: NetworkRequest [ TRACK_DEFAULT id=13, [ Capabilities: INTERNET&NOT_RESTRICTED&TRUSTED Uid: 1073 AdministratorUids: [] RequestorUid: 1073 RequestorPackageName: com.android.networkstack] ]
05-02 19:39:42.729 1168 1168 D PhoneSwitcher: evaluating due to netRequest
05-02 19:39:42.740 1168 1168 D PhoneSwitcher: notifyPreferredDataSubIdChanged to -1
05-02 19:39:42.751 1168 1168 D PhoneSwitcher: Added DcRequest, size: 4
05-02 19:39:42.769 1168 1168 I service_manager_slow: [15,carrier_config]
05-02 19:39:42.781 1168 1168 D DcRequest: Cellular request confirmed: NetworkRequest [ BACKGROUND_REQUEST id=2, [ Transports: CELLULAR Capabilities: INTERNET&NOT_RESTRICTED&TRUSTED&NOT_VPN AdministratorUids: [] RequestorUid: 1000 RequestorPackageName: android] ]
05-02 19:39:42.782 1168 1168 D PhoneSwitcher: evaluating due to netRequest
05-02 19:39:42.815 1168 1168 D PhoneSwitcher: notifyPreferredDataSubIdChanged to -1
05-02 19:39:42.829 1168 1168 D PhoneSwitcher: Added DcRequest, size: 5
05-02 19:39:42.834 1168 1168 D DcRequest: Cellular request confirmed: NetworkRequest [ TRACK_DEFAULT id=12, [ Capabilities: INTERNET&NOT_RESTRICTED&TRUSTED Uid: 10121 AdministratorUids: [] RequestorUid: 10121 RequestorPackageName: com.android.systemui] ]
05-02 19:39:42.834 1168 1168 D PhoneSwitcher: evaluating due to netRequest
05-02 19:39:42.835 1168 1168 D PhoneSwitcher: notifyPreferredDataSubIdChanged to -1
05-02 19:39:42.840 1168 1168 D PhoneSwitcher: Added DcRequest, size: 6
05-02 19:39:42.857 1168 1168 D DcRequest: Cellular request confirmed: NetworkRequest [ TRACK_DEFAULT id=11, [ Capabilities: INTERNET&NOT_RESTRICTED&TRUSTED Uid: 10121 AdministratorUids: [] RequestorUid: 10121 RequestorPackageName: com.android.systemui] ]
05-02 19:39:42.869 1168 1168 D PhoneSwitcher: evaluating due to netRequest
05-02 19:39:42.870 1168 1168 D PhoneSwitcher: notifyPreferredDataSubIdChanged to -1
05-02 19:39:42.877 1168 1168 D PhoneSwitcher: Added DcRequest, size: 7
05-02 19:39:42.882 1168 1168 D TelephonyNetworkFactory[0]: onNeedNetworkFor NetworkRequest [ REQUEST id=15, [ Capabilities: INTERNET&NOT_RESTRICTED&TRUSTED&NOT_VPN AdministratorUids: [] RequestorUid: 1073 RequestorPackageName: com.android.networkstack] ] shouldApply false
05-02 19:39:42.887 1168 1168 D TelephonyNetworkFactory[0]: onNeedNetworkFor NetworkRequest [ TRACK_DEFAULT id=9, [ Capabilities: INTERNET&NOT_RESTRICTED&TRUSTED Uid: 1000 AdministratorUids: [] RequestorUid: 1000 RequestorPackageName: android] ] shouldApply false
05-02 19:39:42.891 1168 1168 D TelephonyNetworkFactory[0]: onNeedNetworkFor NetworkRequest [ REQUEST id=1, [ Capabilities: INTERNET&NOT_RESTRICTED&TRUSTED&NOT_VPN AdministratorUids: [] RequestorUid: 1000 RequestorPackageName: android] ] shouldApply false
05-02 19:39:42.892 1168 1168 D TelephonyNetworkFactory[0]: onNeedNetworkFor NetworkRequest [ TRACK_DEFAULT id=13, [ Capabilities: INTERNET&NOT_RESTRICTED&TRUSTED Uid: 1073 AdministratorUids: [] RequestorUid: 1073 RequestorPackageName: com.android.networkstack] ] shouldApply false
05-02 19:39:42.893 1168 1168 D TelephonyNetworkFactory[0]: onNeedNetworkFor NetworkRequest [ BACKGROUND_REQUEST id=2, [ Transports: CELLULAR Capabilities: INTERNET&NOT_RESTRICTED&TRUSTED&NOT_VPN AdministratorUids: [] RequestorUid: 1000 RequestorPackageName: android] ] shouldApply false
05-02 19:39:42.894 1168 1168 D TelephonyNetworkFactory[0]: onNeedNetworkFor NetworkRequest [ TRACK_DEFAULT id=12, [ Capabilities: INTERNET&NOT_RESTRICTED&TRUSTED Uid: 10121 AdministratorUids: [] RequestorUid: 10121 RequestorPackageName: com.android.systemui] ] shouldApply false
05-02 19:39:42.895 1168 1168 D TelephonyNetworkFactory[0]: onNeedNetworkFor NetworkRequest [ TRACK_DEFAULT id=11, [ Capabilities: INTERNET&NOT_RESTRICTED&TRUSTED Uid: 10121 AdministratorUids: [] RequestorUid: 10121 RequestorPackageName: com.android.systemui] ] shouldApply false
05-02 19:39:42.956 1168 1168 D SipService: SipService: started!
05-02 19:39:43.017 534 571 I wm_stop_activity: [0,222931791,com.android.settings/.Settings]
05-02 19:39:43.024 1168 1168 D SipService: start:
05-02 19:39:43.092 1168 1168 I service_manager_stats: [123,270,5015]
05-02 19:39:43.098 534 993 I Telecom : PhoneAccountRegistrar: Modify account: [ComponentInfo{com.android.phone/com.android.services.telephony.TelephonyConnectionService}, ***, UserHandle{0}]: TSI.rPA@ABI
05-02 19:39:43.101 534 993 I Telecom : CallsManager: handlePhoneAccountChanged: phoneAccount=[[X] PhoneAccount: ComponentInfo{com.android.phone/com.android.services.telephony.TelephonyConnectionService}, ***, UserHandle{0} Capabilities: CallProvider MultiUser PlaceEmerg SimSub Audio Routes: BESW Schemes: tel voicemail Extras: Bundle[{android.telecom.extra.SUPPORTS_VIDEO_CALLING_FALLBACK=true}] GroupId: ***]: TSI.rPA@ABI
05-02 19:39:43.105 1168 1168 D NRM-C-0 : service ComponentInfo{com.android.phone/com.android.internal.telephony.CellularNetworkService} for transport WWAN is now connected.
05-02 19:39:43.106 1168 1168 D DSM-C-0 : onServiceConnected
05-02 19:39:43.111 1168 1915 D CellularDataService: Cellular data service created for slot 0
05-02 19:39:43.116 1168 1168 D DcRequest: Cellular request confirmed: NetworkRequest [ TRACK_DEFAULT id=18, [ Capabilities: INTERNET&NOT_RESTRICTED&TRUSTED Uid: 1001 AdministratorUids: [] RequestorUid: 1001 RequestorPackageName: com.android.phone] ]
05-02 19:39:43.117 1168 1168 D PhoneSwitcher: evaluating due to netRequest
05-02 19:39:43.117 1168 1168 D PhoneSwitcher: notifyPreferredDataSubIdChanged to -1
05-02 19:39:43.121 1168 1168 D PhoneSwitcher: Added DcRequest, size: 8
05-02 19:39:43.124 1168 1168 D TelephonyNetworkFactory[0]: onNeedNetworkFor NetworkRequest [ TRACK_DEFAULT id=18, [ Capabilities: INTERNET&NOT_RESTRICTED&TRUSTED Uid: 1001 AdministratorUids: [] RequestorUid: 1001 RequestorPackageName: com.android.phone] ] shouldApply false
05-02 19:39:43.153 1168 1723 D Dcc-C-0 : DccDefaultState: msg.what=EVENT_RIL_CONNECTED mRilVersion=15
05-02 19:39:43.218 0 0 I AidlLazyServiceRegistrar: Trying to shut down the service. No clients in use for any service in process.
05-02 19:39:43.234 0 0 I AidlLazyServiceRegistrar: Unregistered all clients and exiting
05-02 19:39:43.249 0 0 W printk : apexd: 221 output lines suppressed due to ratelimiting
05-02 19:39:43.257 0 0 I init : Service 'apexd' (pid 287) exited with status 0 oneshot service took 180.498993 seconds in background
05-02 19:39:43.273 0 0 I init : Sending signal 9 to service 'apexd' (pid 287) process group...
05-02 19:39:43.274 1225 1225 I wm_on_stop_called: [222931791,com.android.settings.Settings,STOP_ACTIVITY_ITEM]
05-02 19:39:43.279 1729 1788 I dvm_lock_sample: [android.process.acore,0,Worker-1,1367,SQLiteOpenHelper.java,339,android.database.sqlite.SQLiteDatabase android.database.sqlite.SQLiteOpenHelper.getReadableDatabase(),-,340,android.database.sqlite.SQLiteDatabase android.database.sqlite.SQLiteOpenHelper.getReadableDatabase(),100]
05-02 19:39:43.280 1729 1729 I dvm_lock_sample: [android.process.acore,1,main,1080,SQLiteOpenHelper.java,315,android.database.sqlite.SQLiteDatabase android.database.sqlite.SQLiteOpenHelper.getWritableDatabase(),-,340,android.database.sqlite.SQLiteDatabase android.database.sqlite.SQLiteOpenHelper.getReadableDatabase(),100]
05-02 19:39:43.292 0 0 I libprocessgroup: Successfully killed process cgroup uid 0 pid 287 in 0ms
05-02 19:39:43.345 379 379 I sf_frame_dur: [com.android.settings/com.android.settings.Settings#0,0,5,17,2,3,0,1]
05-02 19:39:43.396 534 568 I RoleManagerService: Granting default roles...
05-02 19:39:43.409 1729 1788 I dvm_lock_sample: [android.process.acore,0,Worker-1,50,AccountManager.java,2902,void android.accounts.AccountManager.addOnAccountsUpdatedListener(android.accounts.OnAccountsUpdateListener, android.os.Handler, boolean, java.lang.String[]),-,2932,void android.accounts.AccountManager.addOnAccountsUpdatedListener(android.accounts.OnAccountsUpdateListener, android.os.Handler, boolean, java.lang.String[]),10]
05-02 19:39:43.453 534 534 I Telecom : DefaultDialerCache: Refreshing default dialer for user 0: now com.android.dialer: DDC.oR@ABQ
05-02 19:39:43.615 534 577 W VoiceInteractionManager: no available voice interaction services found for user 0
05-02 19:39:43.790 1729 1729 I [4100] : 1631
05-02 19:39:43.793 534 990 I PreBootBroadcaster: Pre-boot of {com.android.providers.media.module/com.android.providers.media.MediaUpgradeReceiver} for user 0
05-02 19:39:43.793 534 990 I am_pre_boot: [0,com.android.providers.media.module]
05-02 19:39:43.799 534 534 I notification_enqueue: [1000,534,android,13,PreBootBroadcaster,0,Notification(channel=UPDATES shortcut=null contentView=null vibrate=null sound=null tick defaults=0x0 flags=0x2 color=0xff607d8b vis=PUBLIC),1]
05-02 19:39:43.964 534 968 I PreBootBroadcaster: Pre-boot of {com.android.settings/com.android.settings.SettingsInitialize} for user 0
05-02 19:39:43.964 534 968 I am_pre_boot: [0,com.android.settings]
05-02 19:39:43.971 534 534 I notification_enqueue: [1000,534,android,13,PreBootBroadcaster,0,Notification(channel=UPDATES shortcut=null contentView=null vibrate=null sound=null tick defaults=0x0 flags=0x2 color=0xff607d8b vis=PUBLIC),1]
05-02 19:39:44.040 534 968 D PackageManager: Instant App installer not found with android.intent.action.INSTALL_INSTANT_APP_PACKAGE
05-02 19:39:44.041 534 968 D PackageManager: Clear ephemeral installer activity
05-02 19:39:44.066 534 968 I uc_finish_user_unlocked_completed: 0
05-02 19:39:44.067 534 968 I ActivityManager: Posting BOOT_COMPLETED user #0
05-02 19:39:44.067 534 578 I SystemServerTimingAsync: ssm.UnlockedUser-0
05-02 19:39:44.068 534 578 I SystemServiceManager: Calling onUnlockedUser 0
05-02 19:39:44.068 534 578 I SystemServerTimingAsync: ssm.onUnlockedUser-0_com.android.server.security.FileIntegrityService
05-02 19:39:44.068 534 578 D SystemServerTimingAsync: ssm.onUnlockedUser-0_com.android.server.security.FileIntegrityService took to complete: 0ms
05-02 19:39:44.068 534 578 I SystemServerTimingAsync: ssm.onUnlockedUser-0_com.android.server.pm.Installer
05-02 19:39:44.068 534 578 D SystemServerTimingAsync: ssm.onUnlockedUser-0_com.android.server.pm.Installer took to complete: 0ms
05-02 19:39:44.068 534 578 I SystemServerTimingAsync: ssm.onUnlockedUser-0_com.android.server.os.DeviceIdentifiersPolicyService
05-02 19:39:44.068 534 578 D SystemServerTimingAsync: ssm.onUnlockedUser-0_com.android.server.os.DeviceIdentifiersPolicyService took to complete: 0ms
05-02 19:39:44.068 534 578 I SystemServerTimingAsync: ssm.onUnlockedUser-0_com.android.server.uri.UriGrantsManagerService$Lifecycle
05-02 19:39:44.068 534 578 D SystemServerTimingAsync: ssm.onUnlockedUser-0_com.android.server.uri.UriGrantsManagerService$Lifecycle took to complete: 0ms
05-02 19:39:44.068 534 578 I SystemServerTimingAsync: ssm.onUnlockedUser-0_com.android.server.wm.ActivityTaskManagerService$Lifecycle
05-02 19:39:44.068 534 578 D SystemServerTimingAsync: ssm.onUnlockedUser-0_com.android.server.wm.ActivityTaskManagerService$Lifecycle took to complete: 0ms
05-02 19:39:44.068 534 578 I SystemServerTimingAsync: ssm.onUnlockedUser-0_com.android.server.am.ActivityManagerService$Lifecycle
05-02 19:39:44.068 534 578 D SystemServerTimingAsync: ssm.onUnlockedUser-0_com.android.server.am.ActivityManagerService$Lifecycle took to complete: 0ms
05-02 19:39:44.068 534 578 I SystemServerTimingAsync: ssm.onUnlockedUser-0_com.android.server.pm.DataLoaderManagerService
05-02 19:39:44.068 534 578 D SystemServerTimingAsync: ssm.onUnlockedUser-0_com.android.server.pm.DataLoaderManagerService took to complete: 0ms
05-02 19:39:44.068 534 578 I SystemServerTimingAsync: ssm.onUnlockedUser-0_com.android.server.power.PowerManagerService
05-02 19:39:44.068 534 578 D SystemServerTimingAsync: ssm.onUnlockedUser-0_com.android.server.power.PowerManagerService took to complete: 0ms
05-02 19:39:44.068 534 578 I SystemServerTimingAsync: ssm.onUnlockedUser-0_com.android.server.power.ThermalManagerService
05-02 19:39:44.068 534 578 D SystemServerTimingAsync: ssm.onUnlockedUser-0_com.android.server.power.ThermalManagerService took to complete: 0ms
05-02 19:39:44.068 534 578 I SystemServerTimingAsync: ssm.onUnlockedUser-0_com.android.server.recoverysystem.RecoverySystemService$Lifecycle
05-02 19:39:44.068 534 578 D SystemServerTimingAsync: ssm.onUnlockedUser-0_com.android.server.recoverysystem.RecoverySystemService$Lifecycle took to complete: 0ms
05-02 19:39:44.068 534 578 I SystemServerTimingAsync: ssm.onUnlockedUser-0_com.android.server.lights.LightsService
05-02 19:39:44.068 534 578 D SystemServerTimingAsync: ssm.onUnlockedUser-0_com.android.server.lights.LightsService took to complete: 0ms
05-02 19:39:44.069 534 578 I SystemServerTimingAsync: ssm.onUnlockedUser-0_com.android.server.display.DisplayManagerService
05-02 19:39:44.069 534 578 D SystemServerTimingAsync: ssm.onUnlockedUser-0_com.android.server.display.DisplayManagerService took to complete: 0ms
05-02 19:39:44.069 534 578 I SystemServerTimingAsync: ssm.onUnlockedUser-0_com.android.server.pm.UserManagerService$LifeCycle
05-02 19:39:44.069 534 578 D SystemServerTimingAsync: ssm.onUnlockedUser-0_com.android.server.pm.UserManagerService$LifeCycle took to complete: 0ms
05-02 19:39:44.069 534 578 I SystemServerTimingAsync: ssm.onUnlockedUser-0_com.android.server.om.OverlayManagerService
05-02 19:39:44.069 534 578 D SystemServerTimingAsync: ssm.onUnlockedUser-0_com.android.server.om.OverlayManagerService took to complete: 0ms
05-02 19:39:44.069 534 578 I SystemServerTimingAsync: ssm.onUnlockedUser-0_com.android.server.SensorPrivacyService
05-02 19:39:44.069 534 578 D SystemServerTimingAsync: ssm.onUnlockedUser-0_com.android.server.SensorPrivacyService took to complete: 0ms
05-02 19:39:44.069 534 578 I SystemServerTimingAsync: ssm.onUnlockedUser-0_com.android.server.SystemConfigService
05-02 19:39:44.069 534 578 D SystemServerTimingAsync: ssm.onUnlockedUser-0_com.android.server.SystemConfigService took to complete: 0ms
05-02 19:39:44.069 534 578 I SystemServerTimingAsync: ssm.onUnlockedUser-0_com.android.server.BatteryService
05-02 19:39:44.069 534 578 D SystemServerTimingAsync: ssm.onUnlockedUser-0_com.android.server.BatteryService took to complete: 0ms
05-02 19:39:44.069 534 578 I SystemServerTimingAsync: ssm.onUnlockedUser-0_com.android.server.usage.UsageStatsService
05-02 19:39:44.069 534 578 D SystemServerTimingAsync: ssm.onUnlockedUser-0_com.android.server.usage.UsageStatsService took to complete: 0ms
05-02 19:39:44.069 534 578 I SystemServerTimingAsync: ssm.onUnlockedUser-0_com.android.server.webkit.WebViewUpdateService
05-02 19:39:44.069 534 578 D SystemServerTimingAsync: ssm.onUnlockedUser-0_com.android.server.webkit.WebViewUpdateService took to complete: 0ms
05-02 19:39:44.069 534 578 I SystemServerTimingAsync: ssm.onUnlockedUser-0_com.android.server.CachedDeviceStateService
05-02 19:39:44.069 534 578 D SystemServerTimingAsync: ssm.onUnlockedUser-0_com.android.server.CachedDeviceStateService took to complete: 0ms
05-02 19:39:44.069 534 578 I SystemServerTimingAsync: ssm.onUnlockedUser-0_com.android.server.BinderCallsStatsService$LifeCycle
05-02 19:39:44.069 534 578 D SystemServerTimingAsync: ssm.onUnlockedUser-0_com.android.server.BinderCallsStatsService$LifeCycle took to complete: 0ms
05-02 19:39:44.069 534 578 I SystemServerTimingAsync: ssm.onUnlockedUser-0_com.android.server.LooperStatsService$Lifecycle
05-02 19:39:44.069 534 578 D SystemServerTimingAsync: ssm.onUnlockedUser-0_com.android.server.LooperStatsService$Lifecycle took to complete: 0ms
05-02 19:39:44.069 534 578 I SystemServerTimingAsync: ssm.onUnlockedUser-0_com.android.server.rollback.RollbackManagerService
05-02 19:39:44.069 534 578 D SystemServerTimingAsync: ssm.onUnlockedUser-0_com.android.server.rollback.RollbackManagerService took to complete: 0ms
05-02 19:39:44.069 534 578 I SystemServerTimingAsync: ssm.onUnlockedUser-0_com.android.server.os.BugreportManagerService
05-02 19:39:44.069 534 578 D SystemServerTimingAsync: ssm.onUnlockedUser-0_com.android.server.os.BugreportManagerService took to complete: 0ms
05-02 19:39:44.069 534 578 I SystemServerTimingAsync: ssm.onUnlockedUser-0_com.android.server.gpu.GpuService
05-02 19:39:44.069 534 578 D SystemServerTimingAsync: ssm.onUnlockedUser-0_com.android.server.gpu.GpuService took to complete: 0ms
05-02 19:39:44.069 534 578 I SystemServerTimingAsync: ssm.onUnlockedUser-0_com.android.server.security.KeyChainSystemService
05-02 19:39:44.070 534 578 D SystemServerTimingAsync: ssm.onUnlockedUser-0_com.android.server.security.KeyChainSystemService took to complete: 0ms
05-02 19:39:44.070 534 578 I SystemServerTimingAsync: ssm.onUnlockedUser-0_com.android.server.telecom.TelecomLoaderService
05-02 19:39:44.070 534 578 D SystemServerTimingAsync: ssm.onUnlockedUser-0_com.android.server.telecom.TelecomLoaderService took to complete: 0ms
05-02 19:39:44.070 534 578 I SystemServerTimingAsync: ssm.onUnlockedUser-0_com.android.server.accounts.AccountManagerService$Lifecycle
05-02 19:39:44.070 534 578 D SystemServerTimingAsync: ssm.onUnlockedUser-0_com.android.server.accounts.AccountManagerService$Lifecycle took to complete: 0ms
05-02 19:39:44.070 534 578 I SystemServerTimingAsync: ssm.onUnlockedUser-0_com.android.server.content.ContentService$Lifecycle
05-02 19:39:44.070 534 578 D SystemServerTimingAsync: ssm.onUnlockedUser-0_com.android.server.content.ContentService$Lifecycle took to complete: 0ms
05-02 19:39:44.070 534 578 I SystemServerTimingAsync: ssm.onUnlockedUser-0_com.android.server.DropBoxManagerService
05-02 19:39:44.070 534 578 D SystemServerTimingAsync: ssm.onUnlockedUser-0_com.android.server.DropBoxManagerService took to complete: 0ms
05-02 19:39:44.070 534 578 I SystemServerTimingAsync: ssm.onUnlockedUser-0_com.android.server.AlarmManagerService
05-02 19:39:44.070 534 578 D SystemServerTimingAsync: ssm.onUnlockedUser-0_com.android.server.AlarmManagerService took to complete: 0ms
05-02 19:39:44.070 534 578 I SystemServerTimingAsync: ssm.onUnlockedUser-0_com.android.server.BluetoothService
05-02 19:39:44.070 534 578 D SystemServerTimingAsync: ssm.onUnlockedUser-0_com.android.server.BluetoothService took to complete: 0ms
05-02 19:39:44.070 534 578 I SystemServerTimingAsync: ssm.onUnlockedUser-0_com.android.server.connectivity.IpConnectivityMetrics
05-02 19:39:44.070 534 578 D SystemServerTimingAsync: ssm.onUnlockedUser-0_com.android.server.connectivity.IpConnectivityMetrics took to complete: 0ms
05-02 19:39:44.070 534 578 I SystemServerTimingAsync: ssm.onUnlockedUser-0_com.android.server.net.watchlist.NetworkWatchlistService$Lifecycle
05-02 19:39:44.070 534 578 D SystemServerTimingAsync: ssm.onUnlockedUser-0_com.android.server.net.watchlist.NetworkWatchlistService$Lifecycle took to complete: 0ms
05-02 19:39:44.070 534 578 I SystemServerTimingAsync: ssm.onUnlockedUser-0_com.android.server.PinnerService
05-02 19:39:44.070 534 578 D SystemServerTimingAsync: ssm.onUnlockedUser-0_com.android.server.PinnerService took to complete: 0ms
05-02 19:39:44.070 534 578 I SystemServerTimingAsync: ssm.onUnlockedUser-0_com.google.android.startop.iorap.IorapForwardingService
05-02 19:39:44.070 534 578 D SystemServerTimingAsync: ssm.onUnlockedUser-0_com.google.android.startop.iorap.IorapForwardingService took to complete: 0ms
05-02 19:39:44.070 534 578 I SystemServerTimingAsync: ssm.onUnlockedUser-0_com.android.server.integrity.AppIntegrityManagerService
05-02 19:39:44.070 534 578 D SystemServerTimingAsync: ssm.onUnlockedUser-0_com.android.server.integrity.AppIntegrityManagerService took to complete: 0ms
05-02 19:39:44.070 534 578 I SystemServerTimingAsync: ssm.onUnlockedUser-0_com.android.server.inputmethod.InputMethodManagerService$Lifecycle
05-02 19:39:44.070 534 578 D SystemServerTimingAsync: ssm.onUnlockedUser-0_com.android.server.inputmethod.InputMethodManagerService$Lifecycle took to complete: 0ms
05-02 19:39:44.072 534 568 I AppWidgetServiceImpl: Processing of handleUserUnlocked u0 took 3 ms
05-02 19:39:44.072 534 578 I SystemServerTimingAsync: ssm.onUnlockedUser-0_com.android.server.accessibility.AccessibilityManagerService$Lifecycle
05-02 19:39:44.073 534 578 D SystemServerTimingAsync: ssm.onUnlockedUser-0_com.android.server.accessibility.AccessibilityManagerService$Lifecycle took to complete: 0ms
05-02 19:39:44.073 534 578 I SystemServerTimingAsync: ssm.onUnlockedUser-0_com.android.server.StorageManagerService$Lifecycle
05-02 19:39:44.073 534 578 D SystemServerTimingAsync: ssm.onUnlockedUser-0_com.android.server.StorageManagerService$Lifecycle took to complete: 0ms
05-02 19:39:44.073 534 578 I SystemServerTimingAsync: ssm.onUnlockedUser-0_com.android.server.usage.StorageStatsService$Lifecycle
05-02 19:39:44.073 534 568 I uc_send_user_broadcast: [0,android.intent.action.BOOT_COMPLETED]
05-02 19:39:44.073 534 578 D SystemServerTimingAsync: ssm.onUnlockedUser-0_com.android.server.usage.StorageStatsService$Lifecycle took to complete: 0ms
05-02 19:39:44.073 534 578 I SystemServerTimingAsync: ssm.onUnlockedUser-0_com.android.server.UiModeManagerService
05-02 19:39:44.073 534 578 D SystemServerTimingAsync: ssm.onUnlockedUser-0_com.android.server.UiModeManagerService took to complete: 0ms
05-02 19:39:44.073 534 578 I SystemServerTimingAsync: ssm.onUnlockedUser-0_com.android.server.locksettings.LockSettingsService$Lifecycle
05-02 19:39:44.073 534 578 D SystemServerTimingAsync: ssm.onUnlockedUser-0_com.android.server.locksettings.LockSettingsService$Lifecycle took to complete: 0ms
05-02 19:39:44.073 534 578 I SystemServerTimingAsync: ssm.onUnlockedUser-0_com.android.server.PersistentDataBlockService
05-02 19:39:44.073 534 578 D SystemServerTimingAsync: ssm.onUnlockedUser-0_com.android.server.PersistentDataBlockService took to complete: 0ms
05-02 19:39:44.073 534 578 I SystemServerTimingAsync: ssm.onUnlockedUser-0_com.android.server.testharness.TestHarnessModeService
05-02 19:39:44.073 534 578 D SystemServerTimingAsync: ssm.onUnlockedUser-0_com.android.server.testharness.TestHarnessModeService took to complete: 0ms
05-02 19:39:44.073 534 578 I SystemServerTimingAsync: ssm.onUnlockedUser-0_com.android.server.oemlock.OemLockService
05-02 19:39:44.073 534 578 D SystemServerTimingAsync: ssm.onUnlockedUser-0_com.android.server.oemlock.OemLockService took to complete: 0ms
05-02 19:39:44.073 534 578 I SystemServerTimingAsync: ssm.onUnlockedUser-0_com.android.server.DeviceIdleController
05-02 19:39:44.073 534 578 D SystemServerTimingAsync: ssm.onUnlockedUser-0_com.android.server.DeviceIdleController took to complete: 0ms
05-02 19:39:44.073 534 578 I SystemServerTimingAsync: ssm.onUnlockedUser-0_com.android.server.devicepolicy.DevicePolicyManagerService$Lifecycle
05-02 19:39:44.073 534 578 D SystemServerTimingAsync: ssm.onUnlockedUser-0_com.android.server.devicepolicy.DevicePolicyManagerService$Lifecycle took to complete: 0ms
05-02 19:39:44.073 534 578 I SystemServerTimingAsync: ssm.onUnlockedUser-0_com.android.server.textservices.TextServicesManagerService$Lifecycle
05-02 19:39:44.073 534 578 D SystemServerTimingAsync: ssm.onUnlockedUser-0_com.android.server.textservices.TextServicesManagerService$Lifecycle took to complete: 0ms
05-02 19:39:44.073 534 578 I SystemServerTimingAsync: ssm.onUnlockedUser-0_com.android.server.textclassifier.TextClassificationManagerService$Lifecycle
05-02 19:39:44.073 534 578 D SystemServerTimingAsync: ssm.onUnlockedUser-0_com.android.server.textclassifier.TextClassificationManagerService$Lifecycle took to complete: 0ms
05-02 19:39:44.073 534 578 I SystemServerTimingAsync: ssm.onUnlockedUser-0_com.android.server.NetworkScoreService$Lifecycle
05-02 19:39:44.073 534 578 D SystemServerTimingAsync: ssm.onUnlockedUser-0_com.android.server.NetworkScoreService$Lifecycle took to complete: 0ms
05-02 19:39:44.073 534 578 I SystemServerTimingAsync: ssm.onUnlockedUser-0_com.android.server.wifi.WifiService
05-02 19:39:44.073 534 578 D SystemServerTimingAsync: ssm.onUnlockedUser-0_com.android.server.wifi.WifiService took to complete: 0ms
05-02 19:39:44.073 534 578 I SystemServerTimingAsync: ssm.onUnlockedUser-0_com.android.server.wifi.scanner.WifiScanningService
05-02 19:39:44.074 534 578 D SystemServerTimingAsync: ssm.onUnlockedUser-0_com.android.server.wifi.scanner.WifiScanningService took to complete: 0ms
05-02 19:39:44.074 534 578 I SystemServerTimingAsync: ssm.onUnlockedUser-0_com.android.server.wifi.p2p.WifiP2pService
05-02 19:39:44.074 534 578 D SystemServerTimingAsync: ssm.onUnlockedUser-0_com.android.server.wifi.p2p.WifiP2pService took to complete: 0ms
05-02 19:39:44.074 534 578 I SystemServerTimingAsync: ssm.onUnlockedUser-0_com.android.server.ethernet.EthernetService
05-02 19:39:44.074 534 578 D SystemServerTimingAsync: ssm.onUnlockedUser-0_com.android.server.ethernet.EthernetService took to complete: 0ms
05-02 19:39:44.074 534 578 I SystemServerTimingAsync: ssm.onUnlockedUser-0_com.android.server.notification.NotificationManagerService
05-02 19:39:44.074 534 578 D SystemServerTimingAsync: ssm.onUnlockedUser-0_com.android.server.notification.NotificationManagerService took to complete: 0ms
05-02 19:39:44.074 534 578 I SystemServerTimingAsync: ssm.onUnlockedUser-0_com.android.server.storage.DeviceStorageMonitorService
05-02 19:39:44.074 534 578 D SystemServerTimingAsync: ssm.onUnlockedUser-0_com.android.server.storage.DeviceStorageMonitorService took to complete: 0ms
05-02 19:39:44.074 534 578 I SystemServerTimingAsync: ssm.onUnlockedUser-0_com.android.server.location.LocationManagerService$Lifecycle
