05-02 19:39:44.074 534 578 D SystemServerTimingAsync: ssm.onUnlockedUser-0_com.android.server.location.LocationManagerService$Lifecycle took to complete: 0ms
05-02 19:39:44.074 534 578 I SystemServerTimingAsync: ssm.onUnlockedUser-0_com.android.server.timedetector.TimeDetectorService$Lifecycle
05-02 19:39:44.074 534 578 D SystemServerTimingAsync: ssm.onUnlockedUser-0_com.android.server.timedetector.TimeDetectorService$Lifecycle took to complete: 0ms
05-02 19:39:44.074 534 578 I SystemServerTimingAsync: ssm.onUnlockedUser-0_com.android.server.timezonedetector.TimeZoneDetectorService$Lifecycle
05-02 19:39:44.074 534 578 D SystemServerTimingAsync: ssm.onUnlockedUser-0_com.android.server.timezonedetector.TimeZoneDetectorService$Lifecycle took to complete: 0ms
05-02 19:39:44.074 534 578 I SystemServerTimingAsync: ssm.onUnlockedUser-0_com.android.server.search.SearchManagerService$Lifecycle
05-02 19:39:44.074 534 578 D SystemServerTimingAsync: ssm.onUnlockedUser-0_com.android.server.search.SearchManagerService$Lifecycle took to complete: 0ms
05-02 19:39:44.074 534 578 I SystemServerTimingAsync: ssm.onUnlockedUser-0_com.android.server.wallpaper.WallpaperManagerService$Lifecycle
05-02 19:39:44.074 534 578 D SystemServerTimingAsync: ssm.onUnlockedUser-0_com.android.server.wallpaper.WallpaperManagerService$Lifecycle took to complete: 0ms
05-02 19:39:44.074 534 578 I SystemServerTimingAsync: ssm.onUnlockedUser-0_com.android.server.audio.AudioService$Lifecycle
05-02 19:39:44.074 534 578 D SystemServerTimingAsync: ssm.onUnlockedUser-0_com.android.server.audio.AudioService$Lifecycle took to complete: 0ms
05-02 19:39:44.074 534 578 I SystemServerTimingAsync: ssm.onUnlockedUser-0_com.android.server.soundtrigger_middleware.SoundTriggerMiddlewareService$Lifecycle
05-02 19:39:44.074 534 578 D SystemServerTimingAsync: ssm.onUnlockedUser-0_com.android.server.soundtrigger_middleware.SoundTriggerMiddlewareService$Lifecycle took to complete: 0ms
05-02 19:39:44.074 534 578 I SystemServerTimingAsync: ssm.onUnlockedUser-0_com.android.server.DockObserver
05-02 19:39:44.074 534 578 D SystemServerTimingAsync: ssm.onUnlockedUser-0_com.android.server.DockObserver took to complete: 0ms
05-02 19:39:44.074 534 578 I SystemServerTimingAsync: ssm.onUnlockedUser-0_com.android.server.midi.MidiService$Lifecycle
05-02 19:39:44.074 534 578 D SystemServerTimingAsync: ssm.onUnlockedUser-0_com.android.server.midi.MidiService$Lifecycle took to complete: 0ms
05-02 19:39:44.074 534 578 I SystemServerTimingAsync: ssm.onUnlockedUser-0_com.android.server.adb.AdbService$Lifecycle
05-02 19:39:44.074 534 578 D SystemServerTimingAsync: ssm.onUnlockedUser-0_com.android.server.adb.AdbService$Lifecycle took to complete: 0ms
05-02 19:39:44.074 534 578 I SystemServerTimingAsync: ssm.onUnlockedUser-0_com.android.server.usb.UsbService$Lifecycle
05-02 19:39:44.075 534 578 D SystemServerTimingAsync: ssm.onUnlockedUser-0_com.android.server.usb.UsbService$Lifecycle took to complete: 0ms
05-02 19:39:44.075 534 578 I SystemServerTimingAsync: ssm.onUnlockedUser-0_com.android.server.twilight.TwilightService
05-02 19:39:44.075 534 578 D SystemServerTimingAsync: ssm.onUnlockedUser-0_com.android.server.twilight.TwilightService took to complete: 0ms
05-02 19:39:44.075 534 578 I SystemServerTimingAsync: ssm.onUnlockedUser-0_com.android.server.display.color.ColorDisplayService
05-02 19:39:44.075 534 578 D SystemServerTimingAsync: ssm.onUnlockedUser-0_com.android.server.display.color.ColorDisplayService took to complete: 0ms
05-02 19:39:44.075 534 578 I SystemServerTimingAsync: ssm.onUnlockedUser-0_com.android.server.job.JobSchedulerService
05-02 19:39:44.075 534 578 D SystemServerTimingAsync: ssm.onUnlockedUser-0_com.android.server.job.JobSchedulerService took to complete: 0ms
05-02 19:39:44.075 534 578 I SystemServerTimingAsync: ssm.onUnlockedUser-0_com.android.server.soundtrigger.SoundTriggerService
05-02 19:39:44.075 534 578 D SystemServerTimingAsync: ssm.onUnlockedUser-0_com.android.server.soundtrigger.SoundTriggerService took to complete: 0ms
05-02 19:39:44.075 534 578 I SystemServerTimingAsync: ssm.onUnlockedUser-0_com.android.server.trust.TrustManagerService
05-02 19:39:44.075 534 578 D SystemServerTimingAsync: ssm.onUnlockedUser-0_com.android.server.trust.TrustManagerService took to complete: 0ms
05-02 19:39:44.075 534 578 I SystemServerTimingAsync: ssm.onUnlockedUser-0_com.android.server.backup.BackupManagerService$Lifecycle
05-02 19:39:44.075 534 578 D SystemServerTimingAsync: ssm.onUnlockedUser-0_com.android.server.backup.BackupManagerService$Lifecycle took to complete: 0ms
05-02 19:39:44.075 534 578 I SystemServerTimingAsync: ssm.onUnlockedUser-0_com.android.server.appwidget.AppWidgetService
05-02 19:39:44.075 534 578 D SystemServerTimingAsync: ssm.onUnlockedUser-0_com.android.server.appwidget.AppWidgetService took to complete: 0ms
05-02 19:39:44.075 534 578 I SystemServerTimingAsync: ssm.onUnlockedUser-0_com.android.server.role.RoleManagerService
05-02 19:39:44.075 534 578 D SystemServerTimingAsync: ssm.onUnlockedUser-0_com.android.server.role.RoleManagerService took to complete: 0ms
05-02 19:39:44.075 534 578 I SystemServerTimingAsync: ssm.onUnlockedUser-0_com.android.server.voiceinteraction.VoiceInteractionManagerService
05-02 19:39:44.075 534 578 D SystemServerTimingAsync: ssm.onUnlockedUser-0_com.android.server.voiceinteraction.VoiceInteractionManagerService took to complete: 0ms
05-02 19:39:44.075 534 578 I SystemServerTimingAsync: ssm.onUnlockedUser-0_com.android.server.GestureLauncherService
05-02 19:39:44.075 534 578 D SystemServerTimingAsync: ssm.onUnlockedUser-0_com.android.server.GestureLauncherService took to complete: 0ms
05-02 19:39:44.075 534 578 I SystemServerTimingAsync: ssm.onUnlockedUser-0_com.android.server.SensorNotificationService
05-02 19:39:44.075 534 578 D SystemServerTimingAsync: ssm.onUnlockedUser-0_com.android.server.SensorNotificationService took to complete: 0ms
05-02 19:39:44.075 534 578 I SystemServerTimingAsync: ssm.onUnlockedUser-0_com.android.server.emergency.EmergencyAffordanceService
05-02 19:39:44.075 534 578 D SystemServerTimingAsync: ssm.onUnlockedUser-0_com.android.server.emergency.EmergencyAffordanceService took to complete: 0ms
05-02 19:39:44.075 534 578 I SystemServerTimingAsync: ssm.onUnlockedUser-0_com.android.server.dreams.DreamManagerService
05-02 19:39:44.075 534 578 D SystemServerTimingAsync: ssm.onUnlockedUser-0_com.android.server.dreams.DreamManagerService took to complete: 0ms
05-02 19:39:44.075 534 578 I SystemServerTimingAsync: ssm.onUnlockedUser-0_com.android.server.blob.BlobStoreManagerService
05-02 19:39:44.076 534 578 D SystemServerTimingAsync: ssm.onUnlockedUser-0_com.android.server.blob.BlobStoreManagerService took to complete: 0ms
05-02 19:39:44.076 534 578 I SystemServerTimingAsync: ssm.onUnlockedUser-0_com.android.server.print.PrintManagerService
05-02 19:39:44.076 534 578 D SystemServerTimingAsync: ssm.onUnlockedUser-0_com.android.server.print.PrintManagerService took to complete: 0ms
05-02 19:39:44.076 534 578 I SystemServerTimingAsync: ssm.onUnlockedUser-0_com.android.server.companion.CompanionDeviceManagerService
05-02 19:39:44.076 534 578 D SystemServerTimingAsync: ssm.onUnlockedUser-0_com.android.server.companion.CompanionDeviceManagerService took to complete: 0ms
05-02 19:39:44.076 534 578 I SystemServerTimingAsync: ssm.onUnlockedUser-0_com.android.server.restrictions.RestrictionsManagerService
05-02 19:39:44.076 534 578 D SystemServerTimingAsync: ssm.onUnlockedUser-0_com.android.server.restrictions.RestrictionsManagerService took to complete: 0ms
05-02 19:39:44.076 534 578 I SystemServerTimingAsync: ssm.onUnlockedUser-0_com.android.server.media.MediaSessionService
05-02 19:39:44.076 534 578 D SystemServerTimingAsync: ssm.onUnlockedUser-0_com.android.server.media.MediaSessionService took to complete: 0ms
05-02 19:39:44.076 534 578 I SystemServerTimingAsync: ssm.onUnlockedUser-0_com.android.server.media.MediaResourceMonitorService
05-02 19:39:44.076 534 578 D SystemServerTimingAsync: ssm.onUnlockedUser-0_com.android.server.media.MediaResourceMonitorService took to complete: 0ms
05-02 19:39:44.076 534 578 I SystemServerTimingAsync: ssm.onUnlockedUser-0_com.android.server.biometrics.BiometricService
05-02 19:39:44.076 534 578 D SystemServerTimingAsync: ssm.onUnlockedUser-0_com.android.server.biometrics.BiometricService took to complete: 0ms
05-02 19:39:44.076 534 578 I SystemServerTimingAsync: ssm.onUnlockedUser-0_com.android.server.biometrics.AuthService
05-02 19:39:44.076 534 578 D SystemServerTimingAsync: ssm.onUnlockedUser-0_com.android.server.biometrics.AuthService took to complete: 0ms
05-02 19:39:44.076 534 578 I SystemServerTimingAsync: ssm.onUnlockedUser-0_com.android.server.pm.ShortcutService$Lifecycle
05-02 19:39:44.076 534 578 D SystemServerTimingAsync: ssm.onUnlockedUser-0_com.android.server.pm.ShortcutService$Lifecycle took to complete: 0ms
05-02 19:39:44.076 534 578 I SystemServerTimingAsync: ssm.onUnlockedUser-0_com.android.server.pm.LauncherAppsService
05-02 19:39:44.076 534 578 D SystemServerTimingAsync: ssm.onUnlockedUser-0_com.android.server.pm.LauncherAppsService took to complete: 0ms
05-02 19:39:44.076 534 578 I SystemServerTimingAsync: ssm.onUnlockedUser-0_com.android.server.pm.CrossProfileAppsService
05-02 19:39:44.076 534 578 D SystemServerTimingAsync: ssm.onUnlockedUser-0_com.android.server.pm.CrossProfileAppsService took to complete: 0ms
05-02 19:39:44.076 534 578 I SystemServerTimingAsync: ssm.onUnlockedUser-0_com.android.server.people.PeopleService
05-02 19:39:44.078 534 578 D SystemServerTimingAsync: ssm.onUnlockedUser-0_com.android.server.people.PeopleService took to complete: 1ms
05-02 19:39:44.078 534 578 I SystemServerTimingAsync: ssm.onUnlockedUser-0_com.android.server.media.projection.MediaProjectionManagerService
05-02 19:39:44.078 534 578 D SystemServerTimingAsync: ssm.onUnlockedUser-0_com.android.server.media.projection.MediaProjectionManagerService took to complete: 0ms
05-02 19:39:44.078 534 578 I SystemServerTimingAsync: ssm.onUnlockedUser-0_com.android.server.slice.SliceManagerService$Lifecycle
05-02 19:39:44.078 534 578 D SystemServerTimingAsync: ssm.onUnlockedUser-0_com.android.server.slice.SliceManagerService$Lifecycle took to complete: 0ms
05-02 19:39:44.078 534 578 I SystemServerTimingAsync: ssm.onUnlockedUser-0_com.android.server.camera.CameraServiceProxy
05-02 19:39:44.078 534 578 D SystemServerTimingAsync: ssm.onUnlockedUser-0_com.android.server.camera.CameraServiceProxy took to complete: 0ms
05-02 19:39:44.078 534 578 I SystemServerTimingAsync: ssm.onUnlockedUser-0_com.android.server.stats.StatsCompanion$Lifecycle
05-02 19:39:44.078 534 578 D SystemServerTimingAsync: ssm.onUnlockedUser-0_com.android.server.stats.StatsCompanion$Lifecycle took to complete: 0ms
05-02 19:39:44.078 534 578 I SystemServerTimingAsync: ssm.onUnlockedUser-0_com.android.server.stats.pull.StatsPullAtomService
05-02 19:39:44.078 534 578 D SystemServerTimingAsync: ssm.onUnlockedUser-0_com.android.server.stats.pull.StatsPullAtomService took to complete: 0ms
05-02 19:39:44.078 534 578 I SystemServerTimingAsync: ssm.onUnlockedUser-0_com.android.server.incident.IncidentCompanionService
05-02 19:39:44.079 534 578 D SystemServerTimingAsync: ssm.onUnlockedUser-0_com.android.server.incident.IncidentCompanionService took to complete: 0ms
05-02 19:39:44.079 534 578 I SystemServerTimingAsync: ssm.onUnlockedUser-0_com.android.server.MmsServiceBroker
05-02 19:39:44.079 534 578 D SystemServerTimingAsync: ssm.onUnlockedUser-0_com.android.server.MmsServiceBroker took to complete: 0ms
05-02 19:39:44.079 534 578 I SystemServerTimingAsync: ssm.onUnlockedUser-0_com.android.server.autofill.AutofillManagerService
05-02 19:39:44.079 534 578 D SystemServerTimingAsync: ssm.onUnlockedUser-0_com.android.server.autofill.AutofillManagerService took to complete: 0ms
05-02 19:39:44.079 534 578 I SystemServerTimingAsync: ssm.onUnlockedUser-0_com.android.server.clipboard.ClipboardService
05-02 19:39:44.079 534 578 D SystemServerTimingAsync: ssm.onUnlockedUser-0_com.android.server.clipboard.ClipboardService took to complete: 0ms
05-02 19:39:44.079 534 578 I SystemServerTimingAsync: ssm.onUnlockedUser-0_com.android.server.appbinding.AppBindingService$Lifecycle
05-02 19:39:44.079 534 578 D SystemServerTimingAsync: ssm.onUnlockedUser-0_com.android.server.appbinding.AppBindingService$Lifecycle took to complete: 0ms
05-02 19:39:44.079 534 578 I SystemServerTimingAsync: ssm.onUnlockedUser-0_com.android.server.policy.PermissionPolicyService
05-02 19:39:44.079 534 578 D SystemServerTimingAsync: ssm.onUnlockedUser-0_com.android.server.policy.PermissionPolicyService took to complete: 0ms
05-02 19:39:44.079 534 578 I SystemServerTimingAsync: ssm.onUnlockedUser-0_com.android.server.pm.StagingManager$Lifecycle
05-02 19:39:44.079 534 578 D SystemServerTimingAsync: ssm.onUnlockedUser-0_com.android.server.pm.StagingManager$Lifecycle took to complete: 0ms
05-02 19:39:44.079 534 578 D SystemServerTimingAsync: ssm.UnlockedUser-0 took to complete: 11ms
05-02 19:39:44.079 534 578 W ActivityManager: UserLifecycleEvent 6 received without an active userJourneySession.
05-02 19:39:44.086 534 1927 I service_manager_stats: [100,306,23777]
05-02 19:39:44.133 1168 1836 D SubscriptionController: [getSlotIndex]- subId invalid
05-02 19:39:44.141 1168 1836 D SubscriptionController: [getSlotIndex]- subId invalid
05-02 19:39:44.165 534 534 I am_uid_running: 10101
05-02 19:39:44.168 534 534 D CompatibilityChangeReporter: Compat change id reported: 135634846; UID 10101; state: DISABLED
05-02 19:39:44.169 534 534 D CompatibilityChangeReporter: Compat change id reported: 135754954; UID 10101; state: DISABLED
05-02 19:39:44.171 534 579 D CompatibilityChangeReporter: Compat change id reported: 143937733; UID 10101; state: DISABLED
05-02 19:39:44.175 534 1929 I BootReceiver: No existing last log timestamp file /data/system/log-files.xml; starting empty
05-02 19:39:44.188 534 1929 I DropBoxManagerService: add tag=SYSTEM_BOOT isTagEnabled=true flags=0x2
05-02 19:39:44.199 534 534 I sysui_multi_action: [757,128,758,5,759,8,793,16521,794,0,795,231,796,13,797,PreBootBroadcaster,806,android,857,UPDATES,858,2,947,0,1500,231,1688,1]
05-02 19:39:44.200 534 534 I notification_canceled: [0|android|13|PreBootBroadcaster|1000,8,16521,231,0,-1,-1,NULL]
05-02 19:39:44.201 534 1929 I BootReceiver: Copying audit failures to DropBox
05-02 19:39:44.203 534 1929 I BootReceiver: Checking for fsck errors
05-02 19:39:44.242 534 1929 I commit_sys_config_file: [log-files,21]
05-02 19:39:44.336 534 1402 E TaskPersister: File error accessing recents directory (directory doesn't exist?).
05-02 19:39:44.347 534 579 W ActivityManager: Slow operation: 182ms so far, now at startProcess: returned from zygote!
05-02 19:39:44.348 534 579 W ActivityManager: Slow operation: 182ms so far, now at startProcess: done updating battery stats
05-02 19:39:44.348 534 579 I am_proc_start: [0,1930,10101,com.android.dialer,broadcast,{com.android.dialer/com.android.dialer.app.calllog.CallLogReceiver}]
05-02 19:39:44.348 534 579 W ActivityManager: Slow operation: 183ms so far, now at startProcess: building log message
05-02 19:39:44.348 534 579 I ActivityManager: Start proc 1930:com.android.dialer/u0a101 for broadcast {com.android.dialer/com.android.dialer.app.calllog.CallLogReceiver}
05-02 19:39:44.348 534 579 W ActivityManager: Slow operation: 183ms so far, now at startProcess: starting to update pids map
05-02 19:39:44.349 534 579 W ActivityManager: Slow operation: 183ms so far, now at startProcess: done updating pids map
05-02 19:39:44.354 534 990 I volume_changed: [3,5,14,15,com.android.settings]
05-02 19:39:44.468 534 566 I am_proc_bound: [0,1930,com.android.dialer]
05-02 19:39:44.504 0 0 E tlv320aic31xx-codec 1-0018: ##Divyesh tlv Enter : aic31xx_dac_mute
05-02 19:39:44.512 0 0 E tlv320aic31xx-codec 1-0018: ##Divyesh tlv Enter : aic31xx_dac_mute >> if function > mute
05-02 19:39:44.754 0 0 E tlv320aic31xx-codec 1-0018: ##Divyesh tlv aic31xx_hw_params: width 16 rate 48000
05-02 19:39:44.768 0 0 E tlv320aic31xx-codec 1-0018: ##Divyesh tlv pll 8.0000/1 dosr 32 n 1 m 8 aosr 32 n 1 m 8 bclk_n 8
05-02 19:39:44.778 0 0 E fsl-sai 30010000.sai: Divyesh tlv > ratio 8 for freq 1536000Hz based on clock 12288000Hz
05-02 19:39:44.787 0 0 E fsl-sai 30010000.sai: Divyesh tlv best fit: clock id=1, ratio=8, deviation=0
05-02 19:39:44.797 0 0 E tlv320aic31xx-codec 1-0018: ##Divyesh tlv Enter : aic31xx_dac_mute
05-02 19:39:44.805 0 0 E tlv320aic31xx-codec 1-0018: ##Divyesh tlv Enter : aic31xx_dac_mute >> Else function > unmute
05-02 19:39:44.914 534 961 I volume_changed: [3,14,15,15,com.android.settings]
05-02 19:39:44.985 534 961 I sysui_multi_action: [757,856,758,1,806,com.android.dialer,857,phone_incoming_call,858,5]
05-02 19:39:44.988 534 961 I sysui_multi_action: [757,856,758,1,806,com.android.dialer,857,phone_ongoing_call,858,3]
05-02 19:39:44.990 534 961 I sysui_multi_action: [757,856,758,1,806,com.android.dialer,857,phone_missed_call,858,3]
05-02 19:39:44.992 534 566 I sysui_multi_action: [757,856,758,1,806,com.android.dialer,857,phone_default,858,3]
05-02 19:39:44.998 534 570 I commit_sys_config_file: [notification-policy,13]
05-02 19:39:45.009 534 570 I commit_sys_config_file: [notification-policy,11]
05-02 19:39:45.010 534 961 I Telecom : PhoneAccountRegistrar: getSimCallManager: SimCallManager for subId -1 queried, returning: null: TSI.gDOPA@ABg
05-02 19:39:45.020 534 961 I sysui_multi_action: [757,856,758,1,806,com.android.dialer,857,phone_voicemail,858,3]
05-02 19:39:45.029 534 570 I commit_sys_config_file: [notification-policy,7]
05-02 19:39:45.031 1168 1727 D SubscriptionController: [getSlotIndex]- subId invalid
05-02 19:39:45.032 1168 1727 D SubscriptionController: [getSlotIndex]- subId invalid
05-02 19:39:45.087 534 568 I RoleManagerService: Granting default roles...
05-02 19:39:45.122 534 534 I Telecom : DefaultDialerCache: Refreshing default dialer for user 0: now com.android.dialer: DDC.oR@AB8
05-02 19:39:45.133 534 534 I Telecom : DefaultDialerCache: Refreshing default dialer for user 0: now com.android.dialer: DDC.oR@ACA
05-02 19:39:45.135 534 534 I Telecom : MissedCallNotifierImpl: reloadAfterBootComplete: user=0: TSBCR.oR@ACE
05-02 19:39:45.144 534 534 I Telecom : MissedCallNotifierImpl: reloadAfterBootComplete: user=0: TSBCR.oR@ACE
05-02 19:39:45.180 534 628 I commit_sys_config_file: [settings-1-0,27]
05-02 19:39:45.236 534 993 I am_uid_running: 10109
05-02 19:39:45.238 534 993 D CompatibilityChangeReporter: Compat change id reported: 135634846; UID 10109; state: DISABLED
05-02 19:39:45.239 534 993 D CompatibilityChangeReporter: Compat change id reported: 135754954; UID 10109; state: DISABLED
05-02 19:39:45.240 534 579 D CompatibilityChangeReporter: Compat change id reported: 143937733; UID 10109; state: DISABLED
05-02 19:39:45.246 534 577 W VoiceInteractionManager: no available voice interaction services found for user 0
05-02 19:39:45.265 534 579 I am_proc_start: [0,1978,10109,com.android.calendar,broadcast,{com.android.calendar/com.android.calendar.UpgradeReceiver}]
05-02 19:39:45.265 534 579 I ActivityManager: Start proc 1978:com.android.calendar/u0a109 for broadcast {com.android.calendar/com.android.calendar.UpgradeReceiver}
05-02 19:39:45.298 534 995 I am_proc_bound: [0,1978,com.android.calendar]
05-02 19:39:45.378 534 995 D PackageManager: Instant App installer not found with android.intent.action.INSTALL_INSTANT_APP_PACKAGE
05-02 19:39:45.378 534 995 D PackageManager: Clear ephemeral installer activity
05-02 19:39:45.385 0 0 W healthd : battery l=85 v=3 t=35.0 h=2 st=2 c=400000 fc=4000000 cc=32 chg=a
05-02 19:39:45.443 534 568 D AutofillManagerService: Close system dialogs
05-02 19:39:45.445 534 992 I am_uid_running: 10114
05-02 19:39:45.448 534 992 D CompatibilityChangeReporter: Compat change id reported: 135634846; UID 10114; state: DISABLED
05-02 19:39:45.448 534 992 D CompatibilityChangeReporter: Compat change id reported: 135754954; UID 10114; state: DISABLED
05-02 19:39:45.449 534 579 D CompatibilityChangeReporter: Compat change id reported: 143937733; UID 10114; state: DISABLED
05-02 19:39:45.479 534 579 I am_proc_start: [0,2003,10114,com.android.camera2,broadcast,{com.android.camera2/com.android.camera.SetActivitiesCameraReceiver}]
05-02 19:39:45.479 534 579 I ActivityManager: Start proc 2003:com.android.camera2/u0a114 for broadcast {com.android.camera2/com.android.camera.SetActivitiesCameraReceiver}
05-02 19:39:45.508 534 993 I am_proc_bound: [0,2003,com.android.camera2]
05-02 19:39:45.575 534 534 I notification_cancel_all: [10114,2003,com.android.camera2,0,0,64,9,NULL]
05-02 19:39:45.580 534 992 D PackageManager: Instant App installer not found with android.intent.action.INSTALL_INSTANT_APP_PACKAGE
05-02 19:39:45.580 534 992 D PackageManager: Clear ephemeral installer activity
05-02 19:39:45.591 534 992 I am_uid_running: 10100
05-02 19:39:45.592 534 992 D CompatibilityChangeReporter: Compat change id reported: 135634846; UID 10100; state: DISABLED
05-02 19:39:45.593 534 992 D CompatibilityChangeReporter: Compat change id reported: 135754954; UID 10100; state: DISABLED
05-02 19:39:45.593 534 579 D CompatibilityChangeReporter: Compat change id reported: 143937733; UID 10100; state: DISABLED
05-02 19:39:45.613 534 579 I am_proc_start: [0,2027,10100,com.android.contacts,broadcast,{com.android.contacts/com.android.contacts.interactions.OnBootOrUpgradeReceiver}]
05-02 19:39:45.614 534 579 I ActivityManager: Start proc 2027:com.android.contacts/u0a100 for broadcast {com.android.contacts/com.android.contacts.interactions.OnBootOrUpgradeReceiver}
05-02 19:39:45.640 534 992 I am_proc_bound: [0,2027,com.android.contacts]
05-02 19:39:45.693 534 992 I sysui_multi_action: [757,856,758,1,806,com.android.contacts,857,DEFAULT_CHANNEL,858,2]
05-02 19:39:45.711 534 570 I commit_sys_config_file: [notification-policy,17]
05-02 19:39:45.844 534 565 D CompatibilityChangeReporter: Compat change id reported: 135634846; UID 1000; state: DISABLED
05-02 19:39:45.845 534 565 D CompatibilityChangeReporter: Compat change id reported: 135754954; UID 1000; state: ENABLED
05-02 19:39:45.866 534 579 I am_proc_start: [0,2051,1000,com.android.dynsystem,broadcast,{com.android.dynsystem/com.android.dynsystem.BootCompletedReceiver}]
05-02 19:39:45.866 534 579 I ActivityManager: Start proc 2051:com.android.dynsystem/1000 for broadcast {com.android.dynsystem/com.android.dynsystem.BootCompletedReceiver}
05-02 19:39:45.895 534 565 I am_proc_bound: [0,2051,com.android.dynsystem]
05-02 19:39:45.946 534 992 I am_uid_running: 10106
05-02 19:39:45.948 534 992 D CompatibilityChangeReporter: Compat change id reported: 135634846; UID 10106; state: DISABLED
05-02 19:39:45.948 534 992 D CompatibilityChangeReporter: Compat change id reported: 135754954; UID 10106; state: DISABLED
05-02 19:39:45.949 534 992 D CompatibilityChangeReporter: Compat change id reported: 136274596; UID 1000; state: ENABLED
05-02 19:39:45.949 534 579 D CompatibilityChangeReporter: Compat change id reported: 143937733; UID 10106; state: DISABLED
05-02 19:39:45.951 534 992 I ActivityManager: Killing 1191:com.android.settings:CryptKeeper/1000 (adj 985): empty #17
05-02 19:39:45.951 534 992 I am_kill : [0,1191,com.android.settings:CryptKeeper,985,empty #17]
05-02 19:39:45.981 534 579 I am_proc_start: [0,2074,10106,com.android.gallery3d,broadcast,{com.android.gallery3d/com.android.camera.DisableCameraReceiver}]
05-02 19:39:45.982 534 579 I ActivityManager: Start proc 2074:com.android.gallery3d/u0a106 for broadcast {com.android.gallery3d/com.android.camera.DisableCameraReceiver}
05-02 19:39:45.985 534 993 I am_proc_died: [0,1191,com.android.settings:CryptKeeper,985,19]
05-02 19:39:46.014 534 993 I am_proc_bound: [0,2074,com.android.gallery3d]
05-02 19:39:46.021 534 990 I volume_changed: [0,3,5,5,com.android.settings]
05-02 19:39:46.033 393 1922 I snet_event_log: [132650049,-1,]
05-02 19:39:46.109 534 832 I volume_changed: [3,5,3,15,AS.AudioService]
05-02 19:39:46.190 534 992 D PackageManager: Instant App installer not found with android.intent.action.INSTALL_INSTANT_APP_PACKAGE
05-02 19:39:46.191 534 992 D PackageManager: Clear ephemeral installer activity
05-02 19:39:46.198 534 992 D PackageManager: Instant App installer not found with android.intent.action.INSTALL_INSTANT_APP_PACKAGE
05-02 19:39:46.198 534 992 D PackageManager: Clear ephemeral installer activity
05-02 19:39:46.221 534 992 I ActivityManager: Killing 1478:com.android.keychain/1000 (adj 985): empty #17
05-02 19:39:46.221 534 992 I am_kill : [0,1478,com.android.keychain,985,empty #17]
05-02 19:39:46.239 534 992 D PackageManager: Instant App installer not found with android.intent.action.INSTALL_INSTANT_APP_PACKAGE
05-02 19:39:46.240 534 992 D PackageManager: Clear ephemeral installer activity
05-02 19:39:46.271 534 992 I am_uid_running: 10105
05-02 19:39:46.273 534 992 D CompatibilityChangeReporter: Compat change id reported: 135634846; UID 10105; state: DISABLED
05-02 19:39:46.274 534 992 D CompatibilityChangeReporter: Compat change id reported: 135754954; UID 10105; state: DISABLED
05-02 19:39:46.279 534 579 D CompatibilityChangeReporter: Compat change id reported: 143937733; UID 10105; state: DISABLED
05-02 19:39:46.297 534 975 I am_proc_died: [0,1478,com.android.keychain,985,19]
05-02 19:39:46.332 534 579 W ActivityManager: Slow operation: 60ms so far, now at startProcess: returned from zygote!
05-02 19:39:46.335 534 579 W ActivityManager: Slow operation: 63ms so far, now at startProcess: done updating battery stats
05-02 19:39:46.335 534 579 I am_proc_start: [0,2100,10105,com.android.messaging,broadcast,{com.android.messaging/com.android.messaging.receiver.BootAndPackageReplacedReceiver}]
05-02 19:39:46.335 534 579 W ActivityManager: Slow operation: 63ms so far, now at startProcess: building log message
05-02 19:39:46.335 534 579 I ActivityManager: Start proc 2100:com.android.messaging/u0a105 for broadcast {com.android.messaging/com.android.messaging.receiver.BootAndPackageReplacedReceiver}
05-02 19:39:46.335 534 579 W ActivityManager: Slow operation: 64ms so far, now at startProcess: starting to update pids map
05-02 19:39:46.336 534 579 W ActivityManager: Slow operation: 64ms so far, now at startProcess: done updating pids map
05-02 19:39:46.367 534 975 I am_proc_bound: [0,2100,com.android.messaging]
05-02 19:39:46.402 534 628 I commit_sys_config_file: [settings-0-0,29]
05-02 19:39:46.431 534 568 I RoleManagerService: Granting default roles...
05-02 19:39:46.531 534 617 I dvm_lock_sample: [system_server,1,Binder:534_4,39,PackageManagerService.java,5989,int com.android.server.pm.PackageManagerService.checkSignatures(java.lang.String, java.lang.String),,0,null,7]
05-02 19:39:46.532 534 577 I dvm_lock_sample: [system_server,0,android.bg,8,PackageManagerService.java,25274,com.android.server.pm.PackageSetting com.android.server.pm.PackageManagerService.getPackageSettingInternal(java.lang.String, int),,0,null,1]
05-02 19:39:46.547 534 534 I dvm_lock_sample: [system_server,0,main,106,ActivityManagerService.java,6002,boolean com.android.server.am.ActivityManagerService.isAppBad(android.content.pm.ApplicationInfo),CachedAppOptimizer.java,730,void com.android.server.am.CachedAppOptimizer.unfreezeTemporarily(com.android.server.am.ProcessRecord),21]
05-02 19:39:46.549 534 534 W Looper : Slow dispatch took 110ms main h=android.app.ActivityThread$H c=android.app.-$$Lambda$LoadedApk$ReceiverDispatcher$Args$_BumDX2UKsnxLVrE6UJsJZkotuA@2e7799c m=0
05-02 19:39:46.551 534 534 I Telecom : DefaultDialerCache: Refreshing default dialer for user 0: now com.android.dialer: DDC.oR@ACY
05-02 19:39:46.638 534 990 I dvm_lock_sample: [system_server,1,Binder:534_8,34,PackageManagerService.java,24144,boolean com.android.server.pm.PackageManagerService$PackageManagerInternalImpl.filterAppAccess(com.android.server.pm.parsing.pkg.AndroidPackage, int, int),,0,null,6]
05-02 19:39:46.642 534 992 I dvm_lock_sample: [system_server,1,Binder:534_A,31,PackageManagerService.java,7130,java.lang.String com.android.server.pm.PackageManagerService.getInstantAppPackageName(int),,0,null,6]
05-02 19:39:46.646 534 534 I Telecom : DefaultDialerCache: Refreshing default dialer for user 0: now com.android.dialer: DDC.oR@ACc
05-02 19:39:46.656 534 975 D PackageManager: Instant App installer not found with android.intent.action.INSTALL_INSTANT_APP_PACKAGE
05-02 19:39:46.656 534 975 D PackageManager: Clear ephemeral installer activity
05-02 19:39:46.659 534 975 D PackageManager: Instant App installer not found with android.intent.action.INSTALL_INSTANT_APP_PACKAGE
05-02 19:39:46.659 534 975 D PackageManager: Clear ephemeral installer activity
05-02 19:39:46.661 534 1973 D PackageManager: Instant App installer not found with android.intent.action.INSTALL_INSTANT_APP_PACKAGE
05-02 19:39:46.661 534 1973 D PackageManager: Clear ephemeral installer activity
05-02 19:39:46.663 534 1973 D PackageManager: Instant App installer not found with android.intent.action.INSTALL_INSTANT_APP_PACKAGE
05-02 19:39:46.663 534 1973 D PackageManager: Clear ephemeral installer activity
05-02 19:39:46.665 534 995 D PackageManager: Instant App installer not found with android.intent.action.INSTALL_INSTANT_APP_PACKAGE
05-02 19:39:46.665 534 995 D PackageManager: Clear ephemeral installer activity
05-02 19:39:46.682 534 534 I Telecom : DefaultDialerCache: Refreshing default dialer for user 0: now com.android.dialer: DDC.oR@ACg
05-02 19:39:46.719 534 534 I Telecom : DefaultDialerCache: Refreshing default dialer for user 0: now com.android.dialer: DDC.oR@ACk
05-02 19:39:46.749 534 566 I dvm_lock_sample: [system_server,1,Binder:534_2,8,PermissionManagerService.java,974,int com.android.server.pm.permission.PermissionManagerService.checkUidPermission(java.lang.String, int),,0,null,1]
05-02 19:39:46.783 534 968 I dvm_lock_sample: [system_server,1,Binder:534_6,126,SearchManagerService.java,131,com.android.server.search.Searchables com.android.server.search.SearchManagerService.getSearchables(int, boolean),-,184,void com.android.server.search.SearchManagerService$MyPackageMonitor.updateSearchables(),25]
05-02 19:39:46.789 534 628 I commit_sys_config_file: [settings-1-0,20]
05-02 19:39:46.793 534 577 W VoiceInteractionManager: no available voice interaction services found for user 0
05-02 19:39:46.818 534 961 I am_uid_running: 10098
05-02 19:39:46.824 534 961 D CompatibilityChangeReporter: Compat change id reported: 135634846; UID 10098; state: DISABLED
05-02 19:39:46.824 534 961 D CompatibilityChangeReporter: Compat change id reported: 135754954; UID 10098; state: ENABLED
05-02 19:39:46.826 534 579 D CompatibilityChangeReporter: Compat change id reported: 143937733; UID 10098; state: ENABLED
05-02 19:39:46.858 534 579 I am_proc_start: [0,2130,10098,com.android.onetimeinitializer,broadcast,{com.android.onetimeinitializer/com.android.onetimeinitializer.OneTimeInitializerReceiver}]
05-02 19:39:46.858 534 579 I ActivityManager: Start proc 2130:com.android.onetimeinitializer/u0a98 for broadcast {com.android.onetimeinitializer/com.android.onetimeinitializer.OneTimeInitializerReceiver}
05-02 19:39:46.884 534 568 W Looper : Slow delivery took 210ms android.fg h=android.os.Handler c= m=0
05-02 19:39:46.906 534 961 I am_proc_bound: [0,2130,com.android.onetimeinitializer]
05-02 19:39:46.984 534 570 I commit_sys_config_file: [jobs,7]
05-02 19:39:47.009 2130 2152 E ActivityThread: Failed to find provider info for com.android.launcher2.settings
05-02 19:39:47.033 534 961 I am_uid_running: 10071
05-02 19:39:47.034 534 961 D CompatibilityChangeReporter: Compat change id reported: 135634846; UID 10071; state: DISABLED
05-02 19:39:47.035 534 961 D CompatibilityChangeReporter: Compat change id reported: 135754954; UID 10071; state: ENABLED
05-02 19:39:47.036 534 579 D CompatibilityChangeReporter: Compat change id reported: 143937733; UID 10071; state: ENABLED
05-02 19:39:47.039 534 961 I ActivityManager: Killing 1490:com.android.provision/u0a117 (adj 985): empty #17
05-02 19:39:47.039 534 961 I am_kill : [0,1490,com.android.provision,985,empty #17]
05-02 19:39:47.088 534 579 W ActivityManager: Slow operation: 55ms so far, now at startProcess: returned from zygote!
05-02 19:39:47.103 534 579 W ActivityManager: Slow operation: 70ms so far, now at startProcess: done updating battery stats
05-02 19:39:47.104 534 579 I am_proc_start: [0,2154,10071,com.android.packageinstaller,broadcast,{com.android.packageinstaller/com.android.packageinstaller.TemporaryFileManager}]
05-02 19:39:47.105 534 579 W ActivityManager: Slow operation: 71ms so far, now at startProcess: building log message
05-02 19:39:47.105 534 579 I ActivityManager: Start proc 2154:com.android.packageinstaller/u0a71 for broadcast {com.android.packageinstaller/com.android.packageinstaller.TemporaryFileManager}
05-02 19:39:47.105 534 579 W ActivityManager: Slow operation: 71ms so far, now at startProcess: starting to update pids map
05-02 19:39:47.106 534 579 W ActivityManager: Slow operation: 72ms so far, now at startProcess: done updating pids map
05-02 19:39:47.118 534 577 W VoiceInteractionManager: no available voice interaction services found for user 0
05-02 19:39:47.119 534 968 I volume_changed: [2,5,7,7,com.android.settings]
05-02 19:39:47.126 534 1973 I am_proc_died: [0,1490,com.android.provision,985,19]
05-02 19:39:47.127 534 1973 I am_uid_stopped: 10117
05-02 19:39:47.153 393 709 I snet_event_log: [132650049,-1,]
05-02 19:39:47.186 534 577 W VoiceInteractionManager: no available voice interaction services found for user 0
05-02 19:39:47.195 534 961 I am_proc_bound: [0,2154,com.android.packageinstaller]
05-02 19:39:47.248 1168 1836 I service_manager_slow: [27,role]
05-02 19:39:47.258 534 823 D ConnectivityService: releasing NetworkRequest [ TRACK_DEFAULT id=18, [ Capabilities: INTERNET&NOT_RESTRICTED&TRUSTED Uid: 1001 AdministratorUids: [] RequestorUid: 1001 RequestorPackageName: com.android.phone] ] (release request)
05-02 19:39:47.260 1168 1168 D DcRequest: Cellular request confirmed: NetworkRequest [ TRACK_DEFAULT id=18, [ Capabilities: INTERNET&NOT_RESTRICTED&TRUSTED Uid: 1001 AdministratorUids: [] RequestorUid: 1001 RequestorPackageName: com.android.phone] ]
05-02 19:39:47.261 1168 1168 D PhoneSwitcher: evaluating due to netReleased
05-02 19:39:47.262 1168 1168 D PhoneSwitcher: notifyPreferredDataSubIdChanged to -1
05-02 19:39:47.264 534 577 W VoiceInteractionManager: no available voice interaction services found for user 0
05-02 19:39:47.269 1168 1168 D PhoneSwitcher: Removed DcRequest, size: 7
05-02 19:39:47.270 1168 1168 D TelephonyNetworkFactory[0]: onReleaseNetworkFor NetworkRequest [ TRACK_DEFAULT id=18, [ Capabilities: INTERNET&NOT_RESTRICTED&TRUSTED Uid: 1001 AdministratorUids: [] RequestorUid: 1001 RequestorPackageName: com.android.phone] ] applied false
05-02 19:39:47.280 534 994 I dvm_lock_sample: [system_server,1,Binder:534_C,5,ActivityManagerService.java,7681,void com.android.server.am.ActivityManagerService.publishContentProviders(android.app.IApplicationThread, java.util.List),-,15181,boolean com.android.server.am.ActivityManagerService.unbindService(android.app.IServiceConnection),1]
05-02 19:39:47.299 534 566 I ActivityManager: Killing 1451:com.android.printspooler/u0a80 (adj 985): empty #17
05-02 19:39:47.301 534 566 I am_kill : [0,1451,com.android.printspooler,985,empty #17]
05-02 19:39:47.311 534 568 W Looper : Drained
05-02 19:39:47.361 534 994 I am_proc_died: [0,1451,com.android.printspooler,985,19]
05-02 19:39:47.361 534 994 I am_uid_stopped: 10080
05-02 19:39:47.417 534 990 I am_uid_running: 2000
05-02 19:39:47.419 534 990 D CompatibilityChangeReporter: Compat change id reported: 135634846; UID 2000; state: DISABLED
05-02 19:39:47.419 534 990 D CompatibilityChangeReporter: Compat change id reported: 135754954; UID 2000; state: ENABLED
05-02 19:39:47.431 534 568 I RoleManagerService: Granting default roles...
05-02 19:39:47.439 534 579 I am_proc_start: [0,2183,2000,com.android.shell,broadcast,{com.android.shell/com.android.shell.HeapDumpReceiver}]
05-02 19:39:47.440 534 579 I ActivityManager: Start proc 2183:com.android.shell/2000 for broadcast {com.android.shell/com.android.shell.HeapDumpReceiver}
05-02 19:39:47.468 534 975 I am_proc_bound: [0,2183,com.android.shell]
05-02 19:39:47.503 534 628 I commit_sys_config_file: [settings-2-0,26]
05-02 19:39:47.550 534 990 I ActivityManager: Killing 1599:com.android.localtransport/1000 (adj 985): empty #17
05-02 19:39:47.551 534 990 I am_kill : [0,1599,com.android.localtransport,985,empty #17]
05-02 19:39:47.575 534 994 I am_proc_died: [0,1599,com.android.localtransport,985,19]
05-02 19:39:47.578 1168 1168 D CAT : BootCompletedReceiver: [ACTION_BOOT_COMPLETED]
05-02 19:39:47.582 534 994 I am_uid_running: 10083
05-02 19:39:47.583 1168 1168 D CAT : StkAppService: onCreate()+
05-02 19:39:47.585 1168 1168 D CAT : StkAppService: simCount: 1
05-02 19:39:47.585 1168 1168 D CAT : StkAppService: slotId: 0
05-02 19:39:47.587 1168 1168 D CAT : StkAppService: onStart sim id: 0, op: 5, *****
05-02 19:39:47.587 1168 1168 D CAT : StkAppService: mStkService is: -1
05-02 19:39:47.588 534 994 D CompatibilityChangeReporter: Compat change id reported: 135634846; UID 10083; state: DISABLED
05-02 19:39:47.589 534 994 D CompatibilityChangeReporter: Compat change id reported: 135754954; UID 10083; state: DISABLED
05-02 19:39:47.590 534 579 D CompatibilityChangeReporter: Compat change id reported: 143937733; UID 10083; state: DISABLED
05-02 19:39:47.592 1168 1168 D CAT : StkAppInstaller: [setAppState]+
05-02 19:39:47.594 1168 1168 D CAT : StkAppInstaller: Change app state[false]
05-02 19:39:47.595 534 961 D PackageManager: Instant App installer not found with android.intent.action.INSTALL_INSTANT_APP_PACKAGE
05-02 19:39:47.595 534 961 D PackageManager: Clear ephemeral installer activity
05-02 19:39:47.596 1168 1168 D CAT : StkAppInstaller: [setAppState]-
05-02 19:39:47.597 1168 1168 D CAT : StkAppService: onDestroy()
05-02 19:39:47.615 534 579 I am_proc_start: [0,2206,10083,com.android.traceur,broadcast,{com.android.traceur/com.android.traceur.Receiver}]
05-02 19:39:47.615 534 579 I ActivityManager: Start proc 2206:com.android.traceur/u0a83 for broadcast {com.android.traceur/com.android.traceur.Receiver}
05-02 19:39:47.645 534 994 I am_proc_bound: [0,2206,com.android.traceur]
05-02 19:39:47.746 534 577 W VoiceInteractionManager: no available voice interaction services found for user 0
05-02 19:39:47.757 534 534 I Telecom : DefaultDialerCache: Refreshing default dialer for user 0: now com.android.dialer: DDC.oR@ACo
05-02 19:39:47.763 534 534 I Telecom : DefaultDialerCache: Refreshing default dialer for user 0: now com.android.dialer: DDC.oR@ACs
05-02 19:39:47.768 534 577 W VoiceInteractionManager: no available voice interaction services found for user 0
05-02 19:39:47.803 534 992 I sysui_multi_action: [757,856,758,1,806,com.android.traceur,857,trace-is-being-recorded,858,4]
05-02 19:39:47.808 534 994 I sysui_multi_action: [757,856,758,1,806,com.android.traceur,857,system-tracing,858,4]
05-02 19:39:47.812 534 570 I commit_sys_config_file: [notification-policy,8]
05-02 19:39:47.822 534 570 I commit_sys_config_file: [notification-policy,10]
05-02 19:39:47.828 534 566 D PackageManager: Instant App installer not found with android.intent.action.INSTALL_INSTANT_APP_PACKAGE
05-02 19:39:47.828 534 566 D PackageManager: Clear ephemeral installer activity
05-02 19:39:47.851 534 993 I dvm_lock_sample: [system_server,1,Binder:534_B,20,PackageManagerService.java,7130,java.lang.String com.android.server.pm.PackageManagerService.getInstantAppPackageName(int),,0,null,4]
05-02 19:39:47.852 534 991 D PackageManager: Instant App installer not found with android.intent.action.INSTALL_INSTANT_APP_PACKAGE
05-02 19:39:47.853 534 991 D PackageManager: Clear ephemeral installer activity
05-02 19:39:47.871 534 961 I ActivityManager: Finished processing BOOT_COMPLETED for u0
05-02 19:39:47.878 534 961 I ActivityManager: Killing 1753:com.android.documentsui/u0a64 (adj 985): empty #17
05-02 19:39:47.878 534 961 I am_kill : [0,1753,com.android.documentsui,985,empty #17]
05-02 19:39:47.934 534 628 I commit_sys_config_file: [settings-1-0,56]
05-02 19:39:47.954 534 993 I am_proc_died: [0,1753,com.android.documentsui,985,19]
05-02 19:39:47.955 534 993 I am_uid_stopped: 10064
05-02 19:39:47.960 534 968 I ActivityManager: Killing 1810:com.android.externalstorage/u0a74 (adj 975): empty #17
05-02 19:39:47.960 534 968 I am_kill : [0,1810,com.android.externalstorage,975,empty #17]
05-02 19:39:48.002 534 566 I am_proc_died: [0,1810,com.android.externalstorage,975,19]
05-02 19:39:48.003 534 566 I am_uid_stopped: 10074
05-02 19:39:48.076 534 991 I volume_changed: [4,6,7,7,com.android.settings]
05-02 19:39:48.121 534 628 I commit_sys_config_file: [settings-2-0,8]
05-02 19:39:48.430 534 568 I RoleManagerService: Granting default roles...
05-02 19:39:48.457 0 0 E tlv320aic31xx-codec 1-0018: ##Divyesh tlv Enter : aic31xx_dac_mute
05-02 19:39:48.465 0 0 E tlv320aic31xx-codec 1-0018: ##Divyesh tlv Enter : aic31xx_dac_mute >> if function > mute
05-02 19:39:48.796 534 577 I sysui_multi_action: [757,1717,758,1,759,0]
05-02 19:39:48.796 534 577 I sysui_multi_action: [757,1717,758,2,759,0]
05-02 19:39:48.796 534 577 I sysui_multi_action: [757,1717,758,3,759,0]
05-02 19:39:48.822 534 628 I commit_sys_config_file: [settings-1-0,5]
05-02 19:39:48.893 534 534 I Telecom : DefaultDialerCache: Refreshing default dialer for user 0: now com.android.dialer: DDC.oR@ACw
05-02 19:39:48.952 534 577 W VoiceInteractionManager: no available voice interaction services found for user 0
05-02 19:39:49.416 534 570 I commit_sys_config_file: [jobs,6]
05-02 19:39:50.505 534 577 I am_pss : [1225,1000,com.android.settings,52740096,37335040,0,195796992,0,2,10]
05-02 19:39:50.975 534 608 I commit_sys_config_file: [appops,11]
05-02 19:39:52.345 534 594 I commit_sys_config_file: [package-user-0,8]
05-02 19:39:52.380 534 578 I am_uid_active: 10069
05-02 19:39:53.687 0 0 E tlv320aic31xx-codec 1-0018: ##Divyesh tlv aic31xx_set_bias_level: 3 -> 2
05-02 19:39:53.708 0 0 E tlv320aic31xx-codec 1-0018: ##Divyesh tlv aic31xx_set_bias_level: 2 -> 1
05-02 19:39:53.716 0 0 E tlv320aic31xx-codec 1-0018: ##Divyesh tlv codec clock -> off
05-02 19:39:53.893 534 628 I commit_sys_config_file: [settings-2-0,13]
05-02 19:39:53.901 534 628 I commit_sys_config_file: [settings-1-0,7]
05-02 19:39:57.453 534 534 I force_gc: mem
05-02 19:39:58.929 534 577 I am_pss : [1698,10122,com.android.smspush,5920768,2973696,0,99495936,0,6,6]
05-02 19:39:59.528 1225 1225 I sysui_multi_action: [757,830,758,4,833,0,854,phone_ringtone,1089,0]
05-02 19:39:59.534 534 994 I ActivityTaskManager: START u0 {act=android.intent.action.RINGTONE_PICKER cmp=com.android.soundpicker/.RingtonePickerActivity (has extras)} from uid 1000
05-02 19:39:59.539 0 0 E tlv320aic31xx-codec 1-0018: ##Divyesh tlv aic31xx_hw_params: width 16 rate 48000
05-02 19:39:59.547 534 994 I wm_create_activity: [0,25592707,8,com.android.soundpicker/.RingtonePickerActivity,android.intent.action.RINGTONE_PICKER,NULL,NULL,8388608]
05-02 19:39:59.548 534 994 I wm_pause_activity: [0,109124949,com.android.settings/.SubSettings,userLeaving=true]
05-02 19:39:59.552 0 0 E tlv320aic31xx-codec 1-0018: ##Divyesh tlv pll 8.0000/1 dosr 32 n 1 m 8 aosr 32 n 1 m 8 bclk_n 8
05-02 19:39:59.561 0 0 E fsl-sai 30010000.sai: Divyesh tlv > ratio 8 for freq 1536000Hz based on clock 12288000Hz
05-02 19:39:59.570 1225 1225 I wm_on_top_resumed_lost_called: [109124949,com.android.settings.SubSettings,topStateChangedWhenResumed]
05-02 19:39:59.571 0 0 E fsl-sai 30010000.sai: Divyesh tlv best fit: clock id=1, ratio=8, deviation=0
05-02 19:39:59.572 534 571 I dvm_lock_sample: [system_server,1,android.display,25,TaskChangeNotificationController.java,329,void com.android.server.wm.TaskChangeNotificationController.forAllRemoteListeners(com.android.server.wm.TaskChangeNotificationController$TaskStackConsumer, android.os.Message),,0,null,5]
05-02 19:39:59.575 534 571 D CompatibilityChangeReporter: Compat change id reported: 135634846; UID 10065; state: DISABLED
05-02 19:39:59.577 534 571 D CompatibilityChangeReporter: Compat change id reported: 135754954; UID 10065; state: ENABLED
05-02 19:39:59.577 534 579 D CompatibilityChangeReporter: Compat change id reported: 143937733; UID 10065; state: ENABLED
05-02 19:39:59.586 0 0 E tlv320aic31xx-codec 1-0018: ##Divyesh tlv aic31xx_set_bias_level: 1 -> 2
05-02 19:39:59.596 0 0 E tlv320aic31xx-codec 1-0018: ##Divyesh tlv codec clock -> on (rate 48000)
05-02 19:39:59.606 1225 1225 I sysui_multi_action: [757,336,758,2,1089,17623]
05-02 19:39:59.617 1225 1225 I wm_on_paused_called: [109124949,com.android.settings.SubSettings,performPause]
05-02 19:39:59.626 0 0 E tlv320aic31xx-codec 1-0018: ##Divyesh tlv aic31xx_set_bias_level: 2 -> 3
05-02 19:39:59.632 534 579 W ActivityManager: Slow operation: 57ms so far, now at startProcess: returned from zygote!
05-02 19:39:59.633 534 579 W ActivityManager: Slow operation: 59ms so far, now at startProcess: done updating battery stats
05-02 19:39:59.633 534 579 I am_proc_start: [0,2232,10065,com.android.soundpicker,pre-top-activity,{com.android.soundpicker/com.android.soundpicker.RingtonePickerActivity}]
05-02 19:39:59.634 534 579 W ActivityManager: Slow operation: 59ms so far, now at startProcess: building log message
05-02 19:39:59.634 534 579 I ActivityManager: Start proc 2232:com.android.soundpicker/u0a65 for pre-top-activity {com.android.soundpicker/com.android.soundpicker.RingtonePickerActivity}
05-02 19:39:59.634 534 579 W ActivityManager: Slow operation: 59ms so far, now at startProcess: starting to update pids map
05-02 19:39:59.639 534 579 W ActivityManager: Slow operation: 65ms so far, now at startProcess: done updating pids map
05-02 19:39:59.640 534 571 I sysui_multi_action: [757,803,799,window_time_0,802,18]
05-02 19:39:59.645 0 0 E tlv320aic31xx-codec 1-0018: ##Divyesh tlv Enter : aic31xx_dac_mute
05-02 19:39:59.652 0 0 E tlv320aic31xx-codec 1-0018: ##Divyesh tlv Enter : aic31xx_dac_mute >> Else function > unmute
05-02 19:39:59.703 534 994 I am_proc_bound: [0,2232,com.android.soundpicker]
05-02 19:39:59.710 534 994 I wm_restart_activity: [0,25592707,8,com.android.soundpicker/.RingtonePickerActivity]
05-02 19:39:59.714 534 994 I wm_set_resumed_activity: [0,com.android.soundpicker/.RingtonePickerActivity,minimalResumeActivityLocked]
05-02 19:39:59.864 534 994 D CompatibilityChangeReporter: Compat change id reported: 149924527; UID 10065; state: ENABLED
05-02 19:39:59.868 534 994 D CompatibilityChangeReporter: Compat change id reported: 132649864; UID 10065; state: DISABLED
05-02 19:40:00.028 2232 2232 I wm_on_create_called: [25592707,com.android.soundpicker.RingtonePickerActivity,performCreate]
05-02 19:40:00.032 2232 2232 I wm_on_start_called: [25592707,com.android.soundpicker.RingtonePickerActivity,handleStartActivity]
05-02 19:40:00.035 2232 2232 I wm_on_resume_called: [25592707,com.android.soundpicker.RingtonePickerActivity,RESUME_ACTIVITY]
05-02 19:40:00.066 2232 2232 I wm_on_top_resumed_gained_called: [25592707,com.android.soundpicker.RingtonePickerActivity,topStateChangedWhenResumed]
05-02 19:40:00.492 534 577 I sysui_multi_action: [319,954,322,953,325,225,757,761,758,7,759,2,806,com.android.soundpicker,871,com.android.soundpicker.RingtonePickerActivity,904,com.android.settings,905,0,945,172,1320,5,1321,1]
05-02 19:40:00.500 534 577 I wm_activity_launch_time: [0,25592707,com.android.soundpicker/.RingtonePickerActivity,953]
05-02 19:40:00.565 534 577 I am_pss : [1304,10113,com.android.inputmethod.latin,15106048,8380416,0,135004160,0,7,12]
05-02 19:40:00.584 534 577 I am_pss : [1358,10108,com.android.deskclock,10005504,5902336,0,111616000,0,19,12]
05-02 19:40:00.601 534 577 I am_pss : [1792,10102,com.android.quicksearchbox,7441408,4308992,0,104546304,0,19,11]
05-02 19:40:00.664 534 577 I am_pss : [1111,10119,com.android.launcher3,67109888,44630016,0,220590080,0,5,23]
05-02 19:40:00.666 534 975 I dvm_lock_sample: [system_server,1,Binder:534_7,9,ActivityManagerService.java,6010,int com.android.server.am.ActivityManagerService.getUidState(int),-,2067,void com.android.server.am.ActivityManagerService$5.handleMessage(android.os.Message),1]
05-02 19:40:00.689 534 577 I am_pss : [1334,10123,android.ext.services,9290752,4669440,0,141631488,0,5,11]
05-02 19:40:01.434 534 577 I am_pss : [1839,10075,com.android.managedprovisioning,10049536,7069696,0,107040768,0,19,6]
05-02 19:40:02.463 534 577 I am_pss : [1864,10069,com.android.providers.calendar,8233984,4968448,0,109412352,0,19,16]
05-02 19:40:03.658 534 994 I ActivityManager: Killing 1673:com.android.settings.intelligence/u0a99 (adj 975): empty #17
05-02 19:40:03.658 534 994 I am_kill : [0,1673,com.android.settings.intelligence,975,empty #17]
05-02 19:40:03.697 534 994 I am_proc_died: [0,1673,com.android.settings.intelligence,975,19]
05-02 19:40:03.698 534 994 I am_uid_stopped: 10099
05-02 19:40:15.401 534 577 I am_pss : [1405,10126,com.android.providers.media.module,21502976,15613952,0,141135872,0,0,8]
05-02 19:40:15.421 534 577 I am_pss : [1087,1073,com.android.networkstack.process,11220992,6807552,0,123895808,0,0,7]
05-02 19:40:15.443 534 577 I am_pss : [879,10121,com.android.systemui,78878720,66002944,0,245653504,0,0,12]
05-02 19:40:16.912 534 534 I ActivityManager: Killing 1792:com.android.quicksearchbox/u0a102 (adj 985): empty #17
05-02 19:40:16.912 534 534 I am_kill : [0,1792,com.android.quicksearchbox,985,empty #17]
05-02 19:40:16.925 534 577 I am_pss : [2232,10065,com.android.soundpicker,25968640,18796544,0,150568960,0,2,9]
05-02 19:40:16.935 534 577 I am_pss : [2100,10105,com.android.messaging,11438080,7131136,0,114143232,0,19,8]
05-02 19:40:16.938 534 975 I am_proc_died: [0,1792,com.android.quicksearchbox,985,19]
