05-02 19:39:16.041 534 534 D SystemServerTiming: OnBootPhase_550_com.android.server.audio.AudioService$Lifecycle took to complete: 0ms
05-02 19:39:16.041 534 534 I SystemServerTiming: OnBootPhase_550_com.android.server.soundtrigger_middleware.SoundTriggerMiddlewareService$Lifecycle
05-02 19:39:16.041 534 534 D SystemServerTiming: OnBootPhase_550_com.android.server.soundtrigger_middleware.SoundTriggerMiddlewareService$Lifecycle took to complete: 0ms
05-02 19:39:16.041 534 534 I SystemServerTiming: OnBootPhase_550_com.android.server.DockObserver
05-02 19:39:16.041 534 534 D SystemServerTiming: OnBootPhase_550_com.android.server.DockObserver took to complete: 0ms
05-02 19:39:16.041 534 534 I SystemServerTiming: OnBootPhase_550_com.android.server.midi.MidiService$Lifecycle
05-02 19:39:16.041 534 534 D SystemServerTiming: OnBootPhase_550_com.android.server.midi.MidiService$Lifecycle took to complete: 0ms
05-02 19:39:16.041 534 534 I SystemServerTiming: OnBootPhase_550_com.android.server.adb.AdbService$Lifecycle
05-02 19:39:16.043 534 534 D SystemServerTiming: OnBootPhase_550_com.android.server.adb.AdbService$Lifecycle took to complete: 3ms
05-02 19:39:16.043 534 534 I SystemServerTiming: OnBootPhase_550_com.android.server.usb.UsbService$Lifecycle
05-02 19:39:16.044 534 534 D SystemServerTiming: OnBootPhase_550_com.android.server.usb.UsbService$Lifecycle took to complete: 0ms
05-02 19:39:16.044 534 534 I SystemServerTiming: OnBootPhase_550_com.android.server.twilight.TwilightService
05-02 19:39:16.044 534 534 D SystemServerTiming: OnBootPhase_550_com.android.server.twilight.TwilightService took to complete: 0ms
05-02 19:39:16.044 534 534 I SystemServerTiming: OnBootPhase_550_com.android.server.display.color.ColorDisplayService
05-02 19:39:16.044 534 534 D SystemServerTiming: OnBootPhase_550_com.android.server.display.color.ColorDisplayService took to complete: 0ms
05-02 19:39:16.044 534 534 I SystemServerTiming: OnBootPhase_550_com.android.server.job.JobSchedulerService
05-02 19:39:16.044 534 534 D SystemServerTiming: OnBootPhase_550_com.android.server.job.JobSchedulerService took to complete: 0ms
05-02 19:39:16.044 534 534 I SystemServerTiming: OnBootPhase_550_com.android.server.soundtrigger.SoundTriggerService
05-02 19:39:16.044 534 534 D SoundTriggerService: onBootPhase: 550 : false
05-02 19:39:16.044 534 534 D SystemServerTiming: OnBootPhase_550_com.android.server.soundtrigger.SoundTriggerService took to complete: 1ms
05-02 19:39:16.044 534 534 I SystemServerTiming: OnBootPhase_550_com.android.server.trust.TrustManagerService
05-02 19:39:16.044 534 534 D SystemServerTiming: OnBootPhase_550_com.android.server.trust.TrustManagerService took to complete: 0ms
05-02 19:39:16.044 534 534 I SystemServerTiming: OnBootPhase_550_com.android.server.backup.BackupManagerService$Lifecycle
05-02 19:39:16.044 534 534 D SystemServerTiming: OnBootPhase_550_com.android.server.backup.BackupManagerService$Lifecycle took to complete: 0ms
05-02 19:39:16.044 534 534 I SystemServerTiming: OnBootPhase_550_com.android.server.appwidget.AppWidgetService
05-02 19:39:16.044 534 534 D SystemServerTiming: OnBootPhase_550_com.android.server.appwidget.AppWidgetService took to complete: 0ms
05-02 19:39:16.044 534 534 I SystemServerTiming: OnBootPhase_550_com.android.server.role.RoleManagerService
05-02 19:39:16.044 534 534 D SystemServerTiming: OnBootPhase_550_com.android.server.role.RoleManagerService took to complete: 0ms
05-02 19:39:16.044 534 534 I SystemServerTiming: OnBootPhase_550_com.android.server.voiceinteraction.VoiceInteractionManagerService
05-02 19:39:16.044 534 534 D SystemServerTiming: OnBootPhase_550_com.android.server.voiceinteraction.VoiceInteractionManagerService took to complete: 0ms
05-02 19:39:16.045 534 534 I SystemServerTiming: OnBootPhase_550_com.android.server.GestureLauncherService
05-02 19:39:16.045 534 534 D SystemServerTiming: OnBootPhase_550_com.android.server.GestureLauncherService took to complete: 0ms
05-02 19:39:16.045 534 534 I SystemServerTiming: OnBootPhase_550_com.android.server.SensorNotificationService
05-02 19:39:16.045 534 534 D SystemServerTiming: OnBootPhase_550_com.android.server.SensorNotificationService took to complete: 0ms
05-02 19:39:16.045 534 534 I SystemServerTiming: OnBootPhase_550_com.android.server.emergency.EmergencyAffordanceService
05-02 19:39:16.045 534 534 D SystemServerTiming: OnBootPhase_550_com.android.server.emergency.EmergencyAffordanceService took to complete: 0ms
05-02 19:39:16.045 534 534 I SystemServerTiming: OnBootPhase_550_com.android.server.dreams.DreamManagerService
05-02 19:39:16.045 534 534 D SystemServerTiming: OnBootPhase_550_com.android.server.dreams.DreamManagerService took to complete: 0ms
05-02 19:39:16.045 534 534 I SystemServerTiming: OnBootPhase_550_com.android.server.blob.BlobStoreManagerService
05-02 19:39:16.045 534 832 D BluetoothManagerService: Trying to bind to profile: 1, while Bluetooth was disabled
05-02 19:39:16.047 534 615 I SystemServerTimingAsync: InitThreadPoolExec:UsbService$Lifecycle#onBootPhase
05-02 19:39:16.047 534 615 D SystemServerInitThreadPool: Started executing UsbService$Lifecycle#onBootPhase
05-02 19:39:16.050 534 615 D SystemServerInitThreadPool: Finished executing UsbService$Lifecycle#onBootPhase
05-02 19:39:16.050 534 615 D SystemServerTimingAsync: InitThreadPoolExec:UsbService$Lifecycle#onBootPhase took to complete: 3ms
05-02 19:39:16.050 534 534 D SystemServerTiming: OnBootPhase_550_com.android.server.blob.BlobStoreManagerService took to complete: 6ms
05-02 19:39:16.050 534 534 I SystemServerTiming: OnBootPhase_550_com.android.server.print.PrintManagerService
05-02 19:39:16.051 534 534 D SystemServerTiming: OnBootPhase_550_com.android.server.print.PrintManagerService took to complete: 0ms
05-02 19:39:16.051 534 534 I SystemServerTiming: OnBootPhase_550_com.android.server.companion.CompanionDeviceManagerService
05-02 19:39:16.051 534 534 D SystemServerTiming: OnBootPhase_550_com.android.server.companion.CompanionDeviceManagerService took to complete: 0ms
05-02 19:39:16.051 534 534 I SystemServerTiming: OnBootPhase_550_com.android.server.restrictions.RestrictionsManagerService
05-02 19:39:16.051 534 534 D SystemServerTiming: OnBootPhase_550_com.android.server.restrictions.RestrictionsManagerService took to complete: 0ms
05-02 19:39:16.051 534 534 I SystemServerTiming: OnBootPhase_550_com.android.server.media.MediaSessionService
05-02 19:39:16.051 534 534 D SystemServerTiming: OnBootPhase_550_com.android.server.media.MediaSessionService took to complete: 0ms
05-02 19:39:16.051 534 534 I SystemServerTiming: OnBootPhase_550_com.android.server.media.MediaResourceMonitorService
05-02 19:39:16.051 534 534 D SystemServerTiming: OnBootPhase_550_com.android.server.media.MediaResourceMonitorService took to complete: 0ms
05-02 19:39:16.051 534 534 I SystemServerTiming: OnBootPhase_550_com.android.server.biometrics.BiometricService
05-02 19:39:16.051 534 534 D SystemServerTiming: OnBootPhase_550_com.android.server.biometrics.BiometricService took to complete: 0ms
05-02 19:39:16.051 534 534 I SystemServerTiming: OnBootPhase_550_com.android.server.biometrics.AuthService
05-02 19:39:16.051 534 534 D SystemServerTiming: OnBootPhase_550_com.android.server.biometrics.AuthService took to complete: 0ms
05-02 19:39:16.051 534 534 I SystemServerTiming: OnBootPhase_550_com.android.server.pm.ShortcutService$Lifecycle
05-02 19:39:16.051 534 534 D SystemServerTiming: OnBootPhase_550_com.android.server.pm.ShortcutService$Lifecycle took to complete: 0ms
05-02 19:39:16.051 534 534 I SystemServerTiming: OnBootPhase_550_com.android.server.pm.LauncherAppsService
05-02 19:39:16.051 534 534 D SystemServerTiming: OnBootPhase_550_com.android.server.pm.LauncherAppsService took to complete: 0ms
05-02 19:39:16.051 534 534 I SystemServerTiming: OnBootPhase_550_com.android.server.pm.CrossProfileAppsService
05-02 19:39:16.051 534 534 D SystemServerTiming: OnBootPhase_550_com.android.server.pm.CrossProfileAppsService took to complete: 0ms
05-02 19:39:16.051 534 534 I SystemServerTiming: OnBootPhase_550_com.android.server.people.PeopleService
05-02 19:39:16.051 534 534 D SystemServerTiming: OnBootPhase_550_com.android.server.people.PeopleService took to complete: 0ms
05-02 19:39:16.051 534 534 I SystemServerTiming: OnBootPhase_550_com.android.server.media.projection.MediaProjectionManagerService
05-02 19:39:16.051 534 534 D SystemServerTiming: OnBootPhase_550_com.android.server.media.projection.MediaProjectionManagerService took to complete: 0ms
05-02 19:39:16.051 534 534 I SystemServerTiming: OnBootPhase_550_com.android.server.slice.SliceManagerService$Lifecycle
05-02 19:39:16.051 534 534 D SystemServerTiming: OnBootPhase_550_com.android.server.slice.SliceManagerService$Lifecycle took to complete: 0ms
05-02 19:39:16.051 534 534 I SystemServerTiming: OnBootPhase_550_com.android.server.camera.CameraServiceProxy
05-02 19:39:16.051 534 534 D SystemServerTiming: OnBootPhase_550_com.android.server.camera.CameraServiceProxy took to complete: 0ms
05-02 19:39:16.051 534 534 I SystemServerTiming: OnBootPhase_550_com.android.server.stats.StatsCompanion$Lifecycle
05-02 19:39:16.051 534 534 D SystemServerTiming: OnBootPhase_550_com.android.server.stats.StatsCompanion$Lifecycle took to complete: 0ms
05-02 19:39:16.051 534 534 I SystemServerTiming: OnBootPhase_550_com.android.server.stats.pull.StatsPullAtomService
05-02 19:39:16.051 534 534 D SystemServerTiming: OnBootPhase_550_com.android.server.stats.pull.StatsPullAtomService took to complete: 0ms
05-02 19:39:16.051 534 534 I SystemServerTiming: OnBootPhase_550_com.android.server.incident.IncidentCompanionService
05-02 19:39:16.052 534 534 D SystemServerTiming: OnBootPhase_550_com.android.server.incident.IncidentCompanionService took to complete: 0ms
05-02 19:39:16.052 534 534 I SystemServerTiming: OnBootPhase_550_com.android.server.MmsServiceBroker
05-02 19:39:16.052 534 534 D SystemServerTiming: OnBootPhase_550_com.android.server.MmsServiceBroker took to complete: 0ms
05-02 19:39:16.052 534 534 I SystemServerTiming: OnBootPhase_550_com.android.server.autofill.AutofillManagerService
05-02 19:39:16.052 534 640 I UsbPortManager: ClientCallback V1_1: port0
05-02 19:39:16.053 534 534 D SystemServerTiming: OnBootPhase_550_com.android.server.autofill.AutofillManagerService took to complete: 0ms
05-02 19:39:16.053 534 534 I SystemServerTiming: OnBootPhase_550_com.android.server.clipboard.ClipboardService
05-02 19:39:16.053 534 534 D SystemServerTiming: OnBootPhase_550_com.android.server.clipboard.ClipboardService took to complete: 0ms
05-02 19:39:16.053 534 534 I SystemServerTiming: OnBootPhase_550_com.android.server.appbinding.AppBindingService$Lifecycle
05-02 19:39:16.054 534 568 I UsbPortManager: USB port added: port=UsbPort{id=port0, supportedModes=dualsupportedContaminantProtectionModes=0supportsEnableContaminantPresenceProtection=falsesupportsEnableContaminantPresenceDetection=false, status=UsbPortStatus{connected=true, currentMode=ufp, currentPowerRole=sink, currentDataRole=device, supportedRoleCombinations=[sink:device], contaminantDetectionStatus=0, contaminantProtectionStatus=0}, canChangeMode=false, canChangePowerRole=false, canChangeDataRole=false, connectedAtMillis=181988, lastConnectDurationMillis=0
05-02 19:39:16.054 534 534 I AppBindingService: Updating constants with: null
05-02 19:39:16.055 534 534 D SystemServerTiming: OnBootPhase_550_com.android.server.appbinding.AppBindingService$Lifecycle took to complete: 2ms
05-02 19:39:16.055 534 534 I SystemServerTiming: OnBootPhase_550_com.android.server.policy.PermissionPolicyService
05-02 19:39:16.058 534 568 I am_uid_running: 10127
05-02 19:39:16.059 534 568 D CompatibilityChangeReporter: Compat change id reported: 135634846; UID 10127; state: DISABLED
05-02 19:39:16.060 534 568 D CompatibilityChangeReporter: Compat change id reported: 135754954; UID 10127; state: DISABLED
05-02 19:39:16.061 534 579 I am_proc_start: [0,879,10121,com.android.systemui,service,{com.android.systemui/com.android.systemui.ImageWallpaper}]
05-02 19:39:16.062 534 579 I ActivityManager: Start proc 879:com.android.systemui/u0a121 for service {com.android.systemui/com.android.systemui.ImageWallpaper}
05-02 19:39:16.065 534 579 D CompatibilityChangeReporter: Compat change id reported: 143937733; UID 10127; state: DISABLED
05-02 19:39:16.066 534 579 W ActivityManager: com.android.permissioncontroller inode == 0 (b/152760674)
05-02 19:39:16.119 534 566 I am_proc_bound: [0,879,com.android.systemui]
05-02 19:39:16.128 534 566 I am_uid_active: 10121
05-02 19:39:16.137 534 579 W ActivityManager: Slow operation: 80ms so far, now at startProcess: returned from zygote!
05-02 19:39:16.138 534 579 W ActivityManager: Slow operation: 80ms so far, now at startProcess: done updating battery stats
05-02 19:39:16.138 534 579 I am_proc_start: [0,906,10127,com.android.permissioncontroller,service,{com.android.permissioncontroller/com.android.permissioncontroller.permission.service.PermissionControllerServiceImpl}]
05-02 19:39:16.138 534 579 W ActivityManager: Slow operation: 80ms so far, now at startProcess: building log message
05-02 19:39:16.138 534 579 I ActivityManager: Start proc 906:com.android.permissioncontroller/u0a127 for service {com.android.permissioncontroller/com.android.permissioncontroller.permission.service.PermissionControllerServiceImpl}
05-02 19:39:16.138 534 579 W ActivityManager: Slow operation: 80ms so far, now at startProcess: starting to update pids map
05-02 19:39:16.138 534 579 W ActivityManager: Slow operation: 81ms so far, now at startProcess: done updating pids map
05-02 19:39:16.154 534 566 I am_proc_bound: [0,906,com.android.permissioncontroller]
05-02 19:39:16.157 534 566 I am_uid_active: 10127
05-02 19:39:16.163 534 628 I commit_sys_config_file: [settings-0-0,45]
05-02 19:39:16.196 856 946 I bt_config_source: 4
05-02 19:39:16.244 534 566 W StorageManagerService: No primary storage defined yet; hacking together a stub
05-02 19:39:16.413 534 968 D PackageManager: Instant App installer not found with android.intent.action.INSTALL_INSTANT_APP_PACKAGE
05-02 19:39:16.413 534 968 D PackageManager: Clear ephemeral installer activity
05-02 19:39:16.456 534 961 D PackageManager: Instant App installer not found with android.intent.action.INSTALL_INSTANT_APP_PACKAGE
05-02 19:39:16.456 534 961 D PackageManager: Clear ephemeral installer activity
05-02 19:39:16.634 534 968 D TelephonyRegistry: listen oscl: mHasNotifySubscriptionInfoChangedOccurred==false no callback
05-02 19:39:16.758 534 628 I commit_sys_config_file: [settings-2-0,49]
05-02 19:39:16.902 879 879 D SystemUIBootTiming: DependencyInjection took to complete: 1ms
05-02 19:39:17.162 534 534 V StorageManagerService: Package null has legacy storage
05-02 19:39:17.210 534 534 I chatty : uid=1000(system) Binder:534_3 identical 14 lines
05-02 19:39:17.210 534 534 V StorageManagerService: Package null has legacy storage
05-02 19:39:17.212 534 534 V StorageManagerService: Package null does not have legacy storage
05-02 19:39:17.220 534 534 I chatty : uid=1000(system) Binder:534_3 identical 10 lines
05-02 19:39:17.220 534 534 V StorageManagerService: Package null does not have legacy storage
05-02 19:39:17.221 534 534 I PackageManager: Permission ownership changed. Updating all permissions.
05-02 19:39:17.263 534 534 W SystemServiceManager: Service com.android.server.policy.PermissionPolicyService took 1209 ms in onBootPhase
05-02 19:39:17.264 534 534 D SystemServerTiming: OnBootPhase_550_com.android.server.policy.PermissionPolicyService took to complete: 1209ms
05-02 19:39:17.264 534 534 I SystemServerTiming: OnBootPhase_550_com.android.server.pm.StagingManager$Lifecycle
05-02 19:39:17.264 534 534 D SystemServerTiming: OnBootPhase_550_com.android.server.pm.StagingManager$Lifecycle took to complete: 0ms
05-02 19:39:17.265 534 534 D SystemServerTiming: OnBootPhase_550 took to complete: 1480ms
05-02 19:39:17.265 534 534 D SystemServerTiming: StartActivityManagerReadyPhase took to complete: 1480ms
05-02 19:39:17.265 534 534 I SystemServerTiming: StartObservingNativeCrashes
05-02 19:39:17.266 534 534 D SystemServerTiming: StartObservingNativeCrashes took to complete: 2ms
05-02 19:39:17.267 534 534 I SystemServerTiming: StartSystemUI
05-02 19:39:17.268 534 626 I SystemServerTimingAsync: InitThreadPoolExec:WebViewFactoryPreparation
05-02 19:39:17.268 534 626 D SystemServerInitThreadPool: Started executing WebViewFactoryPreparation
05-02 19:39:17.268 534 626 I SystemServer: WebViewFactoryPreparation
05-02 19:39:17.268 534 626 I SystemServerTimingAsync: WebViewFactoryPreparation
05-02 19:39:17.269 534 626 I WebViewUpdateServiceImpl: Skipping one-time migration: no fallback provider
05-02 19:39:17.284 534 626 I am_uid_running: 1037
05-02 19:39:17.284 534 579 W ActivityManager: com.android.dynsystem inode == 0 (b/152760674)
05-02 19:39:17.289 534 626 D SystemServerTimingAsync: WebViewFactoryPreparation took to complete: 22ms
05-02 19:39:17.289 534 626 D SystemServerInitThreadPool: Finished executing WebViewFactoryPreparation
05-02 19:39:17.290 534 626 D SystemServerTimingAsync: InitThreadPoolExec:WebViewFactoryPreparation took to complete: 22ms
05-02 19:39:17.291 534 534 D SystemServerTiming: StartSystemUI took to complete: 23ms
05-02 19:39:17.291 534 534 I SystemServerTiming: MakeNetworkManagementServiceReady
05-02 19:39:17.294 534 565 I sysui_multi_action: [757,856,758,1,806,com.android.systemui,857,ALR,858,4]
05-02 19:39:17.295 534 565 I sysui_multi_action: [757,856,758,1,806,com.android.systemui,857,GEN,858,1]
05-02 19:39:17.295 534 565 I sysui_multi_action: [757,856,758,1,806,com.android.systemui,857,DSK,858,2]
05-02 19:39:17.296 534 565 I sysui_multi_action: [757,856,758,1,806,com.android.systemui,857,SCN_HEADSUP,858,4]
05-02 19:39:17.296 534 565 I sysui_multi_action: [757,856,758,1,806,com.android.systemui,857,BAT,858,5]
05-02 19:39:17.296 534 565 I sysui_multi_action: [757,856,758,1,806,com.android.systemui,857,HNT,858,3]
05-02 19:39:17.298 879 879 D SystemUIBootTiming: StartServicescom.android.systemui.util.NotificationChannels took to complete: 14ms
05-02 19:39:17.302 534 534 D SystemServerTiming: MakeNetworkManagementServiceReady took to complete: 11ms
05-02 19:39:17.302 534 534 I SystemServerTiming: MakeIpSecServiceReady
05-02 19:39:17.304 534 534 D IpSecService: IpSecService is ready
05-02 19:39:17.304 534 534 D SystemServerTiming: MakeIpSecServiceReady took to complete: 2ms
05-02 19:39:17.304 534 534 I SystemServerTiming: MakeNetworkStatsServiceReady
05-02 19:39:17.381 534 534 D TelephonyRegistry: listen oscl: mHasNotifySubscriptionInfoChangedOccurred==false no callback
05-02 19:39:17.388 534 534 D SystemServerTiming: MakeNetworkStatsServiceReady took to complete: 83ms
05-02 19:39:17.389 534 534 I SystemServerTiming: MakeConnectivityServiceReady
05-02 19:39:17.420 534 816 I commit_sys_config_file: [net-policy,116]
05-02 19:39:17.420 534 816 W NetworkPolicy: setRestrictBackgroundUL: already false
05-02 19:39:17.438 534 570 I commit_sys_config_file: [notification-policy,141]
05-02 19:39:17.456 534 815 I netstats_mobile_sample: [0,0,0,0,0,0,0,0,0,0,0,0,1651520357456]
05-02 19:39:17.457 534 815 I netstats_wifi_sample: [0,0,0,0,0,0,0,0,0,0,0,0,1651520357456]
05-02 19:39:17.466 534 534 D SystemServerTiming: MakeConnectivityServiceReady took to complete: 77ms
05-02 19:39:17.466 534 534 I SystemServerTiming: MakeNetworkPolicyServiceReady
05-02 19:39:17.469 534 823 D ConnectivityService: NetReassign [no changes]
05-02 19:39:17.476 534 579 W ActivityManager: Slow operation: 192ms so far, now at startProcess: returned from zygote!
05-02 19:39:17.478 534 579 W ActivityManager: Slow operation: 195ms so far, now at startProcess: done updating battery stats
05-02 19:39:17.478 534 579 I am_proc_start: [0,1010,1037,WebViewLoader-armeabi-v7a,NULL,]
05-02 19:39:17.478 534 579 W ActivityManager: Slow operation: 195ms so far, now at startProcess: building log message
05-02 19:39:17.478 534 579 I ActivityManager: Start proc 1010:WebViewLoader-armeabi-v7a/1037 [android.webkit.WebViewLibraryLoader$RelroFileCreator] for null
05-02 19:39:17.479 534 579 W ActivityManager: Slow operation: 195ms so far, now at startProcess: starting to update pids map
05-02 19:39:17.479 534 579 W ActivityManager: Slow operation: 195ms so far, now at startProcess: done updating pids map
05-02 19:39:17.479 534 579 W ActivityManager: Slow operation: 195ms so far, now at startProcess: asking zygote to start proc
05-02 19:39:17.479 534 579 W ActivityManager: com.android.dynsystem inode == 0 (b/152760674)
05-02 19:39:17.497 534 823 D ConnectivityService: NetReassign [no changes]
05-02 19:39:17.519 534 579 W ActivityManager: Slow operation: 235ms so far, now at startProcess: returned from zygote!
05-02 19:39:17.531 1010 1010 I service_manager_slow: [19,activity]
05-02 19:39:17.546 534 579 W ActivityManager: Slow operation: 261ms so far, now at startProcess: done updating battery stats
05-02 19:39:17.546 534 579 I am_proc_start: [0,1023,1037,WebViewLoader-arm64-v8a,NULL,]
05-02 19:39:17.550 534 579 W ActivityManager: Slow operation: 265ms so far, now at startProcess: building log message
05-02 19:39:17.550 534 579 I ActivityManager: Start proc 1023:WebViewLoader-arm64-v8a/1037 [android.webkit.WebViewLibraryLoader$RelroFileCreator] for null
05-02 19:39:17.550 534 579 W ActivityManager: Slow operation: 265ms so far, now at startProcess: starting to update pids map
05-02 19:39:17.550 534 579 W ActivityManager: Slow operation: 266ms so far, now at startProcess: done updating pids map
05-02 19:39:17.551 534 961 I am_proc_bound: [0,1010,WebViewLoader-armeabi-v7a]
05-02 19:39:17.554 534 961 I am_uid_active: 1037
05-02 19:39:17.556 534 823 D ConnectivityService: NetReassign [no changes]
05-02 19:39:17.558 534 816 D TelephonyRegistry: listen oscl: mHasNotifySubscriptionInfoChangedOccurred==false no callback
05-02 19:39:17.558 534 534 D SystemServerTiming: MakeNetworkPolicyServiceReady took to complete: 91ms
05-02 19:39:17.558 534 534 I SystemServerTiming: PhaseThirdPartyAppsCanStart
05-02 19:39:17.558 534 534 I SystemServiceManager: Starting phase 600
05-02 19:39:17.558 534 534 I SystemServerTiming: OnBootPhase_600
05-02 19:39:17.558 534 534 I SystemServerTiming: OnBootPhase_600_com.android.server.security.FileIntegrityService
05-02 19:39:17.558 534 534 D SystemServerTiming: OnBootPhase_600_com.android.server.security.FileIntegrityService took to complete: 0ms
05-02 19:39:17.558 534 534 I SystemServerTiming: OnBootPhase_600_com.android.server.pm.Installer
05-02 19:39:17.558 534 534 D SystemServerTiming: OnBootPhase_600_com.android.server.pm.Installer took to complete: 0ms
05-02 19:39:17.558 534 534 I SystemServerTiming: OnBootPhase_600_com.android.server.os.DeviceIdentifiersPolicyService
05-02 19:39:17.558 534 534 D SystemServerTiming: OnBootPhase_600_com.android.server.os.DeviceIdentifiersPolicyService took to complete: 0ms
05-02 19:39:17.558 534 534 I SystemServerTiming: OnBootPhase_600_com.android.server.uri.UriGrantsManagerService$Lifecycle
05-02 19:39:17.558 534 534 D SystemServerTiming: OnBootPhase_600_com.android.server.uri.UriGrantsManagerService$Lifecycle took to complete: 0ms
05-02 19:39:17.558 534 534 I SystemServerTiming: OnBootPhase_600_com.android.server.wm.ActivityTaskManagerService$Lifecycle
05-02 19:39:17.558 534 534 D SystemServerTiming: OnBootPhase_600_com.android.server.wm.ActivityTaskManagerService$Lifecycle took to complete: 0ms
05-02 19:39:17.558 534 534 I SystemServerTiming: OnBootPhase_600_com.android.server.am.ActivityManagerService$Lifecycle
05-02 19:39:17.560 534 534 I ExplicitHealthCheckController: Explicit health checks enabled.
05-02 19:39:17.560 534 534 I PackageWatchdog: Syncing state, reason: health check state enabled
05-02 19:39:17.560 534 534 I PackageWatchdog: Not pruning observers, elapsed time: 0ms
05-02 19:39:17.560 534 534 I PackageWatchdog: Cancelling state sync, nothing to sync
05-02 19:39:17.561 534 534 D SystemServerTiming: OnBootPhase_600_com.android.server.am.ActivityManagerService$Lifecycle took to complete: 2ms
05-02 19:39:17.561 534 534 I SystemServerTiming: OnBootPhase_600_com.android.server.pm.DataLoaderManagerService
05-02 19:39:17.561 534 534 D SystemServerTiming: OnBootPhase_600_com.android.server.pm.DataLoaderManagerService took to complete: 0ms
05-02 19:39:17.561 534 534 I SystemServerTiming: OnBootPhase_600_com.android.server.power.PowerManagerService
05-02 19:39:17.561 534 995 I am_proc_bound: [0,1023,WebViewLoader-arm64-v8a]
05-02 19:39:17.562 534 534 D SystemServerTiming: OnBootPhase_600_com.android.server.power.PowerManagerService took to complete: 1ms
05-02 19:39:17.562 534 534 I SystemServerTiming: OnBootPhase_600_com.android.server.power.ThermalManagerService
05-02 19:39:17.562 534 534 D SystemServerTiming: OnBootPhase_600_com.android.server.power.ThermalManagerService took to complete: 0ms
05-02 19:39:17.562 534 534 I SystemServerTiming: OnBootPhase_600_com.android.server.recoverysystem.RecoverySystemService$Lifecycle
05-02 19:39:17.562 534 534 D SystemServerTiming: OnBootPhase_600_com.android.server.recoverysystem.RecoverySystemService$Lifecycle took to complete: 0ms
05-02 19:39:17.562 534 534 I SystemServerTiming: OnBootPhase_600_com.android.server.lights.LightsService
05-02 19:39:17.562 534 534 D SystemServerTiming: OnBootPhase_600_com.android.server.lights.LightsService took to complete: 0ms
05-02 19:39:17.563 534 534 I SystemServerTiming: OnBootPhase_600_com.android.server.display.DisplayManagerService
05-02 19:39:17.563 534 534 D SystemServerTiming: OnBootPhase_600_com.android.server.display.DisplayManagerService took to complete: 0ms
05-02 19:39:17.563 534 534 I SystemServerTiming: OnBootPhase_600_com.android.server.pm.UserManagerService$LifeCycle
05-02 19:39:17.563 534 534 D SystemServerTiming: OnBootPhase_600_com.android.server.pm.UserManagerService$LifeCycle took to complete: 0ms
05-02 19:39:17.563 534 534 I SystemServerTiming: OnBootPhase_600_com.android.server.om.OverlayManagerService
05-02 19:39:17.563 534 534 D SystemServerTiming: OnBootPhase_600_com.android.server.om.OverlayManagerService took to complete: 0ms
05-02 19:39:17.563 534 534 I SystemServerTiming: OnBootPhase_600_com.android.server.SensorPrivacyService
05-02 19:39:17.563 534 534 D SystemServerTiming: OnBootPhase_600_com.android.server.SensorPrivacyService took to complete: 0ms
05-02 19:39:17.563 534 534 I SystemServerTiming: OnBootPhase_600_com.android.server.SystemConfigService
05-02 19:39:17.563 534 534 D SystemServerTiming: OnBootPhase_600_com.android.server.SystemConfigService took to complete: 0ms
05-02 19:39:17.563 534 534 I SystemServerTiming: OnBootPhase_600_com.android.server.BatteryService
05-02 19:39:17.563 534 534 D SystemServerTiming: OnBootPhase_600_com.android.server.BatteryService took to complete: 0ms
05-02 19:39:17.563 534 534 I SystemServerTiming: OnBootPhase_600_com.android.server.usage.UsageStatsService
05-02 19:39:17.563 534 534 D SystemServerTiming: OnBootPhase_600_com.android.server.usage.UsageStatsService took to complete: 0ms
05-02 19:39:17.563 534 534 I SystemServerTiming: OnBootPhase_600_com.android.server.webkit.WebViewUpdateService
05-02 19:39:17.563 534 534 D SystemServerTiming: OnBootPhase_600_com.android.server.webkit.WebViewUpdateService took to complete: 0ms
05-02 19:39:17.563 534 534 I SystemServerTiming: OnBootPhase_600_com.android.server.CachedDeviceStateService
05-02 19:39:17.563 534 534 D SystemServerTiming: OnBootPhase_600_com.android.server.CachedDeviceStateService took to complete: 0ms
05-02 19:39:17.563 534 534 I SystemServerTiming: OnBootPhase_600_com.android.server.BinderCallsStatsService$LifeCycle
05-02 19:39:17.563 534 534 D SystemServerTiming: OnBootPhase_600_com.android.server.BinderCallsStatsService$LifeCycle took to complete: 0ms
05-02 19:39:17.563 534 534 I SystemServerTiming: OnBootPhase_600_com.android.server.LooperStatsService$Lifecycle
05-02 19:39:17.563 534 534 D SystemServerTiming: OnBootPhase_600_com.android.server.LooperStatsService$Lifecycle took to complete: 0ms
05-02 19:39:17.563 534 534 I SystemServerTiming: OnBootPhase_600_com.android.server.rollback.RollbackManagerService
05-02 19:39:17.563 534 534 D SystemServerTiming: OnBootPhase_600_com.android.server.rollback.RollbackManagerService took to complete: 0ms
05-02 19:39:17.563 534 534 I SystemServerTiming: OnBootPhase_600_com.android.server.os.BugreportManagerService
05-02 19:39:17.563 534 534 D SystemServerTiming: OnBootPhase_600_com.android.server.os.BugreportManagerService took to complete: 0ms
05-02 19:39:17.563 534 534 I SystemServerTiming: OnBootPhase_600_com.android.server.gpu.GpuService
05-02 19:39:17.563 534 534 D SystemServerTiming: OnBootPhase_600_com.android.server.gpu.GpuService took to complete: 0ms
05-02 19:39:17.563 534 534 I SystemServerTiming: OnBootPhase_600_com.android.server.security.KeyChainSystemService
05-02 19:39:17.563 534 534 D SystemServerTiming: OnBootPhase_600_com.android.server.security.KeyChainSystemService took to complete: 0ms
05-02 19:39:17.563 534 534 I SystemServerTiming: OnBootPhase_600_com.android.server.telecom.TelecomLoaderService
05-02 19:39:17.564 534 534 D SystemServerTiming: OnBootPhase_600_com.android.server.telecom.TelecomLoaderService took to complete: 0ms
05-02 19:39:17.564 534 534 I SystemServerTiming: OnBootPhase_600_com.android.server.accounts.AccountManagerService$Lifecycle
05-02 19:39:17.564 534 534 D SystemServerTiming: OnBootPhase_600_com.android.server.accounts.AccountManagerService$Lifecycle took to complete: 0ms
05-02 19:39:17.564 534 534 I SystemServerTiming: OnBootPhase_600_com.android.server.content.ContentService$Lifecycle
05-02 19:39:17.564 534 534 D SystemServerTiming: OnBootPhase_600_com.android.server.content.ContentService$Lifecycle took to complete: 0ms
05-02 19:39:17.564 534 534 I SystemServerTiming: OnBootPhase_600_com.android.server.DropBoxManagerService
05-02 19:39:17.564 534 534 D SystemServerTiming: OnBootPhase_600_com.android.server.DropBoxManagerService took to complete: 0ms
05-02 19:39:17.564 534 534 I SystemServerTiming: OnBootPhase_600_com.android.server.AlarmManagerService
05-02 19:39:17.564 534 534 D SystemServerTiming: OnBootPhase_600_com.android.server.AlarmManagerService took to complete: 0ms
05-02 19:39:17.564 534 534 I SystemServerTiming: OnBootPhase_600_com.android.server.BluetoothService
05-02 19:39:17.564 534 534 D SystemServerTiming: OnBootPhase_600_com.android.server.BluetoothService took to complete: 0ms
05-02 19:39:17.564 534 534 I SystemServerTiming: OnBootPhase_600_com.android.server.connectivity.IpConnectivityMetrics
05-02 19:39:17.564 534 534 D SystemServerTiming: OnBootPhase_600_com.android.server.connectivity.IpConnectivityMetrics took to complete: 0ms
05-02 19:39:17.564 534 534 I SystemServerTiming: OnBootPhase_600_com.android.server.net.watchlist.NetworkWatchlistService$Lifecycle
05-02 19:39:17.564 534 534 D SystemServerTiming: OnBootPhase_600_com.android.server.net.watchlist.NetworkWatchlistService$Lifecycle took to complete: 0ms
05-02 19:39:17.564 534 534 I SystemServerTiming: OnBootPhase_600_com.android.server.PinnerService
05-02 19:39:17.566 534 534 D SystemServerTiming: OnBootPhase_600_com.android.server.PinnerService took to complete: 0ms
05-02 19:39:17.566 534 534 I SystemServerTiming: OnBootPhase_600_com.google.android.startop.iorap.IorapForwardingService
05-02 19:39:17.566 534 534 D SystemServerTiming: OnBootPhase_600_com.google.android.startop.iorap.IorapForwardingService took to complete: 0ms
05-02 19:39:17.566 534 534 I SystemServerTiming: OnBootPhase_600_com.android.server.integrity.AppIntegrityManagerService
05-02 19:39:17.567 534 534 D SystemServerTiming: OnBootPhase_600_com.android.server.integrity.AppIntegrityManagerService took to complete: 0ms
05-02 19:39:17.567 534 534 I SystemServerTiming: OnBootPhase_600_com.android.server.inputmethod.InputMethodManagerService$Lifecycle
05-02 19:39:17.567 534 534 D SystemServerTiming: OnBootPhase_600_com.android.server.inputmethod.InputMethodManagerService$Lifecycle took to complete: 0ms
05-02 19:39:17.567 534 534 I SystemServerTiming: OnBootPhase_600_com.android.server.accessibility.AccessibilityManagerService$Lifecycle
05-02 19:39:17.567 534 534 D SystemServerTiming: OnBootPhase_600_com.android.server.accessibility.AccessibilityManagerService$Lifecycle took to complete: 0ms
05-02 19:39:17.567 534 534 I SystemServerTiming: OnBootPhase_600_com.android.server.StorageManagerService$Lifecycle
05-02 19:39:17.567 534 534 D SystemServerTiming: OnBootPhase_600_com.android.server.StorageManagerService$Lifecycle took to complete: 0ms
05-02 19:39:17.567 534 534 I SystemServerTiming: OnBootPhase_600_com.android.server.usage.StorageStatsService$Lifecycle
05-02 19:39:17.567 534 534 D SystemServerTiming: OnBootPhase_600_com.android.server.usage.StorageStatsService$Lifecycle took to complete: 0ms
05-02 19:39:17.567 534 534 I SystemServerTiming: OnBootPhase_600_com.android.server.UiModeManagerService
05-02 19:39:17.567 534 534 D SystemServerTiming: OnBootPhase_600_com.android.server.UiModeManagerService took to complete: 0ms
05-02 19:39:17.567 534 534 I SystemServerTiming: OnBootPhase_600_com.android.server.locksettings.LockSettingsService$Lifecycle
05-02 19:39:17.567 534 534 D SystemServerTiming: OnBootPhase_600_com.android.server.locksettings.LockSettingsService$Lifecycle took to complete: 0ms
05-02 19:39:17.567 534 534 I SystemServerTiming: OnBootPhase_600_com.android.server.PersistentDataBlockService
05-02 19:39:17.567 534 534 D SystemServerTiming: OnBootPhase_600_com.android.server.PersistentDataBlockService took to complete: 0ms
05-02 19:39:17.567 534 534 I SystemServerTiming: OnBootPhase_600_com.android.server.testharness.TestHarnessModeService
05-02 19:39:17.567 534 534 D SystemServerTiming: OnBootPhase_600_com.android.server.testharness.TestHarnessModeService took to complete: 0ms
05-02 19:39:17.567 534 534 I SystemServerTiming: OnBootPhase_600_com.android.server.oemlock.OemLockService
05-02 19:39:17.567 534 534 D SystemServerTiming: OnBootPhase_600_com.android.server.oemlock.OemLockService took to complete: 0ms
05-02 19:39:17.567 534 534 I SystemServerTiming: OnBootPhase_600_com.android.server.DeviceIdleController
05-02 19:39:17.567 534 534 D SystemServerTiming: OnBootPhase_600_com.android.server.DeviceIdleController took to complete: 0ms
05-02 19:39:17.567 534 534 I SystemServerTiming: OnBootPhase_600_com.android.server.devicepolicy.DevicePolicyManagerService$Lifecycle
05-02 19:39:17.567 534 534 D SystemServerTiming: OnBootPhase_600_com.android.server.devicepolicy.DevicePolicyManagerService$Lifecycle took to complete: 0ms
05-02 19:39:17.568 534 534 I SystemServerTiming: OnBootPhase_600_com.android.server.textservices.TextServicesManagerService$Lifecycle
05-02 19:39:17.568 534 534 D SystemServerTiming: OnBootPhase_600_com.android.server.textservices.TextServicesManagerService$Lifecycle took to complete: 0ms
05-02 19:39:17.568 534 534 I SystemServerTiming: OnBootPhase_600_com.android.server.textclassifier.TextClassificationManagerService$Lifecycle
05-02 19:39:17.568 534 534 D SystemServerTiming: OnBootPhase_600_com.android.server.textclassifier.TextClassificationManagerService$Lifecycle took to complete: 0ms
05-02 19:39:17.568 534 534 I SystemServerTiming: OnBootPhase_600_com.android.server.NetworkScoreService$Lifecycle
05-02 19:39:17.568 534 534 D SystemServerTiming: OnBootPhase_600_com.android.server.NetworkScoreService$Lifecycle took to complete: 0ms
05-02 19:39:17.568 534 534 I SystemServerTiming: OnBootPhase_600_com.android.server.wifi.WifiService
05-02 19:39:17.568 534 534 D SystemServerTiming: OnBootPhase_600_com.android.server.wifi.WifiService took to complete: 0ms
05-02 19:39:17.568 534 534 I SystemServerTiming: OnBootPhase_600_com.android.server.wifi.scanner.WifiScanningService
05-02 19:39:17.568 534 534 D SystemServerTiming: OnBootPhase_600_com.android.server.wifi.scanner.WifiScanningService took to complete: 0ms
05-02 19:39:17.569 534 534 I SystemServerTiming: OnBootPhase_600_com.android.server.wifi.p2p.WifiP2pService
05-02 19:39:17.569 534 534 D SystemServerTiming: OnBootPhase_600_com.android.server.wifi.p2p.WifiP2pService took to complete: 0ms
05-02 19:39:17.569 534 534 I SystemServerTiming: OnBootPhase_600_com.android.server.ethernet.EthernetService
05-02 19:39:17.569 534 534 D SystemServerTiming: OnBootPhase_600_com.android.server.ethernet.EthernetService took to complete: 0ms
05-02 19:39:17.569 534 534 I SystemServerTiming: OnBootPhase_600_com.android.server.notification.NotificationManagerService
05-02 19:39:17.611 534 534 D SystemServerTiming: OnBootPhase_600_com.android.server.notification.NotificationManagerService took to complete: 42ms
05-02 19:39:17.611 534 534 I SystemServerTiming: OnBootPhase_600_com.android.server.storage.DeviceStorageMonitorService
05-02 19:39:17.611 534 534 D SystemServerTiming: OnBootPhase_600_com.android.server.storage.DeviceStorageMonitorService took to complete: 0ms
05-02 19:39:17.611 534 534 I SystemServerTiming: OnBootPhase_600_com.android.server.location.LocationManagerService$Lifecycle
05-02 19:39:17.641 534 534 D TelephonyRegistry: listen oscl: mHasNotifySubscriptionInfoChangedOccurred==false no callback
05-02 19:39:17.659 534 570 I commit_sys_config_file: [notification-policy,219]
05-02 19:39:17.725 534 628 I commit_sys_config_file: [settings-0-0,216]
05-02 19:39:17.740 534 534 W SystemServiceManager: Service com.android.server.location.LocationManagerService$Lifecycle took 128 ms in onBootPhase
05-02 19:39:17.740 534 534 D SystemServerTiming: OnBootPhase_600_com.android.server.location.LocationManagerService$Lifecycle took to complete: 128ms
05-02 19:39:17.740 534 534 I SystemServerTiming: OnBootPhase_600_com.android.server.timedetector.TimeDetectorService$Lifecycle
05-02 19:39:17.740 534 534 D SystemServerTiming: OnBootPhase_600_com.android.server.timedetector.TimeDetectorService$Lifecycle took to complete: 0ms
05-02 19:39:17.740 534 534 I SystemServerTiming: OnBootPhase_600_com.android.server.timezonedetector.TimeZoneDetectorService$Lifecycle
05-02 19:39:17.740 534 534 D SystemServerTiming: OnBootPhase_600_com.android.server.timezonedetector.TimeZoneDetectorService$Lifecycle took to complete: 0ms
05-02 19:39:17.740 534 534 I SystemServerTiming: OnBootPhase_600_com.android.server.search.SearchManagerService$Lifecycle
05-02 19:39:17.740 534 534 D SystemServerTiming: OnBootPhase_600_com.android.server.search.SearchManagerService$Lifecycle took to complete: 0ms
05-02 19:39:17.740 534 534 I SystemServerTiming: OnBootPhase_600_com.android.server.wallpaper.WallpaperManagerService$Lifecycle
05-02 19:39:17.741 534 534 I WallpaperManagerService: switch-user-0
05-02 19:39:17.741 534 534 V WallpaperManagerService: bindWallpaperComponentLocked: componentName=null
05-02 19:39:17.741 534 534 V WallpaperManagerService: No default component; using image wallpaper
05-02 19:39:17.746 534 534 D WallpaperManagerService: switch-user-0 took to complete: 5ms
05-02 19:39:17.746 534 534 D SystemServerTiming: OnBootPhase_600_com.android.server.wallpaper.WallpaperManagerService$Lifecycle took to complete: 6ms
05-02 19:39:17.746 534 534 I SystemServerTiming: OnBootPhase_600_com.android.server.audio.AudioService$Lifecycle
05-02 19:39:17.746 534 534 D SystemServerTiming: OnBootPhase_600_com.android.server.audio.AudioService$Lifecycle took to complete: 0ms
05-02 19:39:17.746 534 534 I SystemServerTiming: OnBootPhase_600_com.android.server.soundtrigger_middleware.SoundTriggerMiddlewareService$Lifecycle
05-02 19:39:17.746 534 534 D SystemServerTiming: OnBootPhase_600_com.android.server.soundtrigger_middleware.SoundTriggerMiddlewareService$Lifecycle took to complete: 0ms
05-02 19:39:17.746 534 534 I SystemServerTiming: OnBootPhase_600_com.android.server.DockObserver
05-02 19:39:17.746 534 534 D SystemServerTiming: OnBootPhase_600_com.android.server.DockObserver took to complete: 0ms
05-02 19:39:17.746 534 534 I SystemServerTiming: OnBootPhase_600_com.android.server.midi.MidiService$Lifecycle
05-02 19:39:17.746 534 534 D SystemServerTiming: OnBootPhase_600_com.android.server.midi.MidiService$Lifecycle took to complete: 0ms
05-02 19:39:17.746 534 534 I SystemServerTiming: OnBootPhase_600_com.android.server.adb.AdbService$Lifecycle
05-02 19:39:17.747 534 534 D SystemServerTiming: OnBootPhase_600_com.android.server.adb.AdbService$Lifecycle took to complete: 0ms
05-02 19:39:17.747 534 534 I SystemServerTiming: OnBootPhase_600_com.android.server.usb.UsbService$Lifecycle
05-02 19:39:17.747 534 534 D SystemServerTiming: OnBootPhase_600_com.android.server.usb.UsbService$Lifecycle took to complete: 0ms
05-02 19:39:17.747 534 534 I SystemServerTiming: OnBootPhase_600_com.android.server.twilight.TwilightService
05-02 19:39:17.747 534 534 D SystemServerTiming: OnBootPhase_600_com.android.server.twilight.TwilightService took to complete: 0ms
05-02 19:39:17.747 534 534 I SystemServerTiming: OnBootPhase_600_com.android.server.display.color.ColorDisplayService
05-02 19:39:17.747 534 534 D SystemServerTiming: OnBootPhase_600_com.android.server.display.color.ColorDisplayService took to complete: 0ms
05-02 19:39:17.747 534 534 I SystemServerTiming: OnBootPhase_600_com.android.server.job.JobSchedulerService
05-02 19:39:17.758 534 534 D SystemServerTiming: OnBootPhase_600_com.android.server.job.JobSchedulerService took to complete: 11ms
05-02 19:39:17.758 534 534 I SystemServerTiming: OnBootPhase_600_com.android.server.soundtrigger.SoundTriggerService
05-02 19:39:17.758 534 534 D SoundTriggerService: onBootPhase: 600 : false
05-02 19:39:17.758 534 534 D SystemServerTiming: OnBootPhase_600_com.android.server.soundtrigger.SoundTriggerService took to complete: 1ms
05-02 19:39:17.758 534 534 I SystemServerTiming: OnBootPhase_600_com.android.server.trust.TrustManagerService
05-02 19:39:17.763 534 577 I PackageWatchdog: Saving observer state to file
05-02 19:39:17.778 534 534 D SystemServerTiming: OnBootPhase_600_com.android.server.trust.TrustManagerService took to complete: 19ms
05-02 19:39:17.778 534 534 I SystemServerTiming: OnBootPhase_600_com.android.server.backup.BackupManagerService$Lifecycle
05-02 19:39:17.778 534 534 D SystemServerTiming: OnBootPhase_600_com.android.server.backup.BackupManagerService$Lifecycle took to complete: 0ms
05-02 19:39:17.778 534 534 I SystemServerTiming: OnBootPhase_600_com.android.server.appwidget.AppWidgetService
05-02 19:39:17.778 534 534 D SystemServerTiming: OnBootPhase_600_com.android.server.appwidget.AppWidgetService took to complete: 0ms
05-02 19:39:17.778 534 534 I SystemServerTiming: OnBootPhase_600_com.android.server.role.RoleManagerService
05-02 19:39:17.778 534 534 D SystemServerTiming: OnBootPhase_600_com.android.server.role.RoleManagerService took to complete: 0ms
05-02 19:39:17.778 534 534 I SystemServerTiming: OnBootPhase_600_com.android.server.voiceinteraction.VoiceInteractionManagerService
05-02 19:39:17.797 534 534 D SystemServerTiming: OnBootPhase_600_com.android.server.voiceinteraction.VoiceInteractionManagerService took to complete: 18ms
05-02 19:39:17.797 534 534 I SystemServerTiming: OnBootPhase_600_com.android.server.GestureLauncherService
05-02 19:39:17.809 879 879 D SystemUIBootTiming: StartServicescom.android.systemui.keyguard.KeyguardViewMediator took to complete: 512ms
05-02 19:39:17.833 534 565 I dvm_lock_sample: [system_server,0,Binder:534_1,35,Message.java,154,android.os.Message android.os.Message.obtain(),-,161,android.os.Message android.os.Message.obtain(),7]
05-02 19:39:17.834 534 565 I ActivityManager: Process WebViewLoader-arm64-v8a (pid 1023) has died: psvc PER
05-02 19:39:17.834 534 565 I am_proc_died: [0,1023,WebViewLoader-arm64-v8a,-700,0]
05-02 19:39:17.849 534 565 I am_low_memory: 5
05-02 19:39:17.862 534 823 D ConnectivityService: NetReassign [no changes]
05-02 19:39:17.863 534 584 W KernelCpuProcStringReader: File not found. It's normal if not implemented: /proc/uid_time_in_state
05-02 19:39:17.866 534 584 W KernelCpuProcStringReader: File not found. It's normal if not implemented: /proc/uid_concurrent_active_time
05-02 19:39:17.870 534 584 W KernelCpuProcStringReader: File not found. It's normal if not implemented: /proc/uid_concurrent_policy_time
05-02 19:39:17.875 534 628 I commit_sys_config_file: [settings-2-0,91]
05-02 19:39:17.888 534 990 I ActivityManager: Process WebViewLoader-armeabi-v7a (pid 1010) has died: psvc PER
05-02 19:39:17.888 534 990 I am_proc_died: [0,1010,WebViewLoader-armeabi-v7a,-700,0]
05-02 19:39:17.889 534 990 I am_uid_stopped: 1037
05-02 19:39:17.890 534 990 I am_low_memory: 4
05-02 19:39:17.893 534 534 W SystemServiceManager: Service com.android.server.GestureLauncherService took 96 ms in onBootPhase
05-02 19:39:17.893 534 534 D SystemServerTiming: OnBootPhase_600_com.android.server.GestureLauncherService took to complete: 97ms
05-02 19:39:17.893 534 534 I SystemServerTiming: OnBootPhase_600_com.android.server.SensorNotificationService
05-02 19:39:17.895 534 534 D SystemServerTiming: OnBootPhase_600_com.android.server.SensorNotificationService took to complete: 1ms
05-02 19:39:17.895 534 534 I SystemServerTiming: OnBootPhase_600_com.android.server.emergency.EmergencyAffordanceService
05-02 19:39:17.898 534 534 D TelephonyRegistry: listen oscl: mHasNotifySubscriptionInfoChangedOccurred==false no callback
05-02 19:39:17.898 534 534 D SystemServerTiming: OnBootPhase_600_com.android.server.emergency.EmergencyAffordanceService took to complete: 4ms
05-02 19:39:17.898 534 534 I SystemServerTiming: OnBootPhase_600_com.android.server.dreams.DreamManagerService
05-02 19:39:17.906 534 534 D SystemServerTiming: OnBootPhase_600_com.android.server.dreams.DreamManagerService took to complete: 8ms
05-02 19:39:17.909 534 534 I SystemServerTiming: OnBootPhase_600_com.android.server.blob.BlobStoreManagerService
05-02 19:39:17.936 534 534 D SystemServerTiming: OnBootPhase_600_com.android.server.blob.BlobStoreManagerService took to complete: 28ms
05-02 19:39:17.937 534 534 I SystemServerTiming: OnBootPhase_600_com.android.server.print.PrintManagerService
05-02 19:39:17.937 534 534 D SystemServerTiming: OnBootPhase_600_com.android.server.print.PrintManagerService took to complete: 0ms
05-02 19:39:17.937 534 534 I SystemServerTiming: OnBootPhase_600_com.android.server.companion.CompanionDeviceManagerService
05-02 19:39:17.937 534 534 D SystemServerTiming: OnBootPhase_600_com.android.server.companion.CompanionDeviceManagerService took to complete: 0ms
05-02 19:39:17.937 534 534 I SystemServerTiming: OnBootPhase_600_com.android.server.restrictions.RestrictionsManagerService
05-02 19:39:17.937 534 534 D SystemServerTiming: OnBootPhase_600_com.android.server.restrictions.RestrictionsManagerService took to complete: 0ms
05-02 19:39:17.937 534 534 I SystemServerTiming: OnBootPhase_600_com.android.server.media.MediaSessionService
05-02 19:39:17.937 534 534 D SystemServerTiming: OnBootPhase_600_com.android.server.media.MediaSessionService took to complete: 0ms
05-02 19:39:17.937 534 534 I SystemServerTiming: OnBootPhase_600_com.android.server.media.MediaResourceMonitorService
05-02 19:39:17.937 534 534 D SystemServerTiming: OnBootPhase_600_com.android.server.media.MediaResourceMonitorService took to complete: 0ms
05-02 19:39:17.937 534 534 I SystemServerTiming: OnBootPhase_600_com.android.server.biometrics.BiometricService
05-02 19:39:17.937 534 534 D SystemServerTiming: OnBootPhase_600_com.android.server.biometrics.BiometricService took to complete: 0ms
05-02 19:39:17.937 534 534 I SystemServerTiming: OnBootPhase_600_com.android.server.biometrics.AuthService
05-02 19:39:17.937 534 534 D SystemServerTiming: OnBootPhase_600_com.android.server.biometrics.AuthService took to complete: 0ms
05-02 19:39:17.938 534 534 I SystemServerTiming: OnBootPhase_600_com.android.server.pm.ShortcutService$Lifecycle
05-02 19:39:17.938 534 534 D SystemServerTiming: OnBootPhase_600_com.android.server.pm.ShortcutService$Lifecycle took to complete: 0ms
05-02 19:39:17.938 534 534 I SystemServerTiming: OnBootPhase_600_com.android.server.pm.LauncherAppsService
05-02 19:39:17.938 534 534 D SystemServerTiming: OnBootPhase_600_com.android.server.pm.LauncherAppsService took to complete: 0ms
05-02 19:39:17.938 534 534 I SystemServerTiming: OnBootPhase_600_com.android.server.pm.CrossProfileAppsService
05-02 19:39:17.938 534 534 D SystemServerTiming: OnBootPhase_600_com.android.server.pm.CrossProfileAppsService took to complete: 0ms
05-02 19:39:17.938 534 534 I SystemServerTiming: OnBootPhase_600_com.android.server.people.PeopleService
05-02 19:39:17.938 534 534 D SystemServerTiming: OnBootPhase_600_com.android.server.people.PeopleService took to complete: 0ms
05-02 19:39:17.938 534 534 I SystemServerTiming: OnBootPhase_600_com.android.server.media.projection.MediaProjectionManagerService
05-02 19:39:17.938 534 534 D SystemServerTiming: OnBootPhase_600_com.android.server.media.projection.MediaProjectionManagerService took to complete: 0ms
05-02 19:39:17.938 534 534 I SystemServerTiming: OnBootPhase_600_com.android.server.slice.SliceManagerService$Lifecycle
05-02 19:39:17.938 534 534 D SystemServerTiming: OnBootPhase_600_com.android.server.slice.SliceManagerService$Lifecycle took to complete: 0ms
05-02 19:39:17.938 534 534 I SystemServerTiming: OnBootPhase_600_com.android.server.camera.CameraServiceProxy
05-02 19:39:17.938 534 534 D SystemServerTiming: OnBootPhase_600_com.android.server.camera.CameraServiceProxy took to complete: 0ms
05-02 19:39:17.938 534 534 I SystemServerTiming: OnBootPhase_600_com.android.server.stats.StatsCompanion$Lifecycle
05-02 19:39:17.960 534 628 I commit_sys_config_file: [settings-0-0,73]
05-02 19:39:17.963 534 568 W Looper : Slow dispatch took 242ms android.fg h=com.android.server.location.gnss.GnssLocationProvider$ProviderHandler c=null m=13
