05-02 19:40:16.939 534 975 I am_uid_stopped: 10102
05-02 19:40:16.944 534 577 I am_pss : [2206,10083,com.android.traceur,8861696,4739072,0,106475520,0,19,7]
05-02 19:40:16.953 534 577 I am_pss : [2183,2000,com.android.shell,6611968,3604480,0,101163008,0,19,7]
05-02 19:40:16.962 534 577 I am_pss : [2154,10071,com.android.packageinstaller,7797760,4812800,0,101494784,0,19,7]
05-02 19:40:16.970 534 577 I am_pss : [2130,10098,com.android.onetimeinitializer,5938176,2924544,0,100294656,0,19,6]
05-02 19:40:16.977 534 577 I am_pss : [2074,10106,com.android.gallery3d,8742912,4546560,0,111325184,0,19,6]
05-02 19:40:16.984 534 577 I am_pss : [2051,1000,com.android.dynsystem,6215680,3227648,0,99811328,0,19,6]
05-02 19:40:16.992 534 577 I am_pss : [1930,10101,com.android.dialer,13020160,8474624,0,117862400,0,19,7]
05-02 19:40:16.999 534 577 I am_pss : [2027,10100,com.android.contacts,9486336,5603328,0,105693184,0,19,5]
05-02 19:40:17.007 534 577 I am_pss : [2003,10114,com.android.camera2,8798208,4812800,0,111996928,0,19,7]
05-02 19:40:17.014 534 577 I am_pss : [1978,10109,com.android.calendar,7621632,3944448,0,105893888,0,19,6]
05-02 19:40:17.023 534 577 I am_pss : [1427,1027,com.android.nfc,17352704,11333632,0,136048640,0,0,7]
05-02 19:40:17.033 534 577 I am_pss : [1168,1001,com.android.phone,35080192,28098560,0,157315072,0,0,8]
05-02 19:40:17.041 534 577 I am_pss : [1146,1068,com.android.se,7136256,3682304,0,107380736,0,0,7]
05-02 19:40:25.604 534 975 I ActivityManager: Killing 1978:com.android.calendar/u0a109 (adj 975): empty #17
05-02 19:40:25.605 534 975 I am_kill : [0,1978,com.android.calendar,975,empty #17]
05-02 19:40:25.617 534 577 I am_pss : [1111,10119,com.android.launcher3,67302400,44675072,0,220573696,0,5,13]
05-02 19:40:25.627 534 577 I am_pss : [1864,10069,com.android.providers.calendar,8512512,4968448,0,109412352,0,19,8]
05-02 19:40:25.629 534 975 I am_proc_died: [0,1978,com.android.calendar,975,19]
05-02 19:40:25.630 534 975 I am_uid_stopped: 10109
05-02 19:40:25.636 534 577 I am_pss : [1839,10075,com.android.managedprovisioning,10330112,7073792,0,107040768,0,19,7]
05-02 19:40:25.645 534 577 I am_pss : [1698,10122,com.android.smspush,6114304,2985984,0,99495936,0,6,8]
05-02 19:40:45.385 0 0 W healthd : battery l=85 v=3 t=35.0 h=2 st=2 c=400000 fc=4000000 cc=32 chg=a
05-02 19:40:46.226 534 578 I am_uid_idle: 10068
05-02 19:40:54.966 534 590 V DisplayPowerController: Brightness [0.05] reason changing to: 'manual [ dim ]', previous reason: 'manual'.
05-02 19:40:54.966 534 590 I sysui_multi_action: [757,1696,758,6,759,2]
05-02 19:41:01.494 534 590 V DisplayPowerController: Brightness [0.39763778] reason changing to: 'manual', previous reason: 'manual [ dim ]'.
05-02 19:41:01.495 534 590 I sysui_multi_action: [757,1696,758,6,759,3]
05-02 19:41:02.424 534 578 I am_uid_idle: 10069
05-02 19:41:25.620 534 578 I am_uid_idle: 10127
05-02 19:41:45.385 0 0 I chatty : uid=0(root) logd identical 1 line --------- beginning of main
05-02 19:41:46.654 376 1016 D AF::TrackHandle: OpPlayAudio: track:66 usage:6 not muted
05-02 19:41:46.661 376 497 W APM::AudioPolicyEngine: getDevicesForStrategy() unknown strategy: -1
05-02 19:41:46.666 534 991 I system_server: oneway function results will be dropped but finished with status OK and parcel size 4
05-02 19:41:46.683 393 2405 D AudioTrack: getTimestamp_l(19): device stall time corrected using current time 332618942500
05-02 19:41:46.715 365 433 E display : updateScreen invalid drmfd
05-02 19:41:47.080 365 433 E display : updateScreen invalid drmfd
05-02 19:41:47.615 368 757 D BufferPoolAccessor2.0: bufferpool2 0xb400f2ab576263d8 : 4(14544896 size) total buffers - 4(14544896 size) used buffers - 1059/1068 (recycle/alloc) - 9/1064 (fetch/transfer)
05-02 19:41:47.939 365 433 E display : updateScreen invalid drmfd
05-02 19:41:48.162 365 433 E display : updateScreen invalid drmfd
05-02 19:41:48.211 393 2407 D CCodecBufferChannel: [c2.android.vorbis.decoder#646] buffers after EOS ignored (0 us)
05-02 19:41:48.211 393 2407 D CCodecBufferChannel: [c2.android.vorbis.decoder#646] buffers after EOS ignored (0 us)
05-02 19:41:48.232 365 433 E display : updateScreen invalid drmfd
05-02 19:41:48.271 376 497 W APM::AudioPolicyEngine: getDevicesForStrategy() unknown strategy: -1
05-02 19:41:48.286 534 991 I system_server: oneway function results will be dropped but finished with status OK and parcel size 4
05-02 19:41:48.292 365 433 E display : updateScreen invalid drmfd
05-02 19:41:48.329 393 2231 D NuPlayerDriver: reset(0xea2015f0) at state 5
05-02 19:41:48.332 393 2407 D CCodecBuffers: [c2.android.vorbis.decoder#646:1D-Output.Impl[N]] Client returned a buffer it does not own according to our record: 0
05-02 19:41:48.333 393 2407 I hw-BpHwBinder: onLastStrongRef automatically unlinking death recipients
05-02 19:41:48.333 478 478 I hw-BpHwBinder: onLastStrongRef automatically unlinking death recipients
05-02 19:41:48.335 478 478 V C2Store : in ~ComponentModule
05-02 19:41:48.335 478 478 V C2Store : unloading dll
05-02 19:41:48.337 393 2402 D NuPlayerDriver: notifyResetComplete(0xea2015f0)
05-02 19:41:48.337 393 2231 D NuPlayerDriver: reset(0xea2015f0) at state 0
05-02 19:41:48.340 2232 2232 V MediaPlayer: resetDrmState: mDrmInfo=null mDrmProvisioningThread=null mPrepareDrmInProgress=false mActiveDrmScheme=false
05-02 19:41:48.341 2232 2232 V MediaPlayer: cleanDrmObj: mDrmObj=null mDrmSessionId=null
05-02 19:41:48.342 2232 2232 V MediaPlayer: resetDrmState: mDrmInfo=null mDrmProvisioningThread=null mPrepareDrmInProgress=false mActiveDrmScheme=false
05-02 19:41:48.342 2232 2232 V MediaPlayer: cleanDrmObj: mDrmObj=null mDrmSessionId=null
05-02 19:41:48.344 393 2231 D AudioTrack: stop(19): called with 0 frames delivered
05-02 19:41:48.362 365 433 E display : updateScreen invalid drmfd
05-02 19:41:48.370 2232 2232 W Ringtone: Use of stream types is deprecated for operations other than volume control
05-02 19:41:48.370 2232 2232 W Ringtone: See the documentation of setStreamType() for what to use instead with android.media.AudioAttributes to qualify your playback use case
05-02 19:41:48.388 1405 1426 I MediaProvider: Using lower FS for /product/media/audio/ringtones/Kuma.ogg
05-02 19:41:48.391 393 2231 D NuPlayerDriver: NuPlayerDriver(0xea200bf0) created, clientPid(2232)
05-02 19:41:48.408 393 2413 D GenericSource: FileSource remote
05-02 19:41:48.425 365 433 E display : updateScreen invalid drmfd
05-02 19:41:48.429 468 900 E Utils : did not find channel-count and/or sample-rate
05-02 19:41:48.430 468 900 E Utils : did not find channel-count and/or sample-rate
05-02 19:41:48.433 2232 2232 D Ringtone: Successfully created local player
05-02 19:41:48.433 393 2231 D NuPlayerDriver: reset(0xea200bf0) at state 4
05-02 19:41:48.434 393 2412 D NuPlayerDriver: notifyResetComplete(0xea200bf0)
05-02 19:41:48.435 393 2231 D NuPlayerDriver: reset(0xea200bf0) at state 0
05-02 19:41:48.435 2232 2232 V MediaPlayer: resetDrmState: mDrmInfo=null mDrmProvisioningThread=null mPrepareDrmInProgress=false mActiveDrmScheme=false
05-02 19:41:48.436 2232 2232 V MediaPlayer: cleanDrmObj: mDrmObj=null mDrmSessionId=null
05-02 19:41:48.436 2232 2232 V MediaPlayer: resetDrmState: mDrmInfo=null mDrmProvisioningThread=null mPrepareDrmInProgress=false mActiveDrmScheme=false
05-02 19:41:48.436 2232 2232 V MediaPlayer: cleanDrmObj: mDrmObj=null mDrmSessionId=null
05-02 19:41:48.445 376 490 W APM::AudioPolicyEngine: getDevicesForStrategy() unknown strategy: -1
05-02 19:41:48.446 376 490 W APM::AudioPolicyEngine: getDevicesForStrategy() unknown strategy: -1
05-02 19:41:48.449 534 991 I system_server: oneway function results will be dropped but finished with status OK and parcel size 4
05-02 19:41:48.456 1405 1426 I MediaProvider: Using lower FS for /product/media/audio/ringtones/Kuma.ogg
05-02 19:41:48.459 393 709 D NuPlayerDriver: NuPlayerDriver(0xea202950) created, clientPid(2232)
05-02 19:41:48.474 393 2417 D GenericSource: FileSource remote
05-02 19:41:48.493 365 433 E display : updateScreen invalid drmfd
05-02 19:41:48.498 468 530 E Utils : did not find channel-count and/or sample-rate
05-02 19:41:48.498 468 530 E Utils : did not find channel-count and/or sample-rate
05-02 19:41:48.502 2232 2232 D Ringtone: Successfully created local player
05-02 19:41:48.504 393 2416 I GenericSource: start
05-02 19:41:48.510 393 2421 D CCodec : allocate(c2.android.vorbis.decoder)
05-02 19:41:48.511 393 2421 I CCodec : setting up 'default' as default (vendor) store
05-02 19:41:48.512 478 478 V C2Store : in init
05-02 19:41:48.512 478 478 V C2Store : loading dll
05-02 19:41:48.516 393 2421 I CCodec : Created component [c2.android.vorbis.decoder]
05-02 19:41:48.517 393 2421 D CCodecConfig: read media type: audio/vorbis
05-02 19:41:48.521 393 2421 D ReflectedParamUpdater: extent() != 1 for single value type: algo.buffers.max-count.values
05-02 19:41:48.521 393 2421 D ReflectedParamUpdater: extent() != 1 for single value type: output.subscribed-indices.values
05-02 19:41:48.522 393 2421 D ReflectedParamUpdater: extent() != 1 for single value type: input.buffers.allocator-ids.values
05-02 19:41:48.522 393 2421 D ReflectedParamUpdater: extent() != 1 for single value type: output.buffers.allocator-ids.values
05-02 19:41:48.522 393 2421 D ReflectedParamUpdater: extent() != 1 for single value type: algo.buffers.allocator-ids.values
05-02 19:41:48.522 393 2421 D ReflectedParamUpdater: extent() != 1 for single value type: output.buffers.pool-ids.values
05-02 19:41:48.523 393 2421 D ReflectedParamUpdater: extent() != 1 for single value type: algo.buffers.pool-ids.values
05-02 19:41:48.525 393 2421 I CCodecConfig: query failed after returning 7 values (BAD_INDEX)
05-02 19:41:48.525 393 2421 D CCodecConfig: c2 config diff is Dict {
05-02 19:41:48.525 393 2421 D CCodecConfig: c2::u32 coded.bitrate.value = 64000
05-02 19:41:48.525 393 2421 D CCodecConfig: c2::u32 input.buffers.max-size.value = 32768
05-02 19:41:48.525 393 2421 D CCodecConfig: c2::u32 input.delay.value = 0
05-02 19:41:48.525 393 2421 D CCodecConfig: string input.media-type.value = "audio/vorbis"
05-02 19:41:48.525 393 2421 D CCodecConfig: string output.media-type.value = "audio/raw"
05-02 19:41:48.525 393 2421 D CCodecConfig: c2::u32 raw.channel-count.value = 1
05-02 19:41:48.525 393 2421 D CCodecConfig: c2::u32 raw.sample-rate.value = 48000
05-02 19:41:48.525 393 2421 D CCodecConfig: }
05-02 19:41:48.527 393 2421 D CCodec : [c2.android.vorbis.decoder] buffers are bound to CCodec for this session
05-02 19:41:48.527 393 2421 D CCodecConfig: no c2 equivalents for durationUs
05-02 19:41:48.527 393 2421 D CCodecConfig: no c2 equivalents for csd-1
05-02 19:41:48.527 393 2421 D CCodecConfig: no c2 equivalents for channel-mask
05-02 19:41:48.528 393 2421 D CCodecConfig: no c2 equivalents for streaming
05-02 19:41:48.528 393 2421 D CCodecConfig: no c2 equivalents for flags
05-02 19:41:48.529 393 2421 D CCodecConfig: c2 config diff is c2::u32 coded.bitrate.value = 70000
05-02 19:41:48.529 393 2421 D CCodecConfig: c2::u32 raw.sample-rate.value = 44100
05-02 19:41:48.531 393 2421 W Codec2Client: query -- param skipped: index = 1107298332.
05-02 19:41:48.532 393 2421 D CCodec : setup formats input: AMessage(what = 0x00000000) = {
05-02 19:41:48.532 393 2421 D CCodec : int32_t bitrate = 70000
05-02 19:41:48.532 393 2421 D CCodec : int32_t channel-count = 1
05-02 19:41:48.532 393 2421 D CCodec : int32_t max-input-size = 32768
05-02 19:41:48.532 393 2421 D CCodec : string mime = "audio/vorbis"
05-02 19:41:48.532 393 2421 D CCodec : int32_t sample-rate = 44100
05-02 19:41:48.532 393 2421 D CCodec : } and output: AMessage(what = 0x00000000) = {
05-02 19:41:48.532 393 2421 D CCodec : int32_t bitrate = 70000
05-02 19:41:48.532 393 2421 D CCodec : int32_t channel-count = 1
05-02 19:41:48.532 393 2421 D CCodec : string mime = "audio/raw"
05-02 19:41:48.532 393 2421 D CCodec : int32_t sample-rate = 44100
05-02 19:41:48.532 393 2421 D CCodec : int32_t channel-mask = 1
05-02 19:41:48.532 393 2421 D CCodec : }
05-02 19:41:48.533 393 2421 I MediaCodec: MediaCodec will operate in async mode
05-02 19:41:48.534 393 2421 W Codec2Client: query -- param skipped: index = 1342179345.
05-02 19:41:48.534 393 2421 W Codec2Client: query -- param skipped: index = 2415921170.
05-02 19:41:48.535 393 2421 E FMQ : grantorIdx must be less than 3
05-02 19:41:48.536 393 2421 E FMQ : grantorIdx must be less than 3
05-02 19:41:48.536 393 2421 D CCodecBufferChannel: [c2.android.vorbis.decoder#640] Created input block pool with allocatorID 16 => poolID 28 - OK (0)
05-02 19:41:48.537 478 925 E FMQ : grantorIdx must be less than 3
05-02 19:41:48.538 478 925 E FMQ : grantorIdx must be less than 3
05-02 19:41:48.539 393 2421 I CCodecBufferChannel: [c2.android.vorbis.decoder#640] Created output block pool with allocatorID 16 => poolID 40 - OK
05-02 19:41:48.540 393 2421 D CCodecBufferChannel: [c2.android.vorbis.decoder#640] Configured output block pool ids 40 => OK
05-02 19:41:48.563 478 2422 D SimpleC2Component: Using output block pool with poolID 40 => got 40 - 0
05-02 19:41:48.564 365 433 E display : updateScreen invalid drmfd
05-02 19:41:48.567 393 2421 E FMQ : grantorIdx must be less than 3
05-02 19:41:48.567 478 925 E FMQ : grantorIdx must be less than 3
05-02 19:41:48.576 478 2422 E FMQ : grantorIdx must be less than 3
05-02 19:41:48.577 393 1897 E FMQ : grantorIdx must be less than 3
05-02 19:41:48.578 393 2421 D CCodecBuffers: [c2.android.vorbis.decoder#640:Output[N]] popFromStashAndRegister: output format changed to AMessage(what = 0x00000000) = {
05-02 19:41:48.578 393 2421 D CCodecBuffers: int32_t bitrate = 70000
05-02 19:41:48.578 393 2421 D CCodecBuffers: int32_t channel-count = 1
05-02 19:41:48.578 393 2421 D CCodecBuffers: string mime = "audio/raw"
05-02 19:41:48.578 393 2421 D CCodecBuffers: int32_t sample-rate = 44100
05-02 19:41:48.578 393 2421 D CCodecBuffers: int32_t channel-mask = 1
05-02 19:41:48.578 393 2421 D CCodecBuffers: }
05-02 19:41:48.581 376 497 E ServiceUtilities: Request requires android.permission.MODIFY_PHONE_STATE or android.permission.WRITE_SECURE_SETTINGS
05-02 19:41:48.582 376 497 W AudioFlinger: createTrack_l(): mismatch between requested flags (00000008) and output flags (00000006)
05-02 19:41:48.582 376 497 D AudioFlinger: Client defaulted notificationFrames to 11025 for frameCount 22050
05-02 19:41:48.587 376 497 D AF::TrackHandle: OpPlayAudio: track:67 usage:6 not muted
05-02 19:41:48.604 534 991 I system_server: oneway function results will be dropped but finished with status OK and parcel size 4
05-02 19:41:48.605 393 2419 D AudioTrack: getTimestamp_l(20): device stall time corrected using current time 334541311125
05-02 19:41:48.631 365 433 E display : updateScreen invalid drmfd
05-02 19:41:48.698 365 433 E display : updateScreen invalid drmfd
05-02 19:41:49.018 365 433 E display : updateScreen invalid drmfd
05-02 19:41:49.376 393 1961 D BufferPoolAccessor2.0: bufferpool2 0xe55c3628 : 0(0 size) total buffers - 0(0 size) used buffers - 460/468 (recycle/alloc) - 8/934 (fetch/transfer)
05-02 19:41:49.376 393 1961 D BufferPoolAccessor2.0: evictor expired: 1, evicted: 1
05-02 19:41:49.378 478 725 D BufferPoolAccessor2.0: bufferpool2 0xb400e24cc7dc29a8 : 0(0 size) total buffers - 0(0 size) used buffers - 461/465 (recycle/alloc) - 5/464 (fetch/transfer)
05-02 19:41:49.378 478 725 D BufferPoolAccessor2.0: evictor expired: 1, evicted: 1
05-02 19:41:49.869 365 433 E display : updateScreen invalid drmfd
05-02 19:41:50.347 365 433 E display : updateScreen invalid drmfd
05-02 19:41:50.376 393 1961 D BufferPoolAccessor2.0: evictor expired: 2, evicted: 0
05-02 19:41:50.379 478 725 D BufferPoolAccessor2.0: evictor expired: 2, evicted: 0
05-02 19:41:51.377 393 1961 D BufferPoolAccessor2.0: bufferpool2 0xe55c2548 : 0(0 size) total buffers - 0(0 size) used buffers - 93/101 (recycle/alloc) - 8/200 (fetch/transfer)
05-02 19:41:51.377 393 1961 D BufferPoolAccessor2.0: evictor expired: 1, evicted: 1
05-02 19:41:51.379 478 725 D BufferPoolAccessor2.0: bufferpool2 0xb400e24cc7dc2508 : 0(0 size) total buffers - 0(0 size) used buffers - 94/98 (recycle/alloc) - 4/97 (fetch/transfer)
05-02 19:41:51.379 478 725 D BufferPoolAccessor2.0: evictor expired: 1, evicted: 1
05-02 19:41:52.685 2232 2232 W Choreographer: Frame time is 0.21941599 ms in the future! Check that graphics HAL is generating vsync timestamps using the correct timebase.
05-02 19:41:52.702 365 433 E display : updateScreen invalid drmfd
05-02 19:41:52.719 376 497 W APM::AudioPolicyEngine: getDevicesForStrategy() unknown strategy: -1
05-02 19:41:52.726 534 991 I system_server: oneway function results will be dropped but finished with status OK and parcel size 4
05-02 19:41:52.730 365 433 E display : updateScreen invalid drmfd
05-02 19:41:52.731 393 709 D NuPlayerDriver: reset(0xea202950) at state 5
05-02 19:41:52.738 393 2421 D CCodecBuffers: [c2.android.vorbis.decoder#640:1D-Output.Impl[N]] Client returned a buffer it does not own according to our record: 0
05-02 19:41:52.738 393 2421 D CCodecBuffers: [c2.android.vorbis.decoder#640:1D-Output.Impl[N]] Client returned a buffer it does not own according to our record: 1
05-02 19:41:52.738 393 2421 D CCodecBuffers: [c2.android.vorbis.decoder#640:1D-Output.Impl[N]] Client returned a buffer it does not own according to our record: 2
05-02 19:41:52.739 393 2421 I hw-BpHwBinder: onLastStrongRef automatically unlinking death recipients
05-02 19:41:52.739 478 478 I hw-BpHwBinder: onLastStrongRef automatically unlinking death recipients
05-02 19:41:52.740 478 478 V C2Store : in ~ComponentModule
05-02 19:41:52.740 478 478 V C2Store : unloading dll
05-02 19:41:52.743 393 2416 D NuPlayerDriver: notifyResetComplete(0xea202950)
05-02 19:41:52.743 393 709 D NuPlayerDriver: reset(0xea202950) at state 0
05-02 19:41:52.744 2232 2232 V MediaPlayer: resetDrmState: mDrmInfo=null mDrmProvisioningThread=null mPrepareDrmInProgress=false mActiveDrmScheme=false
05-02 19:41:52.744 2232 2232 V MediaPlayer: cleanDrmObj: mDrmObj=null mDrmSessionId=null
05-02 19:41:52.745 2232 2232 V MediaPlayer: resetDrmState: mDrmInfo=null mDrmProvisioningThread=null mPrepareDrmInProgress=false mActiveDrmScheme=false
05-02 19:41:52.745 2232 2232 V MediaPlayer: cleanDrmObj: mDrmObj=null mDrmSessionId=null
05-02 19:41:52.746 393 709 D AudioTrack: stop(20): called with 0 frames delivered
05-02 19:41:52.757 2232 2232 W Ringtone: Use of stream types is deprecated for operations other than volume control
05-02 19:41:52.757 2232 2232 W Ringtone: See the documentation of setStreamType() for what to use instead with android.media.AudioAttributes to qualify your playback use case
05-02 19:41:52.795 365 433 E display : updateScreen invalid drmfd
05-02 19:41:52.798 1405 1426 I MediaProvider: Using lower FS for /product/media/audio/ringtones/LoopyLounge.ogg
05-02 19:41:52.798 368 757 D BufferPoolAccessor2.0: bufferpool2 0xb400f2ab576263d8 : 4(14544896 size) total buffers - 4(14544896 size) used buffers - 1108/1117 (recycle/alloc) - 9/1113 (fetch/transfer)
05-02 19:41:52.801 393 709 D NuPlayerDriver: NuPlayerDriver(0xea200fb0) created, clientPid(2232)
05-02 19:41:52.808 393 2426 D GenericSource: FileSource remote
05-02 19:41:52.816 468 468 E Utils : did not find channel-count and/or sample-rate
05-02 19:41:52.816 468 468 E Utils : did not find channel-count and/or sample-rate
05-02 19:41:52.822 2232 2232 D Ringtone: Successfully created local player
05-02 19:41:52.823 393 709 D NuPlayerDriver: reset(0xea200fb0) at state 4
05-02 19:41:52.824 393 2425 D NuPlayerDriver: notifyResetComplete(0xea200fb0)
05-02 19:41:52.824 393 709 D NuPlayerDriver: reset(0xea200fb0) at state 0
05-02 19:41:52.826 2232 2232 V MediaPlayer: resetDrmState: mDrmInfo=null mDrmProvisioningThread=null mPrepareDrmInProgress=false mActiveDrmScheme=false
05-02 19:41:52.826 2232 2232 V MediaPlayer: cleanDrmObj: mDrmObj=null mDrmSessionId=null
05-02 19:41:52.826 2232 2232 V MediaPlayer: resetDrmState: mDrmInfo=null mDrmProvisioningThread=null mPrepareDrmInProgress=false mActiveDrmScheme=false
05-02 19:41:52.826 2232 2232 V MediaPlayer: cleanDrmObj: mDrmObj=null mDrmSessionId=null
05-02 19:41:52.845 376 490 W APM::AudioPolicyEngine: getDevicesForStrategy() unknown strategy: -1
05-02 19:41:52.850 534 991 I system_server: oneway function results will be dropped but finished with status OK and parcel size 4
05-02 19:41:52.865 365 433 E display : updateScreen invalid drmfd
05-02 19:41:52.866 1405 1426 I MediaProvider: Using lower FS for /product/media/audio/ringtones/LoopyLounge.ogg
05-02 19:41:52.868 393 709 D NuPlayerDriver: NuPlayerDriver(0xea2035d0) created, clientPid(2232)
05-02 19:41:52.871 376 490 W APM::AudioPolicyEngine: getDevicesForStrategy() unknown strategy: -1
05-02 19:41:52.873 534 991 I system_server: oneway function results will be dropped but finished with status OK and parcel size 4
05-02 19:41:52.878 393 2430 D GenericSource: FileSource remote
05-02 19:41:52.886 468 900 E Utils : did not find channel-count and/or sample-rate
05-02 19:41:52.887 468 900 E Utils : did not find channel-count and/or sample-rate
05-02 19:41:52.893 2232 2232 D Ringtone: Successfully created local player
05-02 19:41:52.894 393 2429 I GenericSource: start
05-02 19:41:52.906 393 2434 D CCodec : allocate(c2.android.vorbis.decoder)
05-02 19:41:52.908 393 2434 I CCodec : setting up 'default' as default (vendor) store
05-02 19:41:52.909 478 1637 V C2Store : in init
05-02 19:41:52.909 478 1637 V C2Store : loading dll
05-02 19:41:52.918 393 2434 I CCodec : Created component [c2.android.vorbis.decoder]
05-02 19:41:52.919 393 2434 D CCodecConfig: read media type: audio/vorbis
05-02 19:41:52.925 393 2434 D ReflectedParamUpdater: extent() != 1 for single value type: algo.buffers.max-count.values
05-02 19:41:52.926 393 2434 D ReflectedParamUpdater: extent() != 1 for single value type: output.subscribed-indices.values
05-02 19:41:52.927 393 2434 D ReflectedParamUpdater: extent() != 1 for single value type: input.buffers.allocator-ids.values
05-02 19:41:52.928 393 2434 D ReflectedParamUpdater: extent() != 1 for single value type: output.buffers.allocator-ids.values
05-02 19:41:52.929 393 2434 D ReflectedParamUpdater: extent() != 1 for single value type: algo.buffers.allocator-ids.values
05-02 19:41:52.929 393 2434 D ReflectedParamUpdater: extent() != 1 for single value type: output.buffers.pool-ids.values
05-02 19:41:52.929 393 2434 D ReflectedParamUpdater: extent() != 1 for single value type: algo.buffers.pool-ids.values
05-02 19:41:52.931 365 433 E display : updateScreen invalid drmfd
05-02 19:41:52.937 393 2434 I CCodecConfig: query failed after returning 7 values (BAD_INDEX)
05-02 19:41:52.937 393 2434 D CCodecConfig: c2 config diff is Dict {
05-02 19:41:52.937 393 2434 D CCodecConfig: c2::u32 coded.bitrate.value = 64000
05-02 19:41:52.937 393 2434 D CCodecConfig: c2::u32 input.buffers.max-size.value = 32768
05-02 19:41:52.937 393 2434 D CCodecConfig: c2::u32 input.delay.value = 0
05-02 19:41:52.937 393 2434 D CCodecConfig: string input.media-type.value = "audio/vorbis"
05-02 19:41:52.937 393 2434 D CCodecConfig: string output.media-type.value = "audio/raw"
05-02 19:41:52.937 393 2434 D CCodecConfig: c2::u32 raw.channel-count.value = 1
05-02 19:41:52.937 393 2434 D CCodecConfig: c2::u32 raw.sample-rate.value = 48000
05-02 19:41:52.937 393 2434 D CCodecConfig: }
05-02 19:41:52.938 393 2434 D CCodec : [c2.android.vorbis.decoder] buffers are bound to CCodec for this session
05-02 19:41:52.939 393 2434 D CCodecConfig: no c2 equivalents for durationUs
05-02 19:41:52.939 393 2434 D CCodecConfig: no c2 equivalents for csd-1
05-02 19:41:52.939 393 2434 D CCodecConfig: no c2 equivalents for channel-mask
05-02 19:41:52.939 393 2434 D CCodecConfig: no c2 equivalents for streaming
05-02 19:41:52.939 393 2434 D CCodecConfig: no c2 equivalents for flags
05-02 19:41:52.939 393 2434 D CCodecConfig: c2 config diff is c2::u32 coded.bitrate.value = 48000
05-02 19:41:52.939 393 2434 D CCodecConfig: c2::u32 raw.sample-rate.value = 44100
05-02 19:41:52.941 393 2434 W Codec2Client: query -- param skipped: index = 1107298332.
05-02 19:41:52.941 393 2434 D CCodec : setup formats input: AMessage(what = 0x00000000) = {
05-02 19:41:52.941 393 2434 D CCodec : int32_t bitrate = 48000
05-02 19:41:52.941 393 2434 D CCodec : int32_t channel-count = 1
05-02 19:41:52.941 393 2434 D CCodec : int32_t max-input-size = 32768
05-02 19:41:52.941 393 2434 D CCodec : string mime = "audio/vorbis"
05-02 19:41:52.941 393 2434 D CCodec : int32_t sample-rate = 44100
05-02 19:41:52.941 393 2434 D CCodec : } and output: AMessage(what = 0x00000000) = {
05-02 19:41:52.941 393 2434 D CCodec : int32_t bitrate = 48000
05-02 19:41:52.941 393 2434 D CCodec : int32_t channel-count = 1
05-02 19:41:52.941 393 2434 D CCodec : string mime = "audio/raw"
05-02 19:41:52.941 393 2434 D CCodec : int32_t sample-rate = 44100
05-02 19:41:52.941 393 2434 D CCodec : int32_t channel-mask = 1
05-02 19:41:52.941 393 2434 D CCodec : }
05-02 19:41:52.941 393 2434 I MediaCodec: MediaCodec will operate in async mode
05-02 19:41:52.942 393 2434 W Codec2Client: query -- param skipped: index = 1342179345.
05-02 19:41:52.942 393 2434 W Codec2Client: query -- param skipped: index = 2415921170.
05-02 19:41:52.943 393 2434 E FMQ : grantorIdx must be less than 3
05-02 19:41:52.943 393 2434 E FMQ : grantorIdx must be less than 3
05-02 19:41:52.944 393 2434 D CCodecBufferChannel: [c2.android.vorbis.decoder#454] Created input block pool with allocatorID 16 => poolID 29 - OK (0)
05-02 19:41:52.944 478 1637 D BufferPoolAccessor2.0: Destruction - bufferpool2 0xb400e24cc7dc2508 cached: 0/0M, 0/0% in use; allocs: 98, 96% recycled; transfers: 97, 96% unfetched
05-02 19:41:52.944 478 925 D BufferPoolAccessor2.0: Destruction - bufferpool2 0xb400e24cc7dc29a8 cached: 0/0M, 0/0% in use; allocs: 465, 99% recycled; transfers: 464, 99% unfetched
05-02 19:41:52.946 478 478 E FMQ : grantorIdx must be less than 3
05-02 19:41:52.946 478 478 E FMQ : grantorIdx must be less than 3
05-02 19:41:52.947 393 1897 D BufferPoolAccessor2.0: Destruction - bufferpool2 0xe55c2548 cached: 0/0M, 0/0% in use; allocs: 101, 92% recycled; transfers: 200, 96% unfetched
05-02 19:41:52.947 393 1964 D BufferPoolAccessor2.0: Destruction - bufferpool2 0xe55c3628 cached: 0/0M, 0/0% in use; allocs: 468, 98% recycled; transfers: 934, 99% unfetched
05-02 19:41:52.947 393 2434 I CCodecBufferChannel: [c2.android.vorbis.decoder#454] Created output block pool with allocatorID 16 => poolID 41 - OK
05-02 19:41:52.947 393 2434 D CCodecBufferChannel: [c2.android.vorbis.decoder#454] Configured output block pool ids 41 => OK
05-02 19:41:52.957 478 2435 D SimpleC2Component: Using output block pool with poolID 41 => got 41 - 0
05-02 19:41:52.960 393 2434 E FMQ : grantorIdx must be less than 3
05-02 19:41:52.961 478 478 E FMQ : grantorIdx must be less than 3
05-02 19:41:52.975 478 2435 E FMQ : grantorIdx must be less than 3
05-02 19:41:52.976 393 1964 E FMQ : grantorIdx must be less than 3
05-02 19:41:52.979 393 2434 D CCodecBuffers: [c2.android.vorbis.decoder#454:Output[N]] popFromStashAndRegister: output format changed to AMessage(what = 0x00000000) = {
05-02 19:41:52.979 393 2434 D CCodecBuffers: int32_t bitrate = 48000
05-02 19:41:52.979 393 2434 D CCodecBuffers: int32_t channel-count = 1
05-02 19:41:52.979 393 2434 D CCodecBuffers: string mime = "audio/raw"
05-02 19:41:52.979 393 2434 D CCodecBuffers: int32_t sample-rate = 44100
05-02 19:41:52.979 393 2434 D CCodecBuffers: int32_t channel-mask = 1
05-02 19:41:52.979 393 2434 D CCodecBuffers: }
05-02 19:41:52.987 376 618 E ServiceUtilities: Request requires android.permission.MODIFY_PHONE_STATE or android.permission.WRITE_SECURE_SETTINGS
05-02 19:41:52.990 376 618 W AudioFlinger: createTrack_l(): mismatch between requested flags (00000008) and output flags (00000006)
05-02 19:41:52.991 376 618 D AudioFlinger: Client defaulted notificationFrames to 11025 for frameCount 22050
05-02 19:41:52.999 376 618 D AF::TrackHandle: OpPlayAudio: track:68 usage:6 not muted
05-02 19:41:53.001 365 433 E display : updateScreen invalid drmfd
05-02 19:41:53.008 376 618 W APM::AudioPolicyEngine: getDevicesForStrategy() unknown strategy: -1
05-02 19:41:53.009 393 2432 D AudioTrack: getTimestamp_l(21): device stall time corrected using current time 338945113750
05-02 19:41:53.011 534 991 I system_server: oneway function results will be dropped but finished with status OK and parcel size 4
05-02 19:41:53.073 365 433 E display : updateScreen invalid drmfd
05-02 19:41:53.202 365 433 E display : updateScreen invalid drmfd
05-02 19:41:53.247 2232 2232 W Choreographer: Frame time is 0.014291 ms in the future! Check that graphics HAL is generating vsync timestamps using the correct timebase.
05-02 19:41:53.268 365 433 E display : updateScreen invalid drmfd
05-02 19:41:53.322 365 433 E display : updateScreen invalid drmfd
05-02 19:41:53.377 393 1961 D BufferPoolAccessor2.0: bufferpool2 0xe55c0028 : 0(0 size) total buffers - 0(0 size) used buffers - 212/220 (recycle/alloc) - 8/432 (fetch/transfer)
05-02 19:41:53.378 393 1961 D BufferPoolAccessor2.0: evictor expired: 1, evicted: 1
05-02 19:41:53.379 478 725 D BufferPoolAccessor2.0: bufferpool2 0xb400e24cc7dc6a68 : 0(0 size) total buffers - 0(0 size) used buffers - 210/214 (recycle/alloc) - 4/213 (fetch/transfer)
05-02 19:41:53.380 478 725 D BufferPoolAccessor2.0: evictor expired: 1, evicted: 1
05-02 19:41:53.383 365 433 E display : updateScreen invalid drmfd
05-02 19:41:53.443 365 433 E display : updateScreen invalid drmfd
05-02 19:41:54.305 365 433 E display : updateScreen invalid drmfd
05-02 19:41:54.597 365 433 E display : updateScreen invalid drmfd
05-02 19:41:54.655 365 433 E display : updateScreen invalid drmfd
05-02 19:41:54.723 365 433 E display : updateScreen invalid drmfd
05-02 19:41:54.782 365 433 E display : updateScreen invalid drmfd
05-02 19:41:55.386 2232 2232 W Choreographer: Frame time is 0.178791 ms in the future! Check that graphics HAL is generating vsync timestamps using the correct timebase.
05-02 19:41:55.402 365 433 E display : updateScreen invalid drmfd
05-02 19:41:55.434 365 433 E display : updateScreen invalid drmfd
05-02 19:41:55.438 376 618 W APM::AudioPolicyEngine: getDevicesForStrategy() unknown strategy: -1
05-02 19:41:55.446 534 991 I system_server: oneway function results will be dropped but finished with status OK and parcel size 4
05-02 19:41:55.469 393 2231 D NuPlayerDriver: reset(0xea2035d0) at state 5
05-02 19:41:55.475 393 2434 D CCodecBuffers: [c2.android.vorbis.decoder#454:1D-Output.Impl[N]] Client returned a buffer it does not own according to our record: 0
05-02 19:41:55.476 393 2434 D CCodecBuffers: [c2.android.vorbis.decoder#454:1D-Output.Impl[N]] Client returned a buffer it does not own according to our record: 1
05-02 19:41:55.481 393 2434 I hw-BpHwBinder: onLastStrongRef automatically unlinking death recipients
05-02 19:41:55.481 478 478 I hw-BpHwBinder: onLastStrongRef automatically unlinking death recipients
05-02 19:41:55.488 365 433 E display : updateScreen invalid drmfd
05-02 19:41:55.490 478 478 V C2Store : in ~ComponentModule
05-02 19:41:55.490 478 478 V C2Store : unloading dll
05-02 19:41:55.491 393 2429 D NuPlayerDriver: notifyResetComplete(0xea2035d0)
05-02 19:41:55.492 393 2231 D NuPlayerDriver: reset(0xea2035d0) at state 0
05-02 19:41:55.494 2232 2232 V MediaPlayer: resetDrmState: mDrmInfo=null mDrmProvisioningThread=null mPrepareDrmInProgress=false mActiveDrmScheme=false
05-02 19:41:55.494 2232 2232 V MediaPlayer: cleanDrmObj: mDrmObj=null mDrmSessionId=null
05-02 19:41:55.495 2232 2232 V MediaPlayer: resetDrmState: mDrmInfo=null mDrmProvisioningThread=null mPrepareDrmInProgress=false mActiveDrmScheme=false
05-02 19:41:55.495 2232 2232 V MediaPlayer: cleanDrmObj: mDrmObj=null mDrmSessionId=null
05-02 19:41:55.497 393 2231 D AudioTrack: stop(21): called with 0 frames delivered
05-02 19:41:55.513 2232 2232 W Ringtone: Use of stream types is deprecated for operations other than volume control
05-02 19:41:55.513 2232 2232 W Ringtone: See the documentation of setStreamType() for what to use instead with android.media.AudioAttributes to qualify your playback use case
05-02 19:41:55.532 1405 1426 I MediaProvider: Using lower FS for /product/media/audio/ringtones/LoveFlute.ogg
05-02 19:41:55.535 393 2231 D NuPlayerDriver: NuPlayerDriver(0xea200fb0) created, clientPid(2232)
05-02 19:41:55.547 393 2439 D GenericSource: FileSource remote
05-02 19:41:55.561 468 468 E Utils : did not find channel-count and/or sample-rate
05-02 19:41:55.563 468 468 E Utils : did not find channel-count and/or sample-rate
05-02 19:41:55.568 365 433 E display : updateScreen invalid drmfd
05-02 19:41:55.571 2232 2232 D Ringtone: Successfully created local player
05-02 19:41:55.572 393 709 D NuPlayerDriver: reset(0xea200fb0) at state 4
05-02 19:41:55.573 393 2438 D NuPlayerDriver: notifyResetComplete(0xea200fb0)
05-02 19:41:55.574 393 709 D NuPlayerDriver: reset(0xea200fb0) at state 0
05-02 19:41:55.576 2232 2232 V MediaPlayer: resetDrmState: mDrmInfo=null mDrmProvisioningThread=null mPrepareDrmInProgress=false mActiveDrmScheme=false
05-02 19:41:55.576 2232 2232 V MediaPlayer: cleanDrmObj: mDrmObj=null mDrmSessionId=null
05-02 19:41:55.577 2232 2232 V MediaPlayer: resetDrmState: mDrmInfo=null mDrmProvisioningThread=null mPrepareDrmInProgress=false mActiveDrmScheme=false
05-02 19:41:55.577 2232 2232 V MediaPlayer: cleanDrmObj: mDrmObj=null mDrmSessionId=null
05-02 19:41:55.590 376 490 W APM::AudioPolicyEngine: getDevicesForStrategy() unknown strategy: -1
05-02 19:41:55.591 376 490 W APM::AudioPolicyEngine: getDevicesForStrategy() unknown strategy: -1
05-02 19:41:55.591 534 991 I system_server: oneway function results will be dropped but finished with status OK and parcel size 4
05-02 19:41:55.594 1405 1426 I MediaProvider: Using lower FS for /product/media/audio/ringtones/LoveFlute.ogg
05-02 19:41:55.595 393 709 D NuPlayerDriver: NuPlayerDriver(0xea201230) created, clientPid(2232)
05-02 19:41:55.607 393 2443 D GenericSource: FileSource remote
05-02 19:41:55.615 468 530 E Utils : did not find channel-count and/or sample-rate
05-02 19:41:55.619 468 530 E Utils : did not find channel-count and/or sample-rate
05-02 19:41:55.629 2232 2232 D Ringtone: Successfully created local player
05-02 19:41:55.634 393 2442 I GenericSource: start
05-02 19:41:55.637 365 433 E display : updateScreen invalid drmfd
05-02 19:41:55.642 503 503 I chatty : uid=9999(nobody) /vendor/bin/gpsd expire 300 lines
05-02 19:41:55.646 393 2447 D CCodec : allocate(c2.android.vorbis.decoder)
05-02 19:41:55.648 393 2447 I CCodec : setting up 'default' as default (vendor) store
05-02 19:41:55.648 478 1637 V C2Store : in init
05-02 19:41:55.648 478 1637 V C2Store : loading dll
05-02 19:41:55.651 393 2447 I CCodec : Created component [c2.android.vorbis.decoder]
05-02 19:41:55.652 393 2447 D CCodecConfig: read media type: audio/vorbis
05-02 19:41:55.654 393 2447 D ReflectedParamUpdater: extent() != 1 for single value type: algo.buffers.max-count.values
05-02 19:41:55.655 393 2447 D ReflectedParamUpdater: extent() != 1 for single value type: output.subscribed-indices.values
05-02 19:41:55.655 393 2447 D ReflectedParamUpdater: extent() != 1 for single value type: input.buffers.allocator-ids.values
05-02 19:41:55.655 393 2447 D ReflectedParamUpdater: extent() != 1 for single value type: output.buffers.allocator-ids.values
05-02 19:41:55.655 393 2447 D ReflectedParamUpdater: extent() != 1 for single value type: algo.buffers.allocator-ids.values
05-02 19:41:55.655 393 2447 D ReflectedParamUpdater: extent() != 1 for single value type: output.buffers.pool-ids.values
05-02 19:41:55.656 393 2447 D ReflectedParamUpdater: extent() != 1 for single value type: algo.buffers.pool-ids.values
05-02 19:41:55.658 393 2447 I CCodecConfig: query failed after returning 7 values (BAD_INDEX)
05-02 19:41:55.658 393 2447 D CCodecConfig: c2 config diff is Dict {
05-02 19:41:55.658 393 2447 D CCodecConfig: c2::u32 coded.bitrate.value = 64000
05-02 19:41:55.658 393 2447 D CCodecConfig: c2::u32 input.buffers.max-size.value = 32768
05-02 19:41:55.658 393 2447 D CCodecConfig: c2::u32 input.delay.value = 0
05-02 19:41:55.658 393 2447 D CCodecConfig: string input.media-type.value = "audio/vorbis"
05-02 19:41:55.658 393 2447 D CCodecConfig: string output.media-type.value = "audio/raw"
05-02 19:41:55.658 393 2447 D CCodecConfig: c2::u32 raw.channel-count.value = 1
05-02 19:41:55.658 393 2447 D CCodecConfig: c2::u32 raw.sample-rate.value = 48000
05-02 19:41:55.658 393 2447 D CCodecConfig: }
05-02 19:41:55.660 393 2447 D CCodec : [c2.android.vorbis.decoder] buffers are bound to CCodec for this session
05-02 19:41:55.660 393 2447 D CCodecConfig: no c2 equivalents for durationUs
05-02 19:41:55.660 393 2447 D CCodecConfig: no c2 equivalents for csd-1
05-02 19:41:55.660 393 2447 D CCodecConfig: no c2 equivalents for channel-mask
05-02 19:41:55.660 393 2447 D CCodecConfig: no c2 equivalents for streaming
05-02 19:41:55.661 393 2447 D CCodecConfig: no c2 equivalents for flags
05-02 19:41:55.661 393 2447 D CCodecConfig: c2 config diff is c2::u32 coded.bitrate.value = 48000
05-02 19:41:55.661 393 2447 D CCodecConfig: c2::u32 raw.sample-rate.value = 44100
05-02 19:41:55.663 393 2447 W Codec2Client: query -- param skipped: index = 1107298332.
05-02 19:41:55.663 393 2447 D CCodec : setup formats input: AMessage(what = 0x00000000) = {
05-02 19:41:55.663 393 2447 D CCodec : int32_t bitrate = 48000
05-02 19:41:55.663 393 2447 D CCodec : int32_t channel-count = 1
05-02 19:41:55.663 393 2447 D CCodec : int32_t max-input-size = 32768
05-02 19:41:55.663 393 2447 D CCodec : string mime = "audio/vorbis"
05-02 19:41:55.663 393 2447 D CCodec : int32_t sample-rate = 44100
05-02 19:41:55.663 393 2447 D CCodec : } and output: AMessage(what = 0x00000000) = {
05-02 19:41:55.663 393 2447 D CCodec : int32_t bitrate = 48000
05-02 19:41:55.663 393 2447 D CCodec : int32_t channel-count = 1
05-02 19:41:55.663 393 2447 D CCodec : string mime = "audio/raw"
05-02 19:41:55.663 393 2447 D CCodec : int32_t sample-rate = 44100
05-02 19:41:55.663 393 2447 D CCodec : int32_t channel-mask = 1
05-02 19:41:55.663 393 2447 D CCodec : }
05-02 19:41:55.664 393 2447 I MediaCodec: MediaCodec will operate in async mode
05-02 19:41:55.665 393 2447 W Codec2Client: query -- param skipped: index = 1342179345.
05-02 19:41:55.665 393 2447 W Codec2Client: query -- param skipped: index = 2415921170.
05-02 19:41:55.666 393 2447 E FMQ : grantorIdx must be less than 3
05-02 19:41:55.666 393 2447 E FMQ : grantorIdx must be less than 3
05-02 19:41:55.667 393 2447 D CCodecBufferChannel: [c2.android.vorbis.decoder#182] Created input block pool with allocatorID 16 => poolID 30 - OK (0)
05-02 19:41:55.667 478 943 D BufferPoolAccessor2.0: Destruction - bufferpool2 0xb400e24cc7dc6a68 cached: 0/0M, 0/0% in use; allocs: 214, 98% recycled; transfers: 213, 98% unfetched
05-02 19:41:55.669 478 478 E FMQ : grantorIdx must be less than 3
05-02 19:41:55.670 478 478 E FMQ : grantorIdx must be less than 3
05-02 19:41:55.674 393 1897 D BufferPoolAccessor2.0: Destruction - bufferpool2 0xe55c0028 cached: 0/0M, 0/0% in use; allocs: 220, 96% recycled; transfers: 432, 98% unfetched
05-02 19:41:55.676 393 2447 I CCodecBufferChannel: [c2.android.vorbis.decoder#182] Created output block pool with allocatorID 16 => poolID 42 - OK
05-02 19:41:55.677 393 2447 D CCodecBufferChannel: [c2.android.vorbis.decoder#182] Configured output block pool ids 42 => OK
05-02 19:41:55.693 365 433 E display : updateScreen invalid drmfd
05-02 19:41:55.703 478 2448 D SimpleC2Component: Using output block pool with poolID 42 => got 42 - 0
05-02 19:41:55.706 2232 2232 W Choreographer: Frame time is 0.150916 ms in the future! Check that graphics HAL is generating vsync timestamps using the correct timebase.
05-02 19:41:55.707 393 2447 E FMQ : grantorIdx must be less than 3
05-02 19:41:55.708 478 943 E FMQ : grantorIdx must be less than 3
05-02 19:41:55.717 478 2448 E FMQ : grantorIdx must be less than 3
05-02 19:41:55.717 393 1897 E FMQ : grantorIdx must be less than 3
05-02 19:41:55.718 393 2447 D CCodecBuffers: [c2.android.vorbis.decoder#182:Output[N]] popFromStashAndRegister: output format changed to AMessage(what = 0x00000000) = {
05-02 19:41:55.718 393 2447 D CCodecBuffers: int32_t bitrate = 48000
05-02 19:41:55.718 393 2447 D CCodecBuffers: int32_t channel-count = 1
05-02 19:41:55.718 393 2447 D CCodecBuffers: string mime = "audio/raw"
05-02 19:41:55.718 393 2447 D CCodecBuffers: int32_t sample-rate = 44100
05-02 19:41:55.718 393 2447 D CCodecBuffers: int32_t channel-mask = 1
05-02 19:41:55.718 393 2447 D CCodecBuffers: }
05-02 19:41:55.721 376 1016 E ServiceUtilities: Request requires android.permission.MODIFY_PHONE_STATE or android.permission.WRITE_SECURE_SETTINGS
05-02 19:41:55.722 376 1016 D AudioFlinger: Client defaulted notificationFrames to 11025 for frameCount 22050
05-02 19:41:55.725 376 1016 D AF::TrackHandle: OpPlayAudio: track:69 usage:6 not muted
05-02 19:41:55.730 376 1016 W APM::AudioPolicyEngine: getDevicesForStrategy() unknown strategy: -1
05-02 19:41:55.733 534 994 I system_server: oneway function results will be dropped but finished with status OK and parcel size 4
05-02 19:41:55.756 393 2445 D AudioTrack: getTimestamp_l(22): device stall time corrected using current time 341691775500
05-02 19:41:55.762 365 433 E display : updateScreen invalid drmfd
05-02 19:41:56.195 365 433 E display : updateScreen invalid drmfd
05-02 19:41:56.776 365 433 E display : updateScreen invalid drmfd
05-02 19:41:57.243 365 433 E display : updateScreen invalid drmfd
05-02 19:41:57.378 393 1961 D BufferPoolAccessor2.0: bufferpool2 0xe55c2f68 : 0(0 size) total buffers - 0(0 size) used buffers - 269/277 (recycle/alloc) - 8/552 (fetch/transfer)
05-02 19:41:57.378 393 1961 D BufferPoolAccessor2.0: evictor expired: 1, evicted: 1
05-02 19:41:57.380 478 725 D BufferPoolAccessor2.0: bufferpool2 0xb400e24cc7dc2068 : 0(0 size) total buffers - 0(0 size) used buffers - 270/274 (recycle/alloc) - 4/273 (fetch/transfer)
05-02 19:41:57.381 478 725 D BufferPoolAccessor2.0: evictor expired: 1, evicted: 1
05-02 19:41:57.741 365 433 E display : updateScreen invalid drmfd
05-02 19:41:58.274 368 757 D BufferPoolAccessor2.0: bufferpool2 0xb400f2ab576263d8 : 4(14544896 size) total buffers - 4(14544896 size) used buffers - 1178/1187 (recycle/alloc) - 9/1183 (fetch/transfer)
05-02 19:41:58.379 393 1961 D BufferPoolAccessor2.0: evictor expired: 2, evicted: 0
05-02 19:41:58.381 478 725 D BufferPoolAccessor2.0: evictor expired: 2, evicted: 0
05-02 19:41:58.752 2232 2232 W Choreographer: Frame time is 0.266541 ms in the future! Check that graphics HAL is generating vsync timestamps using the correct timebase.
05-02 19:41:58.769 365 433 E display : updateScreen invalid drmfd
05-02 19:41:58.800 365 433 E display : updateScreen invalid drmfd
05-02 19:41:58.811 376 1016 W APM::AudioPolicyEngine: getDevicesForStrategy() unknown strategy: -1
05-02 19:41:58.825 534 994 I system_server: oneway function results will be dropped but finished with status OK and parcel size 4
05-02 19:41:58.834 393 2231 D NuPlayerDriver: reset(0xea201230) at state 5
05-02 19:41:58.836 393 2447 D CCodecBuffers: [c2.android.vorbis.decoder#182:1D-Output.Impl[N]] Client returned a buffer it does not own according to our record: 0
05-02 19:41:58.837 393 2447 D CCodecBuffers: [c2.android.vorbis.decoder#182:1D-Output.Impl[N]] Client returned a buffer it does not own according to our record: 1
05-02 19:41:58.837 393 2447 D CCodecBuffers: [c2.android.vorbis.decoder#182:1D-Output.Impl[N]] Client returned a buffer it does not own according to our record: 2
05-02 19:41:58.838 393 2447 I hw-BpHwBinder: onLastStrongRef automatically unlinking death recipients
05-02 19:41:58.838 478 943 I hw-BpHwBinder: onLastStrongRef automatically unlinking death recipients
05-02 19:41:58.846 393 2442 D NuPlayerDriver: notifyResetComplete(0xea201230)
05-02 19:41:58.848 478 943 V C2Store : in ~ComponentModule
05-02 19:41:58.848 478 943 V C2Store : unloading dll
05-02 19:41:58.849 393 2231 D NuPlayerDriver: reset(0xea201230) at state 0
05-02 19:41:58.852 2232 2232 V MediaPlayer: resetDrmState: mDrmInfo=null mDrmProvisioningThread=null mPrepareDrmInProgress=false mActiveDrmScheme=false
05-02 19:41:58.852 2232 2232 V MediaPlayer: cleanDrmObj: mDrmObj=null mDrmSessionId=null
05-02 19:41:58.853 2232 2232 V MediaPlayer: resetDrmState: mDrmInfo=null mDrmProvisioningThread=null mPrepareDrmInProgress=false mActiveDrmScheme=false
05-02 19:41:58.853 2232 2232 V MediaPlayer: cleanDrmObj: mDrmObj=null mDrmSessionId=null
05-02 19:41:58.855 393 2231 D AudioTrack: stop(22): called with 0 frames delivered
05-02 19:41:58.867 365 433 E display : updateScreen invalid drmfd
05-02 19:41:58.878 2232 2232 W Ringtone: Use of stream types is deprecated for operations other than volume control
05-02 19:41:58.878 2232 2232 W Ringtone: See the documentation of setStreamType() for what to use instead with android.media.AudioAttributes to qualify your playback use case
05-02 19:41:58.894 1405 1426 I MediaProvider: Using lower FS for /product/media/audio/ringtones/Lyra.ogg
05-02 19:41:58.896 393 2231 D NuPlayerDriver: NuPlayerDriver(0xea200fb0) created, clientPid(2232)
05-02 19:41:58.909 393 2452 D GenericSource: FileSource remote
05-02 19:41:58.921 468 530 E Utils : did not find channel-count and/or sample-rate
05-02 19:41:58.923 468 530 E Utils : did not find channel-count and/or sample-rate
05-02 19:41:58.934 2232 2232 D Ringtone: Successfully created local player
05-02 19:41:58.934 365 433 E display : updateScreen invalid drmfd
05-02 19:41:58.935 393 2231 D NuPlayerDriver: reset(0xea200fb0) at state 4
05-02 19:41:58.937 393 2451 D NuPlayerDriver: notifyResetComplete(0xea200fb0)
05-02 19:41:58.938 393 2231 D NuPlayerDriver: reset(0xea200fb0) at state 0
05-02 19:41:58.939 2232 2232 V MediaPlayer: resetDrmState: mDrmInfo=null mDrmProvisioningThread=null mPrepareDrmInProgress=false mActiveDrmScheme=false
05-02 19:41:58.939 2232 2232 V MediaPlayer: cleanDrmObj: mDrmObj=null mDrmSessionId=null
05-02 19:41:58.939 2232 2232 V MediaPlayer: resetDrmState: mDrmInfo=null mDrmProvisioningThread=null mPrepareDrmInProgress=false mActiveDrmScheme=false
05-02 19:41:58.939 2232 2232 V MediaPlayer: cleanDrmObj: mDrmObj=null mDrmSessionId=null
05-02 19:41:58.945 376 490 W APM::AudioPolicyEngine: getDevicesForStrategy() unknown strategy: -1
05-02 19:41:58.946 534 994 I system_server: oneway function results will be dropped but finished with status OK and parcel size 4
05-02 19:41:58.958 1405 1426 I MediaProvider: Using lower FS for /product/media/audio/ringtones/Lyra.ogg
05-02 19:41:58.959 393 2231 D NuPlayerDriver: NuPlayerDriver(0xea201af0) created, clientPid(2232)
05-02 19:41:58.969 393 2456 D GenericSource: FileSource remote
05-02 19:41:58.982 468 468 E Utils : did not find channel-count and/or sample-rate
05-02 19:41:58.985 468 468 E Utils : did not find channel-count and/or sample-rate
05-02 19:41:58.990 365 433 E display : updateScreen invalid drmfd
05-02 19:41:58.990 376 490 W APM::AudioPolicyEngine: getDevicesForStrategy() unknown strategy: -1
05-02 19:41:58.993 534 994 I system_server: oneway function results will be dropped but finished with status OK and parcel size 4
05-02 19:41:58.998 2232 2232 D Ringtone: Successfully created local player
05-02 19:41:59.001 393 2455 I GenericSource: start
05-02 19:41:59.007 393 2460 D CCodec : allocate(c2.android.vorbis.decoder)
05-02 19:41:59.009 393 2460 I CCodec : setting up 'default' as default (vendor) store
05-02 19:41:59.010 478 1637 V C2Store : in init
05-02 19:41:59.010 478 1637 V C2Store : loading dll
05-02 19:41:59.014 393 2460 I CCodec : Created component [c2.android.vorbis.decoder]
05-02 19:41:59.014 393 2460 D CCodecConfig: read media type: audio/vorbis
05-02 19:41:59.016 393 2460 D ReflectedParamUpdater: extent() != 1 for single value type: algo.buffers.max-count.values
05-02 19:41:59.017 393 2460 D ReflectedParamUpdater: extent() != 1 for single value type: output.subscribed-indices.values
05-02 19:41:59.017 393 2460 D ReflectedParamUpdater: extent() != 1 for single value type: input.buffers.allocator-ids.values
05-02 19:41:59.017 393 2460 D ReflectedParamUpdater: extent() != 1 for single value type: output.buffers.allocator-ids.values
05-02 19:41:59.018 393 2460 D ReflectedParamUpdater: extent() != 1 for single value type: algo.buffers.allocator-ids.values
05-02 19:41:59.018 393 2460 D ReflectedParamUpdater: extent() != 1 for single value type: output.buffers.pool-ids.values
05-02 19:41:59.018 393 2460 D ReflectedParamUpdater: extent() != 1 for single value type: algo.buffers.pool-ids.values
05-02 19:41:59.020 393 2460 I CCodecConfig: query failed after returning 7 values (BAD_INDEX)
05-02 19:41:59.021 393 2460 D CCodecConfig: c2 config diff is Dict {
05-02 19:41:59.021 393 2460 D CCodecConfig: c2::u32 coded.bitrate.value = 64000
05-02 19:41:59.021 393 2460 D CCodecConfig: c2::u32 input.buffers.max-size.value = 32768
05-02 19:41:59.021 393 2460 D CCodecConfig: c2::u32 input.delay.value = 0
05-02 19:41:59.021 393 2460 D CCodecConfig: string input.media-type.value = "audio/vorbis"
05-02 19:41:59.021 393 2460 D CCodecConfig: string output.media-type.value = "audio/raw"
05-02 19:41:59.021 393 2460 D CCodecConfig: c2::u32 raw.channel-count.value = 1
05-02 19:41:59.021 393 2460 D CCodecConfig: c2::u32 raw.sample-rate.value = 48000
05-02 19:41:59.021 393 2460 D CCodecConfig: }
05-02 19:41:59.022 393 2460 D CCodec : [c2.android.vorbis.decoder] buffers are bound to CCodec for this session
05-02 19:41:59.022 393 2460 D CCodecConfig: no c2 equivalents for durationUs
05-02 19:41:59.022 393 2460 D CCodecConfig: no c2 equivalents for csd-1
05-02 19:41:59.022 393 2460 D CCodecConfig: no c2 equivalents for channel-mask
