05-02 19:39:38.698 1168 1668 D RilRequest: [0005]< SIGNAL_STRENGTH error: com.android.internal.telephony.CommandException: RADIO_NOT_AVAILABLE ret=SignalStrength:{mCdma=CellSignalStrengthCdma: cdmaDbm=0 cdmaEcio=0 evdoDbm=0 evdoEcio=0 evdoSnr=0 level=4,mGsm=CellSignalStrengthGsm: rssi=-113 ber=0 mTa=0 mLevel=0,mWcdma=CellSignalStrengthWcdma: ss=-113 ber=0 rscp=-120 ecno=-24 level=0,mTdscdma=CellSignalStrengthTdscdma: rssi=-113 ber=0 rscp=-120 level=0,mLte=CellSignalStrengthLte: rssi=-113 rsrp=2147483647 rsrq=0 rssnr=0 cqi=0 ta=0 level=1 parametersUseForLevel=1,mNr=CellSignalStrengthNr:{ csiRsrp = 2147483647 csiRsrq = 2147483647 csiSinr = 0 ssRsrp = 2147483647 ssRsrq = 0 ssSinr = 0 level = 0 parametersUseForLevel = 1 },primary=CellSignalStrengthLte}
05-02 19:39:38.709 534 991 D TelephonyRegistry: listen oscl: mHasNotifySubscriptionInfoChangedOccurred==false no callback
05-02 19:39:38.714 1168 1168 W CarrierConfigManager: Error getting config for subId -1 ICarrierConfigLoader is null
05-02 19:39:38.764 1168 1168 D EmergencyNumberTracker: asset emergency database is loaded. Ver: 1 Phone Id: 0
05-02 19:39:38.765 1168 1168 E EmergencyNumberTracker: Cache ota emergency database IOException: java.io.FileNotFoundException: /data/misc/emergencynumberdb/emergency_number_db: open failed: ENOENT (No such file or directory)
05-02 19:39:38.765 1168 1168 D EmergencyNumberTracker: Using Asset Emergency database. Version: 1
05-02 19:39:38.767 534 617 D TelephonyRegistry: listen oscl: mHasNotifySubscriptionInfoChangedOccurred==false no callback
05-02 19:39:38.774 534 617 D CompatibilityChangeReporter: Compat change id reported: 124107808; UID 1001; state: ENABLED
05-02 19:39:38.783 1168 1168 D SubscriptionController: Valid row not present in db
05-02 19:39:38.787 1168 1168 D SubscriptionController: getSubscriptionProperty Query value = null
05-02 19:39:38.793 1168 1168 D SubscriptionController: [getActiveSubscriptionInfo]- subId=-1 subList=[] subInfo=null
05-02 19:39:38.806 534 823 D ConnectivityService: NetReassign [no changes]
05-02 19:39:38.807 1168 1168 D m.android.phon: DCT.constructor
05-02 19:39:38.886 1168 1168 D Dcc-C-0 : E ctor
05-02 19:39:38.886 1168 1168 D Dcc-C-0 : X ctor
05-02 19:39:38.887 1168 1168 D DcTesterDeacativateAll: register for intent action=com.android.internal.telephony.dataconnection.action_deactivate_all
05-02 19:39:38.887 1168 1168 D DcTesterDeacativateAll: register for intent action=com.android.internal.telephony.action_detached
05-02 19:39:38.903 1168 1168 D DcTesterFailBrinupAll: register for intent action=com.android.internal.telephony.dataconnection.action_fail_bringup
05-02 19:39:38.903 1168 1168 D DcTesterFailBrinupAll: register for intent action=com.android.internal.telephony.action_detached
05-02 19:39:38.903 1168 1168 D DcTesterFailBrinupAll: register for intent action=com.android.internal.telephony.action_attached
05-02 19:39:38.912 1168 1168 W CarrierConfigManager: Error getting config for subId -1 ICarrierConfigLoader is null
05-02 19:39:38.913 1168 1168 D DCT-C-0 : initApnContexts: E
05-02 19:39:38.914 1168 1168 W ApnConfigTypeRepository: carrier config is null
05-02 19:39:38.914 1168 1168 D DCT-C-0 : initApnContexts: apnContext=hipri
05-02 19:39:38.915 1168 1168 D DCT-C-0 : initApnContexts: apnContext=fota
05-02 19:39:38.915 1168 1168 D DCT-C-0 : initApnContexts: apnContext=ims
05-02 19:39:38.915 1168 1168 D DCT-C-0 : initApnContexts: apnContext=cbs
05-02 19:39:38.916 1168 1168 D DCT-C-0 : initApnContexts: apnContext=ia
05-02 19:39:38.916 1168 1168 D DCT-C-0 : initApnContexts: apnContext=emergency
05-02 19:39:38.916 1168 1168 D DCT-C-0 : initApnContexts: apnContext=mcx
05-02 19:39:38.916 1168 1168 D DCT-C-0 : initApnContexts: apnContext=xcap
05-02 19:39:38.916 1168 1168 D DCT-C-0 : initApnContexts: apnContext=default
05-02 19:39:38.917 1168 1168 D DCT-C-0 : initApnContexts: apnContext=mms
05-02 19:39:38.918 1168 1168 D DCT-C-0 : initApnContexts: apnContext=supl
05-02 19:39:38.918 1168 1168 D DCT-C-0 : initApnContexts: apnContext=dun
05-02 19:39:38.936 1168 1712 D SmsBroadcastUndelivered: finished scanning raw table in 313 ms
05-02 19:39:38.949 1168 1168 D DCT-C-0 : Adding emergency APN : [ApnSettingV7] Emergency, 0, null, sos, null, null, null, null, null, 0, emergency, IPV4V6, IPV4V6, false, 0, false, 0, 0, 0, 0, null, null, false, 135168, -1, -1, -1
05-02 19:39:38.952 1168 1168 D m.android.phon: DCT.constructor
05-02 19:39:38.961 1168 1168 D Dcc-I-0 : E ctor
05-02 19:39:38.962 1168 1168 D Dcc-I-0 : X ctor
05-02 19:39:38.962 1168 1168 D DcTesterDeacativateAll: register for intent action=com.android.internal.telephony.dataconnection.action_deactivate_all
05-02 19:39:38.962 1168 1168 D DcTesterDeacativateAll: register for intent action=com.android.internal.telephony.action_detached
05-02 19:39:38.965 1168 1168 D DcTesterFailBrinupAll: register for intent action=com.android.internal.telephony.dataconnection.action_fail_bringup
05-02 19:39:38.965 1168 1168 D DcTesterFailBrinupAll: register for intent action=com.android.internal.telephony.action_detached
05-02 19:39:38.965 1168 1168 D DcTesterFailBrinupAll: register for intent action=com.android.internal.telephony.action_attached
05-02 19:39:38.971 1168 1168 W CarrierConfigManager: Error getting config for subId -1 ICarrierConfigLoader is null
05-02 19:39:38.971 1168 1168 D DCT-I-0 : initApnContexts: E
05-02 19:39:38.972 1168 1168 W ApnConfigTypeRepository: carrier config is null
05-02 19:39:38.972 1168 1168 D DCT-I-0 : initApnContexts: apnContext=hipri
05-02 19:39:38.973 1168 1168 D DCT-I-0 : initApnContexts: apnContext=fota
05-02 19:39:38.973 1168 1168 D DCT-I-0 : initApnContexts: apnContext=ims
05-02 19:39:38.974 1168 1168 D DCT-I-0 : initApnContexts: apnContext=cbs
05-02 19:39:38.974 1168 1168 D DCT-I-0 : initApnContexts: apnContext=ia
05-02 19:39:38.974 1168 1168 D DCT-I-0 : initApnContexts: apnContext=emergency
05-02 19:39:38.974 1168 1168 D DCT-I-0 : initApnContexts: apnContext=mcx
05-02 19:39:38.975 1168 1168 D DCT-I-0 : initApnContexts: apnContext=xcap
05-02 19:39:38.975 1168 1168 D DCT-I-0 : initApnContexts: apnContext=default
05-02 19:39:38.975 1168 1168 D DCT-I-0 : initApnContexts: apnContext=mms
05-02 19:39:38.975 1168 1168 D DCT-I-0 : initApnContexts: apnContext=supl
05-02 19:39:38.975 1168 1168 D DCT-I-0 : initApnContexts: apnContext=dun
05-02 19:39:38.985 1168 1168 D DCT-I-0 : Adding emergency APN : [ApnSettingV7] Emergency, 0, null, sos, null, null, null, null, null, 0, emergency, IPV4V6, IPV4V6, false, 0, false, 0, 0, 0, 0, null, null, false, 135168, -1, -1, -1
05-02 19:39:38.988 1168 1168 D CarrierResolver: Creating CarrierResolver[0]
05-02 19:39:38.991 1168 1168 D SST : [0] notifyVoiceRegStateRilRadioTechnologyChanged: vrs=1 rat=0
05-02 19:39:38.995 1168 1168 I GsmCdmaPhone: [0] updateTtyMode ttyMode=0
05-02 19:39:38.999 1168 1168 D RILJ : [0006]> RIL_REQUEST_SET_TTY_MODE ttyMode = 0 [PHONE0]
05-02 19:39:38.999 477 477 D RILC : setTTYMode: serial 6
05-02 19:39:39.000 477 477 D RIL : onRequest: 80, SET_TTY_MODE datalen: 4, data 0xb400f57f544a4090
05-02 19:39:39.000 477 477 D RILC : RequestComplete, RIL_SOCKET_1
05-02 19:39:39.000 477 477 E RILC : Calling responseFunction() for token 6
05-02 19:39:39.000 477 477 D RILC : setTTYModeResponse: serial 6
05-02 19:39:39.000 1168 1668 D RILJ : [0006]< RIL_REQUEST_SET_TTY_MODE error 1 [PHONE0]
05-02 19:39:39.001 1168 1668 D RilRequest: [0006]< RIL_REQUEST_SET_TTY_MODE error: com.android.internal.telephony.CommandException: RADIO_NOT_AVAILABLE ret=
05-02 19:39:39.002 1168 1168 I GsmCdmaPhone: [0] updateUiTtyMode ttyMode=0
05-02 19:39:39.003 1168 1168 D CallManager: registerPhone(GSM Handler (com.android.internal.telephony.GsmCdmaPhone) {1f23779})
05-02 19:39:39.004 1168 1168 D GsmCdmaPhone: [0] GsmCdmaPhone: constructor: sub = 0
05-02 19:39:39.054 1168 1168 I PhoneFactory: defaultSmsApplication: com.android.messaging
05-02 19:39:39.058 1168 1168 I PhoneFactory: Creating SubInfoRecordUpdater
05-02 19:39:39.061 1168 1168 D SubscriptionInfoUpdater: Constructor invoked
05-02 19:39:39.062 534 628 I commit_sys_config_file: [settings-1-0,9]
05-02 19:39:39.074 1168 1168 I PhoneFactory: IMS is not supported on this device, skipping ImsResolver.
05-02 19:39:39.079 534 617 D TelephonyRegistry: listen oscl: mHasNotifySubscriptionInfoChangedOccurred==false no callback
05-02 19:39:39.083 1168 1168 D PhoneSwitcher: PhoneSwitcher started
05-02 19:39:39.083 534 823 D ConnectivityService: Got NetworkProvider Messenger for PhoneSwitcherNetworkRequstListener
05-02 19:39:39.086 1168 1168 D ProxyController: Constructor - Enter
05-02 19:39:39.090 1168 1168 D ProxyController: clearTransaction
05-02 19:39:39.090 1168 1168 D ProxyController: clearTransaction: phoneId=0 status=IDLE
05-02 19:39:39.090 1168 1168 D ProxyController: Constructor - Exit
05-02 19:39:39.096 534 617 I sysui_multi_action: [757,856,758,1,806,com.android.phone,857,sms,858,4]
05-02 19:39:39.097 534 617 I sysui_multi_action: [757,856,758,1,806,com.android.phone,857,wfc,858,2]
05-02 19:39:39.097 534 617 I sysui_multi_action: [757,856,758,1,806,com.android.phone,857,simHighPriority,858,4]
05-02 19:39:39.098 534 617 I sysui_multi_action: [757,856,758,1,806,com.android.phone,857,alert,858,3]
05-02 19:39:39.098 534 617 I sysui_multi_action: [757,856,758,1,806,com.android.phone,857,mobileDataAlertNew,858,2]
05-02 19:39:39.099 534 617 I sysui_multi_action: [757,856,758,1,806,com.android.phone,857,sim,858,2]
05-02 19:39:39.099 534 617 I sysui_multi_action: [757,856,758,1,806,com.android.phone,857,callForwardNew,858,3]
05-02 19:39:39.107 534 617 D TelephonyRegistry: listen oscl: mHasNotifySubscriptionInfoChangedOccurred==false no callback
05-02 19:39:39.108 1168 1168 D TelephonyNetworkFactory[0]: Registering NetworkFactory
05-02 19:39:39.108 534 570 I commit_sys_config_file: [notification-policy,8]
05-02 19:39:39.109 534 823 D ConnectivityService: Got NetworkProvider Messenger for TelephonyNetworkFactory[0]
05-02 19:39:39.119 534 617 I am_uid_running: 10068
05-02 19:39:39.120 534 617 D CompatibilityChangeReporter: Compat change id reported: 135634846; UID 10068; state: DISABLED
05-02 19:39:39.121 534 617 D CompatibilityChangeReporter: Compat change id reported: 135754954; UID 10068; state: ENABLED
05-02 19:39:39.121 534 579 D CompatibilityChangeReporter: Compat change id reported: 143937733; UID 10068; state: ENABLED
05-02 19:39:39.136 534 991 D BluetoothManagerService: Trying to bind to profile: 1, while Bluetooth was disabled
05-02 19:39:39.137 534 991 D TelephonyRegistry: listen oscl: mHasNotifySubscriptionInfoChangedOccurred==false no callback
05-02 19:39:39.138 1168 1168 D CallManager: registerForMmiComplete
05-02 19:39:39.140 1168 1168 D NewNitzStateMachineImpl: handleAirplaneModeChanged(false): mLatestNitzSignal was already null. Nothing to do.
05-02 19:39:39.141 534 579 I am_proc_start: [0,1729,10068,android.process.acore,content provider,{com.android.providers.contacts/com.android.providers.contacts.ContactsProvider2}]
05-02 19:39:39.141 534 579 I ActivityManager: Start proc 1729:android.process.acore/u0a68 for content provider {com.android.providers.contacts/com.android.providers.contacts.ContactsProvider2}
05-02 19:39:39.157 534 991 D TelephonyRegistry: listen oscl: mHasNotifySubscriptionInfoChangedOccurred==false no callback
05-02 19:39:39.170 534 975 I am_proc_bound: [0,1729,android.process.acore]
05-02 19:39:39.173 534 975 I am_uid_active: 10068
05-02 19:39:39.203 1168 1168 D UiccController: handleMessage: Received RADIO_UNAVAILABLE for phoneId 0
05-02 19:39:39.204 1168 1168 D UiccController: EVENT_RADIO_UNAVAILABLE, dispose card
05-02 19:39:39.205 534 975 I am_uid_running: 10064
05-02 19:39:39.206 534 975 D CompatibilityChangeReporter: Compat change id reported: 135634846; UID 10064; state: DISABLED
05-02 19:39:39.207 534 975 D CompatibilityChangeReporter: Compat change id reported: 135754954; UID 10064; state: ENABLED
05-02 19:39:39.207 534 579 D CompatibilityChangeReporter: Compat change id reported: 143937733; UID 10064; state: ENABLED
05-02 19:39:39.238 534 572 I sysui_multi_action: [324,1,757,1090,758,12,806,com.android.settings,871,com.android.settings.Settings,1091,1926]
05-02 19:39:39.260 534 579 W ActivityManager: Slow operation: 54ms so far, now at startProcess: done updating battery stats
05-02 19:39:39.261 534 579 I am_proc_start: [0,1753,10064,com.android.documentsui,broadcast,{com.android.documentsui/com.android.documentsui.PreBootReceiver}]
05-02 19:39:39.261 534 579 W ActivityManager: Slow operation: 56ms so far, now at startProcess: building log message
05-02 19:39:39.261 534 579 I ActivityManager: Start proc 1753:com.android.documentsui/u0a64 for broadcast {com.android.documentsui/com.android.documentsui.PreBootReceiver}
05-02 19:39:39.261 534 579 W ActivityManager: Slow operation: 56ms so far, now at startProcess: starting to update pids map
05-02 19:39:39.262 534 579 W ActivityManager: Slow operation: 56ms so far, now at startProcess: done updating pids map
05-02 19:39:39.307 534 565 I am_proc_bound: [0,1753,com.android.documentsui]
05-02 19:39:39.616 534 961 I dvm_lock_sample: [system_server,1,Binder:534_5,19,PermissionManagerService.java,974,int com.android.server.pm.permission.PermissionManagerService.checkUidPermission(java.lang.String, int),PackageManagerService.java,24165,com.android.server.pm.parsing.pkg.AndroidPackage com.android.server.pm.PackageManagerService$PackageManagerInternalImpl.getPackage(java.lang.String),3]
05-02 19:39:39.618 534 993 I wm_stop_activity: [0,195075200,com.android.launcher3/.uioverrides.QuickstepLauncher]
05-02 19:39:39.654 1111 1111 I wm_on_stop_called: [195075200,com.android.launcher3.uioverrides.QuickstepLauncher,STOP_ACTIVITY_ITEM]
05-02 19:39:39.726 1168 1188 D SubscriptionController: [getSlotIndex]- subId invalid
05-02 19:39:39.730 379 379 I sf_frame_dur: [com.android.launcher3/com.android.launcher3.uioverrides.QuickstepLauncher#0,0,7,18,12,0,3,1]
05-02 19:39:39.730 1168 1188 D SubscriptionController: [getSlotIndex]- subId invalid
05-02 19:39:39.736 534 975 D CountryDetector: The first listener is added
05-02 19:39:39.786 1729 1729 D ActivityThread: Loading provider contacts;com.android.contacts: com.android.providers.contacts.ContactsProvider2
05-02 19:39:39.899 534 990 I PreBootBroadcaster: Pre-boot of {com.android.managedprovisioning/com.android.managedprovisioning.ota.PreBootListener} for user 0
05-02 19:39:39.900 534 990 I am_pre_boot: [0,com.android.managedprovisioning]
05-02 19:39:39.901 534 990 I am_uid_running: 10102
05-02 19:39:39.902 534 990 D CompatibilityChangeReporter: Compat change id reported: 135634846; UID 10102; state: DISABLED
05-02 19:39:39.903 534 990 D CompatibilityChangeReporter: Compat change id reported: 135754954; UID 10102; state: DISABLED
05-02 19:39:39.904 534 579 D CompatibilityChangeReporter: Compat change id reported: 143937733; UID 10102; state: DISABLED
05-02 19:39:39.925 534 534 I notification_enqueue: [1000,534,android,13,PreBootBroadcaster,0,Notification(channel=UPDATES shortcut=null contentView=null vibrate=null sound=null tick defaults=0x0 flags=0x2 color=0xff607d8b vis=PUBLIC),1]
05-02 19:39:39.928 534 570 I DropBoxManagerService: add tag=system_app_strictmode isTagEnabled=true flags=0x2
05-02 19:39:39.941 534 961 I am_uid_running: 10074
05-02 19:39:39.943 534 961 D CompatibilityChangeReporter: Compat change id reported: 135634846; UID 10074; state: DISABLED
05-02 19:39:39.944 534 961 D CompatibilityChangeReporter: Compat change id reported: 135754954; UID 10074; state: ENABLED
05-02 19:39:39.945 534 579 I am_proc_start: [0,1792,10102,com.android.quicksearchbox,broadcast,{com.android.quicksearchbox/com.android.quicksearchbox.SearchWidgetProvider}]
05-02 19:39:39.945 534 579 I ActivityManager: Start proc 1792:com.android.quicksearchbox/u0a102 for broadcast {com.android.quicksearchbox/com.android.quicksearchbox.SearchWidgetProvider}
05-02 19:39:39.945 534 579 D CompatibilityChangeReporter: Compat change id reported: 143937733; UID 10074; state: ENABLED
05-02 19:39:39.997 534 565 I am_proc_bound: [0,1792,com.android.quicksearchbox]
05-02 19:39:40.006 534 579 W ActivityManager: Slow operation: 64ms so far, now at startProcess: returned from zygote!
05-02 19:39:40.007 534 579 W ActivityManager: Slow operation: 64ms so far, now at startProcess: done updating battery stats
05-02 19:39:40.007 534 579 I am_proc_start: [0,1810,10074,com.android.externalstorage,content provider,{com.android.externalstorage/com.android.externalstorage.ExternalStorageProvider}]
05-02 19:39:40.007 534 579 W ActivityManager: Slow operation: 64ms so far, now at startProcess: building log message
05-02 19:39:40.007 534 579 I ActivityManager: Start proc 1810:com.android.externalstorage/u0a74 for content provider {com.android.externalstorage/com.android.externalstorage.ExternalStorageProvider}
05-02 19:39:40.007 534 579 W ActivityManager: Slow operation: 64ms so far, now at startProcess: starting to update pids map
05-02 19:39:40.007 534 579 W ActivityManager: Slow operation: 65ms so far, now at startProcess: done updating pids map
05-02 19:39:40.022 534 993 I am_proc_bound: [0,1810,com.android.externalstorage]
05-02 19:39:40.053 534 570 I DropBoxManagerService: add tag=system_app_strictmode isTagEnabled=true flags=0x2
05-02 19:39:40.183 1168 1168 D RILJ : [0007]> GET_CURRENT_CALLS [PHONE0]
05-02 19:39:40.184 477 477 D RILC : getCurrentCalls: serial 7
05-02 19:39:40.185 477 477 D RIL : onRequest: 9, GET_CURRENT_CALLS datalen: 0, data 0x0
05-02 19:39:40.185 477 477 D RILC : RequestComplete, RIL_SOCKET_1
05-02 19:39:40.185 477 477 E RILC : Calling responseFunction() for token 7
05-02 19:39:40.185 477 477 D RILC : getCurrentCallsResponse: serial 7
05-02 19:39:40.187 1168 1668 D RILJ : [0007]< GET_CURRENT_CALLS error 1 [PHONE0]
05-02 19:39:40.188 1168 1668 D RilRequest: [0007]< GET_CURRENT_CALLS error: com.android.internal.telephony.CommandException: RADIO_NOT_AVAILABLE ret={}
05-02 19:39:40.201 1168 1168 D GsmSMSDispatcher: GsmSMSDispatcher: subId = -1 slotId = 0
05-02 19:39:40.205 1168 1168 D GsmCdmaPhone: [0] Event EVENT_RADIO_OFF_OR_NOT_AVAILABLE Received
05-02 19:39:40.206 1168 1168 D GsmCdmaPhone: [0] EVENT EVENT_RADIO_STATE_CHANGED
05-02 19:39:40.207 1168 1168 D GsmCdmaPhone: handleRadioPowerStateChange, state= 2
05-02 19:39:40.218 534 570 I chatty : uid=1000(system) android.io identical 3 lines
05-02 19:39:40.219 1168 1168 E AccessNetworksManager: Can't find the binding package
05-02 19:39:40.221 1168 1168 D SST : [0] EVENT_ICC_CHANGED: SIM absent
05-02 19:39:40.222 1168 1168 D SST : [0] cancelAllNotifications: mPrevSubId=-1
05-02 19:39:40.228 1168 1168 D SST : [0] updateSpnDisplayLegacy+
05-02 19:39:40.250 1168 1168 D SST : [0] updateSpnDisplay: radio is on but out of service, set plmn='No service'
05-02 19:39:40.254 1168 1168 D SST : [0] updateSpnDisplay: rawSpn =
05-02 19:39:40.261 534 570 I DropBoxManagerService: add tag=system_app_strictmode isTagEnabled=true flags=0x2
05-02 19:39:40.262 1168 1168 D SST : [0] updateSpnDisplay: updateSpnDisplay: changed sending intent, rule=2, showPlmn='true', plmn='No service', showSpn='false', spn='', dataSpn='', subId='-1'
05-02 19:39:40.262 1168 1168 D SubscriptionManager: putPhoneIdAndSubIdExtra: no valid subs
05-02 19:39:40.295 1168 1168 D SubscriptionController: [setPlmnSpn] No valid subscription to store info
05-02 19:39:40.295 1168 1168 D SubscriptionController: notifySubscriptionInfoChanged:
05-02 19:39:40.296 534 993 D TelephonyRegistry: notifySubscriptionInfoChanged: first invocation mRecords.size=28
05-02 19:39:40.327 534 816 I service_manager_slow: [10,alarm]
05-02 19:39:40.343 1168 1168 D SST : [0] updateSpnDisplayLegacy-
05-02 19:39:40.368 1168 1168 D NRM-C-0 : Trying to bind com.android.phone for transport WWAN
05-02 19:39:40.397 1168 1168 E NRM-I-0 : Can't find the binding package
05-02 19:39:40.398 1168 1168 D SST : [0] mDeviceShuttingDown=false, mDesiredPowerState=true, getRadioState=2, mPowerOffDelayNeed=true, mAlarmSwitch=false, mRadioDisabledByCarrier=false
05-02 19:39:40.398 1168 1168 D SST : [0] pollState: modemTriggered=true
05-02 19:39:40.399 1168 1168 D NewNitzStateMachineImpl: handleNetworkUnavailable(): mLatestNitzSignal was already null. Nothing to do.
05-02 19:39:40.402 1168 1168 D SST : [0] Poll ServiceState done: oldSS=[{mVoiceRegState=1(OUT_OF_SERVICE), mDataRegState=1(OUT_OF_SERVICE), mChannelNumber=-1, duplexMode()=0, mCellBandwidths=[], mOperatorAlphaLong=null, mOperatorAlphaShort=null, isManualNetworkSelection=false(automatic), getRilVoiceRadioTechnology=0(Unknown), getRilDataRadioTechnology=0(Unknown), mCssIndicator=unsupported, mNetworkId=-1, mSystemId=-1, mCdmaRoamingIndicator=-1, mCdmaDefaultRoamingIndicator=-1, mIsEmergencyOnly=false, isUsingCarrierAggregation=false, mLteEarfcnRsrpBoost=0, mNetworkRegistrationInfos=[NetworkRegistrationInfo{ domain=CS transportType=WWAN registrationState=UNKNOWN roamingType=NOT_ROAMING accessNetworkTechnology=UNKNOWN rejectCause=0 emergencyEnabled=false availableServices=[] cellIdentity=null voiceSpecificInfo=null dataSpecificInfo=null nrState=NONE rRplmn=}, NetworkRegistrationInfo{ domain=PS transportType=WWAN registrationState=UNKNOWN roamingType=NOT_ROAMING accessNetworkTechnology=UNKNOWN rejectCause=0 emergencyEnabled=false availableServices=[] cellIdentity=null voiceSpecificInfo=null dataSpecificInfo=null nrState=NONE rRplmn=}], mNrFrequencyRange=0, mOperatorAlphaLongRaw=null, mOperatorAlphaShortRaw=null, mIsDataRoamingFromRegistration=false, mIsIwlanPreferred=false}] newSS=[{mVoiceRegState=1(OUT_OF_SERVICE), mDataRegState=1(OUT_OF_SERVICE), mChannelNumber=-1, duplexMode()=0, mCellBandwidths=[], mOperatorAlphaLong=null, mOperatorAlphaShort=null, isManualNetworkSelection=false(automatic), getRilVoiceRadioTechnology=0(Unknown), getRilDataRadioTechnology=0(Unknown), mCssIndicator=unsupported, mNetworkId=-1, mSystemId=-1, mCdmaRoamingIndicator=-1, mCdmaDefaultRoamingIndicator=-1, mIsEmergencyOnly=false, isUsingCarrierAggregation=false, mLteEarfcnRsrpBoost=0, mNetworkRegistrationInfos=[NetworkRegistrationInfo{ domain=CS transportType=WWAN registrationState=UNKNOWN roamingType=NOT_ROAMING accessNetworkTechnology=UNKNOWN rejectCause=0 emergencyEnabled=false availableServices=[] cellIdentity=null voiceSpecificInfo=null dataSpecificInfo=null nrState=NONE rRplmn=}, NetworkRegistrationInfo{ domain=PS transportType=WWAN registrationState=UNKNOWN roamingType=NOT_ROAMING accessNetworkTechnology=UNKNOWN rejectCause=0 emergencyEnabled=false availableServices=[] cellIdentity=null voiceSpecificInfo=null dataSpecificInfo=null nrState=NONE rRplmn=}], mNrFrequencyRange=0, mOperatorAlphaLongRaw=null, mOperatorAlphaShortRaw=null, mIsDataRoamingFromRegistration=false, mIsIwlanPreferred=false}] oldMaxDataCalls=1 mNewMaxDataCalls=1 oldReasonDataDenied=-1 mNewReasonDataDenied=-1
05-02 19:39:40.417 1168 1168 D SST : [0] pollStateDone: hasRegistered = false hasDeregistered = false hasDataAttached = {1=false, 2=false} hasDataDetached = {1=false, 2=false} hasDataRegStateChanged = {1=false, 2=false} hasRilVoiceRadioTechnologyChanged = false hasRilDataRadioTechnologyChanged = {1=false, 2=false} hasDataTransportPreferenceChanged = false hasChanged = false hasVoiceRoamingOn = false hasVoiceRoamingOff = false hasDataRoamingOn =false hasDataRoamingOff = false hasLocationChanged = false has4gHandoff = false hasMultiApnSupport = false hasLostMultiApnSupport = false hasCssIndicatorChanged = false hasNrFrequencyRangeChanged = false hasNrStateChanged = false hasAirplaneModeOnlChanged = false
05-02 19:39:40.418 1168 1168 D SST : [0] mDeviceShuttingDown=false, mDesiredPowerState=true, getRadioState=2, mPowerOffDelayNeed=true, mAlarmSwitch=false, mRadioDisabledByCarrier=false
05-02 19:39:40.419 1168 1168 D SST : [0] pollState: modemTriggered=true
05-02 19:39:40.419 1168 1168 D NewNitzStateMachineImpl: handleNetworkUnavailable(): mLatestNitzSignal was already null. Nothing to do.
05-02 19:39:40.422 534 628 I commit_sys_config_file: [settings-2-0,354]
05-02 19:39:40.434 1168 1168 D SST : [0] Poll ServiceState done: oldSS=[{mVoiceRegState=1(OUT_OF_SERVICE), mDataRegState=1(OUT_OF_SERVICE), mChannelNumber=-1, duplexMode()=0, mCellBandwidths=[], mOperatorAlphaLong=null, mOperatorAlphaShort=null, isManualNetworkSelection=false(automatic), getRilVoiceRadioTechnology=0(Unknown), getRilDataRadioTechnology=0(Unknown), mCssIndicator=unsupported, mNetworkId=-1, mSystemId=-1, mCdmaRoamingIndicator=-1, mCdmaDefaultRoamingIndicator=-1, mIsEmergencyOnly=false, isUsingCarrierAggregation=false, mLteEarfcnRsrpBoost=0, mNetworkRegistrationInfos=[NetworkRegistrationInfo{ domain=CS transportType=WWAN registrationState=UNKNOWN roamingType=NOT_ROAMING accessNetworkTechnology=UNKNOWN rejectCause=0 emergencyEnabled=false availableServices=[] cellIdentity=null voiceSpecificInfo=null dataSpecificInfo=null nrState=NONE rRplmn=}, NetworkRegistrationInfo{ domain=PS transportType=WWAN registrationState=UNKNOWN roamingType=NOT_ROAMING accessNetworkTechnology=UNKNOWN rejectCause=0 emergencyEnabled=false availableServices=[] cellIdentity=null voiceSpecificInfo=null dataSpecificInfo=null nrState=NONE rRplmn=}], mNrFrequencyRange=0, mOperatorAlphaLongRaw=null, mOperatorAlphaShortRaw=null, mIsDataRoamingFromRegistration=false, mIsIwlanPreferred=false}] newSS=[{mVoiceRegState=1(OUT_OF_SERVICE), mDataRegState=1(OUT_OF_SERVICE), mChannelNumber=-1, duplexMode()=0, mCellBandwidths=[], mOperatorAlphaLong=null, mOperatorAlphaShort=null, isManualNetworkSelection=false(automatic), getRilVoiceRadioTechnology=0(Unknown), getRilDataRadioTechnology=0(Unknown), mCssIndicator=unsupported, mNetworkId=-1, mSystemId=-1, mCdmaRoamingIndicator=-1, mCdmaDefaultRoamingIndicator=-1, mIsEmergencyOnly=false, isUsingCarrierAggregation=false, mLteEarfcnRsrpBoost=0, mNetworkRegistrationInfos=[NetworkRegistrationInfo{ domain=CS transportType=WWAN registrationState=UNKNOWN roamingType=NOT_ROAMING accessNetworkTechnology=UNKNOWN rejectCause=0 emergencyEnabled=false availableServices=[] cellIdentity=null voiceSpecificInfo=null dataSpecificInfo=null nrState=NONE rRplmn=}, NetworkRegistrationInfo{ domain=PS transportType=WWAN registrationState=UNKNOWN roamingType=NOT_ROAMING accessNetworkTechnology=UNKNOWN rejectCause=0 emergencyEnabled=false availableServices=[] cellIdentity=null voiceSpecificInfo=null dataSpecificInfo=null nrState=NONE rRplmn=}], mNrFrequencyRange=0, mOperatorAlphaLongRaw=null, mOperatorAlphaShortRaw=null, mIsDataRoamingFromRegistration=false, mIsIwlanPreferred=false}] oldMaxDataCalls=1 mNewMaxDataCalls=1 oldReasonDataDenied=-1 mNewReasonDataDenied=-1
05-02 19:39:40.447 534 1402 E TaskPersister: File error accessing recents directory (directory doesn't exist?).
05-02 19:39:40.452 534 577 I am_meminfo: [1122955264,1384951808,12288,158175232,422832128]
05-02 19:39:40.462 1168 1168 D SST : [0] pollStateDone: hasRegistered = false hasDeregistered = false hasDataAttached = {1=false, 2=false} hasDataDetached = {1=false, 2=false} hasDataRegStateChanged = {1=false, 2=false} hasRilVoiceRadioTechnologyChanged = false hasRilDataRadioTechnologyChanged = {1=false, 2=false} hasDataTransportPreferenceChanged = false hasChanged = false hasVoiceRoamingOn = false hasVoiceRoamingOff = false hasDataRoamingOn =false hasDataRoamingOff = false hasLocationChanged = false has4gHandoff = false hasMultiApnSupport = false hasLostMultiApnSupport = false hasCssIndicatorChanged = false hasNrFrequencyRangeChanged = false hasNrStateChanged = false hasAirplaneModeOnlChanged = false
05-02 19:39:40.485 1168 1168 D SubscriptionController: [getSlotIndex]- subId invalid
05-02 19:39:40.510 534 577 I dvm_lock_sample: [system_server,0,android.bg,25,ActivityManagerService.java,2016,void com.android.server.am.ActivityManagerService$5.handleMessage(android.os.Message),-,7419,android.app.ContentProviderHolder com.android.server.am.ActivityManagerService.getContentProviderImpl(android.app.IApplicationThread, java.lang.String, android.os.IBinder, int, java.lang.String, java.lang.String, boolean, int),5]
05-02 19:39:40.520 1168 1168 D SubscriptionController: Valid row not present in db
05-02 19:39:40.520 534 993 I sysui_multi_action: [757,856,758,1,806,com.android.providers.downloads,857,active,858,1]
05-02 19:39:40.531 1168 1168 D SubscriptionController: getSubscriptionProperty Query value = null
05-02 19:39:40.531 1168 1168 I CSST : isNrSupported: carrierConfigEnabled: true, AccessFamilySupported: false, isNrNetworkTypeAllowed: true
05-02 19:39:40.532 1168 1168 I CSST : PrefNetworkNotification: sendMessage() w/values: ,false,-1,false,false
05-02 19:39:40.537 534 570 I commit_sys_config_file: [notification-policy,14]
05-02 19:39:40.541 534 975 I sysui_multi_action: [757,856,758,1,806,com.android.providers.downloads,857,waiting,858,3]
05-02 19:39:40.551 534 975 I sysui_multi_action: [757,856,758,1,806,com.android.providers.downloads,857,complete,858,3]
05-02 19:39:40.561 1168 1168 I CSST : canceling notifications: 1000
05-02 19:39:40.562 1168 1168 D Phone : isWifiCallingEnabled =false
05-02 19:39:40.562 1168 1168 D CSST : isPhoneRegisteredForWifiCalling: false
05-02 19:39:40.562 1168 1168 D Phone : isWifiCallingEnabled =false
05-02 19:39:40.562 1168 1168 I CSST : EmergencyNetworkNotification: sendMessage() w/values: ,-1,false,false
05-02 19:39:40.564 1168 1168 I CSST : canceling notifications: 1001
05-02 19:39:40.566 534 570 I commit_sys_config_file: [notification-policy,23]
05-02 19:39:40.607 534 570 I commit_sys_config_file: [notification-policy,35]
05-02 19:39:40.650 0 0 E tlv320aic31xx-codec 1-0018: ##Divyesh tlv Enter : aic31xx_dac_mute
05-02 19:39:40.653 1168 1168 D SubscriptionController: Valid row not present in db
05-02 19:39:40.658 0 0 E tlv320aic31xx-codec 1-0018: ##Divyesh tlv Enter : aic31xx_dac_mute >> if function > mute
05-02 19:39:40.661 1168 1168 D SubscriptionController: getSubscriptionProperty Query value = null
05-02 19:39:40.662 1168 1168 I CSST : isNrSupported: carrierConfigEnabled: true, AccessFamilySupported: false, isNrNetworkTypeAllowed: true
05-02 19:39:40.662 1168 1168 I CSST : PrefNetworkNotification: sendMessage() w/values: ,false,-1,false,false
05-02 19:39:40.681 1168 1168 I CSST : canceling notifications: 1000
05-02 19:39:40.681 1168 1168 D Phone : isWifiCallingEnabled =false
05-02 19:39:40.681 1168 1168 D CSST : isPhoneRegisteredForWifiCalling: false
05-02 19:39:40.682 1168 1168 D Phone : isWifiCallingEnabled =false
05-02 19:39:40.682 1168 1168 I CSST : EmergencyNetworkNotification: sendMessage() w/values: ,-1,false,false
05-02 19:39:40.683 1168 1168 I CSST : canceling notifications: 1001
05-02 19:39:40.684 1168 1168 D EmergencyNumberTracker: updateRadioEmergencyNumberListAndNotify(): receiving []
05-02 19:39:40.793 534 993 D CompatibilityChangeReporter: Compat change id reported: 149924527; UID 10126; state: ENABLED
05-02 19:39:40.797 1168 1168 D RILJ : [0008]> RIL_REQUEST_SEND_DEVICE_STATE 1:true [PHONE0]
05-02 19:39:40.798 534 565 D CompatibilityChangeReporter: Compat change id reported: 132649864; UID 10126; state: DISABLED
05-02 19:39:40.798 477 477 D RILC : sendDeviceState: serial 8
05-02 19:39:40.799 477 477 D RIL : onRequest: 138, SEND_DEVICE_STATE datalen: 8, data 0xb400f57f544a4090
05-02 19:39:40.799 477 477 D RILC : RequestComplete, RIL_SOCKET_1
05-02 19:39:40.799 477 477 E RILC : Calling responseFunction() for token 8
05-02 19:39:40.799 477 477 D RILC : sendDeviceStateResponse: serial 8
05-02 19:39:40.800 1168 1668 D RILJ : [0008]< RIL_REQUEST_SEND_DEVICE_STATE error 1 [PHONE0]
05-02 19:39:40.801 1168 1668 D RilRequest: [0008]< RIL_REQUEST_SEND_DEVICE_STATE error: com.android.internal.telephony.CommandException: RADIO_NOT_AVAILABLE ret=
05-02 19:39:40.805 1168 1168 D RILJ : [0009]> RIL_REQUEST_SEND_DEVICE_STATE 2:false [PHONE0]
05-02 19:39:40.810 1168 1168 D RILJ : [0010]> RIL_REQUEST_SEND_DEVICE_STATE 0:false [PHONE0]
05-02 19:39:40.817 477 477 D RILC : sendDeviceState: serial 9
05-02 19:39:40.818 477 477 D RIL : onRequest: 138, SEND_DEVICE_STATE datalen: 8, data 0xb400f57f544a4090
05-02 19:39:40.818 477 477 D RILC : RequestComplete, RIL_SOCKET_1
05-02 19:39:40.818 477 477 E RILC : Calling responseFunction() for token 9
05-02 19:39:40.818 477 477 D RILC : sendDeviceStateResponse: serial 9
05-02 19:39:40.818 477 477 D RILC : sendDeviceState: serial 10
05-02 19:39:40.818 477 477 D RIL : onRequest: 138, SEND_DEVICE_STATE datalen: 8, data 0xb400f57f544a4090
05-02 19:39:40.818 477 477 D RILC : RequestComplete, RIL_SOCKET_1
05-02 19:39:40.818 477 477 E RILC : Calling responseFunction() for token 10
05-02 19:39:40.818 477 477 D RILC : sendDeviceStateResponse: serial 10
05-02 19:39:40.819 1168 1668 D RILJ : [0009]< RIL_REQUEST_SEND_DEVICE_STATE error 1 [PHONE0]
05-02 19:39:40.819 1168 1668 D RilRequest: [0009]< RIL_REQUEST_SEND_DEVICE_STATE error: com.android.internal.telephony.CommandException: RADIO_NOT_AVAILABLE ret=
05-02 19:39:40.821 1168 1668 D RILJ : [0010]< RIL_REQUEST_SEND_DEVICE_STATE error 1 [PHONE0]
05-02 19:39:40.825 1168 1668 D RilRequest: [0010]< RIL_REQUEST_SEND_DEVICE_STATE error: com.android.internal.telephony.CommandException: RADIO_NOT_AVAILABLE ret=
05-02 19:39:40.844 1168 1168 D RILJ : [0011]> RIL_REQUEST_SET_UNSOLICITED_RESPONSE_FILTER -1 [PHONE0]
05-02 19:39:40.845 477 477 D RILC : setIndicationFilter_1_2: serial 11
05-02 19:39:40.846 477 477 D RIL : onRequest: 139, SET_UNSOLICITED_FILTER datalen: 4, data 0xb400f57f544a4090
05-02 19:39:40.846 477 477 D RILC : RequestComplete, RIL_SOCKET_1
05-02 19:39:40.846 477 477 E RILC : Calling responseFunction() for token 11
05-02 19:39:40.846 477 477 D RILC : setIndicationFilterResponse: serial 11
05-02 19:39:40.849 1168 1668 D RILJ : [0011]< RIL_REQUEST_SET_UNSOLICITED_RESPONSE_FILTER error 1 [PHONE0]
05-02 19:39:40.850 1168 1668 D RilRequest: [0011]< RIL_REQUEST_SET_UNSOLICITED_RESPONSE_FILTER error: com.android.internal.telephony.CommandException: RADIO_NOT_AVAILABLE ret=
05-02 19:39:40.851 1168 1168 D RILJ : [0012]> RIL_REQUEST_SET_SIGNAL_STRENGTH_REPORTING_CRITERIA [PHONE0]
05-02 19:39:40.852 477 477 D RILC : setSignalStrengthReportingCriteria: 12
05-02 19:39:40.860 1168 1668 D RILJ : [0012]< RIL_REQUEST_SET_SIGNAL_STRENGTH_REPORTING_CRITERIA [PHONE0]
05-02 19:39:40.861 1168 1168 D RILJ : [0013]> RIL_REQUEST_SET_SIGNAL_STRENGTH_REPORTING_CRITERIA [PHONE0]
05-02 19:39:40.862 477 477 D RILC : setSignalStrengthReportingCriteria: 13
05-02 19:39:40.870 1168 1668 D RILJ : [0013]< RIL_REQUEST_SET_SIGNAL_STRENGTH_REPORTING_CRITERIA [PHONE0]
05-02 19:39:40.876 1168 1168 D RILJ : [0014]> RIL_REQUEST_SET_SIGNAL_STRENGTH_REPORTING_CRITERIA [PHONE0]
05-02 19:39:40.877 477 477 D RILC : setSignalStrengthReportingCriteria: 14
05-02 19:39:40.879 1168 1668 D RILJ : [0014]< RIL_REQUEST_SET_SIGNAL_STRENGTH_REPORTING_CRITERIA [PHONE0]
05-02 19:39:40.888 534 975 I am_uid_running: 10075
05-02 19:39:40.890 534 975 D CompatibilityChangeReporter: Compat change id reported: 135634846; UID 10075; state: DISABLED
05-02 19:39:40.892 534 975 D CompatibilityChangeReporter: Compat change id reported: 135754954; UID 10075; state: ENABLED
05-02 19:39:40.893 534 579 D CompatibilityChangeReporter: Compat change id reported: 143937733; UID 10075; state: ENABLED
05-02 19:39:40.898 1168 1168 D RILJ : [0015]> RIL_REQUEST_SET_SIGNAL_STRENGTH_REPORTING_CRITERIA [PHONE0]
05-02 19:39:40.901 477 477 D RILC : setSignalStrengthReportingCriteria: 15
05-02 19:39:40.901 534 577 I am_pss : [1225,1000,com.android.settings,43330560,28938240,0,183074816,2,2,18]
05-02 19:39:40.902 1168 1668 D RILJ : [0015]< RIL_REQUEST_SET_SIGNAL_STRENGTH_REPORTING_CRITERIA [PHONE0]
05-02 19:39:40.904 1168 1168 D RILJ : [0016]> RIL_REQUEST_SET_LINK_CAPACITY_REPORTING_CRITERIA [PHONE0]
05-02 19:39:40.905 477 477 E RILC : [0016]< Method is not implemented
05-02 19:39:40.905 477 477 D RILC : setLinkCapacityReportingCriteria: 16
05-02 19:39:40.905 477 477 D RILC : setLinkCapacityReportingCriteriaResponse: serial 16
05-02 19:39:40.906 1168 1668 D RILJ : [0016]< RIL_REQUEST_SET_LINK_CAPACITY_REPORTING_CRITERIA [PHONE0]
05-02 19:39:40.909 1168 1168 D RILJ : [0017]> RIL_REQUEST_SET_LINK_CAPACITY_REPORTING_CRITERIA [PHONE0]
05-02 19:39:40.910 477 477 E RILC : [0017]< Method is not implemented
05-02 19:39:40.911 477 477 D RILC : setLinkCapacityReportingCriteria: 17
05-02 19:39:40.911 477 477 D RILC : setLinkCapacityReportingCriteriaResponse: serial 17
05-02 19:39:40.916 1168 1168 D RILJ : [0018]> RIL_REQUEST_SET_LINK_CAPACITY_REPORTING_CRITERIA [PHONE0]
05-02 19:39:40.917 1168 1668 D RILJ : [0017]< RIL_REQUEST_SET_LINK_CAPACITY_REPORTING_CRITERIA [PHONE0]
05-02 19:39:40.917 477 477 E RILC : [0018]< Method is not implemented
05-02 19:39:40.917 477 477 D RILC : setLinkCapacityReportingCriteria: 18
05-02 19:39:40.917 477 477 D RILC : setLinkCapacityReportingCriteriaResponse: serial 18
05-02 19:39:40.920 1168 1668 D RILJ : [0018]< RIL_REQUEST_SET_LINK_CAPACITY_REPORTING_CRITERIA [PHONE0]
05-02 19:39:40.924 1168 1168 D RILJ : [0019]> RIL_REQUEST_SET_LINK_CAPACITY_REPORTING_CRITERIA [PHONE0]
05-02 19:39:40.929 477 477 E RILC : [0019]< Method is not implemented
05-02 19:39:40.929 477 477 D RILC : setLinkCapacityReportingCriteria: 19
05-02 19:39:40.930 477 477 D RILC : setLinkCapacityReportingCriteriaResponse: serial 19
05-02 19:39:40.931 1168 1668 D RILJ : [0019]< RIL_REQUEST_SET_LINK_CAPACITY_REPORTING_CRITERIA [PHONE0]
05-02 19:39:40.934 1168 1168 D NetworkTypeController: [0] DefaultState: process EVENT_INITIALIZE
05-02 19:39:40.940 534 577 I am_pss : [906,10127,com.android.permissioncontroller,18588672,13795328,0,122474496,2,3,12]
05-02 19:39:40.945 1168 1168 D NetworkTypeController: [0] mOverrideTimerRules: {connected={mState=connected, mOverrideType=NR_NSA, mPrimaryTimers={}, mSecondaryTimers={}}, not_restricted_rrc_con={mState=not_restricted_rrc_con, mOverrideType=NR_NSA, mPrimaryTimers={}, mSecondaryTimers={}}, legacy={mState=legacy, mOverrideType=NONE, mPrimaryTimers={}, mSecondaryTimers={}}, not_restricted_rrc_idle={mState=not_restricted_rrc_idle, mOverrideType=NR_NSA, mPrimaryTimers={}, mSecondaryTimers={}}, restricted={mState=restricted, mOverrideType=NONE, mPrimaryTimers={}, mSecondaryTimers={}}, connected_mmwave={mState=connected_mmwave, mOverrideType=NR_NSA, mPrimaryTimers={}, mSecondaryTimers={}}}
05-02 19:39:40.946 1168 1168 D NetworkTypeController: [0] DefaultState: process EVENT_UPDATE
05-02 19:39:40.946 1168 1168 D NetworkTypeController: [0] Remove all timers
05-02 19:39:40.946 1168 1168 D NetworkTypeController: [0] Entering LegacyState
05-02 19:39:40.947 1168 1168 D NetworkTypeController: [0] Remove all timers
05-02 19:39:40.947 1168 1168 D DisplayInfoController: TelephonyDisplayInfo[0] changed from null to TelephonyDisplayInfo {network=UNKNOWN, override=NONE}
05-02 19:39:40.961 534 579 W ActivityManager: Slow operation: 73ms so far, now at startProcess: returned from zygote!
05-02 19:39:40.962 534 579 W ActivityManager: Slow operation: 73ms so far, now at startProcess: done updating battery stats
05-02 19:39:40.962 534 579 I am_proc_start: [0,1839,10075,com.android.managedprovisioning,broadcast,{com.android.managedprovisioning/com.android.managedprovisioning.ota.PreBootListener}]
05-02 19:39:40.962 534 579 W ActivityManager: Slow operation: 73ms so far, now at startProcess: building log message
05-02 19:39:40.962 534 579 I ActivityManager: Start proc 1839:com.android.managedprovisioning/u0a75 for broadcast {com.android.managedprovisioning/com.android.managedprovisioning.ota.PreBootListener}
05-02 19:39:40.962 534 579 W ActivityManager: Slow operation: 73ms so far, now at startProcess: starting to update pids map
05-02 19:39:40.963 534 579 W ActivityManager: Slow operation: 75ms so far, now at startProcess: done updating pids map
05-02 19:39:40.967 1168 1168 D DCT-C-0 : onDataEnabledChanged: enable=true, enabledChangedReason=0
05-02 19:39:40.968 1168 1168 D DCT-C-0 : setupDataOnAllConnectableApns: dataEnabled hipri:[state=IDLE,enabled=false] mcx:[state=IDLE,enabled=false] xcap:[state=IDLE,enabled=false] fota:[state=IDLE,enabled=false] ims:[state=IDLE,enabled=false] cbs:[state=IDLE,enabled=false] ia:[state=IDLE,enabled=false] emergency:[state=IDLE,enabled=false] mms:[state=IDLE,enabled=false] supl:[state=IDLE,enabled=false] dun:[state=IDLE,enabled=false] default:[state=IDLE,enabled=false]
05-02 19:39:40.968 1168 1168 D DCT-C-0 : onDataEnabledOverrideRulesChanged
05-02 19:39:40.970 1168 1168 D DCT-C-0 : shouldRestrictDataForEcbm: isInEcm=false isInImsEcm=false
05-02 19:39:40.977 1168 1168 D SubscriptionController: [getActiveSubscriptionInfo]- subId=-1 subList=[] subInfo=null
05-02 19:39:40.979 534 577 I am_pss : [1599,1000,com.android.localtransport,6551552,3035136,0,100409344,2,19,8]
05-02 19:39:40.982 1168 1168 D DCT-C-0 : shouldRestrictDataForEcbm: isInEcm=false isInImsEcm=false
05-02 19:39:40.992 1168 1168 D SubscriptionController: [getActiveSubscriptionInfo]- subId=-1 subList=[] subInfo=null
05-02 19:39:41.000 1168 1168 D DCT-C-0 : shouldRestrictDataForEcbm: isInEcm=false isInImsEcm=false
05-02 19:39:41.017 1168 1168 D SubscriptionController: [getActiveSubscriptionInfo]- subId=-1 subList=[] subInfo=null
05-02 19:39:41.025 1168 1168 D DCT-C-0 : shouldRestrictDataForEcbm: isInEcm=false isInImsEcm=false
05-02 19:39:41.034 1168 1168 D SubscriptionController: [getActiveSubscriptionInfo]- subId=-1 subList=[] subInfo=null
05-02 19:39:41.042 1168 1168 D DCT-C-0 : shouldRestrictDataForEcbm: isInEcm=false isInImsEcm=false
05-02 19:39:41.053 1168 1168 D SubscriptionController: [getActiveSubscriptionInfo]- subId=-1 subList=[] subInfo=null
05-02 19:39:41.059 534 565 I am_proc_bound: [0,1839,com.android.managedprovisioning]
05-02 19:39:41.083 1168 1168 D DCT-C-0 : shouldRestrictDataForEcbm: isInEcm=false isInImsEcm=false
05-02 19:39:41.107 1168 1168 D SubscriptionController: [getActiveSubscriptionInfo]- subId=-1 subList=[] subInfo=null
05-02 19:39:41.114 1168 1168 D DCT-C-0 : shouldRestrictDataForEcbm: isInEcm=false isInImsEcm=false
05-02 19:39:41.121 1168 1168 D SubscriptionController: [getActiveSubscriptionInfo]- subId=-1 subList=[] subInfo=null
05-02 19:39:41.124 1168 1168 D DCT-C-0 : shouldRestrictDataForEcbm: isInEcm=false isInImsEcm=false
05-02 19:39:41.137 1168 1168 D SubscriptionController: [getActiveSubscriptionInfo]- subId=-1 subList=[] subInfo=null
05-02 19:39:41.144 1168 1168 D DCT-C-0 : shouldRestrictDataForEcbm: isInEcm=false isInImsEcm=false
05-02 19:39:41.148 1168 1168 D SubscriptionController: [getActiveSubscriptionInfo]- subId=-1 subList=[] subInfo=null
05-02 19:39:41.151 1168 1168 D DCT-C-0 : shouldRestrictDataForEcbm: isInEcm=false isInImsEcm=false
05-02 19:39:41.155 534 577 I am_pss : [1451,10080,com.android.printspooler,8079360,3977216,0,109944832,2,19,9]
05-02 19:39:41.155 1168 1168 D SubscriptionController: [getActiveSubscriptionInfo]- subId=-1 subList=[] subInfo=null
05-02 19:39:41.158 1168 1168 D DCT-C-0 : shouldRestrictDataForEcbm: isInEcm=false isInImsEcm=false
05-02 19:39:41.162 1168 1168 D SubscriptionController: [getActiveSubscriptionInfo]- subId=-1 subList=[] subInfo=null
05-02 19:39:41.164 1168 1168 D DCT-C-0 : shouldRestrictDataForEcbm: isInEcm=false isInImsEcm=false
05-02 19:39:41.168 1168 1168 D SubscriptionController: [getActiveSubscriptionInfo]- subId=-1 subList=[] subInfo=null
05-02 19:39:41.168 1168 1168 D DCT-C-0 : onRadioOffOrNotAvailable: is off and clean up all connections
05-02 19:39:41.169 1168 1168 D DCT-C-0 : cleanUpAllConnectionsInternal: detach=false reason=radioTurnedOff
05-02 19:39:41.176 1168 1168 D DCT-C-0 : cleanUpConnectionInternal: X detach=false reason=radioTurnedOff apnContext={mApnType=xcap mState=IDLE mWaitingApns={null priority=3} mApnSetting={null} mReason=radioTurnedOff mDataEnabled=false} dc=null
05-02 19:39:41.180 1168 1168 D DCT-C-0 : cleanUpConnectionInternal: X detach=false reason=radioTurnedOff apnContext={mApnType=mcx mState=IDLE mWaitingApns={null priority=3} mApnSetting={null} mReason=radioTurnedOff mDataEnabled=false} dc=null
05-02 19:39:41.182 1168 1168 D DCT-C-0 : cleanUpConnectionInternal: X detach=false reason=radioTurnedOff apnContext={mApnType=fota mState=IDLE mWaitingApns={null priority=2} mApnSetting={null} mReason=radioTurnedOff mDataEnabled=false} dc=null
05-02 19:39:41.185 1168 1168 D DCT-C-0 : cleanUpConnectionInternal: X detach=false reason=radioTurnedOff apnContext={mApnType=supl mState=IDLE mWaitingApns={null priority=2} mApnSetting={null} mReason=radioTurnedOff mDataEnabled=false} dc=null
05-02 19:39:41.188 1168 1168 D DCT-C-0 : return new LinkProperties
05-02 19:39:41.189 534 577 I am_pss : [1490,10117,com.android.provision,8380416,3997696,0,110235648,2,19,7]
05-02 19:39:41.190 1168 1168 D DCT-C-0 : cleanUpConnectionInternal: X detach=false reason=radioTurnedOff apnContext={mApnType=emergency mState=IDLE mWaitingApns={null priority=2} mApnSetting={null} mReason=radioTurnedOff mDataEnabled=false} dc=null
05-02 19:39:41.192 534 565 D TelephonyRegistry: onDataConnectionStateChanged(DISCONNECTED, UNKNOWN) subId=-1, phoneId=0
05-02 19:39:41.193 1168 1168 D DCT-C-0 : cleanUpConnectionInternal: X detach=false reason=radioTurnedOff apnContext={mApnType=hipri mState=IDLE mWaitingApns={null priority=3} mApnSetting={null} mReason=radioTurnedOff mDataEnabled=false} dc=null
05-02 19:39:41.195 1168 1168 D DCT-C-0 : cleanUpConnectionInternal: X detach=false reason=radioTurnedOff apnContext={mApnType=ims mState=IDLE mWaitingApns={null priority=2} mApnSetting={null} mReason=radioTurnedOff mDataEnabled=false} dc=null
05-02 19:39:41.197 1168 1168 D DCT-C-0 : cleanUpConnectionInternal: X detach=false reason=radioTurnedOff apnContext={mApnType=default mState=IDLE mWaitingApns={null priority=0} mApnSetting={null} mReason=radioTurnedOff mDataEnabled=false} dc=null
05-02 19:39:41.199 1168 1168 D DCT-C-0 : cleanUpConnectionInternal: X detach=false reason=radioTurnedOff apnContext={mApnType=mms mState=IDLE mWaitingApns={null priority=2} mApnSetting={null} mReason=radioTurnedOff mDataEnabled=false} dc=null
05-02 19:39:41.200 534 577 I am_pss : [1478,1000,com.android.keychain,6573056,3182592,0,99323904,2,19,6]
05-02 19:39:41.203 1168 1168 D DCT-C-0 : cleanUpConnectionInternal: X detach=false reason=radioTurnedOff apnContext={mApnType=cbs mState=IDLE mWaitingApns={null priority=2} mApnSetting={null} mReason=radioTurnedOff mDataEnabled=false} dc=null
05-02 19:39:41.205 1168 1168 D DCT-C-0 : cleanUpConnectionInternal: X detach=false reason=radioTurnedOff apnContext={mApnType=ia mState=IDLE mWaitingApns={null priority=2} mApnSetting={null} mReason=radioTurnedOff mDataEnabled=false} dc=null
05-02 19:39:41.213 1168 1168 D DCT-C-0 : cleanUpConnectionInternal: X detach=false reason=radioTurnedOff apnContext={mApnType=dun mState=IDLE mWaitingApns={null priority=2} mApnSetting={null} mReason=radioTurnedOff mDataEnabled=false} dc=null
05-02 19:39:41.213 1168 1168 D DCT-C-0 : stopNetStatPoll
05-02 19:39:41.215 1168 1168 D DCT-C-0 : cleanUpAllConnectionsInternal: mDisconnectPendingCount = 0
05-02 19:39:41.215 1168 1168 D DCT-C-0 : onDataConnectionDetached: stop polling and notify detached
05-02 19:39:41.217 1225 1225 I sysui_multi_action: [757,830,758,4,833,0,854,top_level_sound,1089,0]
05-02 19:39:41.221 534 961 I ActivityTaskManager: START u0 {act=android.intent.action.MAIN cmp=com.android.settings/.SubSettings (has extras)} from uid 1000
05-02 19:39:41.224 534 577 I am_pss : [1334,10123,android.ext.services,9996288,4554752,0,141545472,2,5,8]
05-02 19:39:41.224 1168 1168 D DCT-C-0 : stopNetStatPoll
05-02 19:39:41.227 534 961 I wm_create_activity: [0,109124949,8,com.android.settings/.SubSettings,android.intent.action.MAIN,NULL,NULL,0]
05-02 19:39:41.230 534 961 I wm_pause_activity: [0,222931791,com.android.settings/.Settings,userLeaving=true]
05-02 19:39:41.237 1225 1225 I wm_on_top_resumed_lost_called: [222931791,com.android.settings.Settings,topStateChangedWhenResumed]
05-02 19:39:41.242 1225 1225 I sysui_multi_action: [757,1502,758,2,1089,2981]
05-02 19:39:41.250 1225 1225 I sysui_multi_action: [757,35,758,2,1089,2919]
05-02 19:39:41.253 1225 1225 I wm_on_paused_called: [222931791,com.android.settings.Settings,performPause]
05-02 19:39:41.261 534 961 W ActivityTaskManager: Tried to set launchTime (0) < mLastActivityLaunchTime (203337)
05-02 19:39:41.262 534 961 I wm_add_to_stopping: [0,222931791,com.android.settings/.Settings,makeInvisible]
05-02 19:39:41.264 534 961 I wm_restart_activity: [0,109124949,8,com.android.settings/.SubSettings]
05-02 19:39:41.266 0 0 E tlv320aic31xx-codec 1-0018: ##Divyesh tlv aic31xx_hw_params: width 16 rate 48000
05-02 19:39:41.268 534 961 I wm_set_resumed_activity: [0,com.android.settings/.SubSettings,minimalResumeActivityLocked]
05-02 19:39:41.279 0 0 E tlv320aic31xx-codec 1-0018: ##Divyesh tlv pll 8.0000/1 dosr 32 n 1 m 8 aosr 32 n 1 m 8 bclk_n 8
05-02 19:39:41.283 534 565 I PreBootBroadcaster: Pre-boot of {com.android.providers.calendar/com.android.providers.calendar.CalendarUpgradeReceiver} for user 0
05-02 19:39:41.283 534 565 I am_pre_boot: [0,com.android.providers.calendar]
05-02 19:39:41.286 534 565 I am_uid_running: 10069
05-02 19:39:41.289 534 565 D CompatibilityChangeReporter: Compat change id reported: 135634846; UID 10069; state: DISABLED
05-02 19:39:41.289 0 0 E fsl-sai 30010000.sai: Divyesh tlv > ratio 8 for freq 1536000Hz based on clock 12288000Hz
05-02 19:39:41.289 534 565 D CompatibilityChangeReporter: Compat change id reported: 135754954; UID 10069; state: ENABLED
05-02 19:39:41.291 534 579 D CompatibilityChangeReporter: Compat change id reported: 143937733; UID 10069; state: ENABLED
05-02 19:39:41.298 0 0 E fsl-sai 30010000.sai: Divyesh tlv best fit: clock id=1, ratio=8, deviation=0
05-02 19:39:41.312 0 0 E tlv320aic31xx-codec 1-0018: ##Divyesh tlv Enter : aic31xx_dac_mute
05-02 19:39:41.319 0 0 E tlv320aic31xx-codec 1-0018: ##Divyesh tlv Enter : aic31xx_dac_mute >> Else function > unmute
05-02 19:39:41.325 1168 1168 D DCT-C-0 : onDataRoamingOff
