05-02 19:36:47.912 503 503 I auditd : type=1400 audit(0.0:115): avc: denied { open } for comm="gpsd" path="/proc/287/fd" dev="proc" ino=578 scontext=u:r:gpsd:s0 tcontext=u:r:apexd:s0 tclass=dir permissive=1
05-02 19:36:47.912 503 503 I auditd : type=1400 audit(0.0:116): avc: denied { read } for comm="gpsd" name="0" dev="proc" ino=21784 scontext=u:r:gpsd:s0 tcontext=u:r:apexd:s0 tclass=lnk_file permissive=1
05-02 19:36:47.916 503 503 I auditd : type=1400 audit(0.0:117): avc: denied { search } for comm="gpsd" name="340" dev="proc" ino=17419 scontext=u:r:gpsd:s0 tcontext=u:r:tombstoned:s0 tclass=dir permissive=1
05-02 19:36:47.916 503 503 I auditd : type=1400 audit(0.0:118): avc: denied { read } for comm="gpsd" name="fd" dev="proc" ino=17421 scontext=u:r:gpsd:s0 tcontext=u:r:tombstoned:s0 tclass=dir permissive=1
05-02 19:36:47.916 503 503 I auditd : type=1400 audit(0.0:119): avc: denied { open } for comm="gpsd" path="/proc/340/fd" dev="proc" ino=17421 scontext=u:r:gpsd:s0 tcontext=u:r:tombstoned:s0 tclass=dir permissive=1
05-02 19:36:47.916 503 503 I auditd : type=1400 audit(0.0:120): avc: denied { read } for comm="gpsd" name="0" dev="proc" ino=21829 scontext=u:r:gpsd:s0 tcontext=u:r:tombstoned:s0 tclass=lnk_file permissive=1
05-02 19:36:47.916 503 503 I auditd : type=1400 audit(0.0:121): avc: denied { search } for comm="gpsd" name="345" dev="proc" ino=12786 scontext=u:r:gpsd:s0 tcontext=u:r:statsd:s0 tclass=dir permissive=1
05-02 19:36:47.916 503 503 I auditd : type=1400 audit(0.0:122): avc: denied { read } for comm="gpsd" name="fd" dev="proc" ino=12788 scontext=u:r:gpsd:s0 tcontext=u:r:statsd:s0 tclass=dir permissive=1
05-02 19:36:47.916 503 503 I auditd : type=1400 audit(0.0:123): avc: denied { open } for comm="gpsd" path="/proc/345/fd" dev="proc" ino=12788 scontext=u:r:gpsd:s0 tcontext=u:r:statsd:s0 tclass=dir permissive=1
05-02 19:36:47.916 503 503 I auditd : type=1400 audit(0.0:124): avc: denied { read } for comm="gpsd" name="0" dev="proc" ino=21844 scontext=u:r:gpsd:s0 tcontext=u:r:statsd:s0 tclass=lnk_file permissive=1
05-02 19:36:47.920 503 503 I auditd : type=1400 audit(0.0:125): avc: denied { search } for comm="gpsd" name="352" dev="proc" ino=17511 scontext=u:r:gpsd:s0 tcontext=u:r:hal_wifi_default:s0 tclass=dir permissive=1
05-02 19:36:47.920 503 503 I auditd : type=1400 audit(0.0:126): avc: denied { read } for comm="gpsd" name="fd" dev="proc" ino=17513 scontext=u:r:gpsd:s0 tcontext=u:r:hal_wifi_default:s0 tclass=dir permissive=1
05-02 19:36:47.920 503 503 I auditd : type=1400 audit(0.0:127): avc: denied { open } for comm="gpsd" path="/proc/352/fd" dev="proc" ino=17513 scontext=u:r:gpsd:s0 tcontext=u:r:hal_wifi_default:s0 tclass=dir permissive=1
05-02 19:36:47.920 503 503 I auditd : type=1400 audit(0.0:128): avc: denied { read } for comm="gpsd" name="0" dev="proc" ino=21876 scontext=u:r:gpsd:s0 tcontext=u:r:hal_wifi_default:s0 tclass=lnk_file permissive=1
05-02 19:36:47.924 503 503 I auditd : type=1400 audit(0.0:129): avc: denied { search } for comm="gpsd" name="353" dev="proc" ino=12840 scontext=u:r:gpsd:s0 tcontext=u:r:hal_allocator_default:s0 tclass=dir permissive=1
05-02 19:36:47.924 503 503 I auditd : type=1400 audit(0.0:130): avc: denied { read } for comm="gpsd" name="fd" dev="proc" ino=12842 scontext=u:r:gpsd:s0 tcontext=u:r:hal_allocator_default:s0 tclass=dir permissive=1
05-02 19:36:47.924 503 503 I auditd : type=1400 audit(0.0:131): avc: denied { open } for comm="gpsd" path="/proc/353/fd" dev="proc" ino=12842 scontext=u:r:gpsd:s0 tcontext=u:r:hal_allocator_default:s0 tclass=dir permissive=1
05-02 19:36:47.924 503 503 I auditd : type=1400 audit(0.0:132): avc: denied { read } for comm="gpsd" name="0" dev="proc" ino=21879 scontext=u:r:gpsd:s0 tcontext=u:r:hal_allocator_default:s0 tclass=lnk_file permissive=1
05-02 19:36:47.924 503 503 I auditd : type=1400 audit(0.0:133): avc: denied { search } for comm="gpsd" name="354" dev="proc" ino=17568 scontext=u:r:gpsd:s0 tcontext=u:r:hal_audio_default:s0 tclass=dir permissive=1
05-02 19:36:47.924 503 503 I auditd : type=1400 audit(0.0:134): avc: denied { read } for comm="gpsd" name="fd" dev="proc" ino=17572 scontext=u:r:gpsd:s0 tcontext=u:r:hal_audio_default:s0 tclass=dir permissive=1
05-02 19:36:47.924 503 503 I auditd : type=1400 audit(0.0:135): avc: denied { open } for comm="gpsd" path="/proc/354/fd" dev="proc" ino=17572 scontext=u:r:gpsd:s0 tcontext=u:r:hal_audio_default:s0 tclass=dir permissive=1
05-02 19:36:47.924 503 503 I auditd : type=1400 audit(0.0:136): avc: denied { read } for comm="gpsd" name="0" dev="proc" ino=21882 scontext=u:r:gpsd:s0 tcontext=u:r:hal_audio_default:s0 tclass=lnk_file permissive=1
05-02 19:36:47.924 503 503 I auditd : type=1400 audit(0.0:137): avc: denied { search } for comm="gpsd" name="355" dev="proc" ino=16652 scontext=u:r:gpsd:s0 tcontext=u:r:hal_bluetooth_default:s0 tclass=dir permissive=1
05-02 19:36:47.924 503 503 I auditd : type=1400 audit(0.0:138): avc: denied { read } for comm="gpsd" name="fd" dev="proc" ino=16654 scontext=u:r:gpsd:s0 tcontext=u:r:hal_bluetooth_default:s0 tclass=dir permissive=1
05-02 19:36:47.924 503 503 I auditd : type=1400 audit(0.0:139): avc: denied { open } for comm="gpsd" path="/proc/355/fd" dev="proc" ino=16654 scontext=u:r:gpsd:s0 tcontext=u:r:hal_bluetooth_default:s0 tclass=dir permissive=1
05-02 19:36:47.924 503 503 I auditd : type=1400 audit(0.0:140): avc: denied { read } for comm="gpsd" name="0" dev="proc" ino=21885 scontext=u:r:gpsd:s0 tcontext=u:r:hal_bluetooth_default:s0 tclass=lnk_file permissive=1
05-02 19:36:47.924 503 503 I auditd : type=1400 audit(0.0:141): avc: denied { search } for comm="gpsd" name="359" dev="proc" ino=16656 scontext=u:r:gpsd:s0 tcontext=u:r:hal_camera_default:s0 tclass=dir permissive=1
05-02 19:36:47.924 503 503 I auditd : type=1400 audit(0.0:142): avc: denied { read } for comm="gpsd" name="fd" dev="proc" ino=16662 scontext=u:r:gpsd:s0 tcontext=u:r:hal_camera_default:s0 tclass=dir permissive=1
05-02 19:36:47.924 503 503 I auditd : type=1400 audit(0.0:143): avc: denied { open } for comm="gpsd" path="/proc/359/fd" dev="proc" ino=16662 scontext=u:r:gpsd:s0 tcontext=u:r:hal_camera_default:s0 tclass=dir permissive=1
05-02 19:36:47.924 503 503 I auditd : type=1400 audit(0.0:144): avc: denied { read } for comm="gpsd" name="0" dev="proc" ino=21898 scontext=u:r:gpsd:s0 tcontext=u:r:hal_camera_default:s0 tclass=lnk_file permissive=1
05-02 19:36:47.924 503 503 I auditd : type=1400 audit(0.0:145): avc: denied { search } for comm="gpsd" name="361" dev="proc" ino=12880 scontext=u:r:gpsd:s0 tcontext=u:r:hal_cas_default:s0 tclass=dir permissive=1
05-02 19:36:47.924 503 503 I auditd : type=1400 audit(0.0:146): avc: denied { read } for comm="gpsd" name="fd" dev="proc" ino=12882 scontext=u:r:gpsd:s0 tcontext=u:r:hal_cas_default:s0 tclass=dir permissive=1
05-02 19:36:47.924 503 503 I auditd : type=1400 audit(0.0:147): avc: denied { open } for comm="gpsd" path="/proc/361/fd" dev="proc" ino=12882 scontext=u:r:gpsd:s0 tcontext=u:r:hal_cas_default:s0 tclass=dir permissive=1
05-02 19:36:47.924 503 503 I auditd : type=1400 audit(0.0:148): avc: denied { read } for comm="gpsd" name="0" dev="proc" ino=21904 scontext=u:r:gpsd:s0 tcontext=u:r:hal_cas_default:s0 tclass=lnk_file permissive=1
05-02 19:36:47.924 503 503 I auditd : type=1400 audit(0.0:149): avc: denied { search } for comm="gpsd" name="362" dev="proc" ino=867 scontext=u:r:gpsd:s0 tcontext=u:r:hal_drm_clearkey:s0 tclass=dir permissive=1
05-02 19:36:47.924 503 503 I auditd : type=1400 audit(0.0:150): avc: denied { read } for comm="gpsd" name="fd" dev="proc" ino=16783 scontext=u:r:gpsd:s0 tcontext=u:r:hal_drm_clearkey:s0 tclass=dir permissive=1
05-02 19:36:47.924 503 503 I auditd : type=1400 audit(0.0:151): avc: denied { open } for comm="gpsd" path="/proc/362/fd" dev="proc" ino=16783 scontext=u:r:gpsd:s0 tcontext=u:r:hal_drm_clearkey:s0 tclass=dir permissive=1
05-02 19:36:47.924 503 503 I auditd : type=1400 audit(0.0:152): avc: denied { read } for comm="gpsd" name="0" dev="proc" ino=21907 scontext=u:r:gpsd:s0 tcontext=u:r:hal_drm_clearkey:s0 tclass=lnk_file permissive=1
05-02 19:36:47.924 503 503 I auditd : type=1400 audit(0.0:153): avc: denied { search } for comm="gpsd" name="363" dev="proc" ino=858 scontext=u:r:gpsd:s0 tcontext=u:r:hal_gnss_default:s0 tclass=dir permissive=1
05-02 19:36:47.924 503 503 I auditd : type=1400 audit(0.0:154): avc: denied { read } for comm="gpsd" name="fd" dev="proc" ino=897 scontext=u:r:gpsd:s0 tcontext=u:r:hal_gnss_default:s0 tclass=dir permissive=1
05-02 19:36:47.924 503 503 I auditd : type=1400 audit(0.0:155): avc: denied { open } for comm="gpsd" path="/proc/363/fd" dev="proc" ino=897 scontext=u:r:gpsd:s0 tcontext=u:r:hal_gnss_default:s0 tclass=dir permissive=1
05-02 19:36:47.924 503 503 I auditd : type=1400 audit(0.0:156): avc: denied { read } for comm="gpsd" name="0" dev="proc" ino=21910 scontext=u:r:gpsd:s0 tcontext=u:r:hal_gnss_default:s0 tclass=lnk_file permissive=1
05-02 19:36:47.924 503 503 I auditd : type=1400 audit(0.0:157): avc: denied { search } for comm="gpsd" name="364" dev="proc" ino=872 scontext=u:r:gpsd:s0 tcontext=u:r:hal_graphics_allocator_default:s0 tclass=dir permissive=1
05-02 19:36:47.924 503 503 I auditd : type=1400 audit(0.0:158): avc: denied { read } for comm="gpsd" name="fd" dev="proc" ino=16781 scontext=u:r:gpsd:s0 tcontext=u:r:hal_graphics_allocator_default:s0 tclass=dir permissive=1
05-02 19:36:47.924 503 503 I auditd : type=1400 audit(0.0:159): avc: denied { open } for comm="gpsd" path="/proc/364/fd" dev="proc" ino=16781 scontext=u:r:gpsd:s0 tcontext=u:r:hal_graphics_allocator_default:s0 tclass=dir permissive=1
05-02 19:36:47.924 503 503 I auditd : type=1400 audit(0.0:160): avc: denied { read } for comm="gpsd" name="0" dev="proc" ino=21913 scontext=u:r:gpsd:s0 tcontext=u:r:hal_graphics_allocator_default:s0 tclass=lnk_file permissive=1
05-02 19:36:47.926 0 0 I : read descriptors
05-02 19:36:47.940 503 503 I auditd : type=1400 audit(0.0:161): avc: denied { search } for comm="gpsd" name="365" dev="proc" ino=17784 scontext=u:r:gpsd:s0 tcontext=u:r:hal_graphics_composer_default:s0 tclass=dir permissive=1
05-02 19:36:47.940 503 503 I auditd : type=1400 audit(0.0:162): avc: denied { read } for comm="gpsd" name="fd" dev="proc" ino=17786 scontext=u:r:gpsd:s0 tcontext=u:r:hal_graphics_composer_default:s0 tclass=dir permissive=1
05-02 19:36:47.940 503 503 I auditd : type=1400 audit(0.0:163): avc: denied { open } for comm="gpsd" path="/proc/365/fd" dev="proc" ino=17786 scontext=u:r:gpsd:s0 tcontext=u:r:hal_graphics_composer_default:s0 tclass=dir permissive=1
05-02 19:36:47.940 503 503 I auditd : type=1400 audit(0.0:164): avc: denied { read } for comm="gpsd" name="0" dev="proc" ino=21916 scontext=u:r:gpsd:s0 tcontext=u:r:hal_graphics_composer_default:s0 tclass=lnk_file permissive=1
05-02 19:36:47.940 0 0 I : read strings
05-02 19:36:47.944 503 503 I auditd : type=1400 audit(0.0:165): avc: denied { search } for comm="gpsd" name="367" dev="proc" ino=16735 scontext=u:r:gpsd:s0 tcontext=u:r:hal_health_default:s0 tclass=dir permissive=1
05-02 19:36:47.944 503 503 I auditd : type=1400 audit(0.0:166): avc: denied { read } for comm="gpsd" name="fd" dev="proc" ino=16737 scontext=u:r:gpsd:s0 tcontext=u:r:hal_health_default:s0 tclass=dir permissive=1
05-02 19:36:47.944 503 503 I auditd : type=1400 audit(0.0:167): avc: denied { open } for comm="gpsd" path="/proc/367/fd" dev="proc" ino=16737 scontext=u:r:gpsd:s0 tcontext=u:r:hal_health_default:s0 tclass=dir permissive=1
05-02 19:36:47.944 503 503 I auditd : type=1400 audit(0.0:168): avc: denied { read } for comm="gpsd" name="0" dev="proc" ino=20724 scontext=u:r:gpsd:s0 tcontext=u:r:hal_health_default:s0 tclass=lnk_file permissive=1
05-02 19:36:47.944 503 503 I auditd : type=1400 audit(0.0:169): avc: denied { read } for comm="gpsd" scontext=u:r:gpsd:s0 tcontext=u:r:mediacodec:s0 tclass=file permissive=1
05-02 19:36:47.944 503 503 I auditd : type=1400 audit(0.0:170): avc: denied { search } for comm="gpsd" name="368" dev="proc" ino=17748 scontext=u:r:gpsd:s0 tcontext=u:r:mediacodec:s0 tclass=dir permissive=1
05-02 19:36:47.944 503 503 I auditd : type=1400 audit(0.0:171): avc: denied { read } for comm="gpsd" name="fd" dev="proc" ino=17750 scontext=u:r:gpsd:s0 tcontext=u:r:mediacodec:s0 tclass=dir permissive=1
05-02 19:36:47.944 503 503 I auditd : type=1400 audit(0.0:172): avc: denied { open } for comm="gpsd" path="/proc/368/fd" dev="proc" ino=17750 scontext=u:r:gpsd:s0 tcontext=u:r:mediacodec:s0 tclass=dir permissive=1
05-02 19:36:47.944 503 503 I auditd : type=1400 audit(0.0:173): avc: denied { read } for comm="gpsd" name="0" dev="proc" ino=20727 scontext=u:r:gpsd:s0 tcontext=u:r:mediacodec:s0 tclass=lnk_file permissive=1
05-02 19:36:47.944 503 503 I auditd : type=1400 audit(0.0:174): avc: denied { read } for comm="gpsd" scontext=u:r:gpsd:s0 tcontext=u:r:hal_memtrack_default:s0 tclass=file permissive=1
05-02 19:36:47.944 503 503 I auditd : type=1400 audit(0.0:175): avc: denied { search } for comm="gpsd" name="369" dev="proc" ino=16739 scontext=u:r:gpsd:s0 tcontext=u:r:hal_memtrack_default:s0 tclass=dir permissive=1
05-02 19:36:47.944 503 503 I auditd : type=1400 audit(0.0:176): avc: denied { read } for comm="gpsd" name="fd" dev="proc" ino=16746 scontext=u:r:gpsd:s0 tcontext=u:r:hal_memtrack_default:s0 tclass=dir permissive=1
05-02 19:36:47.944 503 503 I auditd : type=1400 audit(0.0:177): avc: denied { open } for comm="gpsd" path="/proc/369/fd" dev="proc" ino=16746 scontext=u:r:gpsd:s0 tcontext=u:r:hal_memtrack_default:s0 tclass=dir permissive=1
05-02 19:36:47.944 503 503 I auditd : type=1400 audit(0.0:178): avc: denied { read } for comm="gpsd" name="0" dev="proc" ino=20730 scontext=u:r:gpsd:s0 tcontext=u:r:hal_memtrack_default:s0 tclass=lnk_file permissive=1
05-02 19:36:47.944 503 503 I auditd : type=1400 audit(0.0:179): avc: denied { read } for comm="gpsd" scontext=u:r:gpsd:s0 tcontext=u:r:hal_nfc_default:s0 tclass=file permissive=1
05-02 19:36:47.944 503 503 I auditd : type=1400 audit(0.0:180): avc: denied { search } for comm="gpsd" name="370" dev="proc" ino=16749 scontext=u:r:gpsd:s0 tcontext=u:r:hal_nfc_default:s0 tclass=dir permissive=1
05-02 19:36:47.944 503 503 I auditd : type=1400 audit(0.0:181): avc: denied { read } for comm="gpsd" name="fd" dev="proc" ino=16751 scontext=u:r:gpsd:s0 tcontext=u:r:hal_nfc_default:s0 tclass=dir permissive=1
05-02 19:36:47.944 503 503 I auditd : type=1400 audit(0.0:182): avc: denied { open } for comm="gpsd" path="/proc/370/fd" dev="proc" ino=16751 scontext=u:r:gpsd:s0 tcontext=u:r:hal_nfc_default:s0 tclass=dir permissive=1
05-02 19:36:47.944 503 503 I auditd : type=1400 audit(0.0:183): avc: denied { read } for comm="gpsd" name="0" dev="proc" ino=20733 scontext=u:r:gpsd:s0 tcontext=u:r:hal_nfc_default:s0 tclass=lnk_file permissive=1
05-02 19:36:47.944 503 503 I auditd : type=1400 audit(0.0:184): avc: denied { read } for comm="gpsd" scontext=u:r:gpsd:s0 tcontext=u:r:hal_spi:s0 tclass=file permissive=1
05-02 19:36:47.944 503 503 I auditd : type=1400 audit(0.0:185): avc: denied { search } for comm="gpsd" name="372" dev="proc" ino=17752 scontext=u:r:gpsd:s0 tcontext=u:r:hal_spi:s0 tclass=dir permissive=1
05-02 19:36:47.944 503 503 I auditd : type=1400 audit(0.0:186): avc: denied { read } for comm="gpsd" name="fd" dev="proc" ino=17754 scontext=u:r:gpsd:s0 tcontext=u:r:hal_spi:s0 tclass=dir permissive=1
05-02 19:36:47.944 503 503 I auditd : type=1400 audit(0.0:187): avc: denied { open } for comm="gpsd" path="/proc/372/fd" dev="proc" ino=17754 scontext=u:r:gpsd:s0 tcontext=u:r:hal_spi:s0 tclass=dir permissive=1
05-02 19:36:47.944 503 503 I auditd : type=1400 audit(0.0:188): avc: denied { read } for comm="gpsd" name="0" dev="proc" ino=20736 scontext=u:r:gpsd:s0 tcontext=u:r:hal_spi:s0 tclass=lnk_file permissive=1
05-02 19:36:47.944 503 503 I auditd : type=1400 audit(0.0:189): avc: denied { read } for comm="gpsd" scontext=u:r:gpsd:s0 tcontext=u:r:hal_thermal_default:s0 tclass=file permissive=1
05-02 19:36:47.944 503 503 I auditd : type=1400 audit(0.0:190): avc: denied { search } for comm="gpsd" name="373" dev="proc" ino=17798 scontext=u:r:gpsd:s0 tcontext=u:r:hal_thermal_default:s0 tclass=dir permissive=1
05-02 19:36:47.944 503 503 I auditd : type=1400 audit(0.0:191): avc: denied { read } for comm="gpsd" name="fd" dev="proc" ino=17800 scontext=u:r:gpsd:s0 tcontext=u:r:hal_thermal_default:s0 tclass=dir permissive=1
05-02 19:36:47.944 503 503 I auditd : type=1400 audit(0.0:192): avc: denied { open } for comm="gpsd" path="/proc/373/fd" dev="proc" ino=17800 scontext=u:r:gpsd:s0 tcontext=u:r:hal_thermal_default:s0 tclass=dir permissive=1
05-02 19:36:47.944 503 503 I auditd : type=1400 audit(0.0:193): avc: denied { read } for comm="gpsd" name="0" dev="proc" ino=20739 scontext=u:r:gpsd:s0 tcontext=u:r:hal_thermal_default:s0 tclass=lnk_file permissive=1
05-02 19:36:47.944 503 503 I auditd : type=1400 audit(0.0:194): avc: denied { read } for comm="gpsd" scontext=u:r:gpsd:s0 tcontext=u:r:hal_rebootescrow_default:s0 tclass=file permissive=1
05-02 19:36:47.944 503 503 I auditd : type=1400 audit(0.0:195): avc: denied { search } for comm="gpsd" name="375" dev="proc" ino=900 scontext=u:r:gpsd:s0 tcontext=u:r:hal_rebootescrow_default:s0 tclass=dir permissive=1
05-02 19:36:47.944 503 503 I auditd : type=1400 audit(0.0:196): avc: denied { read } for comm="gpsd" name="fd" dev="proc" ino=902 scontext=u:r:gpsd:s0 tcontext=u:r:hal_rebootescrow_default:s0 tclass=dir permissive=1
05-02 19:36:47.944 503 503 I auditd : type=1400 audit(0.0:197): avc: denied { open } for comm="gpsd" path="/proc/375/fd" dev="proc" ino=902 scontext=u:r:gpsd:s0 tcontext=u:r:hal_rebootescrow_default:s0 tclass=dir permissive=1
05-02 19:36:47.944 503 503 I auditd : type=1400 audit(0.0:198): avc: denied { read } for comm="gpsd" name="0" dev="proc" ino=20745 scontext=u:r:gpsd:s0 tcontext=u:r:hal_rebootescrow_default:s0 tclass=lnk_file permissive=1
05-02 19:36:47.944 503 503 I auditd : type=1400 audit(0.0:199): avc: denied { search } for comm="gpsd" name="376" dev="proc" ino=13002 scontext=u:r:gpsd:s0 tcontext=u:r:audioserver:s0 tclass=dir permissive=1
05-02 19:36:47.944 503 503 I auditd : type=1400 audit(0.0:200): avc: denied { read } for comm="gpsd" name="fd" dev="proc" ino=13008 scontext=u:r:gpsd:s0 tcontext=u:r:audioserver:s0 tclass=dir permissive=1
05-02 19:36:47.944 503 503 I auditd : type=1400 audit(0.0:201): avc: denied { open } for comm="gpsd" path="/proc/376/fd" dev="proc" ino=13008 scontext=u:r:gpsd:s0 tcontext=u:r:audioserver:s0 tclass=dir permissive=1
05-02 19:36:47.944 503 503 I auditd : type=1400 audit(0.0:202): avc: denied { read } for comm="gpsd" name="0" dev="proc" ino=20748 scontext=u:r:gpsd:s0 tcontext=u:r:audioserver:s0 tclass=lnk_file permissive=1
05-02 19:36:47.944 503 503 I auditd : type=1400 audit(0.0:203): avc: denied { read } for comm="gpsd" scontext=u:r:gpsd:s0 tcontext=u:r:credstore:s0 tclass=file permissive=1
05-02 19:36:47.944 503 503 I auditd : type=1400 audit(0.0:204): avc: denied { search } for comm="gpsd" name="377" dev="proc" ino=17826 scontext=u:r:gpsd:s0 tcontext=u:r:credstore:s0 tclass=dir permissive=1
05-02 19:36:47.944 503 503 I auditd : type=1400 audit(0.0:205): avc: denied { read } for comm="gpsd" name="fd" dev="proc" ino=17829 scontext=u:r:gpsd:s0 tcontext=u:r:credstore:s0 tclass=dir permissive=1
05-02 19:36:47.944 503 503 I auditd : type=1400 audit(0.0:206): avc: denied { open } for comm="gpsd" path="/proc/377/fd" dev="proc" ino=17829 scontext=u:r:gpsd:s0 tcontext=u:r:credstore:s0 tclass=dir permissive=1
05-02 19:36:47.948 503 503 I auditd : type=1400 audit(0.0:207): avc: denied { read } for comm="gpsd" name="0" dev="proc" ino=20751 scontext=u:r:gpsd:s0 tcontext=u:r:credstore:s0 tclass=lnk_file permissive=1
05-02 19:36:47.948 503 503 I auditd : type=1400 audit(0.0:208): avc: denied { search } for comm="gpsd" name="378" dev="proc" ino=16789 scontext=u:r:gpsd:s0 tcontext=u:r:gpuservice:s0 tclass=dir permissive=1
05-02 19:36:47.948 503 503 I auditd : type=1400 audit(0.0:209): avc: denied { read } for comm="gpsd" name="fd" dev="proc" ino=16791 scontext=u:r:gpsd:s0 tcontext=u:r:gpuservice:s0 tclass=dir permissive=1
05-02 19:36:47.948 503 503 I auditd : type=1400 audit(0.0:210): avc: denied { open } for comm="gpsd" path="/proc/378/fd" dev="proc" ino=16791 scontext=u:r:gpsd:s0 tcontext=u:r:gpuservice:s0 tclass=dir permissive=1
05-02 19:36:47.948 503 503 I auditd : type=1400 audit(0.0:211): avc: denied { read } for comm="gpsd" name="0" dev="proc" ino=20754 scontext=u:r:gpsd:s0 tcontext=u:r:gpuservice:s0 tclass=lnk_file permissive=1
05-02 19:36:47.948 503 503 I auditd : type=1400 audit(0.0:212): avc: denied { search } for comm="gpsd" name="379" dev="proc" ino=13076 scontext=u:r:gpsd:s0 tcontext=u:r:surfaceflinger:s0 tclass=dir permissive=1
05-02 19:36:47.948 503 503 I auditd : type=1400 audit(0.0:213): avc: denied { read } for comm="gpsd" name="fd" dev="proc" ino=13078 scontext=u:r:gpsd:s0 tcontext=u:r:surfaceflinger:s0 tclass=dir permissive=1
05-02 19:36:47.948 503 503 I auditd : type=1400 audit(0.0:214): avc: denied { open } for comm="gpsd" path="/proc/379/fd" dev="proc" ino=13078 scontext=u:r:gpsd:s0 tcontext=u:r:surfaceflinger:s0 tclass=dir permissive=1
05-02 19:36:47.948 503 503 I auditd : type=1400 audit(0.0:215): avc: denied { read } for comm="gpsd" name="0" dev="proc" ino=20757 scontext=u:r:gpsd:s0 tcontext=u:r:surfaceflinger:s0 tclass=lnk_file permissive=1
05-02 19:36:47.948 503 503 I auditd : type=1400 audit(0.0:216): avc: denied { search } for comm="gpsd" name="393" dev="proc" ino=16974 scontext=u:r:gpsd:s0 tcontext=u:r:mediaserver:s0 tclass=dir permissive=1
05-02 19:36:47.948 503 503 I auditd : type=1400 audit(0.0:217): avc: denied { read } for comm="gpsd" name="fd" dev="proc" ino=16980 scontext=u:r:gpsd:s0 tcontext=u:r:mediaserver:s0 tclass=dir permissive=1
05-02 19:36:47.948 503 503 I auditd : type=1400 audit(0.0:218): avc: denied { open } for comm="gpsd" path="/proc/393/fd" dev="proc" ino=16980 scontext=u:r:gpsd:s0 tcontext=u:r:mediaserver:s0 tclass=dir permissive=1
05-02 19:36:47.948 503 503 I auditd : type=1400 audit(0.0:219): avc: denied { read } for comm="gpsd" name="0" dev="proc" ino=20760 scontext=u:r:gpsd:s0 tcontext=u:r:mediaserver:s0 tclass=lnk_file permissive=1
05-02 19:36:47.948 503 503 I auditd : type=1400 audit(0.0:220): avc: denied { search } for comm="gpsd" name="394" dev="proc" ino=13147 scontext=u:r:gpsd:s0 tcontext=u:r:drmserver:s0 tclass=dir permissive=1
05-02 19:36:47.948 503 503 I auditd : type=1400 audit(0.0:221): avc: denied { read } for comm="gpsd" name="fd" dev="proc" ino=13156 scontext=u:r:gpsd:s0 tcontext=u:r:drmserver:s0 tclass=dir permissive=1
05-02 19:36:47.948 503 503 I auditd : type=1400 audit(0.0:222): avc: denied { open } for comm="gpsd" path="/proc/394/fd" dev="proc" ino=13156 scontext=u:r:gpsd:s0 tcontext=u:r:drmserver:s0 tclass=dir permissive=1
05-02 19:36:47.948 503 503 I auditd : type=1400 audit(0.0:223): avc: denied { read } for comm="gpsd" name="0" dev="proc" ino=20763 scontext=u:r:gpsd:s0 tcontext=u:r:drmserver:s0 tclass=lnk_file permissive=1
05-02 19:36:47.948 503 503 I auditd : type=1400 audit(0.0:224): avc: denied { search } for comm="gpsd" name="425" dev="proc" ino=13302 scontext=u:r:gpsd:s0 tcontext=u:r:traced_probes:s0 tclass=dir permissive=1
05-02 19:36:47.948 503 503 I auditd : type=1400 audit(0.0:225): avc: denied { read } for comm="gpsd" name="fd" dev="proc" ino=13304 scontext=u:r:gpsd:s0 tcontext=u:r:traced_probes:s0 tclass=dir permissive=1
05-02 19:36:47.948 503 503 I auditd : type=1400 audit(0.0:226): avc: denied { open } for comm="gpsd" path="/proc/425/fd" dev="proc" ino=13304 scontext=u:r:gpsd:s0 tcontext=u:r:traced_probes:s0 tclass=dir permissive=1
05-02 19:36:47.948 503 503 I auditd : type=1400 audit(0.0:227): avc: denied { read } for comm="gpsd" name="0" dev="proc" ino=20766 scontext=u:r:gpsd:s0 tcontext=u:r:traced_probes:s0 tclass=lnk_file permissive=1
05-02 19:36:47.948 503 503 I auditd : type=1400 audit(0.0:228): avc: denied { search } for comm="gpsd" name="430" dev="proc" ino=18648 scontext=u:r:gpsd:s0 tcontext=u:r:traced:s0 tclass=dir permissive=1
05-02 19:36:47.948 503 503 I auditd : type=1400 audit(0.0:229): avc: denied { read } for comm="gpsd" name="fd" dev="proc" ino=18653 scontext=u:r:gpsd:s0 tcontext=u:r:traced:s0 tclass=dir permissive=1
05-02 19:36:47.948 503 503 I auditd : type=1400 audit(0.0:230): avc: denied { open } for comm="gpsd" path="/proc/430/fd" dev="proc" ino=18653 scontext=u:r:gpsd:s0 tcontext=u:r:traced:s0 tclass=dir permissive=1
05-02 19:36:47.948 503 503 I auditd : type=1400 audit(0.0:231): avc: denied { read } for comm="gpsd" name="0" dev="proc" ino=20770 scontext=u:r:gpsd:s0 tcontext=u:r:traced:s0 tclass=lnk_file permissive=1
05-02 19:36:47.948 503 503 I auditd : type=1400 audit(0.0:232): avc: denied { search } for comm="gpsd" name="462" dev="proc" ino=18275 scontext=u:r:gpsd:s0 tcontext=u:r:cameraserver:s0 tclass=dir permissive=1
05-02 19:36:47.948 503 503 I auditd : type=1400 audit(0.0:233): avc: denied { read } for comm="gpsd" name="fd" dev="proc" ino=18277 scontext=u:r:gpsd:s0 tcontext=u:r:cameraserver:s0 tclass=dir permissive=1
05-02 19:36:47.948 503 503 I auditd : type=1400 audit(0.0:234): avc: denied { open } for comm="gpsd" path="/proc/462/fd" dev="proc" ino=18277 scontext=u:r:gpsd:s0 tcontext=u:r:cameraserver:s0 tclass=dir permissive=1
05-02 19:36:47.952 503 503 I auditd : type=1400 audit(0.0:235): avc: denied { read } for comm="gpsd" name="0" dev="proc" ino=20775 scontext=u:r:gpsd:s0 tcontext=u:r:cameraserver:s0 tclass=lnk_file permissive=1
05-02 19:36:47.952 503 503 I auditd : type=1400 audit(0.0:236): avc: denied { search } for comm="gpsd" name="463" dev="proc" ino=18254 scontext=u:r:gpsd:s0 tcontext=u:r:idmap:s0 tclass=dir permissive=1
05-02 19:36:47.952 503 503 I auditd : type=1400 audit(0.0:237): avc: denied { read } for comm="gpsd" name="fd" dev="proc" ino=18256 scontext=u:r:gpsd:s0 tcontext=u:r:idmap:s0 tclass=dir permissive=1
05-02 19:36:47.952 503 503 I auditd : type=1400 audit(0.0:238): avc: denied { open } for comm="gpsd" path="/proc/463/fd" dev="proc" ino=18256 scontext=u:r:gpsd:s0 tcontext=u:r:idmap:s0 tclass=dir permissive=1
05-02 19:36:47.952 503 503 I auditd : type=1400 audit(0.0:239): avc: denied { read } for comm="gpsd" name="0" dev="proc" ino=20778 scontext=u:r:gpsd:s0 tcontext=u:r:idmap:s0 tclass=lnk_file permissive=1
05-02 19:36:47.952 503 503 I auditd : type=1400 audit(0.0:240): avc: denied { search } for comm="gpsd" name="465" dev="proc" ino=17083 scontext=u:r:gpsd:s0 tcontext=u:r:incidentd:s0 tclass=dir permissive=1
05-02 19:36:47.952 503 503 I auditd : type=1400 audit(0.0:241): avc: denied { read } for comm="gpsd" name="fd" dev="proc" ino=17085 scontext=u:r:gpsd:s0 tcontext=u:r:incidentd:s0 tclass=dir permissive=1
05-02 19:36:47.952 503 503 I auditd : type=1400 audit(0.0:242): avc: denied { open } for comm="gpsd" path="/proc/465/fd" dev="proc" ino=17085 scontext=u:r:gpsd:s0 tcontext=u:r:incidentd:s0 tclass=dir permissive=1
05-02 19:36:47.952 503 503 I auditd : type=1400 audit(0.0:243): avc: denied { read } for comm="gpsd" name="0" dev="proc" ino=20782 scontext=u:r:gpsd:s0 tcontext=u:r:incidentd:s0 tclass=lnk_file permissive=1
05-02 19:36:47.956 503 503 I auditd : type=1400 audit(0.0:244): avc: denied { search } for comm="gpsd" name="467" dev="proc" ino=17107 scontext=u:r:gpsd:s0 tcontext=u:r:keystore:s0 tclass=dir permissive=1
05-02 19:36:47.956 503 503 I auditd : type=1400 audit(0.0:245): avc: denied { read } for comm="gpsd" name="fd" dev="proc" ino=17109 scontext=u:r:gpsd:s0 tcontext=u:r:keystore:s0 tclass=dir permissive=1
05-02 19:36:47.956 503 503 I auditd : type=1400 audit(0.0:246): avc: denied { open } for comm="gpsd" path="/proc/467/fd" dev="proc" ino=17109 scontext=u:r:gpsd:s0 tcontext=u:r:keystore:s0 tclass=dir permissive=1
05-02 19:36:47.956 503 503 I auditd : type=1400 audit(0.0:247): avc: denied { read } for comm="gpsd" name="0" dev="proc" ino=20788 scontext=u:r:gpsd:s0 tcontext=u:r:keystore:s0 tclass=lnk_file permissive=1
05-02 19:36:47.956 503 503 I auditd : type=1400 audit(0.0:248): avc: denied { search } for comm="gpsd" name="468" dev="proc" ino=19535 scontext=u:r:gpsd:s0 tcontext=u:r:mediaextractor:s0 tclass=dir permissive=1
05-02 19:36:47.956 503 503 I auditd : type=1400 audit(0.0:249): avc: denied { read } for comm="gpsd" name="fd" dev="proc" ino=19537 scontext=u:r:gpsd:s0 tcontext=u:r:mediaextractor:s0 tclass=dir permissive=1
05-02 19:36:47.956 503 503 I auditd : type=1400 audit(0.0:250): avc: denied { open } for comm="gpsd" path="/proc/468/fd" dev="proc" ino=19537 scontext=u:r:gpsd:s0 tcontext=u:r:mediaextractor:s0 tclass=dir permissive=1
05-02 19:36:47.956 503 503 I auditd : type=1400 audit(0.0:251): avc: denied { read } for comm="gpsd" name="0" dev="proc" ino=20791 scontext=u:r:gpsd:s0 tcontext=u:r:mediaextractor:s0 tclass=lnk_file permissive=1
05-02 19:36:47.956 503 503 I auditd : type=1400 audit(0.0:252): avc: denied { search } for comm="gpsd" name="469" dev="proc" ino=18711 scontext=u:r:gpsd:s0 tcontext=u:r:mediametrics:s0 tclass=dir permissive=1
05-02 19:36:47.956 503 503 I auditd : type=1400 audit(0.0:253): avc: denied { read } for comm="gpsd" name="fd" dev="proc" ino=18713 scontext=u:r:gpsd:s0 tcontext=u:r:mediametrics:s0 tclass=dir permissive=1
05-02 19:36:47.956 503 503 I auditd : type=1400 audit(0.0:254): avc: denied { open } for comm="gpsd" path="/proc/469/fd" dev="proc" ino=18713 scontext=u:r:gpsd:s0 tcontext=u:r:mediametrics:s0 tclass=dir permissive=1
05-02 19:36:47.956 503 503 I auditd : type=1400 audit(0.0:255): avc: denied { read } for comm="gpsd" name="0" dev="proc" ino=20794 scontext=u:r:gpsd:s0 tcontext=u:r:mediametrics:s0 tclass=lnk_file permissive=1
05-02 19:36:47.956 503 503 I auditd : type=1400 audit(0.0:256): avc: denied { search } for comm="gpsd" name="470" dev="proc" ino=18743 scontext=u:r:gpsd:s0 tcontext=u:r:storaged:s0 tclass=dir permissive=1
05-02 19:36:47.956 503 503 I auditd : type=1400 audit(0.0:257): avc: denied { read } for comm="gpsd" name="fd" dev="proc" ino=18745 scontext=u:r:gpsd:s0 tcontext=u:r:storaged:s0 tclass=dir permissive=1
05-02 19:36:47.956 503 503 I auditd : type=1400 audit(0.0:258): avc: denied { open } for comm="gpsd" path="/proc/470/fd" dev="proc" ino=18745 scontext=u:r:gpsd:s0 tcontext=u:r:storaged:s0 tclass=dir permissive=1
05-02 19:36:47.956 503 503 I auditd : type=1400 audit(0.0:259): avc: denied { read } for comm="gpsd" name="0" dev="proc" ino=20797 scontext=u:r:gpsd:s0 tcontext=u:r:storaged:s0 tclass=lnk_file permissive=1
05-02 19:36:47.956 503 503 I auditd : type=1400 audit(0.0:260): avc: denied { search } for comm="gpsd" name="471" dev="proc" ino=18315 scontext=u:r:gpsd:s0 tcontext=u:r:wificond:s0 tclass=dir permissive=1
05-02 19:36:47.956 503 503 I auditd : type=1400 audit(0.0:261): avc: denied { read } for comm="gpsd" name="fd" dev="proc" ino=18323 scontext=u:r:gpsd:s0 tcontext=u:r:wificond:s0 tclass=dir permissive=1
05-02 19:36:47.956 503 503 I auditd : type=1400 audit(0.0:262): avc: denied { open } for comm="gpsd" path="/proc/471/fd" dev="proc" ino=18323 scontext=u:r:gpsd:s0 tcontext=u:r:wificond:s0 tclass=dir permissive=1
05-02 19:36:47.956 503 503 I auditd : type=1400 audit(0.0:263): avc: denied { read } for comm="gpsd" name="0" dev="proc" ino=20800 scontext=u:r:gpsd:s0 tcontext=u:r:wificond:s0 tclass=lnk_file permissive=1
05-02 19:36:47.956 503 503 I auditd : type=1400 audit(0.0:264): avc: denied { search } for comm="gpsd" name="477" dev="proc" ino=19670 scontext=u:r:gpsd:s0 tcontext=u:r:libtelit_rild:s0 tclass=dir permissive=1
05-02 19:36:47.956 503 503 I auditd : type=1400 audit(0.0:265): avc: denied { read } for comm="gpsd" name="fd" dev="proc" ino=19672 scontext=u:r:gpsd:s0 tcontext=u:r:libtelit_rild:s0 tclass=dir permissive=1
05-02 19:36:47.956 503 503 I auditd : type=1400 audit(0.0:266): avc: denied { open } for comm="gpsd" path="/proc/477/fd" dev="proc" ino=19672 scontext=u:r:gpsd:s0 tcontext=u:r:libtelit_rild:s0 tclass=dir permissive=1
05-02 19:36:47.956 503 503 I auditd : type=1400 audit(0.0:267): avc: denied { read } for comm="gpsd" name="0" dev="proc" ino=20809 scontext=u:r:gpsd:s0 tcontext=u:r:libtelit_rild:s0 tclass=lnk_file permissive=1
05-02 19:36:47.956 503 503 I auditd : type=1400 audit(0.0:268): avc: denied { search } for comm="gpsd" name="478" dev="proc" ino=18364 scontext=u:r:gpsd:s0 tcontext=u:r:mediaswcodec:s0 tclass=dir permissive=1
05-02 19:36:47.956 503 503 I auditd : type=1400 audit(0.0:269): avc: denied { read } for comm="gpsd" name="fd" dev="proc" ino=18388 scontext=u:r:gpsd:s0 tcontext=u:r:mediaswcodec:s0 tclass=dir permissive=1
05-02 19:36:47.956 503 503 I auditd : type=1400 audit(0.0:270): avc: denied { open } for comm="gpsd" path="/proc/478/fd" dev="proc" ino=18388 scontext=u:r:gpsd:s0 tcontext=u:r:mediaswcodec:s0 tclass=dir permissive=1
05-02 19:36:47.956 503 503 I auditd : type=1400 audit(0.0:271): avc: denied { read } for comm="gpsd" name="0" dev="proc" ino=20812 scontext=u:r:gpsd:s0 tcontext=u:r:mediaswcodec:s0 tclass=lnk_file permissive=1
05-02 19:36:47.960 503 503 I auditd : type=1400 audit(0.0:272): avc: denied { search } for comm="gpsd" name="480" dev="proc" ino=18747 scontext=u:r:gpsd:s0 tcontext=u:r:bootanim:s0 tclass=dir permissive=1
05-02 19:36:47.960 503 503 I auditd : type=1400 audit(0.0:273): avc: denied { read } for comm="gpsd" name="fd" dev="proc" ino=18749 scontext=u:r:gpsd:s0 tcontext=u:r:bootanim:s0 tclass=dir permissive=1
05-02 19:36:47.960 503 503 I auditd : type=1400 audit(0.0:274): avc: denied { open } for comm="gpsd" path="/proc/480/fd" dev="proc" ino=18749 scontext=u:r:gpsd:s0 tcontext=u:r:bootanim:s0 tclass=dir permissive=1
05-02 19:36:47.960 503 503 I auditd : type=1400 audit(0.0:275): avc: denied { read } for comm="gpsd" name="0" dev="proc" ino=20815 scontext=u:r:gpsd:s0 tcontext=u:r:bootanim:s0 tclass=lnk_file permissive=1
05-02 19:36:47.964 503 503 I auditd : type=1400 audit(0.0:276): avc: denied { read } for comm="gpsd" scontext=u:r:gpsd:s0 tcontext=u:r:gatekeeperd:s0 tclass=file permissive=1
05-02 19:36:47.964 503 503 I auditd : type=1400 audit(0.0:277): avc: denied { search } for comm="gpsd" name="482" dev="proc" ino=19738 scontext=u:r:gpsd:s0 tcontext=u:r:gatekeeperd:s0 tclass=dir permissive=1
05-02 19:36:47.964 503 503 I auditd : type=1400 audit(0.0:278): avc: denied { read } for comm="gpsd" name="fd" dev="proc" ino=19740 scontext=u:r:gpsd:s0 tcontext=u:r:gatekeeperd:s0 tclass=dir permissive=1
05-02 19:36:47.964 503 503 I auditd : type=1400 audit(0.0:279): avc: denied { open } for comm="gpsd" path="/proc/482/fd" dev="proc" ino=19740 scontext=u:r:gpsd:s0 tcontext=u:r:gatekeeperd:s0 tclass=dir permissive=1
05-02 19:36:47.967 0 0 W audit : audit_backlog=65 > audit_backlog_limit=64
05-02 19:36:47.984 503 503 I auditd : type=1400 audit(0.0:280): avc: denied { ioctl } for comm="gpsd" path="/dev/ttymxc1" dev="tmpfs" ino=244 ioctlcmd=0x540c scontext=u:r:gpsd:s0 tcontext=u:object_r:gps_device:s0 tclass=chr_file permissive=1
05-02 19:36:47.988 0 0 W audit : audit_lost=1 audit_rate_limit=0 audit_backlog_limit=64
05-02 19:36:47.988 0 0 E audit : backlog limit exceeded
05-02 19:36:48.030 477 501 I RIL-SERIAL: device opened
05-02 19:36:48.030 477 501 I RIL-SERIAL: calling at_open
05-02 19:36:48.031 477 501 I RIL-SERIAL: requesting TimedCallback
05-02 19:36:48.031 477 499 I RIL-SERIAL: initializeCallback
05-02 19:36:48.031 477 499 D RIL : setRadioState(1)
05-02 19:36:48.031 477 499 D AT : AT> ATE0Q0V1
05-02 19:36:48.184 503 503 I auditd : type=1400 audit(0.0:281): avc: denied { ioctl } for comm="gpsd" path="/dev/ttymxc1" dev="tmpfs" ino=244 ioctlcmd=0x540b scontext=u:r:gpsd:s0 tcontext=u:object_r:gps_device:s0 tclass=chr_file permissive=1
05-02 19:36:48.279 480 529 D BootAnimation: BootAnimationShownTiming start time: 34214ms
05-02 19:36:48.531 477 499 D AT : pthread_cond_timedwait ETIMEDOUT
05-02 19:36:48.531 477 499 D AT : AT> ATE0Q0V1
05-02 19:36:48.638 0 0 I android_work: sent uevent USB_STATE=CONNECTED
05-02 19:36:48.747 0 0 I android_work: sent uevent USB_STATE=CONFIGURED
05-02 19:36:49.032 477 499 D AT : pthread_cond_timedwait ETIMEDOUT
05-02 19:36:49.032 477 499 D AT : AT> ATE0Q0V1
05-02 19:36:49.156 347 347 D TelephonyManager: No /proc/cmdline exception=java.io.FileNotFoundException: /proc/cmdline: open failed: EACCES (Permission denied)
05-02 19:36:49.156 347 347 D TelephonyManager: /proc/cmdline=
05-02 19:36:49.532 477 499 D AT : pthread_cond_timedwait ETIMEDOUT
05-02 19:36:49.532 477 499 D AT : AT> ATE0Q0V1
05-02 19:36:49.875 0 0 I VSD_3V3 : disabling
05-02 19:36:49.893 347 347 D Zygote64Timing: PreloadClasses took to complete: 2777ms
05-02 19:36:49.910 347 347 D Zygote64Timing: CacheNonBootClasspathClassLoaders took to complete: 18ms
05-02 19:36:49.969 347 347 D Zygote64Timing: PreloadResources took to complete: 59ms
05-02 19:36:50.032 477 499 D AT : pthread_cond_timedwait ETIMEDOUT
05-02 19:36:50.032 477 499 D AT : AT> ATE0Q0V1
05-02 19:36:50.079 347 347 I boot_progress_preload_end: 36014
05-02 19:36:50.079 347 347 D Zygote64Timing: ZygotePreload took to complete: 3037ms
05-02 19:36:50.144 503 503 I auditd : type=1400 audit(0.0:282): avc: denied { getattr } for comm="gpsd" path="/dev/ttymxc1" dev="tmpfs" ino=244 scontext=u:r:gpsd:s0 tcontext=u:object_r:gps_device:s0 tclass=chr_file permissive=1
05-02 19:36:50.144 503 503 I auditd : type=1400 audit(0.0:283): avc: denied { setattr } for comm="gpsd" name="ttymxc1" dev="tmpfs" ino=244 scontext=u:r:gpsd:s0 tcontext=u:object_r:gps_device:s0 tclass=chr_file permissive=1
05-02 19:36:50.144 503 503 I auditd : type=1400 audit(0.0:284): avc: denied { fsetid } for comm="gpsd" capability=4 scontext=u:r:gpsd:s0 tcontext=u:r:gpsd:s0 tclass=capability permissive=1
05-02 19:36:50.220 347 347 D Zygote64Timing: PostZygoteInitGC took to complete: 142ms
05-02 19:36:50.220 347 347 D Zygote64Timing: ZygoteInit took to complete: 3190ms
05-02 19:36:50.532 477 499 D AT : pthread_cond_timedwait ETIMEDOUT
05-02 19:36:50.533 477 499 D AT : AT> ATE0Q0V1
05-02 19:36:50.648 503 503 I auditd : type=1400 audit(0.0:285): avc: denied { ioctl } for comm="gpsd" path="/dev/ttymxc1" dev="tmpfs" ino=244 ioctlcmd=0x5401 scontext=u:r:gpsd:s0 tcontext=u:object_r:gps_device:s0 tclass=chr_file permissive=1
05-02 19:36:51.033 477 499 D AT : pthread_cond_timedwait ETIMEDOUT
05-02 19:36:51.033 477 499 D AT : AT> ATE0Q0V1
05-02 19:36:51.322 534 534 I chatty : uid=1000(system) Binder:534_3 expire 167 lines
05-02 19:36:51.324 534 534 I system_server_start: [1,37258,37258]
05-02 19:36:51.367 534 534 I boot_progress_system_run: 37302
05-02 19:36:51.533 477 499 D AT : pthread_cond_timedwait ETIMEDOUT
05-02 19:36:51.533 477 499 D AT : AT> ATE0Q0V1
05-02 19:36:51.681 534 576 I chatty : uid=1000(system) Binder:534_3 expire 78 lines
05-02 19:36:51.681 0 0 D spidev spi0.0: spi_imx_setup: mode 4, 8 bpw, 500000 hz
05-02 19:36:51.681 0 0 D spidev spi0.0: setup mode 0, cs_high, 8 bits/w, 500000 Hz max --> 0
05-02 19:36:51.681 0 0 D spidev spi0.0: spi mode 4
05-02 19:36:51.681 0 0 D spidev spi0.0: spi_imx_setup: mode 4, 8 bpw, 500000 hz
05-02 19:36:51.681 0 0 D spidev spi0.0: setup mode 0, cs_high, 8 bits/w, 500000 Hz max --> 0
05-02 19:36:51.681 0 0 D spidev spi0.0: 8 bits per word
05-02 19:36:51.682 0 0 D spidev spi0.0: spi_imx_setup: mode 4, 8 bpw, 500000 hz
05-02 19:36:51.682 0 0 D spidev spi0.0: setup mode 0, cs_high, 8 bits/w, 500000 Hz max --> 0
05-02 19:36:51.682 0 0 D spidev spi0.0: 500000 Hz (max)
05-02 19:36:51.830 534 584 I chatty : uid=1000(system) batterystats-wo expire 8 lines
05-02 19:36:51.869 534 577 I commit_sys_config_file: [batterystats,26]
05-02 19:36:51.888 534 577 I commit_sys_config_file: [batterystats,19]
05-02 19:36:51.959 534 577 I chatty : uid=1000(system) android.bg expire 1 line
05-02 19:36:51.960 534 534 I rescue_note: [0,1,37895]
05-02 19:36:51.985 534 571 I chatty : uid=1000(system) android.display expire 2 lines
05-02 19:36:52.018 534 571 I commit_sys_config_file: [display-state,31]
05-02 19:36:52.021 534 534 I chatty : uid=1000(system) Binder:534_3 expire 238 lines
05-02 19:36:52.025 534 534 I boot_progress_pms_start: 37960
05-02 19:36:52.034 477 499 D AT : pthread_cond_timedwait ETIMEDOUT
05-02 19:36:52.034 477 499 D AT : AT> ATE0Q0V1
05-02 19:36:52.123 534 534 I pm_critical_info: No settings file; creating initial state
05-02 19:36:52.125 534 534 I boot_progress_pms_system_scan_start: 38060
05-02 19:36:52.140 0 0 E apexd : Can't open /system_ext/apex for reading : No such file or directory
05-02 19:36:52.148 0 0 E apexd : Can't open /product/apex for reading : No such file or directory
05-02 19:36:52.156 0 0 E apexd : Can't open /vendor/apex for reading : No such file or directory
05-02 19:36:52.324 534 598 I chatty : uid=1000(system) Binder:534_3 expire 6 lines
05-02 19:36:52.384 534 595 I chatty : uid=1000(system) Binder:534_3 expire 5 lines
05-02 19:36:52.388 534 596 I chatty : uid=1000(system) Binder:534_3 expire 4 lines
05-02 19:36:52.534 477 499 D AT : pthread_cond_timedwait ETIMEDOUT
05-02 19:36:52.534 477 499 D AT : AT> ATE0Q0V1
05-02 19:36:52.807 470 470 E storaged: getService package_native failed
05-02 19:36:52.814 470 602 I storaged: storaged: Start
05-02 19:36:53.034 477 499 D AT : pthread_cond_timedwait ETIMEDOUT
05-02 19:36:53.034 477 499 D AT : AT> ATE0Q0V1
05-02 19:36:53.535 477 499 D AT : pthread_cond_timedwait ETIMEDOUT
05-02 19:36:53.535 477 499 D AT : AT> ATE0Q0V1
05-02 19:36:54.035 477 499 D AT : pthread_cond_timedwait ETIMEDOUT
05-02 19:36:54.035 477 499 D AT : AT> ATE0Q0V1
05-02 19:36:54.497 534 597 I chatty : uid=1000(system) Binder:534_3 expire 3 lines
05-02 19:36:54.535 477 499 D AT : pthread_cond_timedwait ETIMEDOUT
05-02 19:36:54.535 477 499 D AT : AT> ATE0Q0V1
05-02 19:36:55.035 477 499 D AT : pthread_cond_timedwait ETIMEDOUT
05-02 19:36:55.035 477 499 D AT : AT> ATE0Q0V1
05-02 19:36:55.483 0 0 I AidlLazyServiceRegistrar: Process has 1 (of 1 available) client(s) in use after notification android.apex.IApexService has clients: 1
05-02 19:36:55.497 0 0 I AidlLazyServiceRegistrar: Process has 0 (of 1 available) client(s) in use after notification android.apex.IApexService has clients: 0
05-02 19:36:55.510 0 0 I AidlLazyServiceRegistrar: Shutdown prevented by forcePersist override flag.
05-02 19:36:55.536 477 499 D AT : pthread_cond_timedwait ETIMEDOUT
05-02 19:36:55.536 477 499 D AT : AT> ATE0Q0V1
05-02 19:36:55.657 534 534 I service_manager_stats: [100,65,41593]
05-02 19:36:55.859 0 0 I android_work: sent uevent USB_STATE=DISCONNECTED
05-02 19:36:55.863 0 0 I init : Service 'adbd' (pid 493) exited with status 1
05-02 19:36:55.871 0 0 I init : Sending signal 9 to service 'adbd' (pid 493) process group...
05-02 19:36:55.879 0 0 I libprocessgroup: Successfully killed process cgroup uid 0 pid 493 in 0ms
05-02 19:36:55.888 0 0 I init : starting service 'adbd'...
05-02 19:36:55.892 534 534 I pm_critical_info: Adding duplicate shared id: 1000 name=android
05-02 19:36:55.894 0 0 I init : Created socket '/dev/socket/adbd', mode 660, user 1000, group 1000
05-02 19:36:55.930 0 0 I : read descriptors
05-02 19:36:55.935 0 0 I : read strings
05-02 19:36:55.955 534 534 I pm_critical_info: Adding duplicate shared id: 1000 name=com.android.dynsystem
05-02 19:36:56.008 534 534 I pm_critical_info: Adding duplicate app id: 10065 name=com.android.mtp
05-02 19:36:56.021 534 534 I pm_critical_info: Adding duplicate shared id: 1000 name=com.android.location.fused
05-02 19:36:56.037 477 499 D AT : pthread_cond_timedwait ETIMEDOUT
05-02 19:36:56.038 477 499 D AT : AT> ATE0Q0V1
05-02 19:36:56.044 534 534 I pm_critical_info: Adding duplicate app id: 10068 name=com.android.calllogbackup
05-02 19:36:56.053 534 534 I pm_critical_info: Adding duplicate shared id: 1000 name=com.android.localtransport
05-02 19:36:56.063 534 534 I pm_critical_info: Adding duplicate app id: 10065 name=com.android.providers.media
05-02 19:36:56.076 534 534 I pm_critical_info: Adding duplicate app id: 10068 name=com.android.providers.userdictionary
05-02 19:36:56.083 534 534 I pm_critical_info: Adding duplicate app id: 10068 name=com.android.providers.blockednumber
05-02 19:36:56.090 534 534 I pm_critical_info: Adding duplicate shared id: 1073 name=com.android.networkstack
05-02 19:36:56.098 534 534 I pm_critical_info: Adding duplicate shared id: 1073 name=com.android.networkstack.permissionconfig
05-02 19:36:56.106 534 534 I pm_critical_info: Adding duplicate app id: 10069 name=com.android.providers.calendar
05-02 19:36:56.115 534 534 I pm_critical_info: Adding duplicate shared id: 1000 name=com.android.providers.settings
05-02 19:36:56.127 534 534 I pm_critical_info: Adding duplicate shared id: 1000 name=com.android.server.telecom
05-02 19:36:56.149 534 534 I pm_critical_info: Adding duplicate shared id: 1001 name=com.android.providers.telephony
05-02 19:36:56.159 534 534 I pm_critical_info: Adding duplicate shared id: 1001 name=com.android.phone
05-02 19:36:56.176 534 534 I pm_critical_info: Adding duplicate shared id: 1001 name=com.android.ons
05-02 19:36:56.185 534 534 I pm_critical_info: Adding duplicate shared id: 1000 name=com.android.inputdevices
05-02 19:36:56.194 534 534 I pm_critical_info: Adding duplicate app id: 10065 name=com.android.providers.downloads.ui
05-02 19:36:56.205 534 534 I pm_critical_info: Adding duplicate app id: 10065 name=com.android.providers.downloads
05-02 19:36:56.213 534 534 I pm_critical_info: Adding duplicate shared id: 1001 name=com.android.mms.service
05-02 19:36:56.228 534 534 I pm_critical_info: Adding duplicate app id: 10065 name=com.android.soundpicker
05-02 19:36:56.274 534 534 I pm_critical_info: Adding duplicate app id: 10068 name=com.android.providers.contacts
05-02 19:36:56.289 534 534 I pm_critical_info: Adding duplicate shared id: 2000 name=com.android.shell
05-02 19:36:56.342 534 534 I pm_critical_info: Adding duplicate shared id: 1000 name=com.android.wallpaperbackup
05-02 19:36:56.353 534 534 I chatty : uid=1000(system) Binder:534_3 expire 209 lines
05-02 19:36:56.363 534 595 I chatty : uid=1000(system) Binder:534_3 expire 2 lines
05-02 19:36:56.410 534 534 I pm_critical_info: Adding duplicate shared id: 1027 name=com.android.nfc
05-02 19:36:56.422 534 534 I pm_critical_info: Adding duplicate shared id: 1068 name=com.android.se
05-02 19:36:56.441 534 534 I pm_critical_info: Adding duplicate shared id: 1001 name=com.android.stk
05-02 19:36:56.485 534 534 I pm_critical_info: Adding duplicate shared id: 1002 name=com.android.bluetooth
05-02 19:36:56.510 534 534 I pm_critical_info: Adding duplicate shared id: 1000 name=com.android.keychain
05-02 19:36:56.538 477 499 D AT : pthread_cond_timedwait ETIMEDOUT
05-02 19:36:56.538 477 499 D AT : AT> ATE0Q0V1
05-02 19:36:56.570 0 0 I android_work: sent uevent USB_STATE=CONNECTED
05-02 19:36:56.601 534 596 I chatty : uid=1000(system) Binder:534_3 expire 3 lines
05-02 19:36:56.614 0 0 I android_work: sent uevent USB_STATE=CONFIGURED
05-02 19:36:56.901 534 534 I pm_critical_info: Adding duplicate shared id: 1000 name=com.fsl.ethernet
05-02 19:36:56.971 534 534 I pm_critical_info: Adding duplicate app id: 10120 name=com.android.emergency
05-02 19:36:57.038 477 499 D AT : pthread_cond_timedwait ETIMEDOUT
05-02 19:36:57.038 477 499 D AT : AT> ATE0Q0V1
05-02 19:36:57.257 534 534 I pm_critical_info: Adding duplicate app id: 10121 name=com.android.systemui
05-02 19:36:57.312 534 534 I pm_critical_info: Adding duplicate shared id: 1000 name=com.android.settings
05-02 19:36:57.535 534 534 I pm_critical_info: Adding duplicate shared id: 1073 name=com.android.cellbroadcastservice
05-02 19:36:57.539 477 499 D AT : pthread_cond_timedwait ETIMEDOUT
05-02 19:36:57.539 477 499 D AT : AT> ATE0Q0V1
05-02 19:36:57.572 534 534 I pm_critical_info: Adding duplicate shared id: 1073 name=com.android.networkstack.tethering
05-02 19:36:57.603 534 534 I boot_progress_pms_data_scan_start: 43539
05-02 19:36:57.612 534 534 I boot_progress_pms_scan_end: 43547
05-02 19:36:57.794 534 615 I chatty : uid=1000(system) Binder:534_3 expire 7 lines
05-02 19:36:57.876 470 602 E storaged: getService package_native failed
05-02 19:36:58.039 477 499 D AT : pthread_cond_timedwait ETIMEDOUT
05-02 19:36:58.039 477 499 E RIL-SERIAL: *** AT handshake failed, modem probing and initialization is not continuing ***
05-02 19:36:58.150 534 534 I commit_sys_config_file: [package-user-0,25]
05-02 19:36:58.151 534 534 I commit_sys_config_file: [package,357]
05-02 19:36:58.151 534 534 I boot_progress_pms_ready: 44086
05-02 19:36:58.181 534 608 I dvm_lock_sample: [system_server,0,AsyncTask #1,2270,PermissionSettings.java,85,com.android.server.pm.permission.BasePermission com.android.server.pm.permission.PermissionSettings.getPermission(java.lang.String),PackageManagerService.java,7142,java.lang.String com.android.server.pm.PackageManagerService.getInstantAppPackageName(int),100]
05-02 19:36:58.182 534 568 I dvm_lock_sample: [system_server,0,android.fg,567,PermissionManagerService.java,2226,void com.android.server.pm.permission.PermissionManagerService.doNotifyRuntimePermissionStateChanged(java.lang.String, int),PackageManagerService.java,7142,java.lang.String com.android.server.pm.PackageManagerService.getInstantAppPackageName(int),100]
05-02 19:36:58.182 534 568 I chatty : uid=1000(system) android.fg expire 2 lines
05-02 19:36:58.182 534 615 I dvm_lock_sample: [system_server,0,system-server-init-thread2,385,PackageManagerService.java,3481,void com.android.server.pm.PackageManagerService.lambda$new$9$PackageManagerService(java.util.List, int),-,7142,java.lang.String com.android.server.pm.PackageManagerService.getInstantAppPackageName(int),77]
05-02 19:36:58.190 534 608 I chatty : uid=1000(system) AsyncTask #1 expire 187 lines
05-02 19:36:58.333 534 566 I chatty : uid=1000(system) Binder:534_2 expire 1 line
05-02 19:36:58.341 534 534 I am_uid_running: 1000
