05-02 19:49:25.301 534 994 I dvm_lock_sample: [system_server,1,Binder:534_C,55,ActivityTaskManagerService.java,4498,int com.android.server.wm.ActivityTaskManagerService.getLastResumedActivityUserId(),WindowManagerService.java,4500,void com.android.server.wm.WindowManagerService.notifyFocusChanged(),11]
05-02 19:49:25.304 534 571 I sysui_multi_action: [757,803,799,window_time_0,802,5]
05-02 19:49:25.306 393 1923 D NuPlayerDriver: NuPlayerDriver(0xea202770) created, clientPid(1225)
05-02 19:49:25.343 393 2560 D GenericSource: FileSource remote
05-02 19:49:25.351 365 433 E display : updateScreen invalid drmfd
05-02 19:49:25.364 393 1923 D NuPlayerDriver: NuPlayerDriver(0xea203e90) created, clientPid(1225)
05-02 19:49:25.379 2232 2232 I wm_on_stop_called: [243798239,com.android.soundpicker.RingtonePickerActivity,LIFECYCLER_STOP_ACTIVITY]
05-02 19:49:25.381 468 900 E Utils : did not find channel-count and/or sample-rate
05-02 19:49:25.382 468 900 E Utils : did not find channel-count and/or sample-rate
05-02 19:49:25.391 1225 2556 D Ringtone: Successfully created local player
05-02 19:49:25.391 1225 2556 W Ringtone: Use of stream types is deprecated for operations other than volume control
05-02 19:49:25.391 393 2565 D GenericSource: FileSource remote
05-02 19:49:25.391 1225 2556 W Ringtone: See the documentation of setStreamType() for what to use instead with android.media.AudioAttributes to qualify your playback use case
05-02 19:49:25.392 1111 1134 I droid.launcher: Waiting for a blocking GC ProfileSaver
05-02 19:49:25.392 393 2231 D NuPlayerDriver: reset(0xea202770) at state 4
05-02 19:49:25.393 393 2558 D NuPlayerDriver: notifyResetComplete(0xea202770)
05-02 19:49:25.398 393 2231 D NuPlayerDriver: reset(0xea202770) at state 0
05-02 19:49:25.401 468 530 E Utils : did not find channel-count and/or sample-rate
05-02 19:49:25.403 1225 2556 V MediaPlayer: resetDrmState: mDrmInfo=null mDrmProvisioningThread=null mPrepareDrmInProgress=false mActiveDrmScheme=false
05-02 19:49:25.403 1225 2556 V MediaPlayer: cleanDrmObj: mDrmObj=null mDrmSessionId=null
05-02 19:49:25.404 1225 2556 V MediaPlayer: resetDrmState: mDrmInfo=null mDrmProvisioningThread=null mPrepareDrmInProgress=false mActiveDrmScheme=false
05-02 19:49:25.405 1225 2556 V MediaPlayer: cleanDrmObj: mDrmObj=null mDrmSessionId=null
05-02 19:49:25.405 468 530 E Utils : did not find channel-count and/or sample-rate
05-02 19:49:25.428 879 896 I ndroid.systemu: NativeAlloc concurrent copying GC freed 17192(792KB) AllocSpace objects, 0(0B) LOS objects, 49% free, 6948KB/13MB, paused 237us total 306.837ms
05-02 19:49:25.433 365 433 E display : updateScreen invalid drmfd
05-02 19:49:25.434 1225 2559 D Ringtone: Successfully created local player
05-02 19:49:25.434 1225 2559 W Ringtone: Use of stream types is deprecated for operations other than volume control
05-02 19:49:25.435 1225 2559 W Ringtone: See the documentation of setStreamType() for what to use instead with android.media.AudioAttributes to qualify your playback use case
05-02 19:49:25.435 393 2231 D NuPlayerDriver: reset(0xea203e90) at state 4
05-02 19:49:25.437 393 2562 D NuPlayerDriver: notifyResetComplete(0xea203e90)
05-02 19:49:25.438 393 2231 D NuPlayerDriver: reset(0xea203e90) at state 0
05-02 19:49:25.441 1225 2559 V MediaPlayer: resetDrmState: mDrmInfo=null mDrmProvisioningThread=null mPrepareDrmInProgress=false mActiveDrmScheme=false
05-02 19:49:25.442 1225 2559 V MediaPlayer: cleanDrmObj: mDrmObj=null mDrmSessionId=null
05-02 19:49:25.442 1225 2559 V MediaPlayer: resetDrmState: mDrmInfo=null mDrmProvisioningThread=null mPrepareDrmInProgress=false mActiveDrmScheme=false
05-02 19:49:25.442 1225 2559 V MediaPlayer: cleanDrmObj: mDrmObj=null mDrmSessionId=null
05-02 19:49:25.443 879 950 I ndroid.systemu: WaitForGcToComplete blocked ProfileSaver on ProfileSaver for 146.263ms
05-02 19:49:25.448 393 2231 D NuPlayerDriver: NuPlayerDriver(0xea200290) created, clientPid(1225)
05-02 19:49:25.448 2232 2232 I wm_on_destroy_called: [243798239,com.android.soundpicker.RingtonePickerActivity,performDestroy]
05-02 19:49:25.453 2232 2255 E Surface : IGraphicBufferProducer::setBufferCount(0) returned Invalid argument
05-02 19:49:25.456 2232 2255 D OpenGLRenderer: endAllActiveAnimators on 0xb400f101ac784250 (RippleDrawable) with handle 0xb400f100cc786410
05-02 19:49:25.462 1225 1225 I wm_on_top_resumed_gained_called: [109124949,com.android.settings.SubSettings,topWhenResuming]
05-02 19:49:25.468 393 1923 D NuPlayerDriver: NuPlayerDriver(0xea203850) created, clientPid(1225)
05-02 19:49:25.479 393 1922 D NuPlayerDriver: NuPlayerDriver(0xea203e90) created, clientPid(1225)
05-02 19:49:25.498 393 709 D NuPlayerDriver: NuPlayerDriver(0xea201550) created, clientPid(1225)
05-02 19:49:25.517 365 433 E display : updateScreen invalid drmfd
05-02 19:49:25.532 1111 1126 I droid.launcher: NativeAlloc concurrent copying GC freed 68128(4867KB) AllocSpace objects, 86(3208KB) LOS objects, 49% free, 3848KB/7696KB, paused 201us total 411.792ms
05-02 19:49:25.532 1111 1134 I droid.launcher: WaitForGcToComplete blocked ProfileSaver on ProfileSaver for 140.609ms
05-02 19:49:25.574 365 433 E display : updateScreen invalid drmfd
05-02 19:49:25.596 393 2576 D GenericSource: FileSource remote
05-02 19:49:25.601 393 2577 D GenericSource: FileSource remote
05-02 19:49:25.611 468 900 E Utils : did not find channel-count and/or sample-rate
05-02 19:49:25.622 393 2579 D GenericSource: FileSource remote
05-02 19:49:25.626 393 2578 D GenericSource: FileSource remote
05-02 19:49:25.631 365 433 E display : updateScreen invalid drmfd
05-02 19:49:25.636 468 900 E Utils : did not find channel-count and/or sample-rate
05-02 19:49:25.660 1225 2559 D Ringtone: Successfully created local player
05-02 19:49:25.663 468 530 E Utils : did not find channel-count and/or sample-rate
05-02 19:49:25.664 468 2508 E Utils : did not find channel-count and/or sample-rate
05-02 19:49:25.668 468 1942 E Utils : did not find channel-count and/or sample-rate
05-02 19:49:25.670 468 1942 E Utils : did not find channel-count and/or sample-rate
05-02 19:49:25.680 1225 2556 D Ringtone: Successfully created local player
05-02 19:49:25.682 1225 2563 D Ringtone: Successfully created local player
05-02 19:49:25.685 1225 2563 W Ringtone: Use of stream types is deprecated for operations other than volume control
05-02 19:49:25.685 1225 2563 W Ringtone: See the documentation of setStreamType() for what to use instead with android.media.AudioAttributes to qualify your playback use case
05-02 19:49:25.688 393 1923 D NuPlayerDriver: reset(0xea203e90) at state 4
05-02 19:49:25.689 365 433 E display : updateScreen invalid drmfd
05-02 19:49:25.692 393 2573 D NuPlayerDriver: notifyResetComplete(0xea203e90)
05-02 19:49:25.693 393 1923 D NuPlayerDriver: reset(0xea203e90) at state 0
05-02 19:49:25.694 1225 2563 V MediaPlayer: resetDrmState: mDrmInfo=null mDrmProvisioningThread=null mPrepareDrmInProgress=false mActiveDrmScheme=false
05-02 19:49:25.694 1225 2563 V MediaPlayer: cleanDrmObj: mDrmObj=null mDrmSessionId=null
05-02 19:49:25.695 1225 2563 V MediaPlayer: resetDrmState: mDrmInfo=null mDrmProvisioningThread=null mPrepareDrmInProgress=false mActiveDrmScheme=false
05-02 19:49:25.695 1225 2563 V MediaPlayer: cleanDrmObj: mDrmObj=null mDrmSessionId=null
05-02 19:49:25.703 468 900 E Utils : did not find channel-count and/or sample-rate
05-02 19:49:25.703 468 2583 E Utils : did not find channel-count and/or sample-rate
05-02 19:49:25.714 393 1923 D NuPlayerDriver: NuPlayerDriver(0xea2033f0) created, clientPid(1225)
05-02 19:49:25.719 1225 2566 D Ringtone: Successfully created local player
05-02 19:49:25.719 1225 2566 W Ringtone: Use of stream types is deprecated for operations other than volume control
05-02 19:49:25.719 1225 2566 W Ringtone: See the documentation of setStreamType() for what to use instead with android.media.AudioAttributes to qualify your playback use case
05-02 19:49:25.719 393 709 D NuPlayerDriver: reset(0xea200290) at state 4
05-02 19:49:25.720 393 2569 D NuPlayerDriver: notifyResetComplete(0xea200290)
05-02 19:49:25.725 1168 2228 D SubscriptionController: [getSlotIndex]- subId invalid
05-02 19:49:25.729 379 379 I sf_frame_dur: [com.android.soundpicker/com.android.soundpicker.RingtonePickerActivity#0,0,6,18,4,0,0,2]
05-02 19:49:25.732 393 709 D NuPlayerDriver: reset(0xea200290) at state 0
05-02 19:49:25.734 1225 2566 V MediaPlayer: resetDrmState: mDrmInfo=null mDrmProvisioningThread=null mPrepareDrmInProgress=false mActiveDrmScheme=false
05-02 19:49:25.734 1225 2566 V MediaPlayer: cleanDrmObj: mDrmObj=null mDrmSessionId=null
05-02 19:49:25.734 1225 2566 V MediaPlayer: resetDrmState: mDrmInfo=null mDrmProvisioningThread=null mPrepareDrmInProgress=false mActiveDrmScheme=false
05-02 19:49:25.734 1225 2566 V MediaPlayer: cleanDrmObj: mDrmObj=null mDrmSessionId=null
05-02 19:49:25.749 365 433 E display : updateScreen invalid drmfd
05-02 19:49:25.750 1225 2587 D SettingsActivity: No enabled state changed, skipping updateCategory call
05-02 19:49:25.756 393 2588 D GenericSource: FileSource remote
05-02 19:49:25.757 393 1923 D NuPlayerDriver: NuPlayerDriver(0xea200510) created, clientPid(1225)
05-02 19:49:25.768 468 2508 E Utils : did not find channel-count and/or sample-rate
05-02 19:49:25.769 468 2508 E Utils : did not find channel-count and/or sample-rate
05-02 19:49:25.777 393 2592 D GenericSource: FileSource remote
05-02 19:49:25.781 1225 2563 D Ringtone: Successfully created local player
05-02 19:49:25.789 468 530 E Utils : did not find channel-count and/or sample-rate
05-02 19:49:25.791 468 530 E Utils : did not find channel-count and/or sample-rate
05-02 19:49:25.795 365 433 E display : updateScreen invalid drmfd
05-02 19:49:25.804 1225 2566 D Ringtone: Successfully created local player
05-02 19:49:25.885 365 433 E display : updateScreen invalid drmfd
05-02 19:49:28.152 0 0 E tlv320aic31xx-codec 1-0018: ##Divyesh tlv Enter : aic31xx_dac_mute
05-02 19:49:28.160 0 0 E tlv320aic31xx-codec 1-0018: ##Divyesh tlv Enter : aic31xx_dac_mute >> if function > mute
05-02 19:49:28.169 354 412 E Divyesh tlv audio_hw_primary: do_out_standby... 0xec8454a0
05-02 19:49:28.170 534 975 I system_server: oneway function results will be dropped but finished with status OK and parcel size 4
05-02 19:49:29.804 393 1961 D BufferPoolAccessor2.0: bufferpool2 0xe55c0808 : 0(0 size) total buffers - 0(0 size) used buffers - 30/38 (recycle/alloc) - 8/74 (fetch/transfer)
05-02 19:49:29.804 393 1961 D BufferPoolAccessor2.0: evictor expired: 1, evicted: 1
05-02 19:49:29.806 478 725 D BufferPoolAccessor2.0: evictor expired: 2, evicted: 0
05-02 19:49:30.804 393 1961 D BufferPoolAccessor2.0: evictor expired: 3, evicted: 0
05-02 19:49:30.806 478 725 D BufferPoolAccessor2.0: bufferpool2 0xb400e24cc7dc29a8 : 0(0 size) total buffers - 0(0 size) used buffers - 31/35 (recycle/alloc) - 4/34 (fetch/transfer)
05-02 19:49:30.806 478 725 D BufferPoolAccessor2.0: evictor expired: 2, evicted: 1
05-02 19:49:32.655 368 671 D BufferPoolAccessor2.0: bufferpool2 0xb400f2ab576263d8 : 4(14544896 size) total buffers - 3(12447744 size) used buffers - 1481/1498 (recycle/alloc) - 17/1495 (fetch/transfer)
05-02 19:49:32.655 368 671 D BufferPoolAccessor2.0: evictor expired: 1, evicted: 1
05-02 19:49:33.267 0 0 E tlv320aic31xx-codec 1-0018: ##Divyesh tlv aic31xx_set_bias_level: 3 -> 2
05-02 19:49:33.288 0 0 E tlv320aic31xx-codec 1-0018: ##Divyesh tlv aic31xx_set_bias_level: 2 -> 1
05-02 19:49:33.296 0 0 E tlv320aic31xx-codec 1-0018: ##Divyesh tlv codec clock -> off
05-02 19:49:37.900 0 0 E tlv320aic31xx-codec 1-0018: ##Divyesh tlv aic31xx_hw_params: width 16 rate 48000
05-02 19:49:37.912 0 0 E tlv320aic31xx-codec 1-0018: ##Divyesh tlv pll 8.0000/1 dosr 32 n 1 m 8 aosr 32 n 1 m 8 bclk_n 8
05-02 19:49:37.922 0 0 E fsl-sai 30010000.sai: Divyesh tlv > ratio 8 for freq 1536000Hz based on clock 12288000Hz
05-02 19:49:37.931 0 0 E fsl-sai 30010000.sai: Divyesh tlv best fit: clock id=1, ratio=8, deviation=0
05-02 19:49:37.940 0 0 E tlv320aic31xx-codec 1-0018: ##Divyesh tlv aic31xx_set_bias_level: 1 -> 2
05-02 19:49:37.948 0 0 E tlv320aic31xx-codec 1-0018: ##Divyesh tlv codec clock -> on (rate 48000)
05-02 19:49:37.973 0 0 E tlv320aic31xx-codec 1-0018: ##Divyesh tlv aic31xx_set_bias_level: 2 -> 3
05-02 19:49:37.980 0 0 E tlv320aic31xx-codec 1-0018: ##Divyesh tlv Enter : aic31xx_dac_mute
05-02 19:49:37.988 0 0 E tlv320aic31xx-codec 1-0018: ##Divyesh tlv Enter : aic31xx_dac_mute >> Else function > unmute
05-02 19:49:45.385 0 0 W healthd : battery l=85 v=3 t=35.0 h=2 st=2 c=400000 fc=4000000 cc=32 chg=a
05-02 19:49:51.291 370 1559 D NxpTml : PN54X - I2C Read successful.....
05-02 19:49:51.291 370 1559 D NxpNciR : len = 4 > 600701A1
05-02 19:49:51.291 370 1559 D NxpTml : PN54X - Posting read message.....
05-02 19:49:51.291 370 1562 D NxpHal : read successful status = 0x0
05-02 19:49:51.291 370 1562 D NfccPowerTracker: NfccPowerTracker::ProcessNtf: Enter
05-02 19:49:51.292 370 1559 D NxpTml : PN54X - Read requested.....
05-02 19:49:51.292 1427 1587 I libnfc_nci: [INFO:nfc_ncif.cc(501)] NFC received ntf gid:0
05-02 19:49:51.292 370 1559 D NxpTml : PN54X - Invoking I2C Read.....
05-02 19:49:51.292 1427 1587 I libnfc_nci: [INFO:nci_hrcv.cc(128)] nci_proc_core_ntf opcode:0x7
05-02 19:49:51.292 1427 1587 I libnfc_nci: [INFO:nfa_dm_act.cc(269)] NFC_GEN_ERROR_REVT(0x500d)
05-02 19:49:51.292 1427 1587 I libnfc_nci: [INFO:nfa_dm_discover.cc(1663)] nfa_dm_disc_data_cback
05-02 19:49:51.292 1427 1587 I libnfc_nci: [INFO:nfa_dm_discover.cc(2512)] state: DISCOVERY (1), event: INTF_ERROR_NTF(10) disc_flags: 0x1
05-02 19:49:51.292 1427 1587 I libnfc_nci: [INFO:nfa_dm_discover.cc(2565)] new state: DISCOVERY (1), disc_flags: 0x1
05-02 19:49:51.627 503 503 I chatty : uid=9999(nobody) /vendor/bin/gpsd expire 294 lines
05-02 19:50:00.003 879 879 D KeyguardClockSwitch: Updating clock: 750
05-02 19:50:00.070 365 433 E display : updateScreen invalid drmfd
05-02 19:50:00.128 368 757 D BufferPoolAccessor2.0: bufferpool2 0xb400f2ab576263d8 : 4(14544896 size) total buffers - 4(14544896 size) used buffers - 1481/1499 (recycle/alloc) - 17/1495 (fetch/transfer)
05-02 19:50:00.129 650 737 D BufferPoolAccessor2.0: bufferpool2 0xb400ec86ee787978 : 0(0 size) total buffers - 0(0 size) used buffers - 0/0 (recycle/alloc) - 0/0 (fetch/transfer)
05-02 19:50:05.129 368 671 D BufferPoolAccessor2.0: bufferpool2 0xb400f2ab576263d8 : 4(14544896 size) total buffers - 3(12447744 size) used buffers - 1491/1509 (recycle/alloc) - 18/1506 (fetch/transfer)
05-02 19:50:05.129 368 671 D BufferPoolAccessor2.0: evictor expired: 1, evicted: 1
05-02 19:50:05.627 503 503 I chatty : uid=9999(nobody) /vendor/bin/gpsd expire 546 lines
05-02 19:50:16.696 0 0 E tlv320aic31xx-codec 1-0018: ##Divyesh tlv Enter : aic31xx_dac_mute
05-02 19:50:16.703 0 0 E tlv320aic31xx-codec 1-0018: ##Divyesh tlv Enter : aic31xx_dac_mute >> if function > mute
05-02 19:50:17.813 534 590 V DisplayPowerController: Brightness [0.05] reason changing to: 'manual [ dim ]', previous reason: 'manual'.
05-02 19:50:17.813 534 590 I sysui_multi_action: [757,1696,758,6,759,2]
05-02 19:50:21.907 0 0 E tlv320aic31xx-codec 1-0018: ##Divyesh tlv aic31xx_set_bias_level: 3 -> 2
05-02 19:50:21.928 0 0 E tlv320aic31xx-codec 1-0018: ##Divyesh tlv aic31xx_set_bias_level: 2 -> 1
05-02 19:50:21.936 0 0 E tlv320aic31xx-codec 1-0018: ##Divyesh tlv codec clock -> off
05-02 19:50:25.323 534 578 I am_uid_idle: 10065
05-02 19:50:30.388 0 0 E tlv320aic31xx-codec 1-0018: ##Divyesh tlv aic31xx_hw_params: width 16 rate 48000
05-02 19:50:30.401 0 0 E tlv320aic31xx-codec 1-0018: ##Divyesh tlv pll 8.0000/1 dosr 32 n 1 m 8 aosr 32 n 1 m 8 bclk_n 8
05-02 19:50:30.410 0 0 E fsl-sai 30010000.sai: Divyesh tlv > ratio 8 for freq 1536000Hz based on clock 12288000Hz
05-02 19:50:30.420 0 0 E fsl-sai 30010000.sai: Divyesh tlv best fit: clock id=1, ratio=8, deviation=0
05-02 19:50:30.429 0 0 E tlv320aic31xx-codec 1-0018: ##Divyesh tlv aic31xx_set_bias_level: 1 -> 2
05-02 19:50:30.437 0 0 E tlv320aic31xx-codec 1-0018: ##Divyesh tlv codec clock -> on (rate 48000)
05-02 19:50:30.461 0 0 E tlv320aic31xx-codec 1-0018: ##Divyesh tlv aic31xx_set_bias_level: 2 -> 3
05-02 19:50:30.469 0 0 E tlv320aic31xx-codec 1-0018: ##Divyesh tlv Enter : aic31xx_dac_mute
05-02 19:50:30.477 0 0 E tlv320aic31xx-codec 1-0018: ##Divyesh tlv Enter : aic31xx_dac_mute >> Else function > unmute
05-02 19:50:31.603 370 1559 D NxpTml : PN54X - I2C Read successful.....
05-02 19:50:31.603 370 1559 D NxpNciR : len = 4 > 600701A1
05-02 19:50:31.603 370 1559 D NxpTml : PN54X - Posting read message.....
05-02 19:50:31.603 370 1562 D NxpHal : read successful status = 0x0
05-02 19:50:31.603 370 1562 D NfccPowerTracker: NfccPowerTracker::ProcessNtf: Enter
05-02 19:50:31.604 370 1559 D NxpTml : PN54X - Read requested.....
05-02 19:50:31.604 1427 1587 I libnfc_nci: [INFO:nfc_ncif.cc(501)] NFC received ntf gid:0
05-02 19:50:31.604 370 1559 D NxpTml : PN54X - Invoking I2C Read.....
05-02 19:50:31.604 1427 1587 I libnfc_nci: [INFO:nci_hrcv.cc(128)] nci_proc_core_ntf opcode:0x7
05-02 19:50:31.604 1427 1587 I libnfc_nci: [INFO:nfa_dm_act.cc(269)] NFC_GEN_ERROR_REVT(0x500d)
05-02 19:50:31.604 1427 1587 I libnfc_nci: [INFO:nfa_dm_discover.cc(1663)] nfa_dm_disc_data_cback
05-02 19:50:31.604 1427 1587 I libnfc_nci: [INFO:nfa_dm_discover.cc(2512)] state: DISCOVERY (1), event: INTF_ERROR_NTF(10) disc_flags: 0x1
05-02 19:50:31.604 1427 1587 I libnfc_nci: [INFO:nfa_dm_discover.cc(2565)] new state: DISCOVERY (1), disc_flags: 0x1
05-02 19:50:31.626 503 503 I chatty : uid=9999(nobody) /vendor/bin/gpsd expire 725 lines
05-02 19:50:34.329 370 1559 D NxpTml : PN54X - I2C Read successful.....
05-02 19:50:34.330 370 1559 D NxpNciR : len = 4 > 600701A1
05-02 19:50:34.330 370 1559 D NxpTml : PN54X - Posting read message.....
05-02 19:50:34.330 370 1562 D NxpHal : read successful status = 0x0
05-02 19:50:34.330 370 1562 D NfccPowerTracker: NfccPowerTracker::ProcessNtf: Enter
05-02 19:50:34.330 370 1559 D NxpTml : PN54X - Read requested.....
05-02 19:50:34.330 1427 1587 I libnfc_nci: [INFO:nfc_ncif.cc(501)] NFC received ntf gid:0
05-02 19:50:34.330 370 1559 D NxpTml : PN54X - Invoking I2C Read.....
05-02 19:50:34.330 1427 1587 I libnfc_nci: [INFO:nci_hrcv.cc(128)] nci_proc_core_ntf opcode:0x7
05-02 19:50:34.330 1427 1587 I libnfc_nci: [INFO:nfa_dm_act.cc(269)] NFC_GEN_ERROR_REVT(0x500d)
05-02 19:50:34.330 1427 1587 I libnfc_nci: [INFO:nfa_dm_discover.cc(1663)] nfa_dm_disc_data_cback
05-02 19:50:34.330 1427 1587 I libnfc_nci: [INFO:nfa_dm_discover.cc(2512)] state: DISCOVERY (1), event: INTF_ERROR_NTF(10) disc_flags: 0x1
05-02 19:50:34.330 1427 1587 I libnfc_nci: [INFO:nfa_dm_discover.cc(2565)] new state: DISCOVERY (1), disc_flags: 0x1
05-02 19:50:45.385 0 0 W healthd : battery l=85 v=3 t=35.0 h=2 st=2 c=400000 fc=4000000 cc=32 chg=a
05-02 19:51:00.003 879 879 D KeyguardClockSwitch: Updating clock: 751
05-02 19:51:00.069 365 433 E display : updateScreen invalid drmfd
05-02 19:51:00.128 368 757 D BufferPoolAccessor2.0: bufferpool2 0xb400f2ab576263d8 : 4(14544896 size) total buffers - 4(14544896 size) used buffers - 1491/1510 (recycle/alloc) - 18/1506 (fetch/transfer)
05-02 19:51:00.129 650 737 D BufferPoolAccessor2.0: bufferpool2 0xb400ec86ee787978 : 0(0 size) total buffers - 0(0 size) used buffers - 0/0 (recycle/alloc) - 0/0 (fetch/transfer)
05-02 19:51:00.627 503 503 I chatty : uid=9999(nobody) /vendor/bin/gpsd expire 1380 lines
05-02 19:51:05.129 368 671 D BufferPoolAccessor2.0: bufferpool2 0xb400f2ab576263d8 : 4(14544896 size) total buffers - 3(12447744 size) used buffers - 1501/1520 (recycle/alloc) - 19/1517 (fetch/transfer)
05-02 19:51:05.129 368 671 D BufferPoolAccessor2.0: evictor expired: 1, evicted: 1
05-02 19:51:09.184 0 0 E tlv320aic31xx-codec 1-0018: ##Divyesh tlv Enter : aic31xx_dac_mute
05-02 19:51:09.192 0 0 E tlv320aic31xx-codec 1-0018: ##Divyesh tlv Enter : aic31xx_dac_mute >> if function > mute
05-02 19:51:14.387 0 0 E tlv320aic31xx-codec 1-0018: ##Divyesh tlv aic31xx_set_bias_level: 3 -> 2
05-02 19:51:14.408 0 0 E tlv320aic31xx-codec 1-0018: ##Divyesh tlv aic31xx_set_bias_level: 2 -> 1
05-02 19:51:14.416 0 0 E tlv320aic31xx-codec 1-0018: ##Divyesh tlv codec clock -> off
05-02 19:51:45.385 0 0 W healthd : battery l=85 v=3 t=35.0 h=2 st=2 c=400000 fc=4000000 cc=32 chg=a
05-02 19:52:00.004 879 879 D KeyguardClockSwitch: Updating clock: 752
05-02 19:52:00.068 365 433 E display : updateScreen invalid drmfd
05-02 19:52:00.126 368 757 D BufferPoolAccessor2.0: bufferpool2 0xb400f2ab576263d8 : 4(14544896 size) total buffers - 4(14544896 size) used buffers - 1501/1521 (recycle/alloc) - 19/1517 (fetch/transfer)
05-02 19:52:00.127 650 737 D BufferPoolAccessor2.0: bufferpool2 0xb400ec86ee787978 : 0(0 size) total buffers - 0(0 size) used buffers - 0/0 (recycle/alloc) - 0/0 (fetch/transfer)
05-02 19:52:00.623 503 503 I chatty : uid=9999(nobody) /vendor/bin/gpsd expire 157 lines
05-02 19:52:04.844 0 0 E tlv320aic31xx-codec 1-0018: ##Divyesh tlv aic31xx_hw_params: width 16 rate 48000
05-02 19:52:04.856 0 0 E tlv320aic31xx-codec 1-0018: ##Divyesh tlv pll 8.0000/1 dosr 32 n 1 m 8 aosr 32 n 1 m 8 bclk_n 8
05-02 19:52:04.866 0 0 E fsl-sai 30010000.sai: Divyesh tlv > ratio 8 for freq 1536000Hz based on clock 12288000Hz
05-02 19:52:04.875 0 0 E fsl-sai 30010000.sai: Divyesh tlv best fit: clock id=1, ratio=8, deviation=0
05-02 19:52:04.884 0 0 E tlv320aic31xx-codec 1-0018: ##Divyesh tlv aic31xx_set_bias_level: 1 -> 2
05-02 19:52:04.892 0 0 E tlv320aic31xx-codec 1-0018: ##Divyesh tlv codec clock -> on (rate 48000)
05-02 19:52:04.917 0 0 E tlv320aic31xx-codec 1-0018: ##Divyesh tlv aic31xx_set_bias_level: 2 -> 3
05-02 19:52:04.925 0 0 E tlv320aic31xx-codec 1-0018: ##Divyesh tlv Enter : aic31xx_dac_mute
05-02 19:52:04.932 0 0 E tlv320aic31xx-codec 1-0018: ##Divyesh tlv Enter : aic31xx_dac_mute >> Else function > unmute
05-02 19:52:05.127 368 671 D BufferPoolAccessor2.0: bufferpool2 0xb400f2ab576263d8 : 4(14544896 size) total buffers - 3(12447744 size) used buffers - 1511/1531 (recycle/alloc) - 20/1528 (fetch/transfer)
05-02 19:52:05.127 368 671 D BufferPoolAccessor2.0: evictor expired: 1, evicted: 1
05-02 19:52:07.635 503 503 I gpsd : gpsd:PROG: NMEA0183: xBGSV: part 1 of 1, last_gsv_talker '0' last_gsv_sigid 4
05-02 19:52:07.635 503 503 I gpsd : gpsd:PROG: NMEA0183: xBGSV: new part 1, last_gsv_talker '0', zeroing
05-02 19:52:07.635 503 503 I gpsd : gpsd:WARN: NMEA0183: xxGSV: Satellite data no good (1 of 1).
05-02 19:52:07.635 503 503 I gpsd : gpsd:PROG: NMEA0183: GBGSV is just after a cycle ender.
05-02 19:52:07.638 503 503 I gpsd : gpsd:IO: <= GPS: $GNRMC,002620.99,V,,,,,,,020100,,,N,V*1C
05-02 19:52:07.639 503 503 I gpsd : gpsd:PROG: NMEA0183: GNRMC is just after a cycle ender.
05-02 19:52:07.641 503 503 I gpsd : gpsd:IO: <= GPS: $GNVTG,,T,,M,,N,,K,N*32
05-02 19:52:07.641 503 503 I gpsd : gpsd:PROG: NMEA0183: GNVTG is just after a cycle ender.
05-02 19:52:07.644 503 503 I gpsd : gpsd:IO: <= GPS: $GNZDA,002620.99,02,01,2000,,*7F
05-02 19:52:07.644 503 503 I gpsd : gpsd:WARN: WARNING: WKRO bug: leap second 18 inconsistent with 946772780, corrected to 1566087980 (2019-08-18T00:26:20.990Z)
05-02 19:52:07.644 503 503 I gpsd : gpsd:PROG: NMEA0183: GNZDA is just after a cycle ender.
05-02 19:52:08.624 503 503 I gpsd : gpsd:PROG: CORE: transmission pause. gap 0.980126 quiet_time 0.250000
05-02 19:52:08.627 503 503 I gpsd : gpsd:IO: <= GPS: $GPGGA,002621.99,,,,,0,00,,,,,,,*4F
05-02 19:52:08.627 503 503 I gpsd : gpsd:PROG: NMEA0183: GPGGA starts a reporting cycle. lasttag 25
05-02 19:52:08.629 503 503 I gpsd : gpsd:IO: <= GPS: $GNGLL,,,,,002621.99,V,N*53
05-02 19:52:08.629 503 503 I gpsd : gpsd:PROG: NMEA0183: GNGLL ends a reporting cycle.
05-02 19:52:08.632 503 503 I gpsd : gpsd:IO: <= GPS: $GNGSA,A,1,,,,,,,,,,,,,,,,*2C
05-02 19:52:08.632 503 503 I gpsd : gpsd:PROG: NMEA0183: xxGSA sets mode 1
05-02 19:52:08.632 503 503 I gpsd : gpsd:PROG: NMEA0183: xxGSA: mask 0x402
05-02 19:52:08.632 503 503 I gpsd : gpsd:PROG: NMEA0183: GNGSA is just after a cycle ender.
05-02 19:52:08.635 503 503 I gpsd : gpsd:IO: <= GPS: $GBGSV,1,1,1,14,,,,,,,,,,,,,,,,5*46
05-02 19:52:08.635 503 503 I gpsd : gpsd:PROG: NMEA0183: xBGSV: part 1 of 1, last_gsv_talker '0' last_gsv_sigid 4
05-02 19:52:08.635 503 503 I gpsd : gpsd:PROG: NMEA0183: xBGSV: new part 1, last_gsv_talker '0', zeroing
05-02 19:52:08.635 503 503 I gpsd : gpsd:WARN: NMEA0183: xxGSV: Satellite data no good (1 of 1).
05-02 19:52:08.636 503 503 I gpsd : gpsd:PROG: NMEA0183: GBGSV is just after a cycle ender.
05-02 19:52:08.639 503 503 I gpsd : gpsd:IO: <= GPS: $GNRMC,002621.99,V,,,,,,,020100,,,N,V*1D
05-02 19:52:08.639 503 503 I gpsd : gpsd:PROG: NMEA0183: GNRMC is just after a cycle ender.
05-02 19:52:08.641 503 503 I gpsd : gpsd:IO: <= GPS: $GNVTG,,T,,M,,N,,K,N*32
05-02 19:52:08.641 503 503 I gpsd : gpsd:PROG: NMEA0183: GNVTG is just after a cycle ender.
05-02 19:52:08.644 503 503 I gpsd : gpsd:IO: <= GPS: $GNZDA,002621.99,02,01,2000,,*7E
05-02 19:52:08.644 503 503 I gpsd : gpsd:WARN: WARNING: WKRO bug: leap second 18 inconsistent with 946772781, corrected to 1566087981 (2019-08-18T00:26:21.990Z)
05-02 19:52:08.644 503 503 I gpsd : gpsd:PROG: NMEA0183: GNZDA is just after a cycle ender.
05-02 19:52:09.624 503 503 I gpsd : gpsd:PROG: CORE: transmission pause. gap 0.979704 quiet_time 0.250000
05-02 19:52:09.627 503 503 I gpsd : gpsd:IO: <= GPS: $GPGGA,002622.99,,,,,0,00,,,,,,,*4C
05-02 19:52:09.627 503 503 I gpsd : gpsd:PROG: NMEA0183: GPGGA starts a reporting cycle. lasttag 25
05-02 19:52:09.629 503 503 I gpsd : gpsd:IO: <= GPS: $GNGLL,,,,,002622.99,V,N*50
05-02 19:52:09.629 503 503 I gpsd : gpsd:PROG: NMEA0183: GNGLL ends a reporting cycle.
05-02 19:52:09.632 503 503 I gpsd : gpsd:IO: <= GPS: $GNGSA,A,1,,,,,,,,,,,,,,,,*2C
05-02 19:52:09.632 503 503 I gpsd : gpsd:PROG: NMEA0183: xxGSA sets mode 1
05-02 19:52:09.632 503 503 I gpsd : gpsd:PROG: NMEA0183: xxGSA: mask 0x402
05-02 19:52:09.632 503 503 I gpsd : gpsd:PROG: NMEA0183: GNGSA is just after a cycle ender.
05-02 19:52:09.635 503 503 I gpsd : gpsd:IO: <= GPS: $GBGSV,1,1,1,14,,,,,,,,,,,,,,,,5*46
05-02 19:52:09.635 503 503 I gpsd : gpsd:PROG: NMEA0183: xBGSV: part 1 of 1, last_gsv_talker '0' last_gsv_sigid 4
05-02 19:52:09.635 503 503 I gpsd : gpsd:PROG: NMEA0183: xBGSV: new part 1, last_gsv_talker '0', zeroing
05-02 19:52:09.635 503 503 I gpsd : gpsd:WARN: NMEA0183: xxGSV: Satellite data no good (1 of 1).
05-02 19:52:09.635 503 503 I gpsd : gpsd:PROG: NMEA0183: GBGSV is just after a cycle ender.
05-02 19:52:09.639 503 503 I gpsd : gpsd:IO: <= GPS: $GNRMC,002622.99,V,,,,,,,020100,,,N,V*1E
05-02 19:52:09.639 503 503 I gpsd : gpsd:PROG: NMEA0183: GNRMC is just after a cycle ender.
05-02 19:52:09.641 503 503 I gpsd : gpsd:IO: <= GPS: $GNVTG,,T,,M,,N,,K,N*32
05-02 19:52:09.641 503 503 I gpsd : gpsd:PROG: NMEA0183: GNVTG is just after a cycle ender.
05-02 19:52:09.644 503 503 I gpsd : gpsd:IO: <= GPS: $GNZDA,002622.99,02,01,2000,,*7D
05-02 19:52:09.644 503 503 I gpsd : gpsd:WARN: WARNING: WKRO bug: leap second 18 inconsistent with 946772782, corrected to 1566087982 (2019-08-18T00:26:22.990Z)
05-02 19:52:09.644 503 503 I gpsd : gpsd:PROG: NMEA0183: GNZDA is just after a cycle ender.
05-02 19:52:10.624 503 503 I gpsd : gpsd:PROG: CORE: transmission pause. gap 0.979572 quiet_time 0.250000
05-02 19:52:10.626 503 503 I gpsd : gpsd:IO: <= GPS: $GPGGA,002623.99,,,,,0,00,,,,,,,*4D
05-02 19:52:10.627 503 503 I gpsd : gpsd:PROG: NMEA0183: GPGGA starts a reporting cycle. lasttag 25
05-02 19:52:10.629 503 503 I gpsd : gpsd:IO: <= GPS: $GNGLL,,,,,002623.99,V,N*51
05-02 19:52:10.629 503 503 I gpsd : gpsd:PROG: NMEA0183: GNGLL ends a reporting cycle.
05-02 19:52:10.632 503 503 I gpsd : gpsd:IO: <= GPS: $GNGSA,A,1,,,,,,,,,,,,,,,,*2C
05-02 19:52:10.632 503 503 I gpsd : gpsd:PROG: NMEA0183: xxGSA sets mode 1
05-02 19:52:10.632 503 503 I gpsd : gpsd:PROG: NMEA0183: xxGSA: mask 0x402
05-02 19:52:10.632 503 503 I gpsd : gpsd:PROG: NMEA0183: GNGSA is just after a cycle ender.
05-02 19:52:10.635 503 503 I gpsd : gpsd:IO: <= GPS: $GBGSV,1,1,1,14,,,,,,,,,,,,,,,,5*46
05-02 19:52:10.635 503 503 I gpsd : gpsd:PROG: NMEA0183: xBGSV: part 1 of 1, last_gsv_talker '0' last_gsv_sigid 4
05-02 19:52:10.635 503 503 I gpsd : gpsd:PROG: NMEA0183: xBGSV: new part 1, last_gsv_talker '0', zeroing
05-02 19:52:10.635 503 503 I gpsd : gpsd:WARN: NMEA0183: xxGSV: Satellite data no good (1 of 1).
05-02 19:52:10.635 503 503 I gpsd : gpsd:PROG: NMEA0183: GBGSV is just after a cycle ender.
05-02 19:52:10.638 503 503 I gpsd : gpsd:IO: <= GPS: $GNRMC,002623.99,V,,,,,,,020100,,,N,V*1F
05-02 19:52:10.639 503 503 I gpsd : gpsd:PROG: NMEA0183: GNRMC is just after a cycle ender.
05-02 19:52:10.641 503 503 I gpsd : gpsd:IO: <= GPS: $GNVTG,,T,,M,,N,,K,N*32
05-02 19:52:10.641 503 503 I gpsd : gpsd:PROG: NMEA0183: GNVTG is just after a cycle ender.
05-02 19:52:10.644 503 503 I gpsd : gpsd:IO: <= GPS: $GNZDA,002623.99,02,01,2000,,*7C
05-02 19:52:10.644 503 503 I gpsd : gpsd:WARN: WARNING: WKRO bug: leap second 18 inconsistent with 946772783, corrected to 1566087983 (2019-08-18T00:26:23.990Z)
05-02 19:52:10.644 503 503 I gpsd : gpsd:PROG: NMEA0183: GNZDA is just after a cycle ender.
05-02 19:52:11.623 503 503 I gpsd : gpsd:PROG: CORE: transmission pause. gap 0.979756 quiet_time 0.250000
05-02 19:52:11.626 503 503 I gpsd : gpsd:IO: <= GPS: $GPGGA,002624.99,,,,,0,00,,,,,,,*4A
05-02 19:52:11.627 503 503 I gpsd : gpsd:PROG: NMEA0183: GPGGA starts a reporting cycle. lasttag 25
05-02 19:52:11.629 503 503 I gpsd : gpsd:IO: <= GPS: $GNGLL,,,,,002624.99,V,N*56
05-02 19:52:11.629 503 503 I gpsd : gpsd:PROG: NMEA0183: GNGLL ends a reporting cycle.
05-02 19:52:11.632 503 503 I gpsd : gpsd:IO: <= GPS: $GNGSA,A,1,,,,,,,,,,,,,,,,*2C
05-02 19:52:11.632 503 503 I gpsd : gpsd:PROG: NMEA0183: xxGSA sets mode 1
05-02 19:52:11.632 503 503 I gpsd : gpsd:PROG: NMEA0183: xxGSA: mask 0x402
05-02 19:52:11.632 503 503 I gpsd : gpsd:PROG: NMEA0183: GNGSA is just after a cycle ender.
05-02 19:52:11.635 503 503 I gpsd : gpsd:IO: <= GPS: $GBGSV,1,1,1,14,,,,,,,,,,,,,,,,5*46
05-02 19:52:11.635 503 503 I gpsd : gpsd:PROG: NMEA0183: xBGSV: part 1 of 1, last_gsv_talker '0' last_gsv_sigid 4
05-02 19:52:11.635 503 503 I gpsd : gpsd:PROG: NMEA0183: xBGSV: new part 1, last_gsv_talker '0', zeroing
05-02 19:52:11.635 503 503 I gpsd : gpsd:WARN: NMEA0183: xxGSV: Satellite data no good (1 of 1).
05-02 19:52:11.635 503 503 I gpsd : gpsd:PROG: NMEA0183: GBGSV is just after a cycle ender.
05-02 19:52:11.638 503 503 I gpsd : gpsd:IO: <= GPS: $GNRMC,002624.99,V,,,,,,,020100,,,N,V*18
05-02 19:52:11.639 503 503 I gpsd : gpsd:PROG: NMEA0183: GNRMC is just after a cycle ender.
05-02 19:52:11.641 503 503 I gpsd : gpsd:IO: <= GPS: $GNVTG,,T,,M,,N,,K,N*32
05-02 19:52:11.641 503 503 I gpsd : gpsd:PROG: NMEA0183: GNVTG is just after a cycle ender.
05-02 19:52:11.644 503 503 I gpsd : gpsd:IO: <= GPS: $GNZDA,002624.99,02,01,2000,,*7B
05-02 19:52:11.644 503 503 I gpsd : gpsd:WARN: WARNING: WKRO bug: leap second 18 inconsistent with 946772784, corrected to 1566087984 (2019-08-18T00:26:24.990Z)
05-02 19:52:11.644 503 503 I gpsd : gpsd:PROG: NMEA0183: GNZDA is just after a cycle ender.
05-02 19:52:12.623 503 503 I gpsd : gpsd:PROG: CORE: transmission pause. gap 0.979288 quiet_time 0.250000
05-02 19:52:12.626 503 503 I gpsd : gpsd:IO: <= GPS: $GPGGA,002625.99,,,,,0,00,,,,,,,*4B
05-02 19:52:12.626 503 503 I gpsd : gpsd:PROG: NMEA0183: GPGGA starts a reporting cycle. lasttag 25
05-02 19:52:12.628 503 503 I gpsd : gpsd:IO: <= GPS: $GNGLL,,,,,002625.99,V,N*57
05-02 19:52:12.629 503 503 I gpsd : gpsd:PROG: NMEA0183: GNGLL ends a reporting cycle.
05-02 19:52:12.631 503 503 I gpsd : gpsd:IO: <= GPS: $GNGSA,A,1,,,,,,,,,,,,,,,,*2C
05-02 19:52:12.631 503 503 I gpsd : gpsd:PROG: NMEA0183: xxGSA sets mode 1
05-02 19:52:12.631 503 503 I gpsd : gpsd:PROG: NMEA0183: xxGSA: mask 0x402
05-02 19:52:12.631 503 503 I gpsd : gpsd:PROG: NMEA0183: GNGSA is just after a cycle ender.
05-02 19:52:12.634 503 503 I gpsd : gpsd:IO: <= GPS: $GBGSV,1,1,1,14,,,,,,,,,,,,,,,,5*46
05-02 19:52:12.634 503 503 I gpsd : gpsd:PROG: NMEA0183: xBGSV: part 1 of 1, last_gsv_talker '0' last_gsv_sigid 4
05-02 19:52:12.635 503 503 I gpsd : gpsd:PROG: NMEA0183: xBGSV: new part 1, last_gsv_talker '0', zeroing
05-02 19:52:12.635 503 503 I gpsd : gpsd:WARN: NMEA0183: xxGSV: Satellite data no good (1 of 1).
05-02 19:52:12.635 503 503 I gpsd : gpsd:PROG: NMEA0183: GBGSV is just after a cycle ender.
05-02 19:52:12.638 503 503 I gpsd : gpsd:IO: <= GPS: $GNRMC,002625.99,V,,,,,,,020100,,,N,V*19
05-02 19:52:12.638 503 503 I gpsd : gpsd:PROG: NMEA0183: GNRMC is just after a cycle ender.
05-02 19:52:12.640 503 503 I gpsd : gpsd:IO: <= GPS: $GNVTG,,T,,M,,N,,K,N*32
05-02 19:52:12.640 503 503 I gpsd : gpsd:PROG: NMEA0183: GNVTG is just after a cycle ender.
05-02 19:52:12.643 503 503 I gpsd : gpsd:IO: <= GPS: $GNZDA,002625.99,02,01,2000,,*7A
05-02 19:52:12.643 503 503 I gpsd : gpsd:WARN: WARNING: WKRO bug: leap second 18 inconsistent with 946772785, corrected to 1566087985 (2019-08-18T00:26:25.990Z)
05-02 19:52:12.643 503 503 I gpsd : gpsd:PROG: NMEA0183: GNZDA is just after a cycle ender.
05-02 19:52:13.623 503 503 I gpsd : gpsd:PROG: CORE: transmission pause. gap 0.979606 quiet_time 0.250000
05-02 19:52:13.626 503 503 I gpsd : gpsd:IO: <= GPS: $GPGGA,002626.99,,,,,0,00,,,,,,,*48
05-02 19:52:13.626 503 503 I gpsd : gpsd:PROG: NMEA0183: GPGGA starts a reporting cycle. lasttag 25
05-02 19:52:13.628 503 503 I gpsd : gpsd:IO: <= GPS: $GNGLL,,,,,002626.99,V,N*54
05-02 19:52:13.628 503 503 I gpsd : gpsd:PROG: NMEA0183: GNGLL ends a reporting cycle.
05-02 19:52:13.631 503 503 I gpsd : gpsd:IO: <= GPS: $GNGSA,A,1,,,,,,,,,,,,,,,,*2C
05-02 19:52:13.631 503 503 I gpsd : gpsd:PROG: NMEA0183: xxGSA sets mode 1
05-02 19:52:13.631 503 503 I gpsd : gpsd:PROG: NMEA0183: xxGSA: mask 0x402
05-02 19:52:13.631 503 503 I gpsd : gpsd:PROG: NMEA0183: GNGSA is just after a cycle ender.
05-02 19:52:13.634 503 503 I gpsd : gpsd:IO: <= GPS: $GBGSV,1,1,1,14,,,,,,,,,,,,,,,,5*46
05-02 19:52:13.634 503 503 I gpsd : gpsd:PROG: NMEA0183: xBGSV: part 1 of 1, last_gsv_talker '0' last_gsv_sigid 4
05-02 19:52:13.634 503 503 I gpsd : gpsd:PROG: NMEA0183: xBGSV: new part 1, last_gsv_talker '0', zeroing
05-02 19:52:13.634 503 503 I gpsd : gpsd:WARN: NMEA0183: xxGSV: Satellite data no good (1 of 1).
05-02 19:52:13.635 503 503 I gpsd : gpsd:PROG: NMEA0183: GBGSV is just after a cycle ender.
05-02 19:52:13.638 503 503 I gpsd : gpsd:IO: <= GPS: $GNRMC,002626.99,V,,,,,,,020100,,,N,V*1A
05-02 19:52:13.638 503 503 I gpsd : gpsd:PROG: NMEA0183: GNRMC is just after a cycle ender.
05-02 19:52:13.640 503 503 I gpsd : gpsd:IO: <= GPS: $GNVTG,,T,,M,,N,,K,N*32
05-02 19:52:13.640 503 503 I gpsd : gpsd:PROG: NMEA0183: GNVTG is just after a cycle ender.
05-02 19:52:13.643 503 503 I gpsd : gpsd:IO: <= GPS: $GNZDA,002626.99,02,01,2000,,*79
05-02 19:52:13.643 503 503 I gpsd : gpsd:WARN: WARNING: WKRO bug: leap second 18 inconsistent with 946772786, corrected to 1566087986 (2019-08-18T00:26:26.990Z)
05-02 19:52:13.643 503 503 I gpsd : gpsd:PROG: NMEA0183: GNZDA is just after a cycle ender.
05-02 19:52:14.623 503 503 I gpsd : gpsd:PROG: CORE: transmission pause. gap 0.980310 quiet_time 0.250000
05-02 19:52:14.626 503 503 I gpsd : gpsd:IO: <= GPS: $GPGGA,002627.99,,,,,0,00,,,,,,,*49
05-02 19:52:14.627 503 503 I gpsd : gpsd:PROG: NMEA0183: GPGGA starts a reporting cycle. lasttag 25
05-02 19:52:14.629 503 503 I gpsd : gpsd:IO: <= GPS: $GNGLL,,,,,002627.99,V,N*55
05-02 19:52:14.629 503 503 I gpsd : gpsd:PROG: NMEA0183: GNGLL ends a reporting cycle.
05-02 19:52:14.631 503 503 I gpsd : gpsd:IO: <= GPS: $GNGSA,A,1,,,,,,,,,,,,,,,,*2C
05-02 19:52:14.632 503 503 I gpsd : gpsd:PROG: NMEA0183: xxGSA sets mode 1
05-02 19:52:14.632 503 503 I gpsd : gpsd:PROG: NMEA0183: xxGSA: mask 0x402
05-02 19:52:14.632 503 503 I gpsd : gpsd:PROG: NMEA0183: GNGSA is just after a cycle ender.
05-02 19:52:14.635 503 503 I gpsd : gpsd:IO: <= GPS: $GBGSV,1,1,1,14,,,,,,,,,,,,,,,,5*46
05-02 19:52:14.635 503 503 I gpsd : gpsd:PROG: NMEA0183: xBGSV: part 1 of 1, last_gsv_talker '0' last_gsv_sigid 4
05-02 19:52:14.635 503 503 I gpsd : gpsd:PROG: NMEA0183: xBGSV: new part 1, last_gsv_talker '0', zeroing
05-02 19:52:14.635 503 503 I gpsd : gpsd:WARN: NMEA0183: xxGSV: Satellite data no good (1 of 1).
05-02 19:52:14.635 503 503 I gpsd : gpsd:PROG: NMEA0183: GBGSV is just after a cycle ender.
05-02 19:52:14.638 503 503 I gpsd : gpsd:IO: <= GPS: $GNRMC,002627.99,V,,,,,,,020100,,,N,V*1B
05-02 19:52:14.638 503 503 I gpsd : gpsd:PROG: NMEA0183: GNRMC is just after a cycle ender.
05-02 19:52:14.640 503 503 I gpsd : gpsd:IO: <= GPS: $GNVTG,,T,,M,,N,,K,N*32
05-02 19:52:14.641 503 503 I gpsd : gpsd:PROG: NMEA0183: GNVTG is just after a cycle ender.
05-02 19:52:14.643 503 503 I gpsd : gpsd:IO: <= GPS: $GNZDA,002627.99,02,01,2000,,*78
05-02 19:52:14.644 503 503 I gpsd : gpsd:WARN: WARNING: WKRO bug: leap second 18 inconsistent with 946772787, corrected to 1566087987 (2019-08-18T00:26:27.990Z)
05-02 19:52:14.644 503 503 I gpsd : gpsd:PROG: NMEA0183: GNZDA is just after a cycle ender.
05-02 19:52:15.623 503 503 I gpsd : gpsd:PROG: CORE: transmission pause. gap 0.979459 quiet_time 0.250000
05-02 19:52:15.626 503 503 I gpsd : gpsd:IO: <= GPS: $GPGGA,002628.99,,,,,0,00,,,,,,,*46
05-02 19:52:15.626 503 503 I gpsd : gpsd:PROG: NMEA0183: GPGGA starts a reporting cycle. lasttag 25
05-02 19:52:15.628 503 503 I gpsd : gpsd:IO: <= GPS: $GNGLL,,,,,002628.99,V,N*5A
05-02 19:52:15.629 503 503 I gpsd : gpsd:PROG: NMEA0183: GNGLL ends a reporting cycle.
05-02 19:52:15.631 503 503 I gpsd : gpsd:IO: <= GPS: $GNGSA,A,1,,,,,,,,,,,,,,,,*2C
05-02 19:52:15.631 503 503 I gpsd : gpsd:PROG: NMEA0183: xxGSA sets mode 1
05-02 19:52:15.631 503 503 I gpsd : gpsd:PROG: NMEA0183: xxGSA: mask 0x402
05-02 19:52:15.631 503 503 I gpsd : gpsd:PROG: NMEA0183: GNGSA is just after a cycle ender.
05-02 19:52:15.634 503 503 I gpsd : gpsd:IO: <= GPS: $GBGSV,1,1,1,14,,,,,,,,,,,,,,,,5*46
05-02 19:52:15.634 503 503 I gpsd : gpsd:PROG: NMEA0183: xBGSV: part 1 of 1, last_gsv_talker '0' last_gsv_sigid 4
05-02 19:52:15.635 503 503 I gpsd : gpsd:PROG: NMEA0183: xBGSV: new part 1, last_gsv_talker '0', zeroing
05-02 19:52:15.635 503 503 I gpsd : gpsd:WARN: NMEA0183: xxGSV: Satellite data no good (1 of 1).
05-02 19:52:15.635 503 503 I gpsd : gpsd:PROG: NMEA0183: GBGSV is just after a cycle ender.
05-02 19:52:15.638 503 503 I gpsd : gpsd:IO: <= GPS: $GNRMC,002628.99,V,,,,,,,020100,,,N,V*14
05-02 19:52:15.638 503 503 I gpsd : gpsd:PROG: NMEA0183: GNRMC is just after a cycle ender.
05-02 19:52:15.640 503 503 I gpsd : gpsd:IO: <= GPS: $GNVTG,,T,,M,,N,,K,N*32
05-02 19:52:15.640 503 503 I gpsd : gpsd:PROG: NMEA0183: GNVTG is just after a cycle ender.
05-02 19:52:15.643 503 503 I gpsd : gpsd:IO: <= GPS: $GNZDA,002628.99,02,01,2000,,*77
05-02 19:52:15.643 503 503 I gpsd : gpsd:WARN: WARNING: WKRO bug: leap second 18 inconsistent with 946772788, corrected to 1566087988 (2019-08-18T00:26:28.990Z)
05-02 19:52:15.643 503 503 I gpsd : gpsd:PROG: NMEA0183: GNZDA is just after a cycle ender.
05-02 19:52:16.623 503 503 I gpsd : gpsd:PROG: CORE: transmission pause. gap 0.979629 quiet_time 0.250000
05-02 19:52:16.626 503 503 I gpsd : gpsd:IO: <= GPS: $GPGGA,002629.99,,,,,0,00,,,,,,,*47
05-02 19:52:16.626 503 503 I gpsd : gpsd:PROG: NMEA0183: GPGGA starts a reporting cycle. lasttag 25
05-02 19:52:16.628 503 503 I gpsd : gpsd:IO: <= GPS: $GNGLL,,,,,002629.99,V,N*5B
05-02 19:52:16.628 503 503 I gpsd : gpsd:PROG: NMEA0183: GNGLL ends a reporting cycle.
05-02 19:52:16.631 503 503 I gpsd : gpsd:IO: <= GPS: $GNGSA,A,1,,,,,,,,,,,,,,,,*2C
05-02 19:52:16.631 503 503 I gpsd : gpsd:PROG: NMEA0183: xxGSA sets mode 1
05-02 19:52:16.631 503 503 I gpsd : gpsd:PROG: NMEA0183: xxGSA: mask 0x402
05-02 19:52:16.631 503 503 I gpsd : gpsd:PROG: NMEA0183: GNGSA is just after a cycle ender.
05-02 19:52:16.634 503 503 I gpsd : gpsd:IO: <= GPS: $GBGSV,1,1,1,14,,,,,,,,,,,,,,,,5*46
05-02 19:52:16.634 503 503 I gpsd : gpsd:PROG: NMEA0183: xBGSV: part 1 of 1, last_gsv_talker '0' last_gsv_sigid 4
05-02 19:52:16.634 503 503 I gpsd : gpsd:PROG: NMEA0183: xBGSV: new part 1, last_gsv_talker '0', zeroing
05-02 19:52:16.634 503 503 I gpsd : gpsd:WARN: NMEA0183: xxGSV: Satellite data no good (1 of 1).
05-02 19:52:16.635 503 503 I gpsd : gpsd:PROG: NMEA0183: GBGSV is just after a cycle ender.
05-02 19:52:16.638 503 503 I gpsd : gpsd:IO: <= GPS: $GNRMC,002629.99,V,,,,,,,020100,,,N,V*15
05-02 19:52:16.638 503 503 I gpsd : gpsd:PROG: NMEA0183: GNRMC is just after a cycle ender.
05-02 19:52:16.640 503 503 I gpsd : gpsd:IO: <= GPS: $GNVTG,,T,,M,,N,,K,N*32
05-02 19:52:16.640 503 503 I gpsd : gpsd:PROG: NMEA0183: GNVTG is just after a cycle ender.
05-02 19:52:16.643 503 503 I gpsd : gpsd:IO: <= GPS: $GNZDA,002629.99,02,01,2000,,*76
05-02 19:52:16.643 503 503 I gpsd : gpsd:WARN: WARNING: WKRO bug: leap second 18 inconsistent with 946772789, corrected to 1566087989 (2019-08-18T00:26:29.990Z)
05-02 19:52:16.643 503 503 I gpsd : gpsd:PROG: NMEA0183: GNZDA is just after a cycle ender.
05-02 19:52:17.623 503 503 I gpsd : gpsd:PROG: CORE: transmission pause. gap 0.979720 quiet_time 0.250000
05-02 19:52:17.626 503 503 I gpsd : gpsd:IO: <= GPS: $GPGGA,002630.99,,,,,0,00,,,,,,,*4F
05-02 19:52:17.626 503 503 I gpsd : gpsd:PROG: NMEA0183: GPGGA starts a reporting cycle. lasttag 25
05-02 19:52:17.628 503 503 I gpsd : gpsd:IO: <= GPS: $GNGLL,,,,,002630.99,V,N*53
05-02 19:52:17.628 503 503 I gpsd : gpsd:PROG: NMEA0183: GNGLL ends a reporting cycle.
05-02 19:52:17.631 503 503 I gpsd : gpsd:IO: <= GPS: $GNGSA,A,1,,,,,,,,,,,,,,,,*2C
05-02 19:52:17.631 503 503 I gpsd : gpsd:PROG: NMEA0183: xxGSA sets mode 1
05-02 19:52:17.631 503 503 I gpsd : gpsd:PROG: NMEA0183: xxGSA: mask 0x402
05-02 19:52:17.631 503 503 I gpsd : gpsd:PROG: NMEA0183: GNGSA is just after a cycle ender.
05-02 19:52:17.634 503 503 I gpsd : gpsd:IO: <= GPS: $GBGSV,1,1,1,14,,,,,,,,,,,,,,,,5*46
05-02 19:52:17.634 503 503 I gpsd : gpsd:PROG: NMEA0183: xBGSV: part 1 of 1, last_gsv_talker '0' last_gsv_sigid 4
05-02 19:52:17.634 503 503 I gpsd : gpsd:PROG: NMEA0183: xBGSV: new part 1, last_gsv_talker '0', zeroing
05-02 19:52:17.634 503 503 I gpsd : gpsd:WARN: NMEA0183: xxGSV: Satellite data no good (1 of 1).
05-02 19:52:17.634 503 503 I gpsd : gpsd:PROG: NMEA0183: GBGSV is just after a cycle ender.
05-02 19:52:17.638 503 503 I gpsd : gpsd:IO: <= GPS: $GNRMC,002630.99,V,,,,,,,020100,,,N,V*1D
05-02 19:52:17.638 503 503 I gpsd : gpsd:PROG: NMEA0183: GNRMC is just after a cycle ender.
05-02 19:52:17.640 503 503 I gpsd : gpsd:IO: <= GPS: $GNVTG,,T,,M,,N,,K,N*32
05-02 19:52:17.640 503 503 I gpsd : gpsd:PROG: NMEA0183: GNVTG is just after a cycle ender.
05-02 19:52:17.643 503 503 I gpsd : gpsd:IO: <= GPS: $GNZDA,002630.99,02,01,2000,,*7E
05-02 19:52:17.643 503 503 I gpsd : gpsd:WARN: WARNING: WKRO bug: leap second 18 inconsistent with 946772790, corrected to 1566087990 (2019-08-18T00:26:30.990Z)
05-02 19:52:17.643 503 503 I gpsd : gpsd:PROG: NMEA0183: GNZDA is just after a cycle ender.
05-02 19:52:18.623 503 503 I gpsd : gpsd:PROG: CORE: transmission pause. gap 0.979695 quiet_time 0.250000
05-02 19:52:18.626 503 503 I gpsd : gpsd:IO: <= GPS: $GPGGA,002631.99,,,,,0,00,,,,,,,*4E
05-02 19:52:18.626 503 503 I gpsd : gpsd:PROG: NMEA0183: GPGGA starts a reporting cycle. lasttag 25
05-02 19:52:18.628 503 503 I gpsd : gpsd:IO: <= GPS: $GNGLL,,,,,002631.99,V,N*52
05-02 19:52:18.628 503 503 I gpsd : gpsd:PROG: NMEA0183: GNGLL ends a reporting cycle.
05-02 19:52:18.631 503 503 I gpsd : gpsd:IO: <= GPS: $GNGSA,A,1,,,,,,,,,,,,,,,,*2C
05-02 19:52:18.631 503 503 I gpsd : gpsd:PROG: NMEA0183: xxGSA sets mode 1
05-02 19:52:18.631 503 503 I gpsd : gpsd:PROG: NMEA0183: xxGSA: mask 0x402
05-02 19:52:18.631 503 503 I gpsd : gpsd:PROG: NMEA0183: GNGSA is just after a cycle ender.
05-02 19:52:18.634 503 503 I gpsd : gpsd:IO: <= GPS: $GBGSV,1,1,1,14,,,,,,,,,,,,,,,,5*46
05-02 19:52:18.634 503 503 I gpsd : gpsd:PROG: NMEA0183: xBGSV: part 1 of 1, last_gsv_talker '0' last_gsv_sigid 4
05-02 19:52:18.634 503 503 I gpsd : gpsd:PROG: NMEA0183: xBGSV: new part 1, last_gsv_talker '0', zeroing
05-02 19:52:18.634 503 503 I gpsd : gpsd:WARN: NMEA0183: xxGSV: Satellite data no good (1 of 1).
05-02 19:52:18.634 503 503 I gpsd : gpsd:PROG: NMEA0183: GBGSV is just after a cycle ender.
05-02 19:52:18.638 503 503 I gpsd : gpsd:IO: <= GPS: $GNRMC,002631.99,V,,,,,,,020100,,,N,V*1C
05-02 19:52:18.638 503 503 I gpsd : gpsd:PROG: NMEA0183: GNRMC is just after a cycle ender.
05-02 19:52:18.640 503 503 I gpsd : gpsd:IO: <= GPS: $GNVTG,,T,,M,,N,,K,N*32
05-02 19:52:18.640 503 503 I gpsd : gpsd:PROG: NMEA0183: GNVTG is just after a cycle ender.
05-02 19:52:18.643 503 503 I gpsd : gpsd:IO: <= GPS: $GNZDA,002631.99,02,01,2000,,*7F
05-02 19:52:18.643 503 503 I gpsd : gpsd:WARN: WARNING: WKRO bug: leap second 18 inconsistent with 946772791, corrected to 1566087991 (2019-08-18T00:26:31.990Z)
05-02 19:52:18.643 503 503 I gpsd : gpsd:PROG: NMEA0183: GNZDA is just after a cycle ender.
05-02 19:52:19.623 503 503 I gpsd : gpsd:PROG: CORE: transmission pause. gap 0.979888 quiet_time 0.250000
05-02 19:52:19.626 503 503 I gpsd : gpsd:IO: <= GPS: $GPGGA,002632.99,,,,,0,00,,,,,,,*4D
05-02 19:52:19.626 503 503 I gpsd : gpsd:PROG: NMEA0183: GPGGA starts a reporting cycle. lasttag 25
05-02 19:52:19.628 503 503 I gpsd : gpsd:IO: <= GPS: $GNGLL,,,,,002632.99,V,N*51
05-02 19:52:19.628 503 503 I gpsd : gpsd:PROG: NMEA0183: GNGLL ends a reporting cycle.
05-02 19:52:19.631 503 503 I gpsd : gpsd:IO: <= GPS: $GNGSA,A,1,,,,,,,,,,,,,,,,*2C
05-02 19:52:19.631 503 503 I gpsd : gpsd:PROG: NMEA0183: xxGSA sets mode 1
05-02 19:52:19.631 503 503 I gpsd : gpsd:PROG: NMEA0183: xxGSA: mask 0x402
05-02 19:52:19.631 503 503 I gpsd : gpsd:PROG: NMEA0183: GNGSA is just after a cycle ender.
05-02 19:52:19.634 503 503 I gpsd : gpsd:IO: <= GPS: $GBGSV,1,1,1,14,,,,,,,,,,,,,,,,5*46
05-02 19:52:19.634 503 503 I gpsd : gpsd:PROG: NMEA0183: xBGSV: part 1 of 1, last_gsv_talker '0' last_gsv_sigid 4
05-02 19:52:19.634 503 503 I gpsd : gpsd:PROG: NMEA0183: xBGSV: new part 1, last_gsv_talker '0', zeroing
05-02 19:52:19.634 503 503 I gpsd : gpsd:WARN: NMEA0183: xxGSV: Satellite data no good (1 of 1).
05-02 19:52:19.635 503 503 I gpsd : gpsd:PROG: NMEA0183: GBGSV is just after a cycle ender.
05-02 19:52:19.638 503 503 I gpsd : gpsd:IO: <= GPS: $GNRMC,002632.99,V,,,,,,,020100,,,N,V*1F
05-02 19:52:19.638 503 503 I gpsd : gpsd:PROG: NMEA0183: GNRMC is just after a cycle ender.
05-02 19:52:19.640 503 503 I gpsd : gpsd:IO: <= GPS: $GNVTG,,T,,M,,N,,K,N*32
05-02 19:52:19.640 503 503 I gpsd : gpsd:PROG: NMEA0183: GNVTG is just after a cycle ender.
05-02 19:52:19.643 503 503 I gpsd : gpsd:IO: <= GPS: $GNZDA,002632.99,02,01,2000,,*7C
05-02 19:52:19.643 503 503 I gpsd : gpsd:WARN: WARNING: WKRO bug: leap second 18 inconsistent with 946772792, corrected to 1566087992 (2019-08-18T00:26:32.990Z)
05-02 19:52:19.643 503 503 I gpsd : gpsd:PROG: NMEA0183: GNZDA is just after a cycle ender.
05-02 19:52:20.623 503 503 I gpsd : gpsd:PROG: CORE: transmission pause. gap 0.979968 quiet_time 0.250000
05-02 19:52:20.626 503 503 I gpsd : gpsd:IO: <= GPS: $GPGGA,002633.99,,,,,0,00,,,,,,,*4C
05-02 19:52:20.626 503 503 I gpsd : gpsd:PROG: NMEA0183: GPGGA starts a reporting cycle. lasttag 25
05-02 19:52:20.628 503 503 I gpsd : gpsd:IO: <= GPS: $GNGLL,,,,,002633.99,V,N*50
05-02 19:52:20.629 503 503 I gpsd : gpsd:PROG: NMEA0183: GNGLL ends a reporting cycle.
05-02 19:52:20.631 503 503 I gpsd : gpsd:IO: <= GPS: $GNGSA,A,1,,,,,,,,,,,,,,,,*2C
05-02 19:52:20.631 503 503 I gpsd : gpsd:PROG: NMEA0183: xxGSA sets mode 1
05-02 19:52:20.631 503 503 I gpsd : gpsd:PROG: NMEA0183: xxGSA: mask 0x402
05-02 19:52:20.631 503 503 I gpsd : gpsd:PROG: NMEA0183: GNGSA is just after a cycle ender.
05-02 19:52:20.634 503 503 I gpsd : gpsd:IO: <= GPS: $GBGSV,1,1,1,14,,,,,,,,,,,,,,,,5*46
05-02 19:52:20.634 503 503 I gpsd : gpsd:PROG: NMEA0183: xBGSV: part 1 of 1, last_gsv_talker '0' last_gsv_sigid 4
05-02 19:52:20.635 503 503 I gpsd : gpsd:PROG: NMEA0183: xBGSV: new part 1, last_gsv_talker '0', zeroing
05-02 19:52:20.635 503 503 I gpsd : gpsd:WARN: NMEA0183: xxGSV: Satellite data no good (1 of 1).
05-02 19:52:20.635 503 503 I gpsd : gpsd:PROG: NMEA0183: GBGSV is just after a cycle ender.
05-02 19:52:20.638 503 503 I gpsd : gpsd:IO: <= GPS: $GNRMC,002633.99,V,,,,,,,020100,,,N,V*1E
05-02 19:52:20.638 503 503 I gpsd : gpsd:PROG: NMEA0183: GNRMC is just after a cycle ender.
05-02 19:52:20.640 503 503 I gpsd : gpsd:IO: <= GPS: $GNVTG,,T,,M,,N,,K,N*32
05-02 19:52:20.640 503 503 I gpsd : gpsd:PROG: NMEA0183: GNVTG is just after a cycle ender.
05-02 19:52:20.643 503 503 I gpsd : gpsd:IO: <= GPS: $GNZDA,002633.99,02,01,2000,,*7D
05-02 19:52:20.643 503 503 I gpsd : gpsd:WARN: WARNING: WKRO bug: leap second 18 inconsistent with 946772793, corrected to 1566087993 (2019-08-18T00:26:33.990Z)
05-02 19:52:20.643 503 503 I gpsd : gpsd:PROG: NMEA0183: GNZDA is just after a cycle ender.
05-02 19:52:21.623 503 503 I gpsd : gpsd:PROG: CORE: transmission pause. gap 0.979639 quiet_time 0.250000
05-02 19:52:21.626 503 503 I gpsd : gpsd:IO: <= GPS: $GPGGA,002634.99,,,,,0,00,,,,,,,*4B
05-02 19:52:21.626 503 503 I gpsd : gpsd:PROG: NMEA0183: GPGGA starts a reporting cycle. lasttag 25
05-02 19:52:21.628 503 503 I gpsd : gpsd:IO: <= GPS: $GNGLL,,,,,002634.99,V,N*57
05-02 19:52:21.628 503 503 I gpsd : gpsd:PROG: NMEA0183: GNGLL ends a reporting cycle.
05-02 19:52:21.631 503 503 I gpsd : gpsd:IO: <= GPS: $GNGSA,A,1,,,,,,,,,,,,,,,,*2C
05-02 19:52:21.631 503 503 I gpsd : gpsd:PROG: NMEA0183: xxGSA sets mode 1
05-02 19:52:21.631 503 503 I gpsd : gpsd:PROG: NMEA0183: xxGSA: mask 0x402
05-02 19:52:21.631 503 503 I gpsd : gpsd:PROG: NMEA0183: GNGSA is just after a cycle ender.
05-02 19:52:21.634 503 503 I gpsd : gpsd:IO: <= GPS: $GBGSV,1,1,1,14,,,,,,,,,,,,,,,,5*46
05-02 19:52:21.634 503 503 I gpsd : gpsd:PROG: NMEA0183: xBGSV: part 1 of 1, last_gsv_talker '0' last_gsv_sigid 4
