05-02 19:39:23.754 534 571 I ActivityManagerTiming: OnBootPhase_1000_com.android.server.BinderCallsStatsService$LifeCycle
05-02 19:39:23.754 534 571 D ActivityManagerTiming: OnBootPhase_1000_com.android.server.BinderCallsStatsService$LifeCycle took to complete: 0ms
05-02 19:39:23.754 534 571 I ActivityManagerTiming: OnBootPhase_1000_com.android.server.LooperStatsService$Lifecycle
05-02 19:39:23.754 534 571 D ActivityManagerTiming: OnBootPhase_1000_com.android.server.LooperStatsService$Lifecycle took to complete: 0ms
05-02 19:39:23.754 534 571 I ActivityManagerTiming: OnBootPhase_1000_com.android.server.rollback.RollbackManagerService
05-02 19:39:23.757 534 625 D RollbackManager: mRollbackLifetimeDurationInMillis=1209600000
05-02 19:39:23.762 534 571 D ActivityManagerTiming: OnBootPhase_1000_com.android.server.rollback.RollbackManagerService took to complete: 8ms
05-02 19:39:23.763 534 571 I ActivityManagerTiming: OnBootPhase_1000_com.android.server.os.BugreportManagerService
05-02 19:39:23.763 534 571 D ActivityManagerTiming: OnBootPhase_1000_com.android.server.os.BugreportManagerService took to complete: 0ms
05-02 19:39:23.763 534 571 I ActivityManagerTiming: OnBootPhase_1000_com.android.server.gpu.GpuService
05-02 19:39:23.763 534 571 D ActivityManagerTiming: OnBootPhase_1000_com.android.server.gpu.GpuService took to complete: 0ms
05-02 19:39:23.763 534 571 I ActivityManagerTiming: OnBootPhase_1000_com.android.server.security.KeyChainSystemService
05-02 19:39:23.763 534 571 D ActivityManagerTiming: OnBootPhase_1000_com.android.server.security.KeyChainSystemService took to complete: 0ms
05-02 19:39:23.763 534 571 I ActivityManagerTiming: OnBootPhase_1000_com.android.server.telecom.TelecomLoaderService
05-02 19:39:23.763 534 571 D ActivityManagerTiming: OnBootPhase_1000_com.android.server.telecom.TelecomLoaderService took to complete: 0ms
05-02 19:39:23.763 534 571 I ActivityManagerTiming: OnBootPhase_1000_com.android.server.accounts.AccountManagerService$Lifecycle
05-02 19:39:23.763 534 571 D ActivityManagerTiming: OnBootPhase_1000_com.android.server.accounts.AccountManagerService$Lifecycle took to complete: 0ms
05-02 19:39:23.763 534 571 I ActivityManagerTiming: OnBootPhase_1000_com.android.server.content.ContentService$Lifecycle
05-02 19:39:23.763 534 571 D ActivityManagerTiming: OnBootPhase_1000_com.android.server.content.ContentService$Lifecycle took to complete: 0ms
05-02 19:39:23.763 534 571 I ActivityManagerTiming: OnBootPhase_1000_com.android.server.DropBoxManagerService
05-02 19:39:23.764 534 571 D ActivityManagerTiming: OnBootPhase_1000_com.android.server.DropBoxManagerService took to complete: 0ms
05-02 19:39:23.764 534 571 I ActivityManagerTiming: OnBootPhase_1000_com.android.server.AlarmManagerService
05-02 19:39:23.764 534 571 D ActivityManagerTiming: OnBootPhase_1000_com.android.server.AlarmManagerService took to complete: 0ms
05-02 19:39:23.765 534 571 I ActivityManagerTiming: OnBootPhase_1000_com.android.server.BluetoothService
05-02 19:39:23.765 534 571 D ActivityManagerTiming: OnBootPhase_1000_com.android.server.BluetoothService took to complete: 0ms
05-02 19:39:23.765 534 571 I ActivityManagerTiming: OnBootPhase_1000_com.android.server.connectivity.IpConnectivityMetrics
05-02 19:39:23.765 534 571 D ActivityManagerTiming: OnBootPhase_1000_com.android.server.connectivity.IpConnectivityMetrics took to complete: 0ms
05-02 19:39:23.765 534 571 I ActivityManagerTiming: OnBootPhase_1000_com.android.server.net.watchlist.NetworkWatchlistService$Lifecycle
05-02 19:39:23.765 534 571 D ActivityManagerTiming: OnBootPhase_1000_com.android.server.net.watchlist.NetworkWatchlistService$Lifecycle took to complete: 0ms
05-02 19:39:23.765 534 571 I ActivityManagerTiming: OnBootPhase_1000_com.android.server.PinnerService
05-02 19:39:23.765 534 571 D ActivityManagerTiming: OnBootPhase_1000_com.android.server.PinnerService took to complete: 0ms
05-02 19:39:23.765 534 571 I ActivityManagerTiming: OnBootPhase_1000_com.google.android.startop.iorap.IorapForwardingService
05-02 19:39:23.765 534 571 D ActivityManagerTiming: OnBootPhase_1000_com.google.android.startop.iorap.IorapForwardingService took to complete: 0ms
05-02 19:39:23.765 534 571 I ActivityManagerTiming: OnBootPhase_1000_com.android.server.integrity.AppIntegrityManagerService
05-02 19:39:23.765 534 571 D ActivityManagerTiming: OnBootPhase_1000_com.android.server.integrity.AppIntegrityManagerService took to complete: 0ms
05-02 19:39:23.765 534 571 I ActivityManagerTiming: OnBootPhase_1000_com.android.server.inputmethod.InputMethodManagerService$Lifecycle
05-02 19:39:23.765 534 571 D ActivityManagerTiming: OnBootPhase_1000_com.android.server.inputmethod.InputMethodManagerService$Lifecycle took to complete: 0ms
05-02 19:39:23.767 534 571 I ActivityManagerTiming: OnBootPhase_1000_com.android.server.accessibility.AccessibilityManagerService$Lifecycle
05-02 19:39:23.767 534 571 D ActivityManagerTiming: OnBootPhase_1000_com.android.server.accessibility.AccessibilityManagerService$Lifecycle took to complete: 0ms
05-02 19:39:23.767 534 571 I ActivityManagerTiming: OnBootPhase_1000_com.android.server.StorageManagerService$Lifecycle
05-02 19:39:23.767 534 646 D StorageManagerService: Thinking about init, mBootCompleted=true, mDaemonConnected=true
05-02 19:39:23.767 534 646 D StorageManagerService: Thinking about reset, mBootCompleted=true, mDaemonConnected=true
05-02 19:39:23.768 534 646 I StorageSessionController: Started resetting external storage service...
05-02 19:39:23.768 534 646 I StorageSessionController: Finished resetting external storage service
05-02 19:39:23.769 534 646 I StorageManagerService: Resetting vold...
05-02 19:39:23.770 534 646 I StorageManagerService: Reset vold
05-02 19:39:23.770 237 237 I vold : onUserAdded: 0
05-02 19:39:23.771 534 571 D StorageManagerService: FUSE flags. Settings: true. Default: true
05-02 19:39:23.771 534 571 D ActivityManagerTiming: OnBootPhase_1000_com.android.server.StorageManagerService$Lifecycle took to complete: 4ms
05-02 19:39:23.771 534 571 I ActivityManagerTiming: OnBootPhase_1000_com.android.server.usage.StorageStatsService$Lifecycle
05-02 19:39:23.771 534 571 D ActivityManagerTiming: OnBootPhase_1000_com.android.server.usage.StorageStatsService$Lifecycle took to complete: 0ms
05-02 19:39:23.771 534 571 I ActivityManagerTiming: OnBootPhase_1000_com.android.server.UiModeManagerService
05-02 19:39:23.771 534 571 D ActivityManagerTiming: OnBootPhase_1000_com.android.server.UiModeManagerService took to complete: 0ms
05-02 19:39:23.771 534 571 I ActivityManagerTiming: OnBootPhase_1000_com.android.server.locksettings.LockSettingsService$Lifecycle
05-02 19:39:23.771 534 571 D ActivityManagerTiming: OnBootPhase_1000_com.android.server.locksettings.LockSettingsService$Lifecycle took to complete: 0ms
05-02 19:39:23.771 534 571 I ActivityManagerTiming: OnBootPhase_1000_com.android.server.PersistentDataBlockService
05-02 19:39:23.771 534 571 D ActivityManagerTiming: OnBootPhase_1000_com.android.server.PersistentDataBlockService took to complete: 0ms
05-02 19:39:23.771 534 571 I ActivityManagerTiming: OnBootPhase_1000_com.android.server.testharness.TestHarnessModeService
05-02 19:39:23.771 534 571 D TestHarnessModeService: Completing Test Harness Mode setup.
05-02 19:39:23.801 534 571 D ActivityManagerTiming: OnBootPhase_1000_com.android.server.testharness.TestHarnessModeService took to complete: 29ms
05-02 19:39:23.801 534 571 I ActivityManagerTiming: OnBootPhase_1000_com.android.server.oemlock.OemLockService
05-02 19:39:23.801 534 571 D ActivityManagerTiming: OnBootPhase_1000_com.android.server.oemlock.OemLockService took to complete: 0ms
05-02 19:39:23.802 534 571 I ActivityManagerTiming: OnBootPhase_1000_com.android.server.DeviceIdleController
05-02 19:39:23.802 534 571 D ActivityManagerTiming: OnBootPhase_1000_com.android.server.DeviceIdleController took to complete: 0ms
05-02 19:39:23.802 534 571 I ActivityManagerTiming: OnBootPhase_1000_com.android.server.devicepolicy.DevicePolicyManagerService$Lifecycle
05-02 19:39:23.802 534 571 D ActivityManagerTiming: OnBootPhase_1000_com.android.server.devicepolicy.DevicePolicyManagerService$Lifecycle took to complete: 1ms
05-02 19:39:23.803 534 571 I ActivityManagerTiming: OnBootPhase_1000_com.android.server.textservices.TextServicesManagerService$Lifecycle
05-02 19:39:23.803 534 571 D ActivityManagerTiming: OnBootPhase_1000_com.android.server.textservices.TextServicesManagerService$Lifecycle took to complete: 0ms
05-02 19:39:23.803 534 571 I ActivityManagerTiming: OnBootPhase_1000_com.android.server.textclassifier.TextClassificationManagerService$Lifecycle
05-02 19:39:23.803 534 571 D ActivityManagerTiming: OnBootPhase_1000_com.android.server.textclassifier.TextClassificationManagerService$Lifecycle took to complete: 0ms
05-02 19:39:23.803 534 571 I ActivityManagerTiming: OnBootPhase_1000_com.android.server.NetworkScoreService$Lifecycle
05-02 19:39:23.804 534 571 D ActivityManagerTiming: OnBootPhase_1000_com.android.server.NetworkScoreService$Lifecycle took to complete: 0ms
05-02 19:39:23.804 534 571 I ActivityManagerTiming: OnBootPhase_1000_com.android.server.wifi.WifiService
05-02 19:39:23.805 534 571 D ActivityManagerTiming: OnBootPhase_1000_com.android.server.wifi.WifiService took to complete: 1ms
05-02 19:39:23.805 534 571 I ActivityManagerTiming: OnBootPhase_1000_com.android.server.wifi.scanner.WifiScanningService
05-02 19:39:23.805 534 571 D ActivityManagerTiming: OnBootPhase_1000_com.android.server.wifi.scanner.WifiScanningService took to complete: 0ms
05-02 19:39:23.806 534 571 I ActivityManagerTiming: OnBootPhase_1000_com.android.server.wifi.p2p.WifiP2pService
05-02 19:39:23.806 534 571 D ActivityManagerTiming: OnBootPhase_1000_com.android.server.wifi.p2p.WifiP2pService took to complete: 0ms
05-02 19:39:23.806 534 571 I ActivityManagerTiming: OnBootPhase_1000_com.android.server.ethernet.EthernetService
05-02 19:39:23.806 534 571 D ActivityManagerTiming: OnBootPhase_1000_com.android.server.ethernet.EthernetService took to complete: 0ms
05-02 19:39:23.807 534 571 I ActivityManagerTiming: OnBootPhase_1000_com.android.server.notification.NotificationManagerService
05-02 19:39:23.807 534 571 D ActivityManagerTiming: OnBootPhase_1000_com.android.server.notification.NotificationManagerService took to complete: 0ms
05-02 19:39:23.807 534 571 I ActivityManagerTiming: OnBootPhase_1000_com.android.server.storage.DeviceStorageMonitorService
05-02 19:39:23.808 534 571 D ActivityManagerTiming: OnBootPhase_1000_com.android.server.storage.DeviceStorageMonitorService took to complete: 0ms
05-02 19:39:23.808 534 571 I ActivityManagerTiming: OnBootPhase_1000_com.android.server.location.LocationManagerService$Lifecycle
05-02 19:39:23.808 534 571 D ActivityManagerTiming: OnBootPhase_1000_com.android.server.location.LocationManagerService$Lifecycle took to complete: 0ms
05-02 19:39:23.809 534 571 I ActivityManagerTiming: OnBootPhase_1000_com.android.server.timedetector.TimeDetectorService$Lifecycle
05-02 19:39:23.813 534 571 D ActivityManagerTiming: OnBootPhase_1000_com.android.server.timedetector.TimeDetectorService$Lifecycle took to complete: 0ms
05-02 19:39:23.815 534 571 I ActivityManagerTiming: OnBootPhase_1000_com.android.server.timezonedetector.TimeZoneDetectorService$Lifecycle
05-02 19:39:23.817 534 577 D AppStandbyController: Loading headless system app cache. appIdleEnabled=false
05-02 19:39:23.829 534 571 D ActivityManagerTiming: OnBootPhase_1000_com.android.server.timezonedetector.TimeZoneDetectorService$Lifecycle took to complete: 1ms
05-02 19:39:23.831 534 823 D ConnectivityService: Got NetworkProvider Messenger for WifiNetworkFactory
05-02 19:39:23.831 534 823 D ConnectivityService: Got NetworkProvider Messenger for UntrustedWifiNetworkFactory
05-02 19:39:23.835 534 571 I ActivityManagerTiming: OnBootPhase_1000_com.android.server.search.SearchManagerService$Lifecycle
05-02 19:39:23.835 534 571 D ActivityManagerTiming: OnBootPhase_1000_com.android.server.search.SearchManagerService$Lifecycle took to complete: 0ms
05-02 19:39:23.835 534 571 I ActivityManagerTiming: OnBootPhase_1000_com.android.server.wallpaper.WallpaperManagerService$Lifecycle
05-02 19:39:23.835 534 571 D ActivityManagerTiming: OnBootPhase_1000_com.android.server.wallpaper.WallpaperManagerService$Lifecycle took to complete: 0ms
05-02 19:39:23.835 534 571 I ActivityManagerTiming: OnBootPhase_1000_com.android.server.audio.AudioService$Lifecycle
05-02 19:39:23.835 534 571 D ActivityManagerTiming: OnBootPhase_1000_com.android.server.audio.AudioService$Lifecycle took to complete: 0ms
05-02 19:39:23.835 534 571 I ActivityManagerTiming: OnBootPhase_1000_com.android.server.soundtrigger_middleware.SoundTriggerMiddlewareService$Lifecycle
05-02 19:39:23.835 534 571 D ActivityManagerTiming: OnBootPhase_1000_com.android.server.soundtrigger_middleware.SoundTriggerMiddlewareService$Lifecycle took to complete: 0ms
05-02 19:39:23.835 534 571 I ActivityManagerTiming: OnBootPhase_1000_com.android.server.DockObserver
05-02 19:39:23.835 534 571 D ActivityManagerTiming: OnBootPhase_1000_com.android.server.DockObserver took to complete: 0ms
05-02 19:39:23.835 534 571 I ActivityManagerTiming: OnBootPhase_1000_com.android.server.midi.MidiService$Lifecycle
05-02 19:39:23.835 534 571 D ActivityManagerTiming: OnBootPhase_1000_com.android.server.midi.MidiService$Lifecycle took to complete: 0ms
05-02 19:39:23.835 534 571 I ActivityManagerTiming: OnBootPhase_1000_com.android.server.adb.AdbService$Lifecycle
05-02 19:39:23.835 534 571 D ActivityManagerTiming: OnBootPhase_1000_com.android.server.adb.AdbService$Lifecycle took to complete: 0ms
05-02 19:39:23.836 534 571 I ActivityManagerTiming: OnBootPhase_1000_com.android.server.usb.UsbService$Lifecycle
05-02 19:39:23.836 534 571 D ActivityManagerTiming: OnBootPhase_1000_com.android.server.usb.UsbService$Lifecycle took to complete: 0ms
05-02 19:39:23.836 534 571 I ActivityManagerTiming: OnBootPhase_1000_com.android.server.twilight.TwilightService
05-02 19:39:23.837 534 571 D ActivityManagerTiming: OnBootPhase_1000_com.android.server.twilight.TwilightService took to complete: 1ms
05-02 19:39:23.837 534 571 I ActivityManagerTiming: OnBootPhase_1000_com.android.server.display.color.ColorDisplayService
05-02 19:39:23.837 534 571 D ActivityManagerTiming: OnBootPhase_1000_com.android.server.display.color.ColorDisplayService took to complete: 0ms
05-02 19:39:23.837 534 571 I ActivityManagerTiming: OnBootPhase_1000_com.android.server.job.JobSchedulerService
05-02 19:39:23.837 534 571 D ActivityManagerTiming: OnBootPhase_1000_com.android.server.job.JobSchedulerService took to complete: 0ms
05-02 19:39:23.837 534 571 I ActivityManagerTiming: OnBootPhase_1000_com.android.server.soundtrigger.SoundTriggerService
05-02 19:39:23.837 534 571 D SoundTriggerService: onBootPhase: 1000 : false
05-02 19:39:23.837 534 571 D ActivityManagerTiming: OnBootPhase_1000_com.android.server.soundtrigger.SoundTriggerService took to complete: 0ms
05-02 19:39:23.837 534 571 I ActivityManagerTiming: OnBootPhase_1000_com.android.server.trust.TrustManagerService
05-02 19:39:23.849 534 968 I am_proc_bound: [0,1304,com.android.inputmethod.latin]
05-02 19:39:23.875 534 968 I am_uid_active: 10113
05-02 19:39:23.899 534 534 I notification_enqueue: [1000,534,android,26,NULL,-1,Notification(channel=DEVELOPER_IMPORTANT shortcut=null contentView=null vibrate=null sound=null tick defaults=0x0 flags=0x2 color=0xff607d8b vis=PUBLIC),0]
05-02 19:39:23.900 534 534 I sysui_multi_action: [757,1501,758,1,793,1,794,0,795,1,796,26,806,android,857,DEVELOPER_IMPORTANT,858,4,947,0,1500,0]
05-02 19:39:23.900 534 534 I sysui_multi_action: [757,804,799,note_interruptive,801,0,802,1]
05-02 19:39:23.902 534 534 W NotificationHistory: Attempted to add notif for locked/gone/disabled user 0
05-02 19:39:23.906 1168 1168 I service_manager_slow: [19,isub]
05-02 19:39:23.922 534 571 W SystemServiceManager: Service com.android.server.trust.TrustManagerService took 85 ms in onBootPhase
05-02 19:39:23.922 534 571 D ActivityManagerTiming: OnBootPhase_1000_com.android.server.trust.TrustManagerService took to complete: 85ms
05-02 19:39:23.922 534 571 I ActivityManagerTiming: OnBootPhase_1000_com.android.server.backup.BackupManagerService$Lifecycle
05-02 19:39:23.922 534 571 D ActivityManagerTiming: OnBootPhase_1000_com.android.server.backup.BackupManagerService$Lifecycle took to complete: 0ms
05-02 19:39:23.923 534 571 I ActivityManagerTiming: OnBootPhase_1000_com.android.server.appwidget.AppWidgetService
05-02 19:39:23.923 534 571 D ActivityManagerTiming: OnBootPhase_1000_com.android.server.appwidget.AppWidgetService took to complete: 0ms
05-02 19:39:23.923 534 571 I ActivityManagerTiming: OnBootPhase_1000_com.android.server.role.RoleManagerService
05-02 19:39:23.923 534 571 D ActivityManagerTiming: OnBootPhase_1000_com.android.server.role.RoleManagerService took to complete: 0ms
05-02 19:39:23.923 534 571 I ActivityManagerTiming: OnBootPhase_1000_com.android.server.voiceinteraction.VoiceInteractionManagerService
05-02 19:39:23.923 534 571 D ActivityManagerTiming: OnBootPhase_1000_com.android.server.voiceinteraction.VoiceInteractionManagerService took to complete: 0ms
05-02 19:39:23.923 534 571 I ActivityManagerTiming: OnBootPhase_1000_com.android.server.GestureLauncherService
05-02 19:39:23.923 534 571 D ActivityManagerTiming: OnBootPhase_1000_com.android.server.GestureLauncherService took to complete: 0ms
05-02 19:39:23.923 534 571 I ActivityManagerTiming: OnBootPhase_1000_com.android.server.SensorNotificationService
05-02 19:39:23.926 534 571 D ActivityManagerTiming: OnBootPhase_1000_com.android.server.SensorNotificationService took to complete: 3ms
05-02 19:39:23.926 534 571 I ActivityManagerTiming: OnBootPhase_1000_com.android.server.emergency.EmergencyAffordanceService
05-02 19:39:23.926 534 571 D ActivityManagerTiming: OnBootPhase_1000_com.android.server.emergency.EmergencyAffordanceService took to complete: 0ms
05-02 19:39:23.926 534 571 I ActivityManagerTiming: OnBootPhase_1000_com.android.server.dreams.DreamManagerService
05-02 19:39:23.926 534 571 D ActivityManagerTiming: OnBootPhase_1000_com.android.server.dreams.DreamManagerService took to complete: 0ms
05-02 19:39:23.926 534 571 I ActivityManagerTiming: OnBootPhase_1000_com.android.server.blob.BlobStoreManagerService
05-02 19:39:23.927 534 571 D ActivityManagerTiming: OnBootPhase_1000_com.android.server.blob.BlobStoreManagerService took to complete: 1ms
05-02 19:39:23.927 534 571 I ActivityManagerTiming: OnBootPhase_1000_com.android.server.print.PrintManagerService
05-02 19:39:23.927 534 571 D ActivityManagerTiming: OnBootPhase_1000_com.android.server.print.PrintManagerService took to complete: 0ms
05-02 19:39:23.927 534 571 I ActivityManagerTiming: OnBootPhase_1000_com.android.server.companion.CompanionDeviceManagerService
05-02 19:39:23.927 534 571 D ActivityManagerTiming: OnBootPhase_1000_com.android.server.companion.CompanionDeviceManagerService took to complete: 0ms
05-02 19:39:23.927 534 571 I ActivityManagerTiming: OnBootPhase_1000_com.android.server.restrictions.RestrictionsManagerService
05-02 19:39:23.927 534 571 D ActivityManagerTiming: OnBootPhase_1000_com.android.server.restrictions.RestrictionsManagerService took to complete: 0ms
05-02 19:39:23.927 534 571 I ActivityManagerTiming: OnBootPhase_1000_com.android.server.media.MediaSessionService
05-02 19:39:23.927 534 571 D ActivityManagerTiming: OnBootPhase_1000_com.android.server.media.MediaSessionService took to complete: 0ms
05-02 19:39:23.927 534 571 I ActivityManagerTiming: OnBootPhase_1000_com.android.server.media.MediaResourceMonitorService
05-02 19:39:23.927 534 571 D ActivityManagerTiming: OnBootPhase_1000_com.android.server.media.MediaResourceMonitorService took to complete: 0ms
05-02 19:39:23.927 534 571 I ActivityManagerTiming: OnBootPhase_1000_com.android.server.biometrics.BiometricService
05-02 19:39:23.927 534 571 D ActivityManagerTiming: OnBootPhase_1000_com.android.server.biometrics.BiometricService took to complete: 0ms
05-02 19:39:23.928 534 571 I ActivityManagerTiming: OnBootPhase_1000_com.android.server.biometrics.AuthService
05-02 19:39:23.928 534 571 D ActivityManagerTiming: OnBootPhase_1000_com.android.server.biometrics.AuthService took to complete: 0ms
05-02 19:39:23.928 534 571 I ActivityManagerTiming: OnBootPhase_1000_com.android.server.pm.ShortcutService$Lifecycle
05-02 19:39:23.928 534 571 D ActivityManagerTiming: OnBootPhase_1000_com.android.server.pm.ShortcutService$Lifecycle took to complete: 0ms
05-02 19:39:23.928 534 571 I ActivityManagerTiming: OnBootPhase_1000_com.android.server.pm.LauncherAppsService
05-02 19:39:23.928 534 571 D ActivityManagerTiming: OnBootPhase_1000_com.android.server.pm.LauncherAppsService took to complete: 0ms
05-02 19:39:23.928 534 571 I ActivityManagerTiming: OnBootPhase_1000_com.android.server.pm.CrossProfileAppsService
05-02 19:39:23.928 534 571 D ActivityManagerTiming: OnBootPhase_1000_com.android.server.pm.CrossProfileAppsService took to complete: 0ms
05-02 19:39:23.928 534 571 I ActivityManagerTiming: OnBootPhase_1000_com.android.server.people.PeopleService
05-02 19:39:23.928 534 571 D ActivityManagerTiming: OnBootPhase_1000_com.android.server.people.PeopleService took to complete: 0ms
05-02 19:39:23.928 534 571 I ActivityManagerTiming: OnBootPhase_1000_com.android.server.media.projection.MediaProjectionManagerService
05-02 19:39:23.928 534 571 D ActivityManagerTiming: OnBootPhase_1000_com.android.server.media.projection.MediaProjectionManagerService took to complete: 0ms
05-02 19:39:23.928 534 571 I ActivityManagerTiming: OnBootPhase_1000_com.android.server.slice.SliceManagerService$Lifecycle
05-02 19:39:23.928 534 571 D ActivityManagerTiming: OnBootPhase_1000_com.android.server.slice.SliceManagerService$Lifecycle took to complete: 0ms
05-02 19:39:23.928 534 571 I ActivityManagerTiming: OnBootPhase_1000_com.android.server.camera.CameraServiceProxy
05-02 19:39:23.928 534 571 D ActivityManagerTiming: OnBootPhase_1000_com.android.server.camera.CameraServiceProxy took to complete: 0ms
05-02 19:39:23.928 534 571 I ActivityManagerTiming: OnBootPhase_1000_com.android.server.stats.StatsCompanion$Lifecycle
05-02 19:39:23.929 534 571 D ActivityManagerTiming: OnBootPhase_1000_com.android.server.stats.StatsCompanion$Lifecycle took to complete: 1ms
05-02 19:39:23.929 534 571 I ActivityManagerTiming: OnBootPhase_1000_com.android.server.stats.pull.StatsPullAtomService
05-02 19:39:23.929 534 571 D ActivityManagerTiming: OnBootPhase_1000_com.android.server.stats.pull.StatsPullAtomService took to complete: 0ms
05-02 19:39:23.929 534 571 I ActivityManagerTiming: OnBootPhase_1000_com.android.server.incident.IncidentCompanionService
05-02 19:39:23.929 534 571 D ActivityManagerTiming: OnBootPhase_1000_com.android.server.incident.IncidentCompanionService took to complete: 0ms
05-02 19:39:23.929 534 571 I ActivityManagerTiming: OnBootPhase_1000_com.android.server.MmsServiceBroker
05-02 19:39:23.929 534 571 D ActivityManagerTiming: OnBootPhase_1000_com.android.server.MmsServiceBroker took to complete: 0ms
05-02 19:39:23.929 534 571 I ActivityManagerTiming: OnBootPhase_1000_com.android.server.autofill.AutofillManagerService
05-02 19:39:23.929 534 571 D ActivityManagerTiming: OnBootPhase_1000_com.android.server.autofill.AutofillManagerService took to complete: 0ms
05-02 19:39:23.929 534 571 I ActivityManagerTiming: OnBootPhase_1000_com.android.server.clipboard.ClipboardService
05-02 19:39:23.929 534 571 D ActivityManagerTiming: OnBootPhase_1000_com.android.server.clipboard.ClipboardService took to complete: 0ms
05-02 19:39:23.929 534 571 I ActivityManagerTiming: OnBootPhase_1000_com.android.server.appbinding.AppBindingService$Lifecycle
05-02 19:39:23.929 534 571 D ActivityManagerTiming: OnBootPhase_1000_com.android.server.appbinding.AppBindingService$Lifecycle took to complete: 0ms
05-02 19:39:23.929 534 571 I ActivityManagerTiming: OnBootPhase_1000_com.android.server.policy.PermissionPolicyService
05-02 19:39:23.930 534 571 D ActivityManagerTiming: OnBootPhase_1000_com.android.server.policy.PermissionPolicyService took to complete: 0ms
05-02 19:39:23.930 534 571 I ActivityManagerTiming: OnBootPhase_1000_com.android.server.pm.StagingManager$Lifecycle
05-02 19:39:23.930 534 571 D ActivityManagerTiming: OnBootPhase_1000_com.android.server.pm.StagingManager$Lifecycle took to complete: 0ms
05-02 19:39:23.930 534 571 D ActivityManagerTiming: OnBootPhase_1000 took to complete: 203ms
05-02 19:39:23.930 534 571 D ActivityManagerTiming: TotalBootTime took to complete: 152607ms
05-02 19:39:23.930 534 571 D SystemServerInitThreadPool: Shutdown requested
05-02 19:39:23.930 534 571 I SystemServerTiming: WaitInitThreadPoolShutdown
05-02 19:39:23.931 534 571 D SystemServerInitThreadPool: Shutdown successful
05-02 19:39:23.931 534 571 D SystemServerTiming: WaitInitThreadPoolShutdown took to complete: 1ms
05-02 19:39:23.932 534 571 D CompatibilityChangeReporter: Compat change id reported: 135634846; UID 10123; state: DISABLED
05-02 19:39:23.932 534 571 D CompatibilityChangeReporter: Compat change id reported: 135754954; UID 10123; state: ENABLED
05-02 19:39:23.933 534 579 D CompatibilityChangeReporter: Compat change id reported: 143937733; UID 10123; state: ENABLED
05-02 19:39:23.933 534 579 W ActivityManager: android.ext.services inode == 0 (b/152760674)
05-02 19:39:23.936 0 0 I init : processing action (sys.boot_completed=1) from (/system/etc/init/hw/init.rc:981)
05-02 19:39:23.943 534 571 I uc_finish_user_boot: 0
05-02 19:39:23.944 534 571 I ActivityManager: User 0 state changed from BOOTING to RUNNING_LOCKED
05-02 19:39:23.944 534 571 I am_user_state_changed: [0,1]
05-02 19:39:23.944 534 571 W ActivityManager: UserLifecycleEvent 4 received without an active userJourneySession.
05-02 19:39:23.945 534 571 I uc_send_user_broadcast: [0,android.intent.action.LOCKED_BOOT_COMPLETED]
05-02 19:39:23.947 534 571 D StorageManagerService: unlockUserKey: 0 isFileEncryptedNativeOrEmulated: true hasToken: false hasSecret: false
05-02 19:39:23.947 237 237 D vold : fscrypt_unlock_user_key 0 serial=0 token_present=0
05-02 19:39:23.947 237 237 W vold : Tried to unlock already-unlocked key for user 0
05-02 19:39:23.952 0 0 I init : starting service 'exec 15 (/bin/rm -rf /data/per_boot)'...
05-02 19:39:23.952 534 571 I uc_finish_user_unlocking: 0
05-02 19:39:23.952 534 571 W ActivityManager: UserLifecycleEvent 5 received without an active userJourneySession.
05-02 19:39:23.953 534 571 D ActivityManager: Started unlocking user 0
05-02 19:39:23.953 534 571 D ActivityManager: Unlocking user 0 progress 0
05-02 19:39:23.953 534 571 D ActivityManager: Unlocking user 0 progress 5
05-02 19:39:23.954 534 571 E UserspaceRebootLogger: Userspace reboot is not supported.
05-02 19:39:23.954 237 237 D vold : fscrypt_prepare_user_storage for volume null, user 0, serial 0, flags 2
05-02 19:39:23.954 237 237 D vold : Preparing: /data/system_ce/0
05-02 19:39:23.955 237 237 D vold : Preparing: /data/misc_ce/0
05-02 19:39:23.955 237 237 D vold : Preparing: /data/vendor_ce/0
05-02 19:39:23.956 534 571 D ActivityManagerTiming: FinishBooting took to complete: 387ms
05-02 19:39:23.956 237 237 D vold : Preparing: /data/media/0
05-02 19:39:23.957 534 534 I notification_enqueue: [1000,534,android,55,NULL,-1,Notification(channel=DEVELOPER shortcut=null contentView=null vibrate=null sound=null tick defaults=0x0 flags=0x2 color=0xff607d8b vis=PUBLIC),0]
05-02 19:39:23.958 534 534 I sysui_multi_action: [757,1501,758,1,793,2,794,0,795,2,796,55,806,android,857,DEVELOPER,858,2,947,0,1500,0]
05-02 19:39:23.958 534 534 I sysui_multi_action: [757,804,799,note_interruptive,801,0,802,1]
05-02 19:39:23.960 237 237 D vold : Preparing: /data/data
05-02 19:39:23.960 534 534 W NotificationHistory: Attempted to add notif for locked/gone/disabled user 0
05-02 19:39:23.960 237 237 I vold : Encryption policy of /data/system_ce/0 set to 902477635f2043f7d969fc2215279140 v2 modes 1/4 flags 0x2
05-02 19:39:23.961 237 237 I vold : Encryption policy of /data/misc_ce/0 set to 902477635f2043f7d969fc2215279140 v2 modes 1/4 flags 0x2
05-02 19:39:23.961 237 237 I vold : Encryption policy of /data/vendor_ce/0 set to 902477635f2043f7d969fc2215279140 v2 modes 1/4 flags 0x2
05-02 19:39:23.961 237 237 I vold : Encryption policy of /data/media/0 set to 902477635f2043f7d969fc2215279140 v2 modes 1/4 flags 0x2
05-02 19:39:23.962 237 237 I vold : Encryption policy of /data/data set to 902477635f2043f7d969fc2215279140 v2 modes 1/4 flags 0x2
05-02 19:39:23.962 237 237 D vold : Starting restorecon of /data/system_ce/0
05-02 19:39:23.965 534 578 I am_uid_running: 10108
05-02 19:39:23.965 534 570 I DropBoxManagerService: add tag=system_server_strictmode isTagEnabled=true flags=0x2
05-02 19:39:23.966 534 578 D CompatibilityChangeReporter: Compat change id reported: 135634846; UID 10108; state: DISABLED
05-02 19:39:23.966 534 578 D CompatibilityChangeReporter: Compat change id reported: 135754954; UID 10108; state: DISABLED
05-02 19:39:23.967 534 578 I am_wtf : [0,534,system_server,-1,UserspaceRebootLogger,Userspace reboot is not supported.]
05-02 19:39:23.972 534 571 D ColorDisplayService: setUp: currentUser=0
05-02 19:39:23.973 534 570 I DropBoxManagerService: add tag=system_server_strictmode isTagEnabled=true flags=0x2
05-02 19:39:23.975 534 578 I DropBoxManagerService: add tag=system_server_wtf isTagEnabled=true flags=0x2
05-02 19:39:23.985 237 237 D vold : Finished restorecon of /data/system_ce/0
05-02 19:39:23.985 237 237 D vold : Starting restorecon of /data/vendor_ce/0
05-02 19:39:23.997 0 0 I init : SVC_EXEC service 'exec 15 (/bin/rm -rf /data/per_boot)' pid 1332 (uid 1000 gid 1000+0 context default) started; waiting...
05-02 19:39:24.004 534 570 I DropBoxManagerService: add tag=system_server_strictmode isTagEnabled=true flags=0x2
05-02 19:39:24.010 1168 1168 I service_manager_slow: [19,isub]
05-02 19:39:24.035 237 237 D vold : Finished restorecon of /data/vendor_ce/0
05-02 19:39:24.035 237 237 D vold : Starting restorecon of /data/misc_ce/0
05-02 19:39:24.038 0 0 I init : Command 'exec - system system -- /bin/rm -rf /data/per_boot' action=sys.boot_completed=1 (/system/etc/init/hw/init.rc:984) took 87ms and succeeded
05-02 19:39:24.039 534 579 W ActivityManager: Slow operation: 108ms so far, now at startProcess: returned from zygote!
05-02 19:39:24.040 534 579 W ActivityManager: Slow operation: 110ms so far, now at startProcess: done updating battery stats
05-02 19:39:24.041 534 579 I am_proc_start: [0,1334,10123,android.ext.services,on-hold,]
05-02 19:39:24.041 534 579 W ActivityManager: Slow operation: 110ms so far, now at startProcess: building log message
05-02 19:39:24.041 534 579 I ActivityManager: Start proc 1334:android.ext.services/u0a123 for on-hold
05-02 19:39:24.041 534 579 W ActivityManager: Slow operation: 110ms so far, now at startProcess: starting to update pids map
05-02 19:39:24.046 534 579 W ActivityManager: Slow operation: 115ms so far, now at startProcess: done updating pids map
05-02 19:39:24.046 534 579 W ActivityManager: Slow operation: 82ms so far, now at startProcess: asking zygote to start proc
05-02 19:39:24.047 534 579 D CompatibilityChangeReporter: Compat change id reported: 143937733; UID 10108; state: DISABLED
05-02 19:39:24.047 534 579 W ActivityManager: com.android.deskclock inode == 0 (b/152760674)
05-02 19:39:24.054 534 570 I DropBoxManagerService: add tag=system_server_strictmode isTagEnabled=true flags=0x2
05-02 19:39:24.056 1168 1168 I service_manager_slow: [25,isub]
05-02 19:39:24.071 237 237 D vold : Finished restorecon of /data/misc_ce/0
05-02 19:39:24.072 237 237 D vold : /system/bin/vold_prepare_subdirs
05-02 19:39:24.072 237 237 D vold : prepare
05-02 19:39:24.072 237 237 D vold :
05-02 19:39:24.072 237 237 D vold : 0
05-02 19:39:24.072 237 237 D vold : 2
05-02 19:39:24.130 534 628 I commit_sys_config_file: [settings-0-0,160]
05-02 19:39:24.156 534 968 I am_proc_bound: [0,1334,android.ext.services]
05-02 19:39:24.159 534 968 I am_uid_active: 10123
05-02 19:39:24.166 0 0 I init : Service 'exec 15 (/bin/rm -rf /data/per_boot)' (pid 1332) exited with status 0 waiting took 0.169000 seconds
05-02 19:39:24.182 0 0 I init : Sending signal 9 to service 'exec 15 (/bin/rm -rf /data/per_boot)' (pid 1332) process group...
05-02 19:39:24.190 534 579 W ActivityManager: Slow operation: 226ms so far, now at startProcess: returned from zygote!
05-02 19:39:24.191 534 579 W ActivityManager: Slow operation: 226ms so far, now at startProcess: done updating battery stats
05-02 19:39:24.191 534 579 I am_proc_start: [0,1358,10108,com.android.deskclock,broadcast,{com.android.deskclock/com.android.deskclock.AlarmInitReceiver}]
05-02 19:39:24.191 534 579 W ActivityManager: Slow operation: 226ms so far, now at startProcess: building log message
05-02 19:39:24.191 534 579 I ActivityManager: Start proc 1358:com.android.deskclock/u0a108 for broadcast {com.android.deskclock/com.android.deskclock.AlarmInitReceiver}
05-02 19:39:24.191 534 579 W ActivityManager: Slow operation: 226ms so far, now at startProcess: starting to update pids map
05-02 19:39:24.193 534 579 W ActivityManager: Slow operation: 228ms so far, now at startProcess: done updating pids map
05-02 19:39:24.202 534 628 I commit_sys_config_file: [settings-2-0,73]
05-02 19:39:24.214 0 0 I libprocessgroup: Successfully killed process cgroup uid 1000 pid 1332 in 0ms
05-02 19:39:24.214 534 991 I am_proc_bound: [0,1358,com.android.deskclock]
05-02 19:39:24.221 534 968 I commit_sys_config_file: [input-subtypes,22]
05-02 19:39:24.254 534 578 I am_wtf : [0,534,system_server,-1,ActivityManager,Sending non-protected broadcast com.android.systemui.demo from system 879:com.android.systemui/u0a121 pkg com.android.systemui]
05-02 19:39:24.261 534 578 I DropBoxManagerService: add tag=system_server_wtf isTagEnabled=true flags=0x2
05-02 19:39:24.282 534 578 I am_wtf : [0,534,system_server,-1,ActivityManager,Sending non-protected broadcast com.android.systemui.demo from system 879:com.android.systemui/u0a121 pkg com.android.systemui]
05-02 19:39:24.301 534 608 W UsageStatsService: Failed to query usage stats for locked user 0
05-02 19:39:24.309 534 578 I DropBoxManagerService: add tag=system_server_wtf isTagEnabled=true flags=0x2
05-02 19:39:24.358 534 568 V UserDataPreparer: Found /data/user/0 with serial number 0
05-02 19:39:24.359 534 568 V UserDataPreparer: Found /data/system_ce/0 with serial number -1
05-02 19:39:24.359 534 568 D UserDataPreparer: Serial number missing on /data/system_ce/0; assuming current is valid
05-02 19:39:24.361 534 568 D UserDataPreparer: Setting property: sys.user.0.ce_available=true
05-02 19:39:24.370 534 568 V PackageManager: reconcileAppsData for null u0 0x2 migrateAppData=true
05-02 19:39:24.434 534 534 V NotificationAssistants: 0 notification assistant service connected: ComponentInfo{android.ext.services/android.ext.services.notification.Assistant}
05-02 19:39:24.462 534 534 I ExplicitHealthCheckController: Explicit health check service is connected ComponentInfo{android.ext.services/android.ext.services.watchdog.ExplicitHealthCheckServiceImpl}
05-02 19:39:24.463 534 534 I ExplicitHealthCheckController: Service initialized, syncing requests
05-02 19:39:24.463 534 534 D PackageWatchdog: Getting all observed packages pending health checks
05-02 19:39:24.463 534 534 I PackageWatchdog: Syncing health check requests for packages: {}
05-02 19:39:24.463 534 534 D ExplicitHealthCheckController: Getting health check supported packages
05-02 19:39:24.483 534 968 I ExplicitHealthCheckController: Explicit health check supported packages [PackageConfig{com.android.networkstack, 86400000}]
05-02 19:39:24.483 534 968 D PackageWatchdog: Received supported packages [PackageConfig{com.android.networkstack, 86400000}]
05-02 19:39:24.483 534 968 D ExplicitHealthCheckController: Getting health check requested packages
05-02 19:39:24.492 534 993 I ExplicitHealthCheckController: Explicit health check requested packages []
05-02 19:39:24.492 534 993 I ExplicitHealthCheckController: No more health check requests, unbinding...
05-02 19:39:24.495 534 993 I ExplicitHealthCheckController: Explicit health check service is unbound
05-02 19:39:24.511 534 628 I commit_sys_config_file: [settings-1-0,30]
05-02 19:39:24.532 1304 1389 W ActivityThread: Failed to find provider info for user_dictionary (user not unlocked)
05-02 19:39:24.571 534 628 I commit_sys_config_file: [settings-0-0,60]
05-02 19:39:24.590 534 993 W ActivityTaskManager: Current config: {1.0 ?mcc?mnc [en_US] ldltr sw720dp w1280dp h648dp 240dpi lrg long land finger -keyb/h/h -nav/h winConfig={ mBounds=Rect(0, 0 - 1920, 1080) mAppBounds=Rect(0, 0 - 1920, 1008) mWindowingMode=fullscreen mDisplayWindowingMode=fullscreen mActivityType=undefined mAlwaysOnTop=undefined mRotation=ROTATION_0} s.6} unchanged for IME proc com.android.inputmethod.latin
05-02 19:39:24.591 534 993 W ActivityTaskManager: Current config: {1.0 ?mcc?mnc [en_US] ldltr sw720dp w1280dp h648dp 240dpi lrg long land finger -keyb/h/h -nav/h winConfig={ mBounds=Rect(0, 0 - 1920, 1080) mAppBounds=Rect(0, 0 - 1920, 1008) mWindowingMode=fullscreen mDisplayWindowingMode=fullscreen mActivityType=undefined mAlwaysOnTop=undefined mRotation=ROTATION_0} s.6} unchanged for IME proc com.android.inputmethod.latin
05-02 19:39:24.636 534 628 I commit_sys_config_file: [settings-2-0,65]
05-02 19:39:25.604 534 594 I commit_sys_config_file: [package-user-0,8]
05-02 19:39:25.604 534 594 I commit_sys_config_file: [package,90]
05-02 19:39:25.729 534 608 I commit_sys_config_file: [appops,14]
05-02 19:39:26.774 534 568 V PackageManager: reconcileAppsData finished 162 packages
05-02 19:39:26.774 534 568 I ActivityManager: User 0 state changed from RUNNING_LOCKED to RUNNING_UNLOCKING
05-02 19:39:26.774 534 568 I am_user_state_changed: [0,2]
05-02 19:39:26.775 534 568 D ActivityManager: Unlocking user 0 progress 20
05-02 19:39:26.775 534 568 W Looper : Slow dispatch took 2821ms android.fg h=android.os.Handler c=com.android.server.am.-$$Lambda$UserController$stQk1028ON105v_u-VMykVjcxLk@b9bdb20 m=0
05-02 19:39:26.775 534 578 I SystemServerTimingAsync: ssm.UnlockingUser-0
05-02 19:39:26.775 534 568 W Looper : Slow delivery took 2821ms android.fg h=android.os.Handler c=com.android.server.am.-$$Lambda$UserController$G0WJmqt4X_QG30fRlvXobn18mrE@8e03cd9 m=0
05-02 19:39:26.775 534 578 I SystemServiceManager: Calling onUnlockingUser 0
05-02 19:39:26.775 534 578 I SystemServerTimingAsync: ssm.onUnlockingUser-0_com.android.server.security.FileIntegrityService
05-02 19:39:26.776 534 578 D SystemServerTimingAsync: ssm.onUnlockingUser-0_com.android.server.security.FileIntegrityService took to complete: 0ms
05-02 19:39:26.776 534 578 I SystemServerTimingAsync: ssm.onUnlockingUser-0_com.android.server.pm.Installer
05-02 19:39:26.776 534 578 D SystemServerTimingAsync: ssm.onUnlockingUser-0_com.android.server.pm.Installer took to complete: 0ms
05-02 19:39:26.776 534 578 I SystemServerTimingAsync: ssm.onUnlockingUser-0_com.android.server.os.DeviceIdentifiersPolicyService
05-02 19:39:26.776 534 578 D SystemServerTimingAsync: ssm.onUnlockingUser-0_com.android.server.os.DeviceIdentifiersPolicyService took to complete: 0ms
05-02 19:39:26.776 534 578 I SystemServerTimingAsync: ssm.onUnlockingUser-0_com.android.server.uri.UriGrantsManagerService$Lifecycle
05-02 19:39:26.776 534 578 D SystemServerTimingAsync: ssm.onUnlockingUser-0_com.android.server.uri.UriGrantsManagerService$Lifecycle took to complete: 0ms
05-02 19:39:26.776 534 578 I SystemServerTimingAsync: ssm.onUnlockingUser-0_com.android.server.wm.ActivityTaskManagerService$Lifecycle
05-02 19:39:26.776 534 568 W Looper : Drained
05-02 19:39:26.777 534 578 I LaunchParamsPersister: Didn't find launch param folder for user 0
05-02 19:39:26.777 534 578 D SystemServerTimingAsync: ssm.onUnlockingUser-0_com.android.server.wm.ActivityTaskManagerService$Lifecycle took to complete: 2ms
05-02 19:39:26.777 534 578 I SystemServerTimingAsync: ssm.onUnlockingUser-0_com.android.server.am.ActivityManagerService$Lifecycle
05-02 19:39:26.777 534 578 D SystemServerTimingAsync: ssm.onUnlockingUser-0_com.android.server.am.ActivityManagerService$Lifecycle took to complete: 0ms
05-02 19:39:26.777 534 578 I SystemServerTimingAsync: ssm.onUnlockingUser-0_com.android.server.pm.DataLoaderManagerService
05-02 19:39:26.777 534 578 D SystemServerTimingAsync: ssm.onUnlockingUser-0_com.android.server.pm.DataLoaderManagerService took to complete: 0ms
05-02 19:39:26.777 534 578 I SystemServerTimingAsync: ssm.onUnlockingUser-0_com.android.server.power.PowerManagerService
05-02 19:39:26.777 534 578 D SystemServerTimingAsync: ssm.onUnlockingUser-0_com.android.server.power.PowerManagerService took to complete: 0ms
05-02 19:39:26.777 534 578 I SystemServerTimingAsync: ssm.onUnlockingUser-0_com.android.server.power.ThermalManagerService
05-02 19:39:26.778 534 578 D SystemServerTimingAsync: ssm.onUnlockingUser-0_com.android.server.power.ThermalManagerService took to complete: 0ms
05-02 19:39:26.778 534 578 I SystemServerTimingAsync: ssm.onUnlockingUser-0_com.android.server.recoverysystem.RecoverySystemService$Lifecycle
05-02 19:39:26.778 534 578 D SystemServerTimingAsync: ssm.onUnlockingUser-0_com.android.server.recoverysystem.RecoverySystemService$Lifecycle took to complete: 0ms
05-02 19:39:26.778 534 578 I SystemServerTimingAsync: ssm.onUnlockingUser-0_com.android.server.lights.LightsService
05-02 19:39:26.778 534 578 D SystemServerTimingAsync: ssm.onUnlockingUser-0_com.android.server.lights.LightsService took to complete: 0ms
05-02 19:39:26.778 534 578 I SystemServerTimingAsync: ssm.onUnlockingUser-0_com.android.server.display.DisplayManagerService
05-02 19:39:26.778 534 578 D SystemServerTimingAsync: ssm.onUnlockingUser-0_com.android.server.display.DisplayManagerService took to complete: 0ms
05-02 19:39:26.778 534 578 I SystemServerTimingAsync: ssm.onUnlockingUser-0_com.android.server.pm.UserManagerService$LifeCycle
05-02 19:39:26.778 534 578 D SystemServerTimingAsync: ssm.onUnlockingUser-0_com.android.server.pm.UserManagerService$LifeCycle took to complete: 0ms
05-02 19:39:26.778 534 578 I SystemServerTimingAsync: ssm.onUnlockingUser-0_com.android.server.om.OverlayManagerService
05-02 19:39:26.778 534 578 D SystemServerTimingAsync: ssm.onUnlockingUser-0_com.android.server.om.OverlayManagerService took to complete: 0ms
05-02 19:39:26.778 534 578 I SystemServerTimingAsync: ssm.onUnlockingUser-0_com.android.server.SensorPrivacyService
05-02 19:39:26.778 534 578 D SystemServerTimingAsync: ssm.onUnlockingUser-0_com.android.server.SensorPrivacyService took to complete: 0ms
05-02 19:39:26.778 534 578 I SystemServerTimingAsync: ssm.onUnlockingUser-0_com.android.server.SystemConfigService
05-02 19:39:26.778 534 578 D SystemServerTimingAsync: ssm.onUnlockingUser-0_com.android.server.SystemConfigService took to complete: 0ms
05-02 19:39:26.778 534 578 I SystemServerTimingAsync: ssm.onUnlockingUser-0_com.android.server.BatteryService
05-02 19:39:26.778 534 578 D SystemServerTimingAsync: ssm.onUnlockingUser-0_com.android.server.BatteryService took to complete: 0ms
05-02 19:39:26.778 534 578 I SystemServerTimingAsync: ssm.onUnlockingUser-0_com.android.server.usage.UsageStatsService
05-02 19:39:26.778 534 578 D SystemServerTimingAsync: ssm.onUnlockingUser-0_com.android.server.usage.UsageStatsService took to complete: 0ms
05-02 19:39:26.778 534 578 I SystemServerTimingAsync: ssm.onUnlockingUser-0_com.android.server.webkit.WebViewUpdateService
05-02 19:39:26.778 534 578 D SystemServerTimingAsync: ssm.onUnlockingUser-0_com.android.server.webkit.WebViewUpdateService took to complete: 0ms
05-02 19:39:26.778 534 578 I SystemServerTimingAsync: ssm.onUnlockingUser-0_com.android.server.CachedDeviceStateService
05-02 19:39:26.778 534 578 D SystemServerTimingAsync: ssm.onUnlockingUser-0_com.android.server.CachedDeviceStateService took to complete: 0ms
05-02 19:39:26.778 534 578 I SystemServerTimingAsync: ssm.onUnlockingUser-0_com.android.server.BinderCallsStatsService$LifeCycle
05-02 19:39:26.778 534 578 D SystemServerTimingAsync: ssm.onUnlockingUser-0_com.android.server.BinderCallsStatsService$LifeCycle took to complete: 0ms
05-02 19:39:26.778 534 578 I SystemServerTimingAsync: ssm.onUnlockingUser-0_com.android.server.LooperStatsService$Lifecycle
05-02 19:39:26.779 534 578 D SystemServerTimingAsync: ssm.onUnlockingUser-0_com.android.server.LooperStatsService$Lifecycle took to complete: 0ms
05-02 19:39:26.779 534 578 I SystemServerTimingAsync: ssm.onUnlockingUser-0_com.android.server.rollback.RollbackManagerService
05-02 19:39:26.779 534 578 D SystemServerTimingAsync: ssm.onUnlockingUser-0_com.android.server.rollback.RollbackManagerService took to complete: 0ms
05-02 19:39:26.779 534 578 I SystemServerTimingAsync: ssm.onUnlockingUser-0_com.android.server.os.BugreportManagerService
05-02 19:39:26.779 534 578 D SystemServerTimingAsync: ssm.onUnlockingUser-0_com.android.server.os.BugreportManagerService took to complete: 0ms
05-02 19:39:26.779 534 578 I SystemServerTimingAsync: ssm.onUnlockingUser-0_com.android.server.gpu.GpuService
05-02 19:39:26.779 534 578 D SystemServerTimingAsync: ssm.onUnlockingUser-0_com.android.server.gpu.GpuService took to complete: 0ms
05-02 19:39:26.779 534 578 I SystemServerTimingAsync: ssm.onUnlockingUser-0_com.android.server.security.KeyChainSystemService
05-02 19:39:26.779 534 578 D SystemServerTimingAsync: ssm.onUnlockingUser-0_com.android.server.security.KeyChainSystemService took to complete: 0ms
05-02 19:39:26.779 534 578 I SystemServerTimingAsync: ssm.onUnlockingUser-0_com.android.server.telecom.TelecomLoaderService
05-02 19:39:26.779 534 578 D SystemServerTimingAsync: ssm.onUnlockingUser-0_com.android.server.telecom.TelecomLoaderService took to complete: 0ms
05-02 19:39:26.779 534 578 I SystemServerTimingAsync: ssm.onUnlockingUser-0_com.android.server.accounts.AccountManagerService$Lifecycle
05-02 19:39:26.779 534 578 D SystemServerTimingAsync: ssm.onUnlockingUser-0_com.android.server.accounts.AccountManagerService$Lifecycle took to complete: 0ms
05-02 19:39:26.779 534 578 I SystemServerTimingAsync: ssm.onUnlockingUser-0_com.android.server.content.ContentService$Lifecycle
05-02 19:39:26.779 534 578 D SystemServerTimingAsync: ssm.onUnlockingUser-0_com.android.server.content.ContentService$Lifecycle took to complete: 0ms
05-02 19:39:26.779 534 578 I SystemServerTimingAsync: ssm.onUnlockingUser-0_com.android.server.DropBoxManagerService
05-02 19:39:26.779 534 578 D SystemServerTimingAsync: ssm.onUnlockingUser-0_com.android.server.DropBoxManagerService took to complete: 0ms
05-02 19:39:26.779 534 578 I SystemServerTimingAsync: ssm.onUnlockingUser-0_com.android.server.AlarmManagerService
05-02 19:39:26.779 534 578 D SystemServerTimingAsync: ssm.onUnlockingUser-0_com.android.server.AlarmManagerService took to complete: 0ms
05-02 19:39:26.779 534 578 I SystemServerTimingAsync: ssm.onUnlockingUser-0_com.android.server.BluetoothService
05-02 19:39:26.780 534 578 D BluetoothManagerService: User 0 unlocked
05-02 19:39:26.780 534 578 D SystemServerTimingAsync: ssm.onUnlockingUser-0_com.android.server.BluetoothService took to complete: 0ms
05-02 19:39:26.780 534 578 I SystemServerTimingAsync: ssm.onUnlockingUser-0_com.android.server.connectivity.IpConnectivityMetrics
05-02 19:39:26.780 534 578 D SystemServerTimingAsync: ssm.onUnlockingUser-0_com.android.server.connectivity.IpConnectivityMetrics took to complete: 0ms
05-02 19:39:26.780 534 578 I SystemServerTimingAsync: ssm.onUnlockingUser-0_com.android.server.net.watchlist.NetworkWatchlistService$Lifecycle
05-02 19:39:26.780 534 578 D SystemServerTimingAsync: ssm.onUnlockingUser-0_com.android.server.net.watchlist.NetworkWatchlistService$Lifecycle took to complete: 0ms
05-02 19:39:26.780 534 578 I SystemServerTimingAsync: ssm.onUnlockingUser-0_com.android.server.PinnerService
05-02 19:39:26.780 534 578 D SystemServerTimingAsync: ssm.onUnlockingUser-0_com.android.server.PinnerService took to complete: 0ms
05-02 19:39:26.780 534 578 I SystemServerTimingAsync: ssm.onUnlockingUser-0_com.google.android.startop.iorap.IorapForwardingService
05-02 19:39:26.780 534 578 D SystemServerTimingAsync: ssm.onUnlockingUser-0_com.google.android.startop.iorap.IorapForwardingService took to complete: 0ms
05-02 19:39:26.780 534 578 I SystemServerTimingAsync: ssm.onUnlockingUser-0_com.android.server.integrity.AppIntegrityManagerService
05-02 19:39:26.780 534 578 D SystemServerTimingAsync: ssm.onUnlockingUser-0_com.android.server.integrity.AppIntegrityManagerService took to complete: 0ms
05-02 19:39:26.780 534 578 I SystemServerTimingAsync: ssm.onUnlockingUser-0_com.android.server.inputmethod.InputMethodManagerService$Lifecycle
05-02 19:39:26.780 534 578 D SystemServerTimingAsync: ssm.onUnlockingUser-0_com.android.server.inputmethod.InputMethodManagerService$Lifecycle took to complete: 0ms
05-02 19:39:26.780 534 578 I SystemServerTimingAsync: ssm.onUnlockingUser-0_com.android.server.accessibility.AccessibilityManagerService$Lifecycle
05-02 19:39:26.780 534 578 D SystemServerTimingAsync: ssm.onUnlockingUser-0_com.android.server.accessibility.AccessibilityManagerService$Lifecycle took to complete: 0ms
05-02 19:39:26.780 534 578 I SystemServerTimingAsync: ssm.onUnlockingUser-0_com.android.server.StorageManagerService$Lifecycle
05-02 19:39:26.780 534 578 D StorageManagerService: onUnlockUser 0
05-02 19:39:26.780 534 578 I StorageSessionController: On user unlock 0
05-02 19:39:26.780 534 578 I StorageSessionController: Initialialising...
05-02 19:39:26.781 534 570 D BluetoothManagerService: MESSAGE_USER_UNLOCKED
05-02 19:39:26.783 0 0 D apexd : destroyCeSnapshotsNotSpecified() received by ApexService.
05-02 19:39:26.793 534 577 I UsageStatsService: Starting migration to system CE for user 0
