05-02 19:39:17.964 534 568 W Looper : Slow delivery took 235ms android.fg h=com.android.server.location.gnss.GnssLocationProvider$ProviderHandler c=com.android.server.location.gnss.-$$Lambda$GnssLocationProvider$fZsexTbhhXxbzu9E9XIT682MN4A@9e7909f m=0
05-02 19:39:17.969 534 534 D SystemServerTiming: OnBootPhase_600_com.android.server.stats.StatsCompanion$Lifecycle took to complete: 32ms
05-02 19:39:17.969 534 534 I SystemServerTiming: OnBootPhase_600_com.android.server.stats.pull.StatsPullAtomService
05-02 19:39:17.970 534 534 D SystemServerTiming: OnBootPhase_600_com.android.server.stats.pull.StatsPullAtomService took to complete: 0ms
05-02 19:39:17.970 534 534 I SystemServerTiming: OnBootPhase_600_com.android.server.incident.IncidentCompanionService
05-02 19:39:17.970 534 534 D SystemServerTiming: OnBootPhase_600_com.android.server.incident.IncidentCompanionService took to complete: 0ms
05-02 19:39:17.970 534 534 I SystemServerTiming: OnBootPhase_600_com.android.server.MmsServiceBroker
05-02 19:39:17.970 534 534 D SystemServerTiming: OnBootPhase_600_com.android.server.MmsServiceBroker took to complete: 0ms
05-02 19:39:17.970 534 534 I SystemServerTiming: OnBootPhase_600_com.android.server.autofill.AutofillManagerService
05-02 19:39:17.971 534 577 D StatsPullAtomService: Registering NetworkStats pullers with statsd
05-02 19:39:18.015 534 577 I netstats_mobile_sample: [0,0,0,0,0,0,0,0,0,0,0,0,1651520358015]
05-02 19:39:18.016 534 577 I netstats_wifi_sample: [0,0,0,0,0,0,0,0,0,0,0,0,1651520358015]
05-02 19:39:18.057 534 816 I service_manager_slow: [21,alarm]
05-02 19:39:18.058 534 534 W SystemServiceManager: Service com.android.server.autofill.AutofillManagerService took 89 ms in onBootPhase
05-02 19:39:18.059 534 534 D SystemServerTiming: OnBootPhase_600_com.android.server.autofill.AutofillManagerService took to complete: 89ms
05-02 19:39:18.059 534 534 I SystemServerTiming: OnBootPhase_600_com.android.server.clipboard.ClipboardService
05-02 19:39:18.059 534 534 D SystemServerTiming: OnBootPhase_600_com.android.server.clipboard.ClipboardService took to complete: 0ms
05-02 19:39:18.059 534 534 I SystemServerTiming: OnBootPhase_600_com.android.server.appbinding.AppBindingService$Lifecycle
05-02 19:39:18.059 534 534 D SystemServerTiming: OnBootPhase_600_com.android.server.appbinding.AppBindingService$Lifecycle took to complete: 0ms
05-02 19:39:18.059 534 534 I SystemServerTiming: OnBootPhase_600_com.android.server.policy.PermissionPolicyService
05-02 19:39:18.059 534 534 D SystemServerTiming: OnBootPhase_600_com.android.server.policy.PermissionPolicyService took to complete: 0ms
05-02 19:39:18.059 534 534 I SystemServerTiming: OnBootPhase_600_com.android.server.pm.StagingManager$Lifecycle
05-02 19:39:18.059 534 534 D SystemServerTiming: OnBootPhase_600_com.android.server.pm.StagingManager$Lifecycle took to complete: 0ms
05-02 19:39:18.059 534 534 D SystemServerTiming: OnBootPhase_600 took to complete: 501ms
05-02 19:39:18.059 534 534 D SystemServerTiming: PhaseThirdPartyAppsCanStart took to complete: 502ms
05-02 19:39:18.059 534 534 I SystemServerTiming: StartNetworkStack
05-02 19:39:18.060 534 534 D ConnectivityModuleConnector: Starting networking module android.net.INetworkStackConnector
05-02 19:39:18.113 534 534 D ConnectivityModuleConnector: Starting networking module in network_stack process
05-02 19:39:18.117 534 534 I am_uid_running: 1073
05-02 19:39:18.123 534 568 W Looper : Drained
05-02 19:39:18.123 534 534 D CompatibilityChangeReporter: Compat change id reported: 135634846; UID 1073; state: DISABLED
05-02 19:39:18.124 534 534 D CompatibilityChangeReporter: Compat change id reported: 135754954; UID 1073; state: ENABLED
05-02 19:39:18.125 534 534 D ConnectivityModuleConnector: Networking module service start requested
05-02 19:39:18.125 534 579 W ActivityManager: com.android.networkstack inode == 0 (b/152760674)
05-02 19:39:18.125 534 534 D SystemServerTiming: StartNetworkStack took to complete: 66ms
05-02 19:39:18.125 534 534 I SystemServerTiming: StartTethering
05-02 19:39:18.126 534 534 D ConnectivityModuleConnector: Starting networking module android.net.ITetheringConnector
05-02 19:39:18.127 534 534 D ConnectivityModuleConnector: Starting networking module in network_stack process
05-02 19:39:18.146 534 968 I dvm_lock_sample: [system_server,1,Binder:534_6,5,PackageManagerService.java,24144,boolean com.android.server.pm.PackageManagerService$PackageManagerInternalImpl.filterAppAccess(com.android.server.pm.parsing.pkg.AndroidPackage, int, int),-,25277,com.android.server.pm.PackageSetting com.android.server.pm.PackageManagerService.getPackageSettingInternal(java.lang.String, int),1]
05-02 19:39:18.149 534 534 D ConnectivityModuleConnector: Networking module service start requested
05-02 19:39:18.149 534 534 D SystemServerTiming: StartTethering took to complete: 24ms
05-02 19:39:18.149 534 534 I SystemServerTiming: MakeCountryDetectionServiceReady
05-02 19:39:18.150 534 534 D SystemServerTiming: MakeCountryDetectionServiceReady took to complete: 0ms
05-02 19:39:18.150 534 534 I SystemServerTiming: MakeNetworkTimeUpdateReady
05-02 19:39:18.153 534 577 I service_manager_slow: [37,alarm]
05-02 19:39:18.159 534 534 D ConnectivityService: requestNetwork for uid/pid:1000/534 NetworkRequest [ TRACK_DEFAULT id=9, [ Capabilities: INTERNET&NOT_RESTRICTED&TRUSTED Uid: 1000 AdministratorUids: [] RequestorUid: 1000 RequestorPackageName: android] ]
05-02 19:39:18.159 534 823 D ConnectivityService: NetReassign [no changes]
05-02 19:39:18.165 534 579 I am_proc_start: [0,1087,1073,com.android.networkstack.process,service,{com.android.networkstack/com.android.server.NetworkStackService}]
05-02 19:39:18.165 534 579 I ActivityManager: Start proc 1087:com.android.networkstack.process/1073 for service {com.android.networkstack/com.android.server.NetworkStackService}
05-02 19:39:18.170 534 961 I am_uid_running: 10119
05-02 19:39:18.172 534 961 D CompatibilityChangeReporter: Compat change id reported: 135634846; UID 10119; state: DISABLED
05-02 19:39:18.173 534 961 D CompatibilityChangeReporter: Compat change id reported: 135754954; UID 10119; state: ENABLED
05-02 19:39:18.175 534 579 D CompatibilityChangeReporter: Compat change id reported: 143937733; UID 10119; state: ENABLED
05-02 19:39:18.175 534 579 W ActivityManager: com.android.launcher3 inode == 0 (b/152760674)
05-02 19:39:18.176 534 534 D SystemServerTiming: MakeNetworkTimeUpdateReady took to complete: 26ms
05-02 19:39:18.176 534 534 I SystemServerTiming: MakeInputManagerServiceReady
05-02 19:39:18.182 534 534 D SystemServerTiming: MakeInputManagerServiceReady took to complete: 6ms
05-02 19:39:18.182 534 534 I SystemServerTiming: MakeTelephonyRegistryReady
05-02 19:39:18.183 534 534 D TelephonyRegistry: systemRunning register for intents
05-02 19:39:18.184 534 534 D SystemServerTiming: MakeTelephonyRegistryReady took to complete: 1ms
05-02 19:39:18.184 534 534 I SystemServerTiming: MakeMediaRouterServiceReady
05-02 19:39:18.197 879 879 D SystemUIBootTiming: StartServicescom.android.systemui.recents.Recents took to complete: 388ms
05-02 19:39:18.207 534 961 I am_proc_bound: [0,1087,com.android.networkstack.process]
05-02 19:39:18.217 534 961 I am_uid_active: 1073
05-02 19:39:18.224 534 534 D SystemServerTiming: MakeMediaRouterServiceReady took to complete: 40ms
05-02 19:39:18.224 534 534 I SystemServerTiming: MakeMmsServiceReady
05-02 19:39:18.224 534 534 I MmsServiceBroker: Delay connecting to MmsService until an API is called
05-02 19:39:18.224 534 534 D SystemServerTiming: MakeMmsServiceReady took to complete: 0ms
05-02 19:39:18.224 534 534 I SystemServerTiming: IncidentDaemonReady
05-02 19:39:18.225 534 534 D SystemServerTiming: IncidentDaemonReady took to complete: 1ms
05-02 19:39:18.225 534 534 I SystemServerTiming: MakeIncrementalServiceReady
05-02 19:39:18.225 534 534 D SystemServerTiming: MakeIncrementalServiceReady took to complete: 0ms
05-02 19:39:18.225 534 534 I SystemServerTiming: getCurrentUser
05-02 19:39:18.225 534 534 I ActivityManager: Current user:0
05-02 19:39:18.225 534 534 D SystemServerTiming: getCurrentUser took to complete: 0ms
05-02 19:39:18.225 534 534 I SystemServerTiming: ActivityManagerStartApps
05-02 19:39:18.226 534 534 I SystemServerTiming: ssm.StartUser-0
05-02 19:39:18.226 534 534 I SystemServiceManager: Calling onStartUser 0
05-02 19:39:18.226 534 534 I SystemServerTiming: ssm.onStartUser-0_com.android.server.security.FileIntegrityService
05-02 19:39:18.226 534 534 D SystemServerTiming: ssm.onStartUser-0_com.android.server.security.FileIntegrityService took to complete: 0ms
05-02 19:39:18.226 534 534 I SystemServerTiming: ssm.onStartUser-0_com.android.server.pm.Installer
05-02 19:39:18.226 534 534 D SystemServerTiming: ssm.onStartUser-0_com.android.server.pm.Installer took to complete: 0ms
05-02 19:39:18.226 534 534 I SystemServerTiming: ssm.onStartUser-0_com.android.server.os.DeviceIdentifiersPolicyService
05-02 19:39:18.226 534 534 D SystemServerTiming: ssm.onStartUser-0_com.android.server.os.DeviceIdentifiersPolicyService took to complete: 0ms
05-02 19:39:18.226 534 534 I SystemServerTiming: ssm.onStartUser-0_com.android.server.uri.UriGrantsManagerService$Lifecycle
05-02 19:39:18.226 534 534 D SystemServerTiming: ssm.onStartUser-0_com.android.server.uri.UriGrantsManagerService$Lifecycle took to complete: 0ms
05-02 19:39:18.226 534 534 I SystemServerTiming: ssm.onStartUser-0_com.android.server.wm.ActivityTaskManagerService$Lifecycle
05-02 19:39:18.226 534 534 D SystemServerTiming: ssm.onStartUser-0_com.android.server.wm.ActivityTaskManagerService$Lifecycle took to complete: 0ms
05-02 19:39:18.226 534 534 I SystemServerTiming: ssm.onStartUser-0_com.android.server.am.ActivityManagerService$Lifecycle
05-02 19:39:18.226 534 534 D SystemServerTiming: ssm.onStartUser-0_com.android.server.am.ActivityManagerService$Lifecycle took to complete: 0ms
05-02 19:39:18.226 534 534 I SystemServerTiming: ssm.onStartUser-0_com.android.server.pm.DataLoaderManagerService
05-02 19:39:18.226 534 534 D SystemServerTiming: ssm.onStartUser-0_com.android.server.pm.DataLoaderManagerService took to complete: 0ms
05-02 19:39:18.226 534 534 I SystemServerTiming: ssm.onStartUser-0_com.android.server.power.PowerManagerService
05-02 19:39:18.226 534 534 D SystemServerTiming: ssm.onStartUser-0_com.android.server.power.PowerManagerService took to complete: 0ms
05-02 19:39:18.226 534 534 I SystemServerTiming: ssm.onStartUser-0_com.android.server.power.ThermalManagerService
05-02 19:39:18.226 534 534 D SystemServerTiming: ssm.onStartUser-0_com.android.server.power.ThermalManagerService took to complete: 0ms
05-02 19:39:18.226 534 534 I SystemServerTiming: ssm.onStartUser-0_com.android.server.recoverysystem.RecoverySystemService$Lifecycle
05-02 19:39:18.226 534 534 D SystemServerTiming: ssm.onStartUser-0_com.android.server.recoverysystem.RecoverySystemService$Lifecycle took to complete: 0ms
05-02 19:39:18.226 534 534 I SystemServerTiming: ssm.onStartUser-0_com.android.server.lights.LightsService
05-02 19:39:18.227 534 534 D SystemServerTiming: ssm.onStartUser-0_com.android.server.lights.LightsService took to complete: 0ms
05-02 19:39:18.227 534 534 I SystemServerTiming: ssm.onStartUser-0_com.android.server.display.DisplayManagerService
05-02 19:39:18.227 534 534 D SystemServerTiming: ssm.onStartUser-0_com.android.server.display.DisplayManagerService took to complete: 0ms
05-02 19:39:18.227 534 534 I SystemServerTiming: ssm.onStartUser-0_com.android.server.pm.UserManagerService$LifeCycle
05-02 19:39:18.227 534 534 D SystemServerTiming: ssm.onStartUser-0_com.android.server.pm.UserManagerService$LifeCycle took to complete: 0ms
05-02 19:39:18.227 534 534 I SystemServerTiming: ssm.onStartUser-0_com.android.server.om.OverlayManagerService
05-02 19:39:18.227 534 534 D SystemServerTiming: ssm.onStartUser-0_com.android.server.om.OverlayManagerService took to complete: 0ms
05-02 19:39:18.227 534 534 I SystemServerTiming: ssm.onStartUser-0_com.android.server.SensorPrivacyService
05-02 19:39:18.227 534 534 D SystemServerTiming: ssm.onStartUser-0_com.android.server.SensorPrivacyService took to complete: 0ms
05-02 19:39:18.227 534 534 I SystemServerTiming: ssm.onStartUser-0_com.android.server.SystemConfigService
05-02 19:39:18.227 534 534 D SystemServerTiming: ssm.onStartUser-0_com.android.server.SystemConfigService took to complete: 0ms
05-02 19:39:18.227 534 534 I SystemServerTiming: ssm.onStartUser-0_com.android.server.BatteryService
05-02 19:39:18.227 534 534 D SystemServerTiming: ssm.onStartUser-0_com.android.server.BatteryService took to complete: 0ms
05-02 19:39:18.227 534 534 I SystemServerTiming: ssm.onStartUser-0_com.android.server.usage.UsageStatsService
05-02 19:39:18.227 534 534 D SystemServerTiming: ssm.onStartUser-0_com.android.server.usage.UsageStatsService took to complete: 0ms
05-02 19:39:18.228 534 534 I SystemServerTiming: ssm.onStartUser-0_com.android.server.webkit.WebViewUpdateService
05-02 19:39:18.228 534 534 D SystemServerTiming: ssm.onStartUser-0_com.android.server.webkit.WebViewUpdateService took to complete: 0ms
05-02 19:39:18.229 534 534 I SystemServerTiming: ssm.onStartUser-0_com.android.server.CachedDeviceStateService
05-02 19:39:18.229 534 534 D SystemServerTiming: ssm.onStartUser-0_com.android.server.CachedDeviceStateService took to complete: 0ms
05-02 19:39:18.229 534 534 I SystemServerTiming: ssm.onStartUser-0_com.android.server.BinderCallsStatsService$LifeCycle
05-02 19:39:18.229 534 534 D SystemServerTiming: ssm.onStartUser-0_com.android.server.BinderCallsStatsService$LifeCycle took to complete: 0ms
05-02 19:39:18.246 534 534 I SystemServerTiming: ssm.onStartUser-0_com.android.server.LooperStatsService$Lifecycle
05-02 19:39:18.246 534 534 D SystemServerTiming: ssm.onStartUser-0_com.android.server.LooperStatsService$Lifecycle took to complete: 0ms
05-02 19:39:18.246 534 534 I SystemServerTiming: ssm.onStartUser-0_com.android.server.rollback.RollbackManagerService
05-02 19:39:18.246 534 534 D SystemServerTiming: ssm.onStartUser-0_com.android.server.rollback.RollbackManagerService took to complete: 0ms
05-02 19:39:18.250 534 534 I SystemServerTiming: ssm.onStartUser-0_com.android.server.os.BugreportManagerService
05-02 19:39:18.250 534 534 D SystemServerTiming: ssm.onStartUser-0_com.android.server.os.BugreportManagerService took to complete: 0ms
05-02 19:39:18.250 534 534 I SystemServerTiming: ssm.onStartUser-0_com.android.server.gpu.GpuService
05-02 19:39:18.250 534 534 D SystemServerTiming: ssm.onStartUser-0_com.android.server.gpu.GpuService took to complete: 0ms
05-02 19:39:18.250 534 534 I SystemServerTiming: ssm.onStartUser-0_com.android.server.security.KeyChainSystemService
05-02 19:39:18.250 534 534 D SystemServerTiming: ssm.onStartUser-0_com.android.server.security.KeyChainSystemService took to complete: 0ms
05-02 19:39:18.250 534 534 I SystemServerTiming: ssm.onStartUser-0_com.android.server.telecom.TelecomLoaderService
05-02 19:39:18.250 534 534 D SystemServerTiming: ssm.onStartUser-0_com.android.server.telecom.TelecomLoaderService took to complete: 0ms
05-02 19:39:18.250 534 534 I SystemServerTiming: ssm.onStartUser-0_com.android.server.accounts.AccountManagerService$Lifecycle
05-02 19:39:18.250 534 534 D SystemServerTiming: ssm.onStartUser-0_com.android.server.accounts.AccountManagerService$Lifecycle took to complete: 0ms
05-02 19:39:18.250 534 534 I SystemServerTiming: ssm.onStartUser-0_com.android.server.content.ContentService$Lifecycle
05-02 19:39:18.250 534 534 D SystemServerTiming: ssm.onStartUser-0_com.android.server.content.ContentService$Lifecycle took to complete: 0ms
05-02 19:39:18.250 534 534 I SystemServerTiming: ssm.onStartUser-0_com.android.server.DropBoxManagerService
05-02 19:39:18.250 534 534 D SystemServerTiming: ssm.onStartUser-0_com.android.server.DropBoxManagerService took to complete: 0ms
05-02 19:39:18.250 534 534 I SystemServerTiming: ssm.onStartUser-0_com.android.server.AlarmManagerService
05-02 19:39:18.250 534 534 D SystemServerTiming: ssm.onStartUser-0_com.android.server.AlarmManagerService took to complete: 0ms
05-02 19:39:18.250 534 534 I SystemServerTiming: ssm.onStartUser-0_com.android.server.BluetoothService
05-02 19:39:18.250 534 534 D SystemServerTiming: ssm.onStartUser-0_com.android.server.BluetoothService took to complete: 0ms
05-02 19:39:18.250 534 534 I SystemServerTiming: ssm.onStartUser-0_com.android.server.connectivity.IpConnectivityMetrics
05-02 19:39:18.250 534 534 D SystemServerTiming: ssm.onStartUser-0_com.android.server.connectivity.IpConnectivityMetrics took to complete: 0ms
05-02 19:39:18.250 534 534 I SystemServerTiming: ssm.onStartUser-0_com.android.server.net.watchlist.NetworkWatchlistService$Lifecycle
05-02 19:39:18.250 534 534 D SystemServerTiming: ssm.onStartUser-0_com.android.server.net.watchlist.NetworkWatchlistService$Lifecycle took to complete: 0ms
05-02 19:39:18.250 534 534 I SystemServerTiming: ssm.onStartUser-0_com.android.server.PinnerService
05-02 19:39:18.250 534 534 D SystemServerTiming: ssm.onStartUser-0_com.android.server.PinnerService took to complete: 0ms
05-02 19:39:18.250 534 534 I SystemServerTiming: ssm.onStartUser-0_com.google.android.startop.iorap.IorapForwardingService
05-02 19:39:18.250 534 534 D SystemServerTiming: ssm.onStartUser-0_com.google.android.startop.iorap.IorapForwardingService took to complete: 0ms
05-02 19:39:18.251 534 534 I SystemServerTiming: ssm.onStartUser-0_com.android.server.integrity.AppIntegrityManagerService
05-02 19:39:18.251 534 534 D SystemServerTiming: ssm.onStartUser-0_com.android.server.integrity.AppIntegrityManagerService took to complete: 0ms
05-02 19:39:18.251 534 534 I SystemServerTiming: ssm.onStartUser-0_com.android.server.inputmethod.InputMethodManagerService$Lifecycle
05-02 19:39:18.251 534 534 D SystemServerTiming: ssm.onStartUser-0_com.android.server.inputmethod.InputMethodManagerService$Lifecycle took to complete: 0ms
05-02 19:39:18.251 534 534 I SystemServerTiming: ssm.onStartUser-0_com.android.server.accessibility.AccessibilityManagerService$Lifecycle
05-02 19:39:18.251 534 534 D SystemServerTiming: ssm.onStartUser-0_com.android.server.accessibility.AccessibilityManagerService$Lifecycle took to complete: 0ms
05-02 19:39:18.251 534 534 I SystemServerTiming: ssm.onStartUser-0_com.android.server.StorageManagerService$Lifecycle
05-02 19:39:18.276 534 577 I netstats_mobile_sample: [0,0,0,0,0,0,0,0,0,0,0,0,1651520358276]
05-02 19:39:18.277 534 577 I netstats_wifi_sample: [0,0,0,0,0,0,0,0,0,0,0,0,1651520358276]
05-02 19:39:18.280 534 534 V StorageManagerService: Package com.android.cts.priv.ctsshim does not have legacy storage
05-02 19:39:18.281 534 534 V StorageManagerService: Package com.android.internal.display.cutout.emulation.corner does not have legacy storage
05-02 19:39:18.281 534 534 V StorageManagerService: Package com.example.android.livecubes does not have legacy storage
05-02 19:39:18.281 534 534 V StorageManagerService: Package com.android.internal.display.cutout.emulation.double does not have legacy storage
05-02 19:39:18.282 534 534 V StorageManagerService: Package com.android.providers.telephony does not have legacy storage
05-02 19:39:18.282 534 534 V StorageManagerService: Package com.android.dynsystem does not have legacy storage
05-02 19:39:18.282 534 534 V StorageManagerService: Package com.fsl.ethernet does not have legacy storage
05-02 19:39:18.282 534 534 V StorageManagerService: Package com.android.theme.color.amethyst does not have legacy storage
05-02 19:39:18.282 534 534 V StorageManagerService: Package com.android.theme.icon.pebble does not have legacy storage
05-02 19:39:18.282 534 534 V StorageManagerService: Package com.android.providers.calendar does not have legacy storage
05-02 19:39:18.282 534 534 V StorageManagerService: Package com.android.providers.media has legacy storage
05-02 19:39:18.282 534 534 V StorageManagerService: Package com.android.internal.systemui.navbar.gestural_wide_back does not have legacy storage
05-02 19:39:18.282 534 534 V StorageManagerService: Package com.android.theme.color.sand does not have legacy storage
05-02 19:39:18.283 534 534 V StorageManagerService: Package com.android.wallpapercropper does not have legacy storage
05-02 19:39:18.283 534 534 V StorageManagerService: Package com.android.theme.icon.vessel does not have legacy storage
05-02 19:39:18.284 534 534 V StorageManagerService: Package com.android.theme.color.cinnamon does not have legacy storage
05-02 19:39:18.284 534 534 V StorageManagerService: Package com.android.theme.icon_pack.victor.settings does not have legacy storage
05-02 19:39:18.285 534 534 V StorageManagerService: Package com.android.theme.icon_pack.rounded.systemui does not have legacy storage
05-02 19:39:18.286 534 534 V StorageManagerService: Package com.nxp.directaudioplayer has legacy storage
05-02 19:39:18.287 534 534 V StorageManagerService: Package com.android.theme.icon.taperedrect does not have legacy storage
05-02 19:39:18.287 534 534 V StorageManagerService: Package com.android.documentsui does not have legacy storage
05-02 19:39:18.287 534 534 V StorageManagerService: Package com.android.externalstorage has legacy storage
05-02 19:39:18.287 534 534 V StorageManagerService: Package com.android.htmlviewer does not have legacy storage
05-02 19:39:18.287 534 534 V StorageManagerService: Package com.android.companiondevicemanager does not have legacy storage
05-02 19:39:18.287 534 534 V StorageManagerService: Package com.android.quicksearchbox does not have legacy storage
05-02 19:39:18.288 534 534 V StorageManagerService: Package com.android.mms.service does not have legacy storage
05-02 19:39:18.288 534 534 V StorageManagerService: Package com.android.providers.downloads has legacy storage
05-02 19:39:18.288 534 534 V StorageManagerService: Package com.android.messaging has legacy storage
05-02 19:39:18.288 534 534 V StorageManagerService: Package com.android.theme.icon_pack.rounded.android does not have legacy storage
05-02 19:39:18.288 534 534 V StorageManagerService: Package com.android.theme.icon_pack.victor.systemui does not have legacy storage
05-02 19:39:18.288 534 534 V StorageManagerService: Package com.android.theme.icon_pack.circular.themepicker does not have legacy storage
05-02 19:39:18.288 534 534 V StorageManagerService: Package com.android.soundrecorder does not have legacy storage
05-02 19:39:18.288 534 534 V StorageManagerService: Package com.android.theme.color.tangerine does not have legacy storage
05-02 19:39:18.288 534 534 V StorageManagerService: Package com.android.providers.downloads.ui has legacy storage
05-02 19:39:18.288 534 534 V StorageManagerService: Package com.android.pacprocessor does not have legacy storage
05-02 19:39:18.288 534 534 V StorageManagerService: Package com.android.simappdialog does not have legacy storage
05-02 19:39:18.288 534 534 V StorageManagerService: Package com.android.networkstack does not have legacy storage
05-02 19:39:18.289 534 534 V StorageManagerService: Package com.android.theme.color.aquamarine does not have legacy storage
05-02 19:39:18.289 534 534 V StorageManagerService: Package com.android.internal.display.cutout.emulation.hole does not have legacy storage
05-02 19:39:18.289 534 534 V StorageManagerService: Package com.android.internal.display.cutout.emulation.tall does not have legacy storage
05-02 19:39:18.289 534 534 V StorageManagerService: Package com.android.modulemetadata does not have legacy storage
05-02 19:39:18.289 534 534 V StorageManagerService: Package com.android.certinstaller does not have legacy storage
05-02 19:39:18.289 534 534 V StorageManagerService: Package com.android.theme.color.black does not have legacy storage
05-02 19:39:18.289 534 534 V StorageManagerService: Package com.android.carrierconfig does not have legacy storage
05-02 19:39:18.289 534 534 V StorageManagerService: Package com.android.theme.color.green does not have legacy storage
05-02 19:39:18.289 534 534 V StorageManagerService: Package com.android.theme.color.ocean does not have legacy storage
05-02 19:39:18.289 534 534 V StorageManagerService: Package com.android.theme.color.space does not have legacy storage
05-02 19:39:18.290 534 534 V StorageManagerService: Package com.android.internal.systemui.navbar.threebutton does not have legacy storage
05-02 19:39:18.290 534 534 V StorageManagerService: Package android does not have legacy storage
05-02 19:39:18.290 534 534 V StorageManagerService: Package com.android.contacts does not have legacy storage
05-02 19:39:18.291 534 534 V StorageManagerService: Package com.android.camera2 has legacy storage
05-02 19:39:18.291 534 534 V StorageManagerService: Package com.android.theme.icon_pack.rounded.launcher does not have legacy storage
05-02 19:39:18.291 534 534 V StorageManagerService: Package com.android.theme.icon_pack.kai.settings does not have legacy storage
05-02 19:39:18.291 534 534 V StorageManagerService: Package com.android.egg does not have legacy storage
05-02 19:39:18.291 534 534 V StorageManagerService: Package com.android.mtp has legacy storage
05-02 19:39:18.292 534 534 V StorageManagerService: Package com.android.nfc does not have legacy storage
05-02 19:39:18.292 534 534 V StorageManagerService: Package com.android.ons does not have legacy storage
05-02 19:39:18.293 534 534 V StorageManagerService: Package com.android.stk does not have legacy storage
05-02 19:39:18.293 534 534 V StorageManagerService: Package com.android.launcher3 does not have legacy storage
05-02 19:39:18.293 534 534 V StorageManagerService: Package com.android.backupconfirm does not have legacy storage
05-02 19:39:18.293 534 534 V StorageManagerService: Package com.android.provision does not have legacy storage
05-02 19:39:18.293 534 534 V StorageManagerService: Package com.android.statementservice does not have legacy storage
05-02 19:39:18.293 534 534 V StorageManagerService: Package com.android.theme.icon_pack.sam.settings does not have legacy storage
05-02 19:39:18.293 534 534 V StorageManagerService: Package com.android.settings.intelligence does not have legacy storage
05-02 19:39:18.294 534 534 V StorageManagerService: Package com.android.calendar does not have legacy storage
05-02 19:39:18.294 534 534 V StorageManagerService: Package com.android.internal.systemui.navbar.gestural_extra_wide_back does not have legacy storage
05-02 19:39:18.294 534 534 V StorageManagerService: Package com.android.theme.icon_pack.kai.themepicker does not have legacy storage
05-02 19:39:18.294 534 534 V StorageManagerService: Package com.android.providers.settings does not have legacy storage
05-02 19:39:18.294 534 534 V StorageManagerService: Package com.android.wifi.resources.imx does not have legacy storage
05-02 19:39:18.294 534 534 V StorageManagerService: Package com.android.sharedstoragebackup has legacy storage
05-02 19:39:18.294 534 534 V StorageManagerService: Package com.android.theme.icon_pack.victor.launcher does not have legacy storage
05-02 19:39:18.309 534 579 W ActivityManager: Slow operation: 129ms so far, now at startProcess: returned from zygote!
05-02 19:39:18.310 534 816 I dvm_lock_sample: [system_server,0,NetworkPolicy,237,NetworkStatsService.java,982,void com.android.server.net.NetworkStatsService.advisePersistThreshold(long),-,1463,void com.android.server.net.NetworkStatsService.performPoll(int),47]
05-02 19:39:18.312 534 579 W ActivityManager: Slow operation: 142ms so far, now at startProcess: done updating battery stats
05-02 19:39:18.312 534 579 I am_proc_start: [0,1111,10119,com.android.launcher3,service,{com.android.launcher3/com.android.quickstep.TouchInteractionService}]
05-02 19:39:18.313 534 579 W ActivityManager: Slow operation: 142ms so far, now at startProcess: building log message
05-02 19:39:18.313 534 579 I ActivityManager: Start proc 1111:com.android.launcher3/u0a119 for service {com.android.launcher3/com.android.quickstep.TouchInteractionService}
05-02 19:39:18.313 534 579 W ActivityManager: Slow operation: 142ms so far, now at startProcess: starting to update pids map
05-02 19:39:18.313 534 579 W ActivityManager: Slow operation: 142ms so far, now at startProcess: done updating pids map
05-02 19:39:18.316 534 534 V StorageManagerService: Package com.android.printspooler does not have legacy storage
05-02 19:39:18.317 534 534 V StorageManagerService: Package com.android.theme.icon_pack.filled.settings does not have legacy storage
05-02 19:39:18.317 534 534 V StorageManagerService: Package com.android.dreams.basic does not have legacy storage
05-02 19:39:18.317 534 534 V StorageManagerService: Package com.android.theme.icon_pack.kai.systemui does not have legacy storage
05-02 19:39:18.317 534 534 V StorageManagerService: Package com.android.webview does not have legacy storage
05-02 19:39:18.317 534 534 V StorageManagerService: Package com.android.se does not have legacy storage
05-02 19:39:18.318 534 534 V StorageManagerService: Package com.android.inputdevices does not have legacy storage
05-02 19:39:18.318 534 534 V StorageManagerService: Package com.android.bips does not have legacy storage
05-02 19:39:18.318 534 534 V StorageManagerService: Package com.android.theme.icon_pack.circular.settings does not have legacy storage
05-02 19:39:18.318 534 534 V StorageManagerService: Package com.android.musicfx does not have legacy storage
05-02 19:39:18.318 534 534 V StorageManagerService: Package com.android.theme.icon_pack.sam.systemui does not have legacy storage
05-02 19:39:18.331 534 534 V StorageManagerService: Package com.android.cellbroadcastreceiver does not have legacy storage
05-02 19:39:18.331 534 534 V StorageManagerService: Package com.android.theme.icon.teardrop does not have legacy storage
05-02 19:39:18.331 534 534 V StorageManagerService: Package android.ext.shared does not have legacy storage
05-02 19:39:18.331 534 534 V StorageManagerService: Package com.android.onetimeinitializer does not have legacy storage
05-02 19:39:18.331 534 534 V StorageManagerService: Package com.android.server.telecom does not have legacy storage
05-02 19:39:18.331 534 534 V StorageManagerService: Package com.android.cellbroadcastservice does not have legacy storage
05-02 19:39:18.331 534 534 V StorageManagerService: Package com.android.theme.icon_pack.rounded.themepicker does not have legacy storage
05-02 19:39:18.331 534 534 V StorageManagerService: Package com.android.keychain does not have legacy storage
05-02 19:39:18.331 534 534 V StorageManagerService: Package com.android.printservice.recommendation does not have legacy storage
05-02 19:39:18.331 534 534 V StorageManagerService: Package com.android.dialer has legacy storage
05-02 19:39:18.332 534 534 V StorageManagerService: Package com.android.gallery3d has legacy storage
05-02 19:39:18.332 534 534 V StorageManagerService: Package com.android.theme.icon_pack.filled.systemui does not have legacy storage
05-02 19:39:18.332 534 534 V StorageManagerService: Package android.ext.services does not have legacy storage
05-02 19:39:18.332 534 534 V StorageManagerService: Package com.android.wifi.resources does not have legacy storage
05-02 19:39:18.332 534 534 V StorageManagerService: Package com.android.calllogbackup does not have legacy storage
05-02 19:39:18.332 534 565 I am_proc_bound: [0,1111,com.android.launcher3]
05-02 19:39:18.332 534 534 V StorageManagerService: Package com.android.localtransport does not have legacy storage
05-02 19:39:18.332 534 534 V StorageManagerService: Package com.android.packageinstaller does not have legacy storage
05-02 19:39:18.332 534 534 V StorageManagerService: Package com.android.carrierdefaultapp does not have legacy storage
05-02 19:39:18.336 534 534 V StorageManagerService: Package com.android.theme.icon_pack.sam.android does not have legacy storage
05-02 19:39:18.337 534 534 V StorageManagerService: Package com.android.theme.font.notoserifsource does not have legacy storage
05-02 19:39:18.338 534 534 V StorageManagerService: Package com.android.theme.icon_pack.filled.android does not have legacy storage
05-02 19:39:18.338 534 534 V StorageManagerService: Package com.android.proxyhandler does not have legacy storage
05-02 19:39:18.338 534 534 V StorageManagerService: Package com.android.internal.display.cutout.emulation.waterfall does not have legacy storage
05-02 19:39:18.338 534 534 V StorageManagerService: Package com.android.theme.icon_pack.circular.systemui does not have legacy storage
05-02 19:39:18.338 534 534 V StorageManagerService: Package com.android.inputmethod.latin has legacy storage
05-02 19:39:18.338 534 534 V StorageManagerService: Package org.chromium.webview_shell has legacy storage
05-02 19:39:18.339 534 534 V StorageManagerService: Package com.android.theme.icon_pack.kai.android does not have legacy storage
05-02 19:39:18.339 534 534 V StorageManagerService: Package com.android.managedprovisioning does not have legacy storage
05-02 19:39:18.339 534 534 V StorageManagerService: Package com.android.networkstack.tethering does not have legacy storage
05-02 19:39:18.339 534 534 V StorageManagerService: Package com.android.soundpicker has legacy storage
05-02 19:39:18.339 534 534 V StorageManagerService: Package com.android.dreams.phototable has legacy storage
05-02 19:39:18.339 534 534 V StorageManagerService: Package com.android.theme.icon_pack.kai.launcher does not have legacy storage
05-02 19:39:18.339 534 534 V StorageManagerService: Package com.android.smspush does not have legacy storage
05-02 19:39:18.340 534 534 V StorageManagerService: Package com.android.wallpaper.livepicker does not have legacy storage
05-02 19:39:18.340 534 534 V StorageManagerService: Package com.android.cellbroadcastreceiver.module does not have legacy storage
05-02 19:39:18.340 534 534 V StorageManagerService: Package com.android.apps.tag does not have legacy storage
05-02 19:39:18.340 534 534 V StorageManagerService: Package com.android.theme.icon_pack.sam.launcher does not have legacy storage
05-02 19:39:18.340 534 534 V StorageManagerService: Package com.android.theme.icon.squircle does not have legacy storage
05-02 19:39:18.340 534 534 V StorageManagerService: Package com.android.theme.icon_pack.victor.android does not have legacy storage
05-02 19:39:18.340 534 534 V StorageManagerService: Package com.android.storagemanager does not have legacy storage
05-02 19:39:18.340 534 534 V StorageManagerService: Package com.android.theme.color.palette does not have legacy storage
05-02 19:39:18.341 534 534 V StorageManagerService: Package com.android.bookmarkprovider does not have legacy storage
05-02 19:39:18.341 534 534 V StorageManagerService: Package com.android.settings does not have legacy storage
05-02 19:39:18.341 534 534 V StorageManagerService: Package com.android.theme.icon_pack.filled.launcher does not have legacy storage
05-02 19:39:18.341 534 534 V StorageManagerService: Package com.android.networkstack.permissionconfig does not have legacy storage
05-02 19:39:18.343 534 565 I am_uid_active: 10119
05-02 19:39:18.343 534 534 V StorageManagerService: Package com.freescale.cactusplayer has legacy storage
05-02 19:39:18.343 534 534 V StorageManagerService: Package com.android.cts.ctsshim does not have legacy storage
05-02 19:39:18.344 534 534 V StorageManagerService: Package com.android.theme.color.carbon does not have legacy storage
05-02 19:39:18.344 534 534 V StorageManagerService: Package com.example.android.systemupdatersample does not have legacy storage
05-02 19:39:18.344 534 534 V StorageManagerService: Package com.android.theme.icon_pack.circular.launcher does not have legacy storage
05-02 19:39:18.344 534 534 V StorageManagerService: Package com.android.vpndialogs does not have legacy storage
05-02 19:39:18.344 534 534 V StorageManagerService: Package com.example.android.camera2.basic does not have legacy storage
05-02 19:39:18.345 534 534 V StorageManagerService: Package com.android.music does not have legacy storage
05-02 19:39:18.345 534 534 V StorageManagerService: Package com.android.phone does not have legacy storage
05-02 19:39:18.345 534 534 V StorageManagerService: Package com.android.shell has legacy storage
05-02 19:39:18.345 534 534 V StorageManagerService: Package com.android.theme.icon_pack.filled.themepicker does not have legacy storage
05-02 19:39:18.345 534 534 V StorageManagerService: Package com.android.wallpaperbackup does not have legacy storage
05-02 19:39:18.345 534 534 V StorageManagerService: Package com.android.providers.blockednumber does not have legacy storage
05-02 19:39:18.345 534 534 V StorageManagerService: Package com.android.providers.userdictionary does not have legacy storage
05-02 19:39:18.345 534 534 V StorageManagerService: Package com.android.providers.media.module has legacy storage
05-02 19:39:18.346 534 534 V StorageManagerService: Package com.android.emergency does not have legacy storage
05-02 19:39:18.346 534 534 V StorageManagerService: Package com.android.hotspot2.osulogin does not have legacy storage
05-02 19:39:18.346 534 534 V StorageManagerService: Package com.android.internal.systemui.navbar.gestural does not have legacy storage
05-02 19:39:18.346 534 534 V StorageManagerService: Package com.android.location.fused does not have legacy storage
05-02 19:39:18.346 534 534 V StorageManagerService: Package com.android.theme.icon_pack.victor.themepicker does not have legacy storage
05-02 19:39:18.346 534 534 V StorageManagerService: Package com.android.theme.color.orchid does not have legacy storage
05-02 19:39:18.346 534 534 V StorageManagerService: Package com.android.deskclock has legacy storage
05-02 19:39:18.346 534 534 V StorageManagerService: Package com.android.systemui has legacy storage
05-02 19:39:18.346 534 534 V StorageManagerService: Package com.android.theme.color.purple does not have legacy storage
05-02 19:39:18.347 534 534 V StorageManagerService: Package com.android.bluetoothmidiservice does not have legacy storage
05-02 19:39:18.347 534 534 V StorageManagerService: Package com.android.permissioncontroller does not have legacy storage
05-02 19:39:18.347 534 534 V StorageManagerService: Package com.android.traceur does not have legacy storage
05-02 19:39:18.347 534 534 V StorageManagerService: Package com.android.theme.icon_pack.sam.themepicker does not have legacy storage
05-02 19:39:18.347 534 534 V StorageManagerService: Package com.android.bluetooth does not have legacy storage
05-02 19:39:18.347 534 534 V StorageManagerService: Package com.android.providers.contacts does not have legacy storage
05-02 19:39:18.347 534 534 V StorageManagerService: Package com.android.captiveportallogin does not have legacy storage
05-02 19:39:18.347 534 534 V StorageManagerService: Package com.android.theme.icon.roundedrect does not have legacy storage
05-02 19:39:18.347 534 534 V StorageManagerService: Package com.android.internal.systemui.navbar.gestural_narrow_back does not have legacy storage
05-02 19:39:18.347 534 534 V StorageManagerService: Package com.android.theme.icon_pack.rounded.settings does not have legacy storage
05-02 19:39:18.347 534 534 V StorageManagerService: Package com.android.theme.icon_pack.circular.android does not have legacy storage
05-02 19:39:18.361 534 534 W SystemServiceManager: Service com.android.server.StorageManagerService$Lifecycle took 111 ms in onStartUser-0
05-02 19:39:18.362 534 534 D SystemServerTiming: ssm.onStartUser-0_com.android.server.StorageManagerService$Lifecycle took to complete: 111ms
05-02 19:39:18.362 534 534 I SystemServerTiming: ssm.onStartUser-0_com.android.server.usage.StorageStatsService$Lifecycle
05-02 19:39:18.362 534 534 D SystemServerTiming: ssm.onStartUser-0_com.android.server.usage.StorageStatsService$Lifecycle took to complete: 0ms
05-02 19:39:18.362 534 534 I SystemServerTiming: ssm.onStartUser-0_com.android.server.UiModeManagerService
05-02 19:39:18.362 534 534 D SystemServerTiming: ssm.onStartUser-0_com.android.server.UiModeManagerService took to complete: 0ms
05-02 19:39:18.362 534 534 I SystemServerTiming: ssm.onStartUser-0_com.android.server.locksettings.LockSettingsService$Lifecycle
05-02 19:39:18.362 534 534 D SystemServerTiming: ssm.onStartUser-0_com.android.server.locksettings.LockSettingsService$Lifecycle took to complete: 0ms
05-02 19:39:18.362 534 534 I SystemServerTiming: ssm.onStartUser-0_com.android.server.PersistentDataBlockService
05-02 19:39:18.362 534 534 D SystemServerTiming: ssm.onStartUser-0_com.android.server.PersistentDataBlockService took to complete: 0ms
05-02 19:39:18.362 534 534 I SystemServerTiming: ssm.onStartUser-0_com.android.server.testharness.TestHarnessModeService
05-02 19:39:18.362 534 534 D SystemServerTiming: ssm.onStartUser-0_com.android.server.testharness.TestHarnessModeService took to complete: 0ms
05-02 19:39:18.362 534 534 I SystemServerTiming: ssm.onStartUser-0_com.android.server.oemlock.OemLockService
05-02 19:39:18.362 534 534 D SystemServerTiming: ssm.onStartUser-0_com.android.server.oemlock.OemLockService took to complete: 0ms
05-02 19:39:18.362 534 534 I SystemServerTiming: ssm.onStartUser-0_com.android.server.DeviceIdleController
05-02 19:39:18.362 534 534 D SystemServerTiming: ssm.onStartUser-0_com.android.server.DeviceIdleController took to complete: 0ms
05-02 19:39:18.362 534 534 I SystemServerTiming: ssm.onStartUser-0_com.android.server.devicepolicy.DevicePolicyManagerService$Lifecycle
05-02 19:39:18.363 534 534 D SystemServerTiming: ssm.onStartUser-0_com.android.server.devicepolicy.DevicePolicyManagerService$Lifecycle took to complete: 1ms
05-02 19:39:18.363 534 534 I SystemServerTiming: ssm.onStartUser-0_com.android.server.textservices.TextServicesManagerService$Lifecycle
05-02 19:39:18.364 534 534 D SystemServerTiming: ssm.onStartUser-0_com.android.server.textservices.TextServicesManagerService$Lifecycle took to complete: 0ms
05-02 19:39:18.364 534 534 I SystemServerTiming: ssm.onStartUser-0_com.android.server.textclassifier.TextClassificationManagerService$Lifecycle
05-02 19:39:18.370 534 577 I netstats_mobile_sample: [0,0,0,0,0,0,0,0,0,0,0,0,1651520358370]
05-02 19:39:18.370 534 577 I netstats_wifi_sample: [0,0,0,0,0,0,0,0,0,0,0,0,1651520358370]
05-02 19:39:18.380 534 534 D SystemServerTiming: ssm.onStartUser-0_com.android.server.textclassifier.TextClassificationManagerService$Lifecycle took to complete: 17ms
05-02 19:39:18.381 534 534 I SystemServerTiming: ssm.onStartUser-0_com.android.server.NetworkScoreService$Lifecycle
05-02 19:39:18.381 534 534 D SystemServerTiming: ssm.onStartUser-0_com.android.server.NetworkScoreService$Lifecycle took to complete: 0ms
05-02 19:39:18.381 534 534 I SystemServerTiming: ssm.onStartUser-0_com.android.server.wifi.WifiService
05-02 19:39:18.381 534 534 D SystemServerTiming: ssm.onStartUser-0_com.android.server.wifi.WifiService took to complete: 0ms
05-02 19:39:18.381 534 534 I SystemServerTiming: ssm.onStartUser-0_com.android.server.wifi.scanner.WifiScanningService
05-02 19:39:18.381 534 534 D SystemServerTiming: ssm.onStartUser-0_com.android.server.wifi.scanner.WifiScanningService took to complete: 0ms
05-02 19:39:18.381 534 534 I SystemServerTiming: ssm.onStartUser-0_com.android.server.wifi.p2p.WifiP2pService
05-02 19:39:18.381 534 534 D SystemServerTiming: ssm.onStartUser-0_com.android.server.wifi.p2p.WifiP2pService took to complete: 0ms
05-02 19:39:18.381 534 534 I SystemServerTiming: ssm.onStartUser-0_com.android.server.ethernet.EthernetService
05-02 19:39:18.381 534 534 D SystemServerTiming: ssm.onStartUser-0_com.android.server.ethernet.EthernetService took to complete: 0ms
05-02 19:39:18.381 534 534 I SystemServerTiming: ssm.onStartUser-0_com.android.server.notification.NotificationManagerService
05-02 19:39:18.381 534 534 D SystemServerTiming: ssm.onStartUser-0_com.android.server.notification.NotificationManagerService took to complete: 0ms
05-02 19:39:18.381 534 534 I SystemServerTiming: ssm.onStartUser-0_com.android.server.storage.DeviceStorageMonitorService
05-02 19:39:18.381 534 534 D SystemServerTiming: ssm.onStartUser-0_com.android.server.storage.DeviceStorageMonitorService took to complete: 0ms
05-02 19:39:18.381 534 534 I SystemServerTiming: ssm.onStartUser-0_com.android.server.location.LocationManagerService$Lifecycle
05-02 19:39:18.385 534 534 D SystemServerTiming: ssm.onStartUser-0_com.android.server.location.LocationManagerService$Lifecycle took to complete: 3ms
05-02 19:39:18.385 534 534 I SystemServerTiming: ssm.onStartUser-0_com.android.server.timedetector.TimeDetectorService$Lifecycle
05-02 19:39:18.385 534 534 D SystemServerTiming: ssm.onStartUser-0_com.android.server.timedetector.TimeDetectorService$Lifecycle took to complete: 0ms
05-02 19:39:18.385 534 534 I SystemServerTiming: ssm.onStartUser-0_com.android.server.timezonedetector.TimeZoneDetectorService$Lifecycle
05-02 19:39:18.385 534 534 D SystemServerTiming: ssm.onStartUser-0_com.android.server.timezonedetector.TimeZoneDetectorService$Lifecycle took to complete: 0ms
05-02 19:39:18.385 534 534 I SystemServerTiming: ssm.onStartUser-0_com.android.server.search.SearchManagerService$Lifecycle
05-02 19:39:18.385 534 534 D SystemServerTiming: ssm.onStartUser-0_com.android.server.search.SearchManagerService$Lifecycle took to complete: 0ms
05-02 19:39:18.385 534 534 I SystemServerTiming: ssm.onStartUser-0_com.android.server.wallpaper.WallpaperManagerService$Lifecycle
05-02 19:39:18.385 534 534 D SystemServerTiming: ssm.onStartUser-0_com.android.server.wallpaper.WallpaperManagerService$Lifecycle took to complete: 0ms
05-02 19:39:18.385 534 534 I SystemServerTiming: ssm.onStartUser-0_com.android.server.audio.AudioService$Lifecycle
05-02 19:39:18.385 534 534 D SystemServerTiming: ssm.onStartUser-0_com.android.server.audio.AudioService$Lifecycle took to complete: 0ms
05-02 19:39:18.385 534 534 I SystemServerTiming: ssm.onStartUser-0_com.android.server.soundtrigger_middleware.SoundTriggerMiddlewareService$Lifecycle
05-02 19:39:18.385 534 534 D SystemServerTiming: ssm.onStartUser-0_com.android.server.soundtrigger_middleware.SoundTriggerMiddlewareService$Lifecycle took to complete: 0ms
05-02 19:39:18.385 534 534 I SystemServerTiming: ssm.onStartUser-0_com.android.server.DockObserver
05-02 19:39:18.385 534 534 D SystemServerTiming: ssm.onStartUser-0_com.android.server.DockObserver took to complete: 0ms
05-02 19:39:18.385 534 534 I SystemServerTiming: ssm.onStartUser-0_com.android.server.midi.MidiService$Lifecycle
05-02 19:39:18.385 534 534 D SystemServerTiming: ssm.onStartUser-0_com.android.server.midi.MidiService$Lifecycle took to complete: 0ms
05-02 19:39:18.385 534 534 I SystemServerTiming: ssm.onStartUser-0_com.android.server.adb.AdbService$Lifecycle
05-02 19:39:18.385 534 534 D SystemServerTiming: ssm.onStartUser-0_com.android.server.adb.AdbService$Lifecycle took to complete: 0ms
05-02 19:39:18.385 534 534 I SystemServerTiming: ssm.onStartUser-0_com.android.server.usb.UsbService$Lifecycle
05-02 19:39:18.385 534 534 D SystemServerTiming: ssm.onStartUser-0_com.android.server.usb.UsbService$Lifecycle took to complete: 0ms
05-02 19:39:18.385 534 534 I SystemServerTiming: ssm.onStartUser-0_com.android.server.twilight.TwilightService
05-02 19:39:18.385 534 534 D SystemServerTiming: ssm.onStartUser-0_com.android.server.twilight.TwilightService took to complete: 0ms
05-02 19:39:18.385 534 534 I SystemServerTiming: ssm.onStartUser-0_com.android.server.display.color.ColorDisplayService
05-02 19:39:18.386 534 534 D SystemServerTiming: ssm.onStartUser-0_com.android.server.display.color.ColorDisplayService took to complete: 0ms
05-02 19:39:18.386 534 534 I SystemServerTiming: ssm.onStartUser-0_com.android.server.job.JobSchedulerService
05-02 19:39:18.386 534 534 D SystemServerTiming: ssm.onStartUser-0_com.android.server.job.JobSchedulerService took to complete: 0ms
05-02 19:39:18.386 534 534 I SystemServerTiming: ssm.onStartUser-0_com.android.server.soundtrigger.SoundTriggerService
05-02 19:39:18.386 534 534 D SystemServerTiming: ssm.onStartUser-0_com.android.server.soundtrigger.SoundTriggerService took to complete: 0ms
05-02 19:39:18.386 534 534 I SystemServerTiming: ssm.onStartUser-0_com.android.server.trust.TrustManagerService
05-02 19:39:18.386 534 534 D SystemServerTiming: ssm.onStartUser-0_com.android.server.trust.TrustManagerService took to complete: 1ms
05-02 19:39:18.386 534 534 I SystemServerTiming: ssm.onStartUser-0_com.android.server.backup.BackupManagerService$Lifecycle
05-02 19:39:18.386 534 534 D SystemServerTiming: ssm.onStartUser-0_com.android.server.backup.BackupManagerService$Lifecycle took to complete: 0ms
05-02 19:39:18.386 534 534 I SystemServerTiming: ssm.onStartUser-0_com.android.server.appwidget.AppWidgetService
05-02 19:39:18.386 534 534 D SystemServerTiming: ssm.onStartUser-0_com.android.server.appwidget.AppWidgetService took to complete: 0ms
05-02 19:39:18.386 534 534 I SystemServerTiming: ssm.onStartUser-0_com.android.server.role.RoleManagerService
05-02 19:39:18.394 534 534 I RoleManagerService: Granting default roles...
05-02 19:39:18.501 534 961 I RoleUserState: Added new role: android.app.role.CALL_SCREENING
05-02 19:39:18.502 534 961 I RoleUserState: Added new role: android.app.role.SYSTEM_GALLERY
05-02 19:39:18.502 534 961 I RoleUserState: Added new role: android.app.role.SMS
05-02 19:39:18.502 534 961 I RoleUserState: Added new role: android.app.role.DIALER
05-02 19:39:18.502 534 961 I RoleUserState: Added new role: android.app.role.HOME
05-02 19:39:18.502 534 961 I RoleUserState: Added new role: android.app.role.ASSISTANT
05-02 19:39:18.502 534 961 I RoleUserState: Added new role: android.app.role.EMERGENCY
05-02 19:39:18.502 534 961 I RoleUserState: Added new role: android.app.role.CALL_REDIRECTION
05-02 19:39:18.502 534 961 I RoleUserState: Added new role: android.app.role.BROWSER
05-02 19:39:18.526 534 577 I netstats_mobile_sample: [0,0,0,0,0,0,0,0,0,0,0,0,1651520358525]
