05-02 19:36:58.341 534 565 I chatty : uid=1000(system) Binder:534_1 expire 1 line
05-02 19:36:58.342 534 580 I chatty : uid=1000(system) ActivityManager expire 1 line
05-02 19:36:58.343 534 534 I am_uid_active: 1000
05-02 19:36:58.369 0 0 I init : Control message: Processed ctl.start for 'idmap2d' from pid: 534 (system_server)
05-02 19:36:59.767 534 620 I chatty : uid=1000(system) Binder:534_3 expire 6 lines
05-02 19:36:59.776 534 575 I battery_status: [2,2,1,1,Li-ion]
05-02 19:36:59.776 534 575 I battery_level: [85,3600,350]
05-02 19:36:59.780 0 0 W healthd : battery l=85 v=3 t=35.0 h=2 st=2 c=400000 fc=4000000 cc=32 chg=a
05-02 19:36:59.786 534 584 I chatty : uid=1000(system) batterystats-wo expire 3 lines
05-02 19:37:01.014 534 570 I commit_sys_config_file: [overlays,1249]
05-02 19:37:01.034 534 534 I service_manager_stats: [304,138,5377]
05-02 19:37:01.038 534 577 I chatty : uid=1000(system) android.bg expire 1 line
05-02 19:37:01.045 534 626 I chatty : uid=1000(system) Binder:534_3 expire 7 lines
05-02 19:37:01.046 534 534 I chatty : uid=1000(system) Binder:534_3 expire 87 lines
05-02 19:37:01.047 534 576 I chatty : uid=1000(system) Binder:534_3 expire 9 lines
05-02 19:37:01.076 348 348 D ZygoteInitTiming_lazy: BeginPreload took to complete: 27ms
05-02 19:37:01.356 534 534 I commit_sys_config_file: [settings-1-0,19]
05-02 19:37:01.388 534 534 I commit_sys_config_file: [settings-2-0,21]
05-02 19:37:01.418 534 534 I commit_sys_config_file: [settings-0-0,19]
05-02 19:37:01.455 534 534 I commit_sys_config_file: [settings-0-0,31]
05-02 19:37:01.475 534 534 I commit_sys_config_file: [settings-2-0,20]
05-02 19:37:01.501 534 534 I commit_sys_config_file: [settings-1-0,25]
05-02 19:37:01.576 534 571 I chatty : uid=1000(system) android.display expire 1 line
05-02 19:37:01.592 534 570 I chatty : uid=1000(system) android.io expire 15 lines
05-02 19:37:01.625 534 534 I wm_task_created: [1,-1]
05-02 19:37:01.625 534 534 I wm_stack_created: 1
05-02 19:37:01.629 534 568 I chatty : uid=1000(system) android.fg expire 2 lines
05-02 19:37:01.644 534 615 I chatty : uid=1000(system) Binder:534_3 expire 6 lines
05-02 19:37:09.771 0 0 I init : Sending signal 9 to service 'idmap2d' (pid 463) process group...
05-02 19:37:09.779 534 566 I chatty : uid=1000(system) Binder:534_2 expire 1 line
05-02 19:37:09.784 0 0 I libprocessgroup: Successfully killed process cgroup uid 1000 pid 463 in 5ms
05-02 19:37:09.793 0 0 I init : Control message: Processed ctl.stop for 'idmap2d' from pid: 534 (system_server)
05-02 19:37:09.802 0 0 I init : Service 'idmap2d' (pid 463) received signal 9
05-02 19:37:45.385 0 0 W healthd : battery l=85 v=3 t=35.0 h=2 st=2 c=400000 fc=4000000 cc=32 chg=a
05-02 19:37:51.673 534 574 I chatty : uid=1000(system) watchdog expire 6 lines
05-02 19:38:01.811 0 0 E mmc2 : cqhci: timeout for tag 31
05-02 19:38:01.815 0 0 E mmc2 : cqhci: ============ CQHCI REGISTER DUMP ===========
05-02 19:38:01.821 0 0 E mmc2 : cqhci: Caps: 0x0000310a | Version: 0x00000510
05-02 19:38:01.828 0 0 E mmc2 : cqhci: Config: 0x00001001 | Control: 0x00000000
05-02 19:38:01.834 0 0 E mmc2 : cqhci: Int stat: 0x00000000 | Int enab: 0x00000006
05-02 19:38:01.841 0 0 E mmc2 : cqhci: Int sig: 0x00000006 | Int Coal: 0x00000000
05-02 19:38:01.847 0 0 E mmc2 : cqhci: TDL base: 0x46044000 | TDL up32: 0x00000000
05-02 19:38:01.854 0 0 E mmc2 : cqhci: Doorbell: 0x81d00000 | TCN: 0x00000000
05-02 19:38:01.860 0 0 E mmc2 : cqhci: Dev queue: 0x00000000 | Dev Pend: 0x00400000
05-02 19:38:01.867 0 0 E mmc2 : cqhci: Task clr: 0x00000000 | SSC1: 0x00011000
05-02 19:38:01.873 0 0 E mmc2 : cqhci: SSC2: 0x00000001 | DCMD rsp: 0x00000800
05-02 19:38:01.880 0 0 E mmc2 : cqhci: RED mask: 0xfdf9a080 | TERRI: 0x00000000
05-02 19:38:01.887 0 0 E mmc2 : cqhci: Resp idx: 0x0000000d | Resp arg: 0x00000000
05-02 19:38:01.894 0 0 E mmc2 : sdhci: ============ SDHCI REGISTER DUMP ===========
05-02 19:38:01.901 0 0 E mmc2 : sdhci: Sys addr: 0x47378000 | Version: 0x00000002
05-02 19:38:01.907 0 0 E mmc2 : sdhci: Blk size: 0x00000200 | Blk cnt: 0x00000008
05-02 19:38:01.914 0 0 E mmc2 : sdhci: Argument: 0x00018000 | Trn mode: 0x00000023
05-02 19:38:01.920 0 0 E mmc2 : sdhci: Present: 0x01f88008 | Host ctl: 0x00000030
05-02 19:38:01.927 0 0 E mmc2 : sdhci: Power: 0x00000002 | Blk gap: 0x00000080
05-02 19:38:01.933 0 0 E mmc2 : sdhci: Wake-up: 0x00000008 | Clock: 0x0000000f
05-02 19:38:01.940 0 0 E mmc2 : sdhci: Timeout: 0x0000008f | Int stat: 0x00000000
05-02 19:38:01.946 0 0 E mmc2 : sdhci: Int enab: 0x107f4000 | Sig enab: 0x107f4000
05-02 19:38:01.953 0 0 E mmc2 : sdhci: ACmd stat: 0x00000000 | Slot int: 0x00000502
05-02 19:38:01.959 0 0 E mmc2 : sdhci: Caps: 0x07eb0000 | Caps_1: 0x8000b407
05-02 19:38:01.965 0 0 E mmc2 : sdhci: Cmd: 0x00000d1a | Max curr: 0x00ffffff
05-02 19:38:01.973 0 0 E mmc2 : sdhci: Resp[0]: 0x00000000 | Resp[1]: 0xffc003ff
05-02 19:38:01.980 0 0 E mmc2 : sdhci: Resp[2]: 0x328f5903 | Resp[3]: 0x00d07f01
05-02 19:38:01.987 0 0 E mmc2 : sdhci: Host ctl2: 0x00000088
05-02 19:38:01.991 0 0 E mmc2 : sdhci: ADMA Err: 0x00000000 | ADMA Ptr: 0x8618d008
05-02 19:38:01.998 0 0 E mmc2 : sdhci-esdhc-imx: ========= ESDHC IMX DEBUG STATUS DUMP =========
05-02 19:38:02.005 0 0 E mmc2 : sdhci-esdhc-imx: cmd debug status: 0x2120
05-02 19:38:02.011 0 0 E mmc2 : sdhci-esdhc-imx: data debug status: 0x2200
05-02 19:38:02.017 0 0 E mmc2 : sdhci-esdhc-imx: trans debug status: 0x2300
05-02 19:38:02.023 0 0 E mmc2 : sdhci-esdhc-imx: dma debug status: 0x2400
05-02 19:38:02.028 0 0 E mmc2 : sdhci-esdhc-imx: adma debug status: 0x2510
05-02 19:38:02.034 0 0 E mmc2 : sdhci-esdhc-imx: fifo debug status: 0x2680
05-02 19:38:02.040 0 0 E mmc2 : sdhci-esdhc-imx: async fifo debug status: 0x2750
05-02 19:38:02.046 0 0 E mmc2 : sdhci: ============================================
05-02 19:38:02.054 0 0 W mmc2 : running CQE recovery
05-02 19:38:02.230 348 348 D TelephonyManager: No /proc/cmdline exception=java.io.FileNotFoundException: /proc/cmdline: open failed: EACCES (Permission denied)
05-02 19:38:02.230 348 348 D TelephonyManager: /proc/cmdline=
05-02 19:38:02.674 348 348 D ZygoteInitTiming_lazy: PreloadClasses took to complete: 61598ms
05-02 19:38:02.695 348 348 D ZygoteInitTiming_lazy: CacheNonBootClasspathClassLoaders took to complete: 20ms
05-02 19:38:02.762 348 348 D ZygoteInitTiming_lazy: PreloadResources took to complete: 66ms
05-02 19:38:03.141 534 534 I commit_sys_config_file: [net-watchlist,61464]
05-02 19:38:03.142 534 634 I chatty : uid=1000(system) NetworkWatchlis expire 2 lines
05-02 19:38:03.142 534 534 I chatty : uid=1000(system) Binder:534_3 expire 120 lines
05-02 19:38:03.146 534 628 I commit_sys_config_file: [settings-0-0,61405]
05-02 19:38:03.146 534 594 I commit_sys_config_file: [package-user-0,55452]
05-02 19:38:03.163 534 534 I configuration_changed: 536894968
05-02 19:38:03.165 534 534 I sysui_multi_action: [757,1659,758,4,759,2,1660,0]
05-02 19:38:03.175 534 534 I configuration_changed: 8
05-02 19:38:03.178 0 0 I init : processing action (sys.sysctl.extra_free_kbytes=*) from (/system/etc/init/hw/init.rc:990)
05-02 19:38:03.355 534 628 I commit_sys_config_file: [settings-2-0,210]
05-02 19:38:03.403 534 628 I commit_sys_config_file: [settings-1-0,48]
05-02 19:38:45.385 0 0 W healthd : battery l=85 v=3 t=35.0 h=2 st=2 c=400000 fc=4000000 cc=32 chg=a
05-02 19:39:03.507 0 0 E mmc2 : cqhci: timeout for tag 31
05-02 19:39:03.511 0 0 E mmc2 : cqhci: ============ CQHCI REGISTER DUMP ===========
05-02 19:39:03.517 0 0 E mmc2 : cqhci: Caps: 0x0000310a | Version: 0x00000510
05-02 19:39:03.524 0 0 E mmc2 : cqhci: Config: 0x00001001 | Control: 0x00000000
05-02 19:39:03.530 0 0 E mmc2 : cqhci: Int stat: 0x00000000 | Int enab: 0x00000006
05-02 19:39:03.537 0 0 E mmc2 : cqhci: Int sig: 0x00000006 | Int Coal: 0x00000000
05-02 19:39:03.543 0 0 E mmc2 : cqhci: TDL base: 0x46044000 | TDL up32: 0x00000000
05-02 19:39:03.550 0 0 E mmc2 : cqhci: Doorbell: 0x80020000 | TCN: 0x00000000
05-02 19:39:03.556 0 0 E mmc2 : cqhci: Dev queue: 0x00000000 | Dev Pend: 0x00080000
05-02 19:39:03.563 0 0 E mmc2 : cqhci: Task clr: 0x00000000 | SSC1: 0x00011000
05-02 19:39:03.569 0 0 E mmc2 : cqhci: SSC2: 0x00000001 | DCMD rsp: 0x00000800
05-02 19:39:03.576 0 0 E mmc2 : cqhci: RED mask: 0xfdf9a080 | TERRI: 0x00000000
05-02 19:39:03.582 0 0 E mmc2 : cqhci: Resp idx: 0x0000000d | Resp arg: 0x00000000
05-02 19:39:03.589 0 0 E mmc2 : sdhci: ============ SDHCI REGISTER DUMP ===========
05-02 19:39:03.595 0 0 E mmc2 : sdhci: Sys addr: 0x64525000 | Version: 0x00000002
05-02 19:39:03.601 0 0 E mmc2 : sdhci: Blk size: 0x00000200 | Blk cnt: 0x00000008
05-02 19:39:03.608 0 0 E mmc2 : sdhci: Argument: 0x00018000 | Trn mode: 0x00000023
05-02 19:39:03.614 0 0 E mmc2 : sdhci: Present: 0x01f88009 | Host ctl: 0x00000030
05-02 19:39:03.621 0 0 E mmc2 : sdhci: Power: 0x00000002 | Blk gap: 0x00000080
05-02 19:39:03.627 0 0 E mmc2 : sdhci: Wake-up: 0x00000008 | Clock: 0x0000000f
05-02 19:39:03.634 0 0 E mmc2 : sdhci: Timeout: 0x0000008f | Int stat: 0x00000000
05-02 19:39:03.640 0 0 E mmc2 : sdhci: Int enab: 0x107f4000 | Sig enab: 0x107f4000
05-02 19:39:03.647 0 0 E mmc2 : sdhci: ACmd stat: 0x00000000 | Slot int: 0x00000502
05-02 19:39:03.653 0 0 E mmc2 : sdhci: Caps: 0x07eb0000 | Caps_1: 0x8000b407
05-02 19:39:03.660 0 0 E mmc2 : sdhci: Cmd: 0x00000d1a | Max curr: 0x00ffffff
05-02 19:39:03.666 0 0 E mmc2 : sdhci: Resp[0]: 0x00000000 | Resp[1]: 0xffc003ff
05-02 19:39:03.673 0 0 E mmc2 : sdhci: Resp[2]: 0x328f5903 | Resp[3]: 0x00d07f01
05-02 19:39:03.679 0 0 E mmc2 : sdhci: Host ctl2: 0x00000088
05-02 19:39:03.684 0 0 E mmc2 : sdhci: ADMA Err: 0x00000000 | ADMA Ptr: 0x8618d408
05-02 19:39:03.690 0 0 E mmc2 : sdhci-esdhc-imx: ========= ESDHC IMX DEBUG STATUS DUMP =========
05-02 19:39:03.698 0 0 E mmc2 : sdhci-esdhc-imx: cmd debug status: 0x2120
05-02 19:39:03.703 0 0 E mmc2 : sdhci-esdhc-imx: data debug status: 0x2200
05-02 19:39:03.709 0 0 E mmc2 : sdhci-esdhc-imx: trans debug status: 0x2300
05-02 19:39:03.715 0 0 E mmc2 : sdhci-esdhc-imx: dma debug status: 0x2400
05-02 19:39:03.721 0 0 E mmc2 : sdhci-esdhc-imx: adma debug status: 0x2510
05-02 19:39:03.727 0 0 E mmc2 : sdhci-esdhc-imx: fifo debug status: 0x2680
05-02 19:39:03.732 0 0 E mmc2 : sdhci-esdhc-imx: async fifo debug status: 0x2750
05-02 19:39:03.739 0 0 E mmc2 : sdhci: ============================================
05-02 19:39:03.745 0 0 W mmc2 : running CQE recovery
05-02 19:39:04.245 534 570 I dvm_lock_sample: [system_server,0,android.io,61103,Watchdog.java,250,void com.android.server.Watchdog$HandlerChecker.run(),-,619,void com.android.server.Watchdog.run(),100]
05-02 19:39:04.246 534 594 I dvm_lock_sample: [system_server,0,PackageManager,61099,Watchdog.java,250,void com.android.server.Watchdog$HandlerChecker.run(),-,619,void com.android.server.Watchdog.run(),100]
05-02 19:39:04.246 534 534 I dvm_lock_sample: [system_server,0,main,61049,Watchdog.java,412,void com.android.server.Watchdog.addMonitor(com.android.server.Watchdog$Monitor),-,619,void com.android.server.Watchdog.run(),100]
05-02 19:39:04.249 534 578 I am_wtf : [0,534,system_server,-1,StorageManagerService,Attempt to invoke interface method 'void android.os.IVold.monitor()' on a null object reference]
05-02 19:39:04.249 534 646 I chatty : uid=1000(system) StorageManagerS expire 6 lines
05-02 19:39:04.250 534 578 I chatty : uid=1000(system) ActivityManager expire 1 line
05-02 19:39:04.263 534 620 I chatty : uid=1000(system) Binder:534_3 expire 4 lines
05-02 19:39:04.279 534 628 I commit_sys_config_file: [settings-0-0,60876]
05-02 19:39:04.592 534 594 I commit_sys_config_file: [package-user-0,47]
05-02 19:39:04.593 534 594 I commit_sys_config_file: [package,346]
05-02 19:39:04.626 534 570 I am_uid_running: 10123
05-02 19:39:11.811 0 0 I binder : release 688:736 transaction 26928 in, still active
05-02 19:39:11.819 0 0 I binder : send failed reply for transaction 26928 to 473:502
05-02 19:39:12.352 0 0 I init : Untracked pid 703 exited with status 0
05-02 19:39:12.765 0 0 I init : Untracked pid 688 received signal 1
05-02 19:39:13.112 534 534 I sysui_multi_action: [757,804,799,opt_dialog_num_dexopted,801,8,802,1]
05-02 19:39:13.112 534 534 I sysui_multi_action: [757,804,799,opt_dialog_num_skipped,801,154,802,1]
05-02 19:39:13.112 534 534 I sysui_multi_action: [757,804,799,opt_dialog_num_failed,801,0,802,1]
05-02 19:39:13.113 534 534 I sysui_multi_action: [757,804,799,opt_dialog_num_total,801,97,802,1]
05-02 19:39:13.113 534 534 I sysui_multi_action: [757,804,799,opt_dialog_time_s,801,8,802,1]
05-02 19:39:14.214 534 534 I chatty : uid=1000(system) Binder:534_3 expire 235 lines
05-02 19:39:14.284 534 534 I sysui_multi_action: [757,856,758,1,806,android,857,VIRTUAL_KEYBOARD,858,2]
05-02 19:39:14.286 534 534 I sysui_multi_action: [757,856,758,1,806,android,857,PHYSICAL_KEYBOARD,858,3]
05-02 19:39:14.286 534 534 I sysui_multi_action: [757,856,758,1,806,android,857,SECURITY,858,2]
05-02 19:39:14.287 534 534 I sysui_multi_action: [757,856,758,1,806,android,857,CAR_MODE,858,2]
05-02 19:39:14.288 534 534 I sysui_multi_action: [757,856,758,1,806,android,857,ACCOUNT,858,2]
05-02 19:39:14.288 534 534 I sysui_multi_action: [757,856,758,1,806,android,857,DEVELOPER,858,2]
05-02 19:39:14.289 534 534 I sysui_multi_action: [757,856,758,1,806,android,857,DEVELOPER_IMPORTANT,858,4]
05-02 19:39:14.290 534 534 I sysui_multi_action: [757,856,758,1,806,android,857,UPDATES,858,2]
05-02 19:39:14.290 534 534 I sysui_multi_action: [757,856,758,1,806,android,857,NETWORK_STATUS,858,2]
05-02 19:39:14.291 534 534 I sysui_multi_action: [757,856,758,1,806,android,857,NETWORK_ALERTS,858,4]
05-02 19:39:14.291 534 534 I sysui_multi_action: [757,856,758,1,806,android,857,NETWORK_AVAILABLE,858,2]
05-02 19:39:14.292 534 534 I sysui_multi_action: [757,856,758,1,806,android,857,VPN,858,2]
05-02 19:39:14.292 534 534 I sysui_multi_action: [757,856,758,1,806,android,857,DEVICE_ADMIN_ALERTS,858,4]
05-02 19:39:14.293 534 534 I sysui_multi_action: [757,856,758,1,806,android,857,ALERTS,858,3]
05-02 19:39:14.294 534 534 I sysui_multi_action: [757,856,758,1,806,android,857,RETAIL_MODE,858,2]
05-02 19:39:14.294 534 534 I sysui_multi_action: [757,856,758,1,806,android,857,USB,858,1]
05-02 19:39:14.295 534 534 I sysui_multi_action: [757,856,758,1,806,android,857,FOREGROUND_SERVICE,858,2]
05-02 19:39:14.295 534 534 I sysui_multi_action: [757,856,758,1,806,android,857,HEAVY_WEIGHT_APP,858,3]
05-02 19:39:14.296 534 534 I sysui_multi_action: [757,856,758,1,806,android,857,SYSTEM_CHANGES,858,2]
05-02 19:39:14.296 534 534 I sysui_multi_action: [757,856,758,1,806,android,857,DO_NOT_DISTURB,858,2]
05-02 19:39:14.300 534 829 I storage_state: [41217664-9172-527a-b3d5-edabb50a7d69,0,0,2663952384,2746384384]
05-02 19:39:14.306 534 570 I commit_sys_config_file: [notification-policy,28]
05-02 19:39:14.328 534 570 I commit_sys_config_file: [notification-policy,22]
05-02 19:39:14.398 534 534 I stream_devices_changed: [0,0,2]
05-02 19:39:14.398 534 534 I stream_devices_changed: [2,0,2]
05-02 19:39:14.398 534 534 I stream_devices_changed: [3,0,2]
05-02 19:39:14.399 534 534 I stream_devices_changed: [4,0,2]
05-02 19:39:14.399 534 534 I stream_devices_changed: [6,0,2]
05-02 19:39:14.455 534 615 I chatty : uid=1000(system) Binder:534_3 expire 6 lines
05-02 19:39:14.461 0 0 I : read descriptors
05-02 19:39:14.464 0 0 I : read strings
05-02 19:39:14.467 0 0 I : read descriptors
05-02 19:39:14.470 0 0 I : read strings
05-02 19:39:14.475 534 823 I chatty : uid=1000(system) ConnectivitySer expire 1 line
05-02 19:39:14.487 534 640 I chatty : uid=1000(system) HwBinder:534_3 expire 2 lines
05-02 19:39:14.490 534 568 I chatty : uid=1000(system) android.fg expire 3 lines
05-02 19:39:14.530 534 626 I chatty : uid=1000(system) Binder:534_3 expire 7 lines
05-02 19:39:14.561 534 628 I commit_sys_config_file: [settings-0-0,44]
05-02 19:39:14.599 534 628 I commit_sys_config_file: [settings-2-0,38]
05-02 19:39:14.626 534 628 I commit_sys_config_file: [settings-1-0,27]
05-02 19:39:14.661 534 569 I chatty : uid=1000(system) android.ui expire 1 line
05-02 19:39:14.989 534 534 I chatty : uid=1000(system) Binder:534_3 expire 251 lines
05-02 19:39:15.032 534 620 I chatty : uid=1000(system) Binder:534_3 expire 4 lines
05-02 19:39:15.133 534 534 I chatty : uid=1000(system) Binder:534_3 expire 242 lines
05-02 19:39:15.137 534 534 I service_manager_stats: [100,52,134102]
05-02 19:39:15.138 534 534 I configuration_changed: 512
05-02 19:39:15.150 534 628 I commit_sys_config_file: [settings-2-0,21]
05-02 19:39:15.206 534 823 I chatty : uid=1000(system) ConnectivitySer expire 2 lines
05-02 19:39:15.272 534 577 I chatty : uid=1000(system) android.bg expire 4 lines
05-02 19:39:15.284 534 584 I chatty : uid=1000(system) batterystats-wo expire 3 lines
05-02 19:39:15.286 534 590 I chatty : uid=1000(system) PowerManagerSer expire 2 lines
05-02 19:39:15.392 534 534 I commit_sys_config_file: [package-session,31]
05-02 19:39:15.459 534 628 I commit_sys_config_file: [settings-0-0,30]
05-02 19:39:15.474 534 534 I sysui_multi_action: [757,1243,758,4,806,com.android.server.telecom,1241,android.permission.READ_CALL_LOG]
05-02 19:39:15.475 534 534 I sysui_multi_action: [757,1243,758,4,806,com.android.settings,1241,android.permission.ACCESS_FINE_LOCATION]
05-02 19:39:15.477 534 534 I sysui_multi_action: [757,1243,758,4,806,com.android.server.telecom,1241,android.permission.READ_EXTERNAL_STORAGE]
05-02 19:39:15.480 534 534 I sysui_multi_action: [757,1243,758,4,806,com.android.settings,1241,android.permission.ACCESS_COARSE_LOCATION]
05-02 19:39:15.481 534 534 I sysui_multi_action: [757,1243,758,4,806,com.android.settings,1241,android.permission.READ_PHONE_STATE]
05-02 19:39:15.481 534 534 I sysui_multi_action: [757,1243,758,4,806,com.android.server.telecom,1241,android.permission.SEND_SMS]
05-02 19:39:15.482 534 534 I sysui_multi_action: [757,1243,758,4,806,com.android.settings,1241,android.permission.CALL_PHONE]
05-02 19:39:15.482 534 534 I sysui_multi_action: [757,1243,758,4,806,com.android.settings,1241,android.permission.WRITE_CONTACTS]
05-02 19:39:15.483 534 534 I sysui_multi_action: [757,1243,758,4,806,com.android.settings,1241,android.permission.CAMERA]
05-02 19:39:15.484 534 534 I sysui_multi_action: [757,1243,758,4,806,com.android.server.telecom,1241,android.permission.WRITE_CALL_LOG]
05-02 19:39:15.484 534 534 I sysui_multi_action: [757,1243,758,4,806,android,1241,android.permission.GET_ACCOUNTS]
05-02 19:39:15.485 534 534 I sysui_multi_action: [757,1243,758,4,806,com.android.settings,1241,android.permission.WRITE_EXTERNAL_STORAGE]
05-02 19:39:15.486 534 534 I sysui_multi_action: [757,1243,758,4,806,com.android.settings,1241,android.permission.READ_CONTACTS]
05-02 19:39:15.487 534 534 I sysui_multi_action: [757,1243,758,4,806,com.android.location.fused,1241,android.permission.ACCESS_BACKGROUND_LOCATION]
05-02 19:39:15.488 534 534 I sysui_multi_action: [757,1243,758,4,806,com.android.mms.service,1241,android.permission.READ_SMS]
05-02 19:39:15.488 534 534 I sysui_multi_action: [757,1243,758,4,806,com.android.phone,1241,android.permission.READ_CALL_LOG]
05-02 19:39:15.489 534 534 I sysui_multi_action: [757,1243,758,4,806,com.android.phone,1241,android.permission.ACCESS_FINE_LOCATION]
05-02 19:39:15.489 534 534 I sysui_multi_action: [757,1243,758,4,806,com.android.providers.telephony,1241,android.permission.RECEIVE_SMS]
05-02 19:39:15.491 534 534 I sysui_multi_action: [757,1243,758,4,806,com.android.providers.telephony,1241,android.permission.READ_EXTERNAL_STORAGE]
05-02 19:39:15.492 534 534 I sysui_multi_action: [757,1243,758,4,806,com.android.phone,1241,android.permission.ACCESS_COARSE_LOCATION]
05-02 19:39:15.493 534 534 I sysui_multi_action: [757,1243,758,4,806,com.android.phone,1241,android.permission.READ_PHONE_STATE]
05-02 19:39:15.493 534 534 I sysui_multi_action: [757,1243,758,4,806,com.android.phone,1241,android.permission.SEND_SMS]
05-02 19:39:15.494 534 534 I sysui_multi_action: [757,1243,758,4,806,com.android.phone,1241,android.permission.CALL_PHONE]
05-02 19:39:15.495 534 534 I sysui_multi_action: [757,1243,758,4,806,com.android.phone,1241,android.permission.WRITE_CONTACTS]
05-02 19:39:15.497 534 534 I sysui_multi_action: [757,1243,758,4,806,com.android.phone,1241,android.permission.WRITE_CALL_LOG]
05-02 19:39:15.498 534 534 I sysui_multi_action: [757,1243,758,4,806,com.android.phone,1241,android.permission.USE_SIP]
05-02 19:39:15.499 534 534 I sysui_multi_action: [757,1243,758,4,806,com.android.phone,1241,android.permission.PROCESS_OUTGOING_CALLS]
05-02 19:39:15.500 534 534 I sysui_multi_action: [757,1243,758,4,806,com.android.phone,1241,android.permission.GET_ACCOUNTS]
05-02 19:39:15.501 534 534 I sysui_multi_action: [757,1243,758,4,806,com.android.providers.telephony,1241,android.permission.WRITE_EXTERNAL_STORAGE]
05-02 19:39:15.506 534 534 I sysui_multi_action: [757,1243,758,4,806,com.android.phone,1241,android.permission.RECORD_AUDIO]
05-02 19:39:15.509 534 534 I sysui_multi_action: [757,1243,758,4,806,com.android.phone,1241,android.permission.READ_CONTACTS]
05-02 19:39:15.511 534 534 I sysui_multi_action: [757,1243,758,4,806,com.android.phone,1241,com.android.voicemail.permission.ADD_VOICEMAIL]
05-02 19:39:15.513 534 534 I sysui_multi_action: [757,1243,758,4,806,com.android.bluetooth,1241,android.permission.READ_SMS]
05-02 19:39:15.515 534 534 I sysui_multi_action: [757,1243,758,4,806,com.android.bluetooth,1241,android.permission.READ_CALL_LOG]
05-02 19:39:15.516 534 534 I sysui_multi_action: [757,1243,758,4,806,com.android.bluetooth,1241,android.permission.RECEIVE_SMS]
05-02 19:39:15.518 534 534 I sysui_multi_action: [757,1243,758,4,806,com.android.bluetooth,1241,android.permission.READ_EXTERNAL_STORAGE]
05-02 19:39:15.520 534 534 I sysui_multi_action: [757,1243,758,4,806,com.android.bluetooth,1241,android.permission.ACCESS_COARSE_LOCATION]
05-02 19:39:15.521 534 534 I sysui_multi_action: [757,1243,758,4,806,com.android.bluetooth,1241,android.permission.SEND_SMS]
05-02 19:39:15.522 534 534 I sysui_multi_action: [757,1243,758,4,806,com.android.bluetooth,1241,android.permission.WRITE_CONTACTS]
05-02 19:39:15.523 534 534 I sysui_multi_action: [757,1243,758,4,806,com.android.bluetooth,1241,android.permission.WRITE_CALL_LOG]
05-02 19:39:15.524 534 534 I sysui_multi_action: [757,1243,758,4,806,com.android.bluetooth,1241,android.permission.GET_ACCOUNTS]
05-02 19:39:15.525 534 534 I sysui_multi_action: [757,1243,758,4,806,com.android.bluetooth,1241,android.permission.WRITE_EXTERNAL_STORAGE]
05-02 19:39:15.527 534 534 I sysui_multi_action: [757,1243,758,4,806,com.android.bluetooth,1241,android.permission.READ_CONTACTS]
05-02 19:39:15.528 534 534 I sysui_multi_action: [757,1243,758,4,806,com.android.nfc,1241,android.permission.READ_EXTERNAL_STORAGE]
05-02 19:39:15.530 534 534 I sysui_multi_action: [757,1243,758,4,806,com.android.nfc,1241,android.permission.WRITE_EXTERNAL_STORAGE]
05-02 19:39:15.531 534 534 I sysui_multi_action: [757,1243,758,4,806,com.android.nfc,1241,android.permission.READ_CONTACTS]
05-02 19:39:15.532 534 534 I sysui_multi_action: [757,1243,758,4,806,com.android.networkstack,1241,android.permission.ACCESS_FINE_LOCATION]
05-02 19:39:15.533 534 534 I sysui_multi_action: [757,1243,758,4,806,com.android.cellbroadcastservice,1241,android.permission.RECEIVE_SMS]
05-02 19:39:15.533 534 534 I sysui_multi_action: [757,1243,758,4,806,com.android.networkstack,1241,android.permission.ACCESS_COARSE_LOCATION]
05-02 19:39:15.534 534 534 I sysui_multi_action: [757,1243,758,4,806,com.android.networkstack,1241,android.permission.READ_PHONE_STATE]
05-02 19:39:15.535 534 534 I sysui_multi_action: [757,1243,758,4,806,com.android.cellbroadcastservice,1241,android.permission.READ_CELL_BROADCASTS]
05-02 19:39:15.536 534 534 I sysui_multi_action: [757,1243,758,4,806,com.android.shell,1241,android.permission.READ_SMS]
05-02 19:39:15.537 534 534 I sysui_multi_action: [757,1243,758,4,806,com.android.shell,1241,android.permission.READ_CALENDAR]
05-02 19:39:15.538 534 534 I sysui_multi_action: [757,1243,758,4,806,com.android.shell,1241,android.permission.ACCESS_FINE_LOCATION]
05-02 19:39:15.539 534 534 I sysui_multi_action: [757,1243,758,4,806,com.android.shell,1241,android.permission.READ_EXTERNAL_STORAGE]
05-02 19:39:15.541 534 534 I sysui_multi_action: [757,1243,758,4,806,com.android.shell,1241,android.permission.ACCESS_COARSE_LOCATION]
05-02 19:39:15.542 534 534 I sysui_multi_action: [757,1243,758,4,806,com.android.shell,1241,android.permission.READ_PHONE_STATE]
05-02 19:39:15.543 534 534 I sysui_multi_action: [757,1243,758,4,806,com.android.shell,1241,android.permission.SEND_SMS]
05-02 19:39:15.544 534 534 I sysui_multi_action: [757,1243,758,4,806,com.android.shell,1241,android.permission.CALL_PHONE]
05-02 19:39:15.545 534 534 I sysui_multi_action: [757,1243,758,4,806,com.android.shell,1241,android.permission.WRITE_CONTACTS]
05-02 19:39:15.546 534 534 I sysui_multi_action: [757,1243,758,4,806,com.android.shell,1241,android.permission.CAMERA]
05-02 19:39:15.546 534 534 I sysui_multi_action: [757,1243,758,4,806,com.android.shell,1241,android.permission.WRITE_CALENDAR]
05-02 19:39:15.547 534 534 I sysui_multi_action: [757,1243,758,4,806,com.android.shell,1241,android.permission.GET_ACCOUNTS]
05-02 19:39:15.548 534 534 I sysui_multi_action: [757,1243,758,4,806,com.android.shell,1241,android.permission.WRITE_EXTERNAL_STORAGE]
05-02 19:39:15.550 534 534 I sysui_multi_action: [757,1243,758,4,806,com.android.shell,1241,android.permission.RECORD_AUDIO]
05-02 19:39:15.551 534 534 I sysui_multi_action: [757,1243,758,4,806,com.android.shell,1241,android.permission.READ_CONTACTS]
05-02 19:39:15.552 534 534 I sysui_multi_action: [757,1243,758,4,806,com.android.shell,1241,android.permission.ACCESS_BACKGROUND_LOCATION]
05-02 19:39:15.553 534 534 I sysui_multi_action: [757,1243,758,4,806,com.android.sharedstoragebackup,1241,android.permission.READ_EXTERNAL_STORAGE]
05-02 19:39:15.554 534 534 I sysui_multi_action: [757,1243,758,4,806,com.android.sharedstoragebackup,1241,android.permission.WRITE_EXTERNAL_STORAGE]
05-02 19:39:15.556 534 534 I sysui_multi_action: [757,1243,758,4,806,com.android.apps.tag,1241,android.permission.CALL_PHONE]
05-02 19:39:15.556 534 534 I sysui_multi_action: [757,1243,758,4,806,com.android.apps.tag,1241,android.permission.READ_CONTACTS]
05-02 19:39:15.557 534 534 I sysui_multi_action: [757,1243,758,4,806,com.android.providers.downloads,1241,android.permission.READ_EXTERNAL_STORAGE]
05-02 19:39:15.559 534 534 I sysui_multi_action: [757,1243,758,4,806,com.android.providers.downloads,1241,android.permission.WRITE_EXTERNAL_STORAGE]
05-02 19:39:15.559 534 534 I sysui_multi_action: [757,1243,758,4,806,com.android.providers.contacts,1241,android.permission.READ_PHONE_STATE]
05-02 19:39:15.560 534 534 I sysui_multi_action: [757,1243,758,4,806,com.android.providers.contacts,1241,android.permission.WRITE_CONTACTS]
05-02 19:39:15.562 534 534 I sysui_multi_action: [757,1243,758,4,806,com.android.providers.contacts,1241,android.permission.GET_ACCOUNTS]
05-02 19:39:15.563 534 534 I sysui_multi_action: [757,1243,758,4,806,com.android.providers.contacts,1241,android.permission.READ_CONTACTS]
05-02 19:39:15.564 534 534 I sysui_multi_action: [757,1243,758,4,806,com.android.providers.calendar,1241,android.permission.READ_CALENDAR]
05-02 19:39:15.565 534 534 I sysui_multi_action: [757,1243,758,4,806,com.android.providers.calendar,1241,android.permission.READ_EXTERNAL_STORAGE]
05-02 19:39:15.566 534 534 I sysui_multi_action: [757,1243,758,4,806,com.android.providers.calendar,1241,android.permission.WRITE_CALENDAR]
05-02 19:39:15.566 534 534 I sysui_multi_action: [757,1243,758,4,806,com.android.providers.calendar,1241,android.permission.GET_ACCOUNTS]
05-02 19:39:15.567 534 534 I sysui_multi_action: [757,1243,758,4,806,com.android.providers.calendar,1241,android.permission.WRITE_EXTERNAL_STORAGE]
05-02 19:39:15.568 534 534 I sysui_multi_action: [757,1243,758,4,806,com.android.externalstorage,1241,android.permission.READ_EXTERNAL_STORAGE]
05-02 19:39:15.569 534 534 I sysui_multi_action: [757,1243,758,4,806,com.android.externalstorage,1241,android.permission.WRITE_EXTERNAL_STORAGE]
05-02 19:39:15.570 534 534 I sysui_multi_action: [757,1243,758,4,806,com.android.printspooler,1241,android.permission.ACCESS_FINE_LOCATION]
05-02 19:39:15.571 534 534 I sysui_multi_action: [757,1243,758,4,806,com.android.printspooler,1241,android.permission.ACCESS_COARSE_LOCATION]
05-02 19:39:15.571 534 534 I sysui_multi_action: [757,1243,758,4,806,com.android.companiondevicemanager,1241,android.permission.ACCESS_FINE_LOCATION]
05-02 19:39:15.572 534 534 I sysui_multi_action: [757,1243,758,4,806,com.android.companiondevicemanager,1241,android.permission.ACCESS_COARSE_LOCATION]
05-02 19:39:15.572 534 534 I sysui_multi_action: [757,1243,758,4,806,com.android.companiondevicemanager,1241,android.permission.ACCESS_BACKGROUND_LOCATION]
05-02 19:39:15.573 534 534 I sysui_multi_action: [757,1243,758,4,806,com.android.soundrecorder,1241,android.permission.RECORD_AUDIO]
05-02 19:39:15.573 534 534 I sysui_multi_action: [757,1243,758,4,806,com.android.contacts,1241,android.permission.READ_PHONE_STATE]
05-02 19:39:15.574 534 534 I sysui_multi_action: [757,1243,758,4,806,com.android.contacts,1241,android.permission.CALL_PHONE]
05-02 19:39:15.574 534 534 I sysui_multi_action: [757,1243,758,4,806,com.android.contacts,1241,android.permission.WRITE_CONTACTS]
05-02 19:39:15.575 534 534 I sysui_multi_action: [757,1243,758,4,806,com.android.contacts,1241,android.permission.GET_ACCOUNTS]
05-02 19:39:15.575 534 534 I sysui_multi_action: [757,1243,758,4,806,com.android.contacts,1241,android.permission.READ_CONTACTS]
05-02 19:39:15.576 534 534 I sysui_multi_action: [757,1243,758,4,806,com.android.dialer,1241,android.permission.READ_CALL_LOG]
05-02 19:39:15.576 534 534 I sysui_multi_action: [757,1243,758,4,806,com.android.dialer,1241,android.permission.READ_PHONE_STATE]
05-02 19:39:15.577 534 534 I sysui_multi_action: [757,1243,758,4,806,com.android.dialer,1241,android.permission.SEND_SMS]
05-02 19:39:15.578 534 534 I sysui_multi_action: [757,1243,758,4,806,com.android.dialer,1241,android.permission.CALL_PHONE]
05-02 19:39:15.578 534 534 I sysui_multi_action: [757,1243,758,4,806,com.android.dialer,1241,android.permission.WRITE_CONTACTS]
05-02 19:39:15.580 534 534 I sysui_multi_action: [757,1243,758,4,806,com.android.dialer,1241,android.permission.CAMERA]
05-02 19:39:15.582 534 534 I sysui_multi_action: [757,1243,758,4,806,com.android.dialer,1241,android.permission.WRITE_CALL_LOG]
05-02 19:39:15.582 534 534 I sysui_multi_action: [757,1243,758,4,806,com.android.dialer,1241,android.permission.PROCESS_OUTGOING_CALLS]
05-02 19:39:15.583 534 534 I sysui_multi_action: [757,1243,758,4,806,com.android.dialer,1241,android.permission.GET_ACCOUNTS]
05-02 19:39:15.584 534 534 I sysui_multi_action: [757,1243,758,4,806,com.android.dialer,1241,android.permission.READ_CONTACTS]
05-02 19:39:15.585 534 534 I sysui_multi_action: [757,1243,758,4,806,com.android.dialer,1241,com.android.voicemail.permission.ADD_VOICEMAIL]
05-02 19:39:15.586 534 534 I sysui_multi_action: [757,1243,758,4,806,com.android.messaging,1241,android.permission.READ_SMS]
05-02 19:39:15.590 534 534 I sysui_multi_action: [757,1243,758,4,806,com.android.messaging,1241,android.permission.RECEIVE_MMS]
05-02 19:39:15.593 534 534 I sysui_multi_action: [757,1243,758,4,806,com.android.messaging,1241,android.permission.RECEIVE_SMS]
05-02 19:39:15.596 534 534 I sysui_multi_action: [757,1243,758,4,806,com.android.messaging,1241,android.permission.READ_EXTERNAL_STORAGE]
05-02 19:39:15.600 534 534 I sysui_multi_action: [757,1243,758,4,806,com.android.messaging,1241,android.permission.READ_PHONE_STATE]
05-02 19:39:15.601 534 534 I sysui_multi_action: [757,1243,758,4,806,com.android.messaging,1241,android.permission.SEND_SMS]
05-02 19:39:15.602 534 534 I sysui_multi_action: [757,1243,758,4,806,com.android.messaging,1241,android.permission.CALL_PHONE]
05-02 19:39:15.602 534 534 I sysui_multi_action: [757,1243,758,4,806,com.android.messaging,1241,android.permission.WRITE_CONTACTS]
05-02 19:39:15.603 534 534 I sysui_multi_action: [757,1243,758,4,806,com.android.messaging,1241,android.permission.CAMERA]
05-02 19:39:15.604 534 534 I sysui_multi_action: [757,1243,758,4,806,com.android.messaging,1241,android.permission.WRITE_EXTERNAL_STORAGE]
05-02 19:39:15.606 534 534 I sysui_multi_action: [757,1243,758,4,806,com.android.messaging,1241,android.permission.RECORD_AUDIO]
05-02 19:39:15.607 534 534 I sysui_multi_action: [757,1243,758,4,806,com.android.messaging,1241,android.permission.READ_CONTACTS]
05-02 19:39:15.608 534 534 I sysui_multi_action: [757,1243,758,4,806,com.android.messaging,1241,android.permission.ACCESS_MEDIA_LOCATION]
05-02 19:39:15.609 534 534 I sysui_multi_action: [757,1243,758,4,806,com.android.calendar,1241,android.permission.READ_CALENDAR]
05-02 19:39:15.610 534 534 I sysui_multi_action: [757,1243,758,4,806,com.android.calendar,1241,android.permission.WRITE_CALENDAR]
05-02 19:39:15.613 534 534 I sysui_multi_action: [757,1243,758,4,806,com.android.calendar,1241,android.permission.GET_ACCOUNTS]
05-02 19:39:15.614 534 534 I sysui_multi_action: [757,1243,758,4,806,com.android.calendar,1241,android.permission.READ_CONTACTS]
05-02 19:39:15.615 534 534 I sysui_multi_action: [757,1243,758,4,806,com.android.music,1241,android.permission.READ_EXTERNAL_STORAGE]
05-02 19:39:15.616 534 534 I sysui_multi_action: [757,1243,758,4,806,com.android.camera2,1241,android.permission.READ_EXTERNAL_STORAGE]
05-02 19:39:15.618 534 534 I sysui_multi_action: [757,1243,758,4,806,com.android.camera2,1241,android.permission.CAMERA]
05-02 19:39:15.619 534 534 I sysui_multi_action: [757,1243,758,4,806,com.android.camera2,1241,android.permission.WRITE_EXTERNAL_STORAGE]
05-02 19:39:15.620 534 534 I sysui_multi_action: [757,1243,758,4,806,com.android.camera2,1241,android.permission.RECORD_AUDIO]
05-02 19:39:15.621 534 534 I sysui_multi_action: [757,1243,758,4,806,com.android.camera2,1241,android.permission.ACCESS_MEDIA_LOCATION]
05-02 19:39:15.622 534 534 I sysui_multi_action: [757,1243,758,4,806,com.android.storagemanager,1241,android.permission.READ_EXTERNAL_STORAGE]
05-02 19:39:15.623 534 534 I sysui_multi_action: [757,1243,758,4,806,com.android.storagemanager,1241,android.permission.WRITE_EXTERNAL_STORAGE]
05-02 19:39:15.625 534 534 I sysui_multi_action: [757,1243,758,4,806,com.android.emergency,1241,android.permission.READ_CALL_LOG]
05-02 19:39:15.625 534 534 I sysui_multi_action: [757,1243,758,4,806,com.android.emergency,1241,android.permission.CALL_PHONE]
05-02 19:39:15.626 534 534 I sysui_multi_action: [757,1243,758,4,806,com.android.emergency,1241,android.permission.READ_CONTACTS]
05-02 19:39:15.626 534 534 I sysui_multi_action: [757,1243,758,4,806,com.android.systemui,1241,android.permission.READ_CALL_LOG]
05-02 19:39:15.627 534 534 I sysui_multi_action: [757,1243,758,4,806,com.android.systemui,1241,android.permission.READ_EXTERNAL_STORAGE]
05-02 19:39:15.628 534 534 I sysui_multi_action: [757,1243,758,4,806,com.android.systemui,1241,android.permission.ACCESS_COARSE_LOCATION]
05-02 19:39:15.629 534 534 I sysui_multi_action: [757,1243,758,4,806,com.android.systemui,1241,android.permission.CAMERA]
05-02 19:39:15.630 534 534 I sysui_multi_action: [757,1243,758,4,806,com.android.systemui,1241,android.permission.GET_ACCOUNTS]
05-02 19:39:15.630 534 534 I sysui_multi_action: [757,1243,758,4,806,com.android.systemui,1241,android.permission.RECORD_AUDIO]
05-02 19:39:15.631 534 534 I sysui_multi_action: [757,1243,758,4,806,com.android.systemui,1241,android.permission.READ_CONTACTS]
05-02 19:39:15.631 534 534 I sysui_multi_action: [757,1243,758,4,806,android.ext.services,1241,android.permission.ACCESS_COARSE_LOCATION]
05-02 19:39:15.632 534 534 I sysui_multi_action: [757,1243,758,4,806,com.android.providers.media.module,1241,android.permission.READ_EXTERNAL_STORAGE]
05-02 19:39:15.634 534 534 I sysui_multi_action: [757,1243,758,4,806,com.android.providers.media.module,1241,android.permission.WRITE_EXTERNAL_STORAGE]
05-02 19:39:15.635 534 534 I sysui_multi_action: [757,1243,758,4,806,com.android.cellbroadcastreceiver.module,1241,android.permission.READ_SMS]
05-02 19:39:15.635 534 534 I sysui_multi_action: [757,1243,758,4,806,com.android.cellbroadcastreceiver.module,1241,android.permission.RECEIVE_SMS]
05-02 19:39:15.636 534 534 I sysui_multi_action: [757,1243,758,4,806,com.android.cellbroadcastreceiver.module,1241,android.permission.READ_CELL_BROADCASTS]
05-02 19:39:15.702 534 571 I chatty : uid=1000(system) android.display expire 2 lines
05-02 19:39:15.705 534 534 I chatty : uid=1000(system) Binder:534_3 expire 251 lines
05-02 19:39:15.715 534 576 I chatty : uid=1000(system) Binder:534_3 expire 4 lines
05-02 19:39:15.717 534 534 I boot_progress_ams_ready: 181653
05-02 19:39:15.790 534 534 I thermal_changed: [battery,2,35.000000,0,0]
05-02 19:39:15.790 534 534 I thermal_changed: [cpu-thermal,0,52.000004,0,0]
05-02 19:39:15.795 534 534 W ActivityManager: Too early to start/bind service in system_server: Phase=550 ComponentInfo{com.android.server.telecom/com.android.server.telecom.components.TelecomService}
05-02 19:39:15.796 534 534 W ActivityManager: Too early to start/bind service in system_server: Phase=550 ComponentInfo{com.android.server.telecom/com.android.server.telecom.components.TelecomService}
05-02 19:39:15.796 534 534 D SystemServerTiming: OnBootPhase_550_com.android.server.telecom.TelecomLoaderService took to complete: 3ms
05-02 19:39:15.796 534 534 I SystemServerTiming: OnBootPhase_550_com.android.server.accounts.AccountManagerService$Lifecycle
05-02 19:39:15.796 534 534 D SystemServerTiming: OnBootPhase_550_com.android.server.accounts.AccountManagerService$Lifecycle took to complete: 0ms
05-02 19:39:15.796 534 534 I SystemServerTiming: OnBootPhase_550_com.android.server.content.ContentService$Lifecycle
05-02 19:39:15.796 534 534 D SystemServerTiming: OnBootPhase_550_com.android.server.content.ContentService$Lifecycle took to complete: 0ms
05-02 19:39:15.796 534 534 I SystemServerTiming: OnBootPhase_550_com.android.server.DropBoxManagerService
05-02 19:39:15.796 534 534 D SystemServerTiming: OnBootPhase_550_com.android.server.DropBoxManagerService took to complete: 0ms
05-02 19:39:15.796 534 534 I SystemServerTiming: OnBootPhase_550_com.android.server.AlarmManagerService
05-02 19:39:15.796 534 534 D SystemServerTiming: OnBootPhase_550_com.android.server.AlarmManagerService took to complete: 0ms
05-02 19:39:15.796 534 534 I SystemServerTiming: OnBootPhase_550_com.android.server.BluetoothService
05-02 19:39:15.796 534 534 D BluetoothManagerService: Bluetooth boot completed
05-02 19:39:15.797 534 534 D BluetoothManagerService: Getting adapter name and address
05-02 19:39:15.797 534 570 D BluetoothManagerService: MESSAGE_GET_NAME_AND_ADDRESS
05-02 19:39:15.797 534 570 D BluetoothManagerService: Binding to service to get name and address
05-02 19:39:15.799 534 570 I am_uid_running: 1002
05-02 19:39:15.801 534 570 D CompatibilityChangeReporter: Compat change id reported: 135634846; UID 1002; state: DISABLED
05-02 19:39:15.801 534 570 D CompatibilityChangeReporter: Compat change id reported: 135754954; UID 1002; state: ENABLED
05-02 19:39:15.802 534 579 W ActivityManager: com.android.bluetooth inode == 0 (b/152760674)
05-02 19:39:15.805 534 534 D SystemServerTiming: OnBootPhase_550_com.android.server.BluetoothService took to complete: 8ms
05-02 19:39:15.805 534 534 I SystemServerTiming: OnBootPhase_550_com.android.server.connectivity.IpConnectivityMetrics
05-02 19:39:15.805 534 534 D SystemServerTiming: OnBootPhase_550_com.android.server.connectivity.IpConnectivityMetrics took to complete: 0ms
05-02 19:39:15.805 534 534 I SystemServerTiming: OnBootPhase_550_com.android.server.net.watchlist.NetworkWatchlistService$Lifecycle
05-02 19:39:15.807 534 534 D SystemServerTiming: OnBootPhase_550_com.android.server.net.watchlist.NetworkWatchlistService$Lifecycle took to complete: 2ms
05-02 19:39:15.807 534 534 I SystemServerTiming: OnBootPhase_550_com.android.server.PinnerService
05-02 19:39:15.807 534 534 D SystemServerTiming: OnBootPhase_550_com.android.server.PinnerService took to complete: 0ms
05-02 19:39:15.807 534 534 I SystemServerTiming: OnBootPhase_550_com.google.android.startop.iorap.IorapForwardingService
05-02 19:39:15.807 534 534 D SystemServerTiming: OnBootPhase_550_com.google.android.startop.iorap.IorapForwardingService took to complete: 0ms
05-02 19:39:15.807 534 534 I SystemServerTiming: OnBootPhase_550_com.android.server.integrity.AppIntegrityManagerService
05-02 19:39:15.807 534 534 D SystemServerTiming: OnBootPhase_550_com.android.server.integrity.AppIntegrityManagerService took to complete: 0ms
05-02 19:39:15.807 534 534 I SystemServerTiming: OnBootPhase_550_com.android.server.inputmethod.InputMethodManagerService$Lifecycle
05-02 19:39:15.813 534 577 I am_pss : [534,1000,system,143890432,99172352,0,234639360,0,0,13]
05-02 19:39:15.819 534 579 I am_proc_start: [0,856,1002,com.android.bluetooth,service,{com.android.bluetooth/com.android.bluetooth.btservice.AdapterService}]
05-02 19:39:15.820 534 579 I ActivityManager: Start proc 856:com.android.bluetooth/1002 for service {com.android.bluetooth/com.android.bluetooth.btservice.AdapterService}
05-02 19:39:15.856 534 566 I am_proc_bound: [0,856,com.android.bluetooth]
05-02 19:39:15.866 534 566 I am_uid_active: 1002
05-02 19:39:15.869 534 534 I dvm_lock_sample: [system_server,0,main,9,ActivityManagerService.java,16719,int com.android.server.am.ActivityManagerService.broadcastIntentWithFeature(android.app.IApplicationThread, java.lang.String, android.content.Intent, java.lang.String, android.content.IIntentReceiver, int, java.lang.String, android.os.Bundle, java.lang.String[], int, android.os.Bundle, boolean, boolean, int),-,3118,void com.android.server.am.ActivityManagerService.notifyPackageUse(java.lang.String, int),1]
05-02 19:39:15.873 534 534 W SystemServiceManager: Service com.android.server.inputmethod.InputMethodManagerService$Lifecycle took 66 ms in onBootPhase
05-02 19:39:15.873 534 534 D SystemServerTiming: OnBootPhase_550_com.android.server.inputmethod.InputMethodManagerService$Lifecycle took to complete: 67ms
05-02 19:39:15.873 534 534 I SystemServerTiming: OnBootPhase_550_com.android.server.accessibility.AccessibilityManagerService$Lifecycle
05-02 19:39:15.873 534 534 D SystemServerTiming: OnBootPhase_550_com.android.server.accessibility.AccessibilityManagerService$Lifecycle took to complete: 0ms
05-02 19:39:15.873 534 534 I SystemServerTiming: OnBootPhase_550_com.android.server.StorageManagerService$Lifecycle
05-02 19:39:15.873 534 534 D SystemServerTiming: OnBootPhase_550_com.android.server.StorageManagerService$Lifecycle took to complete: 0ms
05-02 19:39:15.874 534 534 I SystemServerTiming: OnBootPhase_550_com.android.server.usage.StorageStatsService$Lifecycle
05-02 19:39:15.874 534 534 D SystemServerTiming: OnBootPhase_550_com.android.server.usage.StorageStatsService$Lifecycle took to complete: 0ms
05-02 19:39:15.874 534 534 I SystemServerTiming: OnBootPhase_550_com.android.server.UiModeManagerService
05-02 19:39:15.874 534 534 D SystemServerTiming: OnBootPhase_550_com.android.server.UiModeManagerService took to complete: 0ms
05-02 19:39:15.874 534 534 I SystemServerTiming: OnBootPhase_550_com.android.server.locksettings.LockSettingsService$Lifecycle
05-02 19:39:15.878 534 646 D StorageManagerService: Isolated storage local flag 0 and remote flag 0 resolved to true
05-02 19:39:16.024 534 534 I LockSettingsService: Migrated migrated_frp.
05-02 19:39:16.024 534 534 W SystemServiceManager: Service com.android.server.locksettings.LockSettingsService$Lifecycle took 150 ms in onBootPhase
05-02 19:39:16.024 534 534 D SystemServerTiming: OnBootPhase_550_com.android.server.locksettings.LockSettingsService$Lifecycle took to complete: 151ms
05-02 19:39:16.024 534 534 I SystemServerTiming: OnBootPhase_550_com.android.server.PersistentDataBlockService
05-02 19:39:16.024 534 534 D SystemServerTiming: OnBootPhase_550_com.android.server.PersistentDataBlockService took to complete: 0ms
05-02 19:39:16.025 534 534 I SystemServerTiming: OnBootPhase_550_com.android.server.testharness.TestHarnessModeService
05-02 19:39:16.025 534 534 D SystemServerTiming: OnBootPhase_550_com.android.server.testharness.TestHarnessModeService took to complete: 0ms
05-02 19:39:16.025 534 534 I SystemServerTiming: OnBootPhase_550_com.android.server.oemlock.OemLockService
05-02 19:39:16.025 534 534 D SystemServerTiming: OnBootPhase_550_com.android.server.oemlock.OemLockService took to complete: 0ms
05-02 19:39:16.025 534 534 I SystemServerTiming: OnBootPhase_550_com.android.server.DeviceIdleController
05-02 19:39:16.025 534 534 D SystemServerTiming: OnBootPhase_550_com.android.server.DeviceIdleController took to complete: 0ms
05-02 19:39:16.025 534 534 I SystemServerTiming: OnBootPhase_550_com.android.server.devicepolicy.DevicePolicyManagerService$Lifecycle
05-02 19:39:16.025 534 534 D SystemServerTiming: OnBootPhase_550_com.android.server.devicepolicy.DevicePolicyManagerService$Lifecycle took to complete: 1ms
05-02 19:39:16.025 534 534 I SystemServerTiming: OnBootPhase_550_com.android.server.textservices.TextServicesManagerService$Lifecycle
05-02 19:39:16.025 534 534 D SystemServerTiming: OnBootPhase_550_com.android.server.textservices.TextServicesManagerService$Lifecycle took to complete: 0ms
05-02 19:39:16.025 534 534 I SystemServerTiming: OnBootPhase_550_com.android.server.textclassifier.TextClassificationManagerService$Lifecycle
05-02 19:39:16.025 534 534 D SystemServerTiming: OnBootPhase_550_com.android.server.textclassifier.TextClassificationManagerService$Lifecycle took to complete: 0ms
05-02 19:39:16.026 534 534 I SystemServerTiming: OnBootPhase_550_com.android.server.NetworkScoreService$Lifecycle
05-02 19:39:16.026 534 534 D SystemServerTiming: OnBootPhase_550_com.android.server.NetworkScoreService$Lifecycle took to complete: 0ms
05-02 19:39:16.026 534 534 I SystemServerTiming: OnBootPhase_550_com.android.server.wifi.WifiService
05-02 19:39:16.026 534 534 D SystemServerTiming: OnBootPhase_550_com.android.server.wifi.WifiService took to complete: 0ms
05-02 19:39:16.026 534 534 I SystemServerTiming: OnBootPhase_550_com.android.server.wifi.scanner.WifiScanningService
05-02 19:39:16.026 534 534 D SystemServerTiming: OnBootPhase_550_com.android.server.wifi.scanner.WifiScanningService took to complete: 0ms
05-02 19:39:16.026 534 534 I SystemServerTiming: OnBootPhase_550_com.android.server.wifi.p2p.WifiP2pService
05-02 19:39:16.026 534 534 D SystemServerTiming: OnBootPhase_550_com.android.server.wifi.p2p.WifiP2pService took to complete: 0ms
05-02 19:39:16.026 534 534 I SystemServerTiming: OnBootPhase_550_com.android.server.ethernet.EthernetService
05-02 19:39:16.026 534 534 D SystemServerTiming: OnBootPhase_550_com.android.server.ethernet.EthernetService took to complete: 0ms
05-02 19:39:16.026 534 534 I SystemServerTiming: OnBootPhase_550_com.android.server.notification.NotificationManagerService
05-02 19:39:16.026 534 534 D SystemServerTiming: OnBootPhase_550_com.android.server.notification.NotificationManagerService took to complete: 0ms
05-02 19:39:16.026 534 534 I SystemServerTiming: OnBootPhase_550_com.android.server.storage.DeviceStorageMonitorService
05-02 19:39:16.026 534 534 D SystemServerTiming: OnBootPhase_550_com.android.server.storage.DeviceStorageMonitorService took to complete: 0ms
05-02 19:39:16.026 534 534 I SystemServerTiming: OnBootPhase_550_com.android.server.location.LocationManagerService$Lifecycle
05-02 19:39:16.026 534 534 D SystemServerTiming: OnBootPhase_550_com.android.server.location.LocationManagerService$Lifecycle took to complete: 0ms
05-02 19:39:16.026 534 534 I SystemServerTiming: OnBootPhase_550_com.android.server.timedetector.TimeDetectorService$Lifecycle
05-02 19:39:16.026 534 534 D SystemServerTiming: OnBootPhase_550_com.android.server.timedetector.TimeDetectorService$Lifecycle took to complete: 0ms
05-02 19:39:16.026 534 534 I SystemServerTiming: OnBootPhase_550_com.android.server.timezonedetector.TimeZoneDetectorService$Lifecycle
05-02 19:39:16.026 534 534 D SystemServerTiming: OnBootPhase_550_com.android.server.timezonedetector.TimeZoneDetectorService$Lifecycle took to complete: 0ms
05-02 19:39:16.026 534 534 I SystemServerTiming: OnBootPhase_550_com.android.server.search.SearchManagerService$Lifecycle
05-02 19:39:16.026 534 534 D SystemServerTiming: OnBootPhase_550_com.android.server.search.SearchManagerService$Lifecycle took to complete: 0ms
05-02 19:39:16.027 534 534 I SystemServerTiming: OnBootPhase_550_com.android.server.wallpaper.WallpaperManagerService$Lifecycle
05-02 19:39:16.030 534 534 I WallpaperManagerService: No static wallpaper imagery; defaults will be shown
05-02 19:39:16.030 534 534 V WallpaperManagerService: bindWallpaperComponentLocked: componentName=ComponentInfo{com.android.systemui/com.android.systemui.ImageWallpaper}
05-02 19:39:16.033 534 534 I am_uid_running: 10121
05-02 19:39:16.036 534 534 D CompatibilityChangeReporter: Compat change id reported: 135634846; UID 10121; state: DISABLED
05-02 19:39:16.036 534 534 D CompatibilityChangeReporter: Compat change id reported: 135754954; UID 10121; state: ENABLED
05-02 19:39:16.037 534 579 D CompatibilityChangeReporter: Compat change id reported: 143937733; UID 10121; state: ENABLED
05-02 19:39:16.038 534 579 W ActivityManager: com.android.systemui inode == 0 (b/152760674)
05-02 19:39:16.038 534 534 W WallpaperManagerService: no current wallpaper -- first boot?
05-02 19:39:16.040 534 534 D SystemServerTiming: OnBootPhase_550_com.android.server.wallpaper.WallpaperManagerService$Lifecycle took to complete: 13ms
05-02 19:39:16.040 534 534 I SystemServerTiming: OnBootPhase_550_com.android.server.audio.AudioService$Lifecycle
