05-02 19:55:53.625 503 503 I gpsd : gpsd:PROG: NMEA0183: GNGSA is just after a cycle ender.
05-02 19:55:53.628 503 503 I gpsd : gpsd:IO: <= GPS: $GBGSV,1,1,1,14,,,,,,,,,,,,,,,,5*46
05-02 19:55:53.628 503 503 I gpsd : gpsd:PROG: NMEA0183: xBGSV: part 1 of 1, last_gsv_talker '0' last_gsv_sigid 4
05-02 19:55:53.629 503 503 I gpsd : gpsd:PROG: NMEA0183: xBGSV: new part 1, last_gsv_talker '0', zeroing
05-02 19:55:53.629 503 503 I gpsd : gpsd:WARN: NMEA0183: xxGSV: Satellite data no good (1 of 1).
05-02 19:55:53.629 503 503 I gpsd : gpsd:PROG: NMEA0183: GBGSV is just after a cycle ender.
05-02 19:55:53.632 503 503 I gpsd : gpsd:IO: <= GPS: $GNRMC,003006.99,V,,,,,,,020100,,,N,V*1F
05-02 19:55:53.632 503 503 I gpsd : gpsd:PROG: NMEA0183: GNRMC is just after a cycle ender.
05-02 19:55:53.634 503 503 I gpsd : gpsd:IO: <= GPS: $GNVTG,,T,,M,,N,,K,N*32
05-02 19:55:53.634 503 503 I gpsd : gpsd:PROG: NMEA0183: GNVTG is just after a cycle ender.
05-02 19:55:53.637 503 503 I gpsd : gpsd:IO: <= GPS: $GNZDA,003006.99,02,01,2000,,*7C
05-02 19:55:53.637 503 503 I gpsd : gpsd:WARN: WARNING: WKRO bug: leap second 18 inconsistent with 946773006, corrected to 1566088206 (2019-08-18T00:30:06.990Z)
05-02 19:55:53.637 503 503 I gpsd : gpsd:PROG: NMEA0183: GNZDA is just after a cycle ender.
05-02 19:55:54.617 503 503 I gpsd : gpsd:PROG: CORE: transmission pause. gap 0.979606 quiet_time 0.250000
05-02 19:55:54.620 503 503 I gpsd : gpsd:IO: <= GPS: $GPGGA,003007.99,,,,,0,00,,,,,,,*4C
05-02 19:55:54.620 503 503 I gpsd : gpsd:PROG: NMEA0183: GPGGA starts a reporting cycle. lasttag 25
05-02 19:55:54.622 503 503 I gpsd : gpsd:IO: <= GPS: $GNGLL,,,,,003007.99,V,N*50
05-02 19:55:54.622 503 503 I gpsd : gpsd:PROG: NMEA0183: GNGLL ends a reporting cycle.
05-02 19:55:54.625 503 503 I gpsd : gpsd:IO: <= GPS: $GNGSA,A,1,,,,,,,,,,,,,,,,*2C
05-02 19:55:54.625 503 503 I gpsd : gpsd:PROG: NMEA0183: xxGSA sets mode 1
05-02 19:55:54.625 503 503 I gpsd : gpsd:PROG: NMEA0183: xxGSA: mask 0x402
05-02 19:55:54.625 503 503 I gpsd : gpsd:PROG: NMEA0183: GNGSA is just after a cycle ender.
05-02 19:55:54.628 503 503 I gpsd : gpsd:IO: <= GPS: $GBGSV,1,1,1,14,,,,,,,,,,,,,,,,5*46
05-02 19:55:54.628 503 503 I gpsd : gpsd:PROG: NMEA0183: xBGSV: part 1 of 1, last_gsv_talker '0' last_gsv_sigid 4
05-02 19:55:54.628 503 503 I gpsd : gpsd:PROG: NMEA0183: xBGSV: new part 1, last_gsv_talker '0', zeroing
05-02 19:55:54.628 503 503 I gpsd : gpsd:WARN: NMEA0183: xxGSV: Satellite data no good (1 of 1).
05-02 19:55:54.629 503 503 I gpsd : gpsd:PROG: NMEA0183: GBGSV is just after a cycle ender.
05-02 19:55:54.632 503 503 I gpsd : gpsd:IO: <= GPS: $GNRMC,003007.99,V,,,,,,,020100,,,N,V*1E
05-02 19:55:54.632 503 503 I gpsd : gpsd:PROG: NMEA0183: GNRMC is just after a cycle ender.
05-02 19:55:54.634 503 503 I gpsd : gpsd:IO: <= GPS: $GNVTG,,T,,M,,N,,K,N*32
05-02 19:55:54.634 503 503 I gpsd : gpsd:PROG: NMEA0183: GNVTG is just after a cycle ender.
05-02 19:55:54.637 503 503 I gpsd : gpsd:IO: <= GPS: $GNZDA,003007.99,02,01,2000,,*7D
05-02 19:55:54.637 503 503 I gpsd : gpsd:WARN: WARNING: WKRO bug: leap second 18 inconsistent with 946773007, corrected to 1566088207 (2019-08-18T00:30:07.990Z)
05-02 19:55:54.637 503 503 I gpsd : gpsd:PROG: NMEA0183: GNZDA is just after a cycle ender.
05-02 19:55:55.617 503 503 I gpsd : gpsd:PROG: CORE: transmission pause. gap 0.979704 quiet_time 0.250000
05-02 19:55:55.619 503 503 I gpsd : gpsd:IO: <= GPS: $GPGGA,003008.99,,,,,0,00,,,,,,,*43
05-02 19:55:55.620 503 503 I gpsd : gpsd:PROG: NMEA0183: GPGGA starts a reporting cycle. lasttag 25
05-02 19:55:55.622 503 503 I gpsd : gpsd:IO: <= GPS: $GNGLL,,,,,003008.99,V,N*5F
05-02 19:55:55.622 503 503 I gpsd : gpsd:PROG: NMEA0183: GNGLL ends a reporting cycle.
05-02 19:55:55.625 503 503 I gpsd : gpsd:IO: <= GPS: $GNGSA,A,1,,,,,,,,,,,,,,,,*2C
05-02 19:55:55.625 503 503 I gpsd : gpsd:PROG: NMEA0183: xxGSA sets mode 1
05-02 19:55:55.625 503 503 I gpsd : gpsd:PROG: NMEA0183: xxGSA: mask 0x402
05-02 19:55:55.625 503 503 I gpsd : gpsd:PROG: NMEA0183: GNGSA is just after a cycle ender.
05-02 19:55:55.628 503 503 I gpsd : gpsd:IO: <= GPS: $GBGSV,1,1,1,14,,,,,,,,,,,,,,,,5*46
05-02 19:55:55.628 503 503 I gpsd : gpsd:PROG: NMEA0183: xBGSV: part 1 of 1, last_gsv_talker '0' last_gsv_sigid 4
05-02 19:55:55.628 503 503 I gpsd : gpsd:PROG: NMEA0183: xBGSV: new part 1, last_gsv_talker '0', zeroing
05-02 19:55:55.628 503 503 I gpsd : gpsd:WARN: NMEA0183: xxGSV: Satellite data no good (1 of 1).
05-02 19:55:55.628 503 503 I gpsd : gpsd:PROG: NMEA0183: GBGSV is just after a cycle ender.
05-02 19:55:55.632 503 503 I gpsd : gpsd:IO: <= GPS: $GNRMC,003008.99,V,,,,,,,020100,,,N,V*11
05-02 19:55:55.632 503 503 I gpsd : gpsd:PROG: NMEA0183: GNRMC is just after a cycle ender.
05-02 19:55:55.634 503 503 I gpsd : gpsd:IO: <= GPS: $GNVTG,,T,,M,,N,,K,N*32
05-02 19:55:55.634 503 503 I gpsd : gpsd:PROG: NMEA0183: GNVTG is just after a cycle ender.
05-02 19:55:55.637 503 503 I gpsd : gpsd:IO: <= GPS: $GNZDA,003008.99,02,01,2000,,*72
05-02 19:55:55.637 503 503 I gpsd : gpsd:WARN: WARNING: WKRO bug: leap second 18 inconsistent with 946773008, corrected to 1566088208 (2019-08-18T00:30:08.990Z)
05-02 19:55:55.637 503 503 I gpsd : gpsd:PROG: NMEA0183: GNZDA is just after a cycle ender.
05-02 19:55:56.616 503 503 I gpsd : gpsd:PROG: CORE: transmission pause. gap 0.979762 quiet_time 0.250000
05-02 19:55:56.619 503 503 I gpsd : gpsd:IO: <= GPS: $GPGGA,003009.99,,,,,0,00,,,,,,,*42
05-02 19:55:56.620 503 503 I gpsd : gpsd:PROG: NMEA0183: GPGGA starts a reporting cycle. lasttag 25
05-02 19:55:56.622 503 503 I gpsd : gpsd:IO: <= GPS: $GNGLL,,,,,003009.99,V,N*5E
05-02 19:55:56.622 503 503 I gpsd : gpsd:PROG: NMEA0183: GNGLL ends a reporting cycle.
05-02 19:55:56.625 503 503 I gpsd : gpsd:IO: <= GPS: $GNGSA,A,1,,,,,,,,,,,,,,,,*2C
05-02 19:55:56.625 503 503 I gpsd : gpsd:PROG: NMEA0183: xxGSA sets mode 1
05-02 19:55:56.625 503 503 I gpsd : gpsd:PROG: NMEA0183: xxGSA: mask 0x402
05-02 19:55:56.625 503 503 I gpsd : gpsd:PROG: NMEA0183: GNGSA is just after a cycle ender.
05-02 19:55:56.628 503 503 I gpsd : gpsd:IO: <= GPS: $GBGSV,1,1,1,14,,,,,,,,,,,,,,,,5*46
05-02 19:55:56.628 503 503 I gpsd : gpsd:PROG: NMEA0183: xBGSV: part 1 of 1, last_gsv_talker '0' last_gsv_sigid 4
05-02 19:55:56.628 503 503 I gpsd : gpsd:PROG: NMEA0183: xBGSV: new part 1, last_gsv_talker '0', zeroing
05-02 19:55:56.628 503 503 I gpsd : gpsd:WARN: NMEA0183: xxGSV: Satellite data no good (1 of 1).
05-02 19:55:56.628 503 503 I gpsd : gpsd:PROG: NMEA0183: GBGSV is just after a cycle ender.
05-02 19:55:56.631 503 503 I gpsd : gpsd:IO: <= GPS: $GNRMC,003009.99,V,,,,,,,020100,,,N,V*10
05-02 19:55:56.632 503 503 I gpsd : gpsd:PROG: NMEA0183: GNRMC is just after a cycle ender.
05-02 19:55:56.634 503 503 I gpsd : gpsd:IO: <= GPS: $GNVTG,,T,,M,,N,,K,N*32
05-02 19:55:56.634 503 503 I gpsd : gpsd:PROG: NMEA0183: GNVTG is just after a cycle ender.
05-02 19:55:56.637 503 503 I gpsd : gpsd:IO: <= GPS: $GNZDA,003009.99,02,01,2000,,*73
05-02 19:55:56.637 503 503 I gpsd : gpsd:WARN: WARNING: WKRO bug: leap second 18 inconsistent with 946773009, corrected to 1566088209 (2019-08-18T00:30:09.990Z)
05-02 19:55:56.637 503 503 I gpsd : gpsd:PROG: NMEA0183: GNZDA is just after a cycle ender.
05-02 19:55:57.617 503 503 I gpsd : gpsd:PROG: CORE: transmission pause. gap 0.980144 quiet_time 0.250000
05-02 19:55:57.620 503 503 I gpsd : gpsd:IO: <= GPS: $GPGGA,003010.99,,,,,0,00,,,,,,,*4A
05-02 19:55:57.620 503 503 I gpsd : gpsd:PROG: NMEA0183: GPGGA starts a reporting cycle. lasttag 25
05-02 19:55:57.622 503 503 I gpsd : gpsd:IO: <= GPS: $GNGLL,,,,,003010.99,V,N*56
05-02 19:55:57.622 503 503 I gpsd : gpsd:PROG: NMEA0183: GNGLL ends a reporting cycle.
05-02 19:55:57.625 503 503 I gpsd : gpsd:IO: <= GPS: $GNGSA,A,1,,,,,,,,,,,,,,,,*2C
05-02 19:55:57.625 503 503 I gpsd : gpsd:PROG: NMEA0183: xxGSA sets mode 1
05-02 19:55:57.625 503 503 I gpsd : gpsd:PROG: NMEA0183: xxGSA: mask 0x402
05-02 19:55:57.625 503 503 I gpsd : gpsd:PROG: NMEA0183: GNGSA is just after a cycle ender.
05-02 19:55:57.628 503 503 I gpsd : gpsd:IO: <= GPS: $GBGSV,1,1,1,14,,,,,,,,,,,,,,,,5*46
05-02 19:55:57.628 503 503 I gpsd : gpsd:PROG: NMEA0183: xBGSV: part 1 of 1, last_gsv_talker '0' last_gsv_sigid 4
05-02 19:55:57.629 503 503 I gpsd : gpsd:PROG: NMEA0183: xBGSV: new part 1, last_gsv_talker '0', zeroing
05-02 19:55:57.629 503 503 I gpsd : gpsd:WARN: NMEA0183: xxGSV: Satellite data no good (1 of 1).
05-02 19:55:57.629 503 503 I gpsd : gpsd:PROG: NMEA0183: GBGSV is just after a cycle ender.
05-02 19:55:57.632 503 503 I gpsd : gpsd:IO: <= GPS: $GNRMC,003010.99,V,,,,,,,020100,,,N,V*18
05-02 19:55:57.632 503 503 I gpsd : gpsd:PROG: NMEA0183: GNRMC is just after a cycle ender.
05-02 19:55:57.634 503 503 I gpsd : gpsd:IO: <= GPS: $GNVTG,,T,,M,,N,,K,N*32
05-02 19:55:57.634 503 503 I gpsd : gpsd:PROG: NMEA0183: GNVTG is just after a cycle ender.
05-02 19:55:57.637 503 503 I gpsd : gpsd:IO: <= GPS: $GNZDA,003010.99,02,01,2000,,*7B
05-02 19:55:57.637 503 503 I gpsd : gpsd:WARN: WARNING: WKRO bug: leap second 18 inconsistent with 946773010, corrected to 1566088210 (2019-08-18T00:30:10.990Z)
05-02 19:55:57.637 503 503 I gpsd : gpsd:PROG: NMEA0183: GNZDA is just after a cycle ender.
05-02 19:55:58.617 503 503 I gpsd : gpsd:PROG: CORE: transmission pause. gap 0.979623 quiet_time 0.250000
05-02 19:55:58.620 503 503 I gpsd : gpsd:IO: <= GPS: $GPGGA,003011.99,,,,,0,00,,,,,,,*4B
05-02 19:55:58.620 503 503 I gpsd : gpsd:PROG: NMEA0183: GPGGA starts a reporting cycle. lasttag 25
05-02 19:55:58.622 503 503 I gpsd : gpsd:IO: <= GPS: $GNGLL,,,,,003011.99,V,N*57
05-02 19:55:58.622 503 503 I gpsd : gpsd:PROG: NMEA0183: GNGLL ends a reporting cycle.
05-02 19:55:58.625 503 503 I gpsd : gpsd:IO: <= GPS: $GNGSA,A,1,,,,,,,,,,,,,,,,*2C
05-02 19:55:58.625 503 503 I gpsd : gpsd:PROG: NMEA0183: xxGSA sets mode 1
05-02 19:55:58.625 503 503 I gpsd : gpsd:PROG: NMEA0183: xxGSA: mask 0x402
05-02 19:55:58.625 503 503 I gpsd : gpsd:PROG: NMEA0183: GNGSA is just after a cycle ender.
05-02 19:55:58.628 503 503 I gpsd : gpsd:IO: <= GPS: $GBGSV,1,1,1,14,,,,,,,,,,,,,,,,5*46
05-02 19:55:58.628 503 503 I gpsd : gpsd:PROG: NMEA0183: xBGSV: part 1 of 1, last_gsv_talker '0' last_gsv_sigid 4
05-02 19:55:58.628 503 503 I gpsd : gpsd:PROG: NMEA0183: xBGSV: new part 1, last_gsv_talker '0', zeroing
05-02 19:55:58.628 503 503 I gpsd : gpsd:WARN: NMEA0183: xxGSV: Satellite data no good (1 of 1).
05-02 19:55:58.629 503 503 I gpsd : gpsd:PROG: NMEA0183: GBGSV is just after a cycle ender.
05-02 19:55:58.632 503 503 I gpsd : gpsd:IO: <= GPS: $GNRMC,003011.99,V,,,,,,,020100,,,N,V*19
05-02 19:55:58.632 503 503 I gpsd : gpsd:PROG: NMEA0183: GNRMC is just after a cycle ender.
05-02 19:55:58.634 503 503 I gpsd : gpsd:IO: <= GPS: $GNVTG,,T,,M,,N,,K,N*32
05-02 19:55:58.634 503 503 I gpsd : gpsd:PROG: NMEA0183: GNVTG is just after a cycle ender.
05-02 19:55:58.637 503 503 I gpsd : gpsd:IO: <= GPS: $GNZDA,003011.99,02,01,2000,,*7A
05-02 19:55:58.637 503 503 I gpsd : gpsd:WARN: WARNING: WKRO bug: leap second 18 inconsistent with 946773011, corrected to 1566088211 (2019-08-18T00:30:11.990Z)
05-02 19:55:58.637 503 503 I gpsd : gpsd:PROG: NMEA0183: GNZDA is just after a cycle ender.
05-02 19:55:59.204 370 1559 D NxpTml : PN54X - I2C Read successful.....
05-02 19:55:59.205 370 1559 D NxpNciR : len = 4 > 600701A1
05-02 19:55:59.205 370 1559 D NxpTml : PN54X - Posting read message.....
05-02 19:55:59.205 370 1562 D NxpHal : read successful status = 0x0
05-02 19:55:59.205 370 1562 D NfccPowerTracker: NfccPowerTracker::ProcessNtf: Enter
05-02 19:55:59.205 1427 1587 I libnfc_nci: [INFO:nfc_ncif.cc(501)] NFC received ntf gid:0
05-02 19:55:59.205 370 1559 D NxpTml : PN54X - Read requested.....
05-02 19:55:59.205 370 1559 D NxpTml : PN54X - Invoking I2C Read.....
05-02 19:55:59.205 1427 1587 I libnfc_nci: [INFO:nci_hrcv.cc(128)] nci_proc_core_ntf opcode:0x7
05-02 19:55:59.205 1427 1587 I libnfc_nci: [INFO:nfa_dm_act.cc(269)] NFC_GEN_ERROR_REVT(0x500d)
05-02 19:55:59.205 1427 1587 I libnfc_nci: [INFO:nfa_dm_discover.cc(1663)] nfa_dm_disc_data_cback
05-02 19:55:59.205 1427 1587 I libnfc_nci: [INFO:nfa_dm_discover.cc(2512)] state: DISCOVERY (1), event: INTF_ERROR_NTF(10) disc_flags: 0x1
05-02 19:55:59.205 1427 1587 I libnfc_nci: [INFO:nfa_dm_discover.cc(2565)] new state: DISCOVERY (1), disc_flags: 0x1
05-02 19:55:59.617 503 503 I gpsd : gpsd:PROG: CORE: transmission pause. gap 0.980118 quiet_time 0.250000
05-02 19:55:59.620 503 503 I gpsd : gpsd:IO: <= GPS: $GPGGA,003012.99,,,,,0,00,,,,,,,*48
05-02 19:55:59.620 503 503 I gpsd : gpsd:PROG: NMEA0183: GPGGA starts a reporting cycle. lasttag 25
05-02 19:55:59.622 503 503 I gpsd : gpsd:IO: <= GPS: $GNGLL,,,,,003012.99,V,N*54
05-02 19:55:59.623 503 503 I gpsd : gpsd:PROG: NMEA0183: GNGLL ends a reporting cycle.
05-02 19:55:59.625 503 503 I gpsd : gpsd:IO: <= GPS: $GNGSA,A,1,,,,,,,,,,,,,,,,*2C
05-02 19:55:59.625 503 503 I gpsd : gpsd:PROG: NMEA0183: xxGSA sets mode 1
05-02 19:55:59.625 503 503 I gpsd : gpsd:PROG: NMEA0183: xxGSA: mask 0x402
05-02 19:55:59.625 503 503 I gpsd : gpsd:PROG: NMEA0183: GNGSA is just after a cycle ender.
05-02 19:55:59.628 503 503 I gpsd : gpsd:IO: <= GPS: $GBGSV,1,1,1,14,,,,,,,,,,,,,,,,5*46
05-02 19:55:59.629 503 503 I gpsd : gpsd:PROG: NMEA0183: xBGSV: part 1 of 1, last_gsv_talker '0' last_gsv_sigid 4
05-02 19:55:59.629 503 503 I gpsd : gpsd:PROG: NMEA0183: xBGSV: new part 1, last_gsv_talker '0', zeroing
05-02 19:55:59.629 503 503 I gpsd : gpsd:WARN: NMEA0183: xxGSV: Satellite data no good (1 of 1).
05-02 19:55:59.629 503 503 I gpsd : gpsd:PROG: NMEA0183: GBGSV is just after a cycle ender.
05-02 19:55:59.632 503 503 I gpsd : gpsd:IO: <= GPS: $GNRMC,003012.99,V,,,,,,,020100,,,N,V*1A
05-02 19:55:59.632 503 503 I gpsd : gpsd:PROG: NMEA0183: GNRMC is just after a cycle ender.
05-02 19:55:59.634 503 503 I gpsd : gpsd:IO: <= GPS: $GNVTG,,T,,M,,N,,K,N*32
05-02 19:55:59.634 503 503 I gpsd : gpsd:PROG: NMEA0183: GNVTG is just after a cycle ender.
05-02 19:55:59.637 503 503 I gpsd : gpsd:IO: <= GPS: $GNZDA,003012.99,02,01,2000,,*79
05-02 19:55:59.637 503 503 I gpsd : gpsd:WARN: WARNING: WKRO bug: leap second 18 inconsistent with 946773012, corrected to 1566088212 (2019-08-18T00:30:12.990Z)
05-02 19:55:59.637 503 503 I gpsd : gpsd:PROG: NMEA0183: GNZDA is just after a cycle ender.
05-02 19:56:00.003 879 879 D KeyguardClockSwitch: Updating clock: 756
05-02 19:56:00.066 365 433 E display : updateScreen invalid drmfd
05-02 19:56:00.124 368 757 D BufferPoolAccessor2.0: bufferpool2 0xb400f2ab576263d8 : 4(14544896 size) total buffers - 4(14544896 size) used buffers - 1541/1565 (recycle/alloc) - 23/1561 (fetch/transfer)
05-02 19:56:00.125 650 737 D BufferPoolAccessor2.0: bufferpool2 0xb400ec86ee787978 : 0(0 size) total buffers - 0(0 size) used buffers - 0/0 (recycle/alloc) - 0/0 (fetch/transfer)
05-02 19:56:00.617 503 503 I gpsd : gpsd:PROG: CORE: transmission pause. gap 0.979736 quiet_time 0.250000
05-02 19:56:00.620 503 503 I gpsd : gpsd:IO: <= GPS: $GPGGA,003013.99,,,,,0,00,,,,,,,*49
05-02 19:56:00.620 503 503 I gpsd : gpsd:PROG: NMEA0183: GPGGA starts a reporting cycle. lasttag 25
05-02 19:56:00.622 503 503 I gpsd : gpsd:IO: <= GPS: $GNGLL,,,,,003013.99,V,N*55
05-02 19:56:00.623 503 503 I gpsd : gpsd:PROG: NMEA0183: GNGLL ends a reporting cycle.
05-02 19:56:00.625 503 503 I gpsd : gpsd:IO: <= GPS: $GNGSA,A,1,,,,,,,,,,,,,,,,*2C
05-02 19:56:00.625 503 503 I gpsd : gpsd:PROG: NMEA0183: xxGSA sets mode 1
05-02 19:56:00.625 503 503 I gpsd : gpsd:PROG: NMEA0183: xxGSA: mask 0x402
05-02 19:56:00.625 503 503 I gpsd : gpsd:PROG: NMEA0183: GNGSA is just after a cycle ender.
05-02 19:56:00.628 503 503 I gpsd : gpsd:IO: <= GPS: $GBGSV,1,1,1,14,,,,,,,,,,,,,,,,5*46
05-02 19:56:00.628 503 503 I gpsd : gpsd:PROG: NMEA0183: xBGSV: part 1 of 1, last_gsv_talker '0' last_gsv_sigid 4
05-02 19:56:00.629 503 503 I gpsd : gpsd:PROG: NMEA0183: xBGSV: new part 1, last_gsv_talker '0', zeroing
05-02 19:56:00.629 503 503 I gpsd : gpsd:WARN: NMEA0183: xxGSV: Satellite data no good (1 of 1).
05-02 19:56:00.629 503 503 I gpsd : gpsd:PROG: NMEA0183: GBGSV is just after a cycle ender.
05-02 19:56:00.632 503 503 I gpsd : gpsd:IO: <= GPS: $GNRMC,003013.99,V,,,,,,,020100,,,N,V*1B
05-02 19:56:00.632 503 503 I gpsd : gpsd:PROG: NMEA0183: GNRMC is just after a cycle ender.
05-02 19:56:00.634 503 503 I gpsd : gpsd:IO: <= GPS: $GNVTG,,T,,M,,N,,K,N*32
05-02 19:56:00.634 503 503 I gpsd : gpsd:PROG: NMEA0183: GNVTG is just after a cycle ender.
05-02 19:56:00.637 503 503 I gpsd : gpsd:IO: <= GPS: $GNZDA,003013.99,02,01,2000,,*78
05-02 19:56:00.637 503 503 I gpsd : gpsd:WARN: WARNING: WKRO bug: leap second 18 inconsistent with 946773013, corrected to 1566088213 (2019-08-18T00:30:13.990Z)
05-02 19:56:00.637 503 503 I gpsd : gpsd:PROG: NMEA0183: GNZDA is just after a cycle ender.
05-02 19:56:01.617 503 503 I gpsd : gpsd:PROG: CORE: transmission pause. gap 0.979867 quiet_time 0.250000
05-02 19:56:01.620 503 503 I gpsd : gpsd:IO: <= GPS: $GPGGA,003014.99,,,,,0,00,,,,,,,*4E
05-02 19:56:01.620 503 503 I gpsd : gpsd:PROG: NMEA0183: GPGGA starts a reporting cycle. lasttag 25
05-02 19:56:01.622 503 503 I gpsd : gpsd:IO: <= GPS: $GNGLL,,,,,003014.99,V,N*52
05-02 19:56:01.623 503 503 I gpsd : gpsd:PROG: NMEA0183: GNGLL ends a reporting cycle.
05-02 19:56:01.625 503 503 I gpsd : gpsd:IO: <= GPS: $GNGSA,A,1,,,,,,,,,,,,,,,,*2C
05-02 19:56:01.625 503 503 I gpsd : gpsd:PROG: NMEA0183: xxGSA sets mode 1
05-02 19:56:01.625 503 503 I gpsd : gpsd:PROG: NMEA0183: xxGSA: mask 0x402
05-02 19:56:01.625 503 503 I gpsd : gpsd:PROG: NMEA0183: GNGSA is just after a cycle ender.
05-02 19:56:01.628 503 503 I gpsd : gpsd:IO: <= GPS: $GBGSV,1,1,1,14,,,,,,,,,,,,,,,,5*46
05-02 19:56:01.629 503 503 I gpsd : gpsd:PROG: NMEA0183: xBGSV: part 1 of 1, last_gsv_talker '0' last_gsv_sigid 4
05-02 19:56:01.629 503 503 I gpsd : gpsd:PROG: NMEA0183: xBGSV: new part 1, last_gsv_talker '0', zeroing
05-02 19:56:01.629 503 503 I gpsd : gpsd:WARN: NMEA0183: xxGSV: Satellite data no good (1 of 1).
05-02 19:56:01.629 503 503 I gpsd : gpsd:PROG: NMEA0183: GBGSV is just after a cycle ender.
05-02 19:56:01.632 503 503 I gpsd : gpsd:IO: <= GPS: $GNRMC,003014.99,V,,,,,,,020100,,,N,V*1C
05-02 19:56:01.632 503 503 I gpsd : gpsd:PROG: NMEA0183: GNRMC is just after a cycle ender.
05-02 19:56:01.634 503 503 I gpsd : gpsd:IO: <= GPS: $GNVTG,,T,,M,,N,,K,N*32
05-02 19:56:01.634 503 503 I gpsd : gpsd:PROG: NMEA0183: GNVTG is just after a cycle ender.
05-02 19:56:01.637 503 503 I gpsd : gpsd:IO: <= GPS: $GNZDA,003014.99,02,01,2000,,*7F
05-02 19:56:01.637 503 503 I gpsd : gpsd:WARN: WARNING: WKRO bug: leap second 18 inconsistent with 946773014, corrected to 1566088214 (2019-08-18T00:30:14.990Z)
05-02 19:56:01.638 503 503 I gpsd : gpsd:PROG: NMEA0183: GNZDA is just after a cycle ender.
05-02 19:56:02.617 503 503 I gpsd : gpsd:PROG: CORE: transmission pause. gap 0.979497 quiet_time 0.250000
05-02 19:56:02.620 503 503 I gpsd : gpsd:IO: <= GPS: $GPGGA,003015.99,,,,,0,00,,,,,,,*4F
05-02 19:56:02.620 503 503 I gpsd : gpsd:PROG: NMEA0183: GPGGA starts a reporting cycle. lasttag 25
05-02 19:56:02.622 503 503 I gpsd : gpsd:IO: <= GPS: $GNGLL,,,,,003015.99,V,N*53
05-02 19:56:02.622 503 503 I gpsd : gpsd:PROG: NMEA0183: GNGLL ends a reporting cycle.
05-02 19:56:02.625 503 503 I gpsd : gpsd:IO: <= GPS: $GNGSA,A,1,,,,,,,,,,,,,,,,*2C
05-02 19:56:02.625 503 503 I gpsd : gpsd:PROG: NMEA0183: xxGSA sets mode 1
05-02 19:56:02.625 503 503 I gpsd : gpsd:PROG: NMEA0183: xxGSA: mask 0x402
05-02 19:56:02.625 503 503 I gpsd : gpsd:PROG: NMEA0183: GNGSA is just after a cycle ender.
05-02 19:56:02.628 503 503 I gpsd : gpsd:IO: <= GPS: $GBGSV,1,1,1,14,,,,,,,,,,,,,,,,5*46
05-02 19:56:02.628 503 503 I gpsd : gpsd:PROG: NMEA0183: xBGSV: part 1 of 1, last_gsv_talker '0' last_gsv_sigid 4
05-02 19:56:02.628 503 503 I gpsd : gpsd:PROG: NMEA0183: xBGSV: new part 1, last_gsv_talker '0', zeroing
05-02 19:56:02.629 503 503 I gpsd : gpsd:WARN: NMEA0183: xxGSV: Satellite data no good (1 of 1).
05-02 19:56:02.629 503 503 I gpsd : gpsd:PROG: NMEA0183: GBGSV is just after a cycle ender.
05-02 19:56:02.632 503 503 I gpsd : gpsd:IO: <= GPS: $GNRMC,003015.99,V,,,,,,,020100,,,N,V*1D
05-02 19:56:02.632 503 503 I gpsd : gpsd:PROG: NMEA0183: GNRMC is just after a cycle ender.
05-02 19:56:02.634 503 503 I gpsd : gpsd:IO: <= GPS: $GNVTG,,T,,M,,N,,K,N*32
05-02 19:56:02.634 503 503 I gpsd : gpsd:PROG: NMEA0183: GNVTG is just after a cycle ender.
05-02 19:56:02.637 503 503 I gpsd : gpsd:IO: <= GPS: $GNZDA,003015.99,02,01,2000,,*7E
05-02 19:56:02.637 503 503 I gpsd : gpsd:WARN: WARNING: WKRO bug: leap second 18 inconsistent with 946773015, corrected to 1566088215 (2019-08-18T00:30:15.990Z)
05-02 19:56:02.637 503 503 I gpsd : gpsd:PROG: NMEA0183: GNZDA is just after a cycle ender.
05-02 19:56:03.617 503 503 I gpsd : gpsd:PROG: CORE: transmission pause. gap 0.980068 quiet_time 0.250000
05-02 19:56:03.620 503 503 I gpsd : gpsd:IO: <= GPS: $GPGGA,003016.99,,,,,0,00,,,,,,,*4C
05-02 19:56:03.620 503 503 I gpsd : gpsd:PROG: NMEA0183: GPGGA starts a reporting cycle. lasttag 25
05-02 19:56:03.622 503 503 I gpsd : gpsd:IO: <= GPS: $GNGLL,,,,,003016.99,V,N*50
05-02 19:56:03.623 503 503 I gpsd : gpsd:PROG: NMEA0183: GNGLL ends a reporting cycle.
05-02 19:56:03.625 503 503 I gpsd : gpsd:IO: <= GPS: $GNGSA,A,1,,,,,,,,,,,,,,,,*2C
05-02 19:56:03.625 503 503 I gpsd : gpsd:PROG: NMEA0183: xxGSA sets mode 1
05-02 19:56:03.625 503 503 I gpsd : gpsd:PROG: NMEA0183: xxGSA: mask 0x402
05-02 19:56:03.626 503 503 I gpsd : gpsd:PROG: NMEA0183: GNGSA is just after a cycle ender.
05-02 19:56:03.628 503 503 I gpsd : gpsd:IO: <= GPS: $GBGSV,1,1,1,14,,,,,,,,,,,,,,,,5*46
05-02 19:56:03.629 503 503 I gpsd : gpsd:PROG: NMEA0183: xBGSV: part 1 of 1, last_gsv_talker '0' last_gsv_sigid 4
05-02 19:56:03.629 503 503 I gpsd : gpsd:PROG: NMEA0183: xBGSV: new part 1, last_gsv_talker '0', zeroing
05-02 19:56:03.629 503 503 I gpsd : gpsd:WARN: NMEA0183: xxGSV: Satellite data no good (1 of 1).
05-02 19:56:03.629 503 503 I gpsd : gpsd:PROG: NMEA0183: GBGSV is just after a cycle ender.
05-02 19:56:03.632 503 503 I gpsd : gpsd:IO: <= GPS: $GNRMC,003016.99,V,,,,,,,020100,,,N,V*1E
05-02 19:56:03.632 503 503 I gpsd : gpsd:PROG: NMEA0183: GNRMC is just after a cycle ender.
05-02 19:56:03.634 503 503 I gpsd : gpsd:IO: <= GPS: $GNVTG,,T,,M,,N,,K,N*32
05-02 19:56:03.634 503 503 I gpsd : gpsd:PROG: NMEA0183: GNVTG is just after a cycle ender.
05-02 19:56:03.637 503 503 I gpsd : gpsd:IO: <= GPS: $GNZDA,003016.99,02,01,2000,,*7D
05-02 19:56:03.637 503 503 I gpsd : gpsd:WARN: WARNING: WKRO bug: leap second 18 inconsistent with 946773016, corrected to 1566088216 (2019-08-18T00:30:16.990Z)
05-02 19:56:03.638 503 503 I gpsd : gpsd:PROG: NMEA0183: GNZDA is just after a cycle ender.
05-02 19:56:04.617 503 503 I gpsd : gpsd:PROG: CORE: transmission pause. gap 0.979722 quiet_time 0.250000
05-02 19:56:04.620 503 503 I gpsd : gpsd:IO: <= GPS: $GPGGA,003017.99,,,,,0,00,,,,,,,*4D
05-02 19:56:04.620 503 503 I gpsd : gpsd:PROG: NMEA0183: GPGGA starts a reporting cycle. lasttag 25
05-02 19:56:04.622 503 503 I gpsd : gpsd:IO: <= GPS: $GNGLL,,,,,003017.99,V,N*51
05-02 19:56:04.623 503 503 I gpsd : gpsd:PROG: NMEA0183: GNGLL ends a reporting cycle.
05-02 19:56:04.625 503 503 I gpsd : gpsd:IO: <= GPS: $GNGSA,A,1,,,,,,,,,,,,,,,,*2C
05-02 19:56:04.625 503 503 I gpsd : gpsd:PROG: NMEA0183: xxGSA sets mode 1
05-02 19:56:04.625 503 503 I gpsd : gpsd:PROG: NMEA0183: xxGSA: mask 0x402
05-02 19:56:04.625 503 503 I gpsd : gpsd:PROG: NMEA0183: GNGSA is just after a cycle ender.
05-02 19:56:04.628 503 503 I gpsd : gpsd:IO: <= GPS: $GBGSV,1,1,1,14,,,,,,,,,,,,,,,,5*46
05-02 19:56:04.629 503 503 I gpsd : gpsd:PROG: NMEA0183: xBGSV: part 1 of 1, last_gsv_talker '0' last_gsv_sigid 4
05-02 19:56:04.629 503 503 I gpsd : gpsd:PROG: NMEA0183: xBGSV: new part 1, last_gsv_talker '0', zeroing
05-02 19:56:04.629 503 503 I gpsd : gpsd:WARN: NMEA0183: xxGSV: Satellite data no good (1 of 1).
05-02 19:56:04.629 503 503 I gpsd : gpsd:PROG: NMEA0183: GBGSV is just after a cycle ender.
05-02 19:56:04.632 503 503 I gpsd : gpsd:IO: <= GPS: $GNRMC,003017.99,V,,,,,,,020100,,,N,V*1F
05-02 19:56:04.632 503 503 I gpsd : gpsd:PROG: NMEA0183: GNRMC is just after a cycle ender.
05-02 19:56:04.634 503 503 I gpsd : gpsd:IO: <= GPS: $GNVTG,,T,,M,,N,,K,N*32
05-02 19:56:04.634 503 503 I gpsd : gpsd:PROG: NMEA0183: GNVTG is just after a cycle ender.
05-02 19:56:04.637 503 503 I gpsd : gpsd:IO: <= GPS: $GNZDA,003017.99,02,01,2000,,*7C
05-02 19:56:04.637 503 503 I gpsd : gpsd:WARN: WARNING: WKRO bug: leap second 18 inconsistent with 946773017, corrected to 1566088217 (2019-08-18T00:30:17.990Z)
05-02 19:56:04.637 503 503 I gpsd : gpsd:PROG: NMEA0183: GNZDA is just after a cycle ender.
05-02 19:56:05.125 368 671 D BufferPoolAccessor2.0: bufferpool2 0xb400f2ab576263d8 : 4(14544896 size) total buffers - 3(12447744 size) used buffers - 1551/1575 (recycle/alloc) - 24/1572 (fetch/transfer)
05-02 19:56:05.125 368 671 D BufferPoolAccessor2.0: evictor expired: 1, evicted: 1
05-02 19:56:05.190 370 1559 D NxpTml : PN54X - I2C Read successful.....
05-02 19:56:05.190 370 1559 D NxpNciR : len = 4 > 600701A1
05-02 19:56:05.190 370 1559 D NxpTml : PN54X - Posting read message.....
05-02 19:56:05.190 370 1562 D NxpHal : read successful status = 0x0
05-02 19:56:05.190 370 1562 D NfccPowerTracker: NfccPowerTracker::ProcessNtf: Enter
05-02 19:56:05.191 1427 1587 I libnfc_nci: [INFO:nfc_ncif.cc(501)] NFC received ntf gid:0
05-02 19:56:05.191 370 1559 D NxpTml : PN54X - Read requested.....
05-02 19:56:05.191 370 1559 D NxpTml : PN54X - Invoking I2C Read.....
05-02 19:56:05.191 1427 1587 I libnfc_nci: [INFO:nci_hrcv.cc(128)] nci_proc_core_ntf opcode:0x7
05-02 19:56:05.191 1427 1587 I libnfc_nci: [INFO:nfa_dm_act.cc(269)] NFC_GEN_ERROR_REVT(0x500d)
05-02 19:56:05.191 1427 1587 I libnfc_nci: [INFO:nfa_dm_discover.cc(1663)] nfa_dm_disc_data_cback
05-02 19:56:05.191 1427 1587 I libnfc_nci: [INFO:nfa_dm_discover.cc(2512)] state: DISCOVERY (1), event: INTF_ERROR_NTF(10) disc_flags: 0x1
05-02 19:56:05.191 1427 1587 I libnfc_nci: [INFO:nfa_dm_discover.cc(2565)] new state: DISCOVERY (1), disc_flags: 0x1
05-02 19:56:05.618 503 503 I gpsd : gpsd:PROG: CORE: transmission pause. gap 0.980691 quiet_time 0.250000
05-02 19:56:05.621 503 503 I gpsd : gpsd:IO: <= GPS: $GPGGA,003018.99,,,,,0,00,,,,,,,*42
05-02 19:56:05.621 503 503 I gpsd : gpsd:PROG: NMEA0183: GPGGA starts a reporting cycle. lasttag 25
05-02 19:56:05.623 503 503 I gpsd : gpsd:IO: <= GPS: $GNGLL,,,,,003018.99,V,N*5E
05-02 19:56:05.624 503 503 I gpsd : gpsd:PROG: NMEA0183: GNGLL ends a reporting cycle.
05-02 19:56:05.626 503 503 I gpsd : gpsd:IO: <= GPS: $GNGSA,A,1,,,,,,,,,,,,,,,,*2C
05-02 19:56:05.626 503 503 I gpsd : gpsd:PROG: NMEA0183: xxGSA sets mode 1
05-02 19:56:05.626 503 503 I gpsd : gpsd:PROG: NMEA0183: xxGSA: mask 0x402
05-02 19:56:05.626 503 503 I gpsd : gpsd:PROG: NMEA0183: GNGSA is just after a cycle ender.
05-02 19:56:05.629 503 503 I gpsd : gpsd:IO: <= GPS: $GBGSV,1,1,1,14,,,,,,,,,,,,,,,,5*46
05-02 19:56:05.629 503 503 I gpsd : gpsd:PROG: NMEA0183: xBGSV: part 1 of 1, last_gsv_talker '0' last_gsv_sigid 4
05-02 19:56:05.630 503 503 I gpsd : gpsd:PROG: NMEA0183: xBGSV: new part 1, last_gsv_talker '0', zeroing
05-02 19:56:05.630 503 503 I gpsd : gpsd:WARN: NMEA0183: xxGSV: Satellite data no good (1 of 1).
05-02 19:56:05.630 503 503 I gpsd : gpsd:PROG: NMEA0183: GBGSV is just after a cycle ender.
05-02 19:56:05.633 503 503 I gpsd : gpsd:IO: <= GPS: $GNRMC,003018.99,V,,,,,,,020100,,,N,V*10
05-02 19:56:05.633 503 503 I gpsd : gpsd:PROG: NMEA0183: GNRMC is just after a cycle ender.
05-02 19:56:05.635 503 503 I gpsd : gpsd:IO: <= GPS: $GNVTG,,T,,M,,N,,K,N*32
05-02 19:56:05.635 503 503 I gpsd : gpsd:PROG: NMEA0183: GNVTG is just after a cycle ender.
05-02 19:56:05.638 503 503 I gpsd : gpsd:IO: <= GPS: $GNZDA,003018.99,02,01,2000,,*73
05-02 19:56:05.638 503 503 I gpsd : gpsd:WARN: WARNING: WKRO bug: leap second 18 inconsistent with 946773018, corrected to 1566088218 (2019-08-18T00:30:18.990Z)
05-02 19:56:05.638 503 503 I gpsd : gpsd:PROG: NMEA0183: GNZDA is just after a cycle ender.
05-02 19:56:06.617 503 503 I gpsd : gpsd:PROG: CORE: transmission pause. gap 0.978663 quiet_time 0.250000
05-02 19:56:06.620 503 503 I gpsd : gpsd:IO: <= GPS: $GPGGA,003019.99,,,,,0,00,,,,,,,*43
05-02 19:56:06.620 503 503 I gpsd : gpsd:PROG: NMEA0183: GPGGA starts a reporting cycle. lasttag 25
05-02 19:56:06.622 503 503 I gpsd : gpsd:IO: <= GPS: $GNGLL,,,,,003019.99,V,N*5F
05-02 19:56:06.622 503 503 I gpsd : gpsd:PROG: NMEA0183: GNGLL ends a reporting cycle.
05-02 19:56:06.625 503 503 I gpsd : gpsd:IO: <= GPS: $GNGSA,A,1,,,,,,,,,,,,,,,,*2C
05-02 19:56:06.625 503 503 I gpsd : gpsd:PROG: NMEA0183: xxGSA sets mode 1
05-02 19:56:06.625 503 503 I gpsd : gpsd:PROG: NMEA0183: xxGSA: mask 0x402
05-02 19:56:06.625 503 503 I gpsd : gpsd:PROG: NMEA0183: GNGSA is just after a cycle ender.
05-02 19:56:06.628 503 503 I gpsd : gpsd:IO: <= GPS: $GBGSV,1,1,1,14,,,,,,,,,,,,,,,,5*46
05-02 19:56:06.628 503 503 I gpsd : gpsd:PROG: NMEA0183: xBGSV: part 1 of 1, last_gsv_talker '0' last_gsv_sigid 4
05-02 19:56:06.629 503 503 I gpsd : gpsd:PROG: NMEA0183: xBGSV: new part 1, last_gsv_talker '0', zeroing
05-02 19:56:06.629 503 503 I gpsd : gpsd:WARN: NMEA0183: xxGSV: Satellite data no good (1 of 1).
05-02 19:56:06.629 503 503 I gpsd : gpsd:PROG: NMEA0183: GBGSV is just after a cycle ender.
05-02 19:56:06.632 503 503 I gpsd : gpsd:IO: <= GPS: $GNRMC,003019.99,V,,,,,,,020100,,,N,V*11
05-02 19:56:06.632 503 503 I gpsd : gpsd:PROG: NMEA0183: GNRMC is just after a cycle ender.
05-02 19:56:06.634 503 503 I gpsd : gpsd:IO: <= GPS: $GNVTG,,T,,M,,N,,K,N*32
05-02 19:56:06.634 503 503 I gpsd : gpsd:PROG: NMEA0183: GNVTG is just after a cycle ender.
05-02 19:56:06.637 503 503 I gpsd : gpsd:IO: <= GPS: $GNZDA,003019.99,02,01,2000,,*72
05-02 19:56:06.637 503 503 I gpsd : gpsd:WARN: WARNING: WKRO bug: leap second 18 inconsistent with 946773019, corrected to 1566088219 (2019-08-18T00:30:19.990Z)
05-02 19:56:06.637 503 503 I gpsd : gpsd:PROG: NMEA0183: GNZDA is just after a cycle ender.
05-02 19:56:07.617 503 503 I gpsd : gpsd:PROG: CORE: transmission pause. gap 0.979621 quiet_time 0.250000
05-02 19:56:07.620 503 503 I gpsd : gpsd:IO: <= GPS: $GPGGA,003020.99,,,,,0,00,,,,,,,*49
05-02 19:56:07.620 503 503 I gpsd : gpsd:PROG: NMEA0183: GPGGA starts a reporting cycle. lasttag 25
05-02 19:56:07.622 503 503 I gpsd : gpsd:IO: <= GPS: $GNGLL,,,,,003020.99,V,N*55
05-02 19:56:07.622 503 503 I gpsd : gpsd:PROG: NMEA0183: GNGLL ends a reporting cycle.
05-02 19:56:07.625 503 503 I gpsd : gpsd:IO: <= GPS: $GNGSA,A,1,,,,,,,,,,,,,,,,*2C
05-02 19:56:07.625 503 503 I gpsd : gpsd:PROG: NMEA0183: xxGSA sets mode 1
05-02 19:56:07.625 503 503 I gpsd : gpsd:PROG: NMEA0183: xxGSA: mask 0x402
05-02 19:56:07.625 503 503 I gpsd : gpsd:PROG: NMEA0183: GNGSA is just after a cycle ender.
05-02 19:56:07.628 503 503 I gpsd : gpsd:IO: <= GPS: $GBGSV,1,1,1,14,,,,,,,,,,,,,,,,5*46
05-02 19:56:07.628 503 503 I gpsd : gpsd:PROG: NMEA0183: xBGSV: part 1 of 1, last_gsv_talker '0' last_gsv_sigid 4
05-02 19:56:07.628 503 503 I gpsd : gpsd:PROG: NMEA0183: xBGSV: new part 1, last_gsv_talker '0', zeroing
05-02 19:56:07.629 503 503 I gpsd : gpsd:WARN: NMEA0183: xxGSV: Satellite data no good (1 of 1).
05-02 19:56:07.629 503 503 I gpsd : gpsd:PROG: NMEA0183: GBGSV is just after a cycle ender.
05-02 19:56:07.632 503 503 I gpsd : gpsd:IO: <= GPS: $GNRMC,003020.99,V,,,,,,,020100,,,N,V*1B
05-02 19:56:07.632 503 503 I gpsd : gpsd:PROG: NMEA0183: GNRMC is just after a cycle ender.
05-02 19:56:07.634 503 503 I gpsd : gpsd:IO: <= GPS: $GNVTG,,T,,M,,N,,K,N*32
05-02 19:56:07.634 503 503 I gpsd : gpsd:PROG: NMEA0183: GNVTG is just after a cycle ender.
05-02 19:56:07.637 503 503 I gpsd : gpsd:IO: <= GPS: $GNZDA,003020.99,02,01,2000,,*78
05-02 19:56:07.637 503 503 I gpsd : gpsd:WARN: WARNING: WKRO bug: leap second 18 inconsistent with 946773020, corrected to 1566088220 (2019-08-18T00:30:20.990Z)
05-02 19:56:07.637 503 503 I gpsd : gpsd:PROG: NMEA0183: GNZDA is just after a cycle ender.
05-02 19:56:08.616 503 503 I gpsd : gpsd:PROG: CORE: transmission pause. gap 0.979709 quiet_time 0.250000
05-02 19:56:08.619 503 503 I gpsd : gpsd:IO: <= GPS: $GPGGA,003021.99,,,,,0,00,,,,,,,*48
05-02 19:56:08.620 503 503 I gpsd : gpsd:PROG: NMEA0183: GPGGA starts a reporting cycle. lasttag 25
05-02 19:56:08.622 503 503 I gpsd : gpsd:IO: <= GPS: $GNGLL,,,,,003021.99,V,N*54
05-02 19:56:08.622 503 503 I gpsd : gpsd:PROG: NMEA0183: GNGLL ends a reporting cycle.
05-02 19:56:08.625 503 503 I gpsd : gpsd:IO: <= GPS: $GNGSA,A,1,,,,,,,,,,,,,,,,*2C
05-02 19:56:08.625 503 503 I gpsd : gpsd:PROG: NMEA0183: xxGSA sets mode 1
05-02 19:56:08.625 503 503 I gpsd : gpsd:PROG: NMEA0183: xxGSA: mask 0x402
05-02 19:56:08.625 503 503 I gpsd : gpsd:PROG: NMEA0183: GNGSA is just after a cycle ender.
05-02 19:56:08.628 503 503 I gpsd : gpsd:IO: <= GPS: $GBGSV,1,1,1,14,,,,,,,,,,,,,,,,5*46
05-02 19:56:08.628 503 503 I gpsd : gpsd:PROG: NMEA0183: xBGSV: part 1 of 1, last_gsv_talker '0' last_gsv_sigid 4
05-02 19:56:08.628 503 503 I gpsd : gpsd:PROG: NMEA0183: xBGSV: new part 1, last_gsv_talker '0', zeroing
05-02 19:56:08.629 503 503 I gpsd : gpsd:WARN: NMEA0183: xxGSV: Satellite data no good (1 of 1).
05-02 19:56:08.629 503 503 I gpsd : gpsd:PROG: NMEA0183: GBGSV is just after a cycle ender.
05-02 19:56:08.632 503 503 I gpsd : gpsd:IO: <= GPS: $GNRMC,003021.99,V,,,,,,,020100,,,N,V*1A
05-02 19:56:08.632 503 503 I gpsd : gpsd:PROG: NMEA0183: GNRMC is just after a cycle ender.
05-02 19:56:08.634 503 503 I gpsd : gpsd:IO: <= GPS: $GNVTG,,T,,M,,N,,K,N*32
05-02 19:56:08.634 503 503 I gpsd : gpsd:PROG: NMEA0183: GNVTG is just after a cycle ender.
05-02 19:56:08.637 503 503 I gpsd : gpsd:IO: <= GPS: $GNZDA,003021.99,02,01,2000,,*79
05-02 19:56:08.637 503 503 I gpsd : gpsd:WARN: WARNING: WKRO bug: leap second 18 inconsistent with 946773021, corrected to 1566088221 (2019-08-18T00:30:21.990Z)
05-02 19:56:08.637 503 503 I gpsd : gpsd:PROG: NMEA0183: GNZDA is just after a cycle ender.
05-02 19:56:09.617 503 503 I gpsd : gpsd:PROG: CORE: transmission pause. gap 0.980092 quiet_time 0.250000
05-02 19:56:09.620 503 503 I gpsd : gpsd:IO: <= GPS: $GPGGA,003022.99,,,,,0,00,,,,,,,*4B
05-02 19:56:09.620 503 503 I gpsd : gpsd:PROG: NMEA0183: GPGGA starts a reporting cycle. lasttag 25
05-02 19:56:09.622 503 503 I gpsd : gpsd:IO: <= GPS: $GNGLL,,,,,003022.99,V,N*57
05-02 19:56:09.622 503 503 I gpsd : gpsd:PROG: NMEA0183: GNGLL ends a reporting cycle.
05-02 19:56:09.625 503 503 I gpsd : gpsd:IO: <= GPS: $GNGSA,A,1,,,,,,,,,,,,,,,,*2C
05-02 19:56:09.625 503 503 I gpsd : gpsd:PROG: NMEA0183: xxGSA sets mode 1
05-02 19:56:09.625 503 503 I gpsd : gpsd:PROG: NMEA0183: xxGSA: mask 0x402
05-02 19:56:09.625 503 503 I gpsd : gpsd:PROG: NMEA0183: GNGSA is just after a cycle ender.
05-02 19:56:09.628 503 503 I gpsd : gpsd:IO: <= GPS: $GBGSV,1,1,1,14,,,,,,,,,,,,,,,,5*46
05-02 19:56:09.628 503 503 I gpsd : gpsd:PROG: NMEA0183: xBGSV: part 1 of 1, last_gsv_talker '0' last_gsv_sigid 4
05-02 19:56:09.629 503 503 I gpsd : gpsd:PROG: NMEA0183: xBGSV: new part 1, last_gsv_talker '0', zeroing
05-02 19:56:09.629 503 503 I gpsd : gpsd:WARN: NMEA0183: xxGSV: Satellite data no good (1 of 1).
05-02 19:56:09.629 503 503 I gpsd : gpsd:PROG: NMEA0183: GBGSV is just after a cycle ender.
05-02 19:56:09.632 503 503 I gpsd : gpsd:IO: <= GPS: $GNRMC,003022.99,V,,,,,,,020100,,,N,V*19
05-02 19:56:09.632 503 503 I gpsd : gpsd:PROG: NMEA0183: GNRMC is just after a cycle ender.
05-02 19:56:09.634 503 503 I gpsd : gpsd:IO: <= GPS: $GNVTG,,T,,M,,N,,K,N*32
05-02 19:56:09.634 503 503 I gpsd : gpsd:PROG: NMEA0183: GNVTG is just after a cycle ender.
05-02 19:56:09.637 503 503 I gpsd : gpsd:IO: <= GPS: $GNZDA,003022.99,02,01,2000,,*7A
05-02 19:56:09.637 503 503 I gpsd : gpsd:WARN: WARNING: WKRO bug: leap second 18 inconsistent with 946773022, corrected to 1566088222 (2019-08-18T00:30:22.990Z)
05-02 19:56:09.637 503 503 I gpsd : gpsd:PROG: NMEA0183: GNZDA is just after a cycle ender.
05-02 19:56:10.617 503 503 I gpsd : gpsd:PROG: CORE: transmission pause. gap 0.980196 quiet_time 0.250000
05-02 19:56:10.620 503 503 I gpsd : gpsd:IO: <= GPS: $GPGGA,003023.99,,,,,0,00,,,,,,,*4A
05-02 19:56:10.620 503 503 I gpsd : gpsd:PROG: NMEA0183: GPGGA starts a reporting cycle. lasttag 25
05-02 19:56:10.623 503 503 I gpsd : gpsd:IO: <= GPS: $GNGLL,,,,,003023.99,V,N*56
05-02 19:56:10.623 503 503 I gpsd : gpsd:PROG: NMEA0183: GNGLL ends a reporting cycle.
05-02 19:56:10.625 503 503 I gpsd : gpsd:IO: <= GPS: $GNGSA,A,1,,,,,,,,,,,,,,,,*2C
05-02 19:56:10.626 503 503 I gpsd : gpsd:PROG: NMEA0183: xxGSA sets mode 1
05-02 19:56:10.626 503 503 I gpsd : gpsd:PROG: NMEA0183: xxGSA: mask 0x402
05-02 19:56:10.626 503 503 I gpsd : gpsd:PROG: NMEA0183: GNGSA is just after a cycle ender.
05-02 19:56:10.629 503 503 I gpsd : gpsd:IO: <= GPS: $GBGSV,1,1,1,14,,,,,,,,,,,,,,,,5*46
05-02 19:56:10.629 503 503 I gpsd : gpsd:PROG: NMEA0183: xBGSV: part 1 of 1, last_gsv_talker '0' last_gsv_sigid 4
05-02 19:56:10.629 503 503 I gpsd : gpsd:PROG: NMEA0183: xBGSV: new part 1, last_gsv_talker '0', zeroing
05-02 19:56:10.629 503 503 I gpsd : gpsd:WARN: NMEA0183: xxGSV: Satellite data no good (1 of 1).
05-02 19:56:10.629 503 503 I gpsd : gpsd:PROG: NMEA0183: GBGSV is just after a cycle ender.
05-02 19:56:10.632 503 503 I gpsd : gpsd:IO: <= GPS: $GNRMC,003023.99,V,,,,,,,020100,,,N,V*18
05-02 19:56:10.632 503 503 I gpsd : gpsd:PROG: NMEA0183: GNRMC is just after a cycle ender.
05-02 19:56:10.634 503 503 I gpsd : gpsd:IO: <= GPS: $GNVTG,,T,,M,,N,,K,N*32
05-02 19:56:10.635 503 503 I gpsd : gpsd:PROG: NMEA0183: GNVTG is just after a cycle ender.
05-02 19:56:10.637 503 503 I gpsd : gpsd:IO: <= GPS: $GNZDA,003023.99,02,01,2000,,*7B
05-02 19:56:10.638 503 503 I gpsd : gpsd:WARN: WARNING: WKRO bug: leap second 18 inconsistent with 946773023, corrected to 1566088223 (2019-08-18T00:30:23.990Z)
05-02 19:56:10.638 503 503 I gpsd : gpsd:PROG: NMEA0183: GNZDA is just after a cycle ender.
05-02 19:56:11.616 503 503 I gpsd : gpsd:PROG: CORE: transmission pause. gap 0.978518 quiet_time 0.250000
05-02 19:56:11.619 503 503 I gpsd : gpsd:IO: <= GPS: $GPGGA,003024.99,,,,,0,00,,,,,,,*4D
05-02 19:56:11.619 503 503 I gpsd : gpsd:PROG: NMEA0183: GPGGA starts a reporting cycle. lasttag 25
05-02 19:56:11.621 503 503 I gpsd : gpsd:IO: <= GPS: $GNGLL,,,,,003024.99,V,N*51
05-02 19:56:11.622 503 503 I gpsd : gpsd:PROG: NMEA0183: GNGLL ends a reporting cycle.
05-02 19:56:11.624 503 503 I gpsd : gpsd:IO: <= GPS: $GNGSA,A,1,,,,,,,,,,,,,,,,*2C
05-02 19:56:11.624 503 503 I gpsd : gpsd:PROG: NMEA0183: xxGSA sets mode 1
05-02 19:56:11.624 503 503 I gpsd : gpsd:PROG: NMEA0183: xxGSA: mask 0x402
05-02 19:56:11.625 503 503 I gpsd : gpsd:PROG: NMEA0183: GNGSA is just after a cycle ender.
05-02 19:56:11.627 503 503 I gpsd : gpsd:IO: <= GPS: $GBGSV,1,1,1,14,,,,,,,,,,,,,,,,5*46
05-02 19:56:11.627 503 503 I gpsd : gpsd:PROG: NMEA0183: xBGSV: part 1 of 1, last_gsv_talker '0' last_gsv_sigid 4
05-02 19:56:11.628 503 503 I gpsd : gpsd:PROG: NMEA0183: xBGSV: new part 1, last_gsv_talker '0', zeroing
05-02 19:56:11.628 503 503 I gpsd : gpsd:WARN: NMEA0183: xxGSV: Satellite data no good (1 of 1).
05-02 19:56:11.628 503 503 I gpsd : gpsd:PROG: NMEA0183: GBGSV is just after a cycle ender.
05-02 19:56:11.631 503 503 I gpsd : gpsd:IO: <= GPS: $GNRMC,003024.99,V,,,,,,,020100,,,N,V*1F
05-02 19:56:11.631 503 503 I gpsd : gpsd:PROG: NMEA0183: GNRMC is just after a cycle ender.
05-02 19:56:11.633 503 503 I gpsd : gpsd:IO: <= GPS: $GNVTG,,T,,M,,N,,K,N*32
05-02 19:56:11.633 503 503 I gpsd : gpsd:PROG: NMEA0183: GNVTG is just after a cycle ender.
05-02 19:56:11.636 503 503 I gpsd : gpsd:IO: <= GPS: $GNZDA,003024.99,02,01,2000,,*7C
05-02 19:56:11.636 503 503 I gpsd : gpsd:WARN: WARNING: WKRO bug: leap second 18 inconsistent with 946773024, corrected to 1566088224 (2019-08-18T00:30:24.990Z)
05-02 19:56:11.636 503 503 I gpsd : gpsd:PROG: NMEA0183: GNZDA is just after a cycle ender.