05-02 19:39:28.271 534 855 I SyncManager: Loaded persisted syncs: 0 periodic syncs, 0 oneshot syncs, 13 total system server jobs, JobStats: FirstLoad: 0/0/0 LastSave: 1/1/0
05-02 19:39:28.277 534 534 I StorageUserConnection: Service: [ComponentInfo{com.android.providers.media.module/com.android.providers.media.fuse.ExternalStorageServiceImpl}] connected. User [0]
05-02 19:39:28.288 534 995 I commit_sys_config_file: [settings-2-0,30]
05-02 19:39:28.299 534 991 D PackageManager: Instant App installer not found with android.intent.action.INSTALL_INSTANT_APP_PACKAGE
05-02 19:39:28.299 534 991 D PackageManager: Clear ephemeral installer activity
05-02 19:39:28.302 534 968 I wm_finish_activity: [0,245166587,6,com.android.provision/.DefaultActivity,app-request]
05-02 19:39:28.303 534 968 I wm_pause_activity: [0,245166587,com.android.provision/.DefaultActivity,userLeaving=false]
05-02 19:39:28.306 1490 1490 I wm_on_create_called: [245166587,com.android.provision.DefaultActivity,performCreate]
05-02 19:39:28.320 534 571 I sysui_multi_action: [757,1144,758,7,806,com.android.provision,871,com.android.provision.DefaultActivity]
05-02 19:39:28.326 534 534 I LockSettingsService: Reporting device setup complete to IGateKeeperService
05-02 19:39:28.413 534 566 I ActivityTaskManager: START u0 {act=android.intent.action.MAIN cat=[android.intent.category.HOME] flg=0x10000100 cmp=com.android.launcher3/.uioverrides.QuickstepLauncher} from uid 0
05-02 19:39:28.429 534 566 I wm_task_created: [7,0]
05-02 19:39:28.431 534 566 I wm_stack_created: 7
05-02 19:39:28.435 534 566 I wm_task_moved: [7,1,2147483647]
05-02 19:39:28.439 534 566 I wm_create_task: [0,7]
05-02 19:39:28.439 534 566 I wm_create_activity: [0,195075200,7,com.android.launcher3/.uioverrides.QuickstepLauncher,android.intent.action.MAIN,NULL,NULL,268435712]
05-02 19:39:28.441 534 566 I wm_task_moved: [7,1,2147483647]
05-02 19:39:28.447 534 534 W Looper : Slow dispatch took 168ms main h=com.android.providers.settings.SettingsProvider$SettingsRegistry$MyHandler c=null m=1
05-02 19:39:28.449 534 534 I sysui_multi_action: [757,1501,758,1,793,774,794,0,795,774,796,13,797,PreBootBroadcaster,806,android,857,UPDATES,858,2,947,0,1500,0]
05-02 19:39:28.458 534 566 I wm_restart_activity: [0,195075200,7,com.android.launcher3/.uioverrides.QuickstepLauncher]
05-02 19:39:28.461 534 566 I wm_set_resumed_activity: [0,com.android.launcher3/.uioverrides.QuickstepLauncher,minimalResumeActivityLocked]
05-02 19:39:28.463 534 534 I sysui_multi_action: [757,804,799,note_interruptive,801,0,802,1]
05-02 19:39:28.467 534 534 W NotificationHistory: Attempted to add notif for locked/gone/disabled user 0
05-02 19:39:28.513 534 571 I sysui_multi_action: [757,803,799,window_time_0,802,1]
05-02 19:39:28.538 534 534 I DevicePolicyManager: Set ro.organization_owned property to false
05-02 19:39:28.582 534 839 I dvm_lock_sample: [system_server,0,backup,389,UserBackupManagerService.java,3257,void com.android.server.backup.UserBackupManagerService.setBackupEnabled(boolean),-,2596,void com.android.server.backup.UserBackupManagerService.dataChangedImpl(java.lang.String, java.util.HashSet),77]
05-02 19:39:28.665 534 569 D AutofillUI: destroySaveUiUiThread(): already destroyed
05-02 19:39:28.667 534 577 D AutofillManagerServiceImpl: Reset component for user 0:
05-02 19:39:28.695 534 569 D AutofillUI: destroySaveUiUiThread(): already destroyed
05-02 19:39:28.696 534 577 D AutofillManagerServiceImpl: Reset component for user 0:
05-02 19:39:28.697 228 228 I auditd : avc: denied { find } for interface=vendor.nxp.nxpnfc::INxpNfc sid=u:r:nfc:s0 pid=1427 scontext=u:r:nfc:s0 tcontext=u:object_r:default_android_hwservice:s0 tclass=hwservice_manager permissive=1
05-02 19:39:28.717 534 577 D FieldClassificationStrategy: reset(): service is not bound. Do nothing.
05-02 19:39:28.721 0 0 I pn54x_dev_open: 10,123
05-02 19:39:28.725 0 0 I : pn54x_dev_ioctl, cmd=1074063617, arg=0
05-02 19:39:28.732 0 0 I : pn544_disable power off
05-02 19:39:28.751 534 570 I DropBoxManagerService: add tag=system_app_strictmode isTagEnabled=true flags=0x2
05-02 19:39:28.769 534 534 W Looper : Drained
05-02 19:39:28.769 534 534 W Looper : Slow dispatch took 184ms main h=com.android.server.job.controllers.QuotaController$QcHandler c=null m=3
05-02 19:39:28.778 534 1404 I dvm_lock_sample: [system_server,0,backup-0,192,UserBackupManagerService.java,2576,void com.android.server.backup.UserBackupManagerService.dataChangedImpl(java.lang.String, java.util.HashSet),-,3308,void com.android.server.backup.UserBackupManagerService.setBackupEnabled(boolean),38]
05-02 19:39:28.778 534 1404 V BackupManagerConstants: getKeyValueBackupIntervalMilliseconds(...) returns 14400000
05-02 19:39:28.778 534 1404 V BackupManagerConstants: getKeyValueBackupFuzzMilliseconds(...) returns 600000
05-02 19:39:28.778 534 1404 V BackupManagerConstants: getKeyValueBackupRequiredNetworkType(...) returns 1
05-02 19:39:28.778 534 1404 V BackupManagerConstants: getKeyValueBackupRequireCharging(...) returns true
05-02 19:39:28.778 534 1404 V KeyValueBackupJob: Scheduling k/v pass in 245 minutes
05-02 19:39:28.787 534 577 D PinnerService: pinRangeStream: null
05-02 19:39:28.806 534 570 I commit_sys_config_file: [jobs,14]
05-02 19:39:28.843 0 0 E regulator-dummy: Underflow of regulator enable count
05-02 19:39:28.868 534 577 I chatty : uid=1000(system) android.bg identical 1 line
05-02 19:39:28.869 534 577 D PinnerService: pinRangeStream: null
05-02 19:39:28.873 534 993 I am_uid_running: 10065
05-02 19:39:28.874 0 0 I chatty : uid=0(root) logd identical 2 lines
05-02 19:39:28.875 534 993 D CompatibilityChangeReporter: Compat change id reported: 135634846; UID 10065; state: DISABLED
05-02 19:39:28.876 534 993 D CompatibilityChangeReporter: Compat change id reported: 135754954; UID 10065; state: ENABLED
05-02 19:39:28.878 534 579 D CompatibilityChangeReporter: Compat change id reported: 143937733; UID 10065; state: ENABLED
05-02 19:39:28.895 0 0 E regulator-dummy: Underflow of regulator enable count
05-02 19:39:28.927 0 0 I : pn54x_dev_ioctl, cmd=1074063617, arg=1
05-02 19:39:28.945 0 0 I : pn544_enable power on
05-02 19:39:29.016 534 579 W ActivityManager: Slow operation: 141ms so far, now at startProcess: returned from zygote!
05-02 19:39:29.017 534 579 W ActivityManager: Slow operation: 142ms so far, now at startProcess: done updating battery stats
05-02 19:39:29.017 534 579 I am_proc_start: [0,1547,10065,android.process.media,content provider,{com.android.providers.media/com.android.providers.media.LegacyMediaProvider}]
05-02 19:39:29.017 534 579 W ActivityManager: Slow operation: 143ms so far, now at startProcess: building log message
05-02 19:39:29.017 534 579 I ActivityManager: Start proc 1547:android.process.media/u0a65 for content provider {com.android.providers.media/com.android.providers.media.LegacyMediaProvider}
05-02 19:39:29.017 534 579 W ActivityManager: Slow operation: 143ms so far, now at startProcess: starting to update pids map
05-02 19:39:29.018 534 579 W ActivityManager: Slow operation: 144ms so far, now at startProcess: done updating pids map
05-02 19:39:29.063 0 0 E pn54x_dev_write: i2c_master_send returned -6
05-02 19:39:29.102 534 990 I am_proc_bound: [0,1547,android.process.media]
05-02 19:39:29.110 534 990 I am_uid_active: 10065
05-02 19:39:29.136 534 571 W WindowManager: App freeze timeout expired.
05-02 19:39:29.350 237 237 I vold : Bind mounting //data/media/0/Android/data on /mnt/user/0/emulated/0/Android/data
05-02 19:39:29.353 534 594 I dvm_lock_sample: [system_server,0,PackageManager,8,PackageManagerService.java,21441,int com.android.server.pm.PackageManagerService.getComponentEnabledSetting(android.content.ComponentName, int),-,4980,android.content.pm.ApplicationInfo com.android.server.pm.PackageManagerService.getApplicationInfoInternal(java.lang.String, int, int, int),1]
05-02 19:39:29.353 534 594 I WindowManager: Force finishing activity ActivityRecord{e9cf1fb u0 com.android.provision/.DefaultActivity t6 f}}
05-02 19:39:29.353 534 594 W ActivityTaskManager: Duplicate finish request for r=ActivityRecord{e9cf1fb u0 com.android.provision/.DefaultActivity t6 f}}
05-02 19:39:29.355 237 237 I vold : Bind mounted //data/media/0/Android/data on /mnt/user/0/emulated/0/Android/data
05-02 19:39:29.355 237 237 I vold : Bind mounting //data/media/0/Android/obb on /mnt/user/0/emulated/0/Android/obb
05-02 19:39:29.358 534 571 I wm_destroy_activity: [0,197813651,3,com.android.settings/.FallbackHome,finish-idle]
05-02 19:39:29.359 237 237 I vold : Bind mounted //data/media/0/Android/obb on /mnt/user/0/emulated/0/Android/obb
05-02 19:39:29.359 237 237 I vold : Configuring read_ahead of /mnt/user/0/emulated fuse filesystem to 256kb
05-02 19:39:29.359 534 571 I wm_destroy_activity: [0,245166587,6,com.android.provision/.DefaultActivity,finish-idle]
05-02 19:39:29.359 237 237 I vold : Writing 256 to /sys/class/bdi/0:61/read_ahead_kb
05-02 19:39:29.359 237 237 I vold : Configuring max_ratio of /mnt/user/0/emulated fuse filesystem to 40
05-02 19:39:29.360 237 237 I vold : Writing 40 to /sys/class/bdi/0:61/max_ratio
05-02 19:39:29.361 534 646 I StorageManagerService: Mounted volume VolumeInfo{emulated;0}:
05-02 19:39:29.361 534 646 I StorageManagerService: type=EMULATED diskId=null partGuid= mountFlags=PRIMARY|VISIBLE
05-02 19:39:29.361 534 646 I StorageManagerService: mountUserId=0 state=CHECKING
05-02 19:39:29.361 534 646 I StorageManagerService: fsType=null fsUuid=null fsLabel=null
05-02 19:39:29.361 534 646 I StorageManagerService: path=/storage/emulated internalPath=/data/media
05-02 19:39:29.361 534 646 I StorageSessionController: Notifying volume state changed for session with id: emulated;0
05-02 19:39:29.365 534 571 I sysui_multi_action: [757,803,799,window_time_0,802,1]
05-02 19:39:29.367 1490 1490 I wm_on_destroy_called: [245166587,com.android.provision.DefaultActivity,performDestroy]
05-02 19:39:29.373 534 968 I wm_task_removed: [6,removeTask]
05-02 19:39:29.374 534 968 I wm_stack_removed: 6
05-02 19:39:29.375 534 968 I wm_task_removed: [6,removeChild: last r=ActivityRecord{e9cf1fb u0 com.android.provision/.DefaultActivity t-1 f}} in t=Task{5171e65 #6 visible=false type=home mode=fullscreen translucent=true A=10117:com.android.provision U=0 StackId=6 sz=0}]
05-02 19:39:29.375 534 968 I wm_task_removed: [6,removeTask]
05-02 19:39:29.379 1225 1225 I wm_on_destroy_called: [197813651,com.android.settings.FallbackHome,performDestroy]
05-02 19:39:29.400 534 968 I wm_task_removed: [3,removeTask]
05-02 19:39:29.400 534 968 I wm_stack_removed: 3
05-02 19:39:29.401 534 968 I wm_task_removed: [3,removeChild: last r=ActivityRecord{bca6593 u0 com.android.settings/.FallbackHome t-1 f}} in t=Task{2d239d0 #3 visible=false type=home mode=fullscreen translucent=true A=1000:com.android.settings.FallbackHome U=0 StackId=3 sz=0}]
05-02 19:39:29.402 534 968 I wm_task_removed: [3,removeTask]
05-02 19:39:29.409 534 990 W AppWidgetServiceImpl: Failed to read state: java.io.FileNotFoundException: /data/system/users/0/appwidgets.xml: open failed: ENOENT (No such file or directory)
05-02 19:39:29.409 534 990 V AppWidgetServiceImpl: Upgrading widget database from 0 to 1
05-02 19:39:29.413 534 534 I Telecom : DefaultDialerCache: Refreshing default dialer for user 0: now com.android.dialer: DDC.oR@AAc
05-02 19:39:29.428 534 568 I RoleManagerService: Granting default roles...
05-02 19:39:29.481 534 577 W VoiceInteractionManager: no available voice interaction services found for user 0
05-02 19:39:29.596 534 995 D PackageManager: Instant App installer not found with android.intent.action.INSTALL_INSTANT_APP_PACKAGE
05-02 19:39:29.596 534 995 D PackageManager: Clear ephemeral installer activity
05-02 19:39:29.685 534 566 I sysui_multi_action: [757,856,758,1,806,com.android.mtp,857,device_notification_channel,858,2]
05-02 19:39:29.725 534 991 I dvm_lock_sample: [system_server,1,Binder:534_9,51,UserManagerService.java,5133,boolean com.android.server.pm.UserManagerService$LocalService.isUserUnlockingOrUnlocked(int),-,5135,boolean com.android.server.pm.UserManagerService$LocalService.isUserUnlockingOrUnlocked(int),10]
05-02 19:39:29.726 534 585 I dvm_lock_sample: [system_server,0,FileObserver,71,WallpaperManagerService.java,226,com.android.server.wallpaper.WallpaperManagerService$WallpaperData com.android.server.wallpaper.WallpaperManagerService$WallpaperObserver.dataForEvent(boolean, boolean),-,2105,void com.android.server.wallpaper.WallpaperManagerService.setDimensionHints(int, int, java.lang.String, int),14]
05-02 19:39:29.728 534 646 I StorageSessionController: Notifying volume state changed for session with id: emulated;0
05-02 19:39:29.731 534 534 W StorageManagerService: Reporting emulated;0 unmounted due to system locked
05-02 19:39:29.733 534 534 W StorageManagerService: Reporting emulated;0 unmounted due to system locked
05-02 19:39:29.735 1168 1168 I service_manager_slow: [58,isub]
05-02 19:39:29.749 1427 1427 I service_manager_slow: [18,vrmanager]
05-02 19:39:29.778 534 570 I commit_sys_config_file: [notification-policy,64]
05-02 19:39:29.779 534 570 I DropBoxManagerService: add tag=system_app_strictmode isTagEnabled=true flags=0x2
05-02 19:39:29.783 534 577 I service_manager_slow: [65,companiondevice]
05-02 19:39:29.920 534 570 I chatty : uid=1000(system) android.io identical 5 lines
05-02 19:39:29.930 534 570 I DropBoxManagerService: add tag=system_app_strictmode isTagEnabled=true flags=0x2
05-02 19:39:29.932 534 617 W StorageManagerService: Reporting emulated;0 unmounted due to system locked
05-02 19:39:29.940 534 570 I DropBoxManagerService: add tag=system_app_strictmode isTagEnabled=true flags=0x2
05-02 19:39:30.031 534 570 I DropBoxManagerService: add tag=system_app_strictmode isTagEnabled=true flags=0x2
05-02 19:39:30.042 534 534 W StorageManagerService: Reporting emulated;0 unmounted due to system locked
05-02 19:39:30.043 534 534 W StorageManagerService: Reporting emulated;0 unmounted due to system locked
05-02 19:39:30.100 370 370 I auditd : type=1400 audit(0.0:286): avc: denied { write } for comm="nfc@1.2-service" name="nfc" dev="dm-6" ino=16137 scontext=u:r:hal_nfc_default:s0 tcontext=u:object_r:vendor_data_file:s0 tclass=dir permissive=1
05-02 19:39:30.100 370 370 I auditd : type=1400 audit(0.0:287): avc: denied { add_name } for comm="nfc@1.2-service" name="libnfc-nxpConfigState.bin" scontext=u:r:hal_nfc_default:s0 tcontext=u:object_r:vendor_data_file:s0 tclass=dir permissive=1
05-02 19:39:30.100 370 370 I auditd : type=1400 audit(0.0:288): avc: denied { create } for comm="nfc@1.2-service" name="libnfc-nxpConfigState.bin" scontext=u:r:hal_nfc_default:s0 tcontext=u:object_r:vendor_data_file:s0 tclass=file permissive=1
05-02 19:39:30.100 370 370 I auditd : type=1400 audit(0.0:289): avc: denied { read write open } for comm="nfc@1.2-service" path="/data/vendor/nfc/libnfc-nxpConfigState.bin" dev="dm-6" ino=16141 scontext=u:r:hal_nfc_default:s0 tcontext=u:object_r:vendor_data_file:s0 tclass=file permissive=1
05-02 19:39:30.100 370 370 I auditd : type=1400 audit(0.0:290): avc: denied { getattr } for comm="nfc@1.2-service" path="/data/vendor/nfc/libnfc-nxpConfigState.bin" dev="dm-6" ino=16141 scontext=u:r:hal_nfc_default:s0 tcontext=u:object_r:vendor_data_file:s0 tclass=file permissive=1
05-02 19:39:30.105 534 995 W StorageManagerService: Reporting emulated;0 unmounted due to system locked
05-02 19:39:30.114 534 570 I DropBoxManagerService: add tag=system_app_strictmode isTagEnabled=true flags=0x2
05-02 19:39:30.188 534 968 I dvm_lock_sample: [system_server,1,Binder:534_6,152,AppWidgetServiceImpl.java,1507,android.os.Bundle com.android.server.appwidget.AppWidgetServiceImpl.getAppWidgetOptions(java.lang.String, int),-,4304,void com.android.server.appwidget.AppWidgetServiceImpl$SaveStateRunnable.run(),30]
05-02 19:39:30.276 534 570 I chatty : uid=1000(system) android.io identical 3 lines
05-02 19:39:30.395 1111 1111 I wm_on_create_called: [195075200,com.android.launcher3.uioverrides.QuickstepLauncher,performCreate]
05-02 19:39:30.418 1111 1111 I wm_on_start_called: [195075200,com.android.launcher3.uioverrides.QuickstepLauncher,handleStartActivity]
05-02 19:39:30.420 534 570 I DropBoxManagerService: add tag=system_app_strictmode isTagEnabled=true flags=0x2
05-02 19:39:30.424 1111 1111 I wm_on_resume_called: [195075200,com.android.launcher3.uioverrides.QuickstepLauncher,RESUME_ACTIVITY]
05-02 19:39:30.462 534 534 W CarrierConfigManager: Error getting config for subId -1 ICarrierConfigLoader is null
05-02 19:39:30.463 534 534 I Telecom : PhoneAccountRegistrar: getSimCallManager: SimCallManager for subId -1 queried, returning: null: TSI.gSCMFU@AAg
05-02 19:39:30.485 0 0 I AidlLazyServiceRegistrar: Process has 1 (of 1 available) client(s) in use after notification android.apex.IApexService has clients: 1
05-02 19:39:30.488 1111 1111 I wm_on_top_resumed_gained_called: [195075200,com.android.launcher3.uioverrides.QuickstepLauncher,topStateChangedWhenResumed]
05-02 19:39:30.496 534 534 I Telecom : PhoneAccountRegistrar: getSimCallManager: SimCallManager for subId -1 queried, returning: null: TSI.gSCMFU@AAk
05-02 19:39:30.556 0 0 I AidlLazyServiceRegistrar: Process has 0 (of 1 available) client(s) in use after notification android.apex.IApexService has clients: 0
05-02 19:39:30.592 0 0 I AidlLazyServiceRegistrar: Shutdown prevented by forcePersist override flag.
05-02 19:39:30.595 534 570 I DropBoxManagerService: add tag=system_app_strictmode isTagEnabled=true flags=0x2
05-02 19:39:30.802 534 568 I RoleManagerService: Granting default roles...
05-02 19:39:30.804 534 646 I StorageSessionController: Notifying volume state changed for session with id: emulated;0
05-02 19:39:30.831 534 534 I Telecom : DefaultDialerCache: Refreshing default dialer for user 0: now com.android.dialer: DDC.oR@AAo
05-02 19:39:30.881 534 577 I sysui_multi_action: [757,1717,758,1,759,0]
05-02 19:39:30.882 534 577 I sysui_multi_action: [757,1717,758,2,759,0]
05-02 19:39:30.882 534 577 I sysui_multi_action: [757,1717,758,3,759,0]
05-02 19:39:30.914 534 572 V WindowManager: Orientation start waiting for draw, mDrawState=DRAW_PENDING in Window{ad78ab7 u0 com.android.systemui.ImageWallpaper}, surfaceController Surface(name=com.android.systemui.ImageWallpaper)/@0xbf20e98
05-02 19:39:30.979 534 1404 D CompatibilityChangeReporter: Compat change id reported: 135634846; UID 1000; state: DISABLED
05-02 19:39:30.981 534 1404 D CompatibilityChangeReporter: Compat change id reported: 135754954; UID 1000; state: ENABLED
05-02 19:39:31.021 534 579 W ActivityManager: Slow operation: 62ms so far, now at startProcess: asking zygote to start proc
05-02 19:39:31.022 534 1404 W ActivityManager: Slow operation: 65ms so far, now at startProcess: done starting proc!
05-02 19:39:31.025 534 991 I dvm_lock_sample: [system_server,1,Binder:534_9,102,ActivityManagerService.java,6811,java.lang.String com.android.server.am.ActivityManagerService.checkContentProviderAccess(java.lang.String, int),-,15168,int com.android.server.am.ActivityManagerService.bindIsolatedService(android.app.IApplicationThread, android.os.IBinder, android.content.Intent, java.lang.String, android.app.IServiceConnection, int, java.lang.String, java.lang.String, int),20]
05-02 19:39:31.038 534 1404 I backup_transport_lifecycle: [com.android.localtransport/.LocalTransportService,1]
05-02 19:39:31.165 534 579 W ActivityManager: Slow operation: 206ms so far, now at startProcess: returned from zygote!
05-02 19:39:31.179 534 579 W ActivityManager: Slow operation: 220ms so far, now at startProcess: done updating battery stats
05-02 19:39:31.179 534 579 I am_proc_start: [0,1599,1000,com.android.localtransport,service,{com.android.localtransport/com.android.localtransport.LocalTransportService}]
05-02 19:39:31.180 534 579 W ActivityManager: Slow operation: 221ms so far, now at startProcess: building log message
05-02 19:39:31.180 534 579 I ActivityManager: Start proc 1599:com.android.localtransport/1000 for service {com.android.localtransport/com.android.localtransport.LocalTransportService}
05-02 19:39:31.180 534 579 W ActivityManager: Slow operation: 221ms so far, now at startProcess: starting to update pids map
05-02 19:39:31.184 534 577 I dvm_lock_sample: [system_server,0,android.bg,300,PackageManagerService.java,7130,java.lang.String com.android.server.pm.PackageManagerService.getInstantAppPackageName(int),,0,null,60]
05-02 19:39:31.238 534 579 W ActivityManager: Slow operation: 279ms so far, now at startProcess: done updating pids map
05-02 19:39:31.319 534 571 V WindowManager: Orientation start waiting for draw, mDrawState=DRAW_PENDING in Window{674e261 u0 ImmersiveModeConfirmation}, surfaceController Surface(name=ImmersiveModeConfirmation)/@0xe1dd19d
05-02 19:39:31.322 534 571 V WindowManager: Orientation start waiting for draw, mDrawState=DRAW_PENDING in Window{bff54aa u0 com.android.launcher3/com.android.launcher3.uioverrides.QuickstepLauncher}, surfaceController Surface(name=com.android.launcher3/com.android.launcher3.uioverrides.QuickstepLauncher)/@0x87c0647
05-02 19:39:31.337 534 571 V WindowManager: Orientation start waiting for draw, mDrawState=DRAW_PENDING in Window{ad78ab7 u0 com.android.systemui.ImageWallpaper}, surfaceController Surface(name=com.android.systemui.ImageWallpaper)/@0xbf20e98
05-02 19:39:31.359 534 569 W Looper : Slow dispatch took 159ms android.ui h=com.android.server.wm.ImmersiveModeConfirmation$H c=null m=2
05-02 19:39:31.396 1599 1599 I service_manager_slow: [18,activity]
05-02 19:39:31.402 534 617 I dvm_lock_sample: [system_server,0,Binder:534_4,101,Session.java,501,void com.android.server.wm.Session.insetsModified(android.view.IWindow, android.view.InsetsState),WindowManagerService.java,5151,void com.android.server.wm.WindowManagerService$H.handleMessage(android.os.Message),20]
05-02 19:39:31.403 1168 1168 I service_manager_slow: [86,isub]
05-02 19:39:31.419 534 968 I dvm_lock_sample: [system_server,1,Binder:534_6,57,WindowManagerService.java,2127,int com.android.server.wm.WindowManagerService.relayoutWindow(com.android.server.wm.Session, android.view.IWindow, int, android.view.WindowManager$LayoutParams, int, int, int, int, long, android.graphics.Rect, android.graphics.Rect, android.graphics.Rect, android.graphics.Rect, android.graphics.Rect, android.view.DisplayCutout$ParcelableWrapper, android.util.MergedConfiguration, android.view.SurfaceControl, android.view.InsetsState, android.view.InsetsSourceControl[], android.graphics.Point, android.view.SurfaceControl),-,5151,void com.android.server.wm.WindowManagerService$H.handleMessage(android.os.Message),11]
05-02 19:39:31.427 534 968 V WindowManager: Orientation start waiting for draw, mDrawState=DRAW_PENDING in Window{674e261 u0 ImmersiveModeConfirmation}, surfaceController Surface(name=ImmersiveModeConfirmation)/@0xe1dd19d
05-02 19:39:31.428 534 968 V WindowManager: Orientation start waiting for draw, mDrawState=DRAW_PENDING in Window{bff54aa u0 com.android.launcher3/com.android.launcher3.uioverrides.QuickstepLauncher}, surfaceController Surface(name=com.android.launcher3/com.android.launcher3.uioverrides.QuickstepLauncher)/@0x87c0647
05-02 19:39:31.428 534 968 V WindowManager: Orientation start waiting for draw, mDrawState=DRAW_PENDING in Window{ad78ab7 u0 com.android.systemui.ImageWallpaper}, surfaceController Surface(name=com.android.systemui.ImageWallpaper)/@0xbf20e98
05-02 19:39:31.438 534 566 I dvm_lock_sample: [system_server,1,Binder:534_2,130,ActivityTaskManagerService.java,4498,int com.android.server.wm.ActivityTaskManagerService.getLastResumedActivityUserId(),,0,null,26]
05-02 19:39:31.450 534 993 I am_proc_bound: [0,1599,com.android.localtransport]
05-02 19:39:31.532 534 569 W Looper : Slow dispatch took 112ms android.ui h=android.view.ViewRootImpl$ViewRootHandler c=null m=3
05-02 19:39:31.535 534 993 I dvm_lock_sample: [system_server,1,Binder:534_B,35,ActivityTaskManagerService.java,6875,void com.android.server.wm.ActivityTaskManagerService$LocalService.preBindApplication(com.android.server.wm.WindowProcessController),WindowManagerService.java,1901,void com.android.server.wm.WindowManagerService.removeWindow(com.android.server.wm.Session, android.view.IWindow),7]
05-02 19:39:31.538 534 993 W ActivityManager: Slow operation: 88ms so far, now at attachApplicationLocked: immediately after bindApplication
05-02 19:39:31.559 379 379 I sf_frame_dur: [ImmersiveModeConfirmation#0,0,3,4,0,1,0,2]
05-02 19:39:31.561 534 991 I dvm_lock_sample: [system_server,1,Binder:534_9,57,PackageManagerService.java,7130,java.lang.String com.android.server.pm.PackageManagerService.getInstantAppPackageName(int),-,24607,boolean com.android.server.pm.PackageManagerService$PackageManagerInternalImpl.userNeedsBadging(int),11]
05-02 19:39:31.570 534 566 I dvm_lock_sample: [system_server,1,Binder:534_2,68,PermissionManagerService.java,897,int com.android.server.pm.permission.PermissionManagerService.checkPermission(java.lang.String, java.lang.String, int),PackageManagerService.java,24607,boolean com.android.server.pm.PackageManagerService$PackageManagerInternalImpl.userNeedsBadging(int),13]
05-02 19:39:31.602 1405 1496 I dvm_lock_sample: [com.android.providers.media.modu,0,fg,264,MediaProvider.java,392,java.util.Set com.android.providers.media.MediaProvider.getExternalVolumeNames(),-,345,void com.android.providers.media.MediaProvider.updateVolumes(),52]
05-02 19:39:31.619 534 993 W ActivityManager: Slow operation: 169ms so far, now at attachApplicationLocked: after updateLruProcessLocked
05-02 19:39:31.667 534 993 W ActivityManager: Slow operation: 217ms so far, now at attachApplicationLocked: after mServices.attachApplicationLocked
05-02 19:39:31.689 534 646 D StorageManagerService: Volume emulated;0 broadcasting mounted to UserHandle{0}
05-02 19:39:31.762 534 646 D StorageManagerService: Volume emulated;0 broadcasting mounted to UserHandle{0}
05-02 19:39:31.763 534 577 W VoiceInteractionManager: no available voice interaction services found for user 0
05-02 19:39:31.849 534 572 I WindowManager: Screen frozen for +4s841ms due to Window{bff54aa u0 com.android.launcher3/com.android.launcher3.uioverrides.QuickstepLauncher}
05-02 19:39:31.917 534 570 I DropBoxManagerService: add tag=system_app_strictmode isTagEnabled=true flags=0x2
05-02 19:39:31.938 534 565 I dvm_lock_sample: [system_server,1,Binder:534_1,35,PackageManagerService.java,4840,int com.android.server.pm.PackageManagerService.getPackageUidInternal(java.lang.String, int, int, int),,0,null,7]
05-02 19:39:31.977 534 570 I DropBoxManagerService: add tag=system_app_strictmode isTagEnabled=true flags=0x2
05-02 19:39:32.043 534 577 I sysui_multi_action: [319,2766,322,2515,325,194,757,761,758,8,759,2,806,com.android.launcher3,871,com.android.launcher3.uioverrides.QuickstepLauncher,905,0,1320,5,1321,1]
05-02 19:39:32.051 534 577 I wm_activity_launch_time: [0,195075200,com.android.launcher3/.uioverrides.QuickstepLauncher,2515]
05-02 19:39:32.147 534 566 I dvm_lock_sample: [system_server,1,Binder:534_2,309,WindowManagerService.java,2573,void com.android.server.wm.WindowManagerService.finishDrawingWindow(com.android.server.wm.Session, android.view.IWindow, android.view.SurfaceControl$Transaction),-,3212,float com.android.server.wm.WindowManagerService.getCurrentAnimatorScale(),61]
05-02 19:39:32.245 534 534 I backup_transport_connection: [com.android.localtransport/.LocalTransportService,1]
05-02 19:39:32.247 534 534 I TransportClient: LocalTransportService#0: Notifying [TransportManager.registerTransport()] transport = IBackupTransport
05-02 19:39:32.286 534 1404 D BackupTransportManager: Transport com.android.localtransport/.LocalTransportService registered
05-02 19:39:32.287 534 1404 D BackupManagerService: [UserID:0] Transport com.android.localtransport/.LocalTransport registered 4790ms after first request (delay = 3000ms)
05-02 19:39:32.339 534 1404 I backup_transport_lifecycle: [com.android.localtransport/.LocalTransportService,0]
05-02 19:39:32.352 534 1404 I backup_transport_connection: [com.android.localtransport/.LocalTransportService,0]
05-02 19:39:32.478 0 0 E pn54x_dev_write: i2c_master_send returned -6
05-02 19:39:32.516 1427 1427 I auditd : type=1400 audit(0.0:291): avc: denied { write } for comm=4173796E635461736B202331 name="nfc" dev="dm-6" ino=16137 scontext=u:r:nfc:s0 tcontext=u:object_r:vendor_data_file:s0 tclass=dir permissive=1
05-02 19:39:32.516 1427 1427 I auditd : type=1400 audit(0.0:292): avc: denied { add_name } for comm=4173796E635461736B202331 name="nfaStorage.bin1" scontext=u:r:nfc:s0 tcontext=u:object_r:vendor_data_file:s0 tclass=dir permissive=1
05-02 19:39:32.516 1427 1427 I auditd : type=1400 audit(0.0:293): avc: denied { create } for comm=4173796E635461736B202331 name="nfaStorage.bin1" scontext=u:r:nfc:s0 tcontext=u:object_r:vendor_data_file:s0 tclass=file permissive=1
05-02 19:39:32.516 1427 1427 I auditd : type=1400 audit(0.0:294): avc: denied { write open } for comm=4173796E635461736B202331 path="/data/vendor/nfc/nfaStorage.bin1" dev="dm-6" ino=16142 scontext=u:r:nfc:s0 tcontext=u:object_r:vendor_data_file:s0 tclass=file permissive=1
05-02 19:39:32.801 1168 1168 I service_manager_stats: [806,2643,5003]
05-02 19:39:33.351 534 570 I DropBoxManagerService: add tag=system_app_strictmode isTagEnabled=true flags=0x2
05-02 19:39:35.356 534 577 I sysui_multi_action: [757,1717,758,1,759,0]
05-02 19:39:35.357 534 577 I sysui_multi_action: [757,1717,758,2,759,0]
05-02 19:39:35.357 534 577 I sysui_multi_action: [757,1717,758,3,759,0]
05-02 19:39:35.598 1111 1111 I sysui_multi_action: [757,224,758,2]
05-02 19:39:37.311 534 566 I ActivityTaskManager: START u0 {act=android.intent.action.MAIN cat=[android.intent.category.LAUNCHER] flg=0x10200000 cmp=com.android.settings/.Settings bnds=[1528,459][1908,612]} from uid 10119
05-02 19:39:37.312 534 566 I wm_task_created: [8,-1]
05-02 19:39:37.313 534 566 I wm_stack_created: 8
05-02 19:39:37.320 534 566 I wm_create_task: [0,8]
05-02 19:39:37.320 534 566 I wm_create_activity: [0,222931791,8,com.android.settings/.Settings,android.intent.action.MAIN,NULL,NULL,270532608]
05-02 19:39:37.322 534 566 I wm_pause_activity: [0,195075200,com.android.launcher3/.uioverrides.QuickstepLauncher,userLeaving=true]
05-02 19:39:37.333 0 0 E tlv320aic31xx-codec 1-0018: ##Divyesh tlv aic31xx_hw_params: width 16 rate 48000
05-02 19:39:37.348 0 0 E tlv320aic31xx-codec 1-0018: ##Divyesh tlv pll 8.0000/1 dosr 32 n 1 m 8 aosr 32 n 1 m 8 bclk_n 8
05-02 19:39:37.358 0 0 E fsl-sai 30010000.sai: Divyesh tlv > ratio 8 for freq 1536000Hz based on clock 12288000Hz
05-02 19:39:37.367 0 0 E fsl-sai 30010000.sai: Divyesh tlv best fit: clock id=1, ratio=8, deviation=0
05-02 19:39:37.378 0 0 E tlv320aic31xx-codec 1-0018: ##Divyesh tlv aic31xx_set_bias_level: 1 -> 2
05-02 19:39:37.387 1111 1111 I wm_on_top_resumed_lost_called: [195075200,com.android.launcher3.uioverrides.QuickstepLauncher,topStateChangedWhenResumed]
05-02 19:39:37.390 1111 1111 I wm_on_paused_called: [195075200,com.android.launcher3.uioverrides.QuickstepLauncher,performPause]
05-02 19:39:37.393 0 0 E tlv320aic31xx-codec 1-0018: ##Divyesh tlv codec clock -> on (rate 48000)
05-02 19:39:37.399 534 566 W ActivityTaskManager: Tried to set launchTime (0) < mLastActivityLaunchTime (185773)
05-02 19:39:37.400 534 566 I wm_add_to_stopping: [0,195075200,com.android.launcher3/.uioverrides.QuickstepLauncher,makeInvisible]
05-02 19:39:37.402 534 566 I wm_restart_activity: [0,222931791,8,com.android.settings/.Settings]
05-02 19:39:37.404 534 566 I wm_set_resumed_activity: [0,com.android.settings/.Settings,minimalResumeActivityLocked]
05-02 19:39:37.457 0 0 E tlv320aic31xx-codec 1-0018: ##Divyesh tlv aic31xx_set_bias_level: 2 -> 3
05-02 19:39:37.485 534 577 I am_pss : [906,10127,com.android.permissioncontroller,17887232,12083200,0,119943168,0,6,14]
05-02 19:39:37.486 0 0 E tlv320aic31xx-codec 1-0018: ##Divyesh tlv Enter : aic31xx_dac_mute
05-02 19:39:37.493 0 0 E tlv320aic31xx-codec 1-0018: ##Divyesh tlv Enter : aic31xx_dac_mute >> Else function > unmute
05-02 19:39:37.495 534 571 I sysui_multi_action: [757,803,799,window_time_0,802,8]
05-02 19:39:37.803 1225 1225 I wm_on_create_called: [222931791,com.android.settings.Settings,performCreate]
05-02 19:39:30.496 534 534 W CarrierConfigManager: Error getting config for subId -1 ICarrierConfigLoader is null
05-02 19:39:38.029 1168 1168 D TelephonyComponentFactory: validated paths: null
05-02 19:39:38.030 1168 1168 D TelephonyComponentFactory: Total components injected: 0
05-02 19:39:38.031 1168 1168 D TDC : updateOrInsert: inserting: Modem { uuid=modem, state=0, rilModel=0, rat={}, maxActiveVoiceCall=1, maxActiveDataCall=1, maxStandby=1 }
05-02 19:39:38.031 1168 1168 D TDC : updateOrInsert: inserting: Sim { uuid=sim, modemUuid=modem, state=0 }
05-02 19:39:38.066 1168 1168 E PersistAtomsStorage: cannot load/parse PersistAtoms
05-02 19:39:38.066 1168 1168 E PersistAtomsStorage: java.nio.file.NoSuchFileException: /data/user_de/0/com.android.phone/files/persist_atoms.pb
05-02 19:39:38.066 1168 1168 E PersistAtomsStorage: at sun.nio.fs.UnixFileSystemProvider.newByteChannel(UnixFileSystemProvider.java:214)
05-02 19:39:38.066 1168 1168 E PersistAtomsStorage: at java.nio.file.Files.newByteChannel(Files.java:361)
05-02 19:39:38.066 1168 1168 E PersistAtomsStorage: at java.nio.file.Files.newByteChannel(Files.java:407)
05-02 19:39:38.066 1168 1168 E PersistAtomsStorage: at java.nio.file.Files.readAllBytes(Files.java:3152)
05-02 19:39:38.066 1168 1168 E PersistAtomsStorage: at com.android.internal.telephony.metrics.PersistAtomsStorage.loadAtomsFromFile(PersistAtomsStorage.java:132)
05-02 19:39:38.066 1168 1168 E PersistAtomsStorage: at com.android.internal.telephony.metrics.PersistAtomsStorage.(PersistAtomsStorage.java:60)
05-02 19:39:38.066 1168 1168 E PersistAtomsStorage: at com.android.internal.telephony.metrics.MetricsCollector.(MetricsCollector.java:88)
05-02 19:39:38.066 1168 1168 E PersistAtomsStorage: at com.android.internal.telephony.PhoneFactory.makeDefaultPhone(PhoneFactory.java:149)
05-02 19:39:38.066 1168 1168 E PersistAtomsStorage: at com.android.internal.telephony.PhoneFactory.makeDefaultPhones(PhoneFactory.java:105)
05-02 19:39:38.066 1168 1168 E PersistAtomsStorage: at com.android.phone.PhoneGlobals.onCreate(PhoneGlobals.java:346)
05-02 19:39:38.066 1168 1168 E PersistAtomsStorage: at com.android.phone.PhoneApp.onCreate(PhoneApp.java:39)
05-02 19:39:38.066 1168 1168 E PersistAtomsStorage: at android.app.Instrumentation.callApplicationOnCreate(Instrumentation.java:1192)
05-02 19:39:38.066 1168 1168 E PersistAtomsStorage: at android.app.ActivityThread.handleBindApplication(ActivityThread.java:6715)
05-02 19:39:38.066 1168 1168 E PersistAtomsStorage: at android.app.ActivityThread.access$1300(ActivityThread.java:237)
05-02 19:39:38.066 1168 1168 E PersistAtomsStorage: at android.app.ActivityThread$H.handleMessage(ActivityThread.java:1913)
05-02 19:39:38.066 1168 1168 E PersistAtomsStorage: at android.os.Handler.dispatchMessage(Handler.java:106)
05-02 19:39:38.066 1168 1168 E PersistAtomsStorage: at android.os.Looper.loop(Looper.java:223)
05-02 19:39:38.066 1168 1168 E PersistAtomsStorage: at android.app.ActivityThread.main(ActivityThread.java:7660)
05-02 19:39:38.066 1168 1168 E PersistAtomsStorage: at java.lang.reflect.Method.invoke(Native Method)
05-02 19:39:38.066 1168 1168 E PersistAtomsStorage: at com.android.internal.os.RuntimeInit$MethodAndArgsCaller.run(RuntimeInit.java:592)
05-02 19:39:38.066 1168 1168 E PersistAtomsStorage: at com.android.internal.os.ZygoteInit.main(ZygoteInit.java:947)
05-02 19:39:38.071 1168 1168 D PersistAtomsStorage: created new PersistAtoms
05-02 19:39:38.077 1168 1168 I service_manager_stats: [3461,1286,5276]
05-02 19:39:38.079 1168 1168 D MetricsCollector: registered
05-02 19:39:38.083 1168 1168 D CdmaSSM : subscriptionSource from settings: 0
05-02 19:39:38.083 1168 1168 I PhoneFactory: Cdma Subscription set to 0
05-02 19:39:38.084 1168 1168 I PhoneFactory: Network Mode set to 0
05-02 19:39:38.086 1168 1168 D RILJ : RIL: init preferredNetworkType=0 cdmaSubscription=0) [PHONEnull]
05-02 19:39:38.126 477 477 D RILC : setResponseFunctions
05-02 19:39:38.146 477 477 D RILC : rilConnectedInd
05-02 19:39:38.146 477 477 I RILC : RIL_SOCKET_1 UNSOLICITED: UNSOL_RIL_CONNECTED length:4
05-02 19:39:38.147 477 477 D RILC : radioStateChangedInd: radioState 1
05-02 19:39:38.147 477 477 I RILC : RIL_SOCKET_1 UNSOLICITED: UNSOL_RESPONSE_RADIO_STATE_CHANGED length:0
05-02 19:39:38.147 477 477 I RILC : RIL Daemon version: S11.0.5-0
05-02 19:39:38.152 1168 1668 D RILJ : Unsol response received; Sending ack to ril.cpp [PHONE0]
05-02 19:39:38.153 1168 1668 D RILJ : [UNSL]< UNSOL_RIL_CONNECTED [PHONE0]
05-02 19:39:38.157 1168 1168 D RILJ : [0001]> GET_HARDWARE_CONFIG [PHONE0]
05-02 19:39:38.157 477 477 D RILC : getHardwareConfig: serial 1
05-02 19:39:38.158 477 477 D RILC : getHardwareConfig: serial 1, mSlotId = 0
05-02 19:39:38.158 477 477 D RIL : onRequest: 124, GET_HARDWARE_CONFIG datalen: 0, data 0x0
05-02 19:39:38.158 477 477 D RILC : RequestComplete, RIL_SOCKET_1
05-02 19:39:38.158 477 477 E RILC : Calling responseFunction() for token 1
05-02 19:39:38.158 477 477 D RILC : getHardwareConfigResponse: serial 1
05-02 19:39:38.159 1168 1168 E RILJ : IOemHook service is not on the device HAL: java.util.NoSuchElementException [PHONE0]
05-02 19:39:38.160 1168 1168 D RILJ : Radio HAL version: 1.4 [PHONE0]
05-02 19:39:38.160 1168 1668 D RILJ : [0002]> RADIO_POWER on = false forEmergencyCall= false preferredForEmergencyCall=false [PHONE0]
05-02 19:39:38.161 1168 1168 D UiccController: Creating UiccController
05-02 19:39:38.161 477 477 D RILC : setRadioPower: serial 2 on 0
05-02 19:39:38.161 1168 1168 D UiccController: config_num_physical_slots = 1
05-02 19:39:38.162 477 477 D RIL : onRequest: 23, RADIO_POWER datalen: 4, data 0xb400f57f544a4090
05-02 19:39:38.162 477 477 D RILC : RequestComplete, RIL_SOCKET_1
05-02 19:39:38.162 477 477 E RILC : Calling responseFunction() for token 2
05-02 19:39:38.162 477 477 D RILC : setRadioPowerResponse: serial 2
05-02 19:39:38.164 1168 1668 D RILJ : [0003]> RIL_REQUEST_CDMA_SET_SUBSCRIPTION_SOURCE cdmaSubscription = 0 [PHONE0]
05-02 19:39:38.165 477 477 D RILC : setCdmaSubscriptionSource: serial 3
05-02 19:39:38.165 477 477 D RIL : onRequest: 77, CDMA_SET_SUBSCRIPTION_SOURCE datalen: 4, data 0xb400f57f544a4090
05-02 19:39:38.165 477 477 D RILC : RequestComplete, RIL_SOCKET_1
05-02 19:39:38.166 477 477 E RILC : Calling responseFunction() for token 3
05-02 19:39:38.166 477 477 D RILC : setCdmaSubscriptionSourceResponse: serial 3
05-02 19:39:38.167 1168 1668 D RILJ : [0001]< GET_HARDWARE_CONFIG error 1 [PHONE0]
05-02 19:39:38.168 1168 1668 D RilRequest: [0001]< GET_HARDWARE_CONFIG error: com.android.internal.telephony.CommandException: RADIO_NOT_AVAILABLE ret=
05-02 19:39:38.173 1168 1668 D RILJ : Unsol response received; Sending ack to ril.cpp [PHONE0]
05-02 19:39:38.173 1168 1668 D RILJ : [UNSL]< UNSOL_RESPONSE_RADIO_STATE_CHANGED radioStateChanged: 2 [PHONE0]
05-02 19:39:38.174 1168 1668 D RILJ : [0002]< RADIO_POWER error 1 [PHONE0]
05-02 19:39:38.175 1168 1668 D RilRequest: [0002]< RADIO_POWER error: com.android.internal.telephony.CommandException: RADIO_NOT_AVAILABLE ret=
05-02 19:39:38.176 1168 1668 D RILJ : [0003]< RIL_REQUEST_CDMA_SET_SUBSCRIPTION_SOURCE error 1 [PHONE0]
05-02 19:39:38.177 1168 1668 D RilRequest: [0003]< RIL_REQUEST_CDMA_SET_SUBSCRIPTION_SOURCE error: com.android.internal.telephony.CommandException: RADIO_NOT_AVAILABLE ret=
05-02 19:39:38.177 1168 1168 I PhoneFactory: Creating SubscriptionController
05-02 19:39:38.192 1168 1168 D SubscriptionController: [SubscriptionController] init by Context
05-02 19:39:38.197 1168 1168 I PhoneFactory: Creating Phone with type = 1 phoneId = 0
05-02 19:39:38.198 1168 1168 D TelephonyTester: register for intent action=com.android.internal.telephony.action_detached
05-02 19:39:38.198 1168 1168 D TelephonyTester: register for intent action=com.android.internal.telephony.action_attached
05-02 19:39:38.198 1168 1168 D TelephonyTester: register for intent action=com.android.internal.telephony.TestServiceState
05-02 19:39:38.198 1168 1168 D TelephonyTester: register for intent action=com.android.internal.telephony.TestChangeNumber
05-02 19:39:38.202 534 566 I am_uid_running: 10099
05-02 19:39:38.203 534 566 D CompatibilityChangeReporter: Compat change id reported: 135634846; UID 10099; state: DISABLED
05-02 19:39:38.204 534 566 D CompatibilityChangeReporter: Compat change id reported: 135754954; UID 10099; state: DISABLED
05-02 19:39:38.204 534 579 D CompatibilityChangeReporter: Compat change id reported: 143937733; UID 10099; state: DISABLED
05-02 19:39:38.206 1168 1168 D Phone : mDoesRilSendMultipleCallRing=true
05-02 19:39:38.207 1168 1168 D Phone : mCallRingDelay=3000
05-02 19:39:38.227 1168 1168 D SmsDispatchersController: SmsDispatchersController created
05-02 19:39:38.243 1225 1225 I wm_on_start_called: [222931791,com.android.settings.Settings,handleStartActivity]
05-02 19:39:38.257 1225 1225 I snet_event_log: [120484087,-1,]
05-02 19:39:38.258 534 584 W KernelCpuProcStringReader: File not found. It's normal if not implemented: /proc/uid_time_in_state
05-02 19:39:38.258 1225 1225 I wm_on_resume_called: [222931791,com.android.settings.Settings,RESUME_ACTIVITY]
05-02 19:39:38.261 534 584 W KernelCpuProcStringReader: File not found. It's normal if not implemented: /proc/uid_concurrent_active_time
05-02 19:39:38.263 534 584 W KernelCpuProcStringReader: File not found. It's normal if not implemented: /proc/uid_concurrent_policy_time
05-02 19:39:38.265 1168 1168 E ImsSmsDispatcher [0]: Failed to get sms format. Error: getSmsFormat()
05-02 19:39:38.265 1168 1168 D SMSDispatcher: SMSDispatcher: ctor mSmsCapable=false format=unknown mSmsSendDisabled=true
05-02 19:39:38.266 1168 1168 W FeatureConnector: [ImsSmsDispatcher, 0] connect: not supported.
05-02 19:39:38.267 1225 1225 I sysui_multi_action: [757,1502,758,1,833,0,1089,394]
05-02 19:39:38.280 534 579 W ActivityManager: Slow operation: 78ms so far, now at startProcess: returned from zygote!
05-02 19:39:38.289 1168 1168 D SMSDispatcher: SMSDispatcher: ctor mSmsCapable=false format=3gpp2 mSmsSendDisabled=true
05-02 19:39:38.290 1168 1168 D CdmaSMSDispatcher: CdmaSMSDispatcher created
05-02 19:39:38.308 534 579 W ActivityManager: Slow operation: 105ms so far, now at startProcess: done updating battery stats
05-02 19:39:38.309 534 579 I am_proc_start: [0,1673,10099,com.android.settings.intelligence,service,{com.android.settings.intelligence/com.android.settings.intelligence.suggestions.SuggestionService}]
05-02 19:39:38.309 534 579 W ActivityManager: Slow operation: 107ms so far, now at startProcess: building log message
05-02 19:39:38.310 534 579 I ActivityManager: Start proc 1673:com.android.settings.intelligence/u0a99 for service {com.android.settings.intelligence/com.android.settings.intelligence.suggestions.SuggestionService}
05-02 19:39:38.310 534 579 W ActivityManager: Slow operation: 107ms so far, now at startProcess: starting to update pids map
05-02 19:39:38.316 534 579 W ActivityManager: Slow operation: 112ms so far, now at startProcess: done updating pids map
05-02 19:39:38.331 1225 1225 I sysui_multi_action: [757,35,758,1,833,0,1089,375]
05-02 19:39:38.381 1225 1694 I service_manager_slow: [26,storagestats]
05-02 19:39:38.416 534 594 I commit_sys_config_file: [package-user-0,40]
05-02 19:39:38.418 534 617 I dvm_lock_sample: [system_server,1,Binder:534_4,31,PermissionManagerService.java,974,int com.android.server.pm.permission.PermissionManagerService.checkUidPermission(java.lang.String, int),PackageManagerService.java,1809,void com.android.server.pm.PackageManagerService$PackageHandler.doHandleMessage(android.os.Message),6]
05-02 19:39:38.419 534 617 I am_uid_running: 10122
05-02 19:39:38.420 534 617 D CompatibilityChangeReporter: Compat change id reported: 135634846; UID 10122; state: DISABLED
05-02 19:39:38.430 534 617 D CompatibilityChangeReporter: Compat change id reported: 135754954; UID 10122; state: ENABLED
05-02 19:39:38.430 534 579 D CompatibilityChangeReporter: Compat change id reported: 143937733; UID 10122; state: ENABLED
05-02 19:39:38.451 1225 1225 I sysui_multi_action: [757,1729,758,4,854,isParalleledControllers:false,1089,499]
05-02 19:39:38.454 534 566 I am_proc_bound: [0,1673,com.android.settings.intelligence]
05-02 19:39:38.460 1225 1225 I wm_on_top_resumed_gained_called: [222931791,com.android.settings.Settings,topStateChangedWhenResumed]
05-02 19:39:38.461 534 566 I dvm_lock_sample: [system_server,1,Binder:534_2,6,WindowProcessController.java,245,void com.android.server.wm.WindowProcessController.setThread(android.app.IApplicationThread),WindowManagerService.java,1736,int com.android.server.wm.WindowManagerService.addWindow(com.android.server.wm.Session, android.view.IWindow, int, android.view.WindowManager$LayoutParams, int, int, android.graphics.Rect, android.graphics.Rect, android.graphics.Rect, android.view.DisplayCutout$ParcelableWrapper, android.view.InputChannel, android.view.InsetsState, android.view.InsetsSourceControl[], int),1]
05-02 19:39:38.462 534 566 D CompatibilityChangeReporter: Compat change id reported: 136274596; UID 1000; state: ENABLED
05-02 19:39:38.464 534 566 I am_uid_active: 10099
05-02 19:39:38.470 1168 1168 D GsmInboundSmsHandler: created InboundSmsHandler
05-02 19:39:38.512 1168 1684 D GsmInboundSmsHandler: StartupState.enter: entering StartupState
05-02 19:39:38.582 1168 1168 D CdmaInboundSmsHandler: created InboundSmsHandler
05-02 19:39:38.590 534 579 W ActivityManager: Slow operation: 170ms so far, now at startProcess: returned from zygote!
05-02 19:39:38.596 534 579 W ActivityManager: Slow operation: 173ms so far, now at startProcess: done updating battery stats
05-02 19:39:38.596 534 579 I am_proc_start: [0,1698,10122,com.android.smspush,service,{com.android.smspush/com.android.smspush.WapPushManager}]
05-02 19:39:38.596 534 579 W ActivityManager: Slow operation: 176ms so far, now at startProcess: building log message
05-02 19:39:38.596 534 579 I ActivityManager: Start proc 1698:com.android.smspush/u0a122 for service {com.android.smspush/com.android.smspush.WapPushManager}
05-02 19:39:38.596 534 579 W ActivityManager: Slow operation: 177ms so far, now at startProcess: starting to update pids map
05-02 19:39:38.597 534 579 W ActivityManager: Slow operation: 177ms so far, now at startProcess: done updating pids map
05-02 19:39:38.602 1168 1697 D CdmaInboundSmsHandler: StartupState.enter: entering StartupState
05-02 19:39:38.604 1168 1168 D SMSDispatcher: SMSDispatcher: ctor mSmsCapable=false format=3gpp mSmsSendDisabled=true
05-02 19:39:38.605 1168 1168 D GsmSMSDispatcher: GsmSMSDispatcher created
05-02 19:39:38.606 1168 1684 D GsmInboundSmsHandler: StartupState.processMessage: processing EVENT_START_ACCEPTING_SMS
05-02 19:39:38.606 1168 1684 D GsmInboundSmsHandler: IdleState.enter: entering IdleState
05-02 19:39:38.606 1168 1684 D GsmInboundSmsHandler: IdleState.processMessage: processing EVENT_RELEASE_WAKELOCK
05-02 19:39:38.607 1168 1697 D CdmaInboundSmsHandler: StartupState.processMessage: processing EVENT_START_ACCEPTING_SMS
05-02 19:39:38.607 1168 1697 D CdmaInboundSmsHandler: IdleState.enter: entering IdleState
05-02 19:39:38.607 1168 1697 D CdmaInboundSmsHandler: IdleState.processMessage: processing EVENT_RELEASE_WAKELOCK
05-02 19:39:38.609 1168 1697 D CdmaInboundSmsHandler: IdleState.processMessage: EVENT_RELEASE_WAKELOCK: mWakeLock released
05-02 19:39:38.611 1168 1168 D CdmaSSM : subscriptionSource from settings: 0
05-02 19:39:38.612 1168 1168 D CdmaSSM : cdmaSSM constructor: 0
05-02 19:39:38.613 1168 1684 D GsmInboundSmsHandler: IdleState.processMessage: EVENT_RELEASE_WAKELOCK: mWakeLock released
05-02 19:39:38.616 1168 1712 W CarrierConfigManager: Error getting config for subId -1 ICarrierConfigLoader is null
05-02 19:39:38.616 1168 1712 D SmsBroadcastUndelivered: scanning raw table for undelivered messages
05-02 19:39:38.622 534 991 I am_proc_bound: [0,1698,com.android.smspush]
05-02 19:39:38.626 534 991 I am_uid_active: 10122
05-02 19:39:38.630 1168 1168 D GsmCdmaPhone: [0] Precise phone type 1
05-02 19:39:38.631 1168 1168 D RILJ : setPhoneType=1 old value=0 [PHONE0]
05-02 19:39:38.634 1168 1168 D CarrierActionAgent: [0]Creating CarrierActionAgent
05-02 19:39:38.636 1168 1168 W CarrierConfigManager: Error getting config for subId -1 ICarrierConfigLoader is null
05-02 19:39:38.638 1168 1168 D TransportManager: operates in AP-assisted mode.
05-02 19:39:38.649 1168 1168 W CarrierConfigManager: Error getting config for subId -1 ICarrierConfigLoader is null
05-02 19:39:38.652 534 617 D TelephonyRegistry: listen oscl: mHasNotifySubscriptionInfoChangedOccurred==false no callback
05-02 19:39:38.657 1168 1168 D NRM-C-0 : registerForNetworkRegistrationInfoChanged
05-02 19:39:38.662 1168 1168 D NRM-I-0 : registerForNetworkRegistrationInfoChanged
05-02 19:39:38.678 1168 1168 D NewNitzStateMachineImpl: handleNetworkUnavailable(): mLatestNitzSignal was already null. Nothing to do.
05-02 19:39:38.694 1168 1168 D RILJ : [0005]> SIGNAL_STRENGTH [PHONE0]
05-02 19:39:38.695 477 477 D RILC : getSignalStrength_1_4: serial 5
05-02 19:39:38.695 477 477 D RIL : onRequest: 19, SIGNAL_STRENGTH datalen: 0, data 0x0
05-02 19:39:38.695 477 477 D RILC : RequestComplete, RIL_SOCKET_1
05-02 19:39:38.695 477 477 E RILC : Calling responseFunction() for token 5
05-02 19:39:38.695 477 477 D RILC : getSignalStrengthResponse: serial 5
05-02 19:39:38.695 477 477 E RILC : getSignalStrengthResponse: Invalid response
05-02 19:39:38.696 1168 1168 D SST : [0] notifyVoiceRegStateRilRadioTechnologyChanged: vrs=1 rat=0
05-02 19:39:38.697 1168 1668 D RILJ : [0005]< SIGNAL_STRENGTH error 1 [PHONE0]
