05-02 19:52:45.880 1427 1587 I libnfc_nci: [INFO:nfa_dm_discover.cc(1663)] nfa_dm_disc_data_cback
05-02 19:52:45.880 1427 1587 I libnfc_nci: [INFO:nfa_dm_discover.cc(2512)] state: DISCOVERY (1), event: INTF_ERROR_NTF(10) disc_flags: 0x1
05-02 19:52:45.880 1427 1587 I libnfc_nci: [INFO:nfa_dm_discover.cc(2565)] new state: DISCOVERY (1), disc_flags: 0x1
05-02 19:52:46.623 503 503 I gpsd : gpsd:PROG: CORE: transmission pause. gap 0.975879 quiet_time 0.250000
05-02 19:52:46.626 503 503 I gpsd : gpsd:IO: <= GPS: $GPGGA,002659.99,,,,,0,00,,,,,,,*40
05-02 19:52:46.626 503 503 I gpsd : gpsd:PROG: NMEA0183: GPGGA starts a reporting cycle. lasttag 25
05-02 19:52:46.628 503 503 I gpsd : gpsd:IO: <= GPS: $GNGLL,,,,,002659.99,V,N*5C
05-02 19:52:46.628 503 503 I gpsd : gpsd:PROG: NMEA0183: GNGLL ends a reporting cycle.
05-02 19:52:46.631 503 503 I gpsd : gpsd:IO: <= GPS: $GNGSA,A,1,,,,,,,,,,,,,,,,*2C
05-02 19:52:46.631 503 503 I gpsd : gpsd:PROG: NMEA0183: xxGSA sets mode 1
05-02 19:52:46.631 503 503 I gpsd : gpsd:PROG: NMEA0183: xxGSA: mask 0x402
05-02 19:52:46.631 503 503 I gpsd : gpsd:PROG: NMEA0183: GNGSA is just after a cycle ender.
05-02 19:52:46.634 503 503 I gpsd : gpsd:IO: <= GPS: $GBGSV,1,1,1,45,,,10,,,,,,,,,,,,,1*47
05-02 19:52:46.634 503 503 I gpsd : gpsd:PROG: NMEA0183: xBGSV: part 1 of 1, last_gsv_talker '0' last_gsv_sigid 4
05-02 19:52:46.634 503 503 I gpsd : gpsd:PROG: NMEA0183: xBGSV: new part 1, last_gsv_talker '0', zeroing
05-02 19:52:46.634 503 503 I gpsd : gpsd:WARN: NMEA0183: xxGSV: Satellite data no good (1 of 1).
05-02 19:52:46.635 503 503 I gpsd : gpsd:PROG: NMEA0183: GBGSV is just after a cycle ender.
05-02 19:52:46.637 503 503 I gpsd : gpsd:IO: <= GPS: $GBGSV,1,1,1,14,,,,,,,,,,,,,,,,5*46
05-02 19:52:46.637 503 503 I gpsd : gpsd:PROG: NMEA0183: xBGSV: part 1 of 1, last_gsv_talker '0x42' last_gsv_sigid 0
05-02 19:52:46.638 503 503 I gpsd : gpsd:WARN: NMEA0183: xxGSV: Satellite data no good (1 of 1).
05-02 19:52:46.638 503 503 I gpsd : gpsd:PROG: NMEA0183: GBGSV is just after a cycle ender.
05-02 19:52:46.641 503 503 I gpsd : gpsd:IO: <= GPS: $GNRMC,002659.99,V,,,,,,,020100,,,N,V*12
05-02 19:52:46.641 503 503 I gpsd : gpsd:PROG: NMEA0183: GNRMC is just after a cycle ender.
05-02 19:52:46.643 503 503 I gpsd : gpsd:IO: <= GPS: $GNVTG,,T,,M,,N,,K,N*32
05-02 19:52:46.643 503 503 I gpsd : gpsd:PROG: NMEA0183: GNVTG is just after a cycle ender.
05-02 19:52:46.646 503 503 I gpsd : gpsd:IO: <= GPS: $GNZDA,002659.99,02,01,2000,,*71
05-02 19:52:46.646 503 503 I gpsd : gpsd:WARN: WARNING: WKRO bug: leap second 18 inconsistent with 946772819, corrected to 1566088019 (2019-08-18T00:26:59.990Z)
05-02 19:52:46.646 503 503 I gpsd : gpsd:PROG: NMEA0183: GNZDA is just after a cycle ender.
05-02 19:52:47.623 503 503 I gpsd : gpsd:PROG: CORE: transmission pause. gap 0.976349 quiet_time 0.250000
05-02 19:52:47.626 503 503 I gpsd : gpsd:IO: <= GPS: $GPGGA,002700.99,,,,,0,00,,,,,,,*4D
05-02 19:52:47.626 503 503 I gpsd : gpsd:PROG: NMEA0183: GPGGA starts a reporting cycle. lasttag 25
05-02 19:52:47.628 503 503 I gpsd : gpsd:IO: <= GPS: $GNGLL,,,,,002700.99,V,N*51
05-02 19:52:47.628 503 503 I gpsd : gpsd:PROG: NMEA0183: GNGLL ends a reporting cycle.
05-02 19:52:47.631 503 503 I gpsd : gpsd:IO: <= GPS: $GNGSA,A,1,,,,,,,,,,,,,,,,*2C
05-02 19:52:47.631 503 503 I gpsd : gpsd:PROG: NMEA0183: xxGSA sets mode 1
05-02 19:52:47.631 503 503 I gpsd : gpsd:PROG: NMEA0183: xxGSA: mask 0x402
05-02 19:52:47.631 503 503 I gpsd : gpsd:PROG: NMEA0183: GNGSA is just after a cycle ender.
05-02 19:52:47.634 503 503 I gpsd : gpsd:IO: <= GPS: $GBGSV,1,1,1,45,,,,,,,,,,,,,,,,1*46
05-02 19:52:47.634 503 503 I gpsd : gpsd:PROG: NMEA0183: xBGSV: part 1 of 1, last_gsv_talker '0' last_gsv_sigid 4
05-02 19:52:47.634 503 503 I gpsd : gpsd:PROG: NMEA0183: xBGSV: new part 1, last_gsv_talker '0', zeroing
05-02 19:52:47.634 503 503 I gpsd : gpsd:WARN: NMEA0183: xxGSV: Satellite data no good (1 of 1).
05-02 19:52:47.634 503 503 I gpsd : gpsd:PROG: NMEA0183: GBGSV is just after a cycle ender.
05-02 19:52:47.637 503 503 I gpsd : gpsd:IO: <= GPS: $GBGSV,1,1,1,14,,,,,,,,,,,,,,,,5*46
05-02 19:52:47.637 503 503 I gpsd : gpsd:PROG: NMEA0183: xBGSV: part 1 of 1, last_gsv_talker '0x42' last_gsv_sigid 0
05-02 19:52:47.637 503 503 I gpsd : gpsd:WARN: NMEA0183: xxGSV: Satellite data no good (1 of 1).
05-02 19:52:47.637 503 503 I gpsd : gpsd:PROG: NMEA0183: GBGSV is just after a cycle ender.
05-02 19:52:47.641 503 503 I gpsd : gpsd:IO: <= GPS: $GNRMC,002700.99,V,,,,,,,020100,,,N,V*1F
05-02 19:52:47.641 503 503 I gpsd : gpsd:PROG: NMEA0183: GNRMC is just after a cycle ender.
05-02 19:52:47.643 503 503 I gpsd : gpsd:IO: <= GPS: $GNVTG,,T,,M,,N,,K,N*32
05-02 19:52:47.643 503 503 I gpsd : gpsd:PROG: NMEA0183: GNVTG is just after a cycle ender.
05-02 19:52:47.646 503 503 I gpsd : gpsd:IO: <= GPS: $GNZDA,002700.99,02,01,2000,,*7C
05-02 19:52:47.646 503 503 I gpsd : gpsd:WARN: WARNING: WKRO bug: leap second 18 inconsistent with 946772820, corrected to 1566088020 (2019-08-18T00:27:00.990Z)
05-02 19:52:47.646 503 503 I gpsd : gpsd:PROG: NMEA0183: GNZDA is just after a cycle ender.
05-02 19:52:48.623 503 503 I gpsd : gpsd:PROG: CORE: transmission pause. gap 0.976552 quiet_time 0.250000
05-02 19:52:48.626 503 503 I gpsd : gpsd:IO: <= GPS: $GPGGA,002701.99,,,,,0,00,,,,,,,*4C
05-02 19:52:48.626 503 503 I gpsd : gpsd:PROG: NMEA0183: GPGGA starts a reporting cycle. lasttag 25
05-02 19:52:48.628 503 503 I gpsd : gpsd:IO: <= GPS: $GNGLL,,,,,002701.99,V,N*50
05-02 19:52:48.628 503 503 I gpsd : gpsd:PROG: NMEA0183: GNGLL ends a reporting cycle.
05-02 19:52:48.631 503 503 I gpsd : gpsd:IO: <= GPS: $GNGSA,A,1,,,,,,,,,,,,,,,,*2C
05-02 19:52:48.631 503 503 I gpsd : gpsd:PROG: NMEA0183: xxGSA sets mode 1
05-02 19:52:48.631 503 503 I gpsd : gpsd:PROG: NMEA0183: xxGSA: mask 0x402
05-02 19:52:48.631 503 503 I gpsd : gpsd:PROG: NMEA0183: GNGSA is just after a cycle ender.
05-02 19:52:48.634 503 503 I gpsd : gpsd:IO: <= GPS: $GBGSV,1,1,1,45,,,,,,,,,,,,,,,,1*46
05-02 19:52:48.634 503 503 I gpsd : gpsd:PROG: NMEA0183: xBGSV: part 1 of 1, last_gsv_talker '0' last_gsv_sigid 4
05-02 19:52:48.634 503 503 I gpsd : gpsd:PROG: NMEA0183: xBGSV: new part 1, last_gsv_talker '0', zeroing
05-02 19:52:48.634 503 503 I gpsd : gpsd:WARN: NMEA0183: xxGSV: Satellite data no good (1 of 1).
05-02 19:52:48.634 503 503 I gpsd : gpsd:PROG: NMEA0183: GBGSV is just after a cycle ender.
05-02 19:52:48.637 503 503 I gpsd : gpsd:IO: <= GPS: $GBGSV,1,1,1,14,,,,,,,,,,,,,,,,5*46
05-02 19:52:48.637 503 503 I gpsd : gpsd:PROG: NMEA0183: xBGSV: part 1 of 1, last_gsv_talker '0x42' last_gsv_sigid 0
05-02 19:52:48.637 503 503 I gpsd : gpsd:WARN: NMEA0183: xxGSV: Satellite data no good (1 of 1).
05-02 19:52:48.637 503 503 I gpsd : gpsd:PROG: NMEA0183: GBGSV is just after a cycle ender.
05-02 19:52:48.641 503 503 I gpsd : gpsd:IO: <= GPS: $GNRMC,002701.99,V,,,,,,,020100,,,N,V*1E
05-02 19:52:48.641 503 503 I gpsd : gpsd:PROG: NMEA0183: GNRMC is just after a cycle ender.
05-02 19:52:48.643 503 503 I gpsd : gpsd:IO: <= GPS: $GNVTG,,T,,M,,N,,K,N*32
05-02 19:52:48.643 503 503 I gpsd : gpsd:PROG: NMEA0183: GNVTG is just after a cycle ender.
05-02 19:52:48.646 503 503 I gpsd : gpsd:IO: <= GPS: $GNZDA,002701.99,02,01,2000,,*7D
05-02 19:52:48.646 503 503 I gpsd : gpsd:WARN: WARNING: WKRO bug: leap second 18 inconsistent with 946772821, corrected to 1566088021 (2019-08-18T00:27:01.990Z)
05-02 19:52:48.646 503 503 I gpsd : gpsd:PROG: NMEA0183: GNZDA is just after a cycle ender.
05-02 19:52:48.851 0 0 E tlv320aic31xx-codec 1-0018: ##Divyesh tlv aic31xx_set_bias_level: 3 -> 2
05-02 19:52:48.872 0 0 E tlv320aic31xx-codec 1-0018: ##Divyesh tlv aic31xx_set_bias_level: 2 -> 1
05-02 19:52:48.880 0 0 E tlv320aic31xx-codec 1-0018: ##Divyesh tlv codec clock -> off
05-02 19:52:49.623 503 503 I gpsd : gpsd:PROG: CORE: transmission pause. gap 0.977372 quiet_time 0.250000
05-02 19:52:49.626 503 503 I gpsd : gpsd:IO: <= GPS: $GPGGA,002702.99,,,,,0,00,,,,,,,*4F
05-02 19:52:49.626 503 503 I gpsd : gpsd:PROG: NMEA0183: GPGGA starts a reporting cycle. lasttag 25
05-02 19:52:49.629 503 503 I gpsd : gpsd:IO: <= GPS: $GNGLL,,,,,002702.99,V,N*53
05-02 19:52:49.629 503 503 I gpsd : gpsd:PROG: NMEA0183: GNGLL ends a reporting cycle.
05-02 19:52:49.632 503 503 I gpsd : gpsd:IO: <= GPS: $GNGSA,A,1,,,,,,,,,,,,,,,,*2C
05-02 19:52:49.632 503 503 I gpsd : gpsd:PROG: NMEA0183: xxGSA sets mode 1
05-02 19:52:49.632 503 503 I gpsd : gpsd:PROG: NMEA0183: xxGSA: mask 0x402
05-02 19:52:49.632 503 503 I gpsd : gpsd:PROG: NMEA0183: GNGSA is just after a cycle ender.
05-02 19:52:49.635 503 503 I gpsd : gpsd:IO: <= GPS: $GBGSV,1,1,2,44,,,,45,,,02,,,,,,,,,1*47
05-02 19:52:49.635 503 503 I gpsd : gpsd:PROG: NMEA0183: xBGSV: part 1 of 1, last_gsv_talker '0' last_gsv_sigid 4
05-02 19:52:49.635 503 503 I gpsd : gpsd:PROG: NMEA0183: xBGSV: new part 1, last_gsv_talker '0', zeroing
05-02 19:52:49.635 503 503 I gpsd : gpsd:WARN: NMEA0183: xxGSV: Satellite data no good (1 of 1).
05-02 19:52:49.636 503 503 I gpsd : gpsd:PROG: NMEA0183: GBGSV is just after a cycle ender.
05-02 19:52:49.638 503 503 I gpsd : gpsd:IO: <= GPS: $GBGSV,1,1,1,14,,,,,,,,,,,,,,,,5*46
05-02 19:52:49.638 503 503 I gpsd : gpsd:PROG: NMEA0183: xBGSV: part 1 of 1, last_gsv_talker '0x42' last_gsv_sigid 0
05-02 19:52:49.639 503 503 I gpsd : gpsd:WARN: NMEA0183: xxGSV: Satellite data no good (1 of 1).
05-02 19:52:49.639 503 503 I gpsd : gpsd:PROG: NMEA0183: GBGSV is just after a cycle ender.
05-02 19:52:49.642 503 503 I gpsd : gpsd:IO: <= GPS: $GNRMC,002702.99,V,,,,,,,020100,,,N,V*1D
05-02 19:52:49.642 503 503 I gpsd : gpsd:PROG: NMEA0183: GNRMC is just after a cycle ender.
05-02 19:52:49.644 503 503 I gpsd : gpsd:IO: <= GPS: $GNVTG,,T,,M,,N,,K,N*32
05-02 19:52:49.644 503 503 I gpsd : gpsd:PROG: NMEA0183: GNVTG is just after a cycle ender.
05-02 19:52:49.647 503 503 I gpsd : gpsd:IO: <= GPS: $GNZDA,002702.99,02,01,2000,,*7E
05-02 19:52:49.647 503 503 I gpsd : gpsd:WARN: WARNING: WKRO bug: leap second 18 inconsistent with 946772822, corrected to 1566088022 (2019-08-18T00:27:02.990Z)
05-02 19:52:49.647 503 503 I gpsd : gpsd:PROG: NMEA0183: GNZDA is just after a cycle ender.
05-02 19:52:50.623 503 503 I gpsd : gpsd:PROG: CORE: transmission pause. gap 0.976292 quiet_time 0.250000
05-02 19:52:50.626 503 503 I gpsd : gpsd:IO: <= GPS: $GPGGA,002703.99,,,,,0,00,,,,,,,*4E
05-02 19:52:50.627 503 503 I gpsd : gpsd:PROG: NMEA0183: GPGGA starts a reporting cycle. lasttag 25
05-02 19:52:50.629 503 503 I gpsd : gpsd:IO: <= GPS: $GNGLL,,,,,002703.99,V,N*52
05-02 19:52:50.629 503 503 I gpsd : gpsd:PROG: NMEA0183: GNGLL ends a reporting cycle.
05-02 19:52:50.632 503 503 I gpsd : gpsd:IO: <= GPS: $GNGSA,A,1,,,,,,,,,,,,,,,,*2C
05-02 19:52:50.632 503 503 I gpsd : gpsd:PROG: NMEA0183: xxGSA sets mode 1
05-02 19:52:50.632 503 503 I gpsd : gpsd:PROG: NMEA0183: xxGSA: mask 0x402
05-02 19:52:50.632 503 503 I gpsd : gpsd:PROG: NMEA0183: GNGSA is just after a cycle ender.
05-02 19:52:50.635 503 503 I gpsd : gpsd:IO: <= GPS: $GBGSV,1,1,2,44,,,06,45,,,,,,,,,,,,1*43
05-02 19:52:50.635 503 503 I gpsd : gpsd:PROG: NMEA0183: xBGSV: part 1 of 1, last_gsv_talker '0' last_gsv_sigid 4
05-02 19:52:50.635 503 503 I gpsd : gpsd:PROG: NMEA0183: xBGSV: new part 1, last_gsv_talker '0', zeroing
05-02 19:52:50.635 503 503 I gpsd : gpsd:WARN: NMEA0183: xxGSV: Satellite data no good (1 of 1).
05-02 19:52:50.636 503 503 I gpsd : gpsd:PROG: NMEA0183: GBGSV is just after a cycle ender.
05-02 19:52:50.638 503 503 I gpsd : gpsd:IO: <= GPS: $GBGSV,1,1,1,14,,,,,,,,,,,,,,,,5*46
05-02 19:52:50.638 503 503 I gpsd : gpsd:PROG: NMEA0183: xBGSV: part 1 of 1, last_gsv_talker '0x42' last_gsv_sigid 0
05-02 19:52:50.639 503 503 I gpsd : gpsd:WARN: NMEA0183: xxGSV: Satellite data no good (1 of 1).
05-02 19:52:50.639 503 503 I gpsd : gpsd:PROG: NMEA0183: GBGSV is just after a cycle ender.
05-02 19:52:50.642 503 503 I gpsd : gpsd:IO: <= GPS: $GNRMC,002703.99,V,,,,,,,020100,,,N,V*1C
05-02 19:52:50.642 503 503 I gpsd : gpsd:PROG: NMEA0183: GNRMC is just after a cycle ender.
05-02 19:52:50.644 503 503 I gpsd : gpsd:IO: <= GPS: $GNVTG,,T,,M,,N,,K,N*32
05-02 19:52:50.644 503 503 I gpsd : gpsd:PROG: NMEA0183: GNVTG is just after a cycle ender.
05-02 19:52:50.647 503 503 I gpsd : gpsd:IO: <= GPS: $GNZDA,002703.99,02,01,2000,,*7F
05-02 19:52:50.647 503 503 I gpsd : gpsd:WARN: WARNING: WKRO bug: leap second 18 inconsistent with 946772823, corrected to 1566088023 (2019-08-18T00:27:03.990Z)
05-02 19:52:50.647 503 503 I gpsd : gpsd:PROG: NMEA0183: GNZDA is just after a cycle ender.
05-02 19:52:51.623 503 503 I gpsd : gpsd:PROG: CORE: transmission pause. gap 0.975885 quiet_time 0.250000
05-02 19:52:51.626 503 503 I gpsd : gpsd:IO: <= GPS: $GPGGA,002704.99,,,,,0,00,,,,,,,*49
05-02 19:52:51.626 503 503 I gpsd : gpsd:PROG: NMEA0183: GPGGA starts a reporting cycle. lasttag 25
05-02 19:52:51.629 503 503 I gpsd : gpsd:IO: <= GPS: $GNGLL,,,,,002704.99,V,N*55
05-02 19:52:51.629 503 503 I gpsd : gpsd:PROG: NMEA0183: GNGLL ends a reporting cycle.
05-02 19:52:51.631 503 503 I gpsd : gpsd:IO: <= GPS: $GNGSA,A,1,,,,,,,,,,,,,,,,*2C
05-02 19:52:51.631 503 503 I gpsd : gpsd:PROG: NMEA0183: xxGSA sets mode 1
05-02 19:52:51.631 503 503 I gpsd : gpsd:PROG: NMEA0183: xxGSA: mask 0x402
05-02 19:52:51.632 503 503 I gpsd : gpsd:PROG: NMEA0183: GNGSA is just after a cycle ender.
05-02 19:52:51.635 503 503 I gpsd : gpsd:IO: <= GPS: $GBGSV,1,1,2,44,,,,45,,,,,,,,,,,,1*45
05-02 19:52:51.635 503 503 I gpsd : gpsd:PROG: NMEA0183: xBGSV: part 1 of 1, last_gsv_talker '0' last_gsv_sigid 4
05-02 19:52:51.635 503 503 I gpsd : gpsd:PROG: NMEA0183: xBGSV: new part 1, last_gsv_talker '0', zeroing
05-02 19:52:51.635 503 503 I gpsd : gpsd:WARN: NMEA0183: xxGSV: Satellite data no good (1 of 1).
05-02 19:52:51.635 503 503 I gpsd : gpsd:PROG: NMEA0183: GBGSV is just after a cycle ender.
05-02 19:52:51.638 503 503 I gpsd : gpsd:IO: <= GPS: $GBGSV,1,1,1,14,,,,,,,,,,,,,,,,5*46
05-02 19:52:51.638 503 503 I gpsd : gpsd:PROG: NMEA0183: xBGSV: part 1 of 1, last_gsv_talker '0x42' last_gsv_sigid 0
05-02 19:52:51.638 503 503 I gpsd : gpsd:WARN: NMEA0183: xxGSV: Satellite data no good (1 of 1).
05-02 19:52:51.638 503 503 I gpsd : gpsd:PROG: NMEA0183: GBGSV is just after a cycle ender.
05-02 19:52:51.641 503 503 I gpsd : gpsd:IO: <= GPS: $GNRMC,002704.99,V,,,,,,,020100,,,N,V*1B
05-02 19:52:51.642 503 503 I gpsd : gpsd:PROG: NMEA0183: GNRMC is just after a cycle ender.
05-02 19:52:51.644 503 503 I gpsd : gpsd:IO: <= GPS: $GNVTG,,T,,M,,N,,K,N*32
05-02 19:52:51.644 503 503 I gpsd : gpsd:PROG: NMEA0183: GNVTG is just after a cycle ender.
05-02 19:52:51.647 503 503 I gpsd : gpsd:IO: <= GPS: $GNZDA,002704.99,02,01,2000,,*78
05-02 19:52:51.647 503 503 I gpsd : gpsd:WARN: WARNING: WKRO bug: leap second 18 inconsistent with 946772824, corrected to 1566088024 (2019-08-18T00:27:04.990Z)
05-02 19:52:51.647 503 503 I gpsd : gpsd:PROG: NMEA0183: GNZDA is just after a cycle ender.
05-02 19:52:52.624 503 503 I gpsd : gpsd:PROG: CORE: transmission pause. gap 0.977029 quiet_time 0.250000
05-02 19:52:52.627 503 503 I gpsd : gpsd:IO: <= GPS: $GPGGA,002705.99,,,,,0,00,,,,,,,*48
05-02 19:52:52.627 503 503 I gpsd : gpsd:PROG: NMEA0183: GPGGA starts a reporting cycle. lasttag 25
05-02 19:52:52.629 503 503 I gpsd : gpsd:IO: <= GPS: $GNGLL,,,,,002705.99,V,N*54
05-02 19:52:52.629 503 503 I gpsd : gpsd:PROG: NMEA0183: GNGLL ends a reporting cycle.
05-02 19:52:52.632 503 503 I gpsd : gpsd:IO: <= GPS: $GNGSA,A,1,,,,,,,,,,,,,,,,*2C
05-02 19:52:52.632 503 503 I gpsd : gpsd:PROG: NMEA0183: xxGSA sets mode 1
05-02 19:52:52.632 503 503 I gpsd : gpsd:PROG: NMEA0183: xxGSA: mask 0x402
05-02 19:52:52.632 503 503 I gpsd : gpsd:PROG: NMEA0183: GNGSA is just after a cycle ender.
05-02 19:52:52.635 503 503 I gpsd : gpsd:IO: <= GPS: $GPGSV,1,1,1,01,,,10,,,,,,,,,,,,,1*55
05-02 19:52:52.635 503 503 I gpsd : gpsd:PROG: NMEA0183: xPGSV: part 1 of 1, last_gsv_talker '0' last_gsv_sigid 4
05-02 19:52:52.635 503 503 I gpsd : gpsd:PROG: NMEA0183: xPGSV: new part 1, last_gsv_talker '0', zeroing
05-02 19:52:52.636 503 503 I gpsd : gpsd:WARN: NMEA0183: xxGSV: Satellite data no good (1 of 1).
05-02 19:52:52.636 503 503 I gpsd : gpsd:PROG: NMEA0183: GPGSV is just after a cycle ender.
05-02 19:52:52.639 503 503 I gpsd : gpsd:IO: <= GPS: $GBGSV,1,1,2,44,,,06,45,,,11,,,,,,,,,1*43
05-02 19:52:52.639 503 503 I gpsd : gpsd:PROG: NMEA0183: xBGSV: part 1 of 1, last_gsv_talker '0x50' last_gsv_sigid 0
05-02 19:52:52.639 503 503 I gpsd : gpsd:WARN: NMEA0183: xxGSV: Satellite data no good (1 of 1).
05-02 19:52:52.639 503 503 I gpsd : gpsd:PROG: NMEA0183: GBGSV is just after a cycle ender.
05-02 19:52:52.642 503 503 I gpsd : gpsd:IO: <= GPS: $GBGSV,1,1,1,14,,,,,,,,,,,,,,,,5*46
05-02 19:52:52.642 503 503 I gpsd : gpsd:PROG: NMEA0183: xBGSV: part 1 of 1, last_gsv_talker '0x42' last_gsv_sigid 0
05-02 19:52:52.642 503 503 I gpsd : gpsd:WARN: NMEA0183: xxGSV: Satellite data no good (1 of 1).
05-02 19:52:52.643 503 503 I gpsd : gpsd:PROG: NMEA0183: GBGSV is just after a cycle ender.
05-02 19:52:52.646 503 503 I gpsd : gpsd:IO: <= GPS: $GNRMC,002705.99,V,,,,,,,020100,,,N,V*1A
05-02 19:52:52.646 503 503 I gpsd : gpsd:PROG: NMEA0183: GNRMC is just after a cycle ender.
05-02 19:52:52.648 503 503 I gpsd : gpsd:IO: <= GPS: $GNVTG,,T,,M,,N,,K,N*32
05-02 19:52:52.648 503 503 I gpsd : gpsd:PROG: NMEA0183: GNVTG is just after a cycle ender.
05-02 19:52:52.651 503 503 I gpsd : gpsd:IO: <= GPS: $GNZDA,002705.99,02,01,2000,,*79
05-02 19:52:52.651 503 503 I gpsd : gpsd:WARN: WARNING: WKRO bug: leap second 18 inconsistent with 946772825, corrected to 1566088025 (2019-08-18T00:27:05.990Z)
05-02 19:52:52.651 503 503 I gpsd : gpsd:PROG: NMEA0183: GNZDA is just after a cycle ender.
05-02 19:52:52.951 370 1559 D NxpTml : PN54X - I2C Read successful.....
05-02 19:52:52.951 370 1559 D NxpNciR : len = 4 > 600701A1
05-02 19:52:52.951 370 1559 D NxpTml : PN54X - Posting read message.....
05-02 19:52:52.951 370 1562 D NxpHal : read successful status = 0x0
05-02 19:52:52.951 370 1562 D NfccPowerTracker: NfccPowerTracker::ProcessNtf: Enter
05-02 19:52:52.951 370 1559 D NxpTml : PN54X - Read requested.....
05-02 19:52:52.951 1427 1587 I libnfc_nci: [INFO:nfc_ncif.cc(501)] NFC received ntf gid:0
05-02 19:52:52.951 370 1559 D NxpTml : PN54X - Invoking I2C Read.....
05-02 19:52:52.951 1427 1587 I libnfc_nci: [INFO:nci_hrcv.cc(128)] nci_proc_core_ntf opcode:0x7
05-02 19:52:52.951 1427 1587 I libnfc_nci: [INFO:nfa_dm_act.cc(269)] NFC_GEN_ERROR_REVT(0x500d)
05-02 19:52:52.951 1427 1587 I libnfc_nci: [INFO:nfa_dm_discover.cc(1663)] nfa_dm_disc_data_cback
05-02 19:52:52.951 1427 1587 I libnfc_nci: [INFO:nfa_dm_discover.cc(2512)] state: DISCOVERY (1), event: INTF_ERROR_NTF(10) disc_flags: 0x1
05-02 19:52:52.951 1427 1587 I libnfc_nci: [INFO:nfa_dm_discover.cc(2565)] new state: DISCOVERY (1), disc_flags: 0x1
05-02 19:52:53.624 503 503 I gpsd : gpsd:PROG: CORE: transmission pause. gap 0.972491 quiet_time 0.250000
05-02 19:52:53.626 503 503 I gpsd : gpsd:IO: <= GPS: $GPGGA,002706.99,,,,,0,00,,,,,,,*4B
05-02 19:52:53.627 503 503 I gpsd : gpsd:PROG: NMEA0183: GPGGA starts a reporting cycle. lasttag 25
05-02 19:52:53.629 503 503 I gpsd : gpsd:IO: <= GPS: $GNGLL,,,,,002706.99,V,N*57
05-02 19:52:53.629 503 503 I gpsd : gpsd:PROG: NMEA0183: GNGLL ends a reporting cycle.
05-02 19:52:53.632 503 503 I gpsd : gpsd:IO: <= GPS: $GNGSA,A,1,,,,,,,,,,,,,,,,*2C
05-02 19:52:53.632 503 503 I gpsd : gpsd:PROG: NMEA0183: xxGSA sets mode 1
05-02 19:52:53.632 503 503 I gpsd : gpsd:PROG: NMEA0183: xxGSA: mask 0x402
05-02 19:52:53.632 503 503 I gpsd : gpsd:PROG: NMEA0183: GNGSA is just after a cycle ender.
05-02 19:52:53.635 503 503 I gpsd : gpsd:IO: <= GPS: $GPGSV,1,1,1,01,,,,,,,,,,,,,,,,1*54
05-02 19:52:53.635 503 503 I gpsd : gpsd:PROG: NMEA0183: xPGSV: part 1 of 1, last_gsv_talker '0' last_gsv_sigid 4
05-02 19:52:53.635 503 503 I gpsd : gpsd:PROG: NMEA0183: xPGSV: new part 1, last_gsv_talker '0', zeroing
05-02 19:52:53.635 503 503 I gpsd : gpsd:WARN: NMEA0183: xxGSV: Satellite data no good (1 of 1).
05-02 19:52:53.635 503 503 I gpsd : gpsd:PROG: NMEA0183: GPGSV is just after a cycle ender.
05-02 19:52:53.638 503 503 I gpsd : gpsd:IO: <= GPS: $GBGSV,1,1,2,44,,,,45,,,06,,,,,,,,,1*43
05-02 19:52:53.639 503 503 I gpsd : gpsd:PROG: NMEA0183: xBGSV: part 1 of 1, last_gsv_talker '0x50' last_gsv_sigid 0
05-02 19:52:53.639 503 503 I gpsd : gpsd:WARN: NMEA0183: xxGSV: Satellite data no good (1 of 1).
05-02 19:52:53.639 503 503 I gpsd : gpsd:PROG: NMEA0183: GBGSV is just after a cycle ender.
05-02 19:52:53.642 503 503 I gpsd : gpsd:IO: <= GPS: $GBGSV,1,1,1,14,,,,,,,,,,,,,,,,5*46
05-02 19:52:53.642 503 503 I gpsd : gpsd:PROG: NMEA0183: xBGSV: part 1 of 1, last_gsv_talker '0x42' last_gsv_sigid 0
05-02 19:52:53.642 503 503 I gpsd : gpsd:WARN: NMEA0183: xxGSV: Satellite data no good (1 of 1).
05-02 19:52:53.642 503 503 I gpsd : gpsd:PROG: NMEA0183: GBGSV is just after a cycle ender.
05-02 19:52:53.645 503 503 I gpsd : gpsd:IO: <= GPS: $GNRMC,002706.99,V,,,,,,,020100,,,N,V*19
05-02 19:52:53.645 503 503 I gpsd : gpsd:PROG: NMEA0183: GNRMC is just after a cycle ender.
05-02 19:52:53.647 503 503 I gpsd : gpsd:IO: <= GPS: $GNVTG,,T,,M,,N,,K,N*32
05-02 19:52:53.648 503 503 I gpsd : gpsd:PROG: NMEA0183: GNVTG is just after a cycle ender.
05-02 19:52:53.650 503 503 I gpsd : gpsd:IO: <= GPS: $GNZDA,002706.99,02,01,2000,,*7A
05-02 19:52:53.651 503 503 I gpsd : gpsd:WARN: WARNING: WKRO bug: leap second 18 inconsistent with 946772826, corrected to 1566088026 (2019-08-18T00:27:06.990Z)
05-02 19:52:53.651 503 503 I gpsd : gpsd:PROG: NMEA0183: GNZDA is just after a cycle ender.
05-02 19:52:54.624 503 503 I gpsd : gpsd:PROG: CORE: transmission pause. gap 0.973345 quiet_time 0.250000
05-02 19:52:54.627 503 503 I gpsd : gpsd:IO: <= GPS: $GPGGA,002707.99,,,,,0,00,,,,,,,*4A
05-02 19:52:54.627 503 503 I gpsd : gpsd:PROG: NMEA0183: GPGGA starts a reporting cycle. lasttag 25
05-02 19:52:54.629 503 503 I gpsd : gpsd:IO: <= GPS: $GNGLL,,,,,002707.99,V,N*56
05-02 19:52:54.629 503 503 I gpsd : gpsd:PROG: NMEA0183: GNGLL ends a reporting cycle.
05-02 19:52:54.632 503 503 I gpsd : gpsd:IO: <= GPS: $GNGSA,A,1,,,,,,,,,,,,,,,,*2C
05-02 19:52:54.632 503 503 I gpsd : gpsd:PROG: NMEA0183: xxGSA sets mode 1
05-02 19:52:54.632 503 503 I gpsd : gpsd:PROG: NMEA0183: xxGSA: mask 0x402
05-02 19:52:54.632 503 503 I gpsd : gpsd:PROG: NMEA0183: GNGSA is just after a cycle ender.
05-02 19:52:54.635 503 503 I gpsd : gpsd:IO: <= GPS: $GPGSV,1,1,1,16,,,13,,,,,,,,,,,,,1*50
05-02 19:52:54.635 503 503 I gpsd : gpsd:PROG: NMEA0183: xPGSV: part 1 of 1, last_gsv_talker '0' last_gsv_sigid 4
05-02 19:52:54.636 503 503 I gpsd : gpsd:PROG: NMEA0183: xPGSV: new part 1, last_gsv_talker '0', zeroing
05-02 19:52:54.636 503 503 I gpsd : gpsd:WARN: NMEA0183: xxGSV: Satellite data no good (1 of 1).
05-02 19:52:54.636 503 503 I gpsd : gpsd:PROG: NMEA0183: GPGSV is just after a cycle ender.
05-02 19:52:54.639 503 503 I gpsd : gpsd:IO: <= GPS: $GBGSV,1,1,2,44,,,,45,,,02,,,,,,,,,1*47
05-02 19:52:54.639 503 503 I gpsd : gpsd:PROG: NMEA0183: xBGSV: part 1 of 1, last_gsv_talker '0x50' last_gsv_sigid 0
05-02 19:52:54.639 503 503 I gpsd : gpsd:WARN: NMEA0183: xxGSV: Satellite data no good (1 of 1).
05-02 19:52:54.639 503 503 I gpsd : gpsd:PROG: NMEA0183: GBGSV is just after a cycle ender.
05-02 19:52:54.642 503 503 I gpsd : gpsd:IO: <= GPS: $GBGSV,1,1,1,14,,,,,,,,,,,,,,,,5*46
05-02 19:52:54.642 503 503 I gpsd : gpsd:PROG: NMEA0183: xBGSV: part 1 of 1, last_gsv_talker '0x42' last_gsv_sigid 0
05-02 19:52:54.642 503 503 I gpsd : gpsd:WARN: NMEA0183: xxGSV: Satellite data no good (1 of 1).
05-02 19:52:54.642 503 503 I gpsd : gpsd:PROG: NMEA0183: GBGSV is just after a cycle ender.
05-02 19:52:54.646 503 503 I gpsd : gpsd:IO: <= GPS: $GNRMC,002707.99,V,,,,,,,020100,,,N,V*18
05-02 19:52:54.646 503 503 I gpsd : gpsd:PROG: NMEA0183: GNRMC is just after a cycle ender.
05-02 19:52:54.648 503 503 I gpsd : gpsd:IO: <= GPS: $GNVTG,,T,,M,,N,,K,N*32
05-02 19:52:54.648 503 503 I gpsd : gpsd:PROG: NMEA0183: GNVTG is just after a cycle ender.
05-02 19:52:54.651 503 503 I gpsd : gpsd:IO: <= GPS: $GNZDA,002707.99,02,01,2000,,*7B
05-02 19:52:54.651 503 503 I gpsd : gpsd:WARN: WARNING: WKRO bug: leap second 18 inconsistent with 946772827, corrected to 1566088027 (2019-08-18T00:27:07.990Z)
05-02 19:52:54.651 503 503 I gpsd : gpsd:PROG: NMEA0183: GNZDA is just after a cycle ender.
05-02 19:52:55.623 503 503 I gpsd : gpsd:PROG: CORE: transmission pause. gap 0.972432 quiet_time 0.250000
05-02 19:52:55.626 503 503 I gpsd : gpsd:IO: <= GPS: $GPGGA,002708.99,,,,,0,00,,,,,,,*45
05-02 19:52:55.626 503 503 I gpsd : gpsd:PROG: NMEA0183: GPGGA starts a reporting cycle. lasttag 25
05-02 19:52:55.629 503 503 I gpsd : gpsd:IO: <= GPS: $GNGLL,,,,,002708.99,V,N*59
05-02 19:52:55.629 503 503 I gpsd : gpsd:PROG: NMEA0183: GNGLL ends a reporting cycle.
05-02 19:52:55.632 503 503 I gpsd : gpsd:IO: <= GPS: $GNGSA,A,1,,,,,,,,,,,,,,,,*2C
05-02 19:52:55.632 503 503 I gpsd : gpsd:PROG: NMEA0183: xxGSA sets mode 1
05-02 19:52:55.632 503 503 I gpsd : gpsd:PROG: NMEA0183: xxGSA: mask 0x402
05-02 19:52:55.632 503 503 I gpsd : gpsd:PROG: NMEA0183: GNGSA is just after a cycle ender.
05-02 19:52:55.635 503 503 I gpsd : gpsd:IO: <= GPS: $GPGSV,1,1,1,16,,,07,,,,,,,,,,,,,1*55
05-02 19:52:55.635 503 503 I gpsd : gpsd:PROG: NMEA0183: xPGSV: part 1 of 1, last_gsv_talker '0' last_gsv_sigid 4
05-02 19:52:55.635 503 503 I gpsd : gpsd:PROG: NMEA0183: xPGSV: new part 1, last_gsv_talker '0', zeroing
05-02 19:52:55.635 503 503 I gpsd : gpsd:WARN: NMEA0183: xxGSV: Satellite data no good (1 of 1).
05-02 19:52:55.635 503 503 I gpsd : gpsd:PROG: NMEA0183: GPGSV is just after a cycle ender.
05-02 19:52:55.639 503 503 I gpsd : gpsd:IO: <= GPS: $GBGSV,1,1,2,44,,,,45,,,04,,,,,,,,,1*41
05-02 19:52:55.639 503 503 I gpsd : gpsd:PROG: NMEA0183: xBGSV: part 1 of 1, last_gsv_talker '0x50' last_gsv_sigid 0
05-02 19:52:55.639 503 503 I gpsd : gpsd:WARN: NMEA0183: xxGSV: Satellite data no good (1 of 1).
05-02 19:52:55.639 503 503 I gpsd : gpsd:PROG: NMEA0183: GBGSV is just after a cycle ender.
05-02 19:52:55.642 503 503 I gpsd : gpsd:IO: <= GPS: $GBGSV,1,1,1,14,,,,,,,,,,,,,,,,5*46
05-02 19:52:55.642 503 503 I gpsd : gpsd:PROG: NMEA0183: xBGSV: part 1 of 1, last_gsv_talker '0x42' last_gsv_sigid 0
05-02 19:52:55.642 503 503 I gpsd : gpsd:WARN: NMEA0183: xxGSV: Satellite data no good (1 of 1).
05-02 19:52:55.642 503 503 I gpsd : gpsd:PROG: NMEA0183: GBGSV is just after a cycle ender.
05-02 19:52:55.645 503 503 I gpsd : gpsd:IO: <= GPS: $GNRMC,002708.99,V,,,,,,,020100,,,N,V*17
05-02 19:52:55.645 503 503 I gpsd : gpsd:PROG: NMEA0183: GNRMC is just after a cycle ender.
05-02 19:52:55.648 503 503 I gpsd : gpsd:IO: <= GPS: $GNVTG,,T,,M,,N,,K,N*32
05-02 19:52:55.648 503 503 I gpsd : gpsd:PROG: NMEA0183: GNVTG is just after a cycle ender.
05-02 19:52:55.650 503 503 I gpsd : gpsd:IO: <= GPS: $GNZDA,002708.99,02,01,2000,,*74
05-02 19:52:55.651 503 503 I gpsd : gpsd:WARN: WARNING: WKRO bug: leap second 18 inconsistent with 946772828, corrected to 1566088028 (2019-08-18T00:27:08.990Z)
05-02 19:52:55.651 503 503 I gpsd : gpsd:PROG: NMEA0183: GNZDA is just after a cycle ender.
05-02 19:52:56.623 503 503 I gpsd : gpsd:PROG: CORE: transmission pause. gap 0.972564 quiet_time 0.250000
05-02 19:52:56.626 503 503 I gpsd : gpsd:IO: <= GPS: $GPGGA,002709.99,,,,,0,00,,,,,,,*44
05-02 19:52:56.626 503 503 I gpsd : gpsd:PROG: NMEA0183: GPGGA starts a reporting cycle. lasttag 25
05-02 19:52:56.629 503 503 I gpsd : gpsd:IO: <= GPS: $GNGLL,,,,,002709.99,V,N*58
05-02 19:52:56.629 503 503 I gpsd : gpsd:PROG: NMEA0183: GNGLL ends a reporting cycle.
05-02 19:52:56.631 503 503 I gpsd : gpsd:IO: <= GPS: $GNGSA,A,1,,,,,,,,,,,,,,,,*2C
05-02 19:52:56.631 503 503 I gpsd : gpsd:PROG: NMEA0183: xxGSA sets mode 1
05-02 19:52:56.631 503 503 I gpsd : gpsd:PROG: NMEA0183: xxGSA: mask 0x402
05-02 19:52:56.632 503 503 I gpsd : gpsd:PROG: NMEA0183: GNGSA is just after a cycle ender.
05-02 19:52:56.635 503 503 I gpsd : gpsd:IO: <= GPS: $GBGSV,1,1,2,44,,,,45,,,08,,,,,,,,,1*4D
05-02 19:52:56.635 503 503 I gpsd : gpsd:PROG: NMEA0183: xBGSV: part 1 of 1, last_gsv_talker '0' last_gsv_sigid 4
05-02 19:52:56.635 503 503 I gpsd : gpsd:PROG: NMEA0183: xBGSV: new part 1, last_gsv_talker '0', zeroing
05-02 19:52:56.635 503 503 I gpsd : gpsd:WARN: NMEA0183: xxGSV: Satellite data no good (1 of 1).
05-02 19:52:56.635 503 503 I gpsd : gpsd:PROG: NMEA0183: GBGSV is just after a cycle ender.
05-02 19:52:56.638 503 503 I gpsd : gpsd:IO: <= GPS: $GBGSV,1,1,1,14,,,,,,,,,,,,,,,,5*46
05-02 19:52:56.638 503 503 I gpsd : gpsd:PROG: NMEA0183: xBGSV: part 1 of 1, last_gsv_talker '0x42' last_gsv_sigid 0
05-02 19:52:56.638 503 503 I gpsd : gpsd:WARN: NMEA0183: xxGSV: Satellite data no good (1 of 1).
05-02 19:52:56.638 503 503 I gpsd : gpsd:PROG: NMEA0183: GBGSV is just after a cycle ender.
05-02 19:52:56.642 503 503 I gpsd : gpsd:IO: <= GPS: $GNRMC,002709.99,V,,,,,,,020100,,,N,V*16
05-02 19:52:56.642 503 503 I gpsd : gpsd:PROG: NMEA0183: GNRMC is just after a cycle ender.
05-02 19:52:56.644 503 503 I gpsd : gpsd:IO: <= GPS: $GNVTG,,T,,M,,N,,K,N*32
05-02 19:52:56.644 503 503 I gpsd : gpsd:PROG: NMEA0183: GNVTG is just after a cycle ender.
05-02 19:52:56.647 503 503 I gpsd : gpsd:IO: <= GPS: $GNZDA,002709.99,02,01,2000,,*75
05-02 19:52:56.647 503 503 I gpsd : gpsd:WARN: WARNING: WKRO bug: leap second 18 inconsistent with 946772829, corrected to 1566088029 (2019-08-18T00:27:09.990Z)
05-02 19:52:56.647 503 503 I gpsd : gpsd:PROG: NMEA0183: GNZDA is just after a cycle ender.
05-02 19:52:57.623 503 503 I gpsd : gpsd:PROG: CORE: transmission pause. gap 0.976221 quiet_time 0.250000
05-02 19:52:57.626 503 503 I gpsd : gpsd:IO: <= GPS: $GPGGA,002710.99,,,,,0,00,,,,,,,*4C
05-02 19:52:57.626 503 503 I gpsd : gpsd:PROG: NMEA0183: GPGGA starts a reporting cycle. lasttag 25
05-02 19:52:57.629 503 503 I gpsd : gpsd:IO: <= GPS: $GNGLL,,,,,002710.99,V,N*50
05-02 19:52:57.629 503 503 I gpsd : gpsd:PROG: NMEA0183: GNGLL ends a reporting cycle.
05-02 19:52:57.631 503 503 I gpsd : gpsd:IO: <= GPS: $GNGSA,A,1,,,,,,,,,,,,,,,,*2C
05-02 19:52:57.631 503 503 I gpsd : gpsd:PROG: NMEA0183: xxGSA sets mode 1
05-02 19:52:57.631 503 503 I gpsd : gpsd:PROG: NMEA0183: xxGSA: mask 0x402
05-02 19:52:57.632 503 503 I gpsd : gpsd:PROG: NMEA0183: GNGSA is just after a cycle ender.
05-02 19:52:57.635 503 503 I gpsd : gpsd:IO: <= GPS: $GBGSV,1,1,2,44,,,,45,,,02,,,,,,,,,1*47
05-02 19:52:57.635 503 503 I gpsd : gpsd:PROG: NMEA0183: xBGSV: part 1 of 1, last_gsv_talker '0' last_gsv_sigid 4
05-02 19:52:57.635 503 503 I gpsd : gpsd:PROG: NMEA0183: xBGSV: new part 1, last_gsv_talker '0', zeroing
05-02 19:52:57.635 503 503 I gpsd : gpsd:WARN: NMEA0183: xxGSV: Satellite data no good (1 of 1).
05-02 19:52:57.635 503 503 I gpsd : gpsd:PROG: NMEA0183: GBGSV is just after a cycle ender.
05-02 19:52:57.638 503 503 I gpsd : gpsd:IO: <= GPS: $GBGSV,1,1,1,14,,,,,,,,,,,,,,,,5*46
05-02 19:52:57.638 503 503 I gpsd : gpsd:PROG: NMEA0183: xBGSV: part 1 of 1, last_gsv_talker '0x42' last_gsv_sigid 0
05-02 19:52:57.638 503 503 I gpsd : gpsd:WARN: NMEA0183: xxGSV: Satellite data no good (1 of 1).
05-02 19:52:57.638 503 503 I gpsd : gpsd:PROG: NMEA0183: GBGSV is just after a cycle ender.
05-02 19:52:57.642 503 503 I gpsd : gpsd:IO: <= GPS: $GNRMC,002710.99,V,,,,,,,020100,,,N,V*1E
05-02 19:52:57.642 503 503 I gpsd : gpsd:PROG: NMEA0183: GNRMC is just after a cycle ender.
05-02 19:52:57.644 503 503 I gpsd : gpsd:IO: <= GPS: $GNVTG,,T,,M,,N,,K,N*32
05-02 19:52:57.644 503 503 I gpsd : gpsd:PROG: NMEA0183: GNVTG is just after a cycle ender.
05-02 19:52:57.647 503 503 I gpsd : gpsd:IO: <= GPS: $GNZDA,002710.99,02,01,2000,,*7D
05-02 19:52:57.647 503 503 I gpsd : gpsd:WARN: WARNING: WKRO bug: leap second 18 inconsistent with 946772830, corrected to 1566088030 (2019-08-18T00:27:10.990Z)
05-02 19:52:57.647 503 503 I gpsd : gpsd:PROG: NMEA0183: GNZDA is just after a cycle ender.
05-02 19:52:58.623 503 503 I gpsd : gpsd:PROG: CORE: transmission pause. gap 0.976557 quiet_time 0.250000
05-02 19:52:58.626 503 503 I gpsd : gpsd:IO: <= GPS: $GPGGA,002711.99,,,,,0,00,,,,,,,*4D
05-02 19:52:58.627 503 503 I gpsd : gpsd:PROG: NMEA0183: GPGGA starts a reporting cycle. lasttag 25
05-02 19:52:58.629 503 503 I gpsd : gpsd:IO: <= GPS: $GNGLL,,,,,002711.99,V,N*51
05-02 19:52:58.629 503 503 I gpsd : gpsd:PROG: NMEA0183: GNGLL ends a reporting cycle.
05-02 19:52:58.632 503 503 I gpsd : gpsd:IO: <= GPS: $GNGSA,A,1,,,,,,,,,,,,,,,,*2C
05-02 19:52:58.632 503 503 I gpsd : gpsd:PROG: NMEA0183: xxGSA sets mode 1
05-02 19:52:58.632 503 503 I gpsd : gpsd:PROG: NMEA0183: xxGSA: mask 0x402
05-02 19:52:58.632 503 503 I gpsd : gpsd:PROG: NMEA0183: GNGSA is just after a cycle ender.
05-02 19:52:58.635 503 503 I gpsd : gpsd:IO: <= GPS: $GBGSV,1,1,2,44,,,08,45,,,06,,,,,,,,,1*4B
05-02 19:52:58.635 503 503 I gpsd : gpsd:PROG: NMEA0183: xBGSV: part 1 of 1, last_gsv_talker '0' last_gsv_sigid 4
05-02 19:52:58.636 503 503 I gpsd : gpsd:PROG: NMEA0183: xBGSV: new part 1, last_gsv_talker '0', zeroing
05-02 19:52:58.636 503 503 I gpsd : gpsd:WARN: NMEA0183: xxGSV: Satellite data no good (1 of 1).
05-02 19:52:58.636 503 503 I gpsd : gpsd:PROG: NMEA0183: GBGSV is just after a cycle ender.
05-02 19:52:58.639 503 503 I gpsd : gpsd:IO: <= GPS: $GBGSV,1,1,1,14,,,,,,,,,,,,,,,,5*46
05-02 19:52:58.639 503 503 I gpsd : gpsd:PROG: NMEA0183: xBGSV: part 1 of 1, last_gsv_talker '0x42' last_gsv_sigid 0
05-02 19:52:58.639 503 503 I gpsd : gpsd:WARN: NMEA0183: xxGSV: Satellite data no good (1 of 1).
05-02 19:52:58.639 503 503 I gpsd : gpsd:PROG: NMEA0183: GBGSV is just after a cycle ender.
05-02 19:52:58.642 503 503 I gpsd : gpsd:IO: <= GPS: $GNRMC,002711.99,V,,,,,,,020100,,,N,V*1F
05-02 19:52:58.642 503 503 I gpsd : gpsd:PROG: NMEA0183: GNRMC is just after a cycle ender.
05-02 19:52:58.644 503 503 I gpsd : gpsd:IO: <= GPS: $GNVTG,,T,,M,,N,,K,N*32
05-02 19:52:58.644 503 503 I gpsd : gpsd:PROG: NMEA0183: GNVTG is just after a cycle ender.
05-02 19:52:58.647 503 503 I gpsd : gpsd:IO: <= GPS: $GNZDA,002711.99,02,01,2000,,*7C
05-02 19:52:58.647 503 503 I gpsd : gpsd:WARN: WARNING: WKRO bug: leap second 18 inconsistent with 946772831, corrected to 1566088031 (2019-08-18T00:27:11.990Z)
05-02 19:52:58.648 503 503 I gpsd : gpsd:PROG: NMEA0183: GNZDA is just after a cycle ender.
05-02 19:52:59.624 503 503 I gpsd : gpsd:PROG: CORE: transmission pause. gap 0.976075 quiet_time 0.250000
05-02 19:52:59.626 503 503 I gpsd : gpsd:IO: <= GPS: $GPGGA,002712.99,,,,,0,00,,,,,,,*4E
05-02 19:52:59.627 503 503 I gpsd : gpsd:PROG: NMEA0183: GPGGA starts a reporting cycle. lasttag 25
05-02 19:52:59.629 503 503 I gpsd : gpsd:IO: <= GPS: $GNGLL,,,,,002712.99,V,N*52
05-02 19:52:59.629 503 503 I gpsd : gpsd:PROG: NMEA0183: GNGLL ends a reporting cycle.
05-02 19:52:59.632 503 503 I gpsd : gpsd:IO: <= GPS: $GNGSA,A,1,,,,,,,,,,,,,,,,*2C
05-02 19:52:59.632 503 503 I gpsd : gpsd:PROG: NMEA0183: xxGSA sets mode 1
05-02 19:52:59.632 503 503 I gpsd : gpsd:PROG: NMEA0183: xxGSA: mask 0x402
05-02 19:52:59.632 503 503 I gpsd : gpsd:PROG: NMEA0183: GNGSA is just after a cycle ender.
05-02 19:52:59.635 503 503 I gpsd : gpsd:IO: <= GPS: $GBGSV,1,1,2,44,,,06,45,,,10,,,,,,,,,1*42
05-02 19:52:59.636 503 503 I gpsd : gpsd:PROG: NMEA0183: xBGSV: part 1 of 1, last_gsv_talker '0' last_gsv_sigid 4
05-02 19:52:59.636 503 503 I gpsd : gpsd:PROG: NMEA0183: xBGSV: new part 1, last_gsv_talker '0', zeroing
05-02 19:52:59.636 503 503 I gpsd : gpsd:WARN: NMEA0183: xxGSV: Satellite data no good (1 of 1).
05-02 19:52:59.636 503 503 I gpsd : gpsd:PROG: NMEA0183: GBGSV is just after a cycle ender.
05-02 19:52:59.639 503 503 I gpsd : gpsd:IO: <= GPS: $GBGSV,1,1,1,14,,,,,,,,,,,,,,,,5*46
05-02 19:52:59.639 503 503 I gpsd : gpsd:PROG: NMEA0183: xBGSV: part 1 of 1, last_gsv_talker '0x42' last_gsv_sigid 0
05-02 19:52:59.639 503 503 I gpsd : gpsd:WARN: NMEA0183: xxGSV: Satellite data no good (1 of 1).
05-02 19:52:59.639 503 503 I gpsd : gpsd:PROG: NMEA0183: GBGSV is just after a cycle ender.
05-02 19:52:59.642 503 503 I gpsd : gpsd:IO: <= GPS: $GNRMC,002712.99,V,,,,,,,020100,,,N,V*1C
05-02 19:52:59.642 503 503 I gpsd : gpsd:PROG: NMEA0183: GNRMC is just after a cycle ender.
05-02 19:52:59.644 503 503 I gpsd : gpsd:IO: <= GPS: $GNVTG,,T,,M,,N,,K,N*32
05-02 19:52:59.645 503 503 I gpsd : gpsd:PROG: NMEA0183: GNVTG is just after a cycle ender.
05-02 19:52:59.647 503 503 I gpsd : gpsd:IO: <= GPS: $GNZDA,002712.99,02,01,2000,,*7F
05-02 19:52:59.648 503 503 I gpsd : gpsd:WARN: WARNING: WKRO bug: leap second 18 inconsistent with 946772832, corrected to 1566088032 (2019-08-18T00:27:12.990Z)
05-02 19:52:59.648 503 503 I gpsd : gpsd:PROG: NMEA0183: GNZDA is just after a cycle ender.
05-02 19:53:00.002 879 879 D KeyguardClockSwitch: Updating clock: 753
05-02 19:53:00.067 365 433 E display : updateScreen invalid drmfd
05-02 19:53:00.125 368 757 D BufferPoolAccessor2.0: bufferpool2 0xb400f2ab576263d8 : 4(14544896 size) total buffers - 4(14544896 size) used buffers - 1511/1532 (recycle/alloc) - 20/1528 (fetch/transfer)
05-02 19:53:00.126 650 737 D BufferPoolAccessor2.0: bufferpool2 0xb400ec86ee787978 : 0(0 size) total buffers - 0(0 size) used buffers - 0/0 (recycle/alloc) - 0/0 (fetch/transfer)
05-02 19:53:00.624 503 503 I gpsd : gpsd:PROG: CORE: transmission pause. gap 0.976179 quiet_time 0.250000
05-02 19:53:00.627 503 503 I gpsd : gpsd:IO: <= GPS: $GPGGA,002713.99,,,,,0,00,,,,,,,*4F
05-02 19:53:00.627 503 503 I gpsd : gpsd:PROG: NMEA0183: GPGGA starts a reporting cycle. lasttag 25
05-02 19:53:00.629 503 503 I gpsd : gpsd:IO: <= GPS: $GNGLL,,,,,002713.99,V,N*53
05-02 19:53:00.629 503 503 I gpsd : gpsd:PROG: NMEA0183: GNGLL ends a reporting cycle.
05-02 19:53:00.632 503 503 I gpsd : gpsd:IO: <= GPS: $GNGSA,A,1,,,,,,,,,,,,,,,,*2C
05-02 19:53:00.632 503 503 I gpsd : gpsd:PROG: NMEA0183: xxGSA sets mode 1
05-02 19:53:00.632 503 503 I gpsd : gpsd:PROG: NMEA0183: xxGSA: mask 0x402
05-02 19:53:00.632 503 503 I gpsd : gpsd:PROG: NMEA0183: GNGSA is just after a cycle ender.
05-02 19:53:00.635 503 503 I gpsd : gpsd:IO: <= GPS: $GBGSV,1,1,2,44,,,05,45,,,,,,,,,,,,1*40
05-02 19:53:00.635 503 503 I gpsd : gpsd:PROG: NMEA0183: xBGSV: part 1 of 1, last_gsv_talker '0' last_gsv_sigid 4
05-02 19:53:00.636 503 503 I gpsd : gpsd:PROG: NMEA0183: xBGSV: new part 1, last_gsv_talker '0', zeroing
05-02 19:53:00.636 503 503 I gpsd : gpsd:WARN: NMEA0183: xxGSV: Satellite data no good (1 of 1).
05-02 19:53:00.636 503 503 I gpsd : gpsd:PROG: NMEA0183: GBGSV is just after a cycle ender.
05-02 19:53:00.638 503 503 I gpsd : gpsd:IO: <= GPS: $GBGSV,1,1,1,14,,,,,,,,,,,,,,,,5*46
05-02 19:53:00.639 503 503 I gpsd : gpsd:PROG: NMEA0183: xBGSV: part 1 of 1, last_gsv_talker '0x42' last_gsv_sigid 0
05-02 19:53:00.639 503 503 I gpsd : gpsd:WARN: NMEA0183: xxGSV: Satellite data no good (1 of 1).
05-02 19:53:00.639 503 503 I gpsd : gpsd:PROG: NMEA0183: GBGSV is just after a cycle ender.
05-02 19:53:00.642 503 503 I gpsd : gpsd:IO: <= GPS: $GNRMC,002713.99,V,,,,,,,020100,,,N,V*1D
05-02 19:53:00.642 503 503 I gpsd : gpsd:PROG: NMEA0183: GNRMC is just after a cycle ender.
05-02 19:53:00.644 503 503 I gpsd : gpsd:IO: <= GPS: $GNVTG,,T,,M,,N,,K,N*32
05-02 19:53:00.644 503 503 I gpsd : gpsd:PROG: NMEA0183: GNVTG is just after a cycle ender.
05-02 19:53:00.647 503 503 I gpsd : gpsd:IO: <= GPS: $GNZDA,002713.99,02,01,2000,,*7E
05-02 19:53:00.647 503 503 I gpsd : gpsd:WARN: WARNING: WKRO bug: leap second 18 inconsistent with 946772833, corrected to 1566088033 (2019-08-18T00:27:13.990Z)
05-02 19:53:00.647 503 503 I gpsd : gpsd:PROG: NMEA0183: GNZDA is just after a cycle ender.
05-02 19:53:01.624 503 503 I gpsd : gpsd:PROG: CORE: transmission pause. gap 0.976197 quiet_time 0.250000
05-02 19:53:01.626 503 503 I gpsd : gpsd:IO: <= GPS: $GPGGA,002714.99,,,,,0,00,,,,,,,*48
05-02 19:53:01.627 503 503 I gpsd : gpsd:PROG: NMEA0183: GPGGA starts a reporting cycle. lasttag 25
05-02 19:53:01.629 503 503 I gpsd : gpsd:IO: <= GPS: $GNGLL,,,,,002714.99,V,N*54
05-02 19:53:01.629 503 503 I gpsd : gpsd:PROG: NMEA0183: GNGLL ends a reporting cycle.
05-02 19:53:01.632 503 503 I gpsd : gpsd:IO: <= GPS: $GNGSA,A,1,,,,,,,,,,,,,,,,*2C
05-02 19:53:01.632 503 503 I gpsd : gpsd:PROG: NMEA0183: xxGSA sets mode 1
05-02 19:53:01.632 503 503 I gpsd : gpsd:PROG: NMEA0183: xxGSA: mask 0x402
05-02 19:53:01.632 503 503 I gpsd : gpsd:PROG: NMEA0183: GNGSA is just after a cycle ender.
05-02 19:53:01.635 503 503 I gpsd : gpsd:IO: <= GPS: $GBGSV,1,1,2,44,,,,45,,,,,,,,,,,,1*45
05-02 19:53:01.635 503 503 I gpsd : gpsd:PROG: NMEA0183: xBGSV: part 1 of 1, last_gsv_talker '0' last_gsv_sigid 4
05-02 19:53:01.635 503 503 I gpsd : gpsd:PROG: NMEA0183: xBGSV: new part 1, last_gsv_talker '0', zeroing
05-02 19:53:01.635 503 503 I gpsd : gpsd:WARN: NMEA0183: xxGSV: Satellite data no good (1 of 1).
05-02 19:53:01.636 503 503 I gpsd : gpsd:PROG: NMEA0183: GBGSV is just after a cycle ender.
05-02 19:53:01.638 503 503 I gpsd : gpsd:IO: <= GPS: $GBGSV,1,1,1,14,,,,,,,,,,,,,,,,5*46
05-02 19:53:01.638 503 503 I gpsd : gpsd:PROG: NMEA0183: xBGSV: part 1 of 1, last_gsv_talker '0x42' last_gsv_sigid 0
05-02 19:53:01.639 503 503 I gpsd : gpsd:WARN: NMEA0183: xxGSV: Satellite data no good (1 of 1).
05-02 19:53:01.639 503 503 I gpsd : gpsd:PROG: NMEA0183: GBGSV is just after a cycle ender.
05-02 19:53:01.642 503 503 I gpsd : gpsd:IO: <= GPS: $GNRMC,002714.99,V,,,,,,,020100,,,N,V*1A
05-02 19:53:01.642 503 503 I gpsd : gpsd:PROG: NMEA0183: GNRMC is just after a cycle ender.
05-02 19:53:01.644 503 503 I gpsd : gpsd:IO: <= GPS: $GNVTG,,T,,M,,N,,K,N*32
05-02 19:53:01.644 503 503 I gpsd : gpsd:PROG: NMEA0183: GNVTG is just after a cycle ender.
05-02 19:53:01.647 503 503 I gpsd : gpsd:IO: <= GPS: $GNZDA,002714.99,02,01,2000,,*79
05-02 19:53:01.647 503 503 I gpsd : gpsd:WARN: WARNING: WKRO bug: leap second 18 inconsistent with 946772834, corrected to 1566088034 (2019-08-18T00:27:14.990Z)
05-02 19:53:01.647 503 503 I gpsd : gpsd:PROG: NMEA0183: GNZDA is just after a cycle ender.
05-02 19:53:02.623 503 503 I gpsd : gpsd:PROG: CORE: transmission pause. gap 0.976361 quiet_time 0.250000
05-02 19:53:02.626 503 503 I gpsd : gpsd:IO: <= GPS: $GPGGA,002715.99,,,,,0,00,,,,,,,*49
05-02 19:53:02.627 503 503 I gpsd : gpsd:PROG: NMEA0183: GPGGA starts a reporting cycle. lasttag 25
05-02 19:53:02.629 503 503 I gpsd : gpsd:IO: <= GPS: $GNGLL,,,,,002715.99,V,N*55
05-02 19:53:02.629 503 503 I gpsd : gpsd:PROG: NMEA0183: GNGLL ends a reporting cycle.
05-02 19:53:02.632 503 503 I gpsd : gpsd:IO: <= GPS: $GNGSA,A,1,,,,,,,,,,,,,,,,*2C
05-02 19:53:02.632 503 503 I gpsd : gpsd:PROG: NMEA0183: xxGSA sets mode 1
05-02 19:53:02.632 503 503 I gpsd : gpsd:PROG: NMEA0183: xxGSA: mask 0x402
05-02 19:53:02.632 503 503 I gpsd : gpsd:PROG: NMEA0183: GNGSA is just after a cycle ender.
05-02 19:53:02.635 503 503 I gpsd : gpsd:IO: <= GPS: $GBGSV,1,1,2,44,,,05,45,,,,,,,,,,,,1*40
05-02 19:53:02.635 503 503 I gpsd : gpsd:PROG: NMEA0183: xBGSV: part 1 of 1, last_gsv_talker '0' last_gsv_sigid 4
05-02 19:53:02.635 503 503 I gpsd : gpsd:PROG: NMEA0183: xBGSV: new part 1, last_gsv_talker '0', zeroing
05-02 19:53:02.636 503 503 I gpsd : gpsd:WARN: NMEA0183: xxGSV: Satellite data no good (1 of 1).
05-02 19:53:02.636 503 503 I gpsd : gpsd:PROG: NMEA0183: GBGSV is just after a cycle ender.
05-02 19:53:02.638 503 503 I gpsd : gpsd:IO: <= GPS: $GBGSV,1,1,1,14,,,,,,,,,,,,,,,,5*46
05-02 19:53:02.639 503 503 I gpsd : gpsd:PROG: NMEA0183: xBGSV: part 1 of 1, last_gsv_talker '0x42' last_gsv_sigid 0
05-02 19:53:02.639 503 503 I gpsd : gpsd:WARN: NMEA0183: xxGSV: Satellite data no good (1 of 1).
05-02 19:53:02.639 503 503 I gpsd : gpsd:PROG: NMEA0183: GBGSV is just after a cycle ender.
05-02 19:53:02.642 503 503 I gpsd : gpsd:IO: <= GPS: $GNRMC,002715.99,V,,,,,,,020100,,,N,V*1B
05-02 19:53:02.642 503 503 I gpsd : gpsd:PROG: NMEA0183: GNRMC is just after a cycle ender.
05-02 19:53:02.644 503 503 I gpsd : gpsd:IO: <= GPS: $GNVTG,,T,,M,,N,,K,N*32
05-02 19:53:02.644 503 503 I gpsd : gpsd:PROG: NMEA0183: GNVTG is just after a cycle ender.
05-02 19:53:02.647 503 503 I gpsd : gpsd:IO: <= GPS: $GNZDA,002715.99,02,01,2000,,*78
05-02 19:53:02.647 503 503 I gpsd : gpsd:WARN: WARNING: WKRO bug: leap second 18 inconsistent with 946772835, corrected to 1566088035 (2019-08-18T00:27:15.990Z)
05-02 19:53:02.647 503 503 I gpsd : gpsd:PROG: NMEA0183: GNZDA is just after a cycle ender.
05-02 19:53:03.623 503 503 I gpsd : gpsd:PROG: CORE: transmission pause. gap 0.976220 quiet_time 0.250000
05-02 19:53:03.626 503 503 I gpsd : gpsd:IO: <= GPS: $GPGGA,002716.99,,,,,0,00,,,,,,,*4A
05-02 19:53:03.627 503 503 I gpsd : gpsd:PROG: NMEA0183: GPGGA starts a reporting cycle. lasttag 25
05-02 19:53:03.629 503 503 I gpsd : gpsd:IO: <= GPS: $GNGLL,,,,,002716.99,V,N*56
05-02 19:53:03.629 503 503 I gpsd : gpsd:PROG: NMEA0183: GNGLL ends a reporting cycle.
05-02 19:53:03.632 503 503 I gpsd : gpsd:IO: <= GPS: $GNGSA,A,1,,,,,,,,,,,,,,,,*2C
05-02 19:53:03.632 503 503 I gpsd : gpsd:PROG: NMEA0183: xxGSA sets mode 1
05-02 19:53:03.632 503 503 I gpsd : gpsd:PROG: NMEA0183: xxGSA: mask 0x402
05-02 19:53:03.632 503 503 I gpsd : gpsd:PROG: NMEA0183: GNGSA is just after a cycle ender.
05-02 19:53:03.635 503 503 I gpsd : gpsd:IO: <= GPS: $GBGSV,1,1,2,44,,,08,45,,,05,,,,,,,,,1*48
05-02 19:53:03.635 503 503 I gpsd : gpsd:PROG: NMEA0183: xBGSV: part 1 of 1, last_gsv_talker '0' last_gsv_sigid 4
05-02 19:53:03.636 503 503 I gpsd : gpsd:PROG: NMEA0183: xBGSV: new part 1, last_gsv_talker '0', zeroing
05-02 19:53:03.636 503 503 I gpsd : gpsd:WARN: NMEA0183: xxGSV: Satellite data no good (1 of 1).
05-02 19:53:03.636 503 503 I gpsd : gpsd:PROG: NMEA0183: GBGSV is just after a cycle ender.
05-02 19:53:03.639 503 503 I gpsd : gpsd:IO: <= GPS: $GBGSV,1,1,1,14,,,,,,,,,,,,,,,,5*46
05-02 19:53:03.639 503 503 I gpsd : gpsd:PROG: NMEA0183: xBGSV: part 1 of 1, last_gsv_talker '0x42' last_gsv_sigid 0
05-02 19:53:03.639 503 503 I gpsd : gpsd:WARN: NMEA0183: xxGSV: Satellite data no good (1 of 1).
05-02 19:53:03.639 503 503 I gpsd : gpsd:PROG: NMEA0183: GBGSV is just after a cycle ender.
05-02 19:53:03.642 503 503 I gpsd : gpsd:IO: <= GPS: $GNRMC,002716.99,V,,,,,,,020100,,,N,V*18
05-02 19:53:03.642 503 503 I gpsd : gpsd:PROG: NMEA0183: GNRMC is just after a cycle ender.
05-02 19:53:03.644 503 503 I gpsd : gpsd:IO: <= GPS: $GNVTG,,T,,M,,N,,K,N*32
05-02 19:53:03.644 503 503 I gpsd : gpsd:PROG: NMEA0183: GNVTG is just after a cycle ender.
05-02 19:53:03.647 503 503 I gpsd : gpsd:IO: <= GPS: $GNZDA,002716.99,02,01,2000,,*7B
05-02 19:53:03.648 503 503 I gpsd : gpsd:WARN: WARNING: WKRO bug: leap second 18 inconsistent with 946772836, corrected to 1566088036 (2019-08-18T00:27:16.990Z)
05-02 19:53:03.648 503 503 I gpsd : gpsd:PROG: NMEA0183: GNZDA is just after a cycle ender.
05-02 19:53:04.623 503 503 I gpsd : gpsd:PROG: CORE: transmission pause. gap 0.975615 quiet_time 0.250000
05-02 19:53:04.626 503 503 I gpsd : gpsd:IO: <= GPS: $GPGGA,002717.99,,,,,0,00,,,,,,,*4B
05-02 19:53:04.626 503 503 I gpsd : gpsd:PROG: NMEA0183: GPGGA starts a reporting cycle. lasttag 25
05-02 19:53:04.628 503 503 I gpsd : gpsd:IO: <= GPS: $GNGLL,,,,,002717.99,V,N*57
05-02 19:53:04.629 503 503 I gpsd : gpsd:PROG: NMEA0183: GNGLL ends a reporting cycle.
05-02 19:53:04.631 503 503 I gpsd : gpsd:IO: <= GPS: $GNGSA,A,1,,,,,,,,,,,,,,,,*2C
05-02 19:53:04.631 503 503 I gpsd : gpsd:PROG: NMEA0183: xxGSA sets mode 1
05-02 19:53:04.631 503 503 I gpsd : gpsd:PROG: NMEA0183: xxGSA: mask 0x402
05-02 19:53:04.631 503 503 I gpsd : gpsd:PROG: NMEA0183: GNGSA is just after a cycle ender.
05-02 19:53:04.635 503 503 I gpsd : gpsd:IO: <= GPS: $GBGSV,1,1,2,44,,,,45,,,,,,,,,,,,1*45
05-02 19:53:04.635 503 503 I gpsd : gpsd:PROG: NMEA0183: xBGSV: part 1 of 1, last_gsv_talker '0' last_gsv_sigid 4
05-02 19:53:04.635 503 503 I gpsd : gpsd:PROG: NMEA0183: xBGSV: new part 1, last_gsv_talker '0', zeroing
05-02 19:53:04.635 503 503 I gpsd : gpsd:WARN: NMEA0183: xxGSV: Satellite data no good (1 of 1).
05-02 19:53:04.635 503 503 I gpsd : gpsd:PROG: NMEA0183: GBGSV is just after a cycle ender.
05-02 19:53:04.638 503 503 I gpsd : gpsd:IO: <= GPS: $GBGSV,1,1,1,14,,,,,,,,,,,,,,,,5*46
05-02 19:53:04.638 503 503 I gpsd : gpsd:PROG: NMEA0183: xBGSV: part 1 of 1, last_gsv_talker '0x42' last_gsv_sigid 0
05-02 19:53:04.638 503 503 I gpsd : gpsd:WARN: NMEA0183: xxGSV: Satellite data no good (1 of 1).
05-02 19:53:04.638 503 503 I gpsd : gpsd:PROG: NMEA0183: GBGSV is just after a cycle ender.
05-02 19:53:04.641 503 503 I gpsd : gpsd:IO: <= GPS: $GNRMC,002717.99,V,,,,,,,020100,,,N,V*19
05-02 19:53:04.642 503 503 I gpsd : gpsd:PROG: NMEA0183: GNRMC is just after a cycle ender.
05-02 19:53:04.644 503 503 I gpsd : gpsd:IO: <= GPS: $GNVTG,,T,,M,,N,,K,N*32
05-02 19:53:04.644 503 503 I gpsd : gpsd:PROG: NMEA0183: GNVTG is just after a cycle ender.
05-02 19:53:04.647 503 503 I gpsd : gpsd:IO: <= GPS: $GNZDA,002717.99,02,01,2000,,*7A
05-02 19:53:04.647 503 503 I gpsd : gpsd:WARN: WARNING: WKRO bug: leap second 18 inconsistent with 946772837, corrected to 1566088037 (2019-08-18T00:27:17.990Z)
05-02 19:53:04.647 503 503 I gpsd : gpsd:PROG: NMEA0183: GNZDA is just after a cycle ender.
05-02 19:53:04.913 370 1559 D NxpTml : PN54X - I2C Read successful.....
05-02 19:53:04.913 370 1559 D NxpNciR : len = 4 > 600701A1
05-02 19:53:04.913 370 1559 D NxpTml : PN54X - Posting read message.....
05-02 19:53:04.913 370 1562 D NxpHal : read successful status = 0x0
05-02 19:53:04.913 370 1562 D NfccPowerTracker: NfccPowerTracker::ProcessNtf: Enter
05-02 19:53:04.913 370 1559 D NxpTml : PN54X - Read requested.....
05-02 19:53:04.913 1427 1587 I libnfc_nci: [INFO:nfc_ncif.cc(501)] NFC received ntf gid:0
05-02 19:53:04.913 370 1559 D NxpTml : PN54X - Invoking I2C Read.....
05-02 19:53:04.914 1427 1587 I libnfc_nci: [INFO:nci_hrcv.cc(128)] nci_proc_core_ntf opcode:0x7
05-02 19:53:04.914 1427 1587 I libnfc_nci: [INFO:nfa_dm_act.cc(269)] NFC_GEN_ERROR_REVT(0x500d)
05-02 19:53:04.914 1427 1587 I libnfc_nci: [INFO:nfa_dm_discover.cc(1663)] nfa_dm_disc_data_cback
