05-02 19:39:26.794 534 577 I UsageStatsService: Finished migration to system CE for user 0
05-02 19:39:26.797 237 237 I vold : onUserStarted: 0
05-02 19:39:26.798 534 617 V StorageManagerService: Found primary storage at VolumeInfo{emulated;0}:
05-02 19:39:26.798 534 617 V StorageManagerService: type=EMULATED diskId=null partGuid= mountFlags=0 mountUserId=0
05-02 19:39:26.798 534 617 V StorageManagerService: state=UNMOUNTED
05-02 19:39:26.798 534 617 V StorageManagerService: fsType=null fsUuid=null fsLabel=null
05-02 19:39:26.798 534 617 V StorageManagerService: path=null internalPath=null
05-02 19:39:26.799 534 577 I UsageStatsDatabase: Upgrading from version 0 to 5
05-02 19:39:26.799 534 646 I StorageManagerService: Mounting volume VolumeInfo{emulated;0}:
05-02 19:39:26.799 534 646 I StorageManagerService: type=EMULATED diskId=null partGuid= mountFlags=PRIMARY|VISIBLE
05-02 19:39:26.799 534 646 I StorageManagerService: mountUserId=0 state=UNMOUNTED
05-02 19:39:26.799 534 646 I StorageManagerService: fsType=null fsUuid=null fsLabel=null
05-02 19:39:26.799 534 646 I StorageManagerService: path=null internalPath=null
05-02 19:39:26.799 534 577 I UsageStatsDatabase: Deleting all usage stats files
05-02 19:39:26.800 237 237 I vold : Mounting emulated fuse volume
05-02 19:39:26.801 534 578 D SystemServerTimingAsync: ssm.onUnlockingUser-0_com.android.server.StorageManagerService$Lifecycle took to complete: 20ms
05-02 19:39:26.801 534 578 I SystemServerTimingAsync: ssm.onUnlockingUser-0_com.android.server.usage.StorageStatsService$Lifecycle
05-02 19:39:26.801 534 578 D SystemServerTimingAsync: ssm.onUnlockingUser-0_com.android.server.usage.StorageStatsService$Lifecycle took to complete: 0ms
05-02 19:39:26.801 534 578 I SystemServerTimingAsync: ssm.onUnlockingUser-0_com.android.server.UiModeManagerService
05-02 19:39:26.801 534 578 D SystemServerTimingAsync: ssm.onUnlockingUser-0_com.android.server.UiModeManagerService took to complete: 0ms
05-02 19:39:26.801 534 578 I SystemServerTimingAsync: ssm.onUnlockingUser-0_com.android.server.locksettings.LockSettingsService$Lifecycle
05-02 19:39:26.801 534 578 D SystemServerTimingAsync: ssm.onUnlockingUser-0_com.android.server.locksettings.LockSettingsService$Lifecycle took to complete: 0ms
05-02 19:39:26.801 534 578 I SystemServerTimingAsync: ssm.onUnlockingUser-0_com.android.server.PersistentDataBlockService
05-02 19:39:26.801 534 578 D SystemServerTimingAsync: ssm.onUnlockingUser-0_com.android.server.PersistentDataBlockService took to complete: 0ms
05-02 19:39:26.801 534 578 I SystemServerTimingAsync: ssm.onUnlockingUser-0_com.android.server.testharness.TestHarnessModeService
05-02 19:39:26.801 534 578 D SystemServerTimingAsync: ssm.onUnlockingUser-0_com.android.server.testharness.TestHarnessModeService took to complete: 0ms
05-02 19:39:26.801 534 578 I SystemServerTimingAsync: ssm.onUnlockingUser-0_com.android.server.oemlock.OemLockService
05-02 19:39:26.801 534 578 D SystemServerTimingAsync: ssm.onUnlockingUser-0_com.android.server.oemlock.OemLockService took to complete: 0ms
05-02 19:39:26.802 534 578 I SystemServerTimingAsync: ssm.onUnlockingUser-0_com.android.server.DeviceIdleController
05-02 19:39:26.802 534 578 D SystemServerTimingAsync: ssm.onUnlockingUser-0_com.android.server.DeviceIdleController took to complete: 0ms
05-02 19:39:26.802 534 578 I SystemServerTimingAsync: ssm.onUnlockingUser-0_com.android.server.devicepolicy.DevicePolicyManagerService$Lifecycle
05-02 19:39:26.802 534 578 D SystemServerTimingAsync: ssm.onUnlockingUser-0_com.android.server.devicepolicy.DevicePolicyManagerService$Lifecycle took to complete: 0ms
05-02 19:39:26.802 534 577 I UsageStatsService: User[0] Rollover scheduled @ 2022-05-03 19:39:26(1651606766795)
05-02 19:39:26.802 534 577 D AppStandbyController: Initializing defaults for system apps on user 0, appIdleEnabled=false
05-02 19:39:26.802 534 578 I SystemServerTimingAsync: ssm.onUnlockingUser-0_com.android.server.textservices.TextServicesManagerService$Lifecycle
05-02 19:39:26.812 237 237 I vold : Bind mounting /data/media to /mnt/pass_through/0/emulated
05-02 19:39:26.814 534 646 I StorageSessionController: On volume mount VolumeInfo{emulated;0}:
05-02 19:39:26.814 534 646 I StorageSessionController: type=EMULATED diskId=null partGuid= mountFlags=PRIMARY|VISIBLE
05-02 19:39:26.814 534 646 I StorageSessionController: mountUserId=0 state=CHECKING
05-02 19:39:26.814 534 646 I StorageSessionController: fsType=null fsUuid=null fsLabel=null
05-02 19:39:26.814 534 646 I StorageSessionController: path=/storage/emulated internalPath=/data/media
05-02 19:39:26.814 534 646 I StorageSessionController: Creating connection for user: 0
05-02 19:39:26.815 534 646 I StorageSessionController: Creating and starting session with id: emulated;0
05-02 19:39:26.815 534 646 I StorageUserConnection: Binding to the ExternalStorageService for user 0
05-02 19:39:26.818 534 578 D SystemServerTimingAsync: ssm.onUnlockingUser-0_com.android.server.textservices.TextServicesManagerService$Lifecycle took to complete: 17ms
05-02 19:39:26.818 534 578 I SystemServerTimingAsync: ssm.onUnlockingUser-0_com.android.server.textclassifier.TextClassificationManagerService$Lifecycle
05-02 19:39:26.818 534 578 D SystemServerTimingAsync: ssm.onUnlockingUser-0_com.android.server.textclassifier.TextClassificationManagerService$Lifecycle took to complete: 0ms
05-02 19:39:26.818 534 578 I SystemServerTimingAsync: ssm.onUnlockingUser-0_com.android.server.NetworkScoreService$Lifecycle
05-02 19:39:26.818 534 578 D SystemServerTimingAsync: ssm.onUnlockingUser-0_com.android.server.NetworkScoreService$Lifecycle took to complete: 0ms
05-02 19:39:26.818 534 578 I SystemServerTimingAsync: ssm.onUnlockingUser-0_com.android.server.wifi.WifiService
05-02 19:39:26.825 534 646 I am_uid_running: 10126
05-02 19:39:26.825 534 578 D SystemServerTimingAsync: ssm.onUnlockingUser-0_com.android.server.wifi.WifiService took to complete: 7ms
05-02 19:39:26.825 534 578 I SystemServerTimingAsync: ssm.onUnlockingUser-0_com.android.server.wifi.scanner.WifiScanningService
05-02 19:39:26.825 534 578 D SystemServerTimingAsync: ssm.onUnlockingUser-0_com.android.server.wifi.scanner.WifiScanningService took to complete: 0ms
05-02 19:39:26.825 534 578 I SystemServerTimingAsync: ssm.onUnlockingUser-0_com.android.server.wifi.p2p.WifiP2pService
05-02 19:39:26.826 534 578 D SystemServerTimingAsync: ssm.onUnlockingUser-0_com.android.server.wifi.p2p.WifiP2pService took to complete: 0ms
05-02 19:39:26.826 534 578 I SystemServerTimingAsync: ssm.onUnlockingUser-0_com.android.server.ethernet.EthernetService
05-02 19:39:26.826 534 578 D SystemServerTimingAsync: ssm.onUnlockingUser-0_com.android.server.ethernet.EthernetService took to complete: 0ms
05-02 19:39:26.826 534 578 I SystemServerTimingAsync: ssm.onUnlockingUser-0_com.android.server.notification.NotificationManagerService
05-02 19:39:26.826 534 578 D SystemServerTimingAsync: ssm.onUnlockingUser-0_com.android.server.notification.NotificationManagerService took to complete: 0ms
05-02 19:39:26.826 534 578 I SystemServerTimingAsync: ssm.onUnlockingUser-0_com.android.server.storage.DeviceStorageMonitorService
05-02 19:39:26.826 534 578 D SystemServerTimingAsync: ssm.onUnlockingUser-0_com.android.server.storage.DeviceStorageMonitorService took to complete: 0ms
05-02 19:39:26.826 534 578 I SystemServerTimingAsync: ssm.onUnlockingUser-0_com.android.server.location.LocationManagerService$Lifecycle
05-02 19:39:26.826 534 578 D SystemServerTimingAsync: ssm.onUnlockingUser-0_com.android.server.location.LocationManagerService$Lifecycle took to complete: 0ms
05-02 19:39:26.826 534 578 I SystemServerTimingAsync: ssm.onUnlockingUser-0_com.android.server.timedetector.TimeDetectorService$Lifecycle
05-02 19:39:26.826 534 578 D SystemServerTimingAsync: ssm.onUnlockingUser-0_com.android.server.timedetector.TimeDetectorService$Lifecycle took to complete: 0ms
05-02 19:39:26.826 534 578 I SystemServerTimingAsync: ssm.onUnlockingUser-0_com.android.server.timezonedetector.TimeZoneDetectorService$Lifecycle
05-02 19:39:26.826 534 578 D SystemServerTimingAsync: ssm.onUnlockingUser-0_com.android.server.timezonedetector.TimeZoneDetectorService$Lifecycle took to complete: 0ms
05-02 19:39:26.826 534 578 I SystemServerTimingAsync: ssm.onUnlockingUser-0_com.android.server.search.SearchManagerService$Lifecycle
05-02 19:39:26.826 534 578 D SystemServerTimingAsync: ssm.onUnlockingUser-0_com.android.server.search.SearchManagerService$Lifecycle took to complete: 0ms
05-02 19:39:26.826 534 578 I SystemServerTimingAsync: ssm.onUnlockingUser-0_com.android.server.wallpaper.WallpaperManagerService$Lifecycle
05-02 19:39:26.826 534 578 I WallpaperManagerService: on-unlock-user-0
05-02 19:39:26.826 534 578 D WallpaperManagerService: on-unlock-user-0 took to complete: 0ms
05-02 19:39:26.827 534 646 D CompatibilityChangeReporter: Compat change id reported: 135634846; UID 10126; state: DISABLED
05-02 19:39:26.827 534 578 D SystemServerTimingAsync: ssm.onUnlockingUser-0_com.android.server.wallpaper.WallpaperManagerService$Lifecycle took to complete: 1ms
05-02 19:39:26.827 534 578 I SystemServerTimingAsync: ssm.onUnlockingUser-0_com.android.server.audio.AudioService$Lifecycle
05-02 19:39:26.828 534 578 D SystemServerTimingAsync: ssm.onUnlockingUser-0_com.android.server.audio.AudioService$Lifecycle took to complete: 0ms
05-02 19:39:26.828 534 578 I SystemServerTimingAsync: ssm.onUnlockingUser-0_com.android.server.soundtrigger_middleware.SoundTriggerMiddlewareService$Lifecycle
05-02 19:39:26.828 534 578 D SystemServerTimingAsync: ssm.onUnlockingUser-0_com.android.server.soundtrigger_middleware.SoundTriggerMiddlewareService$Lifecycle took to complete: 0ms
05-02 19:39:26.828 534 578 I SystemServerTimingAsync: ssm.onUnlockingUser-0_com.android.server.DockObserver
05-02 19:39:26.828 534 578 D SystemServerTimingAsync: ssm.onUnlockingUser-0_com.android.server.DockObserver took to complete: 0ms
05-02 19:39:26.828 534 578 I SystemServerTimingAsync: ssm.onUnlockingUser-0_com.android.server.midi.MidiService$Lifecycle
05-02 19:39:26.828 534 646 D CompatibilityChangeReporter: Compat change id reported: 135754954; UID 10126; state: ENABLED
05-02 19:39:26.828 534 646 I StorageUserConnection: Bound to the ExternalStorageService for user 0
05-02 19:39:26.829 534 579 D CompatibilityChangeReporter: Compat change id reported: 143937733; UID 10126; state: ENABLED
05-02 19:39:26.829 534 578 D SystemServerTimingAsync: ssm.onUnlockingUser-0_com.android.server.midi.MidiService$Lifecycle took to complete: 1ms
05-02 19:39:26.829 534 578 I SystemServerTimingAsync: ssm.onUnlockingUser-0_com.android.server.adb.AdbService$Lifecycle
05-02 19:39:26.829 534 578 D SystemServerTimingAsync: ssm.onUnlockingUser-0_com.android.server.adb.AdbService$Lifecycle took to complete: 0ms
05-02 19:39:26.829 534 578 I SystemServerTimingAsync: ssm.onUnlockingUser-0_com.android.server.usb.UsbService$Lifecycle
05-02 19:39:26.830 534 578 D SystemServerTimingAsync: ssm.onUnlockingUser-0_com.android.server.usb.UsbService$Lifecycle took to complete: 0ms
05-02 19:39:26.830 534 578 I SystemServerTimingAsync: ssm.onUnlockingUser-0_com.android.server.twilight.TwilightService
05-02 19:39:26.830 534 578 D SystemServerTimingAsync: ssm.onUnlockingUser-0_com.android.server.twilight.TwilightService took to complete: 0ms
05-02 19:39:26.830 534 578 I SystemServerTimingAsync: ssm.onUnlockingUser-0_com.android.server.display.color.ColorDisplayService
05-02 19:39:26.830 534 578 D SystemServerTimingAsync: ssm.onUnlockingUser-0_com.android.server.display.color.ColorDisplayService took to complete: 0ms
05-02 19:39:26.830 534 578 I SystemServerTimingAsync: ssm.onUnlockingUser-0_com.android.server.job.JobSchedulerService
05-02 19:39:26.830 534 578 D SystemServerTimingAsync: ssm.onUnlockingUser-0_com.android.server.job.JobSchedulerService took to complete: 0ms
05-02 19:39:26.830 534 578 I SystemServerTimingAsync: ssm.onUnlockingUser-0_com.android.server.soundtrigger.SoundTriggerService
05-02 19:39:26.830 534 578 D SystemServerTimingAsync: ssm.onUnlockingUser-0_com.android.server.soundtrigger.SoundTriggerService took to complete: 0ms
05-02 19:39:26.830 534 578 I SystemServerTimingAsync: ssm.onUnlockingUser-0_com.android.server.trust.TrustManagerService
05-02 19:39:26.830 534 578 D SystemServerTimingAsync: ssm.onUnlockingUser-0_com.android.server.trust.TrustManagerService took to complete: 0ms
05-02 19:39:26.830 534 578 I SystemServerTimingAsync: ssm.onUnlockingUser-0_com.android.server.backup.BackupManagerService$Lifecycle
05-02 19:39:26.831 534 578 D SystemServerTimingAsync: ssm.onUnlockingUser-0_com.android.server.backup.BackupManagerService$Lifecycle took to complete: 0ms
05-02 19:39:26.831 534 578 I SystemServerTimingAsync: ssm.onUnlockingUser-0_com.android.server.appwidget.AppWidgetService
05-02 19:39:26.831 534 578 D SystemServerTimingAsync: ssm.onUnlockingUser-0_com.android.server.appwidget.AppWidgetService took to complete: 0ms
05-02 19:39:26.831 534 578 I SystemServerTimingAsync: ssm.onUnlockingUser-0_com.android.server.role.RoleManagerService
05-02 19:39:26.831 534 578 D SystemServerTimingAsync: ssm.onUnlockingUser-0_com.android.server.role.RoleManagerService took to complete: 0ms
05-02 19:39:26.833 534 578 I SystemServerTimingAsync: ssm.onUnlockingUser-0_com.android.server.voiceinteraction.VoiceInteractionManagerService
05-02 19:39:26.833 534 578 W VoiceInteractionManager: no available voice interaction services found for user 0
05-02 19:39:26.834 534 578 W VoiceInteractionManager: no available voice recognition services found for user 0
05-02 19:39:26.834 534 578 D SystemServerTimingAsync: ssm.onUnlockingUser-0_com.android.server.voiceinteraction.VoiceInteractionManagerService took to complete: 1ms
05-02 19:39:26.834 534 578 I SystemServerTimingAsync: ssm.onUnlockingUser-0_com.android.server.GestureLauncherService
05-02 19:39:26.834 534 578 D SystemServerTimingAsync: ssm.onUnlockingUser-0_com.android.server.GestureLauncherService took to complete: 0ms
05-02 19:39:26.834 534 578 I SystemServerTimingAsync: ssm.onUnlockingUser-0_com.android.server.SensorNotificationService
05-02 19:39:26.834 534 578 D SystemServerTimingAsync: ssm.onUnlockingUser-0_com.android.server.SensorNotificationService took to complete: 0ms
05-02 19:39:26.834 534 578 I SystemServerTimingAsync: ssm.onUnlockingUser-0_com.android.server.emergency.EmergencyAffordanceService
05-02 19:39:26.834 534 578 D SystemServerTimingAsync: ssm.onUnlockingUser-0_com.android.server.emergency.EmergencyAffordanceService took to complete: 0ms
05-02 19:39:26.834 534 578 I SystemServerTimingAsync: ssm.onUnlockingUser-0_com.android.server.dreams.DreamManagerService
05-02 19:39:26.834 534 578 D SystemServerTimingAsync: ssm.onUnlockingUser-0_com.android.server.dreams.DreamManagerService took to complete: 0ms
05-02 19:39:26.834 534 578 I SystemServerTimingAsync: ssm.onUnlockingUser-0_com.android.server.blob.BlobStoreManagerService
05-02 19:39:26.834 534 578 D SystemServerTimingAsync: ssm.onUnlockingUser-0_com.android.server.blob.BlobStoreManagerService took to complete: 0ms
05-02 19:39:26.835 534 578 I SystemServerTimingAsync: ssm.onUnlockingUser-0_com.android.server.print.PrintManagerService
05-02 19:39:26.835 534 578 D SystemServerTimingAsync: ssm.onUnlockingUser-0_com.android.server.print.PrintManagerService took to complete: 0ms
05-02 19:39:26.835 534 578 I SystemServerTimingAsync: ssm.onUnlockingUser-0_com.android.server.companion.CompanionDeviceManagerService
05-02 19:39:26.835 534 578 D SystemServerTimingAsync: ssm.onUnlockingUser-0_com.android.server.companion.CompanionDeviceManagerService took to complete: 0ms
05-02 19:39:26.835 534 839 I BackupManagerService: Starting service for user: 0
05-02 19:39:26.836 534 569 I configuration_changed: 32
05-02 19:39:26.837 534 569 W ActivityTaskManager: Current config: {1.0 ?mcc?mnc [en_US] ldltr sw720dp w1280dp h648dp 240dpi lrg long land finger -keyb/h/h -nav/h winConfig={ mBounds=Rect(0, 0 - 1920, 1080) mAppBounds=Rect(0, 0 - 1920, 1008) mWindowingMode=fullscreen mDisplayWindowingMode=fullscreen mActivityType=undefined mAlwaysOnTop=undefined mRotation=ROTATION_0} s.8} unchanged for IME proc com.android.inputmethod.latin
05-02 19:39:26.839 534 534 I NotificationHistory: Attempted to unlock gone/disabled user 0
05-02 19:39:26.841 534 578 I SystemServerTimingAsync: ssm.onUnlockingUser-0_com.android.server.restrictions.RestrictionsManagerService
05-02 19:39:26.841 534 569 I ActivityTaskManager: Config changes=20 {1.0 ?mcc?mnc [en_US] ldltr sw720dp w1280dp h648dp 240dpi lrg long land finger -keyb/v/h -nav/h winConfig={ mBounds=Rect(0, 0 - 1920, 1080) mAppBounds=Rect(0, 0 - 1920, 1008) mWindowingMode=fullscreen mDisplayWindowingMode=fullscreen mActivityType=undefined mAlwaysOnTop=undefined mRotation=ROTATION_0} s.8}
05-02 19:39:26.844 534 839 V BackupManagerService: [UserID:0] Starting with transport com.android.localtransport/.LocalTransport
05-02 19:39:26.844 534 578 D SystemServerTimingAsync: ssm.onUnlockingUser-0_com.android.server.restrictions.RestrictionsManagerService took to complete: 0ms
05-02 19:39:26.844 534 578 I SystemServerTimingAsync: ssm.onUnlockingUser-0_com.android.server.media.MediaSessionService
05-02 19:39:26.844 534 578 D SystemServerTimingAsync: ssm.onUnlockingUser-0_com.android.server.media.MediaSessionService took to complete: 0ms
05-02 19:39:26.844 534 578 I SystemServerTimingAsync: ssm.onUnlockingUser-0_com.android.server.media.MediaResourceMonitorService
05-02 19:39:26.844 534 578 D SystemServerTimingAsync: ssm.onUnlockingUser-0_com.android.server.media.MediaResourceMonitorService took to complete: 0ms
05-02 19:39:26.844 534 578 I SystemServerTimingAsync: ssm.onUnlockingUser-0_com.android.server.biometrics.BiometricService
05-02 19:39:26.844 534 578 D SystemServerTimingAsync: ssm.onUnlockingUser-0_com.android.server.biometrics.BiometricService took to complete: 0ms
05-02 19:39:26.844 534 578 I SystemServerTimingAsync: ssm.onUnlockingUser-0_com.android.server.biometrics.AuthService
05-02 19:39:26.844 534 578 D SystemServerTimingAsync: ssm.onUnlockingUser-0_com.android.server.biometrics.AuthService took to complete: 0ms
05-02 19:39:26.844 534 578 I SystemServerTimingAsync: ssm.onUnlockingUser-0_com.android.server.pm.ShortcutService$Lifecycle
05-02 19:39:26.845 534 578 D SystemServerTimingAsync: ssm.onUnlockingUser-0_com.android.server.pm.ShortcutService$Lifecycle took to complete: 0ms
05-02 19:39:26.845 534 578 I SystemServerTimingAsync: ssm.onUnlockingUser-0_com.android.server.pm.LauncherAppsService
05-02 19:39:26.845 534 578 D SystemServerTimingAsync: ssm.onUnlockingUser-0_com.android.server.pm.LauncherAppsService took to complete: 0ms
05-02 19:39:26.845 534 578 I SystemServerTimingAsync: ssm.onUnlockingUser-0_com.android.server.pm.CrossProfileAppsService
05-02 19:39:26.845 534 578 D SystemServerTimingAsync: ssm.onUnlockingUser-0_com.android.server.pm.CrossProfileAppsService took to complete: 0ms
05-02 19:39:26.845 534 578 I SystemServerTimingAsync: ssm.onUnlockingUser-0_com.android.server.people.PeopleService
05-02 19:39:26.845 534 578 D SystemServerTimingAsync: ssm.onUnlockingUser-0_com.android.server.people.PeopleService took to complete: 0ms
05-02 19:39:26.845 534 578 I SystemServerTimingAsync: ssm.onUnlockingUser-0_com.android.server.media.projection.MediaProjectionManagerService
05-02 19:39:26.845 534 578 D SystemServerTimingAsync: ssm.onUnlockingUser-0_com.android.server.media.projection.MediaProjectionManagerService took to complete: 0ms
05-02 19:39:26.845 534 578 I SystemServerTimingAsync: ssm.onUnlockingUser-0_com.android.server.slice.SliceManagerService$Lifecycle
05-02 19:39:26.845 534 578 D SystemServerTimingAsync: ssm.onUnlockingUser-0_com.android.server.slice.SliceManagerService$Lifecycle took to complete: 0ms
05-02 19:39:26.845 534 578 I SystemServerTimingAsync: ssm.onUnlockingUser-0_com.android.server.camera.CameraServiceProxy
05-02 19:39:26.845 534 578 D SystemServerTimingAsync: ssm.onUnlockingUser-0_com.android.server.camera.CameraServiceProxy took to complete: 0ms
05-02 19:39:26.845 534 578 I SystemServerTimingAsync: ssm.onUnlockingUser-0_com.android.server.stats.StatsCompanion$Lifecycle
05-02 19:39:26.845 534 578 D SystemServerTimingAsync: ssm.onUnlockingUser-0_com.android.server.stats.StatsCompanion$Lifecycle took to complete: 0ms
05-02 19:39:26.845 534 578 I SystemServerTimingAsync: ssm.onUnlockingUser-0_com.android.server.stats.pull.StatsPullAtomService
05-02 19:39:26.845 534 578 D SystemServerTimingAsync: ssm.onUnlockingUser-0_com.android.server.stats.pull.StatsPullAtomService took to complete: 0ms
05-02 19:39:26.845 534 578 I SystemServerTimingAsync: ssm.onUnlockingUser-0_com.android.server.incident.IncidentCompanionService
05-02 19:39:26.845 534 578 D SystemServerTimingAsync: ssm.onUnlockingUser-0_com.android.server.incident.IncidentCompanionService took to complete: 0ms
05-02 19:39:26.846 534 578 I SystemServerTimingAsync: ssm.onUnlockingUser-0_com.android.server.MmsServiceBroker
05-02 19:39:26.846 534 578 D SystemServerTimingAsync: ssm.onUnlockingUser-0_com.android.server.MmsServiceBroker took to complete: 0ms
05-02 19:39:26.846 534 578 I SystemServerTimingAsync: ssm.onUnlockingUser-0_com.android.server.autofill.AutofillManagerService
05-02 19:39:26.846 534 578 D AutofillManagerServiceImpl: Reset component for user 0:
05-02 19:39:26.846 534 578 D FieldClassificationStrategy: reset(): service is not bound. Do nothing.
05-02 19:39:26.847 534 578 D SystemServerTimingAsync: ssm.onUnlockingUser-0_com.android.server.autofill.AutofillManagerService took to complete: 1ms
05-02 19:39:26.847 534 578 I SystemServerTimingAsync: ssm.onUnlockingUser-0_com.android.server.clipboard.ClipboardService
05-02 19:39:26.847 534 578 D SystemServerTimingAsync: ssm.onUnlockingUser-0_com.android.server.clipboard.ClipboardService took to complete: 0ms
05-02 19:39:26.847 534 578 I SystemServerTimingAsync: ssm.onUnlockingUser-0_com.android.server.appbinding.AppBindingService$Lifecycle
05-02 19:39:26.847 534 578 D SystemServerTimingAsync: ssm.onUnlockingUser-0_com.android.server.appbinding.AppBindingService$Lifecycle took to complete: 1ms
05-02 19:39:26.847 534 578 I SystemServerTimingAsync: ssm.onUnlockingUser-0_com.android.server.policy.PermissionPolicyService
05-02 19:39:26.847 534 578 D SystemServerTimingAsync: ssm.onUnlockingUser-0_com.android.server.policy.PermissionPolicyService took to complete: 0ms
05-02 19:39:26.848 534 578 I SystemServerTimingAsync: ssm.onUnlockingUser-0_com.android.server.pm.StagingManager$Lifecycle
05-02 19:39:26.848 534 578 D SystemServerTimingAsync: ssm.onUnlockingUser-0_com.android.server.pm.StagingManager$Lifecycle took to complete: 0ms
05-02 19:39:26.848 534 578 D SystemServerTimingAsync: ssm.UnlockingUser-0 took to complete: 72ms
05-02 19:39:26.848 534 578 W ActivityManager: UserLifecycleEvent 5 received without an active userJourneySession.
05-02 19:39:26.848 534 578 W ActivityManager: UserLifecycleEvent 6 received without an active userJourneySession.
05-02 19:39:26.848 534 578 I uc_finish_user_unlocked: 0
05-02 19:39:26.848 534 578 I ActivityManager: User 0 state changed from RUNNING_UNLOCKING to RUNNING_UNLOCKED
05-02 19:39:26.848 534 578 I am_user_state_changed: [0,3]
05-02 19:39:26.849 534 578 D SystemServerTiming: SystemUserUnlock took to complete: 2897ms
05-02 19:39:26.851 534 839 D BackupManagerService: [UserID:0] Started thread backup-0
05-02 19:39:26.915 534 577 I UsageStatsService: User[0] Flushing usage stats to disk
05-02 19:39:26.984 534 569 W ActivityTaskManager: Current config: {1.0 ?mcc?mnc [en_US] ldltr sw720dp w1280dp h648dp 240dpi lrg long land finger -keyb/h/h -nav/h winConfig={ mBounds=Rect(0, 0 - 1920, 1080) mAppBounds=Rect(0, 0 - 1920, 1008) mWindowingMode=fullscreen mDisplayWindowingMode=fullscreen mActivityType=undefined mAlwaysOnTop=undefined mRotation=ROTATION_0} s.8} unchanged for IME proc com.android.inputmethod.latin
05-02 19:39:27.001 534 569 I WindowManager: Override config changes=20 {1.0 ?mcc?mnc [en_US] ldltr sw720dp w1280dp h648dp 240dpi lrg long land finger -keyb/v/h -nav/h winConfig={ mBounds=Rect(0, 0 - 1920, 1080) mAppBounds=Rect(0, 0 - 1920, 1008) mWindowingMode=fullscreen mDisplayWindowingMode=fullscreen mActivityType=undefined mAlwaysOnTop=undefined mRotation=ROTATION_0} s.8} for displayId=0
05-02 19:39:27.002 534 569 V ActivityTaskManager: Sending to IME proc com.android.inputmethod.latin new config {1.0 ?mcc?mnc [en_US] ldltr sw720dp w1280dp h648dp 240dpi lrg long land finger -keyb/v/h -nav/h winConfig={ mBounds=Rect(0, 0 - 1920, 1080) mAppBounds=Rect(0, 0 - 1920, 1008) mWindowingMode=fullscreen mDisplayWindowingMode=fullscreen mActivityType=undefined mAlwaysOnTop=undefined mRotation=ROTATION_0} s.8}
05-02 19:39:27.003 534 569 W ActivityTaskManager: Current config: {1.0 ?mcc?mnc [en_US] ldltr sw720dp w1280dp h648dp 240dpi lrg long land finger -keyb/v/h -nav/h winConfig={ mBounds=Rect(0, 0 - 1920, 1080) mAppBounds=Rect(0, 0 - 1920, 1008) mWindowingMode=fullscreen mDisplayWindowingMode=fullscreen mActivityType=undefined mAlwaysOnTop=undefined mRotation=ROTATION_0} s.8} unchanged for IME proc com.android.inputmethod.latin
05-02 19:39:27.075 534 628 I commit_sys_config_file: [settings-2-0,40]
05-02 19:39:27.136 534 569 I wm_relaunch_resume_activity: [0,197813651,3,com.android.settings/.FallbackHome]
05-02 19:39:27.139 534 569 V WindowManager: Orientation start waiting for draw, mDrawState=DRAW_PENDING in Window{ffee030 u0 NavigationBar0}, surfaceController Surface(name=NavigationBar0)/@0xe1b7874
05-02 19:39:27.139 1225 1225 I wm_on_top_resumed_lost_called: [197813651,com.android.settings.FallbackHome,pausing]
05-02 19:39:27.139 534 569 V WindowManager: Orientation start waiting for draw, mDrawState=DRAW_PENDING in Window{674e261 u0 ImmersiveModeConfirmation}, surfaceController Surface(name=ImmersiveModeConfirmation)/@0xe1dd19d
05-02 19:39:27.139 534 569 V WindowManager: Orientation start waiting for draw, mDrawState=DRAW_PENDING in Window{2c6c7b6 u0 StatusBar}, surfaceController Surface(name=StatusBar)/@0x4fe4612
05-02 19:39:27.139 534 569 V WindowManager: Orientation start waiting for draw, mDrawState=DRAW_PENDING in Window{f9dd895 u0 com.android.settings/com.android.settings.FallbackHome}, surfaceController Surface(name=com.android.settings/com.android.settings.FallbackHome)/@0x7680d26
05-02 19:39:27.139 1225 1225 I wm_on_paused_called: [197813651,com.android.settings.FallbackHome,performPause]
05-02 19:39:27.140 1225 1225 I wm_on_stop_called: [197813651,com.android.settings.FallbackHome,handleRelaunchActivity]
05-02 19:39:27.142 534 569 V WindowManager: Orientation start waiting for draw, mDrawState=DRAW_PENDING in Window{f9dd895 u0 com.android.settings/com.android.settings.FallbackHome}, surfaceController Surface(name=com.android.settings/com.android.settings.FallbackHome)/@0x7680d26
05-02 19:39:27.143 534 568 I ActivityTaskManager: Loading recents for user 0 into memory.
05-02 19:39:27.143 534 568 E TaskPersister: restoreTasksForUserLocked: Unable to list files from /data/system_ce/0/recent_tasks
05-02 19:39:27.144 534 568 W Looper : Slow dispatch took 296ms android.fg h=android.os.Handler c=com.android.server.am.-$$Lambda$UserController$avTAix2Aub5zSKSBBofMYY2qXyk@d8981e3 m=0
05-02 19:39:27.144 534 578 I dvm_lock_sample: [system_server,1,ActivityManager,293,WindowProcessController.java,569,void com.android.server.wm.WindowProcessController.addPackage(java.lang.String),,0,null,58]
05-02 19:39:27.144 534 572 I dvm_lock_sample: [system_server,1,android.anim,289,WindowAnimator.java,105,void com.android.server.wm.WindowAnimator.lambda$new$1$WindowAnimator(long),,0,null,57]
05-02 19:39:27.149 534 569 V WindowManager: Orientation start waiting for draw, mDrawState=DRAW_PENDING in Window{f9dd895 u0 com.android.settings/com.android.settings.FallbackHome}, surfaceController Surface(name=com.android.settings/com.android.settings.FallbackHome)/@0x7680d26
05-02 19:39:27.150 534 569 W Looper : Slow dispatch took 315ms android.ui h=com.android.server.policy.PhoneWindowManager$PolicyHandler c=android.database.-$$Lambda$ContentObserver$MgqiYb2qvgLhoXTioYXq9MvvpNk@4b9620c m=0
05-02 19:39:27.150 534 578 I am_uid_running: 1027
05-02 19:39:27.152 534 569 V WindowManager: Orientation start waiting for draw, mDrawState=DRAW_PENDING in Window{f9dd895 u0 com.android.settings/com.android.settings.FallbackHome}, surfaceController Surface(name=com.android.settings/com.android.settings.FallbackHome)/@0x7680d26
05-02 19:39:27.160 534 569 W Looper : Slow delivery took 312ms android.ui h=com.android.server.policy.PhoneWindowManager$PolicyHandler c=android.database.-$$Lambda$ContentObserver$MgqiYb2qvgLhoXTioYXq9MvvpNk@9e02e0e m=0
05-02 19:39:27.160 534 569 D AutofillUI: destroySaveUiUiThread(): already destroyed
05-02 19:39:27.164 534 578 D CompatibilityChangeReporter: Compat change id reported: 135634846; UID 1027; state: DISABLED
05-02 19:39:27.165 534 578 D CompatibilityChangeReporter: Compat change id reported: 135754954; UID 1027; state: ENABLED
05-02 19:39:27.172 534 968 V WindowManager: Orientation start waiting for draw, mDrawState=DRAW_PENDING in Window{f9dd895 u0 com.android.settings/com.android.settings.FallbackHome}, surfaceController Surface(name=com.android.settings/com.android.settings.FallbackHome)/@0x7680d26
05-02 19:39:27.188 534 578 I uc_send_user_broadcast: [0,android.intent.action.USER_UNLOCKED]
05-02 19:39:27.188 534 839 I dvm_lock_sample: [system_server,0,backup,323,ActivityManagerService.java,6811,java.lang.String com.android.server.am.ActivityManagerService.checkContentProviderAccess(java.lang.String, int),-,7986,void com.android.server.am.ActivityManagerService.installEncryptionUnawareProviders(int),64]
05-02 19:39:27.189 534 534 I dvm_lock_sample: [system_server,0,main,292,ActivityManagerService.java,16719,int com.android.server.am.ActivityManagerService.broadcastIntentWithFeature(android.app.IApplicationThread, java.lang.String, android.content.Intent, java.lang.String, android.content.IIntentReceiver, int, java.lang.String, android.os.Bundle, java.lang.String[], int, android.os.Bundle, boolean, boolean, int),-,7986,void com.android.server.am.ActivityManagerService.installEncryptionUnawareProviders(int),58]
05-02 19:39:27.190 534 534 W Looper : Slow dispatch took 346ms main h=android.os.Handler c=android.database.-$$Lambda$ContentObserver$MgqiYb2qvgLhoXTioYXq9MvvpNk@12cffc5 m=0
05-02 19:39:27.191 534 571 I dvm_lock_sample: [system_server,1,android.display,184,ActivityManagerService.java,19542,void com.android.server.am.ActivityManagerService$LocalService.broadcastGlobalConfigurationChanged(int, boolean),-,7986,void com.android.server.am.ActivityManagerService.installEncryptionUnawareProviders(int),36]
05-02 19:39:27.197 534 534 W Looper : Slow delivery took 354ms main h=android.os.Handler c=android.database.-$$Lambda$ContentObserver$MgqiYb2qvgLhoXTioYXq9MvvpNk@802b29c m=0
05-02 19:39:27.203 534 577 I am_uid_running: 10080
05-02 19:39:27.206 534 577 D CompatibilityChangeReporter: Compat change id reported: 135634846; UID 10080; state: DISABLED
05-02 19:39:27.207 534 577 D CompatibilityChangeReporter: Compat change id reported: 135754954; UID 10080; state: ENABLED
05-02 19:39:27.209 1225 1225 I wm_on_destroy_called: [197813651,com.android.settings.FallbackHome,performDestroy]
05-02 19:39:27.210 534 579 W ActivityManager: Slow operation: 383ms so far, now at startProcess: done updating battery stats
05-02 19:39:27.210 534 579 I am_proc_start: [0,1405,10126,com.android.providers.media.module,service,{com.android.providers.media.module/com.android.providers.media.fuse.ExternalStorageServiceImpl}]
05-02 19:39:27.211 534 579 I Watchdog: Interesting Java process com.android.providers.media.module started. Pid 1405
05-02 19:39:27.211 534 579 W ActivityManager: Slow operation: 384ms so far, now at startProcess: building log message
05-02 19:39:27.211 534 579 I ActivityManager: Start proc 1405:com.android.providers.media.module/u0a126 for service {com.android.providers.media.module/com.android.providers.media.fuse.ExternalStorageServiceImpl}
05-02 19:39:27.211 534 579 W ActivityManager: Slow operation: 384ms so far, now at startProcess: starting to update pids map
05-02 19:39:27.214 534 839 E BackupPasswordManager: Unable to read backup pw version
05-02 19:39:27.215 534 569 V WindowManager: Orientation start waiting for draw, mDrawState=DRAW_PENDING in Window{f9dd895 u0 com.android.settings/com.android.settings.FallbackHome}, surfaceController Surface(name=com.android.settings/com.android.settings.FallbackHome)/@0x7680d26
05-02 19:39:27.221 534 839 E BackupPasswordManager: Unable to read saved backup pw hash
05-02 19:39:27.227 534 579 W ActivityManager: Slow operation: 401ms so far, now at startProcess: done updating pids map
05-02 19:39:27.229 534 579 W ActivityManager: Slow operation: 69ms so far, now at startProcess: asking zygote to start proc
05-02 19:39:27.230 534 578 I uc_send_user_broadcast: [0,android.intent.action.PRE_BOOT_COMPLETED]
05-02 19:39:27.233 534 617 I dvm_lock_sample: [system_server,1,Binder:534_4,330,ActivityManagerService.java,5438,void com.android.server.am.ActivityManagerService.attachApplication(android.app.IApplicationThread, long),,0,null,66]
05-02 19:39:27.234 534 617 I am_proc_bound: [0,1405,com.android.providers.media.module]
05-02 19:39:27.241 534 578 I PreBootBroadcaster: Pre-boot of {com.android.documentsui/com.android.documentsui.PreBootReceiver} for user 0
05-02 19:39:27.242 534 578 I am_pre_boot: [0,com.android.documentsui]
05-02 19:39:27.268 379 379 I sf_frame_dur: [com.android.settings/com.android.settings.FallbackHome#0,0,0,0,1,0,0,0]
05-02 19:39:27.290 534 617 I am_uid_active: 10126
05-02 19:39:27.309 534 617 W ActivityManager: Slow operation: 75ms so far, now at attachApplicationLocked: after mServices.attachApplicationLocked
05-02 19:39:27.318 534 534 W Looper : Slow dispatch took 114ms main h=android.os.Handler c=android.database.-$$Lambda$ContentObserver$MgqiYb2qvgLhoXTioYXq9MvvpNk@fabe193 m=0
05-02 19:39:27.319 534 566 I dvm_lock_sample: [system_server,1,Binder:534_2,61,ActivityManagerService.java,7681,void com.android.server.am.ActivityManagerService.publishContentProviders(android.app.IApplicationThread, java.util.List),-,3118,void com.android.server.am.ActivityManagerService.notifyPackageUse(java.lang.String, int),12]
05-02 19:39:27.326 534 570 I DropBoxManagerService: add tag=system_server_strictmode isTagEnabled=true flags=0x2
05-02 19:39:27.349 534 534 W Looper : Drained
05-02 19:39:27.361 534 570 I DropBoxManagerService: add tag=system_server_strictmode isTagEnabled=true flags=0x2
05-02 19:39:27.391 534 579 W ActivityManager: Slow operation: 232ms so far, now at startProcess: returned from zygote!
05-02 19:39:27.429 534 534 V NotificationAssistants: disabling notification assistant for user 0: ComponentInfo{android.ext.services/android.ext.services.notification.Assistant}
05-02 19:39:27.429 534 534 D NotificationListeners: Removing active service ComponentInfo{android.ext.services/android.ext.services.notification.Assistant}
05-02 19:39:27.429 534 565 I wm_finish_activity: [0,197813651,3,com.android.settings/.FallbackHome,app-request]
05-02 19:39:27.430 534 565 I wm_pause_activity: [0,197813651,com.android.settings/.FallbackHome,userLeaving=false]
05-02 19:39:27.435 1225 1225 I wm_on_create_called: [197813651,com.android.settings.FallbackHome,performCreate]
05-02 19:39:27.436 534 571 I sysui_multi_action: [757,1144,758,7,806,com.android.settings,871,com.android.settings.FallbackHome]
05-02 19:39:27.440 534 579 W ActivityManager: Slow operation: 281ms so far, now at startProcess: done updating battery stats
05-02 19:39:27.441 534 579 I am_proc_start: [0,1427,1027,com.android.nfc,added application,com.android.nfc]
05-02 19:39:27.441 534 579 W ActivityManager: Slow operation: 281ms so far, now at startProcess: building log message
05-02 19:39:27.441 534 579 I ActivityManager: Start proc 1427:com.android.nfc/1027 for added application com.android.nfc
05-02 19:39:27.441 534 579 W ActivityManager: Slow operation: 281ms so far, now at startProcess: starting to update pids map
05-02 19:39:27.441 534 579 W ActivityManager: Slow operation: 282ms so far, now at startProcess: done updating pids map
05-02 19:39:27.442 534 579 W ActivityManager: Slow operation: 237ms so far, now at startProcess: asking zygote to start proc
05-02 19:39:27.442 534 579 D CompatibilityChangeReporter: Compat change id reported: 143937733; UID 10080; state: ENABLED
05-02 19:39:27.468 534 565 I ActivityTaskManager: START u0 {act=android.intent.action.MAIN cat=[android.intent.category.HOME] flg=0x10000100 cmp=com.android.provision/.DefaultActivity} from uid 0
05-02 19:39:27.470 879 1140 I dvm_lock_sample: [com.android.systemui,0,Binder:879_5,47,MessageQueue.java,554,boolean android.os.MessageQueue.enqueueMessage(android.os.Message, long),-,600,boolean android.os.MessageQueue.enqueueMessage(android.os.Message, long),9]
05-02 19:39:27.477 1427 1427 I service_manager_slow: [11,activity]
05-02 19:39:27.501 534 565 I wm_task_created: [6,0]
05-02 19:39:27.501 534 839 V BackupManagerService: [UserID:0] No ancestral data
05-02 19:39:27.507 534 991 I dvm_lock_sample: [system_server,1,Binder:534_9,52,ActivityManagerService.java,15688,void com.android.server.am.ActivityManagerService.unregisterReceiver(android.content.IIntentReceiver),-,15181,boolean com.android.server.am.ActivityManagerService.unbindService(android.app.IServiceConnection),10]
05-02 19:39:27.513 534 566 I am_proc_bound: [0,1427,com.android.nfc]
05-02 19:39:27.516 534 565 I wm_stack_created: 6
05-02 19:39:27.527 534 565 I wm_task_moved: [6,1,2147483647]
05-02 19:39:27.535 534 565 I wm_create_task: [0,6]
05-02 19:39:27.535 534 565 I wm_create_activity: [0,245166587,6,com.android.provision/.DefaultActivity,android.intent.action.MAIN,NULL,NULL,276824320]
05-02 19:39:27.539 534 565 I wm_task_moved: [6,1,2147483647]
05-02 19:39:27.542 534 534 V NotificationAssistants: enabling notification assistant for 0: ComponentInfo{android.ext.services/android.ext.services.notification.Assistant}
05-02 19:39:27.553 534 534 V NotificationAssistants: binding: Intent { act=android.service.notification.NotificationAssistantService cmp=android.ext.services/.notification.Assistant (has extras) }
05-02 19:39:27.558 534 993 I dvm_lock_sample: [system_server,1,Binder:534_B,57,WindowManagerService.java,2127,int com.android.server.wm.WindowManagerService.relayoutWindow(com.android.server.wm.Session, android.view.IWindow, int, android.view.WindowManager$LayoutParams, int, int, int, int, long, android.graphics.Rect, android.graphics.Rect, android.graphics.Rect, android.graphics.Rect, android.graphics.Rect, android.view.DisplayCutout$ParcelableWrapper, android.util.MergedConfiguration, android.view.SurfaceControl, android.view.InsetsState, android.view.InsetsSourceControl[], android.graphics.Point, android.view.SurfaceControl),TaskChangeNotificationController.java,351,void com.android.server.wm.TaskChangeNotificationController.forAllLocalListeners(com.android.server.wm.TaskChangeNotificationController$TaskStackConsumer, android.os.Message),11]
05-02 19:39:27.562 534 569 W Looper : Drained
05-02 19:39:27.563 534 569 W Looper : Slow dispatch took 368ms android.ui h=android.view.Choreographer$FrameHandler c=android.view.Choreographer$FrameDisplayEventReceiver@96db688 m=0
05-02 19:39:27.576 534 566 W ActivityManager: Slow operation: 63ms so far, now at attachApplicationLocked: before bindApplication
05-02 19:39:27.585 534 1404 V BackupManagerConstants: getKeyValueBackupIntervalMilliseconds(...) returns 14400000
05-02 19:39:27.602 534 1404 V BackupManagerConstants: getKeyValueBackupFuzzMilliseconds(...) returns 600000
05-02 19:39:27.602 534 1404 V BackupManagerConstants: getKeyValueBackupRequiredNetworkType(...) returns 1
05-02 19:39:27.602 534 1404 V BackupManagerConstants: getKeyValueBackupRequireCharging(...) returns true
05-02 19:39:27.602 534 1404 V KeyValueBackupJob: Scheduling k/v pass in 241 minutes
05-02 19:39:27.635 534 579 W ActivityManager: Slow operation: 430ms so far, now at startProcess: returned from zygote!
05-02 19:39:27.656 534 571 I dvm_lock_sample: [system_server,1,android.display,78,PackageManagerService.java,7130,java.lang.String com.android.server.pm.PackageManagerService.getInstantAppPackageName(int),-,25277,com.android.server.pm.PackageSetting com.android.server.pm.PackageManagerService.getPackageSettingInternal(java.lang.String, int),15]
05-02 19:39:27.658 534 1404 I dvm_lock_sample: [system_server,0,backup-0,55,PackageManagerService.java,5669,android.content.pm.ServiceInfo com.android.server.pm.PackageManagerService.getServiceInfo(android.content.ComponentName, int, int),-,25277,com.android.server.pm.PackageSetting com.android.server.pm.PackageManagerService.getPackageSettingInternal(java.lang.String, int),11]
05-02 19:39:27.673 534 569 W Looper : Slow dispatch took 110ms android.ui h=android.view.ViewRootImpl$ViewRootHandler c=android.view.-$$Lambda$ViewRootImpl$DJd0VUYJgsebcnSohO6h8zc_ONI@1ffd148 m=0
05-02 19:39:27.679 534 566 W ActivityManager: Slow operation: 166ms so far, now at attachApplicationLocked: immediately before bindApplication
05-02 19:39:27.682 534 566 W ActivityManager: Slow operation: 169ms so far, now at attachApplicationLocked: immediately after bindApplication
05-02 19:39:27.682 534 566 W ActivityManager: Slow operation: 169ms so far, now at attachApplicationLocked: after updateLruProcessLocked
05-02 19:39:27.683 534 566 W ActivityManager: Slow operation: 170ms so far, now at attachApplicationLocked: after mServices.attachApplicationLocked
05-02 19:39:27.692 534 566 I am_uid_active: 1027
05-02 19:39:27.702 534 566 W ActivityManager: Slow operation: 189ms so far, now at attachApplicationLocked: after updateOomAdjLocked
05-02 19:39:27.762 534 990 D CompatibilityChangeReporter: Compat change id reported: 135634846; UID 1000; state: DISABLED
05-02 19:39:27.770 534 990 D CompatibilityChangeReporter: Compat change id reported: 135754954; UID 1000; state: ENABLED
05-02 19:39:27.779 534 534 W Looper : Slow dispatch took 351ms main h=android.app.ActivityThread$H c=android.app.-$$Lambda$LoadedApk$ReceiverDispatcher$Args$_BumDX2UKsnxLVrE6UJsJZkotuA@23992ea m=0
05-02 19:39:27.781 534 579 I dvm_lock_sample: [system_server,1,ActivityManager:procStart,145,ProcessList.java,2060,void com.android.server.am.ProcessList.handleProcessStart(com.android.server.am.ProcessRecord, java.lang.String, int[], int, int, int, java.lang.String, java.lang.String, java.lang.String, long),,0,null,29]
05-02 19:39:27.782 534 579 W ActivityManager: Slow operation: 577ms so far, now at startProcess: done updating battery stats
05-02 19:39:27.782 534 579 I am_proc_start: [0,1451,10080,com.android.printspooler,service,{com.android.printspooler/com.android.printspooler.model.PrintSpoolerService}]
05-02 19:39:27.782 534 579 W ActivityManager: Slow operation: 578ms so far, now at startProcess: building log message
05-02 19:39:27.782 534 579 I ActivityManager: Start proc 1451:com.android.printspooler/u0a80 for service {com.android.printspooler/com.android.printspooler.model.PrintSpoolerService}
05-02 19:39:27.782 534 579 W ActivityManager: Slow operation: 578ms so far, now at startProcess: starting to update pids map
05-02 19:39:27.783 534 579 W ActivityManager: Slow operation: 578ms so far, now at startProcess: done updating pids map
05-02 19:39:27.798 1168 1168 I service_manager_stats: [2011,1916,5001]
05-02 19:39:27.831 534 571 I dvm_lock_sample: [system_server,1,android.display,154,ActivityManagerService.java,19621,void com.android.server.am.ActivityManagerService$LocalService.startProcess(java.lang.String, android.content.pm.ApplicationInfo, boolean, boolean, java.lang.String, android.content.ComponentName),,0,null,30]
05-02 19:39:27.832 534 571 I am_uid_running: 10117
05-02 19:39:27.834 534 571 D CompatibilityChangeReporter: Compat change id reported: 135634846; UID 10117; state: DISABLED
05-02 19:39:27.834 534 571 D CompatibilityChangeReporter: Compat change id reported: 135754954; UID 10117; state: ENABLED
05-02 19:39:27.836 534 995 I am_proc_bound: [0,1451,com.android.printspooler]
05-02 19:39:27.849 534 995 I am_uid_active: 10080
05-02 19:39:27.862 534 968 I dvm_lock_sample: [system_server,1,Binder:534_6,121,ActivityManagerService.java,15517,android.content.Intent com.android.server.am.ActivityManagerService.registerReceiverWithFeature(android.app.IApplicationThread, java.lang.String, java.lang.String, android.content.IIntentReceiver, android.content.IntentFilter, java.lang.String, int, int),,0,null,24]
05-02 19:39:27.862 534 569 W Looper : Slow delivery took 433ms android.ui h=com.android.server.am.PreBootBroadcaster$1 c=null m=1
05-02 19:39:27.862 534 569 W Looper : Slow dispatch took 189ms android.ui h=com.android.server.am.PreBootBroadcaster$1 c=null m=1
05-02 19:39:27.868 534 839 I dvm_lock_sample: [system_server,0,backup,152,ActivityManagerService.java,15517,android.content.Intent com.android.server.am.ActivityManagerService.registerReceiverWithFeature(android.app.IApplicationThread, java.lang.String, java.lang.String, android.content.IIntentReceiver, android.content.IntentFilter, java.lang.String, int, int),,0,null,30]
05-02 19:39:27.876 534 579 W ActivityManager: Slow operation: 117ms so far, now at startProcess: returned from zygote!
05-02 19:39:27.877 534 579 W ActivityManager: Slow operation: 118ms so far, now at startProcess: done updating battery stats
05-02 19:39:27.877 534 579 I am_proc_start: [0,1478,1000,com.android.keychain,service,{com.android.keychain/com.android.keychain.KeyChainService}]
05-02 19:39:27.877 534 579 W ActivityManager: Slow operation: 118ms so far, now at startProcess: building log message
05-02 19:39:27.877 534 579 I ActivityManager: Start proc 1478:com.android.keychain/1000 for service {com.android.keychain/com.android.keychain.KeyChainService}
05-02 19:39:27.877 534 579 W ActivityManager: Slow operation: 119ms so far, now at startProcess: starting to update pids map
05-02 19:39:27.878 534 579 W ActivityManager: Slow operation: 119ms so far, now at startProcess: done updating pids map
05-02 19:39:27.879 534 579 D CompatibilityChangeReporter: Compat change id reported: 143937733; UID 10117; state: ENABLED
05-02 19:39:27.889 534 571 I sysui_multi_action: [757,803,799,window_time_0,802,8]
05-02 19:39:27.893 534 990 W StorageManagerService: Reporting emulated;0 unmounted due to system locked
05-02 19:39:27.900 534 569 W Looper : Drained
05-02 19:39:27.909 534 579 W ActivityManager: Slow operation: 77ms so far, now at startProcess: returned from zygote!
05-02 19:39:27.910 534 579 W ActivityManager: Slow operation: 77ms so far, now at startProcess: done updating battery stats
05-02 19:39:27.910 534 579 I am_proc_start: [0,1490,10117,com.android.provision,top-activity,{com.android.provision/com.android.provision.DefaultActivity}]
05-02 19:39:27.910 534 579 W ActivityManager: Slow operation: 77ms so far, now at startProcess: building log message
05-02 19:39:27.910 534 579 I ActivityManager: Start proc 1490:com.android.provision/u0a117 for top-activity {com.android.provision/com.android.provision.DefaultActivity}
05-02 19:39:27.910 534 579 W ActivityManager: Slow operation: 77ms so far, now at startProcess: starting to update pids map
05-02 19:39:27.912 534 579 W ActivityManager: Slow operation: 80ms so far, now at startProcess: done updating pids map
05-02 19:39:27.966 534 990 I am_proc_bound: [0,1478,com.android.keychain]
05-02 19:39:27.985 534 991 I am_proc_bound: [0,1490,com.android.provision]
05-02 19:39:28.015 534 991 I wm_restart_activity: [0,245166587,6,com.android.provision/.DefaultActivity]
05-02 19:39:28.037 534 991 I wm_set_resumed_activity: [0,com.android.provision/.DefaultActivity,minimalResumeActivityLocked]
05-02 19:39:28.053 534 991 W ActivityManager: Slow operation: 68ms so far, now at attachApplicationLocked: after mServices.attachApplicationLocked
05-02 19:39:28.063 534 571 I am_uid_active: 10117
05-02 19:39:28.087 534 993 I sysui_multi_action: [757,856,758,1,806,com.android.printspooler,857,PRINT_PROGRESS,858,2]
05-02 19:39:28.094 534 991 I sysui_multi_action: [757,856,758,1,806,com.android.printspooler,857,PRINT_FAILURES,858,3]
05-02 19:39:28.102 534 839 I BackupManagerService: isBackupEnabled() => false due to absent settings file
05-02 19:39:28.103 534 839 D BackupManagerService: user:0 readBackupEnableState enabled:false
05-02 19:39:28.103 534 839 I BackupManagerService: [UserID:0] Backup enabled => false
05-02 19:39:28.104 534 839 D BackupManagerService: user:0 writeBackupEnableState enable:false
05-02 19:39:28.118 1168 1168 I service_manager_slow: [38,isub]
05-02 19:39:28.149 534 570 I commit_sys_config_file: [notification-policy,58]
05-02 19:39:28.195 534 570 I commit_sys_config_file: [notification-policy,44]
05-02 19:39:28.196 1168 1168 I service_manager_slow: [45,isub]
05-02 19:39:28.196 1111 1111 I service_manager_slow: [50,activity_task]
05-02 19:39:28.253 534 993 I commit_sys_config_file: [settings-0-0,10]
05-02 19:39:28.260 534 534 W Looper : Slow delivery took 377ms main h=android.app.ActivityThread$H c=android.app.-$$Lambda$LoadedApk$ReceiverDispatcher$Args$_BumDX2UKsnxLVrE6UJsJZkotuA@283899b m=0
05-02 19:39:28.260 534 534 W Looper : Slow dispatch took 480ms main h=android.app.ActivityThread$H c=android.app.-$$Lambda$LoadedApk$ReceiverDispatcher$Args$_BumDX2UKsnxLVrE6UJsJZkotuA@283899b m=0
05-02 19:39:28.270 534 534 I notification_enqueue: [1000,534,android,13,PreBootBroadcaster,0,Notification(channel=UPDATES shortcut=null contentView=null vibrate=null sound=null tick defaults=0x0 flags=0x2 color=0xff607d8b vis=PUBLIC),0]
05-02 19:39:28.271 534 534 V NotificationAssistants: 0 notification assistant service connected: ComponentInfo{android.ext.services/android.ext.services.notification.Assistant}
