05-02 19:36:20.559 237 237 D vold : Found unmanaged loop device at /dev/block/loop5 named apex:
05-02 19:36:20.563 237 237 D vold : VoldNativeService::start() completed OK
05-02 19:36:20.587 0 0 I zram0 : detected capacity change from 0 to 629145600
05-02 19:36:20.616 0 0 I mkswap : Swapspace size: 614396k, UUID=9d9305c6-9b32-4eb1-908b-11c99afbed21
05-02 19:36:20.643 0 0 I : Adding 614396k swap on /dev/block/zram0. Priority:-2 extents:1 across:614396k SS
05-02 19:36:20.715 0 0 I wait_for_keymaster: Waiting for Keymaster device
05-02 19:36:20.744 248 248 I auditd : type=1400 audit(0.0:5): avc: denied { search } for comm="android.hardwar" name="gsi" dev="mmcblk2p8" ino=20 scontext=u:r:hal_bootctl_default:s0 tcontext=u:object_r:gsi_metadata_file:s0 tclass=dir permissive=1
05-02 19:36:20.748 0 0 I HidlServiceManagement: getService: Trying again for android.hardware.keymaster@4.0::IKeymasterDevice/default...
05-02 19:36:20.781 0 0 I wait_for_keymaster: List of Keymaster HALs found:
05-02 19:36:20.788 0 0 I wait_for_keymaster: Keymaster HAL #1: SoftwareKeymasterDevice from Google SecurityLevel: SOFTWARE HAL: android.hardware.keymaster@4.1::IKeymasterDevice/default
05-02 19:36:21.876 0 0 D : ddrc freq set to low bus mode
05-02 19:36:26.069 0 0 D : ddrc freq set to high bus mode
05-02 19:36:27.156 0 0 D : ddrc freq set to low bus mode
05-02 19:36:31.059 0 0 I random : crng init done
05-02 19:36:31.062 0 0 I random : 7 urandom warning(s) missed due to ratelimiting
05-02 19:36:31.069 0 0 D wait_for_keymaster: Computing HMAC with params { (seed: , nonce: beec2cebf63e22d6cf9b7ebecc15e0bc582b5b72e814f5bd9d925b70aab6d012) }
05-02 19:36:31.069 0 0 D wait_for_keymaster: Computing HMAC for SoftwareKeymasterDevice from Google SecurityLevel: SOFTWARE HAL: android.hardware.keymaster@4.1::IKeymasterDevice/default
05-02 19:36:31.070 0 0 I wait_for_keymaster: Using SoftwareKeymasterDevice from Google for encryption. Security level: SOFTWARE, HAL: android.hardware.keymaster@4.1::IKeymasterDevice/default
05-02 19:36:31.086 0 0 I wait_for_keymaster: Keymaster device ready
05-02 19:36:31.095 0 0 I init : Service 'wait_for_keymaster' (pid 251) exited with status 0 waiting took 10.409000 seconds
05-02 19:36:31.105 0 0 I init : Sending signal 9 to service 'wait_for_keymaster' (pid 251) process group...
05-02 19:36:31.114 0 0 I libprocessgroup: Successfully killed process cgroup uid 0 pid 251 in 0ms
05-02 19:36:31.125 0 0 I init : Calling: /system/bin/vdc checkpoint restoreCheckpoint /dev/block/by-name/userdata
05-02 19:36:31.161 237 237 I Checkpoint: Validating checkpoint on /dev/block/by-name/userdata
05-02 19:36:31.162 0 0 D vdc : Waited 0ms for vold
05-02 19:36:31.165 237 237 I Checkpoint: Validating 30 log sectors
05-02 19:36:31.165 0 0 D : ddrc freq set to high bus mode
05-02 19:36:31.165 237 237 I Checkpoint: Validating from log sector 30
05-02 19:36:31.181 237 237 I Checkpoint: Validating from log sector 29
05-02 19:36:31.362 237 237 I Checkpoint: Validating from log sector 28
05-02 19:36:31.407 237 237 I Checkpoint: Validating from log sector 27
05-02 19:36:31.456 237 237 I Checkpoint: Validating from log sector 26
05-02 19:36:31.503 237 237 I Checkpoint: Validating from log sector 25
05-02 19:36:31.554 237 237 I Checkpoint: Validating from log sector 24
05-02 19:36:31.652 237 237 I Checkpoint: Validating from log sector 23
05-02 19:36:31.663 237 237 I Checkpoint: Validating from log sector 22
05-02 19:36:31.672 237 237 I Checkpoint: Validating from log sector 21
05-02 19:36:31.874 237 237 I Checkpoint: Validating from log sector 20
05-02 19:36:31.964 237 237 I Checkpoint: Validating from log sector 19
05-02 19:36:32.150 237 237 I Checkpoint: Validating from log sector 18
05-02 19:36:32.201 237 237 I Checkpoint: Validating from log sector 17
05-02 19:36:32.260 237 237 I Checkpoint: Validating from log sector 16
05-02 19:36:32.306 237 237 I Checkpoint: Validating from log sector 15
05-02 19:36:32.357 237 237 I Checkpoint: Validating from log sector 14
05-02 19:36:32.405 237 237 I Checkpoint: Validating from log sector 13
05-02 19:36:32.517 237 237 I Checkpoint: Validating from log sector 12
05-02 19:36:32.563 237 237 I Checkpoint: Validating from log sector 11
05-02 19:36:32.679 237 237 I Checkpoint: Validating from log sector 10
05-02 19:36:32.773 237 237 I Checkpoint: Validating from log sector 9
05-02 19:36:32.814 237 237 I Checkpoint: Validating from log sector 8
05-02 19:36:32.856 237 237 I Checkpoint: Validating from log sector 7
05-02 19:36:32.896 237 237 I Checkpoint: Validating from log sector 6
05-02 19:36:32.996 237 237 I Checkpoint: Validating from log sector 5
05-02 19:36:33.036 237 237 I Checkpoint: Validating from log sector 4
05-02 19:36:33.130 237 237 I Checkpoint: Validating from log sector 3
05-02 19:36:33.155 237 237 I Checkpoint: Validating from log sector 2
05-02 19:36:33.163 237 237 I Checkpoint: Validating from log sector 1
05-02 19:36:33.168 237 237 I Checkpoint: Validating from log sector 0
05-02 19:36:33.183 237 237 I Checkpoint: Restoring checkpoint on /dev/block/by-name/userdata
05-02 19:36:33.183 237 237 I Checkpoint: Restoring 30 log sectors
05-02 19:36:33.183 237 237 I Checkpoint: Restoring from log sector 30
05-02 19:36:33.253 237 237 I Checkpoint: Restoring from log sector 29
05-02 19:36:33.780 237 237 I Checkpoint: Restoring from log sector 28
05-02 19:36:34.002 237 237 I Checkpoint: Restoring from log sector 27
05-02 19:36:34.226 237 237 I Checkpoint: Restoring from log sector 26
05-02 19:36:34.436 237 237 I Checkpoint: Restoring from log sector 25
05-02 19:36:34.659 237 237 I Checkpoint: Restoring from log sector 24
05-02 19:36:35.037 237 237 I Checkpoint: Restoring from log sector 23
05-02 19:36:35.266 237 237 I Checkpoint: Restoring from log sector 22
05-02 19:36:35.492 237 237 I Checkpoint: Restoring from log sector 21
05-02 19:36:36.204 237 237 I Checkpoint: Restoring from log sector 20
05-02 19:36:36.570 237 237 I Checkpoint: Restoring from log sector 19
05-02 19:36:37.120 237 237 I Checkpoint: Restoring from log sector 18
05-02 19:36:37.349 237 237 I Checkpoint: Restoring from log sector 17
05-02 19:36:37.557 237 237 I Checkpoint: Restoring from log sector 16
05-02 19:36:37.780 237 237 I Checkpoint: Restoring from log sector 15
05-02 19:36:38.008 237 237 I Checkpoint: Restoring from log sector 14
05-02 19:36:38.220 237 237 I Checkpoint: Restoring from log sector 13
05-02 19:36:38.603 237 237 I Checkpoint: Restoring from log sector 12
05-02 19:36:38.831 237 237 I Checkpoint: Restoring from log sector 11
05-02 19:36:39.203 237 237 I Checkpoint: Restoring from log sector 10
05-02 19:36:39.587 237 237 I Checkpoint: Restoring from log sector 9
05-02 19:36:39.813 237 237 I Checkpoint: Restoring from log sector 8
05-02 19:36:40.024 237 237 I Checkpoint: Restoring from log sector 7
05-02 19:36:40.253 237 237 I Checkpoint: Restoring from log sector 6
05-02 19:36:40.645 237 237 I Checkpoint: Restoring from log sector 5
05-02 19:36:40.856 237 237 I Checkpoint: Restoring from log sector 4
05-02 19:36:41.253 237 237 I Checkpoint: Restoring from log sector 3
05-02 19:36:41.491 237 237 I Checkpoint: Restoring from log sector 2
05-02 19:36:41.702 237 237 I Checkpoint: Restoring from log sector 1
05-02 19:36:41.927 237 237 I Checkpoint: Restoring from log sector 0
05-02 19:36:42.154 0 0 I init : Calling: /system/bin/vdc checkpoint needsCheckpoint
05-02 19:36:42.180 0 0 D vdc : Waited 0ms for vold
05-02 19:36:42.184 0 0 I vdc : vdc terminated by exit(1)
05-02 19:36:42.188 0 0 I vdc :
05-02 19:36:42.191 0 0 E init : /dev/block/by-name/userdata is not dm device: No such file or directory
05-02 19:36:42.196 31 31 I auditd : type=1400 audit(0.0:6): avc: denied { setattr } for comm="kdevtmpfs" name="dm-5" dev="devtmpfs" ino=215 scontext=u:r:kernel:s0 tcontext=u:object_r:device:s0 tclass=blk_file permissive=1
05-02 19:36:42.198 237 242 D vold : Disk at 252:5 changed
05-02 19:36:42.219 0 0 I init : [libfs_mgr]Invalid ext4 superblock on '/dev/block/dm-5'
05-02 19:36:42.226 0 0 E init : [libfs_mgr]mount_with_alternatives(): skipping mount due to invalid magic, mountpoint=/data blk_dev=/dev/block/dm-5 rec[1].fs_type=ext4
05-02 19:36:42.240 0 0 I init : Calling: /system/bin/vdc cryptfs mountFstab /dev/block/dm-5 /data
05-02 19:36:42.263 237 237 D vold : fscrypt_mount_metadata_encrypted: /data 0
05-02 19:36:42.263 237 237 D vold : metadata_key_dir/key: /metadata/vold/metadata_encryption/key
05-02 19:36:42.265 0 0 D vdc : Waited 0ms for vold
05-02 19:36:42.266 237 237 I vold : List of Keymaster HALs found:
05-02 19:36:42.266 237 237 I vold : Keymaster HAL #1: SoftwareKeymasterDevice from Google SecurityLevel: SOFTWARE HAL: android.hardware.keymaster@4.1::IKeymasterDevice/default
05-02 19:36:42.266 237 237 D vold : Computing HMAC with params { (seed: , nonce: beec2cebf63e22d6cf9b7ebecc15e0bc582b5b72e814f5bd9d925b70aab6d012) }
05-02 19:36:42.266 237 237 D vold : Computing HMAC for SoftwareKeymasterDevice from Google SecurityLevel: SOFTWARE HAL: android.hardware.keymaster@4.1::IKeymasterDevice/default
05-02 19:36:42.267 237 237 I vold : Using SoftwareKeymasterDevice from Google for encryption. Security level: SOFTWARE, HAL: android.hardware.keymaster@4.1::IKeymasterDevice/default
05-02 19:36:42.267 237 237 D vold : Key exists, using: /metadata/vold/metadata_encryption/key
05-02 19:36:42.270 237 237 I vold : List of Keymaster HALs found:
05-02 19:36:42.270 237 237 I vold : Keymaster HAL #1: SoftwareKeymasterDevice from Google SecurityLevel: SOFTWARE HAL: android.hardware.keymaster@4.1::IKeymasterDevice/default
05-02 19:36:42.271 237 237 I vold : Using SoftwareKeymasterDevice from Google for encryption. Security level: SOFTWARE, HAL: android.hardware.keymaster@4.1::IKeymasterDevice/default
05-02 19:36:42.277 237 237 D vold : Mounting metadata-encrypted filesystem:/data
05-02 19:36:42.279 237 237 I vold : List of Keymaster HALs found:
05-02 19:36:42.279 237 237 I vold : Keymaster HAL #1: SoftwareKeymasterDevice from Google SecurityLevel: SOFTWARE HAL: android.hardware.keymaster@4.1::IKeymasterDevice/default
05-02 19:36:42.281 237 237 I vold : [libfs_mgr]superblock s_max_mnt_count:65535,/dev/block/dm-6
05-02 19:36:42.281 237 237 I vold : [libfs_mgr]Filesystem on /dev/block/dm-6 was not cleanly shutdown; state flags: 0x1, incompat feature flags: 0x30046
05-02 19:36:42.284 0 0 W EXT4-fs (dm-6): Ignoring removed nomblk_io_submit option
05-02 19:36:42.290 0 0 I EXT4-fs (dm-6): Using encoding defined by superblock: utf8-12.1.0 with flags 0x0
05-02 19:36:42.302 0 0 I EXT4-fs (dm-6): recovery complete
05-02 19:36:42.306 0 0 I EXT4-fs (dm-6): mounted filesystem with ordered data mode. Opts: errors=remount-ro,nomblk_io_submit
05-02 19:36:42.314 237 237 I vold : [libfs_mgr]check_fs(): mount(/dev/block/dm-6,/data,ext4)=0: Success
05-02 19:36:42.337 237 237 I vold : [libfs_mgr]check_fs(): unmount(/data) succeeded
05-02 19:36:42.338 237 237 I vold : [libfs_mgr]Running /system/bin/e2fsck on /dev/block/dm-6
05-02 19:36:42.365 0 0 I e2fsck : e2fsck 1.45.4 (23-Sep-2019)
05-02 19:36:42.372 0 0 I e2fsck : Pass 1: Checking inodes, blocks, and sizes
05-02 19:36:42.378 0 0 I e2fsck : Pass 2: Checking directory structure
05-02 19:36:42.383 0 0 I e2fsck : Pass 3: Checking directory connectivity
05-02 19:36:42.389 0 0 I e2fsck : Pass 4: Checking reference counts
05-02 19:36:42.394 0 0 I e2fsck : Pass 5: Checking group summary information
05-02 19:36:42.402 0 0 I e2fsck : /dev/block/dm-6: 12/177408 files (0.0% non-contiguous), 38627/709120 blocks
05-02 19:36:42.412 237 237 I vold : [libfs_mgr]superblock s_max_mnt_count:65535,/dev/block/dm-6
05-02 19:36:42.412 237 237 W vold : [libfs_mgr]Reserved blocks 32768 is too large; capping to 14182
05-02 19:36:42.415 0 0 I EXT4-fs (dm-6): Using encoding defined by superblock: utf8-12.1.0 with flags 0x0
05-02 19:36:42.427 0 0 I EXT4-fs (dm-6): mounted filesystem with ordered data mode. Opts: noauto_da_alloc,errors=panic
05-02 19:36:42.434 237 237 I vold : [libfs_mgr]__mount(source=/dev/block/dm-6,target=/data,type=ext4)=0: Success
05-02 19:36:42.435 237 237 D vold : Mounted /data
05-02 19:36:42.435 237 242 D vold : Disk at 252:6 changed
05-02 19:36:42.444 0 0 I init : Keyring created with id 255163429 in process 1
05-02 19:36:42.451 0 0 I init : Command 'mount_all /vendor/etc/fstab.nxp --late' action=vendor.skip.charger_not_need=0 && late-fs (/vendor/etc/init/hw/init.nxp.rc:77) took 11326ms and succeeded
05-02 19:36:42.469 0 0 I init : processing action (late-fs) from (/vendor/etc/init/android.hardware.power-service.imx.rc:7)
05-02 19:36:42.500 237 237 I Checkpoint: cp_prepareCheckpoint called
05-02 19:36:42.509 237 237 I Checkpoint: Trimmed 2746339328 bytes on /data in 8ms for checkpoint
05-02 19:36:42.512 0 0 I device-mapper: bow: Switching to state Checkpoint
05-02 19:36:42.541 237 237 I vold : fscrypt_initialize_systemwide_keys
05-02 19:36:42.542 237 237 I vold : Creating new key in /data/unencrypted/key
05-02 19:36:42.544 0 0 D vdc : Waited 0ms for vold
05-02 19:36:42.619 237 237 I vold : List of Keymaster HALs found:
05-02 19:36:42.619 237 237 I vold : Keymaster HAL #1: SoftwareKeymasterDevice from Google SecurityLevel: SOFTWARE HAL: android.hardware.keymaster@4.1::IKeymasterDevice/default
05-02 19:36:42.619 237 237 I vold : Using SoftwareKeymasterDevice from Google for encryption. Security level: SOFTWARE, HAL: android.hardware.keymaster@4.1::IKeymasterDevice/default
05-02 19:36:42.619 237 237 D vold : Creating key that doesn't need auth token
05-02 19:36:42.620 237 237 E vold : generate_key failed, code -67
05-02 19:36:42.661 237 237 D vold : Created key: /data/unencrypted/key
05-02 19:36:42.664 237 237 D vold : Installed fscrypt key with ref 3d6daba501ce8936061b8725dcbbdb38 to /data
05-02 19:36:42.664 237 237 D vold : Added fscrypt-provisioning key for 3d6daba501ce8936061b8725dcbbdb38 to session keyring
05-02 19:36:42.710 237 237 I vold : Wrote system DE key reference to:/data/unencrypted/ref
05-02 19:36:42.710 237 237 D vold : Installed fscrypt key with ref c0d994e05f702f94094aae1ec0a6e410 to /data
05-02 19:36:42.710 237 237 D vold : Added fscrypt-provisioning key for c0d994e05f702f94094aae1ec0a6e410 to session keyring
05-02 19:36:42.736 237 237 I vold : Wrote per boot key reference to:/data/unencrypted/per_boot_ref
05-02 19:36:42.744 0 0 I fscrypt : AES-256-CTS-CBC using implementation "cts-cbc-aes-ce"
05-02 19:36:42.763 0 0 I fscrypt : AES-256-XTS using implementation "xts-aes-ce"
05-02 19:36:42.784 0 0 I apexd : Scanning /system/apex for preinstalled data
05-02 19:36:42.796 0 0 I apexd : Scanning /system_ext/apex for preinstalled data
05-02 19:36:42.802 0 0 I apexd : ... does not exist. Skipping
05-02 19:36:42.807 0 0 I apexd : Scanning /product/apex for preinstalled data
05-02 19:36:42.813 0 0 I apexd : ... does not exist. Skipping
05-02 19:36:42.818 0 0 I apexd : Scanning /vendor/apex for preinstalled data
05-02 19:36:42.823 0 0 I apexd : ... does not exist. Skipping
05-02 19:36:42.828 0 0 I apexd : Populating APEX database from mounts...
05-02 19:36:42.835 0 0 I apexd : 0 packages restored.
05-02 19:36:42.839 0 0 I apexd : Marking APEXd as starting
05-02 19:36:42.852 237 242 D vold : Disk at 7:48 changed
05-02 19:36:42.861 0 0 I EXT4-fs (loop6): mounted filesystem without journal. Opts: (null)
05-02 19:36:42.868 237 242 D vold : Disk at 7:56 changed
05-02 19:36:42.876 0 0 I EXT4-fs (loop7): mounted filesystem without journal. Opts: (null)
05-02 19:36:42.883 237 242 D vold : Disk at 7:64 changed
05-02 19:36:42.891 0 0 I EXT4-fs (loop8): mounted filesystem without journal. Opts: (null)
05-02 19:36:42.900 237 242 D vold : Disk at 7:72 changed
05-02 19:36:42.909 0 0 I EXT4-fs (loop9): mounted filesystem without journal. Opts: (null)
05-02 19:36:42.915 237 242 D vold : Disk at 7:80 changed
05-02 19:36:42.928 0 0 I EXT4-fs (loop10): mounted filesystem without journal. Opts: (null)
05-02 19:36:42.935 237 242 D vold : Disk at 7:88 changed
05-02 19:36:42.944 0 0 I EXT4-fs (loop11): mounted filesystem without journal. Opts: (null)
05-02 19:36:42.951 237 242 D vold : Disk at 7:96 changed
05-02 19:36:42.960 0 0 I EXT4-fs (loop12): mounted filesystem without journal. Opts: (null)
05-02 19:36:42.967 237 242 D vold : Disk at 7:104 changed
05-02 19:36:42.977 0 0 I EXT4-fs (loop13): mounted filesystem without journal. Opts: (null)
05-02 19:36:42.984 237 242 D vold : Disk at 7:112 changed
05-02 19:36:42.994 0 0 I EXT4-fs (loop14): mounted filesystem without journal. Opts: (null)
05-02 19:36:43.001 237 242 D vold : Disk at 7:120 changed
05-02 19:36:43.012 0 0 I EXT4-fs (loop15): mounted filesystem without journal. Opts: (null)
05-02 19:36:43.021 237 242 D vold : Disk at 7:128 changed
05-02 19:36:43.031 0 0 I EXT4-fs (loop16): mounted filesystem without journal. Opts: (null)
05-02 19:36:43.038 237 242 D vold : Disk at 7:136 changed
05-02 19:36:43.048 0 0 I EXT4-fs (loop17): mounted filesystem without journal. Opts: (null)
05-02 19:36:43.054 237 242 D vold : Disk at 7:144 changed
05-02 19:36:43.063 0 0 I EXT4-fs (loop18): mounted filesystem without journal. Opts: (null)
05-02 19:36:43.071 237 242 D vold : Disk at 7:152 changed
05-02 19:36:43.079 0 0 I EXT4-fs (loop19): mounted filesystem without journal. Opts: (null)
05-02 19:36:43.086 237 242 D vold : Disk at 7:160 changed
05-02 19:36:43.096 0 0 I EXT4-fs (loop20): mounted filesystem without journal. Opts: (null)
05-02 19:36:43.102 237 242 D vold : Disk at 7:168 changed
05-02 19:36:43.111 0 0 I EXT4-fs (loop21): mounted filesystem without journal. Opts: (null)
05-02 19:36:43.118 237 242 D vold : Disk at 7:176 changed
05-02 19:36:43.127 0 0 I EXT4-fs (loop22): mounted filesystem without journal. Opts: (null)
05-02 19:36:43.134 237 242 D vold : Disk at 7:184 changed
05-02 19:36:43.143 0 0 I EXT4-fs (loop23): mounted filesystem without journal. Opts: (null)
05-02 19:36:43.150 237 242 D vold : Disk at 7:192 changed
05-02 19:36:43.158 0 0 I EXT4-fs (loop24): mounted filesystem without journal. Opts: (null)
05-02 19:36:43.165 237 242 D vold : Disk at 7:200 changed
05-02 19:36:43.174 0 0 I EXT4-fs (loop25): mounted filesystem without journal. Opts: (null)
05-02 19:36:43.181 237 242 D vold : Disk at 7:208 changed
05-02 19:36:43.189 0 0 I EXT4-fs (loop26): mounted filesystem without journal. Opts: (null)
05-02 19:36:43.347 237 237 D vold : fscrypt_init_user0
05-02 19:36:43.347 237 237 D vold : Preparing: /data/misc/vold/user_keys
05-02 19:36:43.348 237 237 D vold : Preparing: /data/misc/vold/user_keys/ce
05-02 19:36:43.348 237 237 D vold : Preparing: /data/misc/vold/user_keys/de
05-02 19:36:43.348 237 237 D vold : Preparing: /data/misc/vold/user_keys/ce/0
05-02 19:36:43.349 237 237 D vold : Skipping non-key ..
05-02 19:36:43.349 237 237 D vold : Skipping non-key .
05-02 19:36:43.349 0 0 D vdc : Waited 0ms for vold
05-02 19:36:43.840 237 237 I vold : List of Keymaster HALs found:
05-02 19:36:43.840 237 237 I vold : Keymaster HAL #1: SoftwareKeymasterDevice from Google SecurityLevel: SOFTWARE HAL: android.hardware.keymaster@4.1::IKeymasterDevice/default
05-02 19:36:43.840 237 237 I vold : Using SoftwareKeymasterDevice from Google for encryption. Security level: SOFTWARE, HAL: android.hardware.keymaster@4.1::IKeymasterDevice/default
05-02 19:36:43.840 237 237 D vold : Creating key that doesn't need auth token
05-02 19:36:43.841 237 237 E vold : generate_key failed, code -67
05-02 19:36:43.887 237 237 D vold : Created key: /data/misc/vold/user_keys/ce/0/current
05-02 19:36:43.969 237 237 I vold : List of Keymaster HALs found:
05-02 19:36:43.970 237 237 I vold : Keymaster HAL #1: SoftwareKeymasterDevice from Google SecurityLevel: SOFTWARE HAL: android.hardware.keymaster@4.1::IKeymasterDevice/default
05-02 19:36:43.970 237 237 I vold : Using SoftwareKeymasterDevice from Google for encryption. Security level: SOFTWARE, HAL: android.hardware.keymaster@4.1::IKeymasterDevice/default
05-02 19:36:43.970 237 237 D vold : Creating key that doesn't need auth token
05-02 19:36:43.970 237 237 E vold : generate_key failed, code -67
05-02 19:36:44.014 237 237 D vold : Created key: /data/misc/vold/user_keys/de/0
05-02 19:36:44.014 237 237 D vold : Installed fscrypt key with ref a86bf5211aeeee6dc1eb26a6ed648f14 to /data
05-02 19:36:44.014 237 237 D vold : Added fscrypt-provisioning key for a86bf5211aeeee6dc1eb26a6ed648f14 to session keyring
05-02 19:36:44.014 237 237 D vold : Installed fscrypt key with ref 902477635f2043f7d969fc2215279140 to /data
05-02 19:36:44.014 237 237 D vold : Added fscrypt-provisioning key for 902477635f2043f7d969fc2215279140 to session keyring
05-02 19:36:44.014 237 237 D vold : Created keys for user 0
05-02 19:36:44.014 237 237 D vold : Skipping non-de-key ..
05-02 19:36:44.019 237 237 I vold : List of Keymaster HALs found:
05-02 19:36:44.020 237 237 I vold : Keymaster HAL #1: SoftwareKeymasterDevice from Google SecurityLevel: SOFTWARE HAL: android.hardware.keymaster@4.1::IKeymasterDevice/default
05-02 19:36:44.020 237 237 I vold : Using SoftwareKeymasterDevice from Google for encryption. Security level: SOFTWARE, HAL: android.hardware.keymaster@4.1::IKeymasterDevice/default
05-02 19:36:44.021 237 237 D vold : Installed fscrypt key with ref a86bf5211aeeee6dc1eb26a6ed648f14 to /data
05-02 19:36:44.022 237 237 D vold : Added fscrypt-provisioning key for a86bf5211aeeee6dc1eb26a6ed648f14 to session keyring
05-02 19:36:44.022 237 237 D vold : Installed de key for user 0
05-02 19:36:44.022 237 237 D vold : Skipping non-de-key .
05-02 19:36:44.022 237 237 D vold : fscrypt_prepare_user_storage for volume null, user 0, serial 0, flags 1
05-02 19:36:44.022 237 237 D vold : Preparing: /data/system/users/0
05-02 19:36:44.022 237 237 D vold : Preparing: /data/misc/profiles/cur/0
05-02 19:36:44.023 237 237 D vold : Preparing: /data/system_de/0
05-02 19:36:44.023 237 237 D vold : Preparing: /data/misc_de/0
05-02 19:36:44.023 237 237 D vold : Preparing: /data/vendor_de/0
05-02 19:36:44.024 237 237 D vold : Preparing: /data/user_de/0
05-02 19:36:44.024 237 237 I vold : Encryption policy of /data/system_de/0 set to a86bf5211aeeee6dc1eb26a6ed648f14 v2 modes 1/4 flags 0x2
05-02 19:36:44.024 237 237 I vold : Encryption policy of /data/misc_de/0 set to a86bf5211aeeee6dc1eb26a6ed648f14 v2 modes 1/4 flags 0x2
05-02 19:36:44.024 237 237 I vold : Encryption policy of /data/vendor_de/0 set to a86bf5211aeeee6dc1eb26a6ed648f14 v2 modes 1/4 flags 0x2
05-02 19:36:44.024 237 237 I vold : Encryption policy of /data/user_de/0 set to a86bf5211aeeee6dc1eb26a6ed648f14 v2 modes 1/4 flags 0x2
05-02 19:36:44.024 237 237 D vold : /system/bin/vold_prepare_subdirs
05-02 19:36:44.024 237 237 D vold : prepare
05-02 19:36:44.024 237 237 D vold :
05-02 19:36:44.024 237 237 D vold : 0
05-02 19:36:44.025 237 237 D vold : 1
05-02 19:36:44.078 237 237 D vold : Detected support for FS_IOC_ADD_ENCRYPTION_KEY
05-02 19:36:44.079 237 237 D vold : Installing fscrypt-provisioning key for 902477635f2043f7d969fc2215279140 back into /data fs-keyring
05-02 19:36:44.114 0 0 I apexd : Snapshot DE subcommand detected
05-02 19:36:44.120 0 0 I apexd : Marking APEXd as ready
05-02 19:36:44.396 1 1 I auditd : type=1107 audit(0.0:7): uid=0 auid=4294967295 ses=4294967295 subj=u:r:init:s0 msg='avc: denied { set } for property=ro.nfc.port pid=192 uid=0 gid=0 scontext=u:r:vendor_init:s0 tcontext=u:object_r:default_prop:s0 tclass=property_service permissive=1'
05-02 19:36:44.400 0 0 W init : Top-level directory needs encryption action, eg mkdir /data/vendor encryption=Require
05-02 19:36:44.435 0 0 I init : Verified that /data/vendor has the encryption policy 3d6daba501ce8936061b8725dcbbdb38 v2 modes 1/4 flags 0x2
05-02 19:36:44.737 0 0 I logd.daemon: reinit
05-02 19:36:44.824 0 0 I update_verifier: Started with arg 1: nonencrypted
05-02 19:36:44.833 0 0 I update_verifier: Booting slot 0: isSlotMarkedSuccessful=0
05-02 19:36:44.840 0 0 W update_verifier: dm-verity in disabled mode; marking without verification.
05-02 19:36:44.849 0 0 I update_verifier: Deferred marking slot 0 as booted successfully.
05-02 19:36:44.856 0 0 I update_verifier: Leaving update_verifier.
05-02 19:36:44.934 0 0 I : Mass Storage Function, version: 2009/09/11
05-02 19:36:44.939 0 0 I LUN : removable file: (no medium)
05-02 19:36:44.946 0 0 W : using random self ethernet address
05-02 19:36:44.951 0 0 W : using random host ethernet address
05-02 19:36:44.957 0 0 I : file system registered
05-02 19:36:45.282 0 0 W healthd : batteryCapacityLevelPath not found
05-02 19:36:45.289 352 352 I android.hardware.wifi@1.0-service: Wifi Hal is booting up...
05-02 19:36:45.293 0 0 W healthd : batteryChargeTimeToFullNowPath. not found
05-02 19:36:45.304 352 352 I HidlServiceManagement: Registered android.hardware.wifi@1.4::IWifi/default
05-02 19:36:45.322 0 0 W healthd : batteryFullChargeDesignCapacityUahPath. not found
05-02 19:36:45.385 0 0 W healthd : battery l=85 v=3 t=35.0 h=2 st=2 c=400000 fc=4000000 cc=32 chg=a
05-02 19:36:45.529 396 396 I gsid : no DSU: No such file or directory
05-02 19:36:45.559 228 228 I auditd : avc: denied { find } for interface=vendor.nxp.nxpnfc::INxpNfc sid=u:r:hal_nfc_default:s0 pid=370 scontext=u:r:hal_nfc_default:s0 tcontext=u:object_r:default_android_hwservice:s0 tclass=hwservice_manager permissive=1
05-02 19:36:45.565 228 228 I auditd : avc: denied { add } for interface=vendor.nxp.nxpnfc::INxpNfc sid=u:r:hal_nfc_default:s0 pid=370 scontext=u:r:hal_nfc_default:s0 tcontext=u:object_r:default_android_hwservice:s0 tclass=hwservice_manager permissive=1
05-02 19:36:45.814 347 347 I boot_progress_start: 31750
05-02 19:36:47.042 347 347 I boot_progress_preload_start: 32977
05-02 19:36:47.101 348 348 D Zygote32Timing: PostZygoteInitGC took to complete: 29ms
05-02 19:36:47.101 348 348 D Zygote32Timing: ZygoteInit took to complete: 42ms
05-02 19:36:47.115 347 347 D Zygote64Timing: BeginPreload took to complete: 73ms
05-02 19:36:47.247 0 0 I init : Command 'stop traced_perf' action=persist.traced_perf.enable= && sys.init.perf_lsm_hooks= (/system/etc/init/traced_perf.rc:40) took 1029ms and succeeded
05-02 19:36:47.263 0 0 I init : processing action (ro.boot.slot_suffix=*) from (/system/etc/init/update_engine.rc:8)
05-02 19:36:47.273 0 0 I init : processing action (nonencrypted) from (/system/etc/init/hw/init.rc:941)
05-02 19:36:47.283 0 0 I init : starting service 'cameraserver'...
05-02 19:36:47.293 0 0 I init : starting service 'idmap2d'...
05-02 19:36:47.294 0 0 W libprocessgroup: Failed to open /dev/cpuset/camera-daemon/tasks: No such file or directory: No such file or directory
05-02 19:36:47.303 0 0 I init : starting service 'incidentd'...
05-02 19:36:47.311 0 0 W libprocessgroup: Failed to apply CameraServiceCapacity task profile: No such file or directory
05-02 19:36:47.319 0 0 I init : starting service 'installd'...
05-02 19:36:47.334 0 0 I init : starting service 'keystore'...
05-02 19:36:47.422 466 466 I installd: installd firing up
05-02 19:36:47.423 466 466 D installd: Assuming that device has multi-user storage layout; upgrade no longer supported
05-02 19:36:47.429 466 466 D installd: Upgrading to /data/misc/user directories
05-02 19:36:47.544 475 475 I auditd : type=1400 audit(0.0:8): avc: denied { read } for comm="gpsd_wrapper" name="u:object_r:vendor_gpsd_prop:s0" dev="tmpfs" ino=214 scontext=u:r:gpsd:s0 tcontext=u:object_r:vendor_gpsd_prop:s0 tclass=file permissive=1
05-02 19:36:47.548 475 475 I auditd : type=1400 audit(0.0:9): avc: denied { open } for comm="gpsd_wrapper" path="/dev/__properties__/u:object_r:vendor_gpsd_prop:s0" dev="tmpfs" ino=214 scontext=u:r:gpsd:s0 tcontext=u:object_r:vendor_gpsd_prop:s0 tclass=file permissive=1
05-02 19:36:47.548 475 475 I auditd : type=1400 audit(0.0:10): avc: denied { getattr } for comm="gpsd_wrapper" path="/dev/__properties__/u:object_r:vendor_gpsd_prop:s0" dev="tmpfs" ino=214 scontext=u:r:gpsd:s0 tcontext=u:object_r:vendor_gpsd_prop:s0 tclass=file permissive=1
05-02 19:36:47.556 475 475 I auditd : type=1400 audit(0.0:11): avc: denied { map } for comm="gpsd_wrapper" path="/dev/__properties__/u:object_r:vendor_gpsd_prop:s0" dev="tmpfs" ino=214 scontext=u:r:gpsd:s0 tcontext=u:object_r:vendor_gpsd_prop:s0 tclass=file permissive=1
05-02 19:36:47.614 471 471 I wificond: wificond is starting up...
05-02 19:36:47.666 471 471 I HidlServiceManagement: Registered android.system.wifi.keystore@1.0::IKeystore/default --------- beginning of radio
05-02 19:36:47.779 477 477 D RILD : **RIL Daemon Started - Version 1.4.0-0**
05-02 19:36:47.780 477 477 D RILD : **RILd param count=1**
05-02 19:36:47.802 477 477 W RILD : RIL_SAP_Init not defined or exported in /vendor/lib64/libreference-ril-telit-serial.so: undefined symbol: RIL_SAP_Init
05-02 19:36:47.802 477 477 D RILD : RIL_Init argc = 5 clientId = 0
05-02 19:36:47.802 477 477 I RIL : Opening tty device /dev/ttymxc0
05-02 19:36:47.802 477 477 I RIL : Client id received 0
05-02 19:36:47.802 477 477 I RIL : Wake lock file descriptors created: power management available
05-02 19:36:47.803 477 477 D RILD : RIL_Init rilInit completed
05-02 19:36:47.803 477 477 D RILD : RIL_Init callback versions = 15
05-02 19:36:47.803 477 477 I RILC : SIM_COUNT: 1
05-02 19:36:47.803 477 477 D RILC : RIL_register: RIL version 15
05-02 19:36:47.803 477 477 I RILC : s_registerCalled flag set, 1
05-02 19:36:47.803 477 477 D RILC : sim i = 0 registering ...
05-02 19:36:47.803 477 477 D RILC : registerService: starting android::hardware::radio::V1_4::IRadio slot1 for slot 0
05-02 19:36:47.807 477 477 D RILC : registerService: OemHook is enabled = false
05-02 19:36:47.807 477 477 I RILC : RILHIDL called registerService
05-02 19:36:47.808 477 477 D RILC : Entry registerConfigService
05-02 19:36:47.808 477 477 D RILC : registerConfigService: starting V1_2::IConfigRadio default
05-02 19:36:47.814 477 477 D RILC : registerConfigService registerService: status 0
05-02 19:36:47.814 477 477 D RILD : RIL_Init RIL_register completed
05-02 19:36:47.814 477 477 D RILD : RIL_register_socket completed
05-02 19:36:47.815 477 501 I RIL-SERIAL: entering mainLoop
05-02 19:36:47.815 477 501 I RIL-SERIAL: opening device
05-02 19:36:47.852 503 503 I auditd : type=1400 audit(0.0:12): avc: denied { getattr } for comm="gpsd" path="/dev/ttymxc1" dev="tmpfs" ino=244 scontext=u:r:gpsd:s0 tcontext=u:object_r:gps_device:s0 tclass=chr_file permissive=1
05-02 19:36:47.860 503 503 I auditd : type=1400 audit(0.0:13): avc: denied { dac_override } for comm="gpsd" capability=1 scontext=u:r:gpsd:s0 tcontext=u:r:gpsd:s0 tclass=capability permissive=1
05-02 19:36:47.860 503 503 I auditd : type=1400 audit(0.0:14): avc: denied { read write } for comm="gpsd" name="ttymxc1" dev="tmpfs" ino=244 scontext=u:r:gpsd:s0 tcontext=u:object_r:gps_device:s0 tclass=chr_file permissive=1
05-02 19:36:47.860 503 503 I auditd : type=1400 audit(0.0:15): avc: denied { open } for comm="gpsd" path="/dev/ttymxc1" dev="tmpfs" ino=244 scontext=u:r:gpsd:s0 tcontext=u:object_r:gps_device:s0 tclass=chr_file permissive=1
05-02 19:36:47.880 503 503 I auditd : type=1400 audit(0.0:16): avc: denied { sys_ptrace } for comm="gpsd" capability=19 scontext=u:r:gpsd:s0 tcontext=u:r:gpsd:s0 tclass=capability permissive=1
05-02 19:36:47.880 503 503 I auditd : type=1400 audit(0.0:17): avc: denied { read } for comm="gpsd" scontext=u:r:gpsd:s0 tcontext=u:r:ueventd:s0 tclass=file permissive=1
05-02 19:36:47.888 503 503 I auditd : type=1400 audit(0.0:18): avc: denied { read } for comm="gpsd" scontext=u:r:gpsd:s0 tcontext=u:r:logd:s0 tclass=file permissive=1
05-02 19:36:47.892 503 503 I auditd : type=1400 audit(0.0:19): avc: denied { read } for comm="gpsd" scontext=u:r:gpsd:s0 tcontext=u:r:lmkd:s0 tclass=file permissive=1
05-02 19:36:47.892 503 503 I auditd : type=1400 audit(0.0:20): avc: denied { read } for comm="gpsd" scontext=u:r:gpsd:s0 tcontext=u:r:servicemanager:s0 tclass=file permissive=1
05-02 19:36:47.892 503 503 I auditd : type=1400 audit(0.0:21): avc: denied { read } for comm="gpsd" scontext=u:r:gpsd:s0 tcontext=u:r:hwservicemanager:s0 tclass=file permissive=1
05-02 19:36:47.892 503 503 I auditd : type=1400 audit(0.0:22): avc: denied { read } for comm="gpsd" scontext=u:r:gpsd:s0 tcontext=u:r:vndservicemanager:s0 tclass=file permissive=1
05-02 19:36:47.892 503 503 I auditd : type=1400 audit(0.0:23): avc: denied { read } for comm="gpsd" scontext=u:r:gpsd:s0 tcontext=u:r:shell:s0 tclass=file permissive=1
05-02 19:36:47.892 503 503 I auditd : type=1400 audit(0.0:24): avc: denied { read } for comm="gpsd" scontext=u:r:gpsd:s0 tcontext=u:r:system_suspend:s0 tclass=file permissive=1
05-02 19:36:47.892 503 503 I auditd : type=1400 audit(0.0:25): avc: denied { read } for comm="gpsd" scontext=u:r:gpsd:s0 tcontext=u:r:hal_gatekeeper_default:s0 tclass=file permissive=1
05-02 19:36:47.892 503 503 I auditd : type=1400 audit(0.0:26): avc: denied { read } for comm="gpsd" scontext=u:r:gpsd:s0 tcontext=u:r:hal_keymaster_default:s0 tclass=file permissive=1
05-02 19:36:47.892 503 503 I auditd : type=1400 audit(0.0:27): avc: denied { read } for comm="gpsd" scontext=u:r:gpsd:s0 tcontext=u:r:hal_power_default:s0 tclass=file permissive=1
05-02 19:36:47.892 503 503 I auditd : type=1400 audit(0.0:28): avc: denied { read } for comm="gpsd" scontext=u:r:gpsd:s0 tcontext=u:r:apexd:s0 tclass=file permissive=1
05-02 19:36:47.892 503 503 I auditd : type=1400 audit(0.0:29): avc: denied { read } for comm="gpsd" scontext=u:r:gpsd:s0 tcontext=u:r:tombstoned:s0 tclass=file permissive=1
05-02 19:36:47.892 503 503 I auditd : type=1400 audit(0.0:30): avc: denied { read } for comm="gpsd" scontext=u:r:gpsd:s0 tcontext=u:r:statsd:s0 tclass=file permissive=1
05-02 19:36:47.892 503 503 I auditd : type=1400 audit(0.0:31): avc: denied { read } for comm="gpsd" scontext=u:r:gpsd:s0 tcontext=u:r:hal_wifi_default:s0 tclass=file permissive=1
05-02 19:36:47.892 503 503 I auditd : type=1400 audit(0.0:32): avc: denied { read } for comm="gpsd" scontext=u:r:gpsd:s0 tcontext=u:r:hal_allocator_default:s0 tclass=file permissive=1
05-02 19:36:47.892 503 503 I auditd : type=1400 audit(0.0:33): avc: denied { read } for comm="gpsd" scontext=u:r:gpsd:s0 tcontext=u:r:hal_audio_default:s0 tclass=file permissive=1
05-02 19:36:47.892 503 503 I auditd : type=1400 audit(0.0:34): avc: denied { read } for comm="gpsd" scontext=u:r:gpsd:s0 tcontext=u:r:hal_bluetooth_default:s0 tclass=file permissive=1
05-02 19:36:47.892 503 503 I auditd : type=1400 audit(0.0:35): avc: denied { read } for comm="gpsd" scontext=u:r:gpsd:s0 tcontext=u:r:hal_camera_default:s0 tclass=file permissive=1
05-02 19:36:47.892 503 503 I auditd : type=1400 audit(0.0:36): avc: denied { read } for comm="gpsd" scontext=u:r:gpsd:s0 tcontext=u:r:hal_cas_default:s0 tclass=file permissive=1
05-02 19:36:47.892 503 503 I auditd : type=1400 audit(0.0:37): avc: denied { read } for comm="gpsd" scontext=u:r:gpsd:s0 tcontext=u:r:hal_drm_clearkey:s0 tclass=file permissive=1
05-02 19:36:47.892 503 503 I auditd : type=1400 audit(0.0:38): avc: denied { read } for comm="gpsd" scontext=u:r:gpsd:s0 tcontext=u:r:hal_gnss_default:s0 tclass=file permissive=1
05-02 19:36:47.892 503 503 I auditd : type=1400 audit(0.0:39): avc: denied { read } for comm="gpsd" scontext=u:r:gpsd:s0 tcontext=u:r:hal_graphics_allocator_default:s0 tclass=file permissive=1
05-02 19:36:47.892 503 503 I auditd : type=1400 audit(0.0:40): avc: denied { read } for comm="gpsd" scontext=u:r:gpsd:s0 tcontext=u:r:hal_graphics_composer_default:s0 tclass=file permissive=1
05-02 19:36:47.892 503 503 I auditd : type=1400 audit(0.0:41): avc: denied { read } for comm="gpsd" scontext=u:r:gpsd:s0 tcontext=u:r:hal_health_default:s0 tclass=file permissive=1
05-02 19:36:47.892 503 503 I auditd : type=1400 audit(0.0:42): avc: denied { read } for comm="gpsd" scontext=u:r:gpsd:s0 tcontext=u:r:mediacodec:s0 tclass=file permissive=1
05-02 19:36:47.892 503 503 I auditd : type=1400 audit(0.0:43): avc: denied { read } for comm="gpsd" scontext=u:r:gpsd:s0 tcontext=u:r:hal_memtrack_default:s0 tclass=file permissive=1
05-02 19:36:47.892 503 503 I auditd : type=1400 audit(0.0:44): avc: denied { read } for comm="gpsd" scontext=u:r:gpsd:s0 tcontext=u:r:hal_nfc_default:s0 tclass=file permissive=1
05-02 19:36:47.892 503 503 I auditd : type=1400 audit(0.0:45): avc: denied { read } for comm="gpsd" scontext=u:r:gpsd:s0 tcontext=u:r:hal_spi:s0 tclass=file permissive=1
05-02 19:36:47.892 503 503 I auditd : type=1400 audit(0.0:46): avc: denied { read } for comm="gpsd" scontext=u:r:gpsd:s0 tcontext=u:r:hal_thermal_default:s0 tclass=file permissive=1
05-02 19:36:47.892 503 503 I auditd : type=1400 audit(0.0:47): avc: denied { read } for comm="gpsd" scontext=u:r:gpsd:s0 tcontext=u:r:hal_rebootescrow_default:s0 tclass=file permissive=1
05-02 19:36:47.892 503 503 I auditd : type=1400 audit(0.0:48): avc: denied { read } for comm="gpsd" scontext=u:r:gpsd:s0 tcontext=u:r:audioserver:s0 tclass=file permissive=1
05-02 19:36:47.892 503 503 I auditd : type=1400 audit(0.0:49): avc: denied { read } for comm="gpsd" scontext=u:r:gpsd:s0 tcontext=u:r:credstore:s0 tclass=file permissive=1
05-02 19:36:47.892 503 503 I auditd : type=1400 audit(0.0:50): avc: denied { read } for comm="gpsd" scontext=u:r:gpsd:s0 tcontext=u:r:gpuservice:s0 tclass=file permissive=1
05-02 19:36:47.892 503 503 I auditd : type=1400 audit(0.0:51): avc: denied { read } for comm="gpsd" scontext=u:r:gpsd:s0 tcontext=u:r:surfaceflinger:s0 tclass=file permissive=1
05-02 19:36:47.892 503 503 I auditd : type=1400 audit(0.0:52): avc: denied { read } for comm="gpsd" scontext=u:r:gpsd:s0 tcontext=u:r:mediaserver:s0 tclass=file permissive=1
05-02 19:36:47.892 503 503 I auditd : type=1400 audit(0.0:53): avc: denied { read } for comm="gpsd" scontext=u:r:gpsd:s0 tcontext=u:r:drmserver:s0 tclass=file permissive=1
05-02 19:36:47.892 503 503 I auditd : type=1400 audit(0.0:54): avc: denied { read } for comm="gpsd" scontext=u:r:gpsd:s0 tcontext=u:r:traced_probes:s0 tclass=file permissive=1
05-02 19:36:47.892 503 503 I auditd : type=1400 audit(0.0:55): avc: denied { read } for comm="gpsd" scontext=u:r:gpsd:s0 tcontext=u:r:traced:s0 tclass=file permissive=1
05-02 19:36:47.892 503 503 I auditd : type=1400 audit(0.0:56): avc: denied { read } for comm="gpsd" scontext=u:r:gpsd:s0 tcontext=u:r:cameraserver:s0 tclass=file permissive=1
05-02 19:36:47.892 503 503 I auditd : type=1400 audit(0.0:57): avc: denied { read } for comm="gpsd" scontext=u:r:gpsd:s0 tcontext=u:r:idmap:s0 tclass=file permissive=1
05-02 19:36:47.896 503 503 I auditd : type=1400 audit(0.0:58): avc: denied { read } for comm="gpsd" scontext=u:r:gpsd:s0 tcontext=u:r:incidentd:s0 tclass=file permissive=1
05-02 19:36:47.896 503 503 I auditd : type=1400 audit(0.0:59): avc: denied { read } for comm="gpsd" scontext=u:r:gpsd:s0 tcontext=u:r:keystore:s0 tclass=file permissive=1
05-02 19:36:47.896 503 503 I auditd : type=1400 audit(0.0:60): avc: denied { read } for comm="gpsd" scontext=u:r:gpsd:s0 tcontext=u:r:mediaextractor:s0 tclass=file permissive=1
05-02 19:36:47.896 503 503 I auditd : type=1400 audit(0.0:61): avc: denied { read } for comm="gpsd" scontext=u:r:gpsd:s0 tcontext=u:r:mediametrics:s0 tclass=file permissive=1
05-02 19:36:47.896 503 503 I auditd : type=1400 audit(0.0:62): avc: denied { read } for comm="gpsd" scontext=u:r:gpsd:s0 tcontext=u:r:storaged:s0 tclass=file permissive=1
05-02 19:36:47.896 503 503 I auditd : type=1400 audit(0.0:63): avc: denied { read } for comm="gpsd" scontext=u:r:gpsd:s0 tcontext=u:r:wificond:s0 tclass=file permissive=1
05-02 19:36:47.896 503 503 I auditd : type=1400 audit(0.0:64): avc: denied { read } for comm="gpsd" scontext=u:r:gpsd:s0 tcontext=u:r:libtelit_rild:s0 tclass=file permissive=1
05-02 19:36:47.896 503 503 I auditd : type=1400 audit(0.0:65): avc: denied { read } for comm="gpsd" scontext=u:r:gpsd:s0 tcontext=u:r:mediaswcodec:s0 tclass=file permissive=1
05-02 19:36:47.896 503 503 I auditd : type=1400 audit(0.0:66): avc: denied { read } for comm="gpsd" scontext=u:r:gpsd:s0 tcontext=u:r:bootanim:s0 tclass=file permissive=1
05-02 19:36:47.896 503 503 I auditd : type=1400 audit(0.0:67): avc: denied { read } for comm="gpsd" scontext=u:r:gpsd:s0 tcontext=u:r:gatekeeperd:s0 tclass=file permissive=1
05-02 19:36:47.896 503 503 I auditd : type=1400 audit(0.0:68): avc: denied { search } for comm="gpsd" name="194" dev="proc" ino=12506 scontext=u:r:gpsd:s0 tcontext=u:r:ueventd:s0 tclass=dir permissive=1
05-02 19:36:47.896 503 503 I auditd : type=1400 audit(0.0:69): avc: denied { read } for comm="gpsd" name="fd" dev="proc" ino=12514 scontext=u:r:gpsd:s0 tcontext=u:r:ueventd:s0 tclass=dir permissive=1
05-02 19:36:47.896 503 503 I auditd : type=1400 audit(0.0:70): avc: denied { open } for comm="gpsd" path="/proc/194/fd" dev="proc" ino=12514 scontext=u:r:gpsd:s0 tcontext=u:r:ueventd:s0 tclass=dir permissive=1
05-02 19:36:47.900 503 503 I auditd : type=1400 audit(0.0:71): avc: denied { read } for comm="gpsd" name="0" dev="proc" ino=21709 scontext=u:r:gpsd:s0 tcontext=u:r:ueventd:s0 tclass=lnk_file permissive=1
05-02 19:36:47.900 503 503 I auditd : type=1400 audit(0.0:72): avc: denied { search } for comm="gpsd" name="225" dev="proc" ino=16128 scontext=u:r:gpsd:s0 tcontext=u:r:logd:s0 tclass=dir permissive=1
05-02 19:36:47.900 503 503 I auditd : type=1400 audit(0.0:73): avc: denied { read } for comm="gpsd" name="fd" dev="proc" ino=16130 scontext=u:r:gpsd:s0 tcontext=u:r:logd:s0 tclass=dir permissive=1
05-02 19:36:47.900 503 503 I auditd : type=1400 audit(0.0:74): avc: denied { open } for comm="gpsd" path="/proc/225/fd" dev="proc" ino=16130 scontext=u:r:gpsd:s0 tcontext=u:r:logd:s0 tclass=dir permissive=1
05-02 19:36:47.900 503 503 I auditd : type=1400 audit(0.0:75): avc: denied { read } for comm="gpsd" name="0" dev="proc" ino=21725 scontext=u:r:gpsd:s0 tcontext=u:r:logd:s0 tclass=lnk_file permissive=1
05-02 19:36:47.900 503 503 I auditd : type=1400 audit(0.0:76): avc: denied { search } for comm="gpsd" name="226" dev="proc" ino=11172 scontext=u:r:gpsd:s0 tcontext=u:r:lmkd:s0 tclass=dir permissive=1
05-02 19:36:47.904 503 503 I auditd : type=1400 audit(0.0:77): avc: denied { dac_read_search } for comm="gpsd" capability=2 scontext=u:r:gpsd:s0 tcontext=u:r:gpsd:s0 tclass=capability permissive=1
05-02 19:36:47.904 503 503 I auditd : type=1400 audit(0.0:78): avc: denied { read } for comm="gpsd" name="fd" dev="proc" ino=11174 scontext=u:r:gpsd:s0 tcontext=u:r:lmkd:s0 tclass=dir permissive=1
05-02 19:36:47.904 503 503 I auditd : type=1400 audit(0.0:79): avc: denied { open } for comm="gpsd" path="/proc/226/fd" dev="proc" ino=11174 scontext=u:r:gpsd:s0 tcontext=u:r:lmkd:s0 tclass=dir permissive=1
05-02 19:36:47.904 503 503 I auditd : type=1400 audit(0.0:80): avc: denied { read } for comm="gpsd" name="0" dev="proc" ino=21734 scontext=u:r:gpsd:s0 tcontext=u:r:lmkd:s0 tclass=lnk_file permissive=1
05-02 19:36:47.904 503 503 I auditd : type=1400 audit(0.0:81): avc: denied { search } for comm="gpsd" name="227" dev="proc" ino=16137 scontext=u:r:gpsd:s0 tcontext=u:r:servicemanager:s0 tclass=dir permissive=1
05-02 19:36:47.904 503 503 I auditd : type=1400 audit(0.0:82): avc: denied { read } for comm="gpsd" name="fd" dev="proc" ino=16139 scontext=u:r:gpsd:s0 tcontext=u:r:servicemanager:s0 tclass=dir permissive=1
05-02 19:36:47.904 503 503 I auditd : type=1400 audit(0.0:83): avc: denied { open } for comm="gpsd" path="/proc/227/fd" dev="proc" ino=16139 scontext=u:r:gpsd:s0 tcontext=u:r:servicemanager:s0 tclass=dir permissive=1
05-02 19:36:47.904 503 503 I auditd : type=1400 audit(0.0:84): avc: denied { read } for comm="gpsd" name="0" dev="proc" ino=21738 scontext=u:r:gpsd:s0 tcontext=u:r:servicemanager:s0 tclass=lnk_file permissive=1
05-02 19:36:47.904 503 503 I auditd : type=1400 audit(0.0:85): avc: denied { search } for comm="gpsd" name="228" dev="proc" ino=16143 scontext=u:r:gpsd:s0 tcontext=u:r:hwservicemanager:s0 tclass=dir permissive=1
05-02 19:36:47.904 503 503 I auditd : type=1400 audit(0.0:86): avc: denied { read } for comm="gpsd" name="fd" dev="proc" ino=16145 scontext=u:r:gpsd:s0 tcontext=u:r:hwservicemanager:s0 tclass=dir permissive=1
05-02 19:36:47.904 503 503 I auditd : type=1400 audit(0.0:87): avc: denied { open } for comm="gpsd" path="/proc/228/fd" dev="proc" ino=16145 scontext=u:r:gpsd:s0 tcontext=u:r:hwservicemanager:s0 tclass=dir permissive=1
05-02 19:36:47.904 503 503 I auditd : type=1400 audit(0.0:88): avc: denied { read } for comm="gpsd" name="0" dev="proc" ino=21741 scontext=u:r:gpsd:s0 tcontext=u:r:hwservicemanager:s0 tclass=lnk_file permissive=1
05-02 19:36:47.904 503 503 I auditd : type=1400 audit(0.0:89): avc: denied { search } for comm="gpsd" name="229" dev="proc" ino=11181 scontext=u:r:gpsd:s0 tcontext=u:r:vndservicemanager:s0 tclass=dir permissive=1
05-02 19:36:47.904 503 503 I auditd : type=1400 audit(0.0:90): avc: denied { read } for comm="gpsd" name="fd" dev="proc" ino=11183 scontext=u:r:gpsd:s0 tcontext=u:r:vndservicemanager:s0 tclass=dir permissive=1
05-02 19:36:47.904 503 503 I auditd : type=1400 audit(0.0:91): avc: denied { open } for comm="gpsd" path="/proc/229/fd" dev="proc" ino=11183 scontext=u:r:gpsd:s0 tcontext=u:r:vndservicemanager:s0 tclass=dir permissive=1
05-02 19:36:47.904 503 503 I auditd : type=1400 audit(0.0:92): avc: denied { read } for comm="gpsd" name="0" dev="proc" ino=21744 scontext=u:r:gpsd:s0 tcontext=u:r:vndservicemanager:s0 tclass=lnk_file permissive=1
05-02 19:36:47.904 503 503 I auditd : type=1400 audit(0.0:93): avc: denied { search } for comm="gpsd" name="230" dev="proc" ino=16147 scontext=u:r:gpsd:s0 tcontext=u:r:shell:s0 tclass=dir permissive=1
05-02 19:36:47.908 503 503 I auditd : type=1400 audit(0.0:94): avc: denied { read } for comm="gpsd" name="fd" dev="proc" ino=16156 scontext=u:r:gpsd:s0 tcontext=u:r:shell:s0 tclass=dir permissive=1
05-02 19:36:47.908 503 503 I auditd : type=1400 audit(0.0:95): avc: denied { open } for comm="gpsd" path="/proc/230/fd" dev="proc" ino=16156 scontext=u:r:gpsd:s0 tcontext=u:r:shell:s0 tclass=dir permissive=1
05-02 19:36:47.908 503 503 I auditd : type=1400 audit(0.0:96): avc: denied { read } for comm="gpsd" name="0" dev="proc" ino=21747 scontext=u:r:gpsd:s0 tcontext=u:r:shell:s0 tclass=lnk_file permissive=1
05-02 19:36:47.908 503 503 I auditd : type=1400 audit(0.0:97): avc: denied { search } for comm="gpsd" name="247" dev="proc" ino=16388 scontext=u:r:gpsd:s0 tcontext=u:r:system_suspend:s0 tclass=dir permissive=1
05-02 19:36:47.908 503 503 I auditd : type=1400 audit(0.0:98): avc: denied { read } for comm="gpsd" name="fd" dev="proc" ino=16390 scontext=u:r:gpsd:s0 tcontext=u:r:system_suspend:s0 tclass=dir permissive=1
05-02 19:36:47.908 503 503 I auditd : type=1400 audit(0.0:99): avc: denied { open } for comm="gpsd" path="/proc/247/fd" dev="proc" ino=16390 scontext=u:r:gpsd:s0 tcontext=u:r:system_suspend:s0 tclass=dir permissive=1
05-02 19:36:47.908 503 503 I auditd : type=1400 audit(0.0:100): avc: denied { read } for comm="gpsd" name="0" dev="proc" ino=21758 scontext=u:r:gpsd:s0 tcontext=u:r:system_suspend:s0 tclass=lnk_file permissive=1
05-02 19:36:47.912 503 503 I auditd : type=1400 audit(0.0:101): avc: denied { search } for comm="gpsd" name="249" dev="proc" ino=16237 scontext=u:r:gpsd:s0 tcontext=u:r:hal_gatekeeper_default:s0 tclass=dir permissive=1
05-02 19:36:47.912 503 503 I auditd : type=1400 audit(0.0:102): avc: denied { read } for comm="gpsd" name="fd" dev="proc" ino=16239 scontext=u:r:gpsd:s0 tcontext=u:r:hal_gatekeeper_default:s0 tclass=dir permissive=1
05-02 19:36:47.912 503 503 I auditd : type=1400 audit(0.0:103): avc: denied { open } for comm="gpsd" path="/proc/249/fd" dev="proc" ino=16239 scontext=u:r:gpsd:s0 tcontext=u:r:hal_gatekeeper_default:s0 tclass=dir permissive=1
05-02 19:36:47.912 503 503 I auditd : type=1400 audit(0.0:104): avc: denied { read } for comm="gpsd" name="0" dev="proc" ino=21765 scontext=u:r:gpsd:s0 tcontext=u:r:hal_gatekeeper_default:s0 tclass=lnk_file permissive=1
05-02 19:36:47.912 503 503 I auditd : type=1400 audit(0.0:105): avc: denied { search } for comm="gpsd" name="250" dev="proc" ino=489 scontext=u:r:gpsd:s0 tcontext=u:r:hal_keymaster_default:s0 tclass=dir permissive=1
05-02 19:36:47.912 503 503 I auditd : type=1400 audit(0.0:106): avc: denied { read } for comm="gpsd" name="fd" dev="proc" ino=514 scontext=u:r:gpsd:s0 tcontext=u:r:hal_keymaster_default:s0 tclass=dir permissive=1
05-02 19:36:47.912 503 503 I auditd : type=1400 audit(0.0:107): avc: denied { open } for comm="gpsd" path="/proc/250/fd" dev="proc" ino=514 scontext=u:r:gpsd:s0 tcontext=u:r:hal_keymaster_default:s0 tclass=dir permissive=1
05-02 19:36:47.912 503 503 I auditd : type=1400 audit(0.0:108): avc: denied { read } for comm="gpsd" name="0" dev="proc" ino=21768 scontext=u:r:gpsd:s0 tcontext=u:r:hal_keymaster_default:s0 tclass=lnk_file permissive=1
05-02 19:36:47.912 503 503 I auditd : type=1400 audit(0.0:109): avc: denied { search } for comm="gpsd" name="276" dev="proc" ino=16295 scontext=u:r:gpsd:s0 tcontext=u:r:hal_power_default:s0 tclass=dir permissive=1
05-02 19:36:47.912 503 503 I auditd : type=1400 audit(0.0:110): avc: denied { read } for comm="gpsd" name="fd" dev="proc" ino=16297 scontext=u:r:gpsd:s0 tcontext=u:r:hal_power_default:s0 tclass=dir permissive=1
05-02 19:36:47.912 503 503 I auditd : type=1400 audit(0.0:111): avc: denied { open } for comm="gpsd" path="/proc/276/fd" dev="proc" ino=16297 scontext=u:r:gpsd:s0 tcontext=u:r:hal_power_default:s0 tclass=dir permissive=1
05-02 19:36:47.912 503 503 I auditd : type=1400 audit(0.0:112): avc: denied { read } for comm="gpsd" name="0" dev="proc" ino=21780 scontext=u:r:gpsd:s0 tcontext=u:r:hal_power_default:s0 tclass=lnk_file permissive=1
05-02 19:36:47.912 503 503 I auditd : type=1400 audit(0.0:113): avc: denied { search } for comm="gpsd" name="287" dev="proc" ino=576 scontext=u:r:gpsd:s0 tcontext=u:r:apexd:s0 tclass=dir permissive=1
05-02 19:36:47.912 503 503 I auditd : type=1400 audit(0.0:114): avc: denied { read } for comm="gpsd" name="fd" dev="proc" ino=578 scontext=u:r:gpsd:s0 tcontext=u:r:apexd:s0 tclass=dir permissive=1
