05-02 19:41:59.022 393 2460 D CCodecConfig: no c2 equivalents for streaming
05-02 19:41:59.022 393 2460 D CCodecConfig: no c2 equivalents for flags
05-02 19:41:59.023 393 2460 D CCodecConfig: c2 config diff is c2::u32 coded.bitrate.value = 80000
05-02 19:41:59.023 393 2460 D CCodecConfig: c2::u32 raw.sample-rate.value = 44100
05-02 19:41:59.025 393 2460 W Codec2Client: query -- param skipped: index = 1107298332.
05-02 19:41:59.026 393 2460 D CCodec : setup formats input: AMessage(what = 0x00000000) = {
05-02 19:41:59.026 393 2460 D CCodec : int32_t bitrate = 80000
05-02 19:41:59.026 393 2460 D CCodec : int32_t channel-count = 1
05-02 19:41:59.026 393 2460 D CCodec : int32_t max-input-size = 32768
05-02 19:41:59.026 393 2460 D CCodec : string mime = "audio/vorbis"
05-02 19:41:59.026 393 2460 D CCodec : int32_t sample-rate = 44100
05-02 19:41:59.026 393 2460 D CCodec : } and output: AMessage(what = 0x00000000) = {
05-02 19:41:59.026 393 2460 D CCodec : int32_t bitrate = 80000
05-02 19:41:59.026 393 2460 D CCodec : int32_t channel-count = 1
05-02 19:41:59.026 393 2460 D CCodec : string mime = "audio/raw"
05-02 19:41:59.026 393 2460 D CCodec : int32_t sample-rate = 44100
05-02 19:41:59.026 393 2460 D CCodec : int32_t channel-mask = 1
05-02 19:41:59.026 393 2460 D CCodec : }
05-02 19:41:59.026 393 2460 I MediaCodec: MediaCodec will operate in async mode
05-02 19:41:59.026 393 2460 W Codec2Client: query -- param skipped: index = 1342179345.
05-02 19:41:59.026 393 2460 W Codec2Client: query -- param skipped: index = 2415921170.
05-02 19:41:59.027 393 2460 E FMQ : grantorIdx must be less than 3
05-02 19:41:59.028 393 2460 E FMQ : grantorIdx must be less than 3
05-02 19:41:59.028 393 2460 D CCodecBufferChannel: [c2.android.vorbis.decoder#539] Created input block pool with allocatorID 16 => poolID 31 - OK (0)
05-02 19:41:59.028 478 943 D BufferPoolAccessor2.0: Destruction - bufferpool2 0xb400e24cc7dc2068 cached: 0/0M, 0/0% in use; allocs: 274, 99% recycled; transfers: 273, 99% unfetched
05-02 19:41:59.029 478 943 E FMQ : grantorIdx must be less than 3
05-02 19:41:59.030 478 943 E FMQ : grantorIdx must be less than 3
05-02 19:41:59.030 393 1897 D BufferPoolAccessor2.0: Destruction - bufferpool2 0xe55c2f68 cached: 0/0M, 0/0% in use; allocs: 277, 97% recycled; transfers: 552, 99% unfetched
05-02 19:41:59.031 393 2460 I CCodecBufferChannel: [c2.android.vorbis.decoder#539] Created output block pool with allocatorID 16 => poolID 43 - OK
05-02 19:41:59.031 393 2460 D CCodecBufferChannel: [c2.android.vorbis.decoder#539] Configured output block pool ids 43 => OK
05-02 19:41:59.043 478 2461 D SimpleC2Component: Using output block pool with poolID 43 => got 43 - 0
05-02 19:41:59.051 393 2460 E FMQ : grantorIdx must be less than 3
05-02 19:41:59.055 478 943 E FMQ : grantorIdx must be less than 3
05-02 19:41:59.068 365 433 E display : updateScreen invalid drmfd
05-02 19:41:59.070 478 2461 E FMQ : grantorIdx must be less than 3
05-02 19:41:59.071 393 1898 E FMQ : grantorIdx must be less than 3
05-02 19:41:59.074 393 2460 D CCodecBuffers: [c2.android.vorbis.decoder#539:Output[N]] popFromStashAndRegister: output format changed to AMessage(what = 0x00000000) = {
05-02 19:41:59.074 393 2460 D CCodecBuffers: int32_t bitrate = 80000
05-02 19:41:59.074 393 2460 D CCodecBuffers: int32_t channel-count = 1
05-02 19:41:59.074 393 2460 D CCodecBuffers: string mime = "audio/raw"
05-02 19:41:59.074 393 2460 D CCodecBuffers: int32_t sample-rate = 44100
05-02 19:41:59.074 393 2460 D CCodecBuffers: int32_t channel-mask = 1
05-02 19:41:59.074 393 2460 D CCodecBuffers: }
05-02 19:41:59.078 376 497 E ServiceUtilities: Request requires android.permission.MODIFY_PHONE_STATE or android.permission.WRITE_SECURE_SETTINGS
05-02 19:41:59.079 376 497 W AudioFlinger: createTrack_l(): mismatch between requested flags (00000008) and output flags (00000006)
05-02 19:41:59.079 376 497 D AudioFlinger: Client defaulted notificationFrames to 11025 for frameCount 22050
05-02 19:41:59.082 376 497 D AF::TrackHandle: OpPlayAudio: track:70 usage:6 not muted
05-02 19:41:59.087 376 497 W APM::AudioPolicyEngine: getDevicesForStrategy() unknown strategy: -1
05-02 19:41:59.089 534 994 I system_server: oneway function results will be dropped but finished with status OK and parcel size 4
05-02 19:41:59.090 393 2458 D AudioTrack: getTimestamp_l(23): device stall time corrected using current time 345025409750
05-02 19:41:59.140 365 433 E display : updateScreen invalid drmfd
05-02 19:41:59.498 365 433 I chatty : uid=1000(system) HwBinder:365_2 identical 22 lines
05-02 19:41:59.556 365 433 E display : updateScreen invalid drmfd
05-02 19:42:00.004 879 879 D KeyguardClockSwitch: Updating clock: 742
05-02 19:42:00.030 879 879 D KeyguardClockSwitch: Updating clock: 742
05-02 19:42:00.078 365 433 E display : updateScreen invalid drmfd
05-02 19:42:00.379 393 1961 D BufferPoolAccessor2.0: bufferpool2 0xe55c2c08 : 0(0 size) total buffers - 0(0 size) used buffers - 251/259 (recycle/alloc) - 8/516 (fetch/transfer)
05-02 19:42:00.379 393 1961 D BufferPoolAccessor2.0: evictor expired: 1, evicted: 1
05-02 19:42:00.381 478 725 D BufferPoolAccessor2.0: bufferpool2 0xb400e24cc7dc29a8 : 0(0 size) total buffers - 0(0 size) used buffers - 252/256 (recycle/alloc) - 4/255 (fetch/transfer)
05-02 19:42:00.381 478 725 D BufferPoolAccessor2.0: evictor expired: 1, evicted: 1
05-02 19:42:00.412 365 433 E display : updateScreen invalid drmfd
05-02 19:42:00.636 365 433 E display : updateScreen invalid drmfd
05-02 19:42:00.705 365 433 E display : updateScreen invalid drmfd
05-02 19:42:00.889 365 433 E display : updateScreen invalid drmfd
05-02 19:42:01.379 393 1961 D BufferPoolAccessor2.0: evictor expired: 1, evicted: 0
05-02 19:42:01.381 478 725 D BufferPoolAccessor2.0: evictor expired: 1, evicted: 0
05-02 19:42:02.387 365 433 E display : updateScreen invalid drmfd
05-02 19:42:02.413 365 433 E display : updateScreen invalid drmfd
05-02 19:42:02.421 376 497 W APM::AudioPolicyEngine: getDevicesForStrategy() unknown strategy: -1
05-02 19:42:02.423 534 994 I system_server: oneway function results will be dropped but finished with status OK and parcel size 4
05-02 19:42:02.446 393 2231 D NuPlayerDriver: reset(0xea201af0) at state 5
05-02 19:42:02.453 393 2460 D CCodecBuffers: [c2.android.vorbis.decoder#539:1D-Output.Impl[N]] Client returned a buffer it does not own according to our record: 0
05-02 19:42:02.453 393 2460 D CCodecBuffers: [c2.android.vorbis.decoder#539:1D-Output.Impl[N]] Client returned a buffer it does not own according to our record: 1
05-02 19:42:02.453 393 2460 D CCodecBuffers: [c2.android.vorbis.decoder#539:1D-Output.Impl[N]] Client returned a buffer it does not own according to our record: 2
05-02 19:42:02.457 393 2460 I hw-BpHwBinder: onLastStrongRef automatically unlinking death recipients
05-02 19:42:02.457 478 1637 I hw-BpHwBinder: onLastStrongRef automatically unlinking death recipients
05-02 19:42:02.466 393 2455 D NuPlayerDriver: notifyResetComplete(0xea201af0)
05-02 19:42:02.467 478 1637 V C2Store : in ~ComponentModule
05-02 19:42:02.467 365 433 E display : updateScreen invalid drmfd
05-02 19:42:02.467 478 1637 V C2Store : unloading dll
05-02 19:42:02.474 393 2231 D NuPlayerDriver: reset(0xea201af0) at state 0
05-02 19:42:02.476 2232 2232 V MediaPlayer: resetDrmState: mDrmInfo=null mDrmProvisioningThread=null mPrepareDrmInProgress=false mActiveDrmScheme=false
05-02 19:42:02.476 2232 2232 V MediaPlayer: cleanDrmObj: mDrmObj=null mDrmSessionId=null
05-02 19:42:02.477 2232 2232 V MediaPlayer: resetDrmState: mDrmInfo=null mDrmProvisioningThread=null mPrepareDrmInProgress=false mActiveDrmScheme=false
05-02 19:42:02.477 2232 2232 V MediaPlayer: cleanDrmObj: mDrmObj=null mDrmSessionId=null
05-02 19:42:02.479 393 2231 D AudioTrack: stop(23): called with 0 frames delivered
05-02 19:42:02.492 2232 2232 W Ringtone: Use of stream types is deprecated for operations other than volume control
05-02 19:42:02.492 2232 2232 W Ringtone: See the documentation of setStreamType() for what to use instead with android.media.AudioAttributes to qualify your playback use case
05-02 19:42:02.510 1405 1426 I MediaProvider: Using lower FS for /product/media/audio/ringtones/Machina.ogg
05-02 19:42:02.514 393 2231 D NuPlayerDriver: NuPlayerDriver(0xea200fb0) created, clientPid(2232)
05-02 19:42:02.526 393 2465 D GenericSource: FileSource remote
05-02 19:42:02.538 468 1942 E Utils : did not find channel-count and/or sample-rate
05-02 19:42:02.539 468 1942 E Utils : did not find channel-count and/or sample-rate
05-02 19:42:02.547 365 433 E display : updateScreen invalid drmfd
05-02 19:42:02.550 2232 2232 D Ringtone: Successfully created local player
05-02 19:42:02.550 393 709 D NuPlayerDriver: reset(0xea200fb0) at state 4
05-02 19:42:02.552 393 2464 D NuPlayerDriver: notifyResetComplete(0xea200fb0)
05-02 19:42:02.553 393 709 D NuPlayerDriver: reset(0xea200fb0) at state 0
05-02 19:42:02.555 2232 2232 V MediaPlayer: resetDrmState: mDrmInfo=null mDrmProvisioningThread=null mPrepareDrmInProgress=false mActiveDrmScheme=false
05-02 19:42:02.555 2232 2232 V MediaPlayer: cleanDrmObj: mDrmObj=null mDrmSessionId=null
05-02 19:42:02.555 2232 2232 V MediaPlayer: resetDrmState: mDrmInfo=null mDrmProvisioningThread=null mPrepareDrmInProgress=false mActiveDrmScheme=false
05-02 19:42:02.555 2232 2232 V MediaPlayer: cleanDrmObj: mDrmObj=null mDrmSessionId=null
05-02 19:42:02.563 376 490 W APM::AudioPolicyEngine: getDevicesForStrategy() unknown strategy: -1
05-02 19:42:02.565 534 991 I system_server: oneway function results will be dropped but finished with status OK and parcel size 4
05-02 19:42:02.572 1405 1426 I MediaProvider: Using lower FS for /product/media/audio/ringtones/Machina.ogg
05-02 19:42:02.574 393 709 D NuPlayerDriver: NuPlayerDriver(0xea203530) created, clientPid(2232)
05-02 19:42:02.589 393 2469 D GenericSource: FileSource remote
05-02 19:42:02.592 376 490 W APM::AudioPolicyEngine: getDevicesForStrategy() unknown strategy: -1
05-02 19:42:02.598 534 991 I system_server: oneway function results will be dropped but finished with status OK and parcel size 4
05-02 19:42:02.603 365 433 E display : updateScreen invalid drmfd
05-02 19:42:02.608 468 1942 E Utils : did not find channel-count and/or sample-rate
05-02 19:42:02.609 468 1942 E Utils : did not find channel-count and/or sample-rate
05-02 19:42:02.615 2232 2232 D Ringtone: Successfully created local player
05-02 19:42:02.617 393 2468 I GenericSource: start
05-02 19:42:02.623 393 2473 D CCodec : allocate(c2.android.vorbis.decoder)
05-02 19:42:02.625 393 2473 I CCodec : setting up 'default' as default (vendor) store
05-02 19:42:02.625 478 1637 V C2Store : in init
05-02 19:42:02.625 478 1637 V C2Store : loading dll
05-02 19:42:02.629 393 2473 I CCodec : Created component [c2.android.vorbis.decoder]
05-02 19:42:02.629 393 2473 D CCodecConfig: read media type: audio/vorbis
05-02 19:42:02.632 393 2473 D ReflectedParamUpdater: extent() != 1 for single value type: algo.buffers.max-count.values
05-02 19:42:02.632 393 2473 D ReflectedParamUpdater: extent() != 1 for single value type: output.subscribed-indices.values
05-02 19:42:02.632 393 2473 D ReflectedParamUpdater: extent() != 1 for single value type: input.buffers.allocator-ids.values
05-02 19:42:02.633 393 2473 D ReflectedParamUpdater: extent() != 1 for single value type: output.buffers.allocator-ids.values
05-02 19:42:02.633 393 2473 D ReflectedParamUpdater: extent() != 1 for single value type: algo.buffers.allocator-ids.values
05-02 19:42:02.633 393 2473 D ReflectedParamUpdater: extent() != 1 for single value type: output.buffers.pool-ids.values
05-02 19:42:02.633 393 2473 D ReflectedParamUpdater: extent() != 1 for single value type: algo.buffers.pool-ids.values
05-02 19:42:02.635 393 2473 I CCodecConfig: query failed after returning 7 values (BAD_INDEX)
05-02 19:42:02.635 393 2473 D CCodecConfig: c2 config diff is Dict {
05-02 19:42:02.635 393 2473 D CCodecConfig: c2::u32 coded.bitrate.value = 64000
05-02 19:42:02.635 393 2473 D CCodecConfig: c2::u32 input.buffers.max-size.value = 32768
05-02 19:42:02.635 393 2473 D CCodecConfig: c2::u32 input.delay.value = 0
05-02 19:42:02.635 393 2473 D CCodecConfig: string input.media-type.value = "audio/vorbis"
05-02 19:42:02.635 393 2473 D CCodecConfig: string output.media-type.value = "audio/raw"
05-02 19:42:02.635 393 2473 D CCodecConfig: c2::u32 raw.channel-count.value = 1
05-02 19:42:02.635 393 2473 D CCodecConfig: c2::u32 raw.sample-rate.value = 48000
05-02 19:42:02.635 393 2473 D CCodecConfig: }
05-02 19:42:02.637 393 2473 D CCodec : [c2.android.vorbis.decoder] buffers are bound to CCodec for this session
05-02 19:42:02.637 393 2473 D CCodecConfig: no c2 equivalents for durationUs
05-02 19:42:02.637 393 2473 D CCodecConfig: no c2 equivalents for csd-1
05-02 19:42:02.637 393 2473 D CCodecConfig: no c2 equivalents for channel-mask
05-02 19:42:02.637 393 2473 D CCodecConfig: no c2 equivalents for streaming
05-02 19:42:02.637 393 2473 D CCodecConfig: no c2 equivalents for flags
05-02 19:42:02.638 393 2473 D CCodecConfig: c2 config diff is c2::u32 coded.bitrate.value = 112000
05-02 19:42:02.638 393 2473 D CCodecConfig: c2::u32 raw.channel-count.value = 2
05-02 19:42:02.638 393 2473 D CCodecConfig: c2::u32 raw.sample-rate.value = 44100
05-02 19:42:02.640 393 2473 W Codec2Client: query -- param skipped: index = 1107298332.
05-02 19:42:02.640 393 2473 D CCodec : setup formats input: AMessage(what = 0x00000000) = {
05-02 19:42:02.640 393 2473 D CCodec : int32_t bitrate = 112000
05-02 19:42:02.640 393 2473 D CCodec : int32_t channel-count = 2
05-02 19:42:02.640 393 2473 D CCodec : int32_t max-input-size = 32768
05-02 19:42:02.640 393 2473 D CCodec : string mime = "audio/vorbis"
05-02 19:42:02.640 393 2473 D CCodec : int32_t sample-rate = 44100
05-02 19:42:02.640 393 2473 D CCodec : } and output: AMessage(what = 0x00000000) = {
05-02 19:42:02.640 393 2473 D CCodec : int32_t bitrate = 112000
05-02 19:42:02.640 393 2473 D CCodec : int32_t channel-count = 2
05-02 19:42:02.640 393 2473 D CCodec : string mime = "audio/raw"
05-02 19:42:02.640 393 2473 D CCodec : int32_t sample-rate = 44100
05-02 19:42:02.640 393 2473 D CCodec : int32_t channel-mask = 3
05-02 19:42:02.640 393 2473 D CCodec : }
05-02 19:42:02.640 393 2473 I MediaCodec: MediaCodec will operate in async mode
05-02 19:42:02.641 393 2473 W Codec2Client: query -- param skipped: index = 1342179345.
05-02 19:42:02.641 393 2473 W Codec2Client: query -- param skipped: index = 2415921170.
05-02 19:42:02.643 393 2473 E FMQ : grantorIdx must be less than 3
05-02 19:42:02.643 393 2473 E FMQ : grantorIdx must be less than 3
05-02 19:42:02.644 393 2473 D CCodecBufferChannel: [c2.android.vorbis.decoder#783] Created input block pool with allocatorID 16 => poolID 32 - OK (0)
05-02 19:42:02.644 478 1637 D BufferPoolAccessor2.0: Destruction - bufferpool2 0xb400e24cc7dc29a8 cached: 0/0M, 0/0% in use; allocs: 256, 98% recycled; transfers: 255, 98% unfetched
05-02 19:42:02.646 478 478 E FMQ : grantorIdx must be less than 3
05-02 19:42:02.646 478 478 E FMQ : grantorIdx must be less than 3
05-02 19:42:02.649 393 1898 D BufferPoolAccessor2.0: Destruction - bufferpool2 0xe55c2c08 cached: 0/0M, 0/0% in use; allocs: 259, 97% recycled; transfers: 516, 98% unfetched
05-02 19:42:02.649 393 2473 I CCodecBufferChannel: [c2.android.vorbis.decoder#783] Created output block pool with allocatorID 16 => poolID 44 - OK
05-02 19:42:02.649 393 2473 D CCodecBufferChannel: [c2.android.vorbis.decoder#783] Configured output block pool ids 44 => OK
05-02 19:42:02.671 365 433 E display : updateScreen invalid drmfd
05-02 19:42:02.679 478 2474 D SimpleC2Component: Using output block pool with poolID 44 => got 44 - 0
05-02 19:42:02.682 393 2473 E FMQ : grantorIdx must be less than 3
05-02 19:42:02.683 478 1637 E FMQ : grantorIdx must be less than 3
05-02 19:42:02.692 478 2474 E FMQ : grantorIdx must be less than 3
05-02 19:42:02.692 393 1897 E FMQ : grantorIdx must be less than 3
05-02 19:42:02.694 393 2473 D CCodecBuffers: [c2.android.vorbis.decoder#783:Output[N]] popFromStashAndRegister: output format changed to AMessage(what = 0x00000000) = {
05-02 19:42:02.694 393 2473 D CCodecBuffers: int32_t bitrate = 112000
05-02 19:42:02.694 393 2473 D CCodecBuffers: int32_t channel-count = 2
05-02 19:42:02.694 393 2473 D CCodecBuffers: string mime = "audio/raw"
05-02 19:42:02.694 393 2473 D CCodecBuffers: int32_t sample-rate = 44100
05-02 19:42:02.694 393 2473 D CCodecBuffers: int32_t channel-mask = 3
05-02 19:42:02.694 393 2473 D CCodecBuffers: }
05-02 19:42:02.697 376 2410 E ServiceUtilities: Request requires android.permission.MODIFY_PHONE_STATE or android.permission.WRITE_SECURE_SETTINGS
05-02 19:42:02.698 376 2410 W AudioFlinger: createTrack_l(): mismatch between requested flags (00000008) and output flags (00000006)
05-02 19:42:02.698 376 2410 D AudioFlinger: Client defaulted notificationFrames to 11025 for frameCount 22050
05-02 19:42:02.701 376 2410 D AF::TrackHandle: OpPlayAudio: track:71 usage:6 not muted
05-02 19:42:02.706 376 2410 W APM::AudioPolicyEngine: getDevicesForStrategy() unknown strategy: -1
05-02 19:42:02.709 534 991 I system_server: oneway function results will be dropped but finished with status OK and parcel size 4
05-02 19:42:02.726 393 2471 D AudioTrack: getTimestamp_l(24): device stall time corrected using current time 348661850000
05-02 19:42:02.740 365 433 E display : updateScreen invalid drmfd
05-02 19:42:03.189 365 433 E display : updateScreen invalid drmfd
05-02 19:42:03.380 393 1961 D BufferPoolAccessor2.0: bufferpool2 0xe55c2548 : 0(0 size) total buffers - 0(0 size) used buffers - 267/275 (recycle/alloc) - 8/548 (fetch/transfer)
05-02 19:42:03.380 393 1961 D BufferPoolAccessor2.0: evictor expired: 1, evicted: 1
05-02 19:42:03.382 478 725 D BufferPoolAccessor2.0: bufferpool2 0xb400e24cc7dc47b8 : 0(0 size) total buffers - 0(0 size) used buffers - 268/272 (recycle/alloc) - 5/271 (fetch/transfer)
05-02 19:42:03.382 478 725 D BufferPoolAccessor2.0: evictor expired: 1, evicted: 1
05-02 19:42:03.523 368 757 D BufferPoolAccessor2.0: bufferpool2 0xb400f2ab576263d8 : 4(14544896 size) total buffers - 4(14544896 size) used buffers - 1242/1251 (recycle/alloc) - 9/1247 (fetch/transfer)
05-02 19:42:04.026 365 433 E display : updateScreen invalid drmfd
05-02 19:42:04.364 365 433 E display : updateScreen invalid drmfd
05-02 19:42:04.380 393 1961 D BufferPoolAccessor2.0: evictor expired: 1, evicted: 0
05-02 19:42:04.382 478 725 D BufferPoolAccessor2.0: evictor expired: 1, evicted: 0
05-02 19:42:04.428 365 433 E display : updateScreen invalid drmfd
05-02 19:42:04.492 365 433 E display : updateScreen invalid drmfd
05-02 19:42:07.381 393 1961 D BufferPoolAccessor2.0: bufferpool2 0xe55c3628 : 0(0 size) total buffers - 0(0 size) used buffers - 189/197 (recycle/alloc) - 8/392 (fetch/transfer)
05-02 19:42:07.381 393 1961 D BufferPoolAccessor2.0: evictor expired: 1, evicted: 1
05-02 19:42:07.382 478 725 D BufferPoolAccessor2.0: bufferpool2 0xb400e24cc7dc2068 : 0(0 size) total buffers - 0(0 size) used buffers - 191/194 (recycle/alloc) - 3/193 (fetch/transfer)
05-02 19:42:07.382 478 725 D BufferPoolAccessor2.0: evictor expired: 1, evicted: 1
05-02 19:42:07.409 393 2473 D CCodecBufferChannel: [c2.android.vorbis.decoder#783] buffers after EOS ignored (0 us)
05-02 19:42:07.641 503 503 I chatty : uid=9999(nobody) /vendor/bin/gpsd expire 275 lines
05-02 19:42:07.659 393 2471 D AudioTrack: stop(24): called with 226012 frames delivered
05-02 19:42:07.993 393 2473 I CCodecConfig: query failed after returning 7 values (BAD_INDEX)
05-02 19:42:07.993 393 2473 W Codec2Client: query -- param skipped: index = 1342179345.
05-02 19:42:07.994 393 2473 W Codec2Client: query -- param skipped: index = 2415921170.
05-02 19:42:07.994 393 2473 D BufferPoolAccessor2.0: bufferpool2 0xe55c0a48 : 8(262144 size) total buffers - 5(163840 size) used buffers - 420/428 (recycle/alloc) - 8/848 (fetch/transfer)
05-02 19:42:07.997 478 2474 D BufferPoolAccessor2.0: bufferpool2 0xb400e24cc7dc29a8 : 4(131072 size) total buffers - 1(32768 size) used buffers - 419/423 (recycle/alloc) - 4/421 (fetch/transfer)
05-02 19:42:07.998 478 2474 D C2SoftVorbisDec: vorbis_dsp_synthesis returned -135; ignored
05-02 19:42:07.998 478 2474 D C2SoftVorbisDec: vorbis_dsp_synthesis returned -135; ignored
05-02 19:42:08.000 393 2473 D CCodecBuffers: [c2.android.vorbis.decoder#783:Output[N]] popFromStashAndRegister: output format changed to AMessage(what = 0x00000000) = {
05-02 19:42:08.000 393 2473 D CCodecBuffers: int32_t bitrate = 112000
05-02 19:42:08.000 393 2473 D CCodecBuffers: int32_t channel-count = 2
05-02 19:42:08.000 393 2473 D CCodecBuffers: string mime = "audio/raw"
05-02 19:42:08.000 393 2473 D CCodecBuffers: int32_t sample-rate = 44100
05-02 19:42:08.000 393 2473 D CCodecBuffers: int32_t channel-mask = 3
05-02 19:42:08.000 393 2473 D CCodecBuffers: }
05-02 19:42:08.005 393 2471 D AudioTrack: getTimestamp_l(24): device stall time corrected using current time 353940784000
05-02 19:42:08.026 393 2471 W AudioTrack: getTimestamp_l(24): retrograde timestamp time corrected, 353959190125 < 353959897625
05-02 19:42:08.381 393 1961 D BufferPoolAccessor2.0: evictor expired: 1, evicted: 0
05-02 19:42:08.382 478 725 D BufferPoolAccessor2.0: evictor expired: 1, evicted: 0
05-02 19:42:10.372 368 671 D BufferPoolAccessor2.0: bufferpool2 0xb400f2ab576263d8 : 4(14544896 size) total buffers - 3(12447744 size) used buffers - 1266/1275 (recycle/alloc) - 9/1272 (fetch/transfer)
05-02 19:42:10.372 368 671 D BufferPoolAccessor2.0: evictor expired: 1, evicted: 1
05-02 19:42:12.842 393 2471 D AudioTrack: stop(24): called with 226012 frames delivered
05-02 19:42:13.193 393 2473 I CCodecConfig: query failed after returning 7 values (BAD_INDEX)
05-02 19:42:13.193 393 2473 W Codec2Client: query -- param skipped: index = 1342179345.
05-02 19:42:13.194 393 2473 W Codec2Client: query -- param skipped: index = 2415921170.
05-02 19:42:13.194 393 2473 D BufferPoolAccessor2.0: bufferpool2 0xe55c0a48 : 9(294912 size) total buffers - 5(163840 size) used buffers - 845/854 (recycle/alloc) - 9/1696 (fetch/transfer)
05-02 19:42:13.196 478 2474 D BufferPoolAccessor2.0: bufferpool2 0xb400e24cc7dc29a8 : 4(131072 size) total buffers - 1(32768 size) used buffers - 843/847 (recycle/alloc) - 5/842 (fetch/transfer)
05-02 19:42:13.196 478 2474 D C2SoftVorbisDec: vorbis_dsp_synthesis returned -135; ignored
05-02 19:42:13.196 478 2474 D C2SoftVorbisDec: vorbis_dsp_synthesis returned -135; ignored
05-02 19:42:13.198 393 2473 D CCodecBuffers: [c2.android.vorbis.decoder#783:Output[N]] popFromStashAndRegister: output format changed to AMessage(what = 0x00000000) = {
05-02 19:42:13.198 393 2473 D CCodecBuffers: int32_t bitrate = 112000
05-02 19:42:13.198 393 2473 D CCodecBuffers: int32_t channel-count = 2
05-02 19:42:13.198 393 2473 D CCodecBuffers: string mime = "audio/raw"
05-02 19:42:13.198 393 2473 D CCodecBuffers: int32_t sample-rate = 44100
05-02 19:42:13.198 393 2473 D CCodecBuffers: int32_t channel-mask = 3
05-02 19:42:13.198 393 2473 D CCodecBuffers: }
05-02 19:42:13.205 393 2471 D AudioTrack: getTimestamp_l(24): device stall time corrected using current time 359140547375
05-02 19:42:17.799 393 2473 D CCodecBufferChannel: [c2.android.vorbis.decoder#783] buffers after EOS ignored (0 us)
05-02 19:42:17.800 393 2473 D CCodecBufferChannel: [c2.android.vorbis.decoder#783] buffers after EOS ignored (0 us)
05-02 19:42:18.050 393 2471 D AudioTrack: stop(24): called with 226012 frames delivered
05-02 19:42:18.393 393 2473 I CCodecConfig: query failed after returning 7 values (BAD_INDEX)
05-02 19:42:18.394 393 2473 W Codec2Client: query -- param skipped: index = 1342179345.
05-02 19:42:18.394 393 2473 W Codec2Client: query -- param skipped: index = 2415921170.
05-02 19:42:18.394 393 2473 D BufferPoolAccessor2.0: bufferpool2 0xe55c0a48 : 9(294912 size) total buffers - 5(163840 size) used buffers - 1273/1282 (recycle/alloc) - 10/2544 (fetch/transfer)
05-02 19:42:18.396 478 2474 D BufferPoolAccessor2.0: bufferpool2 0xb400e24cc7dc29a8 : 4(131072 size) total buffers - 1(32768 size) used buffers - 1267/1271 (recycle/alloc) - 7/1263 (fetch/transfer)
05-02 19:42:18.396 478 2474 D C2SoftVorbisDec: vorbis_dsp_synthesis returned -135; ignored
05-02 19:42:18.396 478 2474 D C2SoftVorbisDec: vorbis_dsp_synthesis returned -135; ignored
05-02 19:42:18.398 393 2473 D CCodecBuffers: [c2.android.vorbis.decoder#783:Output[N]] popFromStashAndRegister: output format changed to AMessage(what = 0x00000000) = {
05-02 19:42:18.398 393 2473 D CCodecBuffers: int32_t bitrate = 112000
05-02 19:42:18.398 393 2473 D CCodecBuffers: int32_t channel-count = 2
05-02 19:42:18.398 393 2473 D CCodecBuffers: string mime = "audio/raw"
05-02 19:42:18.398 393 2473 D CCodecBuffers: int32_t sample-rate = 44100
05-02 19:42:18.398 393 2473 D CCodecBuffers: int32_t channel-mask = 3
05-02 19:42:18.398 393 2473 D CCodecBuffers: }
05-02 19:42:18.406 393 2471 D AudioTrack: getTimestamp_l(24): device stall time corrected using current time 364341486750
05-02 19:42:18.424 393 2471 W AudioTrack: getTimestamp_l(24): retrograde timestamp time corrected, 364359186625 < 364359730875
05-02 19:42:18.641 503 503 I chatty : uid=9999(nobody) /vendor/bin/gpsd expire 275 lines
05-02 19:42:23.244 393 2471 D AudioTrack: stop(24): called with 226012 frames delivered
05-02 19:42:23.594 393 2473 I CCodecConfig: query failed after returning 7 values (BAD_INDEX)
05-02 19:42:23.594 393 2473 W Codec2Client: query -- param skipped: index = 1342179345.
05-02 19:42:23.594 393 2473 W Codec2Client: query -- param skipped: index = 2415921170.
05-02 19:42:23.594 393 2473 D BufferPoolAccessor2.0: bufferpool2 0xe55c0a48 : 9(294912 size) total buffers - 5(163840 size) used buffers - 1699/1708 (recycle/alloc) - 11/3392 (fetch/transfer)
05-02 19:42:23.596 478 2474 D BufferPoolAccessor2.0: bufferpool2 0xb400e24cc7dc29a8 : 4(131072 size) total buffers - 1(32768 size) used buffers - 1691/1695 (recycle/alloc) - 8/1684 (fetch/transfer)
05-02 19:42:23.596 478 2474 D C2SoftVorbisDec: vorbis_dsp_synthesis returned -135; ignored
05-02 19:42:23.597 478 2474 D C2SoftVorbisDec: vorbis_dsp_synthesis returned -135; ignored
05-02 19:42:23.599 393 2473 D CCodecBuffers: [c2.android.vorbis.decoder#783:Output[N]] popFromStashAndRegister: output format changed to AMessage(what = 0x00000000) = {
05-02 19:42:23.599 393 2473 D CCodecBuffers: int32_t bitrate = 112000
05-02 19:42:23.599 393 2473 D CCodecBuffers: int32_t channel-count = 2
05-02 19:42:23.599 393 2473 D CCodecBuffers: string mime = "audio/raw"
05-02 19:42:23.599 393 2473 D CCodecBuffers: int32_t sample-rate = 44100
05-02 19:42:23.599 393 2473 D CCodecBuffers: int32_t channel-mask = 3
05-02 19:42:23.599 393 2473 D CCodecBuffers: }
05-02 19:42:23.606 393 2471 D AudioTrack: getTimestamp_l(24): device stall time corrected using current time 369541792625
05-02 19:42:23.625 393 2471 W AudioTrack: getTimestamp_l(24): retrograde timestamp time corrected, 369559188000 < 369559771250
05-02 19:42:28.191 393 2473 D CCodecBufferChannel: [c2.android.vorbis.decoder#783] buffers after EOS ignored (0 us)
05-02 19:42:28.191 393 2473 D CCodecBufferChannel: [c2.android.vorbis.decoder#783] buffers after EOS ignored (0 us)
05-02 19:42:28.441 393 2471 D AudioTrack: stop(24): called with 226012 frames delivered
05-02 19:42:28.793 393 2473 I CCodecConfig: query failed after returning 7 values (BAD_INDEX)
05-02 19:42:28.794 393 2473 W Codec2Client: query -- param skipped: index = 1342179345.
05-02 19:42:28.794 393 2473 W Codec2Client: query -- param skipped: index = 2415921170.
05-02 19:42:28.794 393 2473 D BufferPoolAccessor2.0: bufferpool2 0xe55c0a48 : 9(294912 size) total buffers - 5(163840 size) used buffers - 2127/2136 (recycle/alloc) - 12/4240 (fetch/transfer)
05-02 19:42:28.796 478 2474 D BufferPoolAccessor2.0: bufferpool2 0xb400e24cc7dc29a8 : 4(131072 size) total buffers - 1(32768 size) used buffers - 2115/2119 (recycle/alloc) - 9/2105 (fetch/transfer)
05-02 19:42:28.796 478 2474 D C2SoftVorbisDec: vorbis_dsp_synthesis returned -135; ignored
05-02 19:42:28.796 478 2474 D C2SoftVorbisDec: vorbis_dsp_synthesis returned -135; ignored
05-02 19:42:28.798 393 2473 D CCodecBuffers: [c2.android.vorbis.decoder#783:Output[N]] popFromStashAndRegister: output format changed to AMessage(what = 0x00000000) = {
05-02 19:42:28.798 393 2473 D CCodecBuffers: int32_t bitrate = 112000
05-02 19:42:28.798 393 2473 D CCodecBuffers: int32_t channel-count = 2
05-02 19:42:28.798 393 2473 D CCodecBuffers: string mime = "audio/raw"
05-02 19:42:28.798 393 2473 D CCodecBuffers: int32_t sample-rate = 44100
05-02 19:42:28.798 393 2473 D CCodecBuffers: int32_t channel-mask = 3
05-02 19:42:28.798 393 2473 D CCodecBuffers: }
05-02 19:42:28.805 393 2471 D AudioTrack: getTimestamp_l(24): device stall time corrected using current time 374740745375
05-02 19:42:28.824 393 2471 W AudioTrack: getTimestamp_l(24): retrograde timestamp time corrected, 374759191250 < 374759270625
05-02 19:42:29.641 503 503 I chatty : uid=9999(nobody) /vendor/bin/gpsd expire 375 lines
05-02 19:42:33.645 393 2471 D AudioTrack: stop(24): called with 226012 frames delivered
05-02 19:42:33.993 393 2473 I CCodecConfig: query failed after returning 7 values (BAD_INDEX)
05-02 19:42:33.993 393 2473 W Codec2Client: query -- param skipped: index = 1342179345.
05-02 19:42:33.994 393 2473 W Codec2Client: query -- param skipped: index = 2415921170.
05-02 19:42:33.994 393 2473 D BufferPoolAccessor2.0: bufferpool2 0xe55c0a48 : 9(294912 size) total buffers - 5(163840 size) used buffers - 2553/2562 (recycle/alloc) - 13/5088 (fetch/transfer)
05-02 19:42:33.997 478 2474 D BufferPoolAccessor2.0: bufferpool2 0xb400e24cc7dc29a8 : 4(131072 size) total buffers - 1(32768 size) used buffers - 2539/2543 (recycle/alloc) - 10/2526 (fetch/transfer)
05-02 19:42:33.997 478 2474 D C2SoftVorbisDec: vorbis_dsp_synthesis returned -135; ignored
05-02 19:42:33.997 478 2474 D C2SoftVorbisDec: vorbis_dsp_synthesis returned -135; ignored
05-02 19:42:33.999 393 2473 D CCodecBuffers: [c2.android.vorbis.decoder#783:Output[N]] popFromStashAndRegister: output format changed to AMessage(what = 0x00000000) = {
05-02 19:42:33.999 393 2473 D CCodecBuffers: int32_t bitrate = 112000
05-02 19:42:33.999 393 2473 D CCodecBuffers: int32_t channel-count = 2
05-02 19:42:33.999 393 2473 D CCodecBuffers: string mime = "audio/raw"
05-02 19:42:33.999 393 2473 D CCodecBuffers: int32_t sample-rate = 44100
05-02 19:42:33.999 393 2473 D CCodecBuffers: int32_t channel-mask = 3
05-02 19:42:33.999 393 2473 D CCodecBuffers: }
05-02 19:42:34.004 393 2471 D AudioTrack: getTimestamp_l(24): device stall time corrected using current time 379939835000
05-02 19:42:38.840 393 2471 D AudioTrack: stop(24): called with 226012 frames delivered
05-02 19:42:39.193 393 2473 I CCodecConfig: query failed after returning 7 values (BAD_INDEX)
05-02 19:42:39.194 393 2473 W Codec2Client: query -- param skipped: index = 1342179345.
05-02 19:42:39.194 393 2473 W Codec2Client: query -- param skipped: index = 2415921170.
05-02 19:42:39.194 393 2473 D BufferPoolAccessor2.0: bufferpool2 0xe55c0a48 : 9(294912 size) total buffers - 5(163840 size) used buffers - 2979/2988 (recycle/alloc) - 14/5936 (fetch/transfer)
05-02 19:42:39.196 478 2474 D BufferPoolAccessor2.0: bufferpool2 0xb400e24cc7dc29a8 : 4(131072 size) total buffers - 1(32768 size) used buffers - 2963/2967 (recycle/alloc) - 11/2947 (fetch/transfer)
05-02 19:42:39.196 478 2474 D C2SoftVorbisDec: vorbis_dsp_synthesis returned -135; ignored
05-02 19:42:39.197 478 2474 D C2SoftVorbisDec: vorbis_dsp_synthesis returned -135; ignored
05-02 19:42:39.198 393 2473 D CCodecBuffers: [c2.android.vorbis.decoder#783:Output[N]] popFromStashAndRegister: output format changed to AMessage(what = 0x00000000) = {
05-02 19:42:39.198 393 2473 D CCodecBuffers: int32_t bitrate = 112000
05-02 19:42:39.198 393 2473 D CCodecBuffers: int32_t channel-count = 2
05-02 19:42:39.198 393 2473 D CCodecBuffers: string mime = "audio/raw"
05-02 19:42:39.198 393 2473 D CCodecBuffers: int32_t sample-rate = 44100
05-02 19:42:39.198 393 2473 D CCodecBuffers: int32_t channel-mask = 3
05-02 19:42:39.198 393 2473 D CCodecBuffers: }
05-02 19:42:39.206 393 2471 D AudioTrack: getTimestamp_l(24): device stall time corrected using current time 385141630250
05-02 19:42:39.225 393 2471 W AudioTrack: getTimestamp_l(24): retrograde timestamp time corrected, 385159191375 < 385159419250
05-02 19:42:43.802 393 2473 D CCodecBufferChannel: [c2.android.vorbis.decoder#783] buffers after EOS ignored (0 us)
05-02 19:42:44.053 393 2471 D AudioTrack: stop(24): called with 226012 frames delivered
05-02 19:42:44.394 393 2473 I CCodecConfig: query failed after returning 7 values (BAD_INDEX)
05-02 19:42:44.394 393 2473 W Codec2Client: query -- param skipped: index = 1342179345.
05-02 19:42:44.394 393 2473 W Codec2Client: query -- param skipped: index = 2415921170.
05-02 19:42:44.394 393 2473 D BufferPoolAccessor2.0: bufferpool2 0xe55c0a48 : 9(294912 size) total buffers - 5(163840 size) used buffers - 3406/3415 (recycle/alloc) - 15/6784 (fetch/transfer)
05-02 19:42:44.396 478 2474 D BufferPoolAccessor2.0: bufferpool2 0xb400e24cc7dc29a8 : 4(131072 size) total buffers - 1(32768 size) used buffers - 3387/3391 (recycle/alloc) - 12/3368 (fetch/transfer)
05-02 19:42:44.396 478 2474 D C2SoftVorbisDec: vorbis_dsp_synthesis returned -135; ignored
05-02 19:42:44.397 478 2474 D C2SoftVorbisDec: vorbis_dsp_synthesis returned -135; ignored
05-02 19:42:44.399 393 2473 D CCodecBuffers: [c2.android.vorbis.decoder#783:Output[N]] popFromStashAndRegister: output format changed to AMessage(what = 0x00000000) = {
05-02 19:42:44.399 393 2473 D CCodecBuffers: int32_t bitrate = 112000
05-02 19:42:44.399 393 2473 D CCodecBuffers: int32_t channel-count = 2
05-02 19:42:44.399 393 2473 D CCodecBuffers: string mime = "audio/raw"
05-02 19:42:44.399 393 2473 D CCodecBuffers: int32_t sample-rate = 44100
05-02 19:42:44.399 393 2473 D CCodecBuffers: int32_t channel-mask = 3
05-02 19:42:44.399 393 2473 D CCodecBuffers: }
05-02 19:42:44.404 393 2471 D AudioTrack: getTimestamp_l(24): device stall time corrected using current time 390339594125
05-02 19:42:44.425 393 2471 W AudioTrack: getTimestamp_l(24): retrograde timestamp time corrected, 390359190500 < 390359195750
05-02 19:42:44.641 503 503 I chatty : uid=9999(nobody) /vendor/bin/gpsd expire 291 lines
05-02 19:42:45.385 0 0 W healthd : battery l=85 v=3 t=35.0 h=2 st=2 c=400000 fc=4000000 cc=32 chg=a
05-02 19:42:49.245 393 2471 D AudioTrack: stop(24): called with 226012 frames delivered
05-02 19:42:49.593 393 2473 I CCodecConfig: query failed after returning 7 values (BAD_INDEX)
05-02 19:42:49.593 393 2473 W Codec2Client: query -- param skipped: index = 1342179345.
05-02 19:42:49.593 393 2473 W Codec2Client: query -- param skipped: index = 2415921170.
05-02 19:42:49.594 393 2473 D BufferPoolAccessor2.0: bufferpool2 0xe55c0a48 : 9(294912 size) total buffers - 5(163840 size) used buffers - 3832/3841 (recycle/alloc) - 16/7632 (fetch/transfer)
05-02 19:42:49.595 478 2474 D BufferPoolAccessor2.0: bufferpool2 0xb400e24cc7dc29a8 : 4(131072 size) total buffers - 1(32768 size) used buffers - 3811/3815 (recycle/alloc) - 13/3789 (fetch/transfer)
05-02 19:42:49.596 478 2474 D C2SoftVorbisDec: vorbis_dsp_synthesis returned -135; ignored
05-02 19:42:49.596 478 2474 D C2SoftVorbisDec: vorbis_dsp_synthesis returned -135; ignored
05-02 19:42:49.598 393 2473 D CCodecBuffers: [c2.android.vorbis.decoder#783:Output[N]] popFromStashAndRegister: output format changed to AMessage(what = 0x00000000) = {
05-02 19:42:49.598 393 2473 D CCodecBuffers: int32_t bitrate = 112000
05-02 19:42:49.598 393 2473 D CCodecBuffers: int32_t channel-count = 2
05-02 19:42:49.598 393 2473 D CCodecBuffers: string mime = "audio/raw"
05-02 19:42:49.598 393 2473 D CCodecBuffers: int32_t sample-rate = 44100
05-02 19:42:49.598 393 2473 D CCodecBuffers: int32_t channel-mask = 3
05-02 19:42:49.598 393 2473 D CCodecBuffers: }
05-02 19:42:49.605 393 2471 D AudioTrack: getTimestamp_l(24): device stall time corrected using current time 395541131125
05-02 19:42:49.624 393 2471 W AudioTrack: getTimestamp_l(24): retrograde timestamp time corrected, 395559187625 < 395559200750
05-02 19:42:50.693 370 1559 D NxpTml : PN54X - I2C Read successful.....
05-02 19:42:50.694 370 1559 D NxpNciR : len = 4 > 600701A1
05-02 19:42:50.694 370 1559 D NxpTml : PN54X - Posting read message.....
05-02 19:42:50.694 370 1562 D NxpHal : read successful status = 0x0
05-02 19:42:50.694 370 1562 D NfccPowerTracker: NfccPowerTracker::ProcessNtf: Enter
05-02 19:42:50.694 1427 1587 I libnfc_nci: [INFO:nfc_ncif.cc(501)] NFC received ntf gid:0
05-02 19:42:50.694 370 1559 D NxpTml : PN54X - Read requested.....
05-02 19:42:50.694 370 1559 D NxpTml : PN54X - Invoking I2C Read.....
05-02 19:42:50.694 1427 1587 I libnfc_nci: [INFO:nci_hrcv.cc(128)] nci_proc_core_ntf opcode:0x7
05-02 19:42:50.695 1427 1587 I libnfc_nci: [INFO:nfa_dm_act.cc(269)] NFC_GEN_ERROR_REVT(0x500d)
05-02 19:42:50.695 1427 1587 I libnfc_nci: [INFO:nfa_dm_discover.cc(1663)] nfa_dm_disc_data_cback
05-02 19:42:50.695 1427 1587 I libnfc_nci: [INFO:nfa_dm_discover.cc(2512)] state: DISCOVERY (1), event: INTF_ERROR_NTF(10) disc_flags: 0x1
05-02 19:42:50.695 1427 1587 I libnfc_nci: [INFO:nfa_dm_discover.cc(2565)] new state: DISCOVERY (1), disc_flags: 0x1
05-02 19:42:54.191 393 2473 D CCodecBufferChannel: [c2.android.vorbis.decoder#783] buffers after EOS ignored (0 us)
05-02 19:42:54.191 393 2473 I chatty : uid=1013(media) /system/bin/mediaserver identical 1 line
05-02 19:42:54.191 393 2473 D CCodecBufferChannel: [c2.android.vorbis.decoder#783] buffers after EOS ignored (0 us)
05-02 19:42:54.440 393 2471 D AudioTrack: stop(24): called with 226012 frames delivered
05-02 19:42:54.793 393 2473 I CCodecConfig: query failed after returning 7 values (BAD_INDEX)
05-02 19:42:54.793 393 2473 W Codec2Client: query -- param skipped: index = 1342179345.
05-02 19:42:54.793 393 2473 W Codec2Client: query -- param skipped: index = 2415921170.
05-02 19:42:54.794 393 2473 D BufferPoolAccessor2.0: bufferpool2 0xe55c0a48 : 9(294912 size) total buffers - 5(163840 size) used buffers - 4261/4270 (recycle/alloc) - 17/8480 (fetch/transfer)
05-02 19:42:54.795 478 2474 D BufferPoolAccessor2.0: bufferpool2 0xb400e24cc7dc29a8 : 4(131072 size) total buffers - 1(32768 size) used buffers - 4235/4239 (recycle/alloc) - 14/4210 (fetch/transfer)
05-02 19:42:54.796 478 2474 D C2SoftVorbisDec: vorbis_dsp_synthesis returned -135; ignored
05-02 19:42:54.796 478 2474 D C2SoftVorbisDec: vorbis_dsp_synthesis returned -135; ignored
05-02 19:42:54.798 393 2473 D CCodecBuffers: [c2.android.vorbis.decoder#783:Output[N]] popFromStashAndRegister: output format changed to AMessage(what = 0x00000000) = {
05-02 19:42:54.798 393 2473 D CCodecBuffers: int32_t bitrate = 112000
05-02 19:42:54.798 393 2473 D CCodecBuffers: int32_t channel-count = 2
05-02 19:42:54.798 393 2473 D CCodecBuffers: string mime = "audio/raw"
05-02 19:42:54.798 393 2473 D CCodecBuffers: int32_t sample-rate = 44100
05-02 19:42:54.798 393 2473 D CCodecBuffers: int32_t channel-mask = 3
05-02 19:42:54.798 393 2473 D CCodecBuffers: }
05-02 19:42:54.804 393 2471 D AudioTrack: getTimestamp_l(24): device stall time corrected using current time 400740047375
05-02 19:42:54.824 393 2471 W AudioTrack: getTimestamp_l(24): retrograde timestamp time corrected, 400755191000 < 400758992875
05-02 19:42:55.386 534 590 V DisplayPowerController: Brightness [0.05] reason changing to: 'manual [ dim ]', previous reason: 'manual'.
05-02 19:42:55.387 534 590 I sysui_multi_action: [757,1696,758,6,759,2]
05-02 19:42:55.640 503 503 I chatty : uid=9999(nobody) /vendor/bin/gpsd expire 264 lines
05-02 19:42:59.404 393 2473 D CCodecBufferChannel: [c2.android.vorbis.decoder#783] buffers after EOS ignored (0 us)
05-02 19:42:59.655 393 2471 D AudioTrack: stop(24): called with 226012 frames delivered
05-02 19:42:59.993 393 2473 I CCodecConfig: query failed after returning 7 values (BAD_INDEX)
05-02 19:42:59.994 393 2473 W Codec2Client: query -- param skipped: index = 1342179345.
05-02 19:42:59.994 393 2473 W Codec2Client: query -- param skipped: index = 2415921170.
05-02 19:42:59.994 393 2473 D BufferPoolAccessor2.0: bufferpool2 0xe55c0a48 : 9(294912 size) total buffers - 5(163840 size) used buffers - 4688/4697 (recycle/alloc) - 18/9328 (fetch/transfer)
05-02 19:42:59.996 478 2474 D BufferPoolAccessor2.0: bufferpool2 0xb400e24cc7dc29a8 : 4(131072 size) total buffers - 1(32768 size) used buffers - 4659/4663 (recycle/alloc) - 15/4631 (fetch/transfer)
05-02 19:42:59.996 478 2474 D C2SoftVorbisDec: vorbis_dsp_synthesis returned -135; ignored
05-02 19:42:59.997 478 2474 D C2SoftVorbisDec: vorbis_dsp_synthesis returned -135; ignored
05-02 19:42:59.999 393 2473 D CCodecBuffers: [c2.android.vorbis.decoder#783:Output[N]] popFromStashAndRegister: output format changed to AMessage(what = 0x00000000) = {
05-02 19:42:59.999 393 2473 D CCodecBuffers: int32_t bitrate = 112000
05-02 19:42:59.999 393 2473 D CCodecBuffers: int32_t channel-count = 2
05-02 19:42:59.999 393 2473 D CCodecBuffers: string mime = "audio/raw"
05-02 19:42:59.999 393 2473 D CCodecBuffers: int32_t sample-rate = 44100
05-02 19:42:59.999 393 2473 D CCodecBuffers: int32_t channel-mask = 3
05-02 19:42:59.999 393 2473 D CCodecBuffers: }
05-02 19:43:00.005 393 2471 D AudioTrack: getTimestamp_l(24): device stall time corrected using current time 405940973250
05-02 19:43:00.006 879 879 D KeyguardClockSwitch: Updating clock: 743
05-02 19:43:00.023 393 2471 W AudioTrack: getTimestamp_l(24): retrograde timestamp time corrected, 405955193000 < 405957615125
05-02 19:43:00.054 879 879 D KeyguardClockSwitch: Updating clock: 743
05-02 19:43:00.100 365 433 E display : updateScreen invalid drmfd
05-02 19:43:00.128 365 433 E display : updateScreen invalid drmfd
05-02 19:43:00.191 368 757 D BufferPoolAccessor2.0: bufferpool2 0xb400f2ab576263d8 : 4(14544896 size) total buffers - 4(14544896 size) used buffers - 1266/1276 (recycle/alloc) - 9/1272 (fetch/transfer)
05-02 19:43:00.192 650 737 D BufferPoolAccessor2.0: bufferpool2 0xb400ec86ee787978 : 0(0 size) total buffers - 0(0 size) used buffers - 0/0 (recycle/alloc) - 0/0 (fetch/transfer)
05-02 19:43:01.745 534 590 V DisplayPowerController: Brightness [0.39763778] reason changing to: 'manual', previous reason: 'manual [ dim ]'.
05-02 19:43:01.745 534 590 I sysui_multi_action: [757,1696,758,6,759,3]
05-02 19:43:01.872 534 991 I wm_finish_activity: [0,25592707,8,com.android.soundpicker/.RingtonePickerActivity,app-request]
05-02 19:43:01.872 376 618 W APM::AudioPolicyEngine: getDevicesForStrategy() unknown strategy: -1
05-02 19:43:01.874 364 401 I gralloc_driver: is_supported check descriptor name=screenshot, width=1920, height=1080, droid_format=RGBA8888, usage=CPU_READ_OFTEN|CPU_WRITE_OFTEN|GPU_RENDER_TARGET|GPU_TEXTURE
05-02 19:43:01.885 534 994 I system_server: oneway function results will be dropped but finished with status OK and parcel size 4
05-02 19:43:01.915 365 433 E display : updateScreen invalid drmfd
05-02 19:43:02.013 534 991 I wm_pause_activity: [0,25592707,com.android.soundpicker/.RingtonePickerActivity,userLeaving=false]
05-02 19:43:02.031 376 490 W APM::AudioPolicyEngine: getDevicesForStrategy() unknown strategy: -1
05-02 19:43:02.033 534 991 I system_server: oneway function results will be dropped but finished with status OK and parcel size 4
05-02 19:43:02.049 365 433 E display : updateScreen invalid drmfd
05-02 19:43:02.058 2232 2232 I wm_on_top_resumed_lost_called: [25592707,com.android.soundpicker.RingtonePickerActivity,topStateChangedWhenResumed]
05-02 19:43:02.062 393 1923 D NuPlayerDriver: reset(0xea203530) at state 5
05-02 19:43:02.074 393 2473 D CCodecBuffers: [c2.android.vorbis.decoder#783:1D-Output.Impl[N]] Client returned a buffer it does not own according to our record: 0
05-02 19:43:02.075 393 2473 D CCodecBuffers: [c2.android.vorbis.decoder#783:1D-Output.Impl[N]] Client returned a buffer it does not own according to our record: 1
05-02 19:43:02.075 393 2473 D CCodecBuffers: [c2.android.vorbis.decoder#783:1D-Output.Impl[N]] Client returned a buffer it does not own according to our record: 2
05-02 19:43:02.082 393 2473 I hw-BpHwBinder: onLastStrongRef automatically unlinking death recipients
05-02 19:43:02.082 478 1637 I hw-BpHwBinder: onLastStrongRef automatically unlinking death recipients
05-02 19:43:02.086 478 1637 V C2Store : in ~ComponentModule
05-02 19:43:02.086 478 1637 V C2Store : unloading dll
05-02 19:43:02.087 365 433 E display : updateScreen invalid drmfd
05-02 19:43:02.091 393 2468 D NuPlayerDriver: notifyResetComplete(0xea203530)
05-02 19:43:02.091 393 709 D NuPlayerDriver: reset(0xea203530) at state 0
05-02 19:43:02.097 2232 2232 V MediaPlayer: resetDrmState: mDrmInfo=null mDrmProvisioningThread=null mPrepareDrmInProgress=false mActiveDrmScheme=false
05-02 19:43:02.097 2232 2232 V MediaPlayer: cleanDrmObj: mDrmObj=null mDrmSessionId=null
05-02 19:43:02.097 2232 2232 V MediaPlayer: resetDrmState: mDrmInfo=null mDrmProvisioningThread=null mPrepareDrmInProgress=false mActiveDrmScheme=false
05-02 19:43:02.097 2232 2232 V MediaPlayer: cleanDrmObj: mDrmObj=null mDrmSessionId=null
05-02 19:43:02.098 2232 2232 I wm_on_paused_called: [25592707,com.android.soundpicker.RingtonePickerActivity,performPause]
05-02 19:43:02.101 393 709 D AudioTrack: stop(24): called with 0 frames delivered
05-02 19:43:02.106 376 490 W APM::AudioPolicyEngine: getDevicesForStrategy() unknown strategy: -1
05-02 19:43:02.111 534 994 I wm_set_resumed_activity: [0,com.android.settings/.SubSettings,resumeTopActivityInnerLocked]
05-02 19:43:02.112 534 991 I system_server: oneway function results will be dropped but finished with status OK and parcel size 4
05-02 19:43:02.117 534 994 I wm_resume_activity: [0,109124949,8,com.android.settings/.SubSettings]
05-02 19:43:02.119 534 994 I wm_destroy_activity: [0,25592707,8,com.android.soundpicker/.RingtonePickerActivity,finish-imm:completePausedLocked]
05-02 19:43:02.126 1225 1225 I wm_on_activity_result_called: [109124949,com.android.settings.SubSettings,ACTIVITY_RESULT]
05-02 19:43:02.159 365 433 E display : updateScreen invalid drmfd
05-02 19:43:02.168 1225 1225 I wm_on_resume_called: [109124949,com.android.settings.SubSettings,RESUME_ACTIVITY]
05-02 19:43:02.179 534 571 I ActivityManager: Killing 2003:com.android.camera2/u0a114 (adj 975): empty #17
05-02 19:43:02.179 534 571 I am_kill : [0,2003,com.android.camera2,975,empty #17]
05-02 19:43:02.184 534 571 I sysui_multi_action: [757,803,799,window_time_0,802,183]
05-02 19:43:02.206 2232 2232 I wm_on_stop_called: [25592707,com.android.soundpicker.RingtonePickerActivity,LIFECYCLER_STOP_ACTIVITY]
05-02 19:43:02.215 1225 1225 I sysui_multi_action: [757,336,758,1,833,35,1089,0]
05-02 19:43:02.227 365 433 E display : updateScreen invalid drmfd
05-02 19:43:02.255 2232 2232 I wm_on_destroy_called: [25592707,com.android.soundpicker.RingtonePickerActivity,performDestroy]
05-02 19:43:02.269 2232 2255 D OpenGLRenderer: endAllActiveAnimators on 0xb400f101ac77e7c0 (RippleDrawable) with handle 0xb400f100cc799e80
05-02 19:43:02.291 534 975 I am_proc_died: [0,2003,com.android.camera2,975,19]
05-02 19:43:02.296 347 347 I Zygote : Process 2003 exited due to signal 9 (Killed)
05-02 19:43:02.298 365 433 E display : updateScreen invalid drmfd
05-02 19:43:02.298 393 709 D NuPlayerDriver: NuPlayerDriver(0xea200fb0) created, clientPid(1225)
05-02 19:43:02.308 534 975 I am_uid_stopped: 10114
05-02 19:43:02.334 393 2492 D GenericSource: FileSource remote
05-02 19:43:02.344 393 709 D NuPlayerDriver: NuPlayerDriver(0xea203530) created, clientPid(1225)
05-02 19:43:02.345 1225 2491 D SettingsActivity: No enabled state changed, skipping updateCategory call
05-02 19:43:02.349 534 580 I libprocessgroup: Successfully killed process cgroup uid 10114 pid 2003 in 111ms
05-02 19:43:02.375 393 1923 D NuPlayerDriver: NuPlayerDriver(0xea203030) created, clientPid(1225)
05-02 19:43:02.380 468 468 E Utils : did not find channel-count and/or sample-rate
05-02 19:43:02.382 468 468 E Utils : did not find channel-count and/or sample-rate
05-02 19:43:02.391 534 577 I am_pss : [1225,1000,com.android.settings,51784704,36728832,0,195346432,0,2,18]
05-02 19:43:02.392 365 433 E display : updateScreen invalid drmfd
05-02 19:43:02.413 393 2501 D GenericSource: FileSource remote
05-02 19:43:02.415 393 2500 D GenericSource: FileSource remote
05-02 19:43:02.427 1225 2487 D Ringtone: Successfully created local player
05-02 19:43:02.428 1225 2487 W Ringtone: Use of stream types is deprecated for operations other than volume control
05-02 19:43:02.428 1225 2487 W Ringtone: See the documentation of setStreamType() for what to use instead with android.media.AudioAttributes to qualify your playback use case
05-02 19:43:02.434 468 1942 E Utils : did not find channel-count and/or sample-rate
05-02 19:43:02.435 393 709 D NuPlayerDriver: NuPlayerDriver(0xea200dd0) created, clientPid(1225)
05-02 19:43:02.436 468 530 E Utils : did not find channel-count and/or sample-rate
05-02 19:43:02.443 393 1923 D NuPlayerDriver: reset(0xea200fb0) at state 4
05-02 19:43:02.461 365 433 E display : updateScreen invalid drmfd
05-02 19:43:02.467 534 994 D CompatibilityChangeReporter: Compat change id reported: 149924527; UID 1000; state: ENABLED
05-02 19:43:02.467 393 2489 D NuPlayerDriver: notifyResetComplete(0xea200fb0)
05-02 19:43:02.469 534 577 I am_pss : [906,10127,com.android.permissioncontroller,15425536,11022336,0,119775232,0,19,12]
05-02 19:43:02.473 468 1942 E Utils : did not find channel-count and/or sample-rate
05-02 19:43:02.474 468 900 E Utils : did not find channel-count and/or sample-rate
05-02 19:43:02.477 1225 2493 D Ringtone: Successfully created local player
