01-04 15:54:42.828 976 976 E ContextImpl: at android.app.ActivityThread.performLaunchActivity(ActivityThread.java:3404)
01-04 15:54:42.828 976 976 E ContextImpl: at android.app.ActivityThread.handleLaunchActivity(ActivityThread.java:3595)
01-04 15:54:42.828 976 976 E ContextImpl: at android.app.servertransaction.LaunchActivityItem.execute(LaunchActivityItem.java:85)
01-04 15:54:42.828 976 976 E ContextImpl: at android.app.servertransaction.TransactionExecutor.executeCallbacks(TransactionExecutor.java:135)
01-04 15:54:42.828 976 976 E ContextImpl: at android.app.servertransaction.TransactionExecutor.execute(TransactionExecutor.java:95)
01-04 15:54:42.828 976 976 E ContextImpl: at android.app.ActivityThread$H.handleMessage(ActivityThread.java:2066)
01-04 15:54:42.828 976 976 E ContextImpl: at android.os.Handler.dispatchMessage(Handler.java:106)
01-04 15:54:42.828 976 976 E ContextImpl: at android.os.Looper.loop(Looper.java:223)
01-04 15:54:42.828 976 976 E ContextImpl: at android.app.ActivityThread.main(ActivityThread.java:7660)
01-04 15:54:42.828 976 976 E ContextImpl: at java.lang.reflect.Method.invoke(Native Method)
01-04 15:54:42.828 976 976 E ContextImpl: at com.android.internal.os.RuntimeInit$MethodAndArgsCaller.run(RuntimeInit.java:592)
01-04 15:54:42.828 976 976 E ContextImpl: at com.android.internal.os.ZygoteInit.main(ZygoteInit.java:947)
01-04 15:54:42.832 464 464 I update_engine: Read merge statistics file failed: No such file or directory
01-04 15:54:42.840 469 512 I adbd : jdwp connection from 1199
01-04 15:54:42.855 1113 1113 V MediaStore: Examining volume emulated;0 with name external_primary and state checking
01-04 15:54:42.856 1113 1113 V MediaProvider: Updated external volumes to: {}
01-04 15:54:42.859 535 549 I am_proc_bound: [0,1199,com.android.quicksearchbox]
01-04 15:54:42.872 535 554 I DropBoxManagerService: add tag=system_app_strictmode isTagEnabled=true flags=0x2
01-04 15:54:42.875 1113 1113 D CompatibilityChangeReporter: Compat change id reported: 148180766; UID 10123; state: ENABLED
01-04 15:54:42.882 976 976 D Tonal : Tonal Palette - index: 1. Main color: ff03252e
01-04 15:54:42.882 976 976 D Tonal : Colors: ff011216, ff03252e, ff053c46, ff065463, ff097986, ff0b89aa, ff0da5ce, ff3cbddf, ff4fc6f3, ff6cccf5, ff8ed2f8, ffbde4fb, ffdef3fd
01-04 15:54:42.884 976 976 V Launcher: LauncherAppState initiated
01-04 15:54:42.904 464 464 I update_engine: [INFO:cleanup_previous_update_action.cc(206)] Waiting for any previous merge request to complete. This can take up to several minutes.
01-04 15:54:42.904 344 344 D Zygote : Forked child process 1222
01-04 15:54:42.910 535 563 W ActivityManager: Slow operation: 125ms so far, now at startProcess: returned from zygote!
01-04 15:54:42.910 535 563 W ActivityManager: Slow operation: 125ms so far, now at startProcess: done updating battery stats
01-04 15:54:42.910 535 563 I am_proc_start: [0,1222,10092,com.android.printspooler,service,{com.android.printspooler/com.android.printspooler.model.PrintSpoolerService}]
01-04 15:54:42.910 535 563 W ActivityManager: Slow operation: 126ms so far, now at startProcess: building log message
01-04 15:54:42.910 535 563 I ActivityManager: Start proc 1222:com.android.printspooler/u0a92 for service {com.android.printspooler/com.android.printspooler.model.PrintSpoolerService}
01-04 15:54:42.910 535 563 W ActivityManager: Slow operation: 126ms so far, now at startProcess: starting to update pids map
01-04 15:54:42.914 535 563 W ActivityManager: Slow operation: 129ms so far, now at startProcess: done updating pids map
01-04 15:54:42.916 535 535 I StorageUserConnection: Service: [ComponentInfo{com.android.providers.media.module/com.android.providers.media.fuse.ExternalStorageServiceImpl}] connected. User [0]
01-04 15:54:42.919 535 638 I chatty : uid=1000(system) backup expire 1 line
01-04 15:54:42.921 535 638 I dvm_lock_sample: [system_server,0,backup,114,UserBackupManagerService.java,3257,void com.android.server.backup.UserBackupManagerService.setBackupEnabled(boolean),-,2596,void com.android.server.backup.UserBackupManagerService.dataChangedImpl(java.lang.String, java.util.HashSet),22]
01-04 15:54:42.924 1113 1228 I ExternalStorageServiceImpl: Starting session for id: emulated;0
01-04 15:54:42.927 1222 1222 I Zygote : seccomp disabled by setenforce 0
01-04 15:54:42.935 464 464 E update_engine: Read state file failed: No such file or directory
01-04 15:54:42.935 1113 1228 V FuseDaemonThread: Waiting 1000ms for FUSE start. Count 4
01-04 15:54:42.938 1113 1221 V MediaProvider: onConfigure() for external.db
01-04 15:54:42.939 1113 1231 I FuseDaemonThread: Starting thread for emulated;0 ...
01-04 15:54:42.940 232 232 I hwservicemanager: getTransport: Cannot find entry android.hardware.configstore@1.0::ISurfaceFlingerConfigs/default in either framework or device manifest.
01-04 15:54:42.941 1113 1231 I FuseDaemon: Starting fuse...
01-04 15:54:42.948 464 464 I update_engine: [INFO:cleanup_previous_update_action.cc(229)] Can't find any snapshot to merge.
01-04 15:54:42.950 535 1112 V BackupManagerConstants: getKeyValueBackupIntervalMilliseconds(...) returns 14400000
01-04 15:54:42.950 535 1112 V BackupManagerConstants: getKeyValueBackupFuzzMilliseconds(...) returns 600000
01-04 15:54:42.950 535 1112 V BackupManagerConstants: getKeyValueBackupRequiredNetworkType(...) returns 1
01-04 15:54:42.950 535 1112 V BackupManagerConstants: getKeyValueBackupRequireCharging(...) returns true
01-04 15:54:42.950 535 1112 V KeyValueBackupJob: Scheduling k/v pass in 240 minutes
01-04 15:54:42.955 469 512 I adbd : jdwp connection from 1222
01-04 15:54:42.962 535 555 W ActivityTaskManager: Activity top resumed state loss timeout for ActivityRecord{c7e7af6 u0 com.android.launcher3/.uioverrides.QuickstepLauncher t137}
01-04 15:54:42.963 535 555 W ActivityTaskManager: Activity pause timeout for ActivityRecord{c7e7af6 u0 com.android.launcher3/.uioverrides.QuickstepLauncher t137}
01-04 15:54:42.963 464 464 E update_engine: Read state file failed: No such file or directory
01-04 15:54:42.970 976 1192 I display : open gpu gralloc module!
01-04 15:54:42.972 535 1142 I am_proc_bound: [0,1222,com.android.printspooler]
01-04 15:54:42.976 1113 1221 V MediaProvider: onOpen() for external.db
01-04 15:54:42.976 1113 1221 V MediaProvider: onOpen() finished for external.db
01-04 15:54:42.977 535 1142 I am_uid_active: 10092
01-04 15:54:42.980 535 555 I sysui_multi_action: [757,803,799,window_time_0,802,6]
01-04 15:54:42.984 1199 1199 D ApplicationLoaders: Returning zygote-cached class loader: /system/framework/android.test.base.jar
01-04 15:54:42.985 1199 1199 D ApplicationLoaders: Returning zygote-cached class loader: /system/framework/android.hidl.base-V1.0-java.jar
01-04 15:54:42.985 1199 1199 D ApplicationLoaders: Returning zygote-cached class loader: /system/framework/android.hidl.manager-V1.0-java.jar
01-04 15:54:42.985 1199 1199 D ApplicationLoaders: Returning zygote-cached class loader: /system/framework/android.hidl.base-V1.0-java.jar
01-04 15:54:42.990 464 464 I update_engine: [INFO:cleanup_previous_update_action.cc(397)] Not reporting merge stats because state is None
01-04 15:54:42.996 1199 1199 I .quicksearchbo: The ClassLoaderContext is a special shared library.
01-04 15:54:43.000 464 464 I update_engine: [INFO:action_processor.cc(116)] ActionProcessor: finished last action CleanupPreviousUpdateAction with code ErrorCode::kSuccess
01-04 15:54:43.004 976 1192 E FrameEvents: updateAcquireFence: Did not find frame.
01-04 15:54:43.010 1222 1222 I id.printspoole: The ClassLoaderContext is a special shared library.
01-04 15:54:43.014 464 464 I update_engine: [INFO:update_attempter_android.cc(522)] Processing Done.
01-04 15:54:43.017 366 461 I gralloc_driver: is_supported check descriptor name=ImageReader-22x22f1u256m2-976-1, width=22, height=22, droid_format=RGBA8888, usage=GPU_RENDER_TARGET|GPU_TEXTURE
01-04 15:54:43.021 366 461 I gralloc_driver: is_supported check descriptor name=ImageReader-22x22f1u256m2-976-1, width=22, height=22, droid_format=RGBA8888, usage=GPU_RENDER_TARGET|GPU_TEXTURE|PRIVATE_0
01-04 15:54:43.024 976 1192 E FrameEvents: updateAcquireFence: Did not find frame.
01-04 15:54:43.025 366 461 I gralloc_driver: is_supported check descriptor name=ImageReader-22x22f1u256m2-976-1, width=22, height=22, droid_format=RGBA8888, usage=GPU_RENDER_TARGET|GPU_TEXTURE|PRIVATE_0
01-04 15:54:43.025 464 464 I update_engine: [INFO:update_attempter_android.cc(662)] Terminating cleanup previous update.
01-04 15:54:43.027 1199 1199 I .quicksearchbo: The ClassLoaderContext is a special shared library.
01-04 15:54:43.029 1199 1199 D nativeloader: classloader namespace configured for unbundled product apk. library_path=/product/app/QuickSearchBox/lib/arm64:/product/lib64:/system/product/lib64
01-04 15:54:43.031 1222 1222 D NetworkSecurityConfig: No Network Security Config specified, using platform default
01-04 15:54:43.031 1222 1222 D NetworkSecurityConfig: No Network Security Config specified, using platform default
01-04 15:54:43.055 1199 1199 D NetworkSecurityConfig: No Network Security Config specified, using platform default
01-04 15:54:43.055 1199 1199 D NetworkSecurityConfig: No Network Security Config specified, using platform default
01-04 15:54:43.062 535 554 I DropBoxManagerService: add tag=system_server_strictmode isTagEnabled=true flags=0x2
01-04 15:54:43.068 535 554 I DropBoxManagerService: add tag=system_server_strictmode isTagEnabled=true flags=0x2
01-04 15:54:43.118 672 672 D KeyguardViewMediator: adjustStatusBarLocked: mShowing=true mOccluded=false isSecure=false force=false --> flags=0x1200000
01-04 15:54:43.120 672 672 D StatusBar: disable disable2
01-04 15:54:43.125 535 535 I am_uid_running: 10100
01-04 15:54:43.127 535 535 D CompatibilityChangeReporter: Compat change id reported: 135634846; UID 10100; state: DISABLED
01-04 15:54:43.127 535 535 D CompatibilityChangeReporter: Compat change id reported: 135754954; UID 10100; state: DISABLED
01-04 15:54:43.128 535 563 D CompatibilityChangeReporter: Compat change id reported: 143937733; UID 10100; state: DISABLED
01-04 15:54:43.141 535 1257 I chatty : uid=1000(system) Binder:535_3 expire 1 line
01-04 15:54:43.148 344 344 D Zygote : Forked child process 1258
01-04 15:54:43.151 535 563 I am_proc_start: [0,1258,10100,com.android.dialer,broadcast,{com.android.dialer/com.android.dialer.app.calllog.CallLogReceiver}]
01-04 15:54:43.152 535 563 I ActivityManager: Start proc 1258:com.android.dialer/u0a100 for broadcast {com.android.dialer/com.android.dialer.app.calllog.CallLogReceiver}
01-04 15:54:43.158 535 1257 I DropBoxManagerService: add tag=SYSTEM_BOOT isTagEnabled=true flags=0x2
01-04 15:54:43.158 1258 1258 I Zygote : seccomp disabled by setenforce 0
01-04 15:54:43.158 1258 1258 I libc : SetHeapTaggingLevel: tag level set to 0
01-04 15:54:43.173 469 512 I adbd : jdwp connection from 1258
01-04 15:54:43.180 535 1257 I BootReceiver: Copying /sys/fs/pstore/console-ramoops-0 to DropBox (SYSTEM_LAST_KMSG)
01-04 15:54:43.182 535 1257 I DropBoxManagerService: add tag=SYSTEM_LAST_KMSG isTagEnabled=true flags=0x2
01-04 15:54:43.191 535 549 I am_proc_bound: [0,1258,com.android.dialer]
01-04 15:54:43.203 535 1257 I dropbox_file_copy: [/sys/fs/pstore/console-ramoops-0,-195991,SYSTEM_LAST_KMSG]
01-04 15:54:43.204 535 1257 I BootReceiver: Copying audit failures to DropBox
01-04 15:54:43.208 535 1257 I BootReceiver: Copied 5348 worth of audits to DropBox
01-04 15:54:43.208 535 1257 I DropBoxManagerService: add tag=SYSTEM_AUDIT isTagEnabled=true flags=0x2
01-04 15:54:43.216 535 1257 I BootReceiver: Checking for fsck errors
01-04 15:54:43.216 1258 1258 D ApplicationLoaders: Returning zygote-cached class loader: /system/framework/android.test.base.jar
01-04 15:54:43.216 1258 1258 D ApplicationLoaders: Returning zygote-cached class loader: /system/framework/android.hidl.base-V1.0-java.jar
01-04 15:54:43.216 1258 1258 D ApplicationLoaders: Returning zygote-cached class loader: /system/framework/android.hidl.manager-V1.0-java.jar
01-04 15:54:43.217 1258 1258 D ApplicationLoaders: Returning zygote-cached class loader: /system/framework/android.hidl.base-V1.0-java.jar
01-04 15:54:43.220 1258 1258 I .android.diale: The ClassLoaderContext is a special shared library.
01-04 15:54:43.225 535 1257 I commit_sys_config_file: [log-files,5]
01-04 15:54:43.227 535 1257 I am_uid_running: 10064
01-04 15:54:43.229 535 1257 D CompatibilityChangeReporter: Compat change id reported: 135634846; UID 10064; state: DISABLED
01-04 15:54:43.229 535 1257 D CompatibilityChangeReporter: Compat change id reported: 135754954; UID 10064; state: ENABLED
01-04 15:54:43.230 535 563 D CompatibilityChangeReporter: Compat change id reported: 143937733; UID 10064; state: ENABLED
01-04 15:54:43.241 976 976 D RecentsOrientedState: current RecentsOrientedState: [this=RecentsOrientedState@14d4ee9 mOrientationHandler=PortraitPagedViewHandler@d2bc76e mDisplayRotation=0 mTouchRotation=0 mRecentsActivityRotation=0 isRecentsActivityRotationAllowed=true mSystemRotation=true mFlags=265]
01-04 15:54:43.241 976 976 D RecentsOrientedState: current RecentsOrientedState: [this=RecentsOrientedState@14d4ee9 mOrientationHandler=PortraitPagedViewHandler@d2bc76e mDisplayRotation=0 mTouchRotation=0 mRecentsActivityRotation=0 isRecentsActivityRotationAllowed=true mSystemRotation=true mFlags=265]
01-04 15:54:43.243 1258 1258 I .android.diale: The ClassLoaderContext is a special shared library.
01-04 15:54:43.244 1258 1258 D nativeloader: classloader namespace configured for unbundled product apk. library_path=/product/priv-app/Dialer/lib/arm64:/product/lib64:/system/product/lib64
01-04 15:54:43.245 344 344 D Zygote : Forked child process 1280
01-04 15:54:43.248 535 563 I am_proc_start: [0,1280,10064,android.process.media,content provider,{com.android.providers.downloads/com.android.providers.downloads.DownloadProvider}]
01-04 15:54:43.249 535 563 I ActivityManager: Start proc 1280:android.process.media/u0a64 for content provider {com.android.providers.downloads/com.android.providers.downloads.DownloadProvider}
01-04 15:54:43.251 1280 1280 I Zygote : seccomp disabled by setenforce 0
01-04 15:54:43.266 469 512 I adbd : jdwp connection from 1280
01-04 15:54:43.274 535 549 I am_proc_bound: [0,1280,android.process.media]
01-04 15:54:43.276 1258 1258 D NetworkSecurityConfig: No Network Security Config specified, using platform default
01-04 15:54:43.277 1258 1258 D NetworkSecurityConfig: No Network Security Config specified, using platform default
01-04 15:54:43.278 535 549 I am_uid_active: 10064
01-04 15:54:43.305 1280 1280 I d.process.medi: The ClassLoaderContext is a special shared library.
01-04 15:54:43.321 1280 1280 D NetworkSecurityConfig: No Network Security Config specified, using platform default
01-04 15:54:43.321 1280 1280 D NetworkSecurityConfig: No Network Security Config specified, using platform default
01-04 15:54:43.342 1280 1280 I d.process.medi: The ClassLoaderContext is a special shared library.
01-04 15:54:43.344 1258 1258 I Dialer : DialerExecutorModule.newThread - creating low priority thread
01-04 15:54:43.360 1258 1258 I Dialer : CallLogConfigImpl.schedulePollingJob - scheduling
01-04 15:54:43.363 1258 1258 I Dialer : DialerApplication.initializeAnnotatedCallLog - framework not enabled
01-04 15:54:43.382 837 1014 D SubscriptionController: [getSlotIndex]- subId invalid
01-04 15:54:43.388 1258 1258 I Dialer : DialerExecutorModule.newThread - creating low priority thread
01-04 15:54:43.390 1258 1309 I Dialer : VisualVoicemailUpdateTask.updateNotification - enter
01-04 15:54:43.394 535 549 I am_uid_running: 10071
01-04 15:54:43.396 535 549 D CompatibilityChangeReporter: Compat change id reported: 135634846; UID 10071; state: DISABLED
01-04 15:54:43.396 535 549 D CompatibilityChangeReporter: Compat change id reported: 135754954; UID 10071; state: ENABLED
01-04 15:54:43.397 535 563 D CompatibilityChangeReporter: Compat change id reported: 143937733; UID 10071; state: ENABLED
01-04 15:54:43.414 344 344 D Zygote : Forked child process 1310
01-04 15:54:43.416 417 1101 D CCodecBufferChannel: [c2.android.vorbis.decoder#823] buffers after EOS ignored (0 us)
01-04 15:54:43.416 417 1101 I chatty : uid=1013(media) /system/bin/mediaserver identical 1 line
01-04 15:54:43.416 417 1101 D CCodecBufferChannel: [c2.android.vorbis.decoder#823] buffers after EOS ignored (0 us)
01-04 15:54:43.417 417 1099 D AudioTrack: stop(8): called with 82980 frames delivered
01-04 15:54:43.418 535 563 I am_proc_start: [0,1310,10071,android.process.acore,content provider,{com.android.providers.contacts/com.android.providers.contacts.CallLogProvider}]
01-04 15:54:43.418 535 563 I ActivityManager: Start proc 1310:android.process.acore/u0a71 for content provider {com.android.providers.contacts/com.android.providers.contacts.CallLogProvider}
01-04 15:54:43.425 1280 1280 I d.process.medi: The ClassLoaderContext is a special shared library.
01-04 15:54:43.425 1310 1310 I Zygote : seccomp disabled by setenforce 0
01-04 15:54:43.430 535 550 I chatty : uid=1000(system) Binder:535_2 expire 6 lines
01-04 15:54:43.433 535 552 I chatty : uid=1000(system) android.fg expire 14 lines
01-04 15:54:43.436 459 697 D BufferPoolAccessor2.0: bufferpool2 0xb400f70dbd4667e8 : 0(0 size) total buffers - 0(0 size) used buffers - 13/16 (recycle/alloc) - 3/15 (fetch/transfer)
01-04 15:54:43.436 459 697 D BufferPoolAccessor2.0: bufferpool2 0xb400f70dbd464788 : 0(0 size) total buffers - 0(0 size) used buffers - 15/17 (recycle/alloc) - 2/16 (fetch/transfer)
01-04 15:54:43.436 459 697 D BufferPoolAccessor2.0: bufferpool2 0xb400f70dbd46e968 : 0(0 size) total buffers - 0(0 size) used buffers - 5/7 (recycle/alloc) - 2/6 (fetch/transfer)
01-04 15:54:43.436 459 697 D BufferPoolAccessor2.0: evictor expired: 3, evicted: 3
01-04 15:54:43.452 469 512 I adbd : jdwp connection from 1310
01-04 15:54:43.457 535 1142 I am_proc_bound: [0,1310,android.process.acore]
01-04 15:54:43.483 976 1007 D LoaderTask: loadWorkspace: loading default favorites
01-04 15:54:43.494 1310 1310 I d.process.acor: The ClassLoaderContext is a special shared library.
01-04 15:54:43.499 0 0 W wlan : SCAN COMPLETED: scanned AP count=27
01-04 15:54:43.502 976 976 I wm_on_create_called: [209615606,com.android.launcher3.uioverrides.QuickstepLauncher,performCreate]
01-04 15:54:43.510 976 976 I wm_on_start_called: [209615606,com.android.launcher3.uioverrides.QuickstepLauncher,handleStartActivity]
01-04 15:54:43.513 976 976 I wm_on_resume_called: [209615606,com.android.launcher3.uioverrides.QuickstepLauncher,RESUME_ACTIVITY]
01-04 15:54:43.538 976 976 I wm_on_top_resumed_gained_called: [209615606,com.android.launcher3.uioverrides.QuickstepLauncher,topStateChangedWhenResumed]
01-04 15:54:43.538 976 976 I wm_on_top_resumed_lost_called: [209615606,com.android.launcher3.uioverrides.QuickstepLauncher,topStateChangedWhenResumed]
01-04 15:54:43.539 366 461 I gralloc_driver: is_supported check descriptor name=Bitmap::allocateHardwareBitmap pid [976], width=83, height=83, droid_format=RGBA8888, usage=GPU_TEXTURE
01-04 15:54:43.541 976 976 I wm_on_paused_called: [209615606,com.android.launcher3.uioverrides.QuickstepLauncher,performPause]
01-04 15:54:43.542 1310 1310 D NetworkSecurityConfig: No Network Security Config specified, using platform default
01-04 15:54:43.542 535 1142 I wm_failed_to_pause: [0,209615606,com.android.launcher3/.uioverrides.QuickstepLauncher,(none)]
01-04 15:54:43.543 1310 1310 D NetworkSecurityConfig: No Network Security Config specified, using platform default
01-04 15:54:43.565 1310 1310 I d.process.acor: The ClassLoaderContext is a special shared library.
01-04 15:54:43.567 976 976 D TouchInteractionService: Touch service connected
01-04 15:54:43.600 672 966 D BufferPoolAccessor2.0: bufferpool2 0xb400e0359ef81528 : 0(0 size) total buffers - 0(0 size) used buffers - 1/7 (recycle/alloc) - 6/38 (fetch/transfer)
01-04 15:54:43.601 672 966 D BufferPoolAccessor2.0: bufferpool2 0xb400e0359ef7d908 : 0(0 size) total buffers - 0(0 size) used buffers - 1/7 (recycle/alloc) - 6/18 (fetch/transfer)
01-04 15:54:43.601 672 966 D BufferPoolAccessor2.0: evictor expired: 2, evicted: 2
01-04 15:54:43.604 366 461 I gralloc_driver: is_supported check descriptor name=Bitmap::allocateHardwareBitmap pid [672], width=44, height=48, droid_format=RGBA8888, usage=GPU_TEXTURE
01-04 15:54:43.608 366 461 I gralloc_driver: is_supported check descriptor name=Bitmap::allocateHardwareBitmap pid [976], width=83, height=83, droid_format=RGBA8888, usage=GPU_TEXTURE
01-04 15:54:43.609 366 932 I gralloc_driver: is_supported check descriptor name=Bitmap::allocateHardwareBitmap pid [672], width=44, height=48, droid_format=RGBA8888, usage=GPU_TEXTURE
01-04 15:54:43.623 535 1142 W OverlayManager: service 'idmap' died
01-04 15:54:43.629 366 932 I gralloc_driver: is_supported check descriptor name=Bitmap::allocateHardwareBitmap pid [976], width=83, height=83, droid_format=RGBA8888, usage=GPU_TEXTURE
01-04 15:54:43.641 1310 1310 I d.process.acor: The ClassLoaderContext is a special shared library.
01-04 15:54:43.643 366 932 I gralloc_driver: is_supported check descriptor name=Bitmap::allocateHardwareBitmap pid [976], width=83, height=83, droid_format=RGBA8888, usage=GPU_TEXTURE
01-04 15:54:43.655 1310 1310 I ContactsPerf: VoicemailContentProvider.onCreate start
01-04 15:54:43.664 1310 1310 I ContactsPerf: VoicemailContentProvider.onCreate finish
01-04 15:54:43.669 535 615 I chatty : uid=1000(system) WifiHandlerThre expire 14 lines
01-04 15:54:43.691 837 1014 I chatty : uid=1001(radio) Binder:837_4 identical 2 lines
01-04 15:54:43.694 535 1142 D CountryDetector: The first listener is added
01-04 15:54:43.695 1310 1310 I ContactsDatabaseHelper: updateUseStrictPhoneNumberComparison: US
01-04 15:54:43.695 660 660 I wpa_supplicant: the nl80211 driver cmd is MACADDR
01-04 15:54:43.696 660 660 I wpa_supplicant: the nl80211 driver cmd len is 7
01-04 15:54:43.700 1310 1310 D ActivityThread: Loading provider contacts;com.android.contacts: com.android.providers.contacts.ContactsProvider2
01-04 15:54:43.711 366 932 I gralloc_driver: is_supported check descriptor name=com.android.launcher3/com.android.launcher3.uioverrides.QuickstepLauncher#0, width=1920, height=1080, droid_format=RGBA8888, usage=COMPOSER_OVERLAY|GPU_RENDER_TARGET|GPU_TEXTURE
01-04 15:54:43.719 837 1014 D SubscriptionController: [getSlotIndex]- subId invalid
01-04 15:54:43.739 350 350 D android.hardware.wifi@1.0-service: Successfully SetMacAddress.
01-04 15:54:43.750 660 660 I wpa_supplicant: the nl80211 driver cmd is MACADDR
01-04 15:54:43.750 660 660 I wpa_supplicant: the nl80211 driver cmd len is 7
01-04 15:54:43.753 452 452 W wificond: Scan is not started. Ignore abort request
01-04 15:54:43.764 366 932 I gralloc_driver: is_supported check descriptor name=com.android.launcher3/com.android.launcher3.uioverrides.QuickstepLauncher#0, width=1920, height=1080, droid_format=RGBA8888, usage=COMPOSER_OVERLAY|GPU_RENDER_TARGET|GPU_TEXTURE
01-04 15:54:43.769 366 461 I gralloc_driver: is_supported check descriptor name=com.android.launcher3/com.android.launcher3.uioverrides.QuickstepLauncher#0, width=1920, height=1080, droid_format=RGBA8888, usage=COMPOSER_OVERLAY|GPU_RENDER_TARGET|GPU_TEXTURE|PRIVATE_0
01-04 15:54:43.789 366 390 I gralloc_driver: is_supported check descriptor name=com.android.launcher3/com.android.launcher3.uioverrides.QuickstepLauncher#0, width=1920, height=1080, droid_format=RGBA8888, usage=COMPOSER_OVERLAY|GPU_RENDER_TARGET|GPU_TEXTURE
01-04 15:54:43.795 366 461 I gralloc_driver: is_supported check descriptor name=com.android.launcher3/com.android.launcher3.uioverrides.QuickstepLauncher#0, width=1920, height=1080, droid_format=RGBA8888, usage=COMPOSER_OVERLAY|GPU_RENDER_TARGET|GPU_TEXTURE|PRIVATE_0
01-04 15:54:43.809 366 932 I gralloc_driver: is_supported check descriptor name=com.android.launcher3/com.android.launcher3.uioverrides.QuickstepLauncher#0, width=1920, height=1080, droid_format=RGBA8888, usage=COMPOSER_OVERLAY|GPU_RENDER_TARGET|GPU_TEXTURE
01-04 15:54:43.819 366 461 I gralloc_driver: is_supported check descriptor name=com.android.launcher3/com.android.launcher3.uioverrides.QuickstepLauncher#0, width=1920, height=1080, droid_format=RGBA8888, usage=COMPOSER_OVERLAY|GPU_RENDER_TARGET|GPU_TEXTURE|PRIVATE_0
01-04 15:54:43.828 660 660 I wpa_supplicant: wlan0: Trying to associate with 10:be:f5:fd:b0:12 (SSID='D-Link_DIR-816_5G' freq=5180 MHz)
01-04 15:54:43.862 535 549 I chatty : uid=1000(system) Binder:535_1 expire 3 lines
01-04 15:54:43.864 672 1084 V MediaPlayer: resetDrmState: mDrmInfo=null mDrmProvisioningThread=null mPrepareDrmInProgress=false mActiveDrmScheme=false
01-04 15:54:43.864 672 1084 V MediaPlayer: cleanDrmObj: mDrmObj=null mDrmSessionId=null
01-04 15:54:43.865 417 417 D NuPlayerDriver: reset(0xf05c0d30) at state 6
01-04 15:54:43.870 417 1101 I hw-BpHwBinder: onLastStrongRef automatically unlinking death recipients
01-04 15:54:43.871 459 520 I hw-BpHwBinder: onLastStrongRef automatically unlinking death recipients
01-04 15:54:43.873 459 520 V C2Store : in ~ComponentModule
01-04 15:54:43.874 459 520 V C2Store : unloading dll
01-04 15:54:43.874 417 1086 D NuPlayerDriver: notifyResetComplete(0xf05c0d30)
01-04 15:54:43.877 417 417 W AMessage: failed to post message as target looper for handler 0 is gone.
01-04 15:54:43.884 660 660 I wpa_supplicant: wlan0: Associated with 10:be:f5:fd:b0:12
01-04 15:54:43.884 660 660 I wpa_supplicant: wlan0: CTRL-EVENT-SUBNET-STATUS-UPDATE status=0
01-04 15:54:43.885 535 619 D ConnectivityService: releasing NetworkRequest [ TRACK_DEFAULT id=18, [ Capabilities: INTERNET&NOT_RESTRICTED&TRUSTED Uid: 1001 AdministratorUids: [] RequestorUid: 1001 RequestorPackageName: com.android.phone] ] (release request)
01-04 15:54:43.889 837 837 D TelephonyNetworkFactory[0]: onReleaseNetworkFor NetworkRequest [ TRACK_DEFAULT id=18, [ Capabilities: INTERNET&NOT_RESTRICTED&TRUSTED Uid: 1001 AdministratorUids: [] RequestorUid: 1001 RequestorPackageName: com.android.phone] ] applied false
01-04 15:54:43.890 837 837 D DcRequest: Cellular request confirmed: NetworkRequest [ TRACK_DEFAULT id=18, [ Capabilities: INTERNET&NOT_RESTRICTED&TRUSTED Uid: 1001 AdministratorUids: [] RequestorUid: 1001 RequestorPackageName: com.android.phone] ]
01-04 15:54:43.891 837 837 D PhoneSwitcher: evaluating due to netReleased
01-04 15:54:43.891 837 837 D PhoneSwitcher: notifyPreferredDataSubIdChanged to -1
01-04 15:54:43.892 391 472 W APM::AudioPolicyEngine: getDevicesForStrategy() unknown strategy: -1
01-04 15:54:43.894 535 611 I chatty : uid=1000(system) NetworkStats expire 2 lines
01-04 15:54:43.895 672 672 V KeyguardUpdateMonitor: onSubscriptionInfoChanged()
01-04 15:54:43.896 837 837 D PhoneSwitcher: Removed DcRequest, size: 7
01-04 15:54:43.897 837 837 D Telephony: isEmergencyPreferredAccount: subId=-1, activeData=-1
01-04 15:54:43.897 837 837 D Telephony: isEmergencyPreferredAccount: Device does not require preference.
01-04 15:54:43.915 366 461 I gralloc_driver: is_supported check descriptor name=com.android.launcher3/com.android.launcher3.uioverrides.QuickstepLauncher#0, width=1920, height=1080, droid_format=RGBA8888, usage=COMPOSER_OVERLAY|GPU_RENDER_TARGET|GPU_TEXTURE|PRIVATE_0
01-04 15:54:43.916 1310 1338 D ContactsDatabaseHelper: WAL enabled for contacts2.db: true
01-04 15:54:43.922 535 611 I netstats_mobile_sample: [0,0,0,0,0,0,0,0,0,0,0,0,1641291883922]
01-04 15:54:43.923 535 611 I netstats_wifi_sample: [0,0,0,0,0,0,0,0,0,0,0,0,1641291883922]
01-04 15:54:43.924 0 0 F wlan : Connected to bssid 10:XX:XX:XX:b0:12 successfully
01-04 15:54:43.926 535 612 I chatty : uid=1000(system) NetworkPolicy expire 15 lines
01-04 15:54:43.959 1258 1309 I Dialer : VisualVoicemailUpdateTask.updateNotification - no voicemails to notify about
01-04 15:54:43.959 1258 1309 I Dialer : VisualVoicemailNotifier.cancelAllVoicemailNotifications - enter
01-04 15:54:43.968 1310 1339 W d.process.acor: Long monitor contention with owner Worker-1 (1338) at android.database.sqlite.SQLiteDatabase android.database.sqlite.SQLiteOpenHelper.getReadableDatabase()(SQLiteOpenHelper.java:340) waiters=0 in android.database.sqlite.SQLiteDatabase android.database.sqlite.SQLiteOpenHelper.getReadableDatabase() for 160ms
01-04 15:54:43.968 1310 1339 I dvm_lock_sample: [android.process.acore,0,Worker-1,160,SQLiteOpenHelper.java,339,android.database.sqlite.SQLiteDatabase android.database.sqlite.SQLiteOpenHelper.getReadableDatabase(),-,340,android.database.sqlite.SQLiteDatabase android.database.sqlite.SQLiteOpenHelper.getReadableDatabase(),32]
01-04 15:54:43.976 1258 1309 I Dialer : VoicemailNotificationJobService.scheduleJob - job canceled
01-04 15:54:43.977 238 333 I vold : Bind mounting //data/media/0/Android/data on /mnt/user/0/emulated/0/Android/data
01-04 15:54:43.980 238 333 I vold : Bind mounted //data/media/0/Android/data on /mnt/user/0/emulated/0/Android/data
01-04 15:54:43.981 238 333 I vold : Bind mounting //data/media/0/Android/obb on /mnt/user/0/emulated/0/Android/obb
01-04 15:54:43.984 1258 1258 I Dialer : VisualVoicemailUpdateTask.scheduleTask - update successful
01-04 15:54:43.991 238 333 I vold : Bind mounted //data/media/0/Android/obb on /mnt/user/0/emulated/0/Android/obb
01-04 15:54:43.993 238 333 I vold : Configuring read_ahead of /mnt/user/0/emulated fuse filesystem to 256kb
01-04 15:54:43.995 238 333 I vold : Writing 256 to /sys/class/bdi/0:73/read_ahead_kb
01-04 15:54:43.995 238 333 I vold : Configuring max_ratio of /mnt/user/0/emulated fuse filesystem to 40
01-04 15:54:43.996 238 333 I vold : Writing 40 to /sys/class/bdi/0:73/max_ratio
01-04 15:54:43.998 535 608 I StorageManagerService: Mounted volume VolumeInfo{emulated;0}:
01-04 15:54:43.998 535 608 I StorageManagerService: type=EMULATED diskId=null partGuid= mountFlags=PRIMARY|VISIBLE
01-04 15:54:43.998 535 608 I StorageManagerService: mountUserId=0 state=MOUNTED
01-04 15:54:43.998 535 608 I StorageManagerService: fsType=null fsUuid=null fsLabel=null
01-04 15:54:43.998 535 608 I StorageManagerService: path=/storage/emulated internalPath=/data/media
01-04 15:54:43.998 535 608 I StorageSessionController: Notifying volume state changed for session with id: emulated;0
01-04 15:54:44.001 535 535 I Telecom : DefaultDialerCache: Refreshing default dialer for user 0: now com.android.dialer: DDC.oR@ABM
01-04 15:54:44.005 535 535 I Telecom : MissedCallNotifierImpl: reloadAfterBootComplete: user=0: TSBCR.oR@ABQ
01-04 15:54:44.009 535 535 I Telecom : MissedCallNotifierImpl: reloadAfterBootComplete: user=0: TSBCR.oR@ABQ
01-04 15:54:44.011 837 837 D CarrierConfigLoader: mHandler: 13 phoneId: 0
01-04 15:54:44.019 535 1341 I am_uid_active: 10071
01-04 15:54:44.030 535 828 I am_uid_running: 10129
01-04 15:54:44.034 535 828 D CompatibilityChangeReporter: Compat change id reported: 135634846; UID 10129; state: DISABLED
01-04 15:54:44.035 535 828 D CompatibilityChangeReporter: Compat change id reported: 135754954; UID 10129; state: DISABLED
01-04 15:54:44.036 837 837 D SipService: SipService: started!
01-04 15:54:44.041 535 563 D CompatibilityChangeReporter: Compat change id reported: 143937733; UID 10129; state: DISABLED
01-04 15:54:44.065 837 837 D SipService: start:
01-04 15:54:44.065 1113 1228 V MediaStore: Examining volume emulated;0 with name external_primary and state mounted
01-04 15:54:44.068 1113 1228 V MediaProvider: Updated external volumes to: {external_primary}
01-04 15:54:44.074 837 1345 D SIP : [SipPreferences] isReceivingCallsEnabled, option not set; use default value, exception: android.provider.Settings$SettingNotFoundException: sip_receive_calls
01-04 15:54:44.074 535 554 I commit_sys_config_file: [jobs,9]
01-04 15:54:44.090 535 608 I StorageSessionController: Notifying volume state changed for session with id: emulated;0
01-04 15:54:44.091 535 535 W StorageManagerService: Reporting emulated;0 unmounted due to system locked
01-04 15:54:44.096 535 535 W StorageManagerService: Reporting emulated;0 unmounted due to system locked
01-04 15:54:44.097 535 550 W StorageManagerService: Reporting emulated;0 unmounted due to system locked
01-04 15:54:44.097 344 344 D Zygote : Forked child process 1346
01-04 15:54:44.100 1113 1113 V MediaStore: Examining volume emulated;0 with name external_primary and state mounted
01-04 15:54:44.100 1113 1113 V MediaProvider: Updated external volumes to: {external_primary}
01-04 15:54:44.114 1346 1346 I Zygote : seccomp disabled by setenforce 0
01-04 15:54:44.115 1346 1346 I libc : SetHeapTaggingLevel: tag level set to 0
01-04 15:54:44.123 535 563 W ActivityManager: Slow operation: 92ms so far, now at startProcess: returned from zygote!
01-04 15:54:44.124 535 563 W ActivityManager: Slow operation: 92ms so far, now at startProcess: done updating battery stats
01-04 15:54:44.124 535 563 I am_proc_start: [0,1346,10129,org.videolan.vlc,broadcast,{org.videolan.vlc/org.videolan.vlc.TvReceiver}]
01-04 15:54:44.124 535 563 W ActivityManager: Slow operation: 93ms so far, now at startProcess: building log message
01-04 15:54:44.124 535 563 I ActivityManager: Start proc 1346:org.videolan.vlc/u0a129 for broadcast {org.videolan.vlc/org.videolan.vlc.TvReceiver}
01-04 15:54:44.124 535 563 W ActivityManager: Slow operation: 93ms so far, now at startProcess: starting to update pids map
01-04 15:54:44.124 535 563 W ActivityManager: Slow operation: 93ms so far, now at startProcess: done updating pids map
01-04 15:54:44.134 1113 1228 V MediaStore: Examining volume emulated;0 with name external_primary and state mounted
01-04 15:54:44.134 1113 1228 V MediaProvider: Updated external volumes to: {external_primary}
01-04 15:54:44.136 469 512 I adbd : jdwp connection from 1346
01-04 15:54:44.149 535 535 W StorageManagerService: Reporting emulated;0 unmounted due to system locked
01-04 15:54:44.151 535 549 W StorageManagerService: Reporting emulated;0 unmounted due to system locked
01-04 15:54:44.159 535 535 W StorageManagerService: Reporting emulated;0 unmounted due to system locked
01-04 15:54:44.162 1113 1113 V MediaStore: Examining volume emulated;0 with name external_primary and state mounted
01-04 15:54:44.162 1113 1113 V MediaProvider: Updated external volumes to: {external_primary}
01-04 15:54:44.170 535 549 I am_proc_bound: [0,1346,org.videolan.vlc]
01-04 15:54:44.189 1310 1339 I ContactLocale: AddressBook Labels [[en_US]]: […, A, B, C, D, E, F, G, H, I, J, K, L, M, N, O, P, Q, R, S, T, U, V, W, X, Y, Z, Α, Β, Γ, Δ, Ε, Ζ, Η, Θ, Ι, Κ, Λ, Μ, Ν, Ξ, Ο, Π, Ρ, Σ, Τ, Υ, Φ, Χ, Ψ, Ω, …, А, Б, В, Г, Д, Ђ, Е, Є, Ж, З, И, І, Й, Ј, К, Л, Љ, М, Н, Њ, О, П, Р, С, Т, Ћ, У, Ф, Х, Ц, Ч, Џ, Ш, Щ, Ю, Я, …, א, ב, ג, ד, ה, ו, ז, ח, ט, י, כ, ל, מ, נ, ס, ע, פ, צ, ק, ר, ש, ת, …, ا, ب, ت, ث, ج, ح, خ, د, ذ, ر, ز, س, ش, ص, ض, ط, ظ, ع, غ, ف, ق, ك, ل, م, ن, ه, و, ي, …, ก, ข, ฃ, ค, ฅ, ฆ, ง, จ, ฉ, ช, ซ, ฌ, ญ, ฎ, ฏ, ฐ, ฑ, ฒ, ณ, ด, ต, ถ, ท, ธ, น, บ, ป, ผ, ฝ, พ, ฟ, ภ, ม, ย, ร, ฤ, ล, ฦ, ว, ศ, ษ, ส, ห, ฬ, อ, ฮ, …, ㄱ, ㄴ, ㄷ, ㄹ, ㅁ, ㅂ, ㅅ, ㅇ, ㅈ, ㅊ, ㅋ, ㅌ, ㅍ, ㅎ, …, あ, か, さ, た, な, は, ま, や, ら, わ, #, …]
01-04 15:54:44.215 1346 1346 D ApplicationLoaders: Returning zygote-cached class loader: /system/framework/android.test.base.jar
01-04 15:54:44.228 1346 1346 W rg.videolan.vl: Insufficient pre-allocated space to mmap vdex.
01-04 15:54:44.234 976 976 E libprocessgroup: set_timerslack_ns write failed: Operation not permitted
01-04 15:54:44.237 1310 1338 D ContactsDatabaseHelper: WAL enabled for profile.db: false
01-04 15:54:44.264 535 828 I wm_stop_activity: [0,209615606,com.android.launcher3/.uioverrides.QuickstepLauncher]
01-04 15:54:44.318 1346 1346 D NetworkSecurityConfig: No Network Security Config specified, using platform default
01-04 15:54:44.323 1346 1346 D NetworkSecurityConfig: No Network Security Config specified, using platform default
01-04 15:54:44.335 976 976 W UnsafeUtil: platform method missing - proto runtime falling back to safer methods: java.lang.NoSuchMethodException: sun.misc.Unsafe.copyMemory [class java.lang.Object, long, class java.lang.Object, long, long]
01-04 15:54:44.353 976 976 I wm_on_stop_called: [209615606,com.android.launcher3.uioverrides.QuickstepLauncher,STOP_ACTIVITY_ITEM]
01-04 15:54:44.428 1346 1346 I MultiDex: VM with version 2.1.0 has multidex support
01-04 15:54:44.428 1346 1346 I MultiDex: Installing application
01-04 15:54:44.428 1346 1346 I MultiDex: VM has multidex support, MultiDex support library is disabled.
01-04 15:54:44.443 535 828 W StorageManagerService: Reporting emulated;0 unmounted due to system locked
01-04 15:54:44.493 1374 1374 I migrate_legacy_obb_data: No legacy obb data to migrate.
01-04 15:54:44.497 535 608 I StorageSessionController: Notifying volume state changed for session with id: emulated;0
01-04 15:54:44.503 1113 1113 V MediaStore: Examining volume emulated;0 with name external_primary and state mounted
01-04 15:54:44.503 1113 1113 V MediaProvider: Updated external volumes to: {external_primary}
01-04 15:54:44.511 1113 1228 V MediaStore: Examining volume emulated;0 with name external_primary and state mounted
01-04 15:54:44.511 1113 1228 V MediaProvider: Updated external volumes to: {external_primary}
01-04 15:54:44.523 439 445 D installd: Found quota mount /dev/block/dm-5 at /data
01-04 15:54:44.523 439 445 D installd: Found quota mount /dev/block/dm-5 at /data/user/0
01-04 15:54:44.524 535 608 D StorageManagerService: Volume emulated;0 broadcasting mounted to UserHandle{0}
01-04 15:54:44.524 439 445 D installd: Found quota mount /dev/block/dm-5 at /mnt/pass_through/0/emulated
01-04 15:54:44.525 439 445 D installd: Found quota mount /dev/block/dm-5 at /mnt/androidwritable/0/emulated/0/Android/data
01-04 15:54:44.525 439 445 D installd: Found quota mount /dev/block/dm-5 at /mnt/installer/0/emulated/0/Android/data
01-04 15:54:44.525 439 445 D installd: Found quota mount /dev/block/dm-5 at /storage/emulated/0/Android/data
01-04 15:54:44.525 439 445 D installd: Found quota mount /dev/block/dm-5 at /mnt/user/0/emulated/0/Android/data
01-04 15:54:44.525 439 445 D installd: Found quota mount /dev/block/dm-5 at /mnt/androidwritable/0/emulated/0/Android/obb
01-04 15:54:44.525 439 445 D installd: Found quota mount /dev/block/dm-5 at /mnt/installer/0/emulated/0/Android/obb
01-04 15:54:44.525 439 445 D installd: Found quota mount /dev/block/dm-5 at /storage/emulated/0/Android/obb
01-04 15:54:44.525 439 445 D installd: Found quota mount /dev/block/dm-5 at /mnt/user/0/emulated/0/Android/obb
01-04 15:54:44.526 535 608 D StorageManagerService: Volume emulated;0 broadcasting mounted to UserHandle{0}
01-04 15:54:44.530 439 445 D installd: Found storage mount /dev/block/dm-5 at /mnt/pass_through/0/emulated
01-04 15:54:44.530 1113 1113 V MediaStore: Examining volume emulated;0 with name external_primary and state mounted
01-04 15:54:44.530 1113 1113 V MediaProvider: Updated external volumes to: {external_primary}
01-04 15:54:44.538 1113 1113 V MediaStore: Examining volume emulated;0 with name external_primary and state mounted
01-04 15:54:44.538 1113 1113 V MediaProvider: Updated external volumes to: {external_primary}
01-04 15:54:44.589 660 660 I wpa_supplicant: wlan0: WPA: RX message 1 of 4-Way Handshake from 10:be:f5:fd:b0:12 (ver=2)
01-04 15:54:44.589 660 660 I wpa_supplicant: wlan0: WPA: Sending EAPOL-Key 2/4
01-04 15:54:44.601 660 660 I wpa_supplicant: wlan0: WPA: RX message 3 of 4-Way Handshake from 10:be:f5:fd:b0:12 (ver=2)
01-04 15:54:44.601 660 660 I wpa_supplicant: wlan0: WPA: Sending EAPOL-Key 4/4
01-04 15:54:44.610 660 660 I wpa_supplicant: wlan0: WPA: Key negotiation completed with 10:be:f5:fd:b0:12 [PTK=CCMP GTK=TKIP]
01-04 15:54:44.611 660 660 I wpa_supplicant: wlan0: CTRL-EVENT-CONNECTED - Connection to 10:be:f5:fd:b0:12 completed [id=0 id_str=%7B%22configKey%22%3A%22%5C%22D-Link_DIR-816_5G%5C%22WPA_PSK%22%2C%22creatorUid%22%3A%221000%22%7D]
01-04 15:54:44.621 660 660 I wpa_supplicant: the nl80211 driver cmd is MACADDR
01-04 15:54:44.621 660 660 I wpa_supplicant: the nl80211 driver cmd len is 7
01-04 15:54:44.627 535 615 D ConnectivityService: registerNetworkAgent NetworkAgentInfo{ ni{[type: WIFI[], state: UNKNOWN/IDLE, reason: (unspecified), extra: , failover: false, available: true, roaming: false]} network{100} nethandle{432902426637} lp{{LinkAddresses: [ ] DnsAddresses: [ ] Domains: null MTU: 0 Routes: [ ]}} nc{[ Transports: WIFI Capabilities: NOT_METERED&INTERNET&NOT_RESTRICTED&TRUSTED&NOT_VPN&NOT_ROAMING&FOREGROUND&NOT_CONGESTED&NOT_SUSPENDED LinkUpBandwidth>=1048576Kbps LinkDnBandwidth>=1048576Kbps OwnerUid: 1000 SSID: "D-Link_DIR-816_5G" RequestorUid: -1 RequestorPackageName: null]} Score{20} everValidated{false} lastValidated{false} created{false} lingering{false} explicitlySelected{false} acceptUnvalidated{false} everCaptivePortalDetected{false} lastCaptivePortalDetected{false} partialConnectivity{false} acceptPartialConnectivity{false} clat{mBaseIface: null, mIface: null, mState: IDLE} }
01-04 15:54:44.635 660 660 I wpa_supplicant: the nl80211 driver cmd is BTCOEXMODE 2
01-04 15:54:44.635 660 660 I wpa_supplicant: the nl80211 driver cmd len is 12
01-04 15:54:44.666 0 0 W wlan0 :
01-04 15:54:44.666 0 0 W wlan : Send EAPOL pkt to 10:XX:XX:XX:b0:12
01-04 15:54:44.677 0 0 W wlan0 :
01-04 15:54:44.677 0 0 W wlan : Send EAPOL pkt to 10:XX:XX:XX:b0:12
01-04 15:54:44.689 0 0 F woal_cfg80211_set_rekey_data return: gtk_rekey_offload is DISABLE
01-04 15:54:44.689 535 619 D ConnectivityService: [100 WIFI] EVENT_NETWORK_INFO_CHANGED, going from UNKNOWN to UNKNOWN
01-04 15:54:44.691 535 619 D ConnectivityService: NetReassign [no changes]
01-04 15:54:44.727 744 1380 D ApfFilter: (wlan0): begin monitoring
01-04 15:54:44.741 535 809 I am_uid_running: 10109
01-04 15:54:44.742 535 809 D CompatibilityChangeReporter: Compat change id reported: 135634846; UID 10109; state: DISABLED
01-04 15:54:44.743 535 809 D CompatibilityChangeReporter: Compat change id reported: 135754954; UID 10109; state: DISABLED
01-04 15:54:44.744 535 563 D CompatibilityChangeReporter: Compat change id reported: 143937733; UID 10109; state: DISABLED
01-04 15:54:44.747 1346 1378 I VLC/LibVLC/Util: ELF ABI = arm, 64bits
01-04 15:54:44.748 1346 1378 I VLC/LibVLC/Util: ELF arch = null
01-04 15:54:44.748 1346 1378 I VLC/LibVLC/Util: ELF fpu = false
01-04 15:54:44.751 1346 1378 D VLC/LibVLC/Util: machineSpecs: hasArmV6: true, hasArmV7: true, hasX86: false, is64bits: true
01-04 15:54:44.762 344 344 D Zygote : Forked child process 1383
01-04 15:54:44.765 535 563 I am_proc_start: [0,1383,10109,com.android.calendar,broadcast,{com.android.calendar/com.android.calendar.alerts.AlertReceiver}]
01-04 15:54:44.765 535 563 I ActivityManager: Start proc 1383:com.android.calendar/u0a109 for broadcast {com.android.calendar/com.android.calendar.alerts.AlertReceiver}
01-04 15:54:44.766 535 619 D ConnectivityService: Adding iface wlan0 to network 100
01-04 15:54:44.767 343 378 E Netd : no such netId 100
01-04 15:54:44.768 1383 1383 I Zygote : seccomp disabled by setenforce 0
01-04 15:54:44.768 1383 1383 I libc : SetHeapTaggingLevel: tag level set to 0
01-04 15:54:44.771 535 619 E ConnectivityService: Exception adding interface: java.lang.IllegalStateException: android.os.ServiceSpecificException: Machine is not on the network (code 64)
01-04 15:54:44.774 343 378 E Netd : no such netId 100
01-04 15:54:44.780 535 619 I chatty : uid=1000(system) ConnectivitySer expire 10 lines
01-04 15:54:44.783 469 512 I adbd : jdwp connection from 1383
01-04 15:54:44.793 535 809 I am_proc_bound: [0,1383,com.android.calendar]
01-04 15:54:44.805 660 660 I wpa_supplicant: the nl80211 driver cmd is BTCOEXMODE 1
01-04 15:54:44.805 660 660 I wpa_supplicant: the nl80211 driver cmd len is 12
01-04 15:54:44.806 660 660 I wpa_supplicant: the nl80211 driver cmd is SETSUSPENDMODE 0
01-04 15:54:44.806 660 660 I wpa_supplicant: the nl80211 driver cmd len is 16
01-04 15:54:44.808 535 619 I netstats_mobile_sample: [0,0,0,0,0,0,0,0,0,0,0,0,1641291884808]
01-04 15:54:44.808 535 619 I netstats_wifi_sample: [0,0,0,0,0,0,0,0,0,0,0,0,1641291884808]
01-04 15:54:44.825 744 954 D DhcpClient: l2key: W1f2e78dd7b2805fe lease address: /192.168.100.32 lease expiry: 1641376034735 current time: 1641291884824
01-04 15:54:44.828 744 954 D DhcpClient: Broadcasting DHCPREQUEST ciaddr=0.0.0.0 request=192.168.100.32 serverid=null
01-04 15:54:44.838 1383 1383 D ApplicationLoaders: Returning zygote-cached class loader: /system/framework/android.test.base.jar
01-04 15:54:44.853 1383 1383 I ndroid.calenda: The ClassLoaderContext is a special shared library.
01-04 15:54:44.854 1383 1383 D nativeloader: classloader namespace configured for unbundled product apk. library_path=/product/app/Calendar/lib/arm64:/product/lib64:/system/product/lib64
01-04 15:54:44.888 744 954 D DhcpClient: Received packet: 6e:a6:2d:4b:47:6c ACK: your new IP /192.168.100.32, netmask /255.255.255.0, gateways [/192.168.100.1] DNS servers: /192.168.100.1 /192.168.100.1 , lease time 86400
01-04 15:54:44.888 1383 1383 D NetworkSecurityConfig: No Network Security Config specified, using platform default
01-04 15:54:44.889 1383 1383 D NetworkSecurityConfig: No Network Security Config specified, using platform default
01-04 15:54:44.891 744 954 D DhcpClient: Confirmed lease: android.net.networkstack.DhcpResults@20fd138 DHCP server /192.168.100.1 Vendor info null lease 86400 seconds Servername
01-04 15:54:44.897 660 660 I wpa_supplicant: the nl80211 driver cmd is BTCOEXMODE 2
01-04 15:54:44.897 660 660 I wpa_supplicant: the nl80211 driver cmd len is 12
01-04 15:54:44.902 343 692 E Netd : no such netId 100
01-04 15:54:44.903 535 619 E ConnectivityService: Exception in networkAddRouteParcel for non-gateway: android.os.ServiceSpecificException: Machine is not on the network (code 64)
01-04 15:54:44.904 343 378 E Netd : no such netId 100
01-04 15:54:44.905 535 619 E ConnectivityService: Exception in networkAddRouteParcel for gateway: android.os.ServiceSpecificException: Machine is not on the network (code 64)
01-04 15:54:44.913 1383 1383 D AlertReceiver: onReceive: a=android.intent.action.BOOT_COMPLETED Intent { act=android.intent.action.BOOT_COMPLETED flg=0x89000010 cmp=com.android.calendar/.alerts.AlertReceiver (has extras) }
01-04 15:54:44.916 535 552 D AutofillManagerService: Close system dialogs
01-04 15:54:44.917 535 828 I am_uid_running: 10110
01-04 15:54:44.918 535 828 D CompatibilityChangeReporter: Compat change id reported: 135634846; UID 10110; state: DISABLED
01-04 15:54:44.919 535 828 D CompatibilityChangeReporter: Compat change id reported: 135754954; UID 10110; state: DISABLED
01-04 15:54:44.923 535 563 D CompatibilityChangeReporter: Compat change id reported: 143937733; UID 10110; state: DISABLED
01-04 15:54:44.932 744 954 D DhcpClient: Scheduling renewal in 43199s
01-04 15:54:44.932 744 954 D DhcpClient: Scheduling rebind in 75599s
01-04 15:54:44.932 744 954 D DhcpClient: Scheduling expiry in 86399s
01-04 15:54:44.940 344 344 D Zygote : Forked child process 1406
01-04 15:54:44.945 535 563 I am_proc_start: [0,1406,10110,com.android.camera2,broadcast,{com.android.camera2/com.android.camera.SetActivitiesCameraReceiver}]
01-04 15:54:44.945 535 563 I ActivityManager: Start proc 1406:com.android.camera2/u0a110 for broadcast {com.android.camera2/com.android.camera.SetActivitiesCameraReceiver}
01-04 15:54:44.948 535 619 I netstats_mobile_sample: [0,0,0,0,0,0,0,0,0,0,0,0,1641291884948]
01-04 15:54:44.948 535 619 I netstats_wifi_sample: [0,0,0,0,0,0,0,0,0,0,0,0,1641291884948]
01-04 15:54:44.951 1406 1406 I Zygote : seccomp disabled by setenforce 0
01-04 15:54:44.952 1406 1406 I libc : SetHeapTaggingLevel: tag level set to 0
01-04 15:54:44.961 535 619 D ConnectivityService: Setting DNS servers for network 100 to [/192.168.100.1]
01-04 15:54:44.970 469 512 I adbd : jdwp connection from 1406
01-04 15:54:44.980 535 550 I am_proc_bound: [0,1406,com.android.camera2]
01-04 15:54:44.993 535 619 I netstats_mobile_sample: [0,0,0,0,0,0,0,0,0,0,0,0,1641291884993]
01-04 15:54:44.994 535 619 I netstats_wifi_sample: [0,0,0,0,0,0,0,0,0,0,0,0,1641291884993]
01-04 15:54:44.996 535 619 D ConnectivityService: [100 WIFI] EVENT_NETWORK_INFO_CHANGED, going from UNKNOWN to CONNECTED
01-04 15:54:45.002 535 619 D DnsManager: sendDnsConfigurationForNetwork(100, [192.168.100.1], [], 1800, 25, 8, 64, 0, 0, , [])
01-04 15:54:45.010 535 619 W DnsManager: updatePrivateDns(100, PrivateDnsConfig{true:/[]})
01-04 15:54:45.010 535 619 D ConnectivityService: Setting DNS servers for network 100 to [/192.168.100.1]
01-04 15:54:45.011 535 619 D DnsManager: sendDnsConfigurationForNetwork(100, [192.168.100.1], [], 1800, 25, 8, 64, 0, 0, , [192.168.100.1])
01-04 15:54:45.013 343 1428 W resolv : Validating DnsTlsServer on netId 100
01-04 15:54:45.014 535 619 D ConnectivityService: Adding iface wlan0 to network 100
01-04 15:54:45.023 1406 1406 D ApplicationLoaders: Returning zygote-cached class loader: /system/framework/android.test.base.jar
01-04 15:54:45.024 1406 1406 D ApplicationLoaders: Returning zygote-cached class loader: /system/framework/android.hidl.base-V1.0-java.jar
01-04 15:54:45.024 1406 1406 D ApplicationLoaders: Returning zygote-cached class loader: /system/framework/android.hidl.manager-V1.0-java.jar
01-04 15:54:45.024 1406 1406 D ApplicationLoaders: Returning zygote-cached class loader: /system/framework/android.hidl.base-V1.0-java.jar
01-04 15:54:45.034 535 828 I chatty : uid=1000(system) Binder:535_9 expire 1 line
01-04 15:54:45.035 343 1428 W resolv : Validation failed
01-04 15:54:45.037 1406 1406 I android.camera: The ClassLoaderContext is a special shared library.
01-04 15:54:45.037 535 619 D ConnectivityService: Setting DNS servers for network 100 to [/192.168.100.1]
01-04 15:54:45.038 535 619 D DnsManager: sendDnsConfigurationForNetwork(100, [192.168.100.1], [], 1800, 25, 8, 64, 0, 0, , [192.168.100.1])
01-04 15:54:45.047 343 1429 W resolv : Validating DnsTlsServer on netId 100
