01-04 15:54:38.602 837 837 D DCT-C-0 : return new LinkProperties
01-04 15:54:38.604 837 837 D DCT-C-0 : cleanUpConnectionInternal: X detach=false reason=radioTurnedOff apnContext={mApnType=emergency mState=IDLE mWaitingApns={null priority=2} mApnSetting={null} mReason=radioTurnedOff mDataEnabled=false} dc=null
01-04 15:54:38.607 535 815 D TelephonyRegistry: onDataConnectionStateChanged(DISCONNECTED, UNKNOWN) subId=-1, phoneId=0
01-04 15:54:38.608 837 837 D DCT-C-0 : cleanUpConnectionInternal: X detach=false reason=radioTurnedOff apnContext={mApnType=hipri mState=IDLE mWaitingApns={null priority=3} mApnSetting={null} mReason=radioTurnedOff mDataEnabled=false} dc=null
01-04 15:54:38.610 837 837 D DCT-C-0 : cleanUpConnectionInternal: X detach=false reason=radioTurnedOff apnContext={mApnType=ims mState=IDLE mWaitingApns={null priority=2} mApnSetting={null} mReason=radioTurnedOff mDataEnabled=false} dc=null
01-04 15:54:38.612 837 837 D DCT-C-0 : cleanUpConnectionInternal: X detach=false reason=radioTurnedOff apnContext={mApnType=default mState=IDLE mWaitingApns={null priority=0} mApnSetting={null} mReason=radioTurnedOff mDataEnabled=false} dc=null
01-04 15:54:38.613 837 856 W System : A resource failed to call end.
01-04 15:54:38.614 837 837 D DCT-C-0 : cleanUpConnectionInternal: X detach=false reason=radioTurnedOff apnContext={mApnType=mms mState=IDLE mWaitingApns={null priority=2} mApnSetting={null} mReason=radioTurnedOff mDataEnabled=false} dc=null
01-04 15:54:38.616 455 500 I RIL-SERIAL: opening device
01-04 15:54:38.616 837 837 D DCT-C-0 : cleanUpConnectionInternal: X detach=false reason=radioTurnedOff apnContext={mApnType=cbs mState=IDLE mWaitingApns={null priority=2} mApnSetting={null} mReason=radioTurnedOff mDataEnabled=false} dc=null
01-04 15:54:38.616 455 500 E RIL-SERIAL: opening AT interface. retrying...
01-04 15:54:38.618 837 837 D DCT-C-0 : cleanUpConnectionInternal: X detach=false reason=radioTurnedOff apnContext={mApnType=ia mState=IDLE mWaitingApns={null priority=2} mApnSetting={null} mReason=radioTurnedOff mDataEnabled=false} dc=null
01-04 15:54:38.620 837 837 D DCT-C-0 : cleanUpConnectionInternal: X detach=false reason=radioTurnedOff apnContext={mApnType=dun mState=IDLE mWaitingApns={null priority=2} mApnSetting={null} mReason=radioTurnedOff mDataEnabled=false} dc=null
01-04 15:54:38.620 837 837 D DCT-C-0 : stopNetStatPoll
01-04 15:54:38.621 837 837 D DCT-C-0 : cleanUpAllConnectionsInternal: mDisconnectPendingCount = 0
01-04 15:54:38.621 837 837 D DCT-C-0 : onDataConnectionDetached: stop polling and notify detached
01-04 15:54:38.621 837 837 D DCT-C-0 : stopNetStatPoll
01-04 15:54:38.624 837 837 D DCT-C-0 : onDataRoamingOff
01-04 15:54:38.625 404 961 W DisplayIdentification: Invalid EDID: block 1 is truncated.
01-04 15:54:38.631 837 837 E DSM-I-0 : Can't find the binding package
01-04 15:54:38.631 837 837 D DCT-C-0 : onDataEnabledChanged: enable=true, enabledChangedReason=0
01-04 15:54:38.632 837 837 D DCT-C-0 : setupDataOnAllConnectableApns: dataEnabled hipri:[state=IDLE,enabled=false] mcx:[state=IDLE,enabled=false] xcap:[state=IDLE,enabled=false] fota:[state=IDLE,enabled=false] ims:[state=IDLE,enabled=false] cbs:[state=IDLE,enabled=false] ia:[state=IDLE,enabled=false] emergency:[state=IDLE,enabled=false] mms:[state=IDLE,enabled=false] supl:[state=IDLE,enabled=false] dun:[state=IDLE,enabled=false] default:[state=IDLE,enabled=false]
01-04 15:54:38.632 837 837 D DCT-I-0 : onDataEnabledChanged: enable=true, enabledChangedReason=0
01-04 15:54:38.632 837 837 D DCT-I-0 : setupDataOnAllConnectableApns: dataEnabled hipri:[state=IDLE,enabled=false] mcx:[state=IDLE,enabled=false] xcap:[state=IDLE,enabled=false] fota:[state=IDLE,enabled=false] ims:[state=IDLE,enabled=false] cbs:[state=IDLE,enabled=false] ia:[state=IDLE,enabled=false] emergency:[state=IDLE,enabled=false] mms:[state=IDLE,enabled=false] supl:[state=IDLE,enabled=false] dun:[state=IDLE,enabled=false] default:[state=IDLE,enabled=false]
01-04 15:54:38.632 837 837 D DCT-C-0 : onDataEnabledOverrideRulesChanged
01-04 15:54:38.634 837 837 D DCT-C-0 : shouldRestrictDataForEcbm: isInEcm=false isInImsEcm=false
01-04 15:54:38.640 672 672 D NavigationModeController: getCurrentInteractionMode: mode=0 contextUser=0
01-04 15:54:38.640 837 837 D SubscriptionController: [getActiveSubscriptionInfo]- subId=-1 subList=[] subInfo=null
01-04 15:54:38.643 837 837 D SubscriptionController: [getActiveSubscriptionInfo]- subId=-1 subList=[] subInfo=null
01-04 15:54:38.645 837 837 D DCT-C-0 : shouldRestrictDataForEcbm: isInEcm=false isInImsEcm=false
01-04 15:54:38.646 358 395 D audio_hw_primary: adev_set_parameters: enter: A2dpSuspended=false
01-04 15:54:38.646 358 395 D audio_hw_primary: adev_set_parameters: exit with code(0)
01-04 15:54:38.647 358 395 D audio_hw_primary: adev_set_parameters: enter: BT_SCO=off
01-04 15:54:38.648 358 395 D audio_hw_primary: adev_set_parameters: exit with code(0)
01-04 15:54:38.648 837 837 D SubscriptionController: [getActiveSubscriptionInfo]- subId=-1 subList=[] subInfo=null
01-04 15:54:38.651 837 837 D SubscriptionController: [getActiveSubscriptionInfo]- subId=-1 subList=[] subInfo=null
01-04 15:54:38.654 837 837 D DCT-C-0 : shouldRestrictDataForEcbm: isInEcm=false isInImsEcm=false
01-04 15:54:38.658 837 837 D SubscriptionController: [getActiveSubscriptionInfo]- subId=-1 subList=[] subInfo=null
01-04 15:54:38.664 837 837 D SubscriptionController: [getActiveSubscriptionInfo]- subId=-1 subList=[] subInfo=null
01-04 15:54:38.666 837 837 D DCT-C-0 : shouldRestrictDataForEcbm: isInEcm=false isInImsEcm=false
01-04 15:54:38.668 837 837 D SubscriptionController: [getActiveSubscriptionInfo]- subId=-1 subList=[] subInfo=null
01-04 15:54:38.672 837 837 D SubscriptionController: [getActiveSubscriptionInfo]- subId=-1 subList=[] subInfo=null
01-04 15:54:38.675 837 837 D DCT-C-0 : shouldRestrictDataForEcbm: isInEcm=false isInImsEcm=false
01-04 15:54:38.680 837 837 D SubscriptionController: [getActiveSubscriptionInfo]- subId=-1 subList=[] subInfo=null
01-04 15:54:38.685 837 837 D SubscriptionController: [getActiveSubscriptionInfo]- subId=-1 subList=[] subInfo=null
01-04 15:54:38.687 837 837 D DCT-C-0 : shouldRestrictDataForEcbm: isInEcm=false isInImsEcm=false
01-04 15:54:38.691 837 837 D SubscriptionController: [getActiveSubscriptionInfo]- subId=-1 subList=[] subInfo=null
01-04 15:54:38.693 672 672 D StatusBar: mUserSetupObserver - DeviceProvisionedListener called for user 0
01-04 15:54:38.694 837 837 D SubscriptionController: [getActiveSubscriptionInfo]- subId=-1 subList=[] subInfo=null
01-04 15:54:38.694 672 672 D StatusBar: updateQsExpansionEnabled - QS Expand enabled: true
01-04 15:54:38.695 672 672 D StatusBar: mUserSetupObserver - DeviceProvisionedListener called for user 0
01-04 15:54:38.695 672 1024 D OpenGLRenderer: profile bars disabled
01-04 15:54:38.695 672 1024 D OpenGLRenderer: ambientRatio = 1.50
01-04 15:54:38.696 837 837 D DCT-C-0 : shouldRestrictDataForEcbm: isInEcm=false isInImsEcm=false
01-04 15:54:38.699 837 837 D SubscriptionController: [getActiveSubscriptionInfo]- subId=-1 subList=[] subInfo=null
01-04 15:54:38.702 837 837 D SubscriptionController: [getActiveSubscriptionInfo]- subId=-1 subList=[] subInfo=null
01-04 15:54:38.704 837 837 D DCT-C-0 : shouldRestrictDataForEcbm: isInEcm=false isInImsEcm=false
01-04 15:54:38.710 837 837 D SubscriptionController: [getActiveSubscriptionInfo]- subId=-1 subList=[] subInfo=null
01-04 15:54:38.714 837 837 D SubscriptionController: [getActiveSubscriptionInfo]- subId=-1 subList=[] subInfo=null
01-04 15:54:38.718 837 837 D DCT-C-0 : shouldRestrictDataForEcbm: isInEcm=false isInImsEcm=false
01-04 15:54:38.721 837 837 D SubscriptionController: [getActiveSubscriptionInfo]- subId=-1 subList=[] subInfo=null
01-04 15:54:38.726 837 837 D SubscriptionController: [getActiveSubscriptionInfo]- subId=-1 subList=[] subInfo=null
01-04 15:54:38.728 837 837 D DCT-C-0 : shouldRestrictDataForEcbm: isInEcm=false isInImsEcm=false
01-04 15:54:38.731 837 837 D SubscriptionController: [getActiveSubscriptionInfo]- subId=-1 subList=[] subInfo=null
01-04 15:54:38.733 837 837 D SubscriptionController: [getActiveSubscriptionInfo]- subId=-1 subList=[] subInfo=null
01-04 15:54:38.735 837 837 D DCT-C-0 : shouldRestrictDataForEcbm: isInEcm=false isInImsEcm=false
01-04 15:54:38.742 837 837 D SubscriptionController: [getActiveSubscriptionInfo]- subId=-1 subList=[] subInfo=null
01-04 15:54:38.745 837 837 D SubscriptionController: [getActiveSubscriptionInfo]- subId=-1 subList=[] subInfo=null
01-04 15:54:38.746 672 672 W AudioManager: attempt to call registerAudioRecordingCallback() on a previouslyregistered callback
01-04 15:54:38.746 837 837 D DCT-C-0 : shouldRestrictDataForEcbm: isInEcm=false isInImsEcm=false
01-04 15:54:38.747 672 672 D NotifPipeline: Notif pipeline initialized
01-04 15:54:38.755 837 837 D SubscriptionController: [getActiveSubscriptionInfo]- subId=-1 subList=[] subInfo=null
01-04 15:54:38.764 672 672 V WifiManager: registerSoftApCallback: callback=com.android.systemui.statusbar.policy.HotspotControllerImpl@cd1dc8b, executor=android.os.HandlerExecutor@50f7168
01-04 15:54:38.768 837 837 D SubscriptionController: [getActiveSubscriptionInfo]- subId=-1 subList=[] subInfo=null
01-04 15:54:38.769 837 837 D DCT-I-0 : onDataEnabledOverrideRulesChanged
01-04 15:54:38.774 837 837 D DCT-I-0 : shouldRestrictDataForEcbm: isInEcm=false isInImsEcm=false
01-04 15:54:38.777 535 619 D ConnectivityService: NetReassign [no changes]
01-04 15:54:38.777 837 837 D SubscriptionController: [getActiveSubscriptionInfo]- subId=-1 subList=[] subInfo=null
01-04 15:54:38.779 837 837 D SubscriptionController: [getActiveSubscriptionInfo]- subId=-1 subList=[] subInfo=null
01-04 15:54:38.781 837 837 D DCT-I-0 : shouldRestrictDataForEcbm: isInEcm=false isInImsEcm=false
01-04 15:54:38.781 672 672 D KeyguardViewMediator: adjustStatusBarLocked: mShowing=true mOccluded=false isSecure=false force=false --> flags=0x1200000
01-04 15:54:38.783 672 672 D NavigationModeController: getCurrentInteractionMode: mode=0 contextUser=0
01-04 15:54:38.784 837 837 D SubscriptionController: [getActiveSubscriptionInfo]- subId=-1 subList=[] subInfo=null
01-04 15:54:38.790 837 837 D SubscriptionController: [getActiveSubscriptionInfo]- subId=-1 subList=[] subInfo=null
01-04 15:54:38.792 837 837 D DCT-I-0 : shouldRestrictDataForEcbm: isInEcm=false isInImsEcm=false
01-04 15:54:38.795 837 837 D SubscriptionController: [getActiveSubscriptionInfo]- subId=-1 subList=[] subInfo=null
01-04 15:54:38.795 672 672 D SystemUIBootTiming: StartServicescom.android.systemui.statusbar.phone.StatusBar took to complete: 769ms
01-04 15:54:38.795 672 1012 W ActivityThread: Failed to find provider info for com.android.contacts (user not unlocked)
01-04 15:54:38.798 837 837 D SubscriptionController: [getActiveSubscriptionInfo]- subId=-1 subList=[] subInfo=null
01-04 15:54:38.800 837 837 D DCT-I-0 : shouldRestrictDataForEcbm: isInEcm=false isInImsEcm=false
01-04 15:54:38.800 672 672 D StorageNotification: Notifying about private volume: VolumeInfo{private}:
01-04 15:54:38.800 672 672 D StorageNotification: type=PRIVATE diskId=null partGuid=null mountFlags=0 mountUserId=-10000
01-04 15:54:38.800 672 672 D StorageNotification: state=MOUNTED
01-04 15:54:38.800 672 672 D StorageNotification: fsType=null fsUuid=null fsLabel=null
01-04 15:54:38.800 672 672 D StorageNotification: path=/data internalPath=null
01-04 15:54:38.802 672 672 D SystemUIBootTiming: StartServicescom.android.systemui.usb.StorageNotification took to complete: 6ms
01-04 15:54:38.803 837 837 D SubscriptionController: [getActiveSubscriptionInfo]- subId=-1 subList=[] subInfo=null
01-04 15:54:38.805 837 837 D SubscriptionController: [getActiveSubscriptionInfo]- subId=-1 subList=[] subInfo=null
01-04 15:54:38.806 837 837 D DCT-I-0 : shouldRestrictDataForEcbm: isInEcm=false isInImsEcm=false
01-04 15:54:38.811 837 837 D SubscriptionController: [getActiveSubscriptionInfo]- subId=-1 subList=[] subInfo=null
01-04 15:54:38.814 837 837 D SubscriptionController: [getActiveSubscriptionInfo]- subId=-1 subList=[] subInfo=null
01-04 15:54:38.816 837 837 D DCT-I-0 : shouldRestrictDataForEcbm: isInEcm=false isInImsEcm=false
01-04 15:54:38.818 837 837 D SubscriptionController: [getActiveSubscriptionInfo]- subId=-1 subList=[] subInfo=null
01-04 15:54:38.820 837 837 D SubscriptionController: [getActiveSubscriptionInfo]- subId=-1 subList=[] subInfo=null
01-04 15:54:38.822 837 837 D DCT-I-0 : shouldRestrictDataForEcbm: isInEcm=false isInImsEcm=false
01-04 15:54:38.824 837 837 D SubscriptionController: [getActiveSubscriptionInfo]- subId=-1 subList=[] subInfo=null
01-04 15:54:38.826 672 672 D SystemUIBootTiming: StartServicescom.android.systemui.power.PowerUI took to complete: 24ms
01-04 15:54:38.826 837 837 D SubscriptionController: [getActiveSubscriptionInfo]- subId=-1 subList=[] subInfo=null
01-04 15:54:38.827 837 837 D DCT-I-0 : shouldRestrictDataForEcbm: isInEcm=false isInImsEcm=false
01-04 15:54:38.828 672 672 D SystemUIBootTiming: StartServicescom.android.systemui.media.RingtonePlayer took to complete: 2ms
01-04 15:54:38.829 672 672 D SystemUIBootTiming: StartServicescom.android.systemui.keyboard.KeyboardUI took to complete: 2ms
01-04 15:54:38.830 837 837 D SubscriptionController: [getActiveSubscriptionInfo]- subId=-1 subList=[] subInfo=null
01-04 15:54:38.830 672 672 D SystemUIBootTiming: StartServicescom.android.systemui.pip.PipUI took to complete: 0ms
01-04 15:54:38.832 837 837 D SubscriptionController: [getActiveSubscriptionInfo]- subId=-1 subList=[] subInfo=null
01-04 15:54:38.832 672 672 D SystemUIBootTiming: StartServicescom.android.systemui.shortcut.ShortcutKeyDispatcher took to complete: 2ms
01-04 15:54:38.833 672 672 D SystemUIBootTiming: StartServicescom.android.systemui.VendorServices took to complete: 0ms
01-04 15:54:38.833 837 837 D DCT-I-0 : shouldRestrictDataForEcbm: isInEcm=false isInImsEcm=false
01-04 15:54:38.835 672 672 D SystemUIBootTiming: StartServicescom.android.systemui.util.leak.GarbageMonitor$Service took to complete: 2ms
01-04 15:54:38.836 672 672 D SystemUIBootTiming: StartServicescom.android.systemui.LatencyTester took to complete: 0ms
01-04 15:54:38.836 837 837 D SubscriptionController: [getActiveSubscriptionInfo]- subId=-1 subList=[] subInfo=null
01-04 15:54:38.840 672 672 D SystemUIBootTiming: StartServicescom.android.systemui.globalactions.GlobalActionsComponent took to complete: 4ms
01-04 15:54:38.842 837 837 D SubscriptionController: [getActiveSubscriptionInfo]- subId=-1 subList=[] subInfo=null
01-04 15:54:38.842 672 672 D SystemUIBootTiming: StartServicescom.android.systemui.ScreenDecorations took to complete: 2ms
01-04 15:54:38.844 837 837 D DCT-I-0 : shouldRestrictDataForEcbm: isInEcm=false isInImsEcm=false
01-04 15:54:38.847 672 672 D SystemUIBootTiming: StartServicescom.android.systemui.biometrics.AuthController took to complete: 4ms
01-04 15:54:38.848 672 672 D SystemUIBootTiming: StartServicescom.android.systemui.SliceBroadcastRelayHandler took to complete: 1ms
01-04 15:54:38.848 672 672 D SystemUIBootTiming: StartServicescom.android.systemui.SizeCompatModeActivityController took to complete: 0ms
01-04 15:54:38.853 672 672 D SystemUIBootTiming: StartServicescom.android.systemui.statusbar.notification.InstantAppNotifier took to complete: 4ms
01-04 15:54:38.853 837 837 D SubscriptionController: [getActiveSubscriptionInfo]- subId=-1 subList=[] subInfo=null
01-04 15:54:38.860 672 672 D SystemUIBootTiming: StartServicescom.android.systemui.theme.ThemeOverlayController took to complete: 7ms
01-04 15:54:38.861 837 837 D SubscriptionController: [getActiveSubscriptionInfo]- subId=-1 subList=[] subInfo=null
01-04 15:54:38.862 672 672 D SystemUIBootTiming: StartServicescom.android.systemui.accessibility.WindowMagnification took to complete: 2ms
01-04 15:54:38.863 837 837 D DCT-I-0 : shouldRestrictDataForEcbm: isInEcm=false isInImsEcm=false
01-04 15:54:38.867 837 837 D SubscriptionController: [getActiveSubscriptionInfo]- subId=-1 subList=[] subInfo=null
01-04 15:54:38.869 837 837 D SubscriptionController: [getActiveSubscriptionInfo]- subId=-1 subList=[] subInfo=null
01-04 15:54:38.870 837 837 D DCT-I-0 : shouldRestrictDataForEcbm: isInEcm=false isInImsEcm=false
01-04 15:54:38.872 837 837 D SubscriptionController: [getActiveSubscriptionInfo]- subId=-1 subList=[] subInfo=null
01-04 15:54:38.874 837 837 D SubscriptionController: [getActiveSubscriptionInfo]- subId=-1 subList=[] subInfo=null
01-04 15:54:38.875 837 837 D DCT-I-0 : onDataConnectionAttached
01-04 15:54:38.875 837 837 D DCT-I-0 : setupDataOnAllConnectableApns: dataAttached hipri:[state=IDLE,enabled=false] mcx:[state=IDLE,enabled=false] xcap:[state=IDLE,enabled=false] fota:[state=IDLE,enabled=false] ims:[state=IDLE,enabled=false] cbs:[state=IDLE,enabled=false] ia:[state=IDLE,enabled=false] emergency:[state=IDLE,enabled=false] mms:[state=IDLE,enabled=false] supl:[state=IDLE,enabled=false] dun:[state=IDLE,enabled=false] default:[state=IDLE,enabled=false]
01-04 15:54:38.875 837 837 D DCT-I-0 : onDataRoamingOff
01-04 15:54:38.875 837 837 I service_manager_stats: [100,81,20213]
01-04 15:54:38.877 837 837 D CarrierResolver: handleMessage: 2
01-04 15:54:38.877 837 837 D GsmCdmaPhone: [0] onVoiceRegStateOrRatChanged
01-04 15:54:38.877 837 837 D GsmCdmaPhone: [0] getCsCallRadioTech, current vrs=1, vrat=0
01-04 15:54:38.877 837 837 D GsmCdmaPhone: [0] getCsCallRadioTech, result calcVrat=0
01-04 15:54:38.877 837 837 D DCT-C-0 : onDataEnabledChanged: enable=true, enabledChangedReason=0
01-04 15:54:38.877 837 837 D DCT-C-0 : setupDataOnAllConnectableApns: dataEnabled hipri:[state=IDLE,enabled=false] mcx:[state=IDLE,enabled=false] xcap:[state=IDLE,enabled=false] fota:[state=IDLE,enabled=false] ims:[state=IDLE,enabled=false] cbs:[state=IDLE,enabled=false] ia:[state=IDLE,enabled=false] emergency:[state=IDLE,enabled=false] mms:[state=IDLE,enabled=false] supl:[state=IDLE,enabled=false] dun:[state=IDLE,enabled=false] default:[state=IDLE,enabled=false]
01-04 15:54:38.877 837 837 D DCT-I-0 : onDataEnabledChanged: enable=true, enabledChangedReason=0
01-04 15:54:38.878 837 837 D DCT-I-0 : setupDataOnAllConnectableApns: dataEnabled hipri:[state=IDLE,enabled=false] mcx:[state=IDLE,enabled=false] xcap:[state=IDLE,enabled=false] fota:[state=IDLE,enabled=false] ims:[state=IDLE,enabled=false] cbs:[state=IDLE,enabled=false] ia:[state=IDLE,enabled=false] emergency:[state=IDLE,enabled=false] mms:[state=IDLE,enabled=false] supl:[state=IDLE,enabled=false] dun:[state=IDLE,enabled=false] default:[state=IDLE,enabled=false]
01-04 15:54:38.878 837 837 D PhoneSwitcher: No active subscriptions: resetting preferred phone to 0 for emergency
01-04 15:54:38.878 837 837 D PhoneSwitcher: evaluating due to EVENT_PRECISE_CALL_STATE_CHANGED mPrimaryDataSubId -1->1 phone[0] 0->-1
01-04 15:54:38.878 837 837 D PhoneSwitcher: activate 0
01-04 15:54:38.878 837 837 D PhoneSwitcher: notifyPreferredDataSubIdChanged to -1
01-04 15:54:38.880 837 837 D PhoneSwitcher: logDataSwitchEvent subId -1 state 1 reason 2
01-04 15:54:38.881 535 815 D ConnectivityService: requestNetwork for uid/pid:1001/837 NetworkRequest [ TRACK_DEFAULT id=18, [ Capabilities: INTERNET&NOT_RESTRICTED&TRUSTED Uid: 1001 AdministratorUids: [] RequestorUid: 1001 RequestorPackageName: com.android.phone] ]
01-04 15:54:38.882 535 619 D ConnectivityService: NetReassign [no changes]
01-04 15:54:38.882 837 837 D PhoneSwitcherNetworkRequstListener: got request NetworkRequest [ TRACK_DEFAULT id=10, [ Capabilities: INTERNET&NOT_RESTRICTED&TRUSTED Uid: 1073 AdministratorUids: [] RequestorUid: 1073 RequestorPackageName: com.android.networkstack] ] with score 0 and providerId -1
01-04 15:54:38.883 837 837 D PhoneSwitcherNetworkRequstListener: got request NetworkRequest [ TRACK_DEFAULT id=9, [ Capabilities: INTERNET&NOT_RESTRICTED&TRUSTED Uid: 1000 AdministratorUids: [] RequestorUid: 1000 RequestorPackageName: android] ] with score 0 and providerId -1
01-04 15:54:38.883 837 837 D PhoneSwitcherNetworkRequstListener: got request NetworkRequest [ BACKGROUND_REQUEST id=2, [ Transports: CELLULAR Capabilities: INTERNET&NOT_RESTRICTED&TRUSTED&NOT_VPN AdministratorUids: [] RequestorUid: 1000 RequestorPackageName: android] ] with score 0 and providerId -1
01-04 15:54:38.883 837 837 D PhoneSwitcherNetworkRequstListener: got request NetworkRequest [ REQUEST id=1, [ Capabilities: INTERNET&NOT_RESTRICTED&TRUSTED&NOT_VPN AdministratorUids: [] RequestorUid: 1000 RequestorPackageName: android] ] with score 0 and providerId -1
01-04 15:54:38.883 837 837 D PhoneSwitcherNetworkRequstListener: got request NetworkRequest [ REQUEST id=12, [ Capabilities: INTERNET&NOT_RESTRICTED&TRUSTED&NOT_VPN AdministratorUids: [] RequestorUid: 1073 RequestorPackageName: com.android.networkstack] ] with score 0 and providerId -1
01-04 15:54:38.883 837 837 D PhoneSwitcherNetworkRequstListener: got request NetworkRequest [ TRACK_DEFAULT id=15, [ Capabilities: INTERNET&NOT_RESTRICTED&TRUSTED Uid: 10118 AdministratorUids: [] RequestorUid: 10118 RequestorPackageName: com.android.systemui] ] with score 0 and providerId 0
01-04 15:54:38.884 672 672 D SystemUIBootTiming: StartServicescom.android.systemui.accessibility.SystemActions took to complete: 22ms
01-04 15:54:38.884 837 837 D TelephonyNetworkFactory[0]: got request NetworkRequest [ REQUEST id=1, [ Capabilities: INTERNET&NOT_RESTRICTED&TRUSTED&NOT_VPN AdministratorUids: [] RequestorUid: 1000 RequestorPackageName: android] ] with score 0 and providerId -1
01-04 15:54:38.884 837 837 D TelephonyNetworkFactory[0]: got request NetworkRequest [ REQUEST id=12, [ Capabilities: INTERNET&NOT_RESTRICTED&TRUSTED&NOT_VPN AdministratorUids: [] RequestorUid: 1073 RequestorPackageName: com.android.networkstack] ] with score 0 and providerId -1
01-04 15:54:38.884 837 837 D TelephonyNetworkFactory[0]: got request NetworkRequest [ TRACK_DEFAULT id=10, [ Capabilities: INTERNET&NOT_RESTRICTED&TRUSTED Uid: 1073 AdministratorUids: [] RequestorUid: 1073 RequestorPackageName: com.android.networkstack] ] with score 0 and providerId -1
01-04 15:54:38.884 837 837 D TelephonyNetworkFactory[0]: got request NetworkRequest [ TRACK_DEFAULT id=9, [ Capabilities: INTERNET&NOT_RESTRICTED&TRUSTED Uid: 1000 AdministratorUids: [] RequestorUid: 1000 RequestorPackageName: android] ] with score 0 and providerId -1
01-04 15:54:38.884 672 672 D SystemUIBootTiming: StartServicescom.android.systemui.toast.ToastUI took to complete: 0ms
01-04 15:54:38.884 837 837 D TelephonyNetworkFactory[0]: got request NetworkRequest [ TRACK_DEFAULT id=15, [ Capabilities: INTERNET&NOT_RESTRICTED&TRUSTED Uid: 10118 AdministratorUids: [] RequestorUid: 10118 RequestorPackageName: com.android.systemui] ] with score 0 and providerId -1
01-04 15:54:38.884 837 837 D TelephonyNetworkFactory[0]: got request NetworkRequest [ BACKGROUND_REQUEST id=2, [ Transports: CELLULAR Capabilities: INTERNET&NOT_RESTRICTED&TRUSTED&NOT_VPN AdministratorUids: [] RequestorUid: 1000 RequestorPackageName: android] ] with score 0 and providerId -1
01-04 15:54:38.885 837 837 D DebugService: DebugService DebugService:
01-04 15:54:38.886 837 837 D TelephonyDebugService: TelephonyDebugService()
01-04 15:54:38.886 837 837 D TelephonyNetworkFactory[0]: got request NetworkRequest [ TRACK_DEFAULT id=16, [ Capabilities: INTERNET&NOT_RESTRICTED&TRUSTED Uid: 10118 AdministratorUids: [] RequestorUid: 10118 RequestorPackageName: com.android.systemui] ] with score 0 and providerId 0
01-04 15:54:38.887 837 837 D PhoneSwitcherNetworkRequstListener: got request NetworkRequest [ TRACK_DEFAULT id=16, [ Capabilities: INTERNET&NOT_RESTRICTED&TRUSTED Uid: 10118 AdministratorUids: [] RequestorUid: 10118 RequestorPackageName: com.android.systemui] ] with score 0 and providerId 0
01-04 15:54:38.888 837 837 D CarrierConfigLoader: mHandler: 12 phoneId: 0
01-04 15:54:38.889 837 837 D GsmSMSDispatcher: GsmSMSDispatcher: subId = -1 slotId = 0
01-04 15:54:38.889 837 837 D SST : [0] EVENT_ICC_CHANGED: SIM absent
01-04 15:54:38.889 837 837 D SST : [0] cancelAllNotifications: mPrevSubId=-1
01-04 15:54:38.891 837 837 D SST : [0] updateSpnDisplayLegacy+
01-04 15:54:38.894 837 837 D SST : [0] updateSpnDisplay: radio is on but out of service, set plmn='No service'
01-04 15:54:38.895 837 837 D SST : [0] updateSpnDisplay: rawSpn =
01-04 15:54:38.895 837 837 D SST : [0] updateSpnDisplayLegacy-
01-04 15:54:38.896 837 837 D CarrierResolver: handleMessage: 2
01-04 15:54:38.896 837 837 D GsmCdmaCallTracker: Event EVENT_POLL_CALLS_RESULT Received
01-04 15:54:38.896 837 837 D GsmCdmaCallTracker: [0] update phone state, old=IDLE new=IDLE
01-04 15:54:38.896 837 837 D SST : [0] SubscriptionListener.onSubscriptionInfoChanged
01-04 15:54:38.899 837 837 I Telephony: TelecomAccountRegistry: onSubscriptionsChanged - update accounts
01-04 15:54:38.899 837 837 I Telephony: TelecomAccountRegistry: setupAccounts: Found 1 phones. Attempting to register.
01-04 15:54:38.900 837 837 I Telephony: TelecomAccountRegistry: setupAccounts: Phone with subscription id -1
01-04 15:54:38.900 837 837 D Telephony: TelecomAccountRegistry: setupAccounts: skipping invalid subid -1
01-04 15:54:38.900 837 837 I Telephony: setupAccounts: adding default
01-04 15:54:38.900 837 837 D Phone : isImsRegistered =false
01-04 15:54:38.902 837 837 E PhoneInterfaceManager: [PhoneIntfMgr] getIccId: No UICC
01-04 15:54:38.905 837 837 D Telephony: isEmergencyPreferredAccount: subId=-1, activeData=-1
01-04 15:54:38.905 837 837 D Telephony: isEmergencyPreferredAccount: Device does not require preference.
01-04 15:54:38.905 837 837 I Telephony: isRttCurrentlySupported -- emergency acct and no device support
01-04 15:54:38.912 672 672 D StatusBar: disable disable2
01-04 15:54:38.912 672 672 D SystemUIBootTiming: StartServices took to complete: 1639ms
01-04 15:54:38.919 535 828 I Telecom : PhoneAccountRegistrar: Modify account: [ComponentInfo{com.android.phone/com.android.services.telephony.TelephonyConnectionService}, ***, UserHandle{0}]: TSI.rPA@AAc
01-04 15:54:38.921 535 828 I Telecom : CallsManager: handlePhoneAccountChanged: phoneAccount=[[X] PhoneAccount: ComponentInfo{com.android.phone/com.android.services.telephony.TelephonyConnectionService}, ***, UserHandle{0} Capabilities: CallProvider MultiUser PlaceEmerg SimSub Audio Routes: BESW Schemes: tel voicemail Extras: Bundle[{android.telecom.extra.SUPPORTS_VIDEO_CALLING_FALLBACK=true}] GroupId: ***]: TSI.rPA@AAc
01-04 15:54:38.923 837 837 I Telephony: AccountEntry: Registered phoneAccount: [[ ] PhoneAccount: ComponentInfo{com.android.phone/com.android.services.telephony.TelephonyConnectionService}, ***, UserHandle{0} Capabilities: CallProvider MultiUser PlaceEmerg SimSub Audio Routes: BESW Schemes: tel voicemail Extras: Bundle[{android.telecom.extra.SUPPORTS_VIDEO_CALLING_FALLBACK=true}] GroupId: ***] with handle: ComponentInfo{com.android.phone/com.android.services.telephony.TelephonyConnectionService}, ***, UserHandle{0}
01-04 15:54:38.924 837 837 I Telephony: PstnIncomingCallNotifier: Registering: Handler (com.android.internal.telephony.GsmCdmaPhone) {2f6d608}
01-04 15:54:38.924 837 837 D Telephony: Registering: Handler (com.android.internal.telephony.GsmCdmaPhone) {2f6d608}
01-04 15:54:38.926 672 672 W KeyguardUpdateMonitor: invalid subId in handleServiceStateChange()
01-04 15:54:38.928 837 837 D MultiSimSettingController: onSubscriptionsChanged
01-04 15:54:38.930 672 694 D KeyguardViewMediator: onStartedWakingUp, seq = 1
01-04 15:54:38.931 672 694 D KeyguardViewMediator: notifyStartedWakingUp
01-04 15:54:38.931 672 694 D KeyguardViewMediator: notifyScreenOn
01-04 15:54:38.931 672 973 D KeyguardViewMediator: notifyScreenTurnedOn
01-04 15:54:38.932 837 837 D NetworkService: network service created
01-04 15:54:38.933 672 973 D KeyguardViewMediator: adjustStatusBarLocked: mShowing=true mOccluded=false isSecure=false force=false --> flags=0x1200000
01-04 15:54:38.934 837 837 D NetworkTypeController: [0] LegacyState: process EVENT_DATA_RAT_CHANGED
01-04 15:54:38.934 535 535 I chatty : uid=1000(system) Binder:535_3 expire 1 line
01-04 15:54:38.940 837 837 D NetworkTypeController: [0] Remove all timers
01-04 15:54:38.940 837 837 D NetworkTypeController: [0] Remove all timers
01-04 15:54:38.941 837 837 D DCT-C-0 : reevaluateUnmeteredConnections
01-04 15:54:38.941 837 837 D DCT-I-0 : reevaluateUnmeteredConnections
01-04 15:54:38.943 837 837 D DataService: Data service created
01-04 15:54:38.945 837 837 D Telephony: isEmergencyPreferredAccount: subId=-1, activeData=-1
01-04 15:54:38.946 837 837 D Telephony: isEmergencyPreferredAccount: Device does not require preference.
01-04 15:54:38.947 672 672 E libEGL : validate_display:89 error 3001 (EGL_NOT_INITIALIZED)
01-04 15:54:38.950 837 837 D DcRequest: Cellular request confirmed: NetworkRequest [ TRACK_DEFAULT id=10, [ Capabilities: INTERNET&NOT_RESTRICTED&TRUSTED Uid: 1073 AdministratorUids: [] RequestorUid: 1073 RequestorPackageName: com.android.networkstack] ]
01-04 15:54:38.951 837 837 D PhoneSwitcher: evaluating due to netRequest
01-04 15:54:38.951 837 837 D PhoneSwitcher: notifyPreferredDataSubIdChanged to -1
01-04 15:54:38.953 837 837 D PhoneSwitcher: Added DcRequest, size: 1
01-04 15:54:38.953 837 837 D PhoneSwitcherNetworkRequstListener: got request NetworkRequest [ TRACK_DEFAULT id=18, [ Capabilities: INTERNET&NOT_RESTRICTED&TRUSTED Uid: 1001 AdministratorUids: [] RequestorUid: 1001 RequestorPackageName: com.android.phone] ] with score 0 and providerId 0
01-04 15:54:38.955 837 837 D DcRequest: Cellular request confirmed: NetworkRequest [ TRACK_DEFAULT id=9, [ Capabilities: INTERNET&NOT_RESTRICTED&TRUSTED Uid: 1000 AdministratorUids: [] RequestorUid: 1000 RequestorPackageName: android] ]
01-04 15:54:38.956 837 837 D PhoneSwitcher: evaluating due to netRequest
01-04 15:54:38.956 837 837 D PhoneSwitcher: notifyPreferredDataSubIdChanged to -1
01-04 15:54:38.958 837 837 D PhoneSwitcher: Added DcRequest, size: 2
01-04 15:54:38.958 837 837 D TelephonyNetworkFactory[0]: got request NetworkRequest [ TRACK_DEFAULT id=18, [ Capabilities: INTERNET&NOT_RESTRICTED&TRUSTED Uid: 1001 AdministratorUids: [] RequestorUid: 1001 RequestorPackageName: com.android.phone] ] with score 0 and providerId 0
01-04 15:54:38.961 837 837 D DcRequest: Cellular request confirmed: NetworkRequest [ BACKGROUND_REQUEST id=2, [ Transports: CELLULAR Capabilities: INTERNET&NOT_RESTRICTED&TRUSTED&NOT_VPN AdministratorUids: [] RequestorUid: 1000 RequestorPackageName: android] ]
01-04 15:54:38.962 837 837 D PhoneSwitcher: evaluating due to netRequest
01-04 15:54:38.962 837 837 D PhoneSwitcher: notifyPreferredDataSubIdChanged to -1
01-04 15:54:38.964 837 837 D PhoneSwitcher: Added DcRequest, size: 3
01-04 15:54:38.965 837 837 D DcRequest: Cellular request confirmed: NetworkRequest [ REQUEST id=1, [ Capabilities: INTERNET&NOT_RESTRICTED&TRUSTED&NOT_VPN AdministratorUids: [] RequestorUid: 1000 RequestorPackageName: android] ]
01-04 15:54:38.966 837 837 D PhoneSwitcher: evaluating due to netRequest
01-04 15:54:38.966 837 837 D PhoneSwitcher: notifyPreferredDataSubIdChanged to -1
01-04 15:54:38.967 837 837 D PhoneSwitcher: Added DcRequest, size: 4
01-04 15:54:38.969 837 837 D DcRequest: Cellular request confirmed: NetworkRequest [ REQUEST id=12, [ Capabilities: INTERNET&NOT_RESTRICTED&TRUSTED&NOT_VPN AdministratorUids: [] RequestorUid: 1073 RequestorPackageName: com.android.networkstack] ]
01-04 15:54:38.969 837 837 D PhoneSwitcher: evaluating due to netRequest
01-04 15:54:38.970 837 837 D PhoneSwitcher: notifyPreferredDataSubIdChanged to -1
01-04 15:54:38.971 837 837 D PhoneSwitcher: Added DcRequest, size: 5
01-04 15:54:38.972 837 837 D DcRequest: Cellular request confirmed: NetworkRequest [ TRACK_DEFAULT id=15, [ Capabilities: INTERNET&NOT_RESTRICTED&TRUSTED Uid: 10118 AdministratorUids: [] RequestorUid: 10118 RequestorPackageName: com.android.systemui] ]
01-04 15:54:38.972 837 837 D PhoneSwitcher: evaluating due to netRequest
01-04 15:54:38.973 837 837 D PhoneSwitcher: notifyPreferredDataSubIdChanged to -1
01-04 15:54:38.974 837 837 D PhoneSwitcher: Added DcRequest, size: 6
01-04 15:54:38.975 837 837 D TelephonyNetworkFactory[0]: onNeedNetworkFor NetworkRequest [ REQUEST id=1, [ Capabilities: INTERNET&NOT_RESTRICTED&TRUSTED&NOT_VPN AdministratorUids: [] RequestorUid: 1000 RequestorPackageName: android] ] shouldApply false
01-04 15:54:38.975 837 837 D TelephonyNetworkFactory[0]: onNeedNetworkFor NetworkRequest [ REQUEST id=12, [ Capabilities: INTERNET&NOT_RESTRICTED&TRUSTED&NOT_VPN AdministratorUids: [] RequestorUid: 1073 RequestorPackageName: com.android.networkstack] ] shouldApply false
01-04 15:54:38.976 837 837 D TelephonyNetworkFactory[0]: onNeedNetworkFor NetworkRequest [ TRACK_DEFAULT id=10, [ Capabilities: INTERNET&NOT_RESTRICTED&TRUSTED Uid: 1073 AdministratorUids: [] RequestorUid: 1073 RequestorPackageName: com.android.networkstack] ] shouldApply false
01-04 15:54:38.976 837 837 D TelephonyNetworkFactory[0]: onNeedNetworkFor NetworkRequest [ TRACK_DEFAULT id=9, [ Capabilities: INTERNET&NOT_RESTRICTED&TRUSTED Uid: 1000 AdministratorUids: [] RequestorUid: 1000 RequestorPackageName: android] ] shouldApply false
01-04 15:54:38.977 837 837 D TelephonyNetworkFactory[0]: onNeedNetworkFor NetworkRequest [ TRACK_DEFAULT id=15, [ Capabilities: INTERNET&NOT_RESTRICTED&TRUSTED Uid: 10118 AdministratorUids: [] RequestorUid: 10118 RequestorPackageName: com.android.systemui] ] shouldApply false
01-04 15:54:38.977 837 837 D TelephonyNetworkFactory[0]: onNeedNetworkFor NetworkRequest [ BACKGROUND_REQUEST id=2, [ Transports: CELLULAR Capabilities: INTERNET&NOT_RESTRICTED&TRUSTED&NOT_VPN AdministratorUids: [] RequestorUid: 1000 RequestorPackageName: android] ] shouldApply false
01-04 15:54:38.977 837 837 D TelephonyNetworkFactory[0]: onNeedNetworkFor NetworkRequest [ TRACK_DEFAULT id=16, [ Capabilities: INTERNET&NOT_RESTRICTED&TRUSTED Uid: 10118 AdministratorUids: [] RequestorUid: 10118 RequestorPackageName: com.android.systemui] ] shouldApply false
01-04 15:54:38.979 837 837 D DcRequest: Cellular request confirmed: NetworkRequest [ TRACK_DEFAULT id=16, [ Capabilities: INTERNET&NOT_RESTRICTED&TRUSTED Uid: 10118 AdministratorUids: [] RequestorUid: 10118 RequestorPackageName: com.android.systemui] ]
01-04 15:54:38.979 837 837 D PhoneSwitcher: evaluating due to netRequest
01-04 15:54:38.980 837 837 D PhoneSwitcher: notifyPreferredDataSubIdChanged to -1
01-04 15:54:38.981 837 837 D PhoneSwitcher: Added DcRequest, size: 7
01-04 15:54:38.981 837 837 I Telephony: handleVideoCapabilitesChanged. Video capability - false
01-04 15:54:38.984 837 837 E PhoneInterfaceManager: [PhoneIntfMgr] getIccId: No UICC
01-04 15:54:38.985 837 837 D Telephony: isEmergencyPreferredAccount: subId=-1, activeData=-1
01-04 15:54:38.985 837 837 D Telephony: isEmergencyPreferredAccount: Device does not require preference.
01-04 15:54:38.985 837 837 I Telephony: isRttCurrentlySupported -- emergency acct and no device support
01-04 15:54:38.993 535 591 I Telecom : PhoneAccountRegistrar: Modify account: [ComponentInfo{com.android.phone/com.android.services.telephony.TelephonyConnectionService}, ***, UserHandle{0}]: TSI.rPA@AAk
01-04 15:54:38.994 535 591 I Telecom : CallsManager: handlePhoneAccountChanged: phoneAccount=[[X] PhoneAccount: ComponentInfo{com.android.phone/com.android.services.telephony.TelephonyConnectionService}, ***, UserHandle{0} Capabilities: CallProvider MultiUser PlaceEmerg SimSub Audio Routes: BESW Schemes: tel voicemail Extras: Bundle[{android.telecom.extra.SUPPORTS_VIDEO_CALLING_FALLBACK=true}] GroupId: ***]: TSI.rPA@AAk
01-04 15:54:38.995 837 837 D NRM-C-0 : service ComponentInfo{com.android.phone/com.android.internal.telephony.CellularNetworkService} for transport WWAN is now connected.
01-04 15:54:38.996 837 837 D DSM-C-0 : onServiceConnected
01-04 15:54:38.996 837 1032 D CellularDataService: Cellular data service created for slot 0
01-04 15:54:38.996 837 837 D Telephony: isEmergencyPreferredAccount: subId=-1, activeData=-1
01-04 15:54:38.996 837 837 D Telephony: isEmergencyPreferredAccount: Device does not require preference.
01-04 15:54:38.998 837 837 D DcRequest: Cellular request confirmed: NetworkRequest [ TRACK_DEFAULT id=18, [ Capabilities: INTERNET&NOT_RESTRICTED&TRUSTED Uid: 1001 AdministratorUids: [] RequestorUid: 1001 RequestorPackageName: com.android.phone] ]
01-04 15:54:38.998 837 837 D PhoneSwitcher: evaluating due to netRequest
01-04 15:54:38.999 837 837 D PhoneSwitcher: notifyPreferredDataSubIdChanged to -1
01-04 15:54:39.000 837 837 D PhoneSwitcher: Added DcRequest, size: 8
01-04 15:54:39.000 837 837 D Telephony: isEmergencyPreferredAccount: subId=-1, activeData=-1
01-04 15:54:39.001 837 837 D Telephony: isEmergencyPreferredAccount: Device does not require preference.
01-04 15:54:39.001 837 837 D TelephonyNetworkFactory[0]: onNeedNetworkFor NetworkRequest [ TRACK_DEFAULT id=18, [ Capabilities: INTERNET&NOT_RESTRICTED&TRUSTED Uid: 1001 AdministratorUids: [] RequestorUid: 1001 RequestorPackageName: com.android.phone] ] shouldApply false
01-04 15:54:39.002 837 837 D Telephony: isEmergencyPreferredAccount: subId=-1, activeData=-1
01-04 15:54:39.002 837 837 D Telephony: isEmergencyPreferredAccount: Device does not require preference.
01-04 15:54:39.002 837 837 D Telephony: isEmergencyPreferredAccount: subId=-1, activeData=-1
01-04 15:54:39.003 837 837 D Telephony: isEmergencyPreferredAccount: Device does not require preference.
01-04 15:54:39.003 837 837 D Telephony: isEmergencyPreferredAccount: subId=-1, activeData=-1
01-04 15:54:39.003 837 837 D Telephony: isEmergencyPreferredAccount: Device does not require preference.
01-04 15:54:39.003 837 837 D Telephony: isEmergencyPreferredAccount: subId=-1, activeData=-1
01-04 15:54:39.003 837 837 D Telephony: isEmergencyPreferredAccount: Device does not require preference.
01-04 15:54:39.004 837 837 D Telephony: isEmergencyPreferredAccount: subId=-1, activeData=-1
01-04 15:54:39.004 837 837 D Telephony: isEmergencyPreferredAccount: Device does not require preference.
01-04 15:54:39.004 837 837 D Telephony: isEmergencyPreferredAccount: subId=-1, activeData=-1
01-04 15:54:39.005 837 1005 D Dcc-C-0 : DccDefaultState: msg.what=EVENT_RIL_CONNECTED mRilVersion=15
01-04 15:54:39.005 837 837 D Telephony: isEmergencyPreferredAccount: Device does not require preference.
01-04 15:54:39.081 535 591 I wm_task_created: [3,-1]
01-04 15:54:39.082 535 591 I wm_stack_created: 3
01-04 15:54:39.085 232 232 I hwservicemanager: getTransport: Cannot find entry android.hardware.configstore@1.0::ISurfaceFlingerConfigs/default in either framework or device manifest.
01-04 15:54:39.085 672 942 D EglHelper: createEglContext start
01-04 15:54:39.094 672 942 D EglHelper: createEglContext done
01-04 15:54:39.094 672 942 D EglHelper: createEglSurface start
01-04 15:54:39.096 366 932 I gralloc_driver: is_supported check descriptor name=com.android.systemui.ImageWallpaper#0, width=1600, height=1280, droid_format=RGBX8888, usage=COMPOSER_OVERLAY|GPU_RENDER_TARGET|GPU_TEXTURE
01-04 15:54:39.096 535 591 I wm_task_created: [4,-1]
01-04 15:54:39.097 535 591 I wm_stack_created: 4
01-04 15:54:39.103 672 942 I display : open gpu gralloc module!
01-04 15:54:39.107 404 430 W ServiceManager: Permission failure: android.permission.ACCESS_SURFACE_FLINGER from uid=10118 pid=672
01-04 15:54:39.107 404 430 D PermissionCache: checking android.permission.ACCESS_SURFACE_FLINGER for uid=10118 => denied (2582 us)
01-04 15:54:39.110 366 932 I gralloc_driver: is_supported check descriptor name=com.android.systemui.ImageWallpaper#0, width=1600, height=1280, droid_format=RGBX8888, usage=COMPOSER_OVERLAY|GPU_RENDER_TARGET|GPU_TEXTURE|PRIVATE_0
01-04 15:54:39.114 672 942 D EglHelper: createEglSurface done
01-04 15:54:39.128 672 672 D Tonal : Tonal Palette - index: 1. Main color: ff03252e
01-04 15:54:39.128 672 672 D Tonal : Colors: ff011216, ff03252e, ff053c46, ff065463, ff097986, ff0b89aa, ff0da5ce, ff3cbddf, ff4fc6f3, ff6cccf5, ff8ed2f8, ffbde4fb, ffdef3fd
01-04 15:54:39.128 672 672 D Tonal : Tonal Palette - index: 1. Main color: ff03252e
01-04 15:54:39.128 672 672 D Tonal : Colors: ff011216, ff03252e, ff053c46, ff065463, ff097986, ff0b89aa, ff0da5ce, ff3cbddf, ff4fc6f3, ff6cccf5, ff8ed2f8, ffbde4fb, ffdef3fd
01-04 15:54:39.248 672 672 I Choreographer: Skipped 36 frames! The application may be doing too much work on its main thread.
01-04 15:54:39.250 535 591 E WindowManager: Window Session Crash
01-04 15:54:39.250 535 591 E WindowManager: java.lang.IllegalArgumentException: Requested window null does not exist
01-04 15:54:39.250 535 591 E WindowManager: at com.android.server.wm.WindowManagerService.windowForClientLocked(WindowManagerService.java:5443)
01-04 15:54:39.250 535 591 E WindowManager: at com.android.server.wm.Session.actionOnWallpaper(Session.java:356)
01-04 15:54:39.250 535 591 E WindowManager: at com.android.server.wm.Session.setWallpaperZoomOut(Session.java:382)
01-04 15:54:39.250 535 591 E WindowManager: at android.view.IWindowSession$Stub.onTransact(IWindowSession.java:1154)
01-04 15:54:39.250 535 591 E WindowManager: at com.android.server.wm.Session.onTransact(Session.java:139)
01-04 15:54:39.250 535 591 E WindowManager: at android.os.Binder.execTransactInternal(Binder.java:1159)
01-04 15:54:39.250 535 591 E WindowManager: at android.os.Binder.execTransact(Binder.java:1123)
01-04 15:54:39.251 535 591 I chatty : uid=1000(system) Binder:535_5 expire 3 lines
01-04 15:54:39.251 535 562 I am_wtf : [0,0,system_server,-1,WindowManager,Requested window null does not exist]
01-04 15:54:39.252 535 562 I DropBoxManagerService: add tag=system_server_wtf isTagEnabled=true flags=0x2
01-04 15:54:39.298 366 932 I gralloc_driver: is_supported check descriptor name=com.android.systemui.ImageWallpaper#0, width=1600, height=1280, droid_format=RGBX8888, usage=COMPOSER_OVERLAY|GPU_RENDER_TARGET|GPU_TEXTURE|PRIVATE_0
01-04 15:54:39.299 366 461 I gralloc_driver: is_supported check descriptor name=NavigationBar0#0, width=1920, height=72, droid_format=RGBA8888, usage=COMPOSER_OVERLAY|GPU_RENDER_TARGET|GPU_TEXTURE
01-04 15:54:39.301 366 461 I gralloc_driver: is_supported check descriptor name=NavigationBar0#0, width=1920, height=72, droid_format=RGBA8888, usage=COMPOSER_OVERLAY|GPU_RENDER_TARGET|GPU_TEXTURE
01-04 15:54:39.302 366 932 I gralloc_driver: is_supported check descriptor name=NavigationBar0#0, width=1920, height=72, droid_format=RGBA8888, usage=COMPOSER_OVERLAY|GPU_RENDER_TARGET|GPU_TEXTURE|PRIVATE_0
01-04 15:54:39.302 366 932 I gralloc_driver: is_supported check descriptor name=NavigationBar0#0, width=1920, height=72, droid_format=RGBA8888, usage=COMPOSER_OVERLAY|GPU_RENDER_TARGET|GPU_TEXTURE
01-04 15:54:39.303 366 461 I gralloc_driver: is_supported check descriptor name=NavigationBar0#0, width=1920, height=72, droid_format=RGBA8888, usage=COMPOSER_OVERLAY|GPU_RENDER_TARGET|GPU_TEXTURE|PRIVATE_0
01-04 15:54:39.306 366 932 I gralloc_driver: is_supported check descriptor name=NavigationBar0#0, width=1920, height=72, droid_format=RGBA8888, usage=COMPOSER_OVERLAY|GPU_RENDER_TARGET|GPU_TEXTURE
01-04 15:54:39.308 366 932 I gralloc_driver: is_supported check descriptor name=NavigationBar0#0, width=1920, height=72, droid_format=RGBA8888, usage=COMPOSER_OVERLAY|GPU_RENDER_TARGET|GPU_TEXTURE|PRIVATE_0
01-04 15:54:39.313 672 672 D KeyguardClockSwitch: Updating clock: 354
01-04 15:54:39.365 672 935 W ActivityThread: Failed to find provider info for com.android.contacts (user not unlocked)
01-04 15:54:39.385 672 935 W ActivityThread: Failed to find provider info for com.android.contacts (user not unlocked)
01-04 15:54:39.439 366 932 I gralloc_driver: is_supported check descriptor name=NotificationShade#0, width=1920, height=1080, droid_format=RGBA8888, usage=COMPOSER_OVERLAY|GPU_RENDER_TARGET|GPU_TEXTURE
01-04 15:54:39.458 366 932 I chatty : uid=1000(system) HwBinder:366_3 identical 9 lines
01-04 15:54:39.469 672 672 W Resources: Drawable com.android.systemui:anim/lock_unlock has unresolved theme attributes! Consider using Resources.getDrawable(int, Theme) or Context.getDrawable(int).
01-04 15:54:39.469 672 672 W Resources: java.lang.RuntimeException
01-04 15:54:39.469 672 672 W Resources: at android.content.res.Resources.getDrawable(Resources.java:899)
01-04 15:54:39.469 672 672 W Resources: at com.android.systemui.statusbar.phone.LockIcon.getIcon(LockIcon.java:174)
01-04 15:54:39.469 672 672 W Resources: at com.android.systemui.statusbar.phone.LockIcon.access$200(LockIcon.java:45)
01-04 15:54:39.469 672 672 W Resources: at com.android.systemui.statusbar.phone.LockIcon$1.onPreDraw(LockIcon.java:68)
01-04 15:54:39.469 672 672 W Resources: at android.view.ViewTreeObserver.dispatchOnPreDraw(ViewTreeObserver.java:1093)
01-04 15:54:39.469 672 672 W Resources: at android.view.ViewRootImpl.performTraversals(ViewRootImpl.java:3094)
01-04 15:54:39.469 672 672 W Resources: at android.view.ViewRootImpl.doTraversal(ViewRootImpl.java:1948)
01-04 15:54:39.469 672 672 W Resources: at android.view.ViewRootImpl$TraversalRunnable.run(ViewRootImpl.java:8177)
01-04 15:54:39.469 672 672 W Resources: at android.view.Choreographer$CallbackRecord.run(Choreographer.java:972)
01-04 15:54:39.469 672 672 W Resources: at android.view.Choreographer.doCallbacks(Choreographer.java:796)
01-04 15:54:39.469 672 672 W Resources: at android.view.Choreographer.doFrame(Choreographer.java:731)
01-04 15:54:39.469 672 672 W Resources: at android.view.Choreographer$FrameDisplayEventReceiver.run(Choreographer.java:957)
01-04 15:54:39.469 672 672 W Resources: at android.os.Handler.handleCallback(Handler.java:938)
01-04 15:54:39.469 672 672 W Resources: at android.os.Handler.dispatchMessage(Handler.java:99)
01-04 15:54:39.469 672 672 W Resources: at android.os.Looper.loop(Looper.java:223)
01-04 15:54:39.469 672 672 W Resources: at android.app.ActivityThread.main(ActivityThread.java:7660)
01-04 15:54:39.469 672 672 W Resources: at java.lang.reflect.Method.invoke(Native Method)
01-04 15:54:39.469 672 672 W Resources: at com.android.internal.os.RuntimeInit$MethodAndArgsCaller.run(RuntimeInit.java:592)
01-04 15:54:39.469 672 672 W Resources: at com.android.internal.os.ZygoteInit.main(ZygoteInit.java:947)
01-04 15:54:39.501 672 1024 I OpenGLRenderer: Davey! duration=856ms; Flags=1, IntendedVsync=19973982538, Vsync=20573982514, OldestInputEvent=9223372036854775807, NewestInputEvent=0, HandleInputStart=20587178250, AnimationStart=20587181250, PerformTraversalsStart=20589010125, DrawStart=20815486500, SyncQueued=20815935875, SyncStart=20824584625, IssueDrawCommandsStart=20824673250, SwapBuffers=20831904750, FrameCompleted=20839221375, DequeueBufferDuration=3938250, QueueBufferDuration=426625, GpuCompleted=0,
01-04 15:54:39.543 366 461 I chatty : uid=1000(system) HwBinder:366_2 expire 15 lines
01-04 15:54:39.579 672 1024 I OpenGLRenderer: Davey! duration=938ms; Flags=1, IntendedVsync=19973982538, Vsync=20573982514, OldestInputEvent=9223372036854775807, NewestInputEvent=0, HandleInputStart=20587178250, AnimationStart=20587181250, PerformTraversalsStart=20589010125, DrawStart=20883811625, SyncQueued=20885688875, SyncStart=20889910875, IssueDrawCommandsStart=20890097500, SwapBuffers=20914224750, FrameCompleted=20917010500, DequeueBufferDuration=1072125, QueueBufferDuration=459125, GpuCompleted=0,
01-04 15:54:39.580 535 556 V WindowManager: Orientation start waiting for draw, mDrawState=DRAW_PENDING in Window{5bafbc4 u0 NotificationShade}, surfaceController Surface(name=NotificationShade)/@0xb04dfca
01-04 15:54:39.592 535 556 V WindowManager: Orientation start waiting for draw, mDrawState=DRAW_PENDING in Window{49988f3 u0 com.android.systemui.ImageWallpaper}, surfaceController Surface(name=com.android.systemui.ImageWallpaper)/@0x1826e04
01-04 15:54:39.592 672 672 D QSTileHost: Recreating tiles
01-04 15:54:39.594 672 672 D QSTileHost: Creating tile: wifi
01-04 15:54:39.601 672 672 D QSTileHost: Creating tile: bt
01-04 15:54:39.603 672 672 D QSTileHost: Creating tile: dnd
01-04 15:54:39.605 672 672 D QSTileHost: Creating tile: flashlight
01-04 15:54:39.607 672 672 D QSTileHost: Destroying not available tile: flashlight
01-04 15:54:39.608 672 672 D QSTileHost: Creating tile: rotation
01-04 15:54:39.609 672 672 D QSTileHost: Creating tile: battery
01-04 15:54:39.610 672 672 D QSTileHost: Creating tile: cell
01-04 15:54:39.612 672 672 D QSTileHost: Creating tile: airplane
01-04 15:54:39.613 672 672 D QSTileHost: Creating tile: cast
01-04 15:54:39.614 672 672 D QSTileHost: Creating tile: screenrecord
01-04 15:54:39.615 672 672 D QSTileHost: Creating tile: dbg:mem
01-04 15:54:39.632 837 859 D SubscriptionController: [getSlotIndex]- size == 0, return SIM_NOT_INSERTED instead
01-04 15:54:39.951 672 672 V ShadeControllerImpl: NotificationShadeWindow: com.android.systemui.statusbar.phone.NotificationShadeWindowView{38e6afd V.E...... .......D 0,0-1920,1080} canPanelBeCollapsed(): false
01-04 15:54:39.953 672 672 D KeyguardViewMediator: onSystemReady
01-04 15:54:39.955 238 238 E Cryptfs : cryptfs_get_password not valid for file encryption
01-04 15:54:39.956 672 672 D KeyguardViewMediator: doKeyguard: showing the lock screen
01-04 15:54:39.956 672 672 D KeyguardViewMediator: showLocked
01-04 15:54:39.958 672 672 D KeyguardViewMediator: adjustStatusBarLocked: mShowing=true mOccluded=false isSecure=false force=false --> flags=0x1200000
01-04 15:54:39.959 672 672 D KeyguardViewMediator: handleNotifyWakingUp
01-04 15:54:39.978 672 672 D KeyguardViewMediator: handleNotifyScreenTurningOn
01-04 15:54:39.980 672 672 D KeyguardClockSwitch: Updating clock: 354
01-04 15:54:39.980 535 556 V WindowManager: Orientation start waiting for draw, mDrawState=DRAW_PENDING in Window{5bafbc4 u0 NotificationShade}, surfaceController Surface(name=NotificationShade)/@0xb04dfca
01-04 15:54:39.996 672 672 D KeyguardViewMediator: handleNotifyScreenTurnedOn
01-04 15:54:39.997 672 672 D StatusBar: disable disable2
