01-04 15:54:27.553 369 369 V ImxC2Store: ImxC2Store::ImxC2Store BEGIN
01-04 15:54:27.554 369 369 E RegistryParser: open file /vendor/etc/c2_component_register_ms failed.
01-04 15:54:27.554 369 369 E RegistryParser: open file /vendor/etc/c2_component_register_ra failed.
01-04 15:54:27.555 369 369 V ImxC2Store: emplace component c2.imx.avc.decoder lib lib_imx_c2_videodec.so
01-04 15:54:27.555 369 369 V ImxC2Store: emplace component c2.imx.hevc.decoder lib lib_imx_c2_videodec.so
01-04 15:54:27.555 369 369 V ImxC2Store: emplace component c2.imx.vp8.decoder lib lib_imx_c2_videodec.so
01-04 15:54:27.555 369 369 V ImxC2Store: emplace component c2.imx.vp9.decoder lib lib_imx_c2_videodec.so
01-04 15:54:27.555 369 369 V ImxC2Store: emplace component c2.imx.avc.encoder lib lib_imx_c2_videoenc.so
01-04 15:54:27.555 369 369 V ImxC2Store: emplace component c2.imx.vp8.encoder lib lib_imx_c2_videoenc.so
01-04 15:54:27.555 369 369 V ImxC2Store: emplace component c2.imx.mp3.decoder.sw lib lib_c2_imx_mp3_dec.so
01-04 15:54:27.555 369 369 V ImxC2Store: ImxC2Store::ImxC2Store END
01-04 15:54:27.558 369 369 I HidlServiceManagement: Registered android.hardware.media.c2@1.0::IComponentStore/default
01-04 15:54:27.558 369 369 I HidlServiceManagement: Removing namespace from process name android.hardware.media.c2@1.0-service to c2@1.0-service.
01-04 15:54:27.559 369 369 I ImxService: Codec2's ImxC2Store service created.
01-04 15:54:27.560 369 369 D MediaCodecsXmlParser: parsing /vendor/etc/media_codecs.xml...
01-04 15:54:27.566 369 369 D MediaCodecsXmlParser: parsing /vendor/etc/media_codecs_performance.xml...
01-04 15:54:27.567 369 369 D MediaCodecsXmlParser: Cannot find /data/misc/media/media_codecs_profiling_results.xml
01-04 15:54:27.569 369 369 I HidlServiceManagement: Registered android.hardware.media.omx@1.0::IOmxStore/default
01-04 15:54:27.569 369 369 D ImxService: Register ImxC2Store service success
01-04 15:54:27.570 361 361 I CameraProviderHwlImpl: video capabilities 0x84208000
01-04 15:54:27.571 361 361 W CameraProviderHwlImpl: getNodeName dev path:/dev/video2 is not capture
01-04 15:54:27.571 0 0 W healthd : battery l=85 v=3 t=35.0 h=2 st=2 c=400000 fc=4000000 cc=32 chg=au
01-04 15:54:27.578 360 400 I CamPrvdr@2.4-external: threadLoop start monitoring new V4L2 devices
01-04 15:54:27.579 342 342 I ServiceManager: Waiting for service 'statscompanion' on '/dev/binder'...
01-04 15:54:27.582 361 361 W CameraProviderHwlImpl: matchDevNodes: dev path /dev/video2 getNodeName failed
01-04 15:54:27.583 361 361 I CameraProviderHwlImpl: getNodeName: dev path:/dev/video0
01-04 15:54:27.583 361 361 I CameraProviderHwlImpl: video capabilities 0x84200001
01-04 15:54:27.583 361 361 I CameraProviderHwlImpl: getNodeName: node name:mx6s-csi, bus info: platform:32e20000.csi1_bridge
01-04 15:54:27.583 361 361 I CameraProviderHwlImpl: NodeName: node name:mx6s-csi,mx6s-csi
01-04 15:54:27.583 361 361 I CameraProviderHwlImpl: matchPropertyName: index:0, target devName:mx6s-csi, devNodeName:mx6s-csi,mx6s-csi, devBusInfo:platform:32e20000.csi1_bridge, devNode:/dev/video0
01-04 15:54:27.583 361 361 I CameraProviderHwlImpl: Camera index 0: name mx6s-csi,mx6s-csi, Facing 0, orientation 0, dev path /dev/video0
01-04 15:54:27.583 361 361 I CameraProviderHwlImpl: Create: Created CameraProviderHwlImpl
01-04 15:54:27.583 361 361 E GCH_CameraProvider: Initialize: HWL doesn't support vendor buffer allocation Function not implemented(-38)
01-04 15:54:27.584 361 361 I CameraProviderHwlImpl: SetCallback
01-04 15:54:27.587 361 361 I HidlServiceManagement: Registered android.hardware.camera.provider@2.6::ICameraProvider/internal/0
01-04 15:54:27.587 361 361 I HidlServiceManagement: Removing namespace from process name android.hardware.camera.provider@2.6-service-google to provider@2.6-service-google.
01-04 15:54:27.588 361 361 I LegacySupport: Registration complete for android.hardware.camera.provider@2.6::ICameraProvider/internal/0.
01-04 15:54:27.636 344 344 D AndroidRuntime: >>>>>> START com.android.internal.os.ZygoteInit uid 0 <<<<<<
01-04 15:54:27.636 344 344 I boot_progress_start: 8974
01-04 15:54:27.662 345 345 D AndroidRuntime: >>>>>> START com.android.internal.os.ZygoteInit uid 0 <<<<<<
01-04 15:54:27.673 419 419 I gsid : no DSU: No such file or directory
01-04 15:54:27.680 342 342 I ServiceManager: Waiting for service 'statscompanion' on '/dev/binder'...
01-04 15:54:27.681 344 344 I AndroidRuntime: Using default boot image
01-04 15:54:27.681 344 344 I AndroidRuntime: Leaving lock profiling enabled
01-04 15:54:27.696 344 344 I zygote64: option[0]=-Xzygote
01-04 15:54:27.697 344 344 I zygote64: option[1]=exit
01-04 15:54:27.697 344 344 I zygote64: option[2]=vfprintf
01-04 15:54:27.697 344 344 I zygote64: option[3]=sensitiveThread
01-04 15:54:27.697 344 344 I zygote64: option[4]=-verbose:gc
01-04 15:54:27.697 344 344 I zygote64: option[5]=-XX:PerfettoHprof=true
01-04 15:54:27.697 344 344 I zygote64: option[6]=-Xprimaryzygote
01-04 15:54:27.697 344 344 I zygote64: option[7]=-Xms16m
01-04 15:54:27.697 344 344 I zygote64: option[8]=-Xmx512m
01-04 15:54:27.697 344 344 I zygote64: option[9]=-XX:HeapGrowthLimit=192m
01-04 15:54:27.697 344 344 I zygote64: option[10]=-XX:HeapMinFree=512k
01-04 15:54:27.697 344 344 I zygote64: option[11]=-XX:HeapMaxFree=8m
01-04 15:54:27.697 344 344 I zygote64: option[12]=-XX:HeapTargetUtilization=0.75
01-04 15:54:27.697 344 344 I zygote64: option[13]=-Xusejit:true
01-04 15:54:27.697 344 344 I zygote64: option[14]=-Xjitsaveprofilinginfo
01-04 15:54:27.697 344 344 I zygote64: option[15]=-XjdwpOptions:suspend=n,server=y
01-04 15:54:27.697 344 344 I zygote64: option[16]=-XjdwpProvider:default
01-04 15:54:27.697 344 344 I zygote64: option[17]=-Xopaque-jni-ids:swapable
01-04 15:54:27.697 344 344 I zygote64: option[18]=-Xlockprofthreshold:500
01-04 15:54:27.697 344 344 I zygote64: option[19]=-Xcompiler-option
01-04 15:54:27.697 344 344 I zygote64: option[20]=--instruction-set-variant=cortex-a53
01-04 15:54:27.697 344 344 I zygote64: option[21]=-Xcompiler-option
01-04 15:54:27.697 344 344 I zygote64: option[22]=--instruction-set-features=default
01-04 15:54:27.697 344 344 I zygote64: option[23]=-Xcompiler-option
01-04 15:54:27.697 344 344 I zygote64: option[24]=--generate-mini-debug-info
01-04 15:54:27.697 344 344 I zygote64: option[25]=-Ximage-compiler-option
01-04 15:54:27.697 344 344 I zygote64: option[26]=--runtime-arg
01-04 15:54:27.697 344 344 I zygote64: option[27]=-Ximage-compiler-option
01-04 15:54:27.698 344 344 I zygote64: option[28]=-Xms64m
01-04 15:54:27.698 344 344 I zygote64: option[29]=-Ximage-compiler-option
01-04 15:54:27.698 344 344 I zygote64: option[30]=--runtime-arg
01-04 15:54:27.698 344 344 I zygote64: option[31]=-Ximage-compiler-option
01-04 15:54:27.698 344 344 I zygote64: option[32]=-Xmx64m
01-04 15:54:27.698 344 344 I zygote64: option[33]=-Ximage-compiler-option
01-04 15:54:27.698 344 344 I zygote64: option[34]=--dirty-image-objects=/system/etc/dirty-image-objects
01-04 15:54:27.698 344 344 I zygote64: option[35]=-Ximage-compiler-option
01-04 15:54:27.698 344 344 I zygote64: option[36]=--instruction-set-variant=cortex-a53
01-04 15:54:27.698 344 344 I zygote64: option[37]=-Ximage-compiler-option
01-04 15:54:27.698 344 344 I zygote64: option[38]=--instruction-set-features=default
01-04 15:54:27.698 344 344 I zygote64: option[39]=-Ximage-compiler-option
01-04 15:54:27.698 344 344 I zygote64: option[40]=--generate-mini-debug-info
01-04 15:54:27.698 344 344 I zygote64: option[41]=-Duser.locale=en-US
01-04 15:54:27.698 344 344 I zygote64: option[42]=--cpu-abilist=arm64-v8a
01-04 15:54:27.698 344 344 I zygote64: option[43]=-Xcore-platform-api-policy:just-warn
01-04 15:54:27.698 344 344 I zygote64: option[44]=-Xfingerprint:Android/evk_8mm/evk_8mm:11/RQ2A.210505.002/eng.kausha.20211207.163441:userdebug/dev-keys
01-04 15:54:27.699 391 391 I FastMixerState: sMaxFastTracks = 8
01-04 15:54:27.706 391 391 V MediaUtils: physMem: 2029920256
01-04 15:54:27.706 391 391 V MediaUtils: requested limit: 405984040
01-04 15:54:27.706 391 391 I libc : malloc_limit: Allocation limit enabled, max size 405984040 bytes
01-04 15:54:27.710 345 345 I AndroidRuntime: Using default boot image
01-04 15:54:27.711 345 345 I AndroidRuntime: Leaving lock profiling enabled
01-04 15:54:27.713 391 391 I audioserver: ServiceManager: 0xb400f8eb4f3722e0
01-04 15:54:27.714 391 391 W BatteryNotifier: batterystats service unavailable!
01-04 15:54:27.719 344 344 I zygote64: Core platform API reporting enabled, enforcing=false
01-04 15:54:27.720 345 345 I zygote : option[0]=-Xzygote
01-04 15:54:27.720 345 345 I zygote : option[1]=exit
01-04 15:54:27.720 345 345 I zygote : option[2]=vfprintf
01-04 15:54:27.720 345 345 I zygote : option[3]=sensitiveThread
01-04 15:54:27.720 345 345 I zygote : option[4]=-verbose:gc
01-04 15:54:27.720 345 345 I zygote : option[5]=-XX:PerfettoHprof=true
01-04 15:54:27.720 345 345 I zygote : option[6]=-Xms16m
01-04 15:54:27.720 345 345 I zygote : option[7]=-Xmx512m
01-04 15:54:27.720 345 345 I zygote : option[8]=-XX:HeapGrowthLimit=192m
01-04 15:54:27.720 345 345 I zygote : option[9]=-XX:HeapMinFree=512k
01-04 15:54:27.720 345 345 I zygote : option[10]=-XX:HeapMaxFree=8m
01-04 15:54:27.720 345 345 I zygote : option[11]=-XX:HeapTargetUtilization=0.75
01-04 15:54:27.720 345 345 I zygote : option[12]=-Xusejit:true
01-04 15:54:27.720 345 345 I zygote : option[13]=-Xjitsaveprofilinginfo
01-04 15:54:27.720 345 345 I zygote : option[14]=-XjdwpOptions:suspend=n,server=y
01-04 15:54:27.721 345 345 I zygote : option[15]=-XjdwpProvider:default
01-04 15:54:27.721 345 345 I zygote : option[16]=-Xopaque-jni-ids:swapable
01-04 15:54:27.721 345 345 I zygote : option[17]=-Xlockprofthreshold:500
01-04 15:54:27.721 345 345 I zygote : option[18]=-Xcompiler-option
01-04 15:54:27.721 345 345 I zygote : option[19]=--instruction-set-variant=cortex-a9
01-04 15:54:27.721 345 345 I zygote : option[20]=-Xcompiler-option
01-04 15:54:27.721 345 345 I zygote : option[21]=--instruction-set-features=default
01-04 15:54:27.721 345 345 I zygote : option[22]=-Xcompiler-option
01-04 15:54:27.721 345 345 I zygote : option[23]=--generate-mini-debug-info
01-04 15:54:27.721 345 345 I zygote : option[24]=-Ximage-compiler-option
01-04 15:54:27.721 345 345 I zygote : option[25]=--runtime-arg
01-04 15:54:27.721 345 345 I zygote : option[26]=-Ximage-compiler-option
01-04 15:54:27.721 345 345 I zygote : option[27]=-Xms64m
01-04 15:54:27.721 345 345 I zygote : option[28]=-Ximage-compiler-option
01-04 15:54:27.721 345 345 I zygote : option[29]=--runtime-arg
01-04 15:54:27.721 345 345 I zygote : option[30]=-Ximage-compiler-option
01-04 15:54:27.721 345 345 I zygote : option[31]=-Xmx64m
01-04 15:54:27.721 345 345 I zygote : option[32]=-Ximage-compiler-option
01-04 15:54:27.721 345 345 I zygote : option[33]=--dirty-image-objects=/system/etc/dirty-image-objects
01-04 15:54:27.721 345 345 I zygote : option[34]=-Ximage-compiler-option
01-04 15:54:27.721 345 345 I zygote : option[35]=--instruction-set-variant=cortex-a9
01-04 15:54:27.721 345 345 I zygote : option[36]=-Ximage-compiler-option
01-04 15:54:27.721 345 345 I zygote : option[37]=--instruction-set-features=default
01-04 15:54:27.721 345 345 I zygote : option[38]=-Ximage-compiler-option
01-04 15:54:27.721 345 345 I zygote : option[39]=--generate-mini-debug-info
01-04 15:54:27.721 345 345 I zygote : option[40]=-Duser.locale=en-US
01-04 15:54:27.721 345 345 I zygote : option[41]=--cpu-abilist=armeabi-v7a,armeabi
01-04 15:54:27.721 345 345 I zygote : option[42]=-Xcore-platform-api-policy:just-warn
01-04 15:54:27.721 345 345 I zygote : option[43]=-Xfingerprint:Android/evk_8mm/evk_8mm:11/RQ2A.210505.002/eng.kausha.20211207.163441:userdebug/dev-keys
01-04 15:54:27.736 345 345 I zygote : Core platform API reporting enabled, enforcing=false
01-04 15:54:27.771 232 232 I hwservicemanager: getTransport: Cannot find entry android.hardware.configstore@1.0::ISurfaceFlingerConfigs/default in either framework or device manifest.
01-04 15:54:27.773 404 404 I SurfaceFlinger: Using HWComposer service: 'default'
01-04 15:54:27.774 404 404 I SurfaceFlinger: SurfaceFlinger is starting
01-04 15:54:27.775 232 232 I hwservicemanager: getTransport: Cannot find entry android.hardware.configstore@1.1::ISurfaceFlingerConfigs/default in either framework or device manifest.
01-04 15:54:27.777 391 391 I ServiceManager: Waiting for service 'media.metrics' on '/dev/binder'...
01-04 15:54:27.778 404 404 I SurfaceFlinger: Disabling blur effects, they are not supported.
01-04 15:54:27.778 404 404 I SurfaceFlinger: Treble testing override: 'false'
01-04 15:54:27.780 342 342 I ServiceManager: Waiting for service 'statscompanion' on '/dev/binder'...
01-04 15:54:27.785 404 404 I SurfaceFlinger: SurfaceFlinger's main thread ready to run. Initializing graphics H/W...
01-04 15:54:27.785 404 404 D RenderEngine: RenderEngine GLES Backend
01-04 15:54:27.822 404 404 D libEGL : loaded /vendor/lib64/egl/libEGL_VIVANTE.so
01-04 15:54:27.837 431 431 I bootstat: Service started: /system/bin/bootstat --set_system_boot_reason
01-04 15:54:27.867 431 431 I bootstat: Canonical boot reason: reboot,shell
01-04 15:54:27.868 431 431 I bootstat: Canonical boot reason: reboot,shell
01-04 15:54:27.875 432 432 I perfetto: probes.cc:77 Starting /system/bin/traced_probes service
01-04 15:54:27.876 432 432 I perfetto: probes_producer.cc:117 Disconnected from tracing service
01-04 15:54:27.879 391 391 I ServiceManager: Waiting for service 'media.metrics' on '/dev/binder'...
01-04 15:54:27.881 342 342 I ServiceManager: Waiting for service 'statscompanion' on '/dev/binder'...
01-04 15:54:27.882 433 433 W perfetto: service.cc:97 Started traced, listening on /dev/socket/traced_producer /dev/socket/traced_consumer
01-04 15:54:27.896 404 404 D libEGL : loaded /vendor/lib64/egl/libGLESv1_CM_VIVANTE.so
01-04 15:54:27.901 404 404 D libEGL : loaded /vendor/lib64/egl/libGLESv2_VIVANTE.so
01-04 15:54:27.902 417 417 I mediaserver: ServiceManager: 0xf09007b0
01-04 15:54:27.911 417 417 D mediaserver: Time zone APEX ICU file found: /apex/com.android.tzdata/etc/icu/icu_tzdata.dat
01-04 15:54:27.930 431 431 I bootstat: Last reboot reason read from /metadata/bootstat/persist.sys.boot.reason : reboot,shell. Last reboot reason read from persist.sys.boot.reason : reboot,shell
01-04 15:54:27.930 431 431 I bootstat: Normalized last reboot reason : reboot,shell
01-04 15:54:27.978 417 417 D mediaserver: I18n APEX ICU file found: /apex/com.android.i18n/etc/icu/icudt66l.dat
01-04 15:54:27.979 391 391 I ServiceManager: Waiting for service 'media.metrics' on '/dev/binder'...
01-04 15:54:27.982 342 342 I ServiceManager: Waiting for service 'statscompanion' on '/dev/binder'...
01-04 15:54:27.985 439 439 I installd: installd firing up
01-04 15:54:27.992 404 404 W RenderEngine: no suitable EGLConfig found, trying a simpler query
01-04 15:54:27.992 404 404 I RenderEngine: EGL information:
01-04 15:54:27.993 404 404 I RenderEngine: vendor : Android
01-04 15:54:27.993 404 404 I RenderEngine: version : 1.5 Android META-EGL
01-04 15:54:27.993 404 404 I RenderEngine: extensions: EGL_KHR_get_all_proc_addresses EGL_ANDROID_presentation_time EGL_KHR_swap_buffers_with_damage EGL_ANDROID_get_native_client_buffer EGL_ANDROID_front_buffer_auto_refresh EGL_ANDROID_get_frame_timestamps EGL_EXT_surface_SMPTE2086_metadata EGL_EXT_surface_CTA861_3_metadata EGL_KHR_image EGL_KHR_image_base EGL_KHR_image_pixmap EGL_KHR_lock_surface EGL_KHR_gl_texture_2D_image EGL_KHR_gl_texture_cubemap_image EGL_KHR_gl_renderbuffer_image EGL_KHR_reusable_sync EGL_KHR_fence_sync EGL_KHR_create_context EGL_KHR_surfaceless_context EGL_ANDROID_image_native_buffer EGL_KHR_wait_sync EGL_ANDROID_recordable EGL_KHR_partial_update EGL_EXT_pixel_format_float EGL_EXT_buffer_age
01-04 15:54:27.993 404 404 I RenderEngine: Client API: OpenGL_ES
01-04 15:54:27.993 404 404 I RenderEngine: EGLSurface: 8-8-8-8, config=0x15
01-04 15:54:28.016 417 417 W BatteryNotifier: batterystats service unavailable!
01-04 15:54:28.019 417 417 W BatteryNotifier: batterystats service unavailable!
01-04 15:54:28.079 432 432 I perfetto: probes_producer.cc:100 Connected to the service
01-04 15:54:28.086 342 342 I ServiceManager: Waiting for service 'statscompanion' on '/dev/binder'...
01-04 15:54:28.090 391 391 I ServiceManager: Waiting for service 'media.metrics' on '/dev/binder'...
01-04 15:54:28.096 454 454 I auditd : type=1400 audit(0.0:8): avc: denied { read } for comm="gpsd_wrapper" name="u:object_r:system_prop:s0" dev="tmpfs" ino=196 scontext=u:r:gpsd:s0 tcontext=u:object_r:system_prop:s0 tclass=file permissive=1
01-04 15:54:28.096 454 454 I gpsd_wrapper: type=1400 audit(0.0:8): avc: denied { read } for name="u:object_r:system_prop:s0" dev="tmpfs" ino=196 scontext=u:r:gpsd:s0 tcontext=u:object_r:system_prop:s0 tclass=file permissive=1
01-04 15:54:28.104 454 454 I auditd : type=1400 audit(0.0:9): avc: denied { open } for comm="gpsd_wrapper" path="/dev/__properties__/u:object_r:system_prop:s0" dev="tmpfs" ino=196 scontext=u:r:gpsd:s0 tcontext=u:object_r:system_prop:s0 tclass=file permissive=1
01-04 15:54:28.104 454 454 I gpsd_wrapper: type=1400 audit(0.0:9): avc: denied { open } for path="/dev/__properties__/u:object_r:system_prop:s0" dev="tmpfs" ino=196 scontext=u:r:gpsd:s0 tcontext=u:object_r:system_prop:s0 tclass=file permissive=1
01-04 15:54:28.104 454 454 I auditd : type=1400 audit(0.0:10): avc: denied { getattr } for comm="gpsd_wrapper" path="/dev/__properties__/u:object_r:system_prop:s0" dev="tmpfs" ino=196 scontext=u:r:gpsd:s0 tcontext=u:object_r:system_prop:s0 tclass=file permissive=1
01-04 15:54:28.104 454 454 I gpsd_wrapper: type=1400 audit(0.0:10): avc: denied { getattr } for path="/dev/__properties__/u:object_r:system_prop:s0" dev="tmpfs" ino=196 scontext=u:r:gpsd:s0 tcontext=u:object_r:system_prop:s0 tclass=file permissive=1
01-04 15:54:28.104 454 454 I auditd : type=1400 audit(0.0:11): avc: denied { map } for comm="gpsd_wrapper" path="/dev/__properties__/u:object_r:system_prop:s0" dev="tmpfs" ino=196 scontext=u:r:gpsd:s0 tcontext=u:object_r:system_prop:s0 tclass=file permissive=1
01-04 15:54:28.104 454 454 I gpsd_wrapper: type=1400 audit(0.0:11): avc: denied { map } for path="/dev/__properties__/u:object_r:system_prop:s0" dev="tmpfs" ino=196 scontext=u:r:gpsd:s0 tcontext=u:object_r:system_prop:s0 tclass=file permissive=1
01-04 15:54:28.106 454 454 D gpsd_wrapper: Starting gpsd: /vendor/bin/logwrapper /vendor/bin/gpsd -Nn -G -D5 -s115200 /dev/ttyUSB0
01-04 15:54:28.111 452 452 I wificond: wificond is starting up...
01-04 15:54:28.126 452 452 I HidlServiceManagement: Registered android.system.wifi.keystore@1.0::IKeystore/default
01-04 15:54:28.142 404 404 I display : open gpu gralloc module!
01-04 15:54:28.182 366 366 I gralloc_driver: is_supported check descriptor name=placeholder, width=1, height=1, droid_format=RGBA8888, usage=GPU_RENDER_TARGET|GPU_TEXTURE
01-04 15:54:28.183 366 366 E ion : ioctl c0044901 failed with code -1: Inappropriate ioctl for device
01-04 15:54:28.187 342 342 I ServiceManager: Waiting for service 'statscompanion' on '/dev/binder'...
01-04 15:54:28.191 391 391 I ServiceManager: Waiting for service 'media.metrics' on '/dev/binder'...
01-04 15:54:28.192 404 404 I RenderEngine: OpenGL ES informations:
01-04 15:54:28.192 404 404 I RenderEngine: vendor : Vivante Corporation
01-04 15:54:28.192 404 404 I RenderEngine: renderer : Vivante GC7000NanoUltra
01-04 15:54:28.192 404 404 I RenderEngine: version : OpenGL ES 2.0 V6.4.3.p2.336687
01-04 15:54:28.192 404 404 I RenderEngine: extensions: GL_EXT_debug_marker GL_OES_vertex_half_float GL_OES_element_index_uint GL_OES_mapbuffer GL_OES_vertex_array_object GL_OES_compressed_ETC1_RGB8_texture GL_OES_compressed_paletted_texture GL_OES_texture_npot GL_OES_rgb8_rgba8 GL_OES_depth_texture GL_OES_depth_texture_cube_map GL_OES_depth24 GL_OES_depth32 GL_OES_packed_depth_stencil GL_OES_fbo_render_mipmap GL_OES_get_program_binary GL_OES_fragment_precision_high GL_OES_standard_derivatives GL_OES_EGL_image GL_OES_EGL_image_external GL_OES_EGL_image_external_essl3 GL_OES_EGL_sync GL_OES_required_internalformat GL_OES_surfaceless_context GL_OES_texture_border_clamp GL_EXT_texture_type_2_10_10_10_REV GL_EXT_texture_compression_dxt1 GL_EXT_texture_format_BGRA8888 GL_EXT_texture_compression_s3tc GL_EXT_read_format_bgra GL_EXT_multi_draw_arrays GL_EXT_frag_depth GL_EXT_discard_framebuffer GL_EXT_blend_minmax GL_EXT_multisampled_render_to_texture GL_EXT_robustness GL_EXT_texture_sRGB_decode GL_EXT_texture_border_clamp GL_EXT_texture_rg GL_VIV_direct_text
01-04 15:54:28.192 404 404 I RenderEngine: GL_MAX_TEXTURE_SIZE = 8192
01-04 15:54:28.192 404 404 I RenderEngine: GL_MAX_VIEWPORT_DIMS = 8192
01-04 15:54:28.210 367 405 I display : open gpu gralloc module!
01-04 15:54:28.214 367 367 I display : g2d 2D composition enabled!
01-04 15:54:28.265 367 367 I display : Default g2d lib: libg2d-viv.so
01-04 15:54:28.269 446 446 I keystore: found android.hardware.keymaster@4.0::IKeymasterDevice with interface name default and seclevel SOFTWARE
01-04 15:54:28.270 232 232 I hwservicemanager: getTransport: Cannot find entry android.hardware.keymaster@3.0::IKeymasterDevice/default in either framework or device manifest.
01-04 15:54:28.271 446 446 W keystore: No secure Keymaster implementation found, but device offers insecure Keymaster HAL. Using as default.
01-04 15:54:28.284 448 448 V MediaUtils: physMem: 2029920256
01-04 15:54:28.284 448 448 V MediaUtils: requested limit: 134217728
01-04 15:54:28.284 448 448 I libc : malloc_limit: Allocation limit enabled, max size 134217728 bytes
01-04 15:54:28.288 342 342 I ServiceManager: Waiting for service 'statscompanion' on '/dev/binder'...
01-04 15:54:28.292 391 391 I ServiceManager: Waiting for service 'media.metrics' on '/dev/binder'...
01-04 15:54:28.296 448 448 D AudioPowerUsage: AudioPowerUsage
01-04 15:54:28.296 448 448 D AudioAnalytics: AudioAnalytics
01-04 15:54:28.297 448 448 D MediaMetricsService: MediaMetricsService
01-04 15:54:28.298 367 367 I display : load /vendor/lib64/libg2d-viv.so library!
01-04 15:54:28.299 367 367 I display : Display ctor, mSyncHandle 0x5b9fd51447eb7c11, m_sw_sync_timeline_create 0xe09f2eaa56f0, mTimelineFd -1
01-04 15:54:28.322 367 367 I chatty : uid=1000(system) composer@2.4-se identical 34 lines
01-04 15:54:28.323 367 367 I display : Display ctor, mSyncHandle 0x5b9fd51447eb7c11, m_sw_sync_timeline_create 0xe09f2eaa56f0, mTimelineFd -1
01-04 15:54:28.323 367 367 I display : try dev:/dev/dri/card0
01-04 15:54:28.323 367 367 E display : Failed to set universal plane cap -1
01-04 15:54:28.323 367 367 I display : try dev:/dev/dri/card1
01-04 15:54:28.323 367 367 I display : primary display in bootargs:imx-drm, drm version of /dev/dri/card1:imx-drm
01-04 15:54:28.324 367 367 I libedid : Try to check fd 10 connector:35 edid info
01-04 15:54:28.348 345 345 D zygote : Time zone APEX ICU file found: /apex/com.android.tzdata/etc/icu/icu_tzdata.dat
01-04 15:54:28.348 345 345 D zygote : I18n APEX ICU file found: /apex/com.android.i18n/etc/icu/icudt66l.dat
01-04 15:54:28.349 344 344 D zygote64: Time zone APEX ICU file found: /apex/com.android.tzdata/etc/icu/icu_tzdata.dat
01-04 15:54:28.353 344 344 D zygote64: I18n APEX ICU file found: /apex/com.android.i18n/etc/icu/icudt66l.dat
01-04 15:54:28.359 465 465 I usbd : Usb HAL found.
01-04 15:54:28.359 465 465 I usbd : peristent prop is adb
01-04 15:54:28.370 450 450 I ServiceManager: Waiting for service 'package_native' on '/dev/binder'...
01-04 15:54:28.376 367 367 I display : readConnection: id:1, connection: connected, count_modes:7, count_encoders:1
01-04 15:54:28.382 367 367 I display : Require mode:width:1920, height:1080, vrefresh 60, prefermode 1
01-04 15:54:28.382 466 466 I gpsd : gpsd:INFO: launching (Version 3.23.2~dev, revision 3.23.2~dev)
01-04 15:54:28.382 367 367 I display : Find best mode w:1920, h:1080, vrefresh:60 at mode index 0
01-04 15:54:28.382 367 367 E display : can't find property ID for 'ANDROID_OUT_FENCE_PTR'.
01-04 15:54:28.383 367 367 E display : can't find property ID for 'HDR_OUTPUT_METADATA'.
01-04 15:54:28.383 367 367 E display : can't find property ID for 'alpha'.
01-04 15:54:28.384 367 367 E display : can't find property ID for 'dtrc_table_ofs'.
01-04 15:54:28.384 367 367 W display : Display index= 1
01-04 15:54:28.384 367 367 W display : configId = 0
01-04 15:54:28.384 367 367 W display : xres = 1920 px
01-04 15:54:28.384 367 367 W display : yres = 1080 px
01-04 15:54:28.384 367 367 W display : format = 1
01-04 15:54:28.384 367 367 W display : xdpi = 118.95 ppi
01-04 15:54:28.384 367 367 W display : ydpi = 119.27 ppi
01-04 15:54:28.384 367 367 W display : fps = 60.00 Hz
01-04 15:54:28.384 367 367 W display : mode.width = 1920 px
01-04 15:54:28.384 367 367 W display : mode.height = 1080 px
01-04 15:54:28.386 466 466 I gpsd : gpsd:IO: opening IPv4 socket
01-04 15:54:28.386 466 466 I gpsd : gpsd:IO: opening IPv6 socket
01-04 15:54:28.388 342 342 I ServiceManager: Waiting for service 'statscompanion' on '/dev/binder'...
01-04 15:54:28.389 388 397 I android.hardware.usb.gadget@1.1-service.imx: setCurrentUsbFunctions None
01-04 15:54:28.390 388 397 I android.hardware.usb.gadget@1.1-service.imx: Gadget cannot be pulled down
01-04 15:54:28.390 466 466 I gpsd : gpsd:INFO: listening on port gpsd
01-04 15:54:28.390 388 397 I android.hardware.usb.gadget@1.1-service.imx: mMonitor not running
01-04 15:54:28.390 466 466 E gpsd : gpsd:ERROR: NTP: shmget(1314148400, 96, 600) fail: Function not implemented
01-04 15:54:28.390 466 466 E gpsd : gpsd:ERROR: NTP: shmget(1314148401, 96, 600) fail: Function not implemented
01-04 15:54:28.390 466 466 E gpsd : gpsd:ERROR: NTP: shmget(1314148402, 96, 666) fail: Function not implemented
01-04 15:54:28.391 367 367 E ion : ioctl c0044901 failed with code -1: Inappropriate ioctl for device
01-04 15:54:28.393 391 391 I AudioFlinger: Using default 3000 mSec as standby time.
01-04 15:54:28.393 466 466 E gpsd : gpsd:ERROR: NTP: shmget(1314148403, 96, 666) fail: Function not implemented
01-04 15:54:28.393 466 466 E gpsd : gpsd:ERROR: NTP: shmget(1314148404, 96, 666) fail: Function not implemented
01-04 15:54:28.394 466 466 E gpsd : gpsd:ERROR: NTP: shmget(1314148405, 96, 666) fail: Function not implemented
01-04 15:54:28.394 466 466 E gpsd : gpsd:ERROR: NTP: shmget(1314148406, 96, 666) fail: Function not implemented
01-04 15:54:28.394 466 466 E gpsd : gpsd:ERROR: NTP: shmget(1314148407, 96, 666) fail: Function not implemented
01-04 15:54:28.394 466 466 E gpsd : gpsd:ERROR: shmget(0x47505344, 26720, 0666) for SHM export failed: Function not implemented
01-04 15:54:28.395 448 468 I ServiceManager: Waiting for service 'package_native' on '/dev/binder'...
01-04 15:54:28.397 391 391 E APM::Serializer: deserialize: Could not parse /odm/etc/audio_policy_configuration.xml document.
01-04 15:54:28.407 466 466 I gpsd : gpsd:INFO: stashing device /dev/ttyUSB0 at slot 0
01-04 15:54:28.420 466 466 I gpsd : gpsd:PROG: CORE: no /vendor/etc/gpsd/device-hook present, skipped running ACTIVATE hook. No such file or directory(2)
01-04 15:54:28.420 466 466 E gpsd : gpsd:ERROR: SER: stat(/dev/ttyUSB0) failed: No such file or directory(2)
01-04 15:54:28.420 466 466 I gpsd : gpsd:PROG: CORE: from gpsd_activate() fd -1
01-04 15:54:28.421 447 447 V MediaUtils: physMem: 2029920256
01-04 15:54:28.422 447 447 V MediaUtils: requested limit: 405984040
01-04 15:54:28.422 447 447 I libc : malloc_limit: Allocation limit enabled, max size 405984040 bytes
01-04 15:54:28.430 462 462 I gatekeeperd: Starting gatekeeperd...
01-04 15:54:28.434 466 466 E gpsd : gpsd:ERROR: initial GPS device /dev/ttyUSB0 open failed
01-04 15:54:28.434 466 466 E gpsd : gpsd:ERROR: can't run with neither control socket nor devices open
01-04 15:54:28.436 456 456 I gpsd : gpsd terminated by exit(1)
01-04 15:54:28.443 345 345 I zygote : Using memfd for future sealing
01-04 15:54:28.446 345 345 W zygote : Using default instruction set features for ARM CPU variant (cortex-a9) using conservative defaults
01-04 15:54:28.451 344 344 I zygote64: Using memfd for future sealing
01-04 15:54:28.454 391 391 D APM_EngineLoader: Loaded engine from libaudiopolicyenginedefault.so
01-04 15:54:28.454 391 391 E APM::AudioPolicyEngine/Config: parse: Could not parse document /vendor/etc/audio_policy_engine_configuration.xml
01-04 15:54:28.455 453 453 I android.hardware.media.omx@1.0-service: mediacodecservice starting
01-04 15:54:28.462 447 447 W mediaextractor: libminijail[447]: failed to get path of fd 4: No such file or directory
01-04 15:54:28.463 453 453 W android.hardware.media.omx@1.0-service: libminijail[453]: failed to get path of fd 4: No such file or directory
01-04 15:54:28.463 447 447 W mediaextractor: libminijail[447]: allowing syscall: connect
01-04 15:54:28.463 453 453 W android.hardware.media.omx@1.0-service: libminijail[453]: allowing syscall: clock_gettime
01-04 15:54:28.463 447 447 W mediaextractor: libminijail[447]: allowing syscall: fcntl
01-04 15:54:28.463 447 447 W mediaextractor: libminijail[447]: allowing syscall: sendto
01-04 15:54:28.463 453 453 W android.hardware.media.omx@1.0-service: libminijail[453]: allowing syscall: connect
01-04 15:54:28.463 447 447 W mediaextractor: libminijail[447]: allowing syscall: socket
01-04 15:54:28.463 453 453 W android.hardware.media.omx@1.0-service: libminijail[453]: allowing syscall: fcntl64
01-04 15:54:28.463 447 447 W mediaextractor: libminijail[447]: allowing syscall: writev
01-04 15:54:28.463 453 453 W android.hardware.media.omx@1.0-service: libminijail[453]: allowing syscall: socket
01-04 15:54:28.463 453 453 W android.hardware.media.omx@1.0-service: libminijail[453]: allowing syscall: writev
01-04 15:54:28.465 391 391 E libxml2 : I/O warning : failed to load external entity "/vendor/etc/audio_policy_engine_configuration.xml"
01-04 15:54:28.465 391 391 W APM::AudioPolicyEngine/Base: loadAudioPolicyEngineConfig: No configuration found, using default matching phone experience.
01-04 15:54:28.466 391 391 E APM::AudioPolicyEngine/Config: parseLegacyVolumeFile: Could not parse document /odm/etc/audio_policy_configuration.xml
01-04 15:54:28.466 391 391 E libxml2 : I/O warning : failed to load external entity "/odm/etc/audio_policy_configuration.xml"
01-04 15:54:28.468 447 447 W mediaextractor: libminijail[447]: compile_file: (54): nonexistent syscall 'ftruncate64'
01-04 15:54:28.468 447 447 W mediaextractor: libminijail[447]: logging seccomp filter failures
01-04 15:54:28.474 450 450 I ServiceManager: Waiting for service 'package_native' on '/dev/binder'...
01-04 15:54:28.483 453 453 W android.hardware.media.omx@1.0-service: libminijail[453]: compile_file: (65): nonexistent syscall 'select'
01-04 15:54:28.483 453 453 W android.hardware.media.omx@1.0-service: libminijail[453]: logging seccomp filter failures
01-04 15:54:28.487 453 453 E vndksupport: Could not load libstagefrighthw.so from default namespace: dlopen failed: library "libstagefrighthw.so" not found.
01-04 15:54:28.490 342 342 I ServiceManager: Waiting for service 'statscompanion' on '/dev/binder'...
01-04 15:54:28.496 448 468 I ServiceManager: Waiting for service 'package_native' on '/dev/binder'...
01-04 15:54:28.498 388 397 I android.hardware.usb.gadget@1.1-service.imx: setCurrentUsbFunctions Adb
01-04 15:54:28.498 388 397 E android.hardware.usb.gadget@1.1-service.imx: fail to add watch on
01-04 15:54:28.499 388 397 I android.hardware.usb.gadget@1.1-service.imx: Service started
01-04 15:54:28.499 388 397 I android.hardware.usb.gadget@1.1-service.imx: Usb Gadget setcurrent functions called successfully
01-04 15:54:28.504 0 0 I alloc_contig_range: [8eb00, 8f300) PFNs busy
01-04 15:54:28.505 391 391 W APM::AudioPolicyEngine/Base: loadAudioPolicyEngineConfig: No configuration of AUDIO_STREAM_CALL_ASSISTANT found, using default volume configuration
01-04 15:54:28.512 453 453 I SoftOMXPlugin: createOMXPlugin
01-04 15:54:28.513 453 453 D MediaCodecsXmlParser: parsing /vendor/etc/media_codecs.xml...
01-04 15:54:28.520 453 453 D MediaCodecsXmlParser: parsing /vendor/etc/media_codecs_performance.xml...
01-04 15:54:28.520 453 453 D MediaCodecsXmlParser: Cannot find /data/misc/media/media_codecs_profiling_results.xml
01-04 15:54:28.541 367 367 I display : enumKmsDisplay set 1 as primary display
01-04 15:54:28.543 453 453 I HidlServiceManagement: Registered android.hardware.media.omx@1.0::IOmx/default
01-04 15:54:28.543 453 453 I HidlServiceManagement: Removing namespace from process name android.hardware.media.omx@1.0-service to omx@1.0-service.
01-04 15:54:28.543 453 453 I android.hardware.media.omx@1.0-service: IOmx HAL service created.
01-04 15:54:28.544 453 453 D MediaCodecsXmlParser: parsing /vendor/etc/media_codecs.xml...
01-04 15:54:28.544 453 453 D MediaCodecsXmlParser: parsing /vendor/etc/media_codecs_performance.xml...
01-04 15:54:28.545 453 453 D MediaCodecsXmlParser: Cannot find /data/misc/media/media_codecs_profiling_results.xml
01-04 15:54:28.546 232 232 W hwservicemanager: Detected instance of android.hardware.media.omx@1.0::IOmxStore (pid: 453) registering over instance of or with base of android.hardware.media.omx@1.0::IOmxStore (pid: 369).
01-04 15:54:28.546 232 232 I hw-BpHwBinder: onLastStrongRef automatically unlinking death recipients
01-04 15:54:28.547 453 453 I HidlServiceManagement: Registered android.hardware.media.omx@1.0::IOmxStore/default
01-04 15:54:28.547 453 453 I HidlServiceManagement: Removing namespace from process name android.hardware.media.omx@1.0-service to omx@1.0-service.
01-04 15:54:28.552 1 1 I auditd : type=1107 audit(0.0:12): uid=0 auid=4294967295 ses=4294967295 subj=u:r:init:s0 msg='avc: denied { set } for property=vendor.display.state pid=367 uid=1000 gid=1003 scontext=u:r:hal_graphics_composer_default:s0 tcontext=u:object_r:vendor_default_prop:s0 tclass=property_service permissive=1'
01-04 15:54:28.552 1 1 I /system/bin/init: type=1107 audit(0.0:12): uid=0 auid=4294967295 ses=4294967295 subj=u:r:init:s0 msg='avc: denied { set } for property=vendor.display.state pid=367 uid=1000 gid=1003 scontext=u:r:hal_graphics_composer_default:s0 tcontext=u:object_r:vendor_default_prop:s0 tclass=property_service permissive=1'
01-04 15:54:28.552 367 367 E display : failed to set DPMS mode:3
01-04 15:54:28.555 367 367 E display : initBrightness cannot open default backlight file /sys/class/backlight/32e10000.mipi_dsi.0/max_brightness
01-04 15:54:28.555 367 367 E display : initBrightness cannot open backup backlight file /sys/class/backlight/pwm-backlight/max_brightness
01-04 15:54:28.556 367 367 I HidlServiceManagement: Registered nxp.hardware.display@1.0::IDisplay/default
01-04 15:54:28.558 404 404 I HWComposer: Switching to generalized multi-display mode
01-04 15:54:28.559 404 404 W DisplayIdentification: Invalid EDID: block 1 is truncated.
01-04 15:54:28.559 404 404 E HWComposer: isConnected failed for display 4692862395984384: Invalid display
01-04 15:54:28.563 404 495 W SurfaceFlinger: Ignoring VSYNC request while display is disconnected
01-04 15:54:28.563 404 495 W SurfaceFlinger: Ignoring VSYNC request while display is disconnected
01-04 15:54:28.563 404 496 W SurfaceFlinger: Ignoring VSYNC request while display is disconnected
01-04 15:54:28.564 404 496 W SurfaceFlinger: Ignoring VSYNC request while display is disconnected
01-04 15:54:28.564 404 495 W SurfaceFlinger: Ignoring VSYNC request while display is disconnected
01-04 15:54:28.564 404 495 W SurfaceFlinger: Ignoring VSYNC request while display is disconnected
01-04 15:54:28.565 404 404 I FramebufferSurface: framebuffer size has been limited to [1920x1080] from [1920x1080]
01-04 15:54:28.566 404 404 W HwcComposer: getPerFrameMetadataKeys failed with 8
01-04 15:54:28.566 366 366 I gralloc_driver: is_supported check descriptor name=FramebufferSurface, width=1920, height=1080, droid_format=RGBA8888, usage=COMPOSER_OVERLAY|GPU_RENDER_TARGET
01-04 15:54:28.574 344 344 W zygote64: JNI RegisterNativeMethods: attempt to register 0 native methods for android.media.AudioAttributes
01-04 15:54:28.577 358 358 I audio_hw_primary: enter parse_all_cards
01-04 15:54:28.577 358 358 I audio_hw_primary: parse audio cards config under /vendor/etc/configs/audio
01-04 15:54:28.577 450 450 I ServiceManager: Waiting for service 'package_native' on '/dev/binder'... --------- beginning of radio
01-04 15:54:28.578 455 455 D RILD : **RIL Daemon Started - Version 1.4.0-0**
01-04 15:54:28.578 455 455 D RILD : **RILd param count=1**
01-04 15:54:28.586 358 358 I audio_hw_primary: parse_one_card: parse /vendor/etc/configs/audio/micfil_config.json
01-04 15:54:28.588 358 358 I audio_hw_primary: parse_control: ctl idx 0, [CH0 Volume 5]
01-04 15:54:28.588 358 358 I audio_hw_primary: parse_control: ctl idx 1, [CH1 Volume 5]
01-04 15:54:28.588 358 358 I audio_hw_primary: parse_control: ctl idx 2, [CH2 Volume 5]
01-04 15:54:28.588 345 345 W zygote : JNI RegisterNativeMethods: attempt to register 0 native methods for android.media.AudioAttributes
01-04 15:54:28.588 358 358 I audio_hw_primary: parse_control: ctl idx 3, [CH3 Volume 5]
01-04 15:54:28.588 358 358 I audio_hw_primary: parse_control: ctl idx 4, [CH4 Volume 5]
01-04 15:54:28.588 358 358 I audio_hw_primary: parse_control: ctl idx 5, [CH5 Volume 5]
01-04 15:54:28.588 358 358 I audio_hw_primary: parse_control: ctl idx 6, [CH6 Volume 5]
01-04 15:54:28.588 358 358 I audio_hw_primary: parse_control: ctl idx 7, [CH7 Volume 5]
01-04 15:54:28.588 358 358 I audio_hw_primary: parse_one_card: driver name imx-audio-micfi, bus name (null), out_devices 0x0, in_devices 0x80000004, out_vol[0, 255], dsd 0, hfp 0, hdmi 0, multi_chn 0, out period_size 0, out period_count 0, in period_size 0, in period_count 0, secondary_bus_name: (null)
01-04 15:54:28.588 358 358 I audio_hw_primary: parse_one_card: parse /vendor/etc/configs/audio/wm8524_config.json
01-04 15:54:28.589 358 358 I audio_hw_primary: parse_one_card: driver name wm8524-audio, bus name (null), out_devices 0x2, in_devices 0x0, out_vol[0, 255], dsd 0, hfp 0, hdmi 0, multi_chn 0, out period_size 0, out period_count 0, in period_size 0, in period_count 0, secondary_bus_name: (null)
01-04 15:54:28.589 358 358 I audio_hw_primary: parse_one_card: parse /vendor/etc/configs/audio/tlv320aic31xx_config.json
01-04 15:54:28.589 358 358 I audio_hw_primary: parse_control: ctl idx 0, [DAC Playback Volume 100]
01-04 15:54:28.589 358 358 I audio_hw_primary: parse_volume_control: ctl idx 0, name DAC Playback Volume
01-04 15:54:28.590 358 358 I audio_hw_primary: parse_one_card: driver name tlv320aic31xx-Codec, bus name (null), out_devices 0xa, in_devices 0x0, out_vol[170, 255], dsd 0, hfp 0, hdmi 0, multi_chn 1, out period_size 0, out period_count 0, in period_size 0, in period_count 0, secondary_bus_name: (null)
01-04 15:54:28.590 358 358 I audio_hw_primary: parse_one_card: parse /vendor/etc/configs/audio/ak4497_config.json
01-04 15:54:28.590 344 344 I boot_progress_preload_start: 9928
01-04 15:54:28.590 344 344 D Zygote : begin preload
01-04 15:54:28.590 344 344 I Zygote : Calling ZygoteHooks.beginPreload()
01-04 15:54:28.591 358 358 I audio_hw_primary: parse_control: ctl idx 0, [AK4497 DAC Enable 1]
01-04 15:54:28.591 358 358 I audio_hw_primary: parse_control: ctl idx 1, [AK4497 Read FS Auto Detect Mode 0]
01-04 15:54:28.591 358 358 I audio_hw_primary: parse_control: ctl idx 2, [AK4497 DSD Data Input Pin 1]
01-04 15:54:28.591 358 358 I audio_hw_primary: parse_control: ctl idx 3, [AK4497 Soft Mute Control 0]
01-04 15:54:28.591 358 358 I audio_hw_primary: parse_one_card: driver name ak4497-audio, bus name (null), out_devices 0x20002, in_devices 0x0, out_vol[0, 255], dsd 1, hfp 0, hdmi 0, multi_chn 0, out period_size 0, out period_count 0, in period_size 0, in period_count 0, secondary_bus_name: (null)
01-04 15:54:28.591 358 358 I audio_hw_primary: parse_one_card: parse /vendor/etc/configs/audio/tlv320aic3x_config.json
01-04 15:54:28.591 342 342 I ServiceManager: Waiting for service 'statscompanion' on '/dev/binder'...
01-04 15:54:28.596 366 366 I gralloc_driver: is_supported check descriptor name=FramebufferSurface, width=1920, height=1080, droid_format=RGBA8888, usage=COMPOSER_OVERLAY|GPU_RENDER_TARGET
01-04 15:54:28.596 448 468 I ServiceManager: Waiting for service 'package_native' on '/dev/binder'...
01-04 15:54:28.599 358 358 I audio_hw_primary: parse_volume_control: ctl idx 0, name PCM Playback Volume
01-04 15:54:28.599 464 464 I update_engine: [INFO:main.cc(54)] A/B Update Engine starting
01-04 15:54:28.599 358 358 I audio_hw_primary: parse_one_card: driver name tlv320aic3x-Codec, bus name (null), out_devices 0xa, in_devices 0x80000014, out_vol[170, 255], dsd 0, hfp 0, hdmi 0, multi_chn 1, out period_size 0, out period_count 0, in period_size 0, in period_count 0, secondary_bus_name: (null)
01-04 15:54:28.600 358 358 I audio_hw_primary: parse_one_card: parse /vendor/etc/configs/audio/btsco_config.json
01-04 15:54:28.605 366 366 I gralloc_driver: is_supported check descriptor name=FramebufferSurface, width=1920, height=1080, droid_format=RGBA8888, usage=COMPOSER_OVERLAY|GPU_RENDER_TARGET
01-04 15:54:28.610 358 358 I audio_hw_primary: parse_one_card: driver name bt-sco-audio, bus name (null), out_devices 0x70, in_devices 0x80000008, out_vol[0, 255], dsd 0, hfp 1, hdmi 0, multi_chn 0, out period_size 0, out period_count 0, in period_size 0, in period_count 0, secondary_bus_name: (null)
01-04 15:54:28.611 358 358 I audio_hw_primary: parse_one_card: parse /vendor/etc/configs/audio/spdif_config.json
01-04 15:54:28.612 455 455 W RILD : RIL_SAP_Init not defined or exported in /vendor/lib64/libreference-ril-telit-serial.so: undefined symbol: RIL_SAP_Init
01-04 15:54:28.613 455 455 D RILD : RIL_Init argc = 5 clientId = 0
01-04 15:54:28.613 455 455 I RIL : Opening tty device /dev/ttyUSB2
01-04 15:54:28.613 455 455 I RIL : Client id received 0
01-04 15:54:28.613 455 455 I RIL : Wake lock file descriptors created: power management available
01-04 15:54:28.614 455 455 D RILD : RIL_Init rilInit completed
01-04 15:54:28.614 455 455 D RILD : RIL_Init callback versions = 15
01-04 15:54:28.614 455 455 I RILC : SIM_COUNT: 1
01-04 15:54:28.614 455 455 D RILC : RIL_register: RIL version 15
01-04 15:54:28.614 455 455 I RILC : s_registerCalled flag set, 1
01-04 15:54:28.615 455 500 I RIL-SERIAL: entering mainLoop
01-04 15:54:28.616 455 500 I RIL-SERIAL: opening device
01-04 15:54:28.616 455 500 E RIL-SERIAL: opening AT interface. retrying...
01-04 15:54:28.620 434 434 I cameraserver: ServiceManager: 0xe8300c50
01-04 15:54:28.620 434 434 I CameraService: CameraService started (pid=434)
01-04 15:54:28.620 434 434 I CameraService: CameraService process starting
01-04 15:54:28.621 434 434 W BatteryNotifier: batterystats service unavailable!
01-04 15:54:28.621 358 358 I audio_hw_primary: parse_one_card: driver name imx-spdif, bus name (null), out_devices 0x0, in_devices 0x80000020, out_vol[0, 255], dsd 0, hfp 0, hdmi 0, multi_chn 0, out period_size 0, out period_count 0, in period_size 0, in period_count 0, secondary_bus_name: (null)
01-04 15:54:28.621 434 434 W BatteryNotifier: batterystats service unavailable!
01-04 15:54:28.622 455 455 D RILC : sim i = 0 registering ...
01-04 15:54:28.622 455 455 D RILC : registerService: starting android::hardware::radio::V1_4::IRadio slot1 for slot 0
01-04 15:54:28.622 358 358 I audio_hw_primary: parse_one_card: parse /vendor/etc/configs/audio/ak4458_config.json
01-04 15:54:28.625 358 358 I audio_hw_primary: parse_control: ctl idx 0, [0 DAC1 Playback Volume 172]
01-04 15:54:28.625 358 358 I audio_hw_primary: parse_control: ctl idx 1, [0 DAC2 Playback Volume 172]
01-04 15:54:28.625 358 358 I audio_hw_primary: parse_control: ctl idx 2, [0 DAC3 Playback Volume 172]
01-04 15:54:28.625 358 358 I audio_hw_primary: parse_control: ctl idx 3, [0 DAC4 Playback Volume 172]
01-04 15:54:28.625 358 358 I audio_hw_primary: parse_volume_control: ctl idx 0, name 0 DAC1 Playback Volume
01-04 15:54:28.625 358 358 I audio_hw_primary: parse_volume_control: ctl idx 1, name 0 DAC2 Playback Volume
01-04 15:54:28.625 358 358 I audio_hw_primary: parse_volume_control: ctl idx 2, name 0 DAC3 Playback Volume
01-04 15:54:28.625 358 358 I audio_hw_primary: parse_volume_control: ctl idx 3, name 0 DAC4 Playback Volume
01-04 15:54:28.625 358 358 I audio_hw_primary: parse_one_card: driver name ak4458-audio, bus name (null), out_devices 0x8, in_devices 0x0, out_vol[170, 255], dsd 1, hfp 0, hdmi 0, multi_chn 1, out period_size 0, out period_count 0, in period_size 0, in period_count 0, secondary_bus_name: (null)
01-04 15:54:28.625 358 358 I audio_hw_primary: leave parse_all_cards, supported card num 8
01-04 15:54:28.626 358 358 I audio_hw_primary: card0: tlv320aic31xx-Codec
01-04 15:54:28.626 358 358 I audio_hw_primary: tlv320aic31xx-Codec support multichannel
01-04 15:54:28.626 358 358 I audio_hw_primary: tlv320aic31xx-Codec support lpa
01-04 15:54:28.627 434 434 I CameraProviderManager: Connecting to new camera provider: external/0, isRemote? 1
01-04 15:54:28.628 464 464 I update_engine: [INFO:boot_control_android.cc(70)] Loaded boot control hidl hal.
01-04 15:54:28.628 434 434 I CameraProviderManager: Camera provider external/0 ready with 0 camera devices
01-04 15:54:28.630 434 434 I CameraProviderManager: Connecting to new camera provider: internal/0, isRemote? 1
01-04 15:54:28.633 434 434 I CameraProviderManager: Enumerating new camera device: device@3.5/internal/0
01-04 15:54:28.633 361 416 I CameraDeviceHwlImpl: Create: id 0, copy hw 0, csc hw 0, hw_jpeg
01-04 15:54:28.634 361 416 E CameraDeviceHwlImpl: CameraDeviceHwlImpl, mDevPath[0] /dev/video0
01-04 15:54:28.634 361 416 I CameraDeviceHwlImpl: Initialize
01-04 15:54:28.634 361 416 I CameraDeviceHwlImpl: mMaxWidth:0, mMaxHeight:0
01-04 15:54:28.634 361 416 I CameraDeviceHwlImpl: Create: Created CameraDeviceHwlImpl for camera 0
01-04 15:54:28.634 361 416 D GCH_CameraDevice: FindLibraryPaths: Unable to open directory /vendor/lib64/camera/capture_sessions/ (No such file or directory)
01-04 15:54:28.634 361 416 I GCH_CameraDevice: Create: Created a camera device for public(0)
01-04 15:54:28.635 469 469 I adbd : Setup mdns on port= 5555
01-04 15:54:28.635 358 358 W audio_hw_primary: Supported input format 0
01-04 15:54:28.635 469 469 I adbd : adbd listening on tcp:5555
01-04 15:54:28.636 469 469 I adbd : adbd listening on vsock:5555
01-04 15:54:28.637 434 434 I CameraProviderManager: Camera provider internal/0 ready with 1 camera devices
01-04 15:54:28.637 358 358 I audio_hw_primary: Total 1 cards match
01-04 15:54:28.637 358 358 I audio_hw_primary: card idx 0, name tlv320aic31xx-Codec
01-04 15:54:28.637 434 501 W CameraProviderManager: addProviderLocked: Camera provider HAL with name 'external/0' already registered
01-04 15:54:28.638 434 501 I CameraService: onDeviceStatusChanged: Status changed for cameraId=0, newStatus=1
01-04 15:54:28.638 434 501 I CameraService: onDeviceStatusChanged: Unknown camera ID 0, a new camera is added
01-04 15:54:28.638 455 455 I HidlServiceManagement: Registered android.hardware.radio@1.4::IRadio/slot1
01-04 15:54:28.638 455 455 D RILC : registerService: OemHook is enabled = false
01-04 15:54:28.639 455 455 I RILC : RILHIDL called registerService
01-04 15:54:28.639 455 455 D RILC : Entry registerConfigService
01-04 15:54:28.639 455 455 D RILC : registerConfigService: starting V1_2::IConfigRadio default
01-04 15:54:28.639 434 501 W CameraProviderManager: addProviderLocked: Camera provider HAL with name 'internal/0' already registered
01-04 15:54:28.640 434 434 I cameraserver: Waiting for activity service
01-04 15:54:28.641 455 455 I HidlServiceManagement: Registered android.hardware.radio.config@1.1::IRadioConfig/default
01-04 15:54:28.642 455 455 D RILC : registerConfigService registerService: status 0
01-04 15:54:28.642 455 455 D RILD : RIL_Init RIL_register completed
01-04 15:54:28.642 455 455 D RILD : RIL_register_socket completed
01-04 15:54:28.642 469 506 I adbd : Waiting for persist.adb.tls_server.enable=1
01-04 15:54:28.643 469 508 I adbd : opening control endpoint /dev/usb-ffs/adb/ep0
01-04 15:54:28.643 388 485 I android.hardware.usb.gadget@1.1-service.imx: event=1 on fd=6
01-04 15:54:28.646 358 358 I audio_hw_primary: select_output_device(), headphone 0 ,headset 0 ,speaker 2
01-04 15:54:28.648 358 396 I audio_hw_primary: adev_set_mode mode 0
01-04 15:54:28.648 391 391 I AudioFlinger: loadHwModule() Loaded primary audio interface, handle 10
01-04 15:54:28.648 391 391 I AudioFlinger: openOutput() this 0xb400f8ec3f37f070, module 10 Device type:0x2,@:, SamplingRate 48000, Format 0x000001, Channels 0x3, flags 0x2
01-04 15:54:28.648 358 396 I audio_hw_primary: adev_open_output_stream: enter: sample_rate(48000) channel_mask(0x3) format(0x1) devices(0x2) flags(0x2), address()
01-04 15:54:28.649 358 396 D audio_hw_primary: adev_open_output_stream: primary output stream
01-04 15:54:28.649 358 396 I audio_hw_primary: adev_open_output_stream: exit: output 0xeb245ce0
01-04 15:54:28.651 391 391 I AudioFlinger: HAL output buffer size 192 frames, normal sink buffer size 960 frames
01-04 15:54:28.652 464 464 I update_engine: [INFO:daemon_state_android.cc(43)] Booted in dev mode.
01-04 15:54:28.668 388 485 I android.hardware.usb.gadget@1.1-service.imx: event=1 on fd=6
01-04 15:54:28.673 388 485 I android.hardware.usb.gadget@1.1-service.imx: event=1 on fd=6
01-04 15:54:28.677 345 345 I zygote : Explicit concurrent copying GC freed 391(29KB) AllocSpace objects, 0(0B) LOS objects, 95% free, 68KB/1604KB, paused 96us total 63.905ms
01-04 15:54:28.682 450 450 I ServiceManager: Waiting for service 'package_native' on '/dev/binder'...
01-04 15:54:28.684 469 509 I adbd : adbd mDNS service _adb._tcp registered: 1
01-04 15:54:28.684 464 464 I update_engine: [INFO:update_attempter_android.cc(1010)] Scheduling CleanupPreviousUpdateAction.
01-04 15:54:28.686 469 508 I adbd : UsbFfsConnection constructed
