01-04 15:54:28.688 344 344 D Zygote64Timing: BeginPreload took to complete: 98ms
01-04 15:54:28.688 391 391 I BufferProvider: found effect "Multichannel Downmix To Stereo" from The Android Open Source Project
01-04 15:54:28.688 344 344 I Zygote : Preloading classes...
01-04 15:54:28.690 391 391 E AudioFlinger: Failed to add event callback
01-04 15:54:28.693 342 342 I ServiceManager: Waiting for service 'statscompanion' on '/dev/binder'...
01-04 15:54:28.693 344 344 W Zygote : Class not found for preloading: android.app.-$$Lambda$ResourcesManager$QJ7UiVk_XS90KuXAsIjIEym1DnM
01-04 15:54:28.693 469 515 I adbd : UsbFfs-monitor thread spawned
01-04 15:54:28.693 344 344 W Zygote : Class not found for preloading: android.app.-$$Lambda$SystemServiceRegistry$16$s6mZ42tuGUunhKa_5iwjLY5FGdM
01-04 15:54:28.697 448 468 I ServiceManager: Waiting for service 'package_native' on '/dev/binder'...
01-04 15:54:28.698 391 517 I AudioFlinger: AudioFlinger's thread 0xb400f8ed419f9040 tid=517 ready to run
01-04 15:54:28.698 391 517 W AudioFlinger: no wake lock to update, system not ready yet
01-04 15:54:28.698 391 517 D AudioFlinger: ro.audio.silent is ignored since no output device is set
01-04 15:54:28.699 391 517 W AudioFlinger: no wake lock to update, system not ready yet
01-04 15:54:28.699 391 517 D AudioFlinger: ro.audio.silent is ignored since no output device is set
01-04 15:54:28.699 391 391 V APM_AudioPolicyManager: checkAndSetVolume cannot set volume group 4 volume with force use = 0 for comm
01-04 15:54:28.706 464 464 I update_engine: [INFO:action_processor.cc(51)] ActionProcessor: starting CleanupPreviousUpdateAction
01-04 15:54:28.712 391 391 W AudioFlinger: moveEffects() bad srcOutput 0
01-04 15:54:28.713 391 391 V APM_AudioPolicyManager: selectOutputForMusicEffects selected output 13
01-04 15:54:28.713 391 391 V APM_AudioPolicyManager: setOutputDevices device {type:0x2,@:} delayMs 0
01-04 15:54:28.713 391 391 V APM_AudioPolicyManager: setOutputDevices() prevDevice {type:0x2,@:}
01-04 15:54:28.713 391 391 W APM::AudioPolicyEngine: getDevicesForStrategy() unknown strategy: -1
01-04 15:54:28.713 391 391 V APM_AudioPolicyManager: setOutputDevices changing device to {type:0x2,@:}
01-04 15:54:28.713 0 0 D : Divyesh -< soc-read> Func:snd_soc_component_read,reg: 65
01-04 15:54:28.713 0 0 D : Divyesh -< soc-read> Func:snd_soc_component_read,reg: 66
01-04 15:54:28.713 0 0 D : Divyesh -< soc-update> Func:snd_soc_component_update_bits,reg: 65, value: 229,mask: 255
01-04 15:54:28.718 0 0 D : Divyesh -< soc-update> Func:snd_soc_component_update_bits,reg: 66, value: 0,mask: 255
01-04 15:54:28.718 0 0 D : Divyesh -< soc-read> Func:snd_soc_component_read,reg: 65
01-04 15:54:28.718 0 0 D : Divyesh -< soc-read> Func:snd_soc_component_read,reg: 66
01-04 15:54:28.718 0 0 D : Divyesh -< soc-update> Func:snd_soc_component_update_bits,reg: 65, value: 229,mask: 255
01-04 15:54:28.718 0 0 D : Divyesh -< soc-update> Func:snd_soc_component_update_bits,reg: 66, value: 229,mask: 255
01-04 15:54:28.719 0 0 I : read descriptors
01-04 15:54:28.722 345 345 I zygote : Explicit concurrent copying GC freed 21(45KB) AllocSpace objects, 0(0B) LOS objects, 95% free, 75KB/1611KB, paused 65us total 44.299ms
01-04 15:54:28.723 345 345 D Zygote32Timing: PostZygoteInitGC took to complete: 110ms
01-04 15:54:28.723 345 345 D Zygote32Timing: ZygoteInit took to complete: 122ms
01-04 15:54:28.730 345 345 I Zygote : Accepting command socket connections
01-04 15:54:28.731 464 464 I update_engine: [INFO:cleanup_previous_update_action.cc(82)] Starting/resuming CleanupPreviousUpdateAction
01-04 15:54:28.735 447 447 E MediaExtractorFactory: couldn't opendir(/system_ext/lib64/extractors)
01-04 15:54:28.745 0 0 I : read strings
01-04 15:54:28.750 459 459 I mediaswcodec: media swcodec service starting
01-04 15:54:28.750 358 358 D audio_hw_primary: adev_create_audio_patch() mix->device: 13 -> 2
01-04 15:54:28.752 391 391 V APM_AudioPolicyManager: setOutputDevices() AF::createAudioPatch returned 0 patchHandle 12 num_sources 1 num_sinks 1
01-04 15:54:28.752 459 459 W mediaswcodec: Could not read additional policy file '/vendor/etc/seccomp_policy/mediaswcodec.policy'
01-04 15:54:28.753 459 459 W mediaswcodec: libminijail[459]: failed to get path of fd 4: No such file or directory
01-04 15:54:28.753 459 459 W mediaswcodec: libminijail[459]: allowing syscall: connect
01-04 15:54:28.753 459 459 W mediaswcodec: libminijail[459]: allowing syscall: fcntl
01-04 15:54:28.754 459 459 W mediaswcodec: libminijail[459]: allowing syscall: sendto
01-04 15:54:28.754 459 459 W mediaswcodec: libminijail[459]: allowing syscall: socket
01-04 15:54:28.754 459 459 W mediaswcodec: libminijail[459]: allowing syscall: writev
01-04 15:54:28.756 391 391 V APM_AudioPolicyManager: checkAndSetVolume cannot set volume group 4 volume with force use = 0 for comm
01-04 15:54:28.756 459 459 W mediaswcodec: libminijail[459]: logging seccomp filter failures
01-04 15:54:28.758 459 459 I CodecServiceRegistrant: Creating software Codec2 service...
01-04 15:54:28.761 459 459 D C2Store : Default ION heapmask = -1
01-04 15:54:28.761 459 459 D C2Store : Default ION flags = 0
01-04 15:54:28.761 459 459 D C2Store : Default ION align = 0
01-04 15:54:28.766 358 395 I audio_hw_primary: refine_input_parameters: enter: sample_rate(48000) channel_mask(0xc) format(0x1)
01-04 15:54:28.766 358 395 I audio_hw_primary: adev_open_input_stream: enter: devices(0x80000004) flags(0), address()
01-04 15:54:28.766 358 395 W audio_hw_primary: In channels 2, rate 48000, devices 0x80000004
01-04 15:54:28.767 459 459 I HidlServiceManagement: Registered android.hardware.media.c2@1.1::IComponentStore/software
01-04 15:54:28.769 459 459 I CodecServiceRegistrant: Preferred Codec2 store is set to "default".
01-04 15:54:28.769 459 459 I CodecServiceRegistrant: Software Codec2 service created and registered.
01-04 15:54:28.780 358 395 I audio_hw_primary: refine_input_parameters: enter: sample_rate(48000) channel_mask(0xc) format(0x1)
01-04 15:54:28.780 358 395 W audio_hw_primary: get_input_buffer_size size = 256, channel_count = 2
01-04 15:54:28.780 358 395 I audio_hw_primary: refine_input_parameters: enter: sample_rate(48000) channel_mask(0xc) format(0x1)
01-04 15:54:28.780 358 395 W audio_hw_primary: get_input_buffer_size size = 256, channel_count = 2
01-04 15:54:28.783 450 450 I ServiceManager: Waiting for service 'package_native' on '/dev/binder'...
01-04 15:54:28.785 391 522 I AudioFlinger: AudioFlinger's thread 0xb400f8ed41920040 tid=522 ready to run
01-04 15:54:28.786 391 522 W AudioFlinger: no wake lock to update, system not ready yet
01-04 15:54:28.790 391 522 W AudioFlinger: no wake lock to update, system not ready yet
01-04 15:54:28.791 391 521 E FastThread: did not receive expected priority boost on time
01-04 15:54:28.793 342 342 I ServiceManager: Waiting for service 'statscompanion' on '/dev/binder'...
01-04 15:54:28.798 448 468 I ServiceManager: Waiting for service 'package_native' on '/dev/binder'...
01-04 15:54:28.811 391 391 I bt_a2dp_hw: adev_open: adev_open in A2dp_hw module
01-04 15:54:28.811 391 391 I AudioFlinger: loadHwModule() Loaded a2dp audio interface, handle 18
01-04 15:54:28.811 391 391 E APM_AudioPolicyManager: onNewAudioModulesAvailableInt: Input device list is empty!
01-04 15:54:28.818 391 391 I AudioFlinger: loadHwModule() Loaded usb audio interface, handle 26
01-04 15:54:28.818 391 391 E APM_AudioPolicyManager: onNewAudioModulesAvailableInt: Input device list is empty!
01-04 15:54:28.836 358 395 I r_submix: adev_open(name=audio_hw_if)
01-04 15:54:28.837 358 395 I r_submix: adev_init_check()
01-04 15:54:28.838 391 391 I AudioFlinger: loadHwModule() Loaded r_submix audio interface, handle 34
01-04 15:54:28.838 358 395 D r_submix: adev_open_input_stream(addr=0)
01-04 15:54:28.838 358 395 D r_submix: submix_audio_device_create_pipe_l(addr=0, idx=9)
01-04 15:54:28.838 358 395 D r_submix: now using address 0 for route 9
01-04 15:54:28.852 391 524 I AudioFlinger: AudioFlinger's thread 0xb400f8ed41920040 tid=524 ready to run
01-04 15:54:28.852 358 395 I r_submix: in_standby()
01-04 15:54:28.854 391 524 W AudioFlinger: no wake lock to update, system not ready yet
01-04 15:54:28.854 358 395 I r_submix: in_standby()
01-04 15:54:28.854 391 524 W AudioFlinger: no wake lock to update, system not ready yet
01-04 15:54:28.855 358 395 D r_submix: adev_close_input_stream()
01-04 15:54:28.855 358 395 D r_submix: submix_audio_device_release_pipe_l(idx=9) addr=0
01-04 15:54:28.855 358 395 D r_submix: submix_audio_device_destroy_pipe_l(): pipe destroyed
01-04 15:54:28.857 391 391 W APM::AudioPolicyEngine: getDevicesForStrategy() unknown strategy: -1
01-04 15:54:28.857 391 391 W APM::AudioPolicyEngine: getDevicesForStrategy() unknown strategy: -1
01-04 15:54:28.859 391 391 I audioserver: Waiting for activity service
01-04 15:54:28.884 450 450 I ServiceManager: Waiting for service 'package_native' on '/dev/binder'...
01-04 15:54:28.895 342 342 I ServiceManager: Waiting for service 'statscompanion' on '/dev/binder'...
01-04 15:54:28.901 448 468 I ServiceManager: Waiting for service 'package_native' on '/dev/binder'...
01-04 15:54:28.986 450 450 I ServiceManager: Waiting for service 'package_native' on '/dev/binder'...
01-04 15:54:28.999 342 342 I ServiceManager: Waiting for service 'statscompanion' on '/dev/binder'...
01-04 15:54:29.002 448 468 I ServiceManager: Waiting for service 'package_native' on '/dev/binder'...
01-04 15:54:29.090 450 450 I ServiceManager: Waiting for service 'package_native' on '/dev/binder'...
01-04 15:54:29.101 342 342 I ServiceManager: Waiting for service 'statscompanion' on '/dev/binder'...
01-04 15:54:29.102 448 468 I ServiceManager: Waiting for service 'package_native' on '/dev/binder'...
01-04 15:54:29.174 469 515 I adbd : USB event: FUNCTIONFS_BIND
01-04 15:54:29.177 388 485 I android.hardware.usb.gadget@1.1-service.imx: GADGET pulled up
01-04 15:54:29.192 450 450 I ServiceManager: Waiting for service 'package_native' on '/dev/binder'...
01-04 15:54:29.203 342 342 I ServiceManager: Waiting for service 'statscompanion' on '/dev/binder'...
01-04 15:54:29.203 448 468 I ServiceManager: Waiting for service 'package_native' on '/dev/binder'...
01-04 15:54:29.252 344 475 I zygote64: Verified 1363 classes from mainline modules in 508.720ms
01-04 15:54:29.294 450 450 I ServiceManager: Waiting for service 'package_native' on '/dev/binder'...
01-04 15:54:29.295 345 473 I zygote : Verified 1363 classes from mainline modules in 532.175ms
01-04 15:54:29.304 342 342 I ServiceManager: Waiting for service 'statscompanion' on '/dev/binder'...
01-04 15:54:29.304 448 468 I ServiceManager: Waiting for service 'package_native' on '/dev/binder'...
01-04 15:54:29.387 404 404 D RenderEngine: shader cache generated - 48 shaders in 765.250732 ms
01-04 15:54:29.390 404 404 I HidlServiceManagement: Registered android.frameworks.displayservice@1.0::IDisplayService/default
01-04 15:54:29.390 404 404 D SurfaceFlinger: Setting power mode 2 on display 4692862395984384
01-04 15:54:29.394 450 450 I ServiceManager: Waiting for service 'package_native' on '/dev/binder'...
01-04 15:54:29.404 404 404 D SurfaceFlinger: Finished setting power mode 2 on display 4692862395984384
01-04 15:54:29.404 342 342 I ServiceManager: Waiting for service 'statscompanion' on '/dev/binder'...
01-04 15:54:29.420 448 468 I ServiceManager: Waiting for service 'package_native' on '/dev/binder'...
01-04 15:54:29.466 0 0 I init : starting service 'bootanim'...
01-04 15:54:29.474 0 0 I android_work: sent uevent USB_STATE=CONNECTED
01-04 15:54:29.476 0 0 W libprocessgroup: Failed to open /dev/stune/top-app/tasks: No such file or directory: No such file or directory
01-04 15:54:29.477 0 0 I init : Control message: Processed ctl.start for 'bootanim' from pid: 404 (/system/bin/surfaceflinger)
01-04 15:54:29.480 0 0 I android_work: sent uevent USB_STATE=DISCONNECTED
01-04 15:54:29.491 0 0 W libprocessgroup: Failed to apply MaxPerformance task profile: No such file or directory
01-04 15:54:29.495 450 450 I ServiceManager: Waiting for service 'package_native' on '/dev/binder'...
01-04 15:54:29.497 469 515 I adbd : USB event: FUNCTIONFS_ENABLE
01-04 15:54:29.498 469 529 I adbd : UsbFfs-worker thread spawned
01-04 15:54:29.505 342 342 I ServiceManager: Waiting for service 'statscompanion' on '/dev/binder'...
01-04 15:54:29.520 448 468 I ServiceManager: Waiting for service 'package_native' on '/dev/binder'...
01-04 15:54:29.566 0 0 I android_work: sent uevent USB_STATE=CONNECTED
01-04 15:54:29.578 0 0 I android_work: sent uevent USB_STATE=CONFIGURED
01-04 15:54:29.596 450 450 I ServiceManager: Waiting for service 'package_native' on '/dev/binder'...
01-04 15:54:29.605 342 342 I ServiceManager: Waiting for service 'statscompanion' on '/dev/binder'...
01-04 15:54:29.621 344 344 E ActivityRecognitionHardware: activity_recognition HAL is deprecated. class_init is effectively a no-op
01-04 15:54:29.622 448 468 I ServiceManager: Waiting for service 'package_native' on '/dev/binder'...
01-04 15:54:29.635 528 528 D BootAnimation: BootAnimationStartTiming start time: 10973ms
01-04 15:54:29.635 528 528 D BootAnimation: BootAnimationPreloadTiming start time: 10973ms
01-04 15:54:29.636 528 528 D BootAnimation: BootAnimationPreloadStopTiming start time: 10974ms
01-04 15:54:29.653 528 532 D libEGL : loaded /vendor/lib64/egl/libEGL_VIVANTE.so
01-04 15:54:29.664 528 532 D libEGL : loaded /vendor/lib64/egl/libGLESv1_CM_VIVANTE.so
01-04 15:54:29.669 528 532 D libEGL : loaded /vendor/lib64/egl/libGLESv2_VIVANTE.so
01-04 15:54:29.678 388 485 I android.hardware.usb.gadget@1.1-service.imx: event=1 on fd=6
01-04 15:54:29.697 450 450 I ServiceManager: Waiting for service 'package_native' on '/dev/binder'...
01-04 15:54:29.706 342 342 I ServiceManager: Waiting for service 'statscompanion' on '/dev/binder'...
01-04 15:54:29.716 232 232 I hwservicemanager: getTransport: Cannot find entry android.hardware.configstore@1.0::ISurfaceFlingerConfigs/default in either framework or device manifest.
01-04 15:54:29.717 366 366 I gralloc_driver: is_supported check descriptor name=BootAnimation#0, width=1920, height=1080, droid_format=RGBX8888, usage=COMPOSER_OVERLAY|GPU_RENDER_TARGET|GPU_TEXTURE
01-04 15:54:29.722 448 468 I ServiceManager: Waiting for service 'package_native' on '/dev/binder'...
01-04 15:54:29.738 528 532 I display : open gpu gralloc module!
01-04 15:54:29.746 366 366 I gralloc_driver: is_supported check descriptor name=BootAnimation#0, width=1920, height=1080, droid_format=RGBX8888, usage=COMPOSER_OVERLAY|GPU_RENDER_TARGET|GPU_TEXTURE|PRIVATE_0
01-04 15:54:29.751 528 532 D BootAnimation: BootAnimationShownTiming start time: 11089ms
01-04 15:54:29.789 366 366 I gralloc_driver: is_supported check descriptor name=BootAnimation#0, width=1920, height=1080, droid_format=RGBX8888, usage=COMPOSER_OVERLAY|GPU_RENDER_TARGET|GPU_TEXTURE|PRIVATE_0
01-04 15:54:29.796 404 404 I SurfaceFlinger: Enter boot animation
01-04 15:54:29.797 404 404 E FMQ : grantorIdx must be less than 3
01-04 15:54:29.798 450 450 I ServiceManager: Waiting for service 'package_native' on '/dev/binder'...
01-04 15:54:29.798 367 367 E FMQ : grantorIdx must be less than 3
01-04 15:54:29.799 366 366 I gralloc_driver: is_supported check descriptor name=BootAnimation#0, width=1920, height=1080, droid_format=RGBX8888, usage=COMPOSER_OVERLAY|GPU_RENDER_TARGET|GPU_TEXTURE|PRIVATE_0
01-04 15:54:29.800 367 367 E FMQ : grantorIdx must be less than 3
01-04 15:54:29.801 404 404 E FMQ : grantorIdx must be less than 3
01-04 15:54:29.807 367 367 I display : Do mode set for display 0
01-04 15:54:29.807 342 342 I ServiceManager: Waiting for service 'statscompanion' on '/dev/binder'...
01-04 15:54:29.823 448 468 I ServiceManager: Waiting for service 'package_native' on '/dev/binder'...
01-04 15:54:29.877 366 366 I gralloc_driver: is_supported check descriptor name=BootAnimation#0, width=1920, height=1080, droid_format=RGBX8888, usage=COMPOSER_OVERLAY|GPU_RENDER_TARGET|GPU_TEXTURE|PRIVATE_0
01-04 15:54:29.899 450 450 I ServiceManager: Waiting for service 'package_native' on '/dev/binder'...
01-04 15:54:29.908 342 342 I ServiceManager: Waiting for service 'statscompanion' on '/dev/binder'...
01-04 15:54:29.924 448 468 I ServiceManager: Waiting for service 'package_native' on '/dev/binder'...
01-04 15:54:30.000 450 450 I ServiceManager: Waiting for service 'package_native' on '/dev/binder'...
01-04 15:54:30.009 342 342 I ServiceManager: Waiting for service 'statscompanion' on '/dev/binder'...
01-04 15:54:30.026 448 468 I ServiceManager: Waiting for service 'package_native' on '/dev/binder'...
01-04 15:54:30.101 450 450 I ServiceManager: Waiting for service 'package_native' on '/dev/binder'...
01-04 15:54:30.110 342 342 I ServiceManager: Waiting for service 'statscompanion' on '/dev/binder'...
01-04 15:54:30.126 448 468 I ServiceManager: Waiting for service 'package_native' on '/dev/binder'...
01-04 15:54:30.170 344 344 W Zygote : Class not found for preloading: android.inputmethodservice.-$$Lambda$InputMethodService$TvVfWDKZ3ljQdrU87qYykg6uD-I
01-04 15:54:30.202 450 450 I ServiceManager: Waiting for service 'package_native' on '/dev/binder'...
01-04 15:54:30.206 344 344 I zygote64: Thread[1,tid=344,Native,Thread*=0xb400e0362ef58380,peer=0x12c02de8,"main"] recursive attempt to load library "libmedia_jni.so"
01-04 15:54:30.207 344 344 I zygote64: Thread[1,tid=344,Native,Thread*=0xb400e0362ef58380,peer=0x12c02de8,"main"] recursive attempt to load library "libmedia_jni.so"
01-04 15:54:30.207 344 344 D MtpDeviceJNI: register_android_mtp_MtpDevice
01-04 15:54:30.207 344 344 I zygote64: Thread[1,tid=344,Native,Thread*=0xb400e0362ef58380,peer=0x12c02de8,"main"] recursive attempt to load library "libmedia_jni.so"
01-04 15:54:30.208 344 344 I zygote64: Thread[1,tid=344,Native,Thread*=0xb400e0362ef58380,peer=0x12c02de8,"main"] recursive attempt to load library "libmedia_jni.so"
01-04 15:54:30.211 342 342 I ServiceManager: Waiting for service 'statscompanion' on '/dev/binder'...
01-04 15:54:30.220 344 344 W Zygote : Class not found for preloading: android.media.MediaRouter$Static$Client$1
01-04 15:54:30.220 344 344 W Zygote : Class not found for preloading: android.media.MediaRouter$Static$Client$2
01-04 15:54:30.227 448 468 I ServiceManager: Waiting for service 'package_native' on '/dev/binder'...
01-04 15:54:30.251 344 344 W Zygote : Class not found for preloading: android.net.shared.Inet4AddressUtils
01-04 15:54:30.251 344 344 W Zygote : Class not found for preloading: android.net.shared.InetAddressUtils
01-04 15:54:30.256 344 344 D TelephonyManager: No /proc/cmdline exception=java.io.FileNotFoundException: /proc/cmdline: open failed: EACCES (Permission denied)
01-04 15:54:30.256 344 344 D TelephonyManager: /proc/cmdline=
01-04 15:54:30.303 450 450 I ServiceManager: Waiting for service 'package_native' on '/dev/binder'...
01-04 15:54:30.311 342 342 I ServiceManager: Waiting for service 'statscompanion' on '/dev/binder'...
01-04 15:54:30.320 344 344 W Zygote : Class not found for preloading: android.telephony.ims.stub.-$$Lambda$ImsRegistrationImplBase$wwtkoeOtGwMjG5I0-ZTfjNpGU-s
01-04 15:54:30.327 448 468 I ServiceManager: Waiting for service 'package_native' on '/dev/binder'...
01-04 15:54:30.348 344 344 W Zygote : Class not found for preloading: android.view.-$$Lambda$cZhmLzK8aetUdx4VlP9w5jR7En0
01-04 15:54:30.356 344 344 W Zygote : Class not found for preloading: android.view.autofill.-$$Lambda$AutofillManager$AutofillManagerClient$vxNm6RuuD-r5pkiSxNSBBd1w_Qc
01-04 15:54:30.357 344 344 W Zygote : Class not found for preloading: android.view.contentcapture.-$$Lambda$MainContentCaptureSession$1$JPRO-nNGZpgXrKr4QC_iQiTbQx0
01-04 15:54:30.357 344 344 W Zygote : Class not found for preloading: android.view.contentcapture.-$$Lambda$MainContentCaptureSession$1$Xhq3WJibbalS1G_W3PRC2m7muhM
01-04 15:54:30.358 344 344 W Zygote : Class not found for preloading: android.view.contentcapture.MainContentCaptureSession$1
01-04 15:54:30.403 450 450 I ServiceManager: Waiting for service 'package_native' on '/dev/binder'...
01-04 15:54:30.412 342 342 I ServiceManager: Waiting for service 'statscompanion' on '/dev/binder'...
01-04 15:54:30.428 448 468 I ServiceManager: Waiting for service 'package_native' on '/dev/binder'...
01-04 15:54:30.504 450 450 I ServiceManager: Waiting for service 'package_native' on '/dev/binder'...
01-04 15:54:30.513 342 342 I ServiceManager: Waiting for service 'statscompanion' on '/dev/binder'...
01-04 15:54:30.529 448 468 I ServiceManager: Waiting for service 'package_native' on '/dev/binder'...
01-04 15:54:30.605 450 450 I ServiceManager: Waiting for service 'package_native' on '/dev/binder'...
01-04 15:54:30.614 342 342 I ServiceManager: Waiting for service 'statscompanion' on '/dev/binder'...
01-04 15:54:30.629 448 468 I ServiceManager: Waiting for service 'package_native' on '/dev/binder'...
01-04 15:54:30.658 344 344 W Zygote : Class not found for preloading: com.android.internal.telephony.IccSmsInterfaceManager$2
01-04 15:54:30.667 344 344 W Zygote : Class not found for preloading: com.android.internal.telephony.dataconnection.DcTracker$5
01-04 15:54:30.677 344 344 W Zygote : Class not found for preloading: com.android.internal.widget.-$$Lambda$gPQuiuEDuOmrh2MixBcV6a5gu5s
01-04 15:54:30.678 344 344 W Zygote : Class not found for preloading: com.android.internal.widget.LockPatternUtils$2
01-04 15:54:30.687 469 469 I adbd : UsbFfs: already offline
01-04 15:54:30.687 469 469 I adbd : authentication not required
01-04 15:54:30.706 450 450 I ServiceManager: Waiting for service 'package_native' on '/dev/binder'...
01-04 15:54:30.715 342 342 I ServiceManager: Waiting for service 'statscompanion' on '/dev/binder'...
01-04 15:54:30.730 448 468 I ServiceManager: Waiting for service 'package_native' on '/dev/binder'...
01-04 15:54:30.751 344 344 I Zygote : ...preloaded 12108 classes in 2063ms.
01-04 15:54:30.751 344 344 I zygote64: VMRuntime.preloadDexCaches starting
01-04 15:54:30.796 344 344 I zygote64: VMRuntime.preloadDexCaches strings total=418438 before=11382 after=11382
01-04 15:54:30.796 344 344 I zygote64: VMRuntime.preloadDexCaches types total=40945 before=11221 after=11396
01-04 15:54:30.796 344 344 I zygote64: VMRuntime.preloadDexCaches fields total=173775 before=14203 after=15087
01-04 15:54:30.796 344 344 I zygote64: VMRuntime.preloadDexCaches methods total=316103 before=18080 after=18080
01-04 15:54:30.796 344 344 I zygote64: VMRuntime.preloadDexCaches finished
01-04 15:54:30.796 344 344 D Zygote64Timing: PreloadClasses took to complete: 2108ms
01-04 15:54:30.800 344 344 I zygote64: The ClassLoaderContext is a special shared library.
01-04 15:54:30.802 344 344 D ApplicationLoaders: Created zygote-cached class loader: /system/framework/android.hidl.base-V1.0-java.jar
01-04 15:54:30.805 344 344 I zygote64: The ClassLoaderContext is a special shared library.
01-04 15:54:30.807 344 344 D ApplicationLoaders: Created zygote-cached class loader: /system/framework/android.hidl.manager-V1.0-java.jar
01-04 15:54:30.807 450 450 I ServiceManager: Waiting for service 'package_native' on '/dev/binder'...
01-04 15:54:30.810 344 344 I zygote64: The ClassLoaderContext is a special shared library.
01-04 15:54:30.812 344 344 D ApplicationLoaders: Created zygote-cached class loader: /system/framework/android.test.base.jar
01-04 15:54:30.812 344 344 D Zygote64Timing: CacheNonBootClasspathClassLoaders took to complete: 16ms
01-04 15:54:30.812 344 344 I Zygote : Preloading resources...
01-04 15:54:30.815 342 342 I ServiceManager: Waiting for service 'statscompanion' on '/dev/binder'...
01-04 15:54:30.831 448 468 I ServiceManager: Waiting for service 'package_native' on '/dev/binder'...
01-04 15:54:30.837 344 344 W Resources: Preloaded drawable resource #0x108028c (android:drawable/dialog_background_material) that varies with configuration!!
01-04 15:54:30.856 344 344 I Zygote : ...preloaded 64 resources in 43ms.
01-04 15:54:30.860 344 344 I Zygote : ...preloaded 41 resources in 4ms.
01-04 15:54:30.860 344 344 D Zygote64Timing: PreloadResources took to complete: 48ms
01-04 15:54:30.877 344 344 D libEGL : loaded /vendor/lib64/egl/libEGL_VIVANTE.so
01-04 15:54:30.886 344 344 D libEGL : loaded /vendor/lib64/egl/libGLESv1_CM_VIVANTE.so
01-04 15:54:30.891 344 344 D libEGL : loaded /vendor/lib64/egl/libGLESv2_VIVANTE.so
01-04 15:54:30.908 450 450 I ServiceManager: Waiting for service 'package_native' on '/dev/binder'...
01-04 15:54:30.915 342 342 I ServiceManager: Waiting for service 'statscompanion' on '/dev/binder'...
01-04 15:54:30.931 448 468 I ServiceManager: Waiting for service 'package_native' on '/dev/binder'...
01-04 15:54:30.933 344 344 I Zygote : Preloading shared libraries...
01-04 15:54:30.945 344 344 I Zygote : Called ZygoteHooks.endPreload()
01-04 15:54:30.946 344 344 I Zygote : Installed AndroidKeyStoreProvider in 1ms.
01-04 15:54:30.956 344 344 I Zygote : Warmed up JCA providers in 10ms.
01-04 15:54:30.956 344 344 D Zygote : end preload
01-04 15:54:30.956 344 344 I boot_progress_preload_end: 12295
01-04 15:54:30.956 344 344 D Zygote64Timing: ZygotePreload took to complete: 2367ms
01-04 15:54:31.009 450 450 I ServiceManager: Waiting for service 'package_native' on '/dev/binder'...
01-04 15:54:31.016 342 342 I ServiceManager: Waiting for service 'statscompanion' on '/dev/binder'...
01-04 15:54:31.025 344 344 I zygote64: Explicit concurrent copying GC freed 181080(9169KB) AllocSpace objects, 27(832KB) LOS objects, 49% free, 5103KB/10207KB, paused 68us total 68.542ms
01-04 15:54:31.032 448 468 I ServiceManager: Waiting for service 'package_native' on '/dev/binder'...
01-04 15:54:31.083 344 344 I zygote64: Explicit concurrent copying GC freed 9682(330KB) AllocSpace objects, 0(0B) LOS objects, 49% free, 4805KB/9611KB, paused 39us total 51.492ms
01-04 15:54:31.083 344 344 D Zygote64Timing: PostZygoteInitGC took to complete: 126ms
01-04 15:54:31.083 344 344 D Zygote64Timing: ZygoteInit took to complete: 2505ms
01-04 15:54:31.110 450 450 I ServiceManager: Waiting for service 'package_native' on '/dev/binder'...
01-04 15:54:31.117 342 342 I ServiceManager: Waiting for service 'statscompanion' on '/dev/binder'...
01-04 15:54:31.133 448 468 I ServiceManager: Waiting for service 'package_native' on '/dev/binder'...
01-04 15:54:31.199 344 344 D Zygote : Forked child process 535
01-04 15:54:31.199 344 344 I Zygote : System server process 535 has been created
01-04 15:54:31.201 535 535 I Zygote : seccomp disabled by setenforce 0
01-04 15:54:31.201 344 344 I Zygote : Accepting command socket connections
01-04 15:54:31.210 450 450 I ServiceManager: Waiting for service 'package_native' on '/dev/binder'...
01-04 15:54:31.217 469 512 I adbd : jdwp connection from 535
01-04 15:54:31.218 342 342 I ServiceManager: Waiting for service 'statscompanion' on '/dev/binder'...
01-04 15:54:31.233 448 468 I ServiceManager: Waiting for service 'package_native' on '/dev/binder'...
01-04 15:54:31.311 450 450 I ServiceManager: Waiting for service 'package_native' on '/dev/binder'...
01-04 15:54:31.318 342 342 I ServiceManager: Waiting for service 'statscompanion' on '/dev/binder'...
01-04 15:54:31.334 448 468 I ServiceManager: Waiting for service 'package_native' on '/dev/binder'...
01-04 15:54:31.412 450 450 I ServiceManager: Waiting for service 'package_native' on '/dev/binder'...
01-04 15:54:31.419 342 342 I ServiceManager: Waiting for service 'statscompanion' on '/dev/binder'...
01-04 15:54:31.435 448 468 I ServiceManager: Waiting for service 'package_native' on '/dev/binder'...
01-04 15:54:31.470 535 535 I chatty : uid=1000(system) Binder:535_3 expire 170 lines
01-04 15:54:31.471 535 535 I system_server_start: [1,12808,12808]
01-04 15:54:31.472 535 535 I boot_progress_system_run: 12810
01-04 15:54:31.512 450 450 I ServiceManager: Waiting for service 'package_native' on '/dev/binder'...
01-04 15:54:31.520 342 342 I ServiceManager: Waiting for service 'statscompanion' on '/dev/binder'...
01-04 15:54:31.535 448 468 I ServiceManager: Waiting for service 'package_native' on '/dev/binder'...
01-04 15:54:31.613 450 450 I ServiceManager: Waiting for service 'package_native' on '/dev/binder'...
01-04 15:54:31.621 342 342 I ServiceManager: Waiting for service 'statscompanion' on '/dev/binder'...
01-04 15:54:31.636 448 468 I ServiceManager: Waiting for service 'package_native' on '/dev/binder'...
01-04 15:54:31.663 535 535 I chatty : uid=1000(system) Binder:535_3 expire 109 lines
01-04 15:54:31.713 450 450 I ServiceManager: Waiting for service 'package_native' on '/dev/binder'...
01-04 15:54:31.718 232 232 E SELinux : avc: denied { find } for interface=android.hardware.spi::ISpi sid=u:r:system_server:s0 pid=535 scontext=u:r:system_server:s0 tcontext=u:object_r:default_android_hwservice:s0 tclass=hwservice_manager permissive=1
01-04 15:54:31.718 232 232 I auditd : avc: denied { find } for interface=android.hardware.spi::ISpi sid=u:r:system_server:s0 pid=535 scontext=u:r:system_server:s0 tcontext=u:object_r:default_android_hwservice:s0 tclass=hwservice_manager permissive=1
01-04 15:54:31.720 385 385 D android.hardware.spi@1.0-service: hal_spi_init:initialisation of Spi HAL module failed
01-04 15:54:31.721 231 231 E SELinux : avc: denied { add } for pid=535 uid=1000 name=mcu scontext=u:r:system_server:s0 tcontext=u:object_r:default_android_service:s0 tclass=service_manager permissive=1
01-04 15:54:31.721 231 231 I auditd : avc: denied { add } for pid=535 uid=1000 name=mcu scontext=u:r:system_server:s0 tcontext=u:object_r:default_android_service:s0 tclass=service_manager permissive=1
01-04 15:54:31.721 342 342 I ServiceManager: Waiting for service 'statscompanion' on '/dev/binder'...
01-04 15:54:31.722 535 560 I chatty : uid=1000(system) Binder:535_3 expire 74 lines
01-04 15:54:31.738 448 468 I ServiceManager: Waiting for service 'package_native' on '/dev/binder'...
01-04 15:54:31.788 439 445 D installd: Found quota mount /dev/block/dm-5 at /data
01-04 15:54:31.788 439 445 D installd: Found quota mount /dev/block/dm-5 at /data/user/0
01-04 15:54:31.814 450 450 I ServiceManager: Waiting for service 'package_native' on '/dev/binder'...
01-04 15:54:31.823 342 342 I ServiceManager: Waiting for service 'statscompanion' on '/dev/binder'...
01-04 15:54:31.839 448 468 I ServiceManager: Waiting for service 'package_native' on '/dev/binder'...
01-04 15:54:31.844 535 535 I dvm_lock_sample: [system_server,0,main,38,SystemConfig.java,247,com.android.server.SystemConfig com.android.server.SystemConfig.getInstance(),-,251,com.android.server.SystemConfig com.android.server.SystemConfig.getInstance(),7]
01-04 15:54:31.881 232 232 I hwservicemanager: getTransport: Cannot find entry android.hardware.power.stats@1.0::IPowerStats/default in either framework or device manifest.
01-04 15:54:31.882 232 232 I hwservicemanager: getTransport: Cannot find entry android.hardware.power@1.0::IPower/default in either framework or device manifest.
01-04 15:54:31.882 535 568 I chatty : uid=1000(system) batterystats-wo expire 7 lines
01-04 15:54:31.884 535 568 I chatty : uid=1000(system) batterystats-wo expire 8 lines
01-04 15:54:31.896 232 232 I hwservicemanager: getTransport: Cannot find entry android.hardware.power.stats@1.0::IPowerStats/default in either framework or device manifest.
01-04 15:54:31.896 232 232 I hwservicemanager: getTransport: Cannot find entry android.hardware.power@1.0::IPower/default in either framework or device manifest.
01-04 15:54:31.906 535 561 I commit_sys_config_file: [batterystats,6]
01-04 15:54:31.914 535 561 I commit_sys_config_file: [batterystats,7]
01-04 15:54:31.915 450 450 I ServiceManager: Waiting for service 'package_native' on '/dev/binder'...
01-04 15:54:31.923 342 342 W ServiceManager: Service statscompanion didn't start. Returning NULL
01-04 15:54:31.927 342 342 I statsd : Statsd starts to listen to socket.
01-04 15:54:31.939 448 468 I ServiceManager: Waiting for service 'package_native' on '/dev/binder'...
01-04 15:54:31.979 535 535 I service_manager_stats: [100,16,13317]
01-04 15:54:32.015 450 450 I ServiceManager: Waiting for service 'package_native' on '/dev/binder'...
01-04 15:54:32.032 231 231 I servicemanager: Found android.hardware.power.IPower/default in device VINTF manifest.
01-04 15:54:32.033 232 232 I hw-BpHwBinder: onLastStrongRef automatically unlinking death recipients
01-04 15:54:32.035 272 272 I libperfmgr: Hint type not present in actions: INTERACTIVE
01-04 15:54:32.035 272 272 I android.hardware.power-service.imx: Power mode INTERACTIVE isModeSupported: 0
01-04 15:54:32.035 272 272 I libperfmgr: Hint type not present in actions: DOUBLE_TAP_TO_WAKE
01-04 15:54:32.035 272 272 I android.hardware.power-service.imx: Power mode DOUBLE_TAP_TO_WAKE isModeSupported: 0
01-04 15:54:32.040 448 468 I ServiceManager: Waiting for service 'package_native' on '/dev/binder'...
01-04 15:54:32.042 535 561 I chatty : uid=1000(system) android.bg expire 1 line
01-04 15:54:32.042 535 535 I rescue_note: [0,1,13380]
01-04 15:54:32.044 231 231 E servicemanager: Could not find android.hardware.light.ILights/default in the VINTF manifest.
01-04 15:54:32.054 404 534 W DisplayIdentification: Invalid EDID: block 1 is truncated.
01-04 15:54:32.067 535 555 I chatty : uid=1000(system) android.display expire 2 lines
01-04 15:54:32.068 404 404 D SurfaceFlinger: Setting power mode 2 on display 4692862395984384
01-04 15:54:32.070 232 232 I hwservicemanager: getTransport: Cannot find entry android.hardware.light@2.0::ILight/default in either framework or device manifest.
01-04 15:54:32.077 535 535 I boot_progress_pms_start: 13415
01-04 15:54:32.116 450 450 I ServiceManager: Waiting for service 'package_native' on '/dev/binder'...
01-04 15:54:32.118 535 535 I chatty : uid=1000(system) Binder:535_3 expire 240 lines
01-04 15:54:32.141 448 468 I ServiceManager: Waiting for service 'package_native' on '/dev/binder'...
01-04 15:54:32.217 450 450 I ServiceManager: Waiting for service 'package_native' on '/dev/binder'...
01-04 15:54:32.242 448 468 I ServiceManager: Waiting for service 'package_native' on '/dev/binder'...
01-04 15:54:32.318 450 450 I ServiceManager: Waiting for service 'package_native' on '/dev/binder'...
01-04 15:54:32.344 448 468 I ServiceManager: Waiting for service 'package_native' on '/dev/binder'...
01-04 15:54:32.384 535 535 I boot_progress_pms_system_scan_start: 13722
01-04 15:54:32.419 450 450 I ServiceManager: Waiting for service 'package_native' on '/dev/binder'...
01-04 15:54:32.444 448 468 I ServiceManager: Waiting for service 'package_native' on '/dev/binder'...
01-04 15:54:32.473 0 0 E apexd : Can't open /system_ext/apex for reading : No such file or directory
01-04 15:54:32.481 0 0 E apexd : Can't open /product/apex for reading : No such file or directory
01-04 15:54:32.489 0 0 E apexd : Can't open /vendor/apex for reading : No such file or directory
01-04 15:54:32.519 450 450 I ServiceManager: Waiting for service 'package_native' on '/dev/binder'...
01-04 15:54:32.545 448 468 I ServiceManager: Waiting for service 'package_native' on '/dev/binder'...
01-04 15:54:32.620 450 450 I ServiceManager: Waiting for service 'package_native' on '/dev/binder'...
01-04 15:54:32.646 448 468 I ServiceManager: Waiting for service 'package_native' on '/dev/binder'...
01-04 15:54:32.721 450 450 I ServiceManager: Waiting for service 'package_native' on '/dev/binder'...
01-04 15:54:32.747 448 468 I ServiceManager: Waiting for service 'package_native' on '/dev/binder'...
01-04 15:54:32.822 450 450 I ServiceManager: Waiting for service 'package_native' on '/dev/binder'...
01-04 15:54:32.847 448 468 I ServiceManager: Waiting for service 'package_native' on '/dev/binder'...
01-04 15:54:32.922 450 450 I ServiceManager: Waiting for service 'package_native' on '/dev/binder'...
01-04 15:54:32.948 448 468 I ServiceManager: Waiting for service 'package_native' on '/dev/binder'...
01-04 15:54:33.023 450 450 I ServiceManager: Waiting for service 'package_native' on '/dev/binder'...
01-04 15:54:33.033 535 535 I boot_progress_pms_data_scan_start: 14371
01-04 15:54:33.049 448 468 I ServiceManager: Waiting for service 'package_native' on '/dev/binder'...
01-04 15:54:33.074 535 535 I boot_progress_pms_scan_end: 14412
01-04 15:54:33.107 439 445 I SELinux : SELinux: Loaded file_contexts
01-04 15:54:33.124 450 450 I ServiceManager: Waiting for service 'package_native' on '/dev/binder'...
01-04 15:54:33.149 448 468 I ServiceManager: Waiting for service 'package_native' on '/dev/binder'...
01-04 15:54:33.181 535 584 I chatty : uid=1000(system) Binder:535_3 expire 3 lines
01-04 15:54:33.224 450 450 I ServiceManager: Waiting for service 'package_native' on '/dev/binder'...
01-04 15:54:33.250 448 468 I ServiceManager: Waiting for service 'package_native' on '/dev/binder'...
01-04 15:54:33.256 535 535 I commit_sys_config_file: [package-user-0,8]
01-04 15:54:33.258 535 535 I commit_sys_config_file: [package,77]
01-04 15:54:33.258 535 535 I boot_progress_pms_ready: 14596
01-04 15:54:33.291 439 445 W installd: Ignoring /data/data/8YJpeKlPypKAGXsYHkyAYfxC6gwBkyLVVBkH6CGTUQ+OUCOzPw2pxC/2oIYp4rzUsl5lQJLVKuG0dB6Mm6nLftW with unexpected GID 0 instead of 10111
01-04 15:54:33.325 450 450 I ServiceManager: Waiting for service 'package_native' on '/dev/binder'...
01-04 15:54:33.334 535 545 I chatty : uid=1000(system) HeapTaskDaemon expire 3 lines
01-04 15:54:33.350 448 468 I ServiceManager: Waiting for service 'package_native' on '/dev/binder'...
01-04 15:54:33.425 450 450 W ServiceManager: Service package_native didn't start. Returning NULL
01-04 15:54:33.425 450 450 E storaged: getService package_native failed
01-04 15:54:33.428 450 587 I storaged: storaged: Start
01-04 15:54:33.430 450 587 I ServiceManager: Waiting for service 'package_native' on '/dev/binder'...
01-04 15:54:33.446 535 535 I am_uid_running: 1000
01-04 15:54:33.447 230 230 I lowmemorykiller: lmkd data connection established
01-04 15:54:33.447 535 564 I chatty : uid=1000(system) ActivityManager expire 1 line
01-04 15:54:33.448 535 535 I am_uid_active: 1000
01-04 15:54:33.452 448 468 W AudioAnalytics: (key=audio.flinger) Audioflinger constructor event detected
01-04 15:54:33.463 535 550 I chatty : uid=1000(system) Binder:535_2 expire 1 line
01-04 15:54:33.465 535 549 I chatty : uid=1000(system) Binder:535_1 expire 1 line
01-04 15:54:33.467 391 391 I audioserver: Waiting for sensor privacy service
01-04 15:54:33.467 434 434 I cameraserver: Waiting for sensor privacy service
01-04 15:54:33.544 0 0 I init : Control message: Processed ctl.start for 'idmap2d' from pid: 535 (system_server)
01-04 15:54:33.622 535 593 I chatty : uid=1000(system) Binder:535_3 expire 6 lines
01-04 15:54:33.623 535 593 I chatty : uid=1000(system) Binder:535_3 expire 4 lines
01-04 15:54:33.624 434 434 I HidlServiceManagement: Registered android.frameworks.cameraservice.service@2.1::ICameraService/default
01-04 15:54:33.624 232 232 I hwservicemanager: getTransport: Cannot find entry android.hardware.sensors@2.1::ISensors/default in either framework or device manifest.
01-04 15:54:33.625 232 232 I hwservicemanager: getTransport: Cannot find entry android.hardware.sensors@2.0::ISensors/default in either framework or device manifest.
01-04 15:54:33.625 232 232 I hwservicemanager: getTransport: Cannot find entry android.hardware.sensors@1.0::ISensors/default in either framework or device manifest.
01-04 15:54:33.626 434 434 I CameraService: CameraService pinged cameraservice proxy
01-04 15:54:33.626 434 434 I cameraserver: ServiceManager: 0xe8300c50 done instantiate
01-04 15:54:33.630 535 559 I battery_status: [2,2,1,1,Li-ion]
01-04 15:54:33.630 535 559 I battery_level: [85,3600,350]
01-04 15:54:33.631 232 232 I hwservicemanager: getTransport: Cannot find entry android.hardware.power.stats@1.0::IPowerStats/default in either framework or device manifest.
01-04 15:54:33.631 232 232 I hwservicemanager: getTransport: Cannot find entry android.hardware.power@1.0::IPower/default in either framework or device manifest.
01-04 15:54:33.632 232 232 I hwservicemanager: getTransport: Cannot find entry android.hardware.power.stats@1.0::IPowerStats/default in either framework or device manifest.
01-04 15:54:33.632 232 232 I hwservicemanager: getTransport: Cannot find entry android.hardware.power@1.0::IPower/default in either framework or device manifest.
01-04 15:54:33.633 232 232 I hwservicemanager: getTransport: Cannot find entry android.hardware.power.stats@1.0::IPowerStats/default in either framework or device manifest.
01-04 15:54:33.633 232 232 I hwservicemanager: getTransport: Cannot find entry android.hardware.power@1.0::IPower/default in either framework or device manifest.
01-04 15:54:33.634 232 232 I hwservicemanager: getTransport: Cannot find entry android.hardware.power.stats@1.0::IPowerStats/default in either framework or device manifest.
01-04 15:54:33.634 232 232 I hwservicemanager: getTransport: Cannot find entry android.hardware.power@1.0::IPower/default in either framework or device manifest.
01-04 15:54:33.637 535 568 I chatty : uid=1000(system) batterystats-wo expire 3 lines
01-04 15:54:33.639 535 554 I commit_sys_config_file: [overlays,21]
01-04 15:54:33.644 535 595 I chatty : uid=1000(system) HealthServiceHw expire 1 line
01-04 15:54:33.658 535 535 I chatty : uid=1000(system) Binder:535_3 expire 215 lines
01-04 15:54:33.660 439 444 D installd: Found quota mount /dev/block/dm-5 at /data
01-04 15:54:33.661 439 444 D installd: Found quota mount /dev/block/dm-5 at /data/user/0
01-04 15:54:33.664 535 561 I chatty : uid=1000(system) android.bg expire 1 line
01-04 15:54:33.671 535 598 I chatty : uid=1000(system) Binder:535_3 expire 4 lines
01-04 15:54:33.675 535 560 I chatty : uid=1000(system) Binder:535_3 expire 8 lines
01-04 15:54:33.676 345 345 I Zygote : Lazily preloading resources.
01-04 15:54:33.676 345 345 D Zygote : begin preload
01-04 15:54:33.676 345 345 I Zygote : Calling ZygoteHooks.beginPreload()
01-04 15:54:33.683 535 560 I chatty : uid=1000(system) Binder:535_3 expire 1 line
01-04 15:54:33.705 345 345 D ZygoteInitTiming_lazy: BeginPreload took to complete: 28ms
01-04 15:54:33.705 345 345 I Zygote : Preloading classes...
01-04 15:54:33.707 0 0 W healthd : battery l=85 v=3 t=35.0 h=2 st=2 c=400000 fc=4000000 cc=32 chg=au
01-04 15:54:33.708 345 345 W Zygote : Class not found for preloading: android.app.-$$Lambda$ResourcesManager$QJ7UiVk_XS90KuXAsIjIEym1DnM
01-04 15:54:33.709 345 345 W Zygote : Class not found for preloading: android.app.-$$Lambda$SystemServiceRegistry$16$s6mZ42tuGUunhKa_5iwjLY5FGdM
01-04 15:54:33.795 231 231 E servicemanager: Could not find android.hardware.vibrator.IVibrator/default in the VINTF manifest.
01-04 15:54:33.796 232 232 I hwservicemanager: getTransport: Cannot find entry android.hardware.vibrator@1.0::IVibrator/default in either framework or device manifest.
01-04 15:54:33.797 232 232 I hwservicemanager: getTransport: Cannot find entry android.hardware.vibrator@1.3::IVibrator/default in either framework or device manifest.
01-04 15:54:33.803 232 232 I hwservicemanager: getTransport: Cannot find entry android.hardware.ir@1.0::IConsumerIr/default in either framework or device manifest.
01-04 15:54:33.852 535 555 I chatty : uid=1000(system) android.display expire 1 line
01-04 15:54:33.857 535 555 I chatty : uid=1000(system) android.display expire 3 lines
01-04 15:54:33.878 535 554 I chatty : uid=1000(system) android.io expire 5 lines
01-04 15:54:33.917 535 535 I wm_task_created: [1,-1]
01-04 15:54:33.918 535 535 I wm_stack_created: 1
01-04 15:54:33.945 535 593 I chatty : uid=1000(system) Binder:535_3 expire 11 lines
01-04 15:54:33.962 232 232 I hwservicemanager: getTransport: Cannot find entry android.hardware.input.classifier@1.0::IInputClassifier/default in either framework or device manifest.
01-04 15:54:33.963 535 604 I chatty : uid=1000(system) Binder:535_3 expire 1 line
01-04 15:54:33.963 535 603 I chatty : uid=1000(system) InputReader expire 9 lines
01-04 15:54:33.987 535 605 I chatty : uid=1000(system) NetworkWatchlis expire 2 lines
01-04 15:54:34.027 535 535 I configuration_changed: 536894968
01-04 15:54:34.029 535 535 I sysui_multi_action: [757,1659,758,4,759,2,1660,0]
01-04 15:54:34.063 439 445 D installd: Found quota mount /dev/block/dm-5 at /data
01-04 15:54:34.063 439 445 D installd: Found quota mount /dev/block/dm-5 at /data/user/0
01-04 15:54:34.068 535 608 I chatty : uid=1000(system) StorageManagerS expire 4 lines
01-04 15:54:34.075 439 445 D installd: Found quota mount /dev/block/dm-5 at /data
01-04 15:54:34.075 439 445 D installd: Found quota mount /dev/block/dm-5 at /data/user/0
01-04 15:54:34.078 439 445 D installd: Found quota mount /dev/block/dm-5 at /data
01-04 15:54:34.079 439 445 D installd: Found quota mount /dev/block/dm-5 at /data/user/0
01-04 15:54:34.079 535 584 I chatty : uid=1000(system) Binder:535_3 expire 10 lines
01-04 15:54:34.119 0 0 I init : processing action (sys.sysctl.extra_free_kbytes=*) from (/system/etc/init/hw/init.rc:990)
01-04 15:54:34.225 345 345 E ActivityRecognitionHardware: activity_recognition HAL is deprecated. class_init is effectively a no-op
01-04 15:54:34.787 535 554 I commit_sys_config_file: [notification-policy,6]
01-04 15:54:34.794 535 535 I chatty : uid=1000(system) Binder:535_3 expire 235 lines
01-04 15:54:34.799 535 625 I storage_state: [41217664-9172-527a-b3d5-edabb50a7d69,0,0,6111604736,8987082752]
01-04 15:54:34.822 535 554 I commit_sys_config_file: [notification-policy,34]
01-04 15:54:34.870 345 345 W Zygote : Class not found for preloading: android.inputmethodservice.-$$Lambda$InputMethodService$TvVfWDKZ3ljQdrU87qYykg6uD-I
01-04 15:54:34.880 391 517 W AudioFlinger: no wake lock to update, system not ready yet
01-04 15:54:34.885 391 391 D PermissionCache: checking android.permission.MODIFY_AUDIO_ROUTING for uid=1000 => granted (947 us)
01-04 15:54:34.891 391 490 W APM::AudioPolicyEngine: getDevicesForStrategy() unknown strategy: -1
01-04 15:54:34.891 391 490 I chatty : uid=1041(audioserver) Binder:391_2 identical 2 lines
01-04 15:54:34.891 391 490 W APM::AudioPolicyEngine: getDevicesForStrategy() unknown strategy: -1
01-04 15:54:34.892 391 486 D PermissionCache: checking android.permission.MODIFY_AUDIO_SETTINGS for uid=1000 => granted (157 us)
01-04 15:54:34.925 535 535 I stream_devices_changed: [0,0,2]
01-04 15:54:34.926 535 535 I stream_devices_changed: [2,0,2]
01-04 15:54:34.926 535 535 I stream_devices_changed: [3,0,2]
01-04 15:54:34.926 345 345 I zygote : Thread[1,tid=345,Native,Thread*=0xe5484610,peer=0x12c40078,"main"] recursive attempt to load library "libmedia_jni.so"
01-04 15:54:34.927 535 535 I stream_devices_changed: [4,0,2]
01-04 15:54:34.927 535 535 I stream_devices_changed: [6,0,2]
01-04 15:54:34.927 345 345 I zygote : Thread[1,tid=345,Native,Thread*=0xe5484610,peer=0x12c40078,"main"] recursive attempt to load library "libmedia_jni.so"
01-04 15:54:34.928 345 345 D MtpDeviceJNI: register_android_mtp_MtpDevice
01-04 15:54:34.928 345 345 I zygote : Thread[1,tid=345,Native,Thread*=0xe5484610,peer=0x12c40078,"main"] recursive attempt to load library "libmedia_jni.so"
01-04 15:54:34.929 345 345 I zygote : Thread[1,tid=345,Native,Thread*=0xe5484610,peer=0x12c40078,"main"] recursive attempt to load library "libmedia_jni.so"
01-04 15:54:34.945 345 345 W Zygote : Class not found for preloading: android.media.MediaRouter$Static$Client$1
01-04 15:54:34.946 345 345 W Zygote : Class not found for preloading: android.media.MediaRouter$Static$Client$2
01-04 15:54:34.966 391 630 W APM::AudioPolicyEngine: getDevicesForStrategy() unknown strategy: -1
01-04 15:54:34.971 391 630 D AudioFlinger: isLowRamDevice:false totalMemory:2029920256 mClientSharedHeapSize:4194304
01-04 15:54:34.978 232 232 I hwservicemanager: getTransport: Cannot find entry android.hardware.soundtrigger@2.0::ISoundTriggerHw/default in either framework or device manifest.
01-04 15:54:34.979 391 630 I CaptureStateNotifier: Registering a listener
01-04 15:54:34.980 535 631 I chatty : uid=1000(system) Thread-7 expire 1 line
01-04 15:54:34.983 345 345 W Zygote : Class not found for preloading: android.net.shared.Inet4AddressUtils
01-04 15:54:34.984 345 345 W Zygote : Class not found for preloading: android.net.shared.InetAddressUtils
01-04 15:54:34.990 345 345 D TelephonyManager: No /proc/cmdline exception=java.io.FileNotFoundException: /proc/cmdline: open failed: EACCES (Permission denied)
01-04 15:54:34.990 345 345 D TelephonyManager: /proc/cmdline=
01-04 15:54:34.991 535 584 I chatty : uid=1000(system) Binder:535_3 expire 5 lines
01-04 15:54:35.025 535 559 I chatty : uid=1000(system) HwBinder:535_1 expire 1 line
01-04 15:54:35.026 535 552 I chatty : uid=1000(system) android.fg expire 26 lines
01-04 15:54:35.030 535 552 I chatty : uid=1000(system) android.fg expire 3 lines
01-04 15:54:35.030 535 619 I chatty : uid=1000(system) ConnectivitySer expire 1 line
01-04 15:54:35.033 535 634 I chatty : uid=1000(system) HwBinder:535_2 expire 1 line
01-04 15:54:35.036 388 397 I android.hardware.usb@1.1-service.imx: registering callback
01-04 15:54:35.037 388 397 I android.hardware.usb@1.1-service.imx: port0
01-04 15:54:35.038 388 397 I android.hardware.usb@1.1-service.imx: connected:1 canChangeMode:1 canChagedata:0 canChangePower:0
01-04 15:54:35.039 388 637 E android.hardware.usb@1.1-service.imx: creating thread
01-04 15:54:35.064 535 560 I chatty : uid=1000(system) Binder:535_3 expire 7 lines
01-04 15:54:35.068 0 0 I : read descriptors
01-04 15:54:35.069 342 348 I ServiceManager: Waiting for service 'statscompanion' on '/dev/binder'...
01-04 15:54:35.070 345 345 W Zygote : Class not found for preloading: android.telephony.ims.stub.-$$Lambda$ImsRegistrationImplBase$wwtkoeOtGwMjG5I0-ZTfjNpGU-s
01-04 15:54:35.071 0 0 I : read strings
01-04 15:54:35.074 0 0 I : read descriptors
01-04 15:54:35.077 0 0 I : read strings
