01-04 15:54:35.544 535 535 I SystemServerTiming: OnBootPhase_550_com.android.server.inputmethod.InputMethodManagerService$Lifecycle
01-04 15:54:35.544 345 345 D ZygoteInitTiming_lazy: PreloadResources took to complete: 74ms
01-04 15:54:35.550 535 546 I chatty : uid=1000(system) ReferenceQueueD expire 1 line
01-04 15:54:35.555 535 618 I chatty : uid=1000(system) WifiScanningSer expire 7 lines
01-04 15:54:35.573 0 0 F : enable link layer statistic successfully
01-04 15:54:35.582 345 345 D libEGL : loaded /vendor/lib/egl/libEGL_VIVANTE.so
01-04 15:54:35.594 232 232 I hwservicemanager: Since android.hardware.wifi.supplicant@1.0::ISupplicant/default is not registered, trying to start it as a lazy HAL.
01-04 15:54:35.601 535 600 I commit_sys_config_file: [settings-0-0,11]
01-04 15:54:35.611 345 345 D libEGL : loaded /vendor/lib/egl/libGLESv1_CM_VIVANTE.so
01-04 15:54:35.613 535 535 W SystemServiceManager: Service com.android.server.inputmethod.InputMethodManagerService$Lifecycle took 69 ms in onBootPhase
01-04 15:54:35.613 535 535 D SystemServerTiming: OnBootPhase_550_com.android.server.inputmethod.InputMethodManagerService$Lifecycle took to complete: 69ms
01-04 15:54:35.613 535 535 I SystemServerTiming: OnBootPhase_550_com.android.server.accessibility.AccessibilityManagerService$Lifecycle
01-04 15:54:35.614 535 535 D SystemServerTiming: OnBootPhase_550_com.android.server.accessibility.AccessibilityManagerService$Lifecycle took to complete: 0ms
01-04 15:54:35.614 535 535 I SystemServerTiming: OnBootPhase_550_com.android.server.StorageManagerService$Lifecycle
01-04 15:54:35.615 535 535 D SystemServerTiming: OnBootPhase_550_com.android.server.StorageManagerService$Lifecycle took to complete: 1ms
01-04 15:54:35.615 535 535 I SystemServerTiming: OnBootPhase_550_com.android.server.usage.StorageStatsService$Lifecycle
01-04 15:54:35.615 535 535 D SystemServerTiming: OnBootPhase_550_com.android.server.usage.StorageStatsService$Lifecycle took to complete: 0ms
01-04 15:54:35.615 535 535 I SystemServerTiming: OnBootPhase_550_com.android.server.UiModeManagerService
01-04 15:54:35.615 535 535 D SystemServerTiming: OnBootPhase_550_com.android.server.UiModeManagerService took to complete: 0ms
01-04 15:54:35.615 535 535 I SystemServerTiming: OnBootPhase_550_com.android.server.locksettings.LockSettingsService$Lifecycle
01-04 15:54:35.618 535 608 D StorageManagerService: Isolated storage local flag 0 and remote flag 0 resolved to true
01-04 15:54:35.619 535 535 D SystemServerTiming: OnBootPhase_550_com.android.server.locksettings.LockSettingsService$Lifecycle took to complete: 3ms
01-04 15:54:35.619 535 535 I SystemServerTiming: OnBootPhase_550_com.android.server.PersistentDataBlockService
01-04 15:54:35.619 535 535 D SystemServerTiming: OnBootPhase_550_com.android.server.PersistentDataBlockService took to complete: 0ms
01-04 15:54:35.619 535 535 I SystemServerTiming: OnBootPhase_550_com.android.server.testharness.TestHarnessModeService
01-04 15:54:35.619 535 535 D SystemServerTiming: OnBootPhase_550_com.android.server.testharness.TestHarnessModeService took to complete: 0ms
01-04 15:54:35.622 535 535 I SystemServerTiming: OnBootPhase_550_com.android.server.oemlock.OemLockService
01-04 15:54:35.622 535 535 D SystemServerTiming: OnBootPhase_550_com.android.server.oemlock.OemLockService took to complete: 0ms
01-04 15:54:35.622 345 345 D libEGL : loaded /vendor/lib/egl/libGLESv2_VIVANTE.so
01-04 15:54:35.622 535 535 I SystemServerTiming: OnBootPhase_550_com.android.server.DeviceIdleController
01-04 15:54:35.622 535 535 D SystemServerTiming: OnBootPhase_550_com.android.server.DeviceIdleController took to complete: 0ms
01-04 15:54:35.622 535 535 I SystemServerTiming: OnBootPhase_550_com.android.server.devicepolicy.DevicePolicyManagerService$Lifecycle
01-04 15:54:35.622 535 535 D SystemServerTiming: OnBootPhase_550_com.android.server.devicepolicy.DevicePolicyManagerService$Lifecycle took to complete: 0ms
01-04 15:54:35.622 535 535 I SystemServerTiming: OnBootPhase_550_com.android.server.textservices.TextServicesManagerService$Lifecycle
01-04 15:54:35.622 535 535 D SystemServerTiming: OnBootPhase_550_com.android.server.textservices.TextServicesManagerService$Lifecycle took to complete: 0ms
01-04 15:54:35.622 535 535 I SystemServerTiming: OnBootPhase_550_com.android.server.textclassifier.TextClassificationManagerService$Lifecycle
01-04 15:54:35.622 535 535 D SystemServerTiming: OnBootPhase_550_com.android.server.textclassifier.TextClassificationManagerService$Lifecycle took to complete: 0ms
01-04 15:54:35.622 535 535 I SystemServerTiming: OnBootPhase_550_com.android.server.NetworkScoreService$Lifecycle
01-04 15:54:35.622 535 535 D SystemServerTiming: OnBootPhase_550_com.android.server.NetworkScoreService$Lifecycle took to complete: 0ms
01-04 15:54:35.622 535 535 I SystemServerTiming: OnBootPhase_550_com.android.server.wifi.WifiService
01-04 15:54:35.622 535 535 D SystemServerTiming: OnBootPhase_550_com.android.server.wifi.WifiService took to complete: 0ms
01-04 15:54:35.622 535 535 I SystemServerTiming: OnBootPhase_550_com.android.server.wifi.scanner.WifiScanningService
01-04 15:54:35.622 535 535 D SystemServerTiming: OnBootPhase_550_com.android.server.wifi.scanner.WifiScanningService took to complete: 0ms
01-04 15:54:35.622 535 535 I SystemServerTiming: OnBootPhase_550_com.android.server.wifi.p2p.WifiP2pService
01-04 15:54:35.622 535 535 D SystemServerTiming: OnBootPhase_550_com.android.server.wifi.p2p.WifiP2pService took to complete: 0ms
01-04 15:54:35.622 535 535 I SystemServerTiming: OnBootPhase_550_com.android.server.ethernet.EthernetService
01-04 15:54:35.622 535 535 D SystemServerTiming: OnBootPhase_550_com.android.server.ethernet.EthernetService took to complete: 0ms
01-04 15:54:35.622 535 535 I SystemServerTiming: OnBootPhase_550_com.android.server.notification.NotificationManagerService
01-04 15:54:35.623 535 535 D SystemServerTiming: OnBootPhase_550_com.android.server.notification.NotificationManagerService took to complete: 0ms
01-04 15:54:35.623 535 535 I SystemServerTiming: OnBootPhase_550_com.android.server.storage.DeviceStorageMonitorService
01-04 15:54:35.623 535 535 D SystemServerTiming: OnBootPhase_550_com.android.server.storage.DeviceStorageMonitorService took to complete: 0ms
01-04 15:54:35.623 535 535 I SystemServerTiming: OnBootPhase_550_com.android.server.location.LocationManagerService$Lifecycle
01-04 15:54:35.623 535 535 D SystemServerTiming: OnBootPhase_550_com.android.server.location.LocationManagerService$Lifecycle took to complete: 0ms
01-04 15:54:35.623 535 535 I SystemServerTiming: OnBootPhase_550_com.android.server.timedetector.TimeDetectorService$Lifecycle
01-04 15:54:35.623 535 535 D SystemServerTiming: OnBootPhase_550_com.android.server.timedetector.TimeDetectorService$Lifecycle took to complete: 0ms
01-04 15:54:35.623 535 535 I SystemServerTiming: OnBootPhase_550_com.android.server.timezonedetector.TimeZoneDetectorService$Lifecycle
01-04 15:54:35.623 535 535 D SystemServerTiming: OnBootPhase_550_com.android.server.timezonedetector.TimeZoneDetectorService$Lifecycle took to complete: 0ms
01-04 15:54:35.623 535 535 I SystemServerTiming: OnBootPhase_550_com.android.server.search.SearchManagerService$Lifecycle
01-04 15:54:35.623 535 535 D SystemServerTiming: OnBootPhase_550_com.android.server.search.SearchManagerService$Lifecycle took to complete: 0ms
01-04 15:54:35.623 535 535 I SystemServerTiming: OnBootPhase_550_com.android.server.wallpaper.WallpaperManagerService$Lifecycle
01-04 15:54:35.624 535 535 I WallpaperManagerService: No static wallpaper imagery; defaults will be shown
01-04 15:54:35.624 535 535 V WallpaperManagerService: bindWallpaperComponentLocked: componentName=ComponentInfo{com.android.systemui/com.android.systemui.ImageWallpaper}
01-04 15:54:35.627 535 535 I am_uid_running: 10118
01-04 15:54:35.630 535 535 D CompatibilityChangeReporter: Compat change id reported: 135634846; UID 10118; state: DISABLED
01-04 15:54:35.630 535 535 D CompatibilityChangeReporter: Compat change id reported: 135754954; UID 10118; state: ENABLED
01-04 15:54:35.633 535 535 W WallpaperManagerService: Invalid wallpaper data
01-04 15:54:35.634 535 563 D CompatibilityChangeReporter: Compat change id reported: 143937733; UID 10118; state: ENABLED
01-04 15:54:35.634 535 535 E WallpaperManagerService: Unable to apply new wallpaper
01-04 15:54:35.635 535 535 D SystemServerTiming: OnBootPhase_550_com.android.server.wallpaper.WallpaperManagerService$Lifecycle took to complete: 12ms
01-04 15:54:35.635 535 535 I SystemServerTiming: OnBootPhase_550_com.android.server.audio.AudioService$Lifecycle
01-04 15:54:35.635 535 535 D SystemServerTiming: OnBootPhase_550_com.android.server.audio.AudioService$Lifecycle took to complete: 0ms
01-04 15:54:35.635 535 535 I SystemServerTiming: OnBootPhase_550_com.android.server.soundtrigger_middleware.SoundTriggerMiddlewareService$Lifecycle
01-04 15:54:35.635 535 535 D SystemServerTiming: OnBootPhase_550_com.android.server.soundtrigger_middleware.SoundTriggerMiddlewareService$Lifecycle took to complete: 0ms
01-04 15:54:35.635 535 535 I SystemServerTiming: OnBootPhase_550_com.android.server.DockObserver
01-04 15:54:35.635 535 535 D SystemServerTiming: OnBootPhase_550_com.android.server.DockObserver took to complete: 0ms
01-04 15:54:35.635 535 535 I SystemServerTiming: OnBootPhase_550_com.android.server.midi.MidiService$Lifecycle
01-04 15:54:35.635 535 535 D SystemServerTiming: OnBootPhase_550_com.android.server.midi.MidiService$Lifecycle took to complete: 0ms
01-04 15:54:35.635 535 535 I SystemServerTiming: OnBootPhase_550_com.android.server.adb.AdbService$Lifecycle
01-04 15:54:35.636 535 535 D SystemServerTiming: OnBootPhase_550_com.android.server.adb.AdbService$Lifecycle took to complete: 1ms
01-04 15:54:35.636 535 535 I SystemServerTiming: OnBootPhase_550_com.android.server.usb.UsbService$Lifecycle
01-04 15:54:35.636 358 395 D audio_hw_primary: adev_set_parameters: enter: A2dpSuspended=false
01-04 15:54:35.636 535 593 I SystemServerTimingAsync: InitThreadPoolExec:UsbService$Lifecycle#onBootPhase
01-04 15:54:35.636 358 395 D audio_hw_primary: adev_set_parameters: exit with code(0)
01-04 15:54:35.636 535 593 D SystemServerInitThreadPool: Started executing UsbService$Lifecycle#onBootPhase
01-04 15:54:35.638 358 395 D audio_hw_primary: adev_set_parameters: enter: BT_SCO=off
01-04 15:54:35.638 358 395 D audio_hw_primary: adev_set_parameters: exit with code(0)
01-04 15:54:35.638 535 593 D SystemServerInitThreadPool: Finished executing UsbService$Lifecycle#onBootPhase
01-04 15:54:35.638 535 593 D SystemServerTimingAsync: InitThreadPoolExec:UsbService$Lifecycle#onBootPhase took to complete: 2ms
01-04 15:54:35.639 535 535 D SystemServerTiming: OnBootPhase_550_com.android.server.usb.UsbService$Lifecycle took to complete: 3ms
01-04 15:54:35.639 535 535 I SystemServerTiming: OnBootPhase_550_com.android.server.twilight.TwilightService
01-04 15:54:35.639 535 535 D SystemServerTiming: OnBootPhase_550_com.android.server.twilight.TwilightService took to complete: 0ms
01-04 15:54:35.639 535 535 I SystemServerTiming: OnBootPhase_550_com.android.server.display.color.ColorDisplayService
01-04 15:54:35.639 535 535 D SystemServerTiming: OnBootPhase_550_com.android.server.display.color.ColorDisplayService took to complete: 0ms
01-04 15:54:35.639 535 535 I SystemServerTiming: OnBootPhase_550_com.android.server.job.JobSchedulerService
01-04 15:54:35.639 388 397 I android.hardware.usb@1.1-service.imx: port0
01-04 15:54:35.639 535 535 D SystemServerTiming: OnBootPhase_550_com.android.server.job.JobSchedulerService took to complete: 0ms
01-04 15:54:35.639 535 535 I SystemServerTiming: OnBootPhase_550_com.android.server.soundtrigger.SoundTriggerService
01-04 15:54:35.639 535 535 D SoundTriggerService: onBootPhase: 550 : false
01-04 15:54:35.639 535 535 D SystemServerTiming: OnBootPhase_550_com.android.server.soundtrigger.SoundTriggerService took to complete: 0ms
01-04 15:54:35.639 535 535 I SystemServerTiming: OnBootPhase_550_com.android.server.trust.TrustManagerService
01-04 15:54:35.639 535 535 D SystemServerTiming: OnBootPhase_550_com.android.server.trust.TrustManagerService took to complete: 0ms
01-04 15:54:35.639 535 535 I SystemServerTiming: OnBootPhase_550_com.android.server.backup.BackupManagerService$Lifecycle
01-04 15:54:35.639 535 535 D SystemServerTiming: OnBootPhase_550_com.android.server.backup.BackupManagerService$Lifecycle took to complete: 0ms
01-04 15:54:35.639 535 535 I SystemServerTiming: OnBootPhase_550_com.android.server.appwidget.AppWidgetService
01-04 15:54:35.639 535 535 D SystemServerTiming: OnBootPhase_550_com.android.server.appwidget.AppWidgetService took to complete: 0ms
01-04 15:54:35.639 535 535 I SystemServerTiming: OnBootPhase_550_com.android.server.role.RoleManagerService
01-04 15:54:35.639 535 535 D SystemServerTiming: OnBootPhase_550_com.android.server.role.RoleManagerService took to complete: 0ms
01-04 15:54:35.639 535 535 I SystemServerTiming: OnBootPhase_550_com.android.server.voiceinteraction.VoiceInteractionManagerService
01-04 15:54:35.639 535 535 D SystemServerTiming: OnBootPhase_550_com.android.server.voiceinteraction.VoiceInteractionManagerService took to complete: 0ms
01-04 15:54:35.639 388 397 I android.hardware.usb@1.1-service.imx: connected:1 canChangeMode:1 canChagedata:0 canChangePower:0
01-04 15:54:35.639 535 535 I SystemServerTiming: OnBootPhase_550_com.android.server.GestureLauncherService
01-04 15:54:35.640 535 535 D SystemServerTiming: OnBootPhase_550_com.android.server.GestureLauncherService took to complete: 0ms
01-04 15:54:35.640 535 535 I SystemServerTiming: OnBootPhase_550_com.android.server.SensorNotificationService
01-04 15:54:35.640 535 535 D SystemServerTiming: OnBootPhase_550_com.android.server.SensorNotificationService took to complete: 0ms
01-04 15:54:35.640 535 535 I SystemServerTiming: OnBootPhase_550_com.android.server.emergency.EmergencyAffordanceService
01-04 15:54:35.640 535 535 D SystemServerTiming: OnBootPhase_550_com.android.server.emergency.EmergencyAffordanceService took to complete: 0ms
01-04 15:54:35.640 535 535 I SystemServerTiming: OnBootPhase_550_com.android.server.dreams.DreamManagerService
01-04 15:54:35.640 535 535 D SystemServerTiming: OnBootPhase_550_com.android.server.dreams.DreamManagerService took to complete: 0ms
01-04 15:54:35.640 535 535 I SystemServerTiming: OnBootPhase_550_com.android.server.print.PrintManagerService
01-04 15:54:35.640 535 535 D SystemServerTiming: OnBootPhase_550_com.android.server.print.PrintManagerService took to complete: 0ms
01-04 15:54:35.640 535 535 I SystemServerTiming: OnBootPhase_550_com.android.server.companion.CompanionDeviceManagerService
01-04 15:54:35.640 535 535 D SystemServerTiming: OnBootPhase_550_com.android.server.companion.CompanionDeviceManagerService took to complete: 0ms
01-04 15:54:35.640 535 535 I SystemServerTiming: OnBootPhase_550_com.android.server.restrictions.RestrictionsManagerService
01-04 15:54:35.640 535 535 D SystemServerTiming: OnBootPhase_550_com.android.server.restrictions.RestrictionsManagerService took to complete: 0ms
01-04 15:54:35.640 535 535 I SystemServerTiming: OnBootPhase_550_com.android.server.media.MediaSessionService
01-04 15:54:35.640 535 535 D SystemServerTiming: OnBootPhase_550_com.android.server.media.MediaSessionService took to complete: 0ms
01-04 15:54:35.640 535 535 I SystemServerTiming: OnBootPhase_550_com.android.server.blob.BlobStoreManagerService
01-04 15:54:35.640 535 559 I UsbPortManager: ClientCallback V1_1: port0
01-04 15:54:35.641 535 552 I UsbPortManager: USB port added: port=UsbPort{id=port0, supportedModes=dualsupportedContaminantProtectionModes=0supportsEnableContaminantPresenceProtection=falsesupportsEnableContaminantPresenceDetection=false, status=UsbPortStatus{connected=true, currentMode=ufp, currentPowerRole=sink, currentDataRole=device, supportedRoleCombinations=[source:host, sink:device], contaminantDetectionStatus=0, contaminantProtectionStatus=0}, canChangeMode=true, canChangePowerRole=false, canChangeDataRole=false, connectedAtMillis=16979, lastConnectDurationMillis=0
01-04 15:54:35.642 535 535 D SystemServerTiming: OnBootPhase_550_com.android.server.blob.BlobStoreManagerService took to complete: 2ms
01-04 15:54:35.642 535 535 I SystemServerTiming: OnBootPhase_550_com.android.server.media.MediaResourceMonitorService
01-04 15:54:35.642 535 535 D SystemServerTiming: OnBootPhase_550_com.android.server.media.MediaResourceMonitorService took to complete: 0ms
01-04 15:54:35.642 535 535 I SystemServerTiming: OnBootPhase_550_com.android.server.biometrics.BiometricService
01-04 15:54:35.642 535 535 D SystemServerTiming: OnBootPhase_550_com.android.server.biometrics.BiometricService took to complete: 0ms
01-04 15:54:35.642 535 535 I SystemServerTiming: OnBootPhase_550_com.android.server.biometrics.AuthService
01-04 15:54:35.642 535 535 D SystemServerTiming: OnBootPhase_550_com.android.server.biometrics.AuthService took to complete: 0ms
01-04 15:54:35.643 535 535 I SystemServerTiming: OnBootPhase_550_com.android.server.pm.ShortcutService$Lifecycle
01-04 15:54:35.643 535 535 D SystemServerTiming: OnBootPhase_550_com.android.server.pm.ShortcutService$Lifecycle took to complete: 0ms
01-04 15:54:35.643 535 535 I SystemServerTiming: OnBootPhase_550_com.android.server.pm.LauncherAppsService
01-04 15:54:35.643 535 535 D SystemServerTiming: OnBootPhase_550_com.android.server.pm.LauncherAppsService took to complete: 0ms
01-04 15:54:35.643 535 535 I SystemServerTiming: OnBootPhase_550_com.android.server.pm.CrossProfileAppsService
01-04 15:54:35.643 535 535 D SystemServerTiming: OnBootPhase_550_com.android.server.pm.CrossProfileAppsService took to complete: 0ms
01-04 15:54:35.643 535 535 I SystemServerTiming: OnBootPhase_550_com.android.server.people.PeopleService
01-04 15:54:35.643 535 535 D SystemServerTiming: OnBootPhase_550_com.android.server.people.PeopleService took to complete: 0ms
01-04 15:54:35.643 535 535 I SystemServerTiming: OnBootPhase_550_com.android.server.media.projection.MediaProjectionManagerService
01-04 15:54:35.643 535 535 D SystemServerTiming: OnBootPhase_550_com.android.server.media.projection.MediaProjectionManagerService took to complete: 0ms
01-04 15:54:35.643 535 535 I SystemServerTiming: OnBootPhase_550_com.android.server.slice.SliceManagerService$Lifecycle
01-04 15:54:35.643 535 535 D SystemServerTiming: OnBootPhase_550_com.android.server.slice.SliceManagerService$Lifecycle took to complete: 0ms
01-04 15:54:35.643 535 535 I SystemServerTiming: OnBootPhase_550_com.android.server.camera.CameraServiceProxy
01-04 15:54:35.643 535 535 D SystemServerTiming: OnBootPhase_550_com.android.server.camera.CameraServiceProxy took to complete: 0ms
01-04 15:54:35.643 535 535 I SystemServerTiming: OnBootPhase_550_com.android.server.stats.StatsCompanion$Lifecycle
01-04 15:54:35.643 535 535 D SystemServerTiming: OnBootPhase_550_com.android.server.stats.StatsCompanion$Lifecycle took to complete: 0ms
01-04 15:54:35.643 535 535 I SystemServerTiming: OnBootPhase_550_com.android.server.stats.pull.StatsPullAtomService
01-04 15:54:35.643 535 535 D SystemServerTiming: OnBootPhase_550_com.android.server.stats.pull.StatsPullAtomService took to complete: 0ms
01-04 15:54:35.643 535 535 I SystemServerTiming: OnBootPhase_550_com.android.server.incident.IncidentCompanionService
01-04 15:54:35.643 535 535 D SystemServerTiming: OnBootPhase_550_com.android.server.incident.IncidentCompanionService took to complete: 0ms
01-04 15:54:35.643 535 535 I SystemServerTiming: OnBootPhase_550_com.android.server.MmsServiceBroker
01-04 15:54:35.643 535 535 D SystemServerTiming: OnBootPhase_550_com.android.server.MmsServiceBroker took to complete: 0ms
01-04 15:54:35.643 535 535 I SystemServerTiming: OnBootPhase_550_com.android.server.autofill.AutofillManagerService
01-04 15:54:35.643 535 535 D SystemServerTiming: OnBootPhase_550_com.android.server.autofill.AutofillManagerService took to complete: 0ms
01-04 15:54:35.643 535 535 I SystemServerTiming: OnBootPhase_550_com.android.server.clipboard.ClipboardService
01-04 15:54:35.643 535 535 D SystemServerTiming: OnBootPhase_550_com.android.server.clipboard.ClipboardService took to complete: 0ms
01-04 15:54:35.643 535 535 I SystemServerTiming: OnBootPhase_550_com.android.server.appbinding.AppBindingService$Lifecycle
01-04 15:54:35.644 535 628 D BluetoothManagerService: Trying to bind to profile: 1, while Bluetooth was disabled
01-04 15:54:35.645 535 628 I chatty : uid=1000(system) AudioService expire 1 line
01-04 15:54:35.647 535 535 I AppBindingService: Updating constants with: null
01-04 15:54:35.647 535 535 D SystemServerTiming: OnBootPhase_550_com.android.server.appbinding.AppBindingService$Lifecycle took to complete: 4ms
01-04 15:54:35.647 535 535 I SystemServerTiming: OnBootPhase_550_com.android.server.policy.PermissionPolicyService
01-04 15:54:35.673 0 0 I init : starting service 'wpa_supplicant'...
01-04 15:54:35.679 0 0 I init : Created socket '/dev/socket/wpa_wlan0', mode 660, user 1010, group 1010
01-04 15:54:35.694 0 0 I init : Control message: Processed ctl.interface_start for 'android.hardware.wifi.supplicant@1.0::ISupplicant/default' from pid: 232 (/system/bin/hwservicemanager)
01-04 15:54:35.703 535 628 I dvm_lock_sample: [system_server,0,AudioService,54,PackageManagerService.java,7130,java.lang.String com.android.server.pm.PackageManagerService.getInstantAppPackageName(int),-,4573,android.content.pm.PackageInfo com.android.server.pm.PackageManagerService.getPackageInfoInternal(java.lang.String, long, int, int, int),10]
01-04 15:54:35.705 391 630 I AudioFlinger: systemReady
01-04 15:54:35.707 535 550 I chatty : uid=1000(system) Binder:535_2 expire 1 line
01-04 15:54:35.710 535 535 I PackageManager: Permission ownership changed. Updating all permissions.
01-04 15:54:35.716 345 345 I Zygote : Preloading shared libraries...
01-04 15:54:35.733 345 345 I Zygote : Called ZygoteHooks.endPreload()
01-04 15:54:35.734 345 345 I Zygote : Installed AndroidKeyStoreProvider in 1ms.
01-04 15:54:35.737 535 535 W SystemServiceManager: Service com.android.server.policy.PermissionPolicyService took 90 ms in onBootPhase
01-04 15:54:35.737 535 535 D SystemServerTiming: OnBootPhase_550_com.android.server.policy.PermissionPolicyService took to complete: 90ms
01-04 15:54:35.737 535 535 I SystemServerTiming: OnBootPhase_550_com.android.server.pm.StagingManager$Lifecycle
01-04 15:54:35.737 535 535 D SystemServerTiming: OnBootPhase_550_com.android.server.pm.StagingManager$Lifecycle took to complete: 0ms
01-04 15:54:35.737 535 535 D SystemServerTiming: OnBootPhase_550 took to complete: 234ms
01-04 15:54:35.737 535 535 D SystemServerTiming: StartActivityManagerReadyPhase took to complete: 234ms
01-04 15:54:35.737 535 535 I SystemServerTiming: StartObservingNativeCrashes
01-04 15:54:35.738 535 535 D SystemServerTiming: StartObservingNativeCrashes took to complete: 0ms
01-04 15:54:35.738 535 535 I SystemServerTiming: StartSystemUI
01-04 15:54:35.738 535 560 I SystemServerTimingAsync: InitThreadPoolExec:WebViewFactoryPreparation
01-04 15:54:35.738 535 560 D SystemServerInitThreadPool: Started executing WebViewFactoryPreparation
01-04 15:54:35.738 535 560 I SystemServer: WebViewFactoryPreparation
01-04 15:54:35.738 535 560 I SystemServerTimingAsync: WebViewFactoryPreparation
01-04 15:54:35.741 447 447 E Utils : did not find channel-count and/or sample-rate
01-04 15:54:35.741 535 535 D SystemServerTiming: StartSystemUI took to complete: 3ms
01-04 15:54:35.741 535 535 I SystemServerTiming: MakeNetworkManagementServiceReady
01-04 15:54:35.744 447 518 E Utils : did not find channel-count and/or sample-rate
01-04 15:54:35.746 660 660 I wpa_supplicant: Processing hidl events on FD 3
01-04 15:54:35.747 417 451 D MediaCodecList: Allowing all OMX codecs
01-04 15:54:35.749 345 345 I Zygote : Warmed up JCA providers in 15ms.
01-04 15:54:35.749 345 345 D Zygote : end preload
01-04 15:54:35.750 535 598 D SystemServerTimingAsync: SecondaryZygotePreload took to complete: 2078ms
01-04 15:54:35.750 535 535 D SystemServerTiming: MakeNetworkManagementServiceReady took to complete: 9ms
01-04 15:54:35.751 535 535 I SystemServerTiming: MakeIpSecServiceReady
01-04 15:54:35.751 535 598 D SystemServerInitThreadPool: Finished executing SecondaryZygotePreload
01-04 15:54:35.751 535 598 D SystemServerTimingAsync: InitThreadPoolExec:SecondaryZygotePreload took to complete: 2080ms
01-04 15:54:35.754 660 660 I HidlServiceManagement: Registered android.hardware.wifi.supplicant@1.3::ISupplicant/default
01-04 15:54:35.754 660 660 I wpa_supplicant: Successfully initialized wpa_supplicant
01-04 15:54:35.755 535 560 I am_uid_running: 1037
01-04 15:54:35.757 535 535 D IpSecService: IpSecService is ready
01-04 15:54:35.758 535 535 D SystemServerTiming: MakeIpSecServiceReady took to complete: 6ms
01-04 15:54:35.758 535 535 I SystemServerTiming: MakeNetworkStatsServiceReady
01-04 15:54:35.759 535 560 D SystemServerTimingAsync: WebViewFactoryPreparation took to complete: 20ms
01-04 15:54:35.759 535 560 D SystemServerInitThreadPool: Finished executing WebViewFactoryPreparation
01-04 15:54:35.759 535 560 D SystemServerTimingAsync: InitThreadPoolExec:WebViewFactoryPreparation took to complete: 21ms
01-04 15:54:35.764 417 451 I Codec2Client: Available Codec2 services: "default" "software"
01-04 15:54:35.774 535 535 I service_manager_slow: [11,alarm]
01-04 15:54:35.779 344 344 D Zygote : Forked child process 672
01-04 15:54:35.782 535 563 W ActivityManager: Slow operation: 154ms so far, now at startProcess: returned from zygote!
01-04 15:54:35.783 535 563 W ActivityManager: Slow operation: 155ms so far, now at startProcess: done updating battery stats
01-04 15:54:35.783 535 563 I am_proc_start: [0,672,10118,com.android.systemui,service,{com.android.systemui/com.android.systemui.ImageWallpaper}]
01-04 15:54:35.783 535 563 W ActivityManager: Slow operation: 155ms so far, now at startProcess: building log message
01-04 15:54:35.783 535 563 I ActivityManager: Start proc 672:com.android.systemui/u0a118 for service {com.android.systemui/com.android.systemui.ImageWallpaper}
01-04 15:54:35.783 535 563 W ActivityManager: Slow operation: 155ms so far, now at startProcess: starting to update pids map
01-04 15:54:35.783 535 563 W ActivityManager: Slow operation: 155ms so far, now at startProcess: done updating pids map
01-04 15:54:35.786 535 612 I commit_sys_config_file: [net-policy,6]
01-04 15:54:35.787 535 612 W NetworkPolicy: setRestrictBackgroundUL: already false
01-04 15:54:35.788 672 672 I Zygote : seccomp disabled by setenforce 0
01-04 15:54:35.797 369 412 V ImxC2Store: ImxC2Store::ComponentBox init mLibHandle=lib_imx_c2_videodec.so mName=c2.imx.avc.decoder
01-04 15:54:35.797 369 412 V ImxC2Store: CALL createFactory
01-04 15:54:35.799 0 0 I capability: warning: `wpa_supplicant' uses 32-bit capabilities (legacy support in use)
01-04 15:54:35.800 369 412 V ImxC2Store: ImxC2Store::ComponentBox init mName=c2.imx.avc.decoder
01-04 15:54:35.801 369 412 V ImxC2Store: ImxC2Store::ComponentBox init mLibHandle=lib_imx_c2_videodec.so mName=c2.imx.hevc.decoder
01-04 15:54:35.801 369 412 V ImxC2Store: CALL createFactory
01-04 15:54:35.803 369 412 V ImxC2Store: ImxC2Store::ComponentBox init mName=c2.imx.hevc.decoder
01-04 15:54:35.804 369 412 V ImxC2Store: ImxC2Store::ComponentBox init mLibHandle=lib_imx_c2_videodec.so mName=c2.imx.vp8.decoder
01-04 15:54:35.804 369 412 V ImxC2Store: CALL createFactory
01-04 15:54:35.805 369 412 V ImxC2Store: ImxC2Store::ComponentBox init mName=c2.imx.vp8.decoder
01-04 15:54:35.806 369 412 V ImxC2Store: ImxC2Store::ComponentBox init mLibHandle=lib_imx_c2_videodec.so mName=c2.imx.vp9.decoder
01-04 15:54:35.806 369 412 V ImxC2Store: CALL createFactory
01-04 15:54:35.806 469 512 I adbd : jdwp connection from 672
01-04 15:54:35.807 369 412 V ImxC2Store: ImxC2Store::ComponentBox init mName=c2.imx.vp9.decoder
01-04 15:54:35.811 535 550 I am_proc_bound: [0,672,com.android.systemui]
01-04 15:54:35.837 535 550 I am_uid_active: 10118
01-04 15:54:35.840 535 612 I chatty : uid=1000(system) NetworkPolicy expire 5 lines
01-04 15:54:35.840 369 412 V ImxC2Store: ImxC2Store::ComponentBox init mLibHandle=lib_imx_c2_videoenc.so mName=c2.imx.avc.encoder
01-04 15:54:35.841 369 412 V ImxC2Store: CALL createFactory
01-04 15:54:35.842 369 412 I android.hardware.media.c2@1.0-service: missing struct descriptor #Param::CoreIndex(--004) for field values of struct #Param::CoreIndex(F-12004)
01-04 15:54:35.842 369 412 V ImxC2Store: ImxC2Store::ComponentBox init mName=c2.imx.avc.encoder
01-04 15:54:35.843 369 412 V ImxC2Store: ImxC2Store::ComponentBox init mLibHandle=lib_imx_c2_videoenc.so mName=c2.imx.vp8.encoder
01-04 15:54:35.843 369 412 V ImxC2Store: CALL createFactory
01-04 15:54:35.844 369 412 I android.hardware.media.c2@1.0-service: missing struct descriptor #Param::CoreIndex(--004) for field values of struct #Param::CoreIndex(F-12004)
01-04 15:54:35.844 369 412 V ImxC2Store: ImxC2Store::ComponentBox init mName=c2.imx.vp8.encoder
01-04 15:54:35.852 535 619 D ConnectivityService: NetReassign [no changes]
01-04 15:54:35.852 535 535 D TelephonyRegistry: listen oscl: mHasNotifySubscriptionInfoChangedOccurred==false no callback
01-04 15:54:35.853 369 412 V ImxC2Store: ImxC2Store::ComponentBox init mLibHandle=lib_c2_imx_mp3_dec.so mName=c2.imx.mp3.decoder.sw
01-04 15:54:35.853 369 412 V ImxC2Store: CALL createFactory
01-04 15:54:35.854 369 412 V ImxC2Store: ImxC2Store::ComponentBox init mName=c2.imx.mp3.decoder.sw
01-04 15:54:35.859 535 535 D SystemServerTiming: MakeNetworkStatsServiceReady took to complete: 102ms
01-04 15:54:35.860 535 535 I SystemServerTiming: MakeConnectivityServiceReady
01-04 15:54:35.862 459 520 V C2Store : in init
01-04 15:54:35.862 459 520 V C2Store : loading dll
01-04 15:54:35.866 535 612 D TelephonyRegistry: listen oscl: mHasNotifySubscriptionInfoChangedOccurred==false no callback
01-04 15:54:35.878 459 520 V C2Store : in ~ComponentModule
01-04 15:54:35.878 459 520 V C2Store : unloading dll
01-04 15:54:35.878 459 520 V C2Store : in init
01-04 15:54:35.878 459 520 V C2Store : loading dll
01-04 15:54:35.883 459 520 V C2Store : in ~ComponentModule
01-04 15:54:35.883 459 520 V C2Store : unloading dll
01-04 15:54:35.883 459 520 V C2Store : in init
01-04 15:54:35.883 459 520 V C2Store : loading dll
01-04 15:54:35.884 672 672 I ndroid.systemu: The ClassLoaderContext is a special shared library.
01-04 15:54:35.888 535 535 D SystemServerTiming: MakeConnectivityServiceReady took to complete: 28ms
01-04 15:54:35.888 535 535 I SystemServerTiming: MakeNetworkPolicyServiceReady
01-04 15:54:35.888 535 535 D SystemServerTiming: MakeNetworkPolicyServiceReady took to complete: 0ms
01-04 15:54:35.888 535 535 I SystemServerTiming: PhaseThirdPartyAppsCanStart
01-04 15:54:35.888 535 535 I SystemServiceManager: Starting phase 600
01-04 15:54:35.888 535 535 I SystemServerTiming: OnBootPhase_600
01-04 15:54:35.888 535 535 I SystemServerTiming: OnBootPhase_600_com.android.server.security.FileIntegrityService
01-04 15:54:35.888 535 535 D SystemServerTiming: OnBootPhase_600_com.android.server.security.FileIntegrityService took to complete: 0ms
01-04 15:54:35.888 535 535 I SystemServerTiming: OnBootPhase_600_com.android.server.pm.Installer
01-04 15:54:35.888 535 535 D SystemServerTiming: OnBootPhase_600_com.android.server.pm.Installer took to complete: 0ms
01-04 15:54:35.888 535 535 I SystemServerTiming: OnBootPhase_600_com.android.server.os.DeviceIdentifiersPolicyService
01-04 15:54:35.888 535 619 D ConnectivityService: NetReassign [no changes]
01-04 15:54:35.888 535 535 D SystemServerTiming: OnBootPhase_600_com.android.server.os.DeviceIdentifiersPolicyService took to complete: 0ms
01-04 15:54:35.888 535 535 I SystemServerTiming: OnBootPhase_600_com.android.server.uri.UriGrantsManagerService$Lifecycle
01-04 15:54:35.888 535 535 D SystemServerTiming: OnBootPhase_600_com.android.server.uri.UriGrantsManagerService$Lifecycle took to complete: 0ms
01-04 15:54:35.888 535 535 I SystemServerTiming: OnBootPhase_600_com.android.server.wm.ActivityTaskManagerService$Lifecycle
01-04 15:54:35.888 535 535 D SystemServerTiming: OnBootPhase_600_com.android.server.wm.ActivityTaskManagerService$Lifecycle took to complete: 0ms
01-04 15:54:35.888 535 535 I SystemServerTiming: OnBootPhase_600_com.android.server.am.ActivityManagerService$Lifecycle
01-04 15:54:35.890 535 535 I ExplicitHealthCheckController: Explicit health checks enabled.
01-04 15:54:35.890 535 535 I PackageWatchdog: Syncing state, reason: health check state enabled
01-04 15:54:35.890 535 535 I PackageWatchdog: Not pruning observers, elapsed time: 0ms
01-04 15:54:35.890 535 535 I PackageWatchdog: Cancelling state sync, nothing to sync
01-04 15:54:35.890 535 535 D SystemServerTiming: OnBootPhase_600_com.android.server.am.ActivityManagerService$Lifecycle took to complete: 2ms
01-04 15:54:35.891 535 535 I SystemServerTiming: OnBootPhase_600_com.android.server.pm.DataLoaderManagerService
01-04 15:54:35.891 535 535 D SystemServerTiming: OnBootPhase_600_com.android.server.pm.DataLoaderManagerService took to complete: 0ms
01-04 15:54:35.891 535 535 I SystemServerTiming: OnBootPhase_600_com.android.server.power.PowerManagerService
01-04 15:54:35.891 535 561 I PackageWatchdog: Saving observer state to file
01-04 15:54:35.892 535 535 D SystemServerTiming: OnBootPhase_600_com.android.server.power.PowerManagerService took to complete: 1ms
01-04 15:54:35.892 535 619 D ConnectivityService: NetReassign [no changes]
01-04 15:54:35.892 459 520 V C2Store : in ~ComponentModule
01-04 15:54:35.892 535 535 I SystemServerTiming: OnBootPhase_600_com.android.server.power.ThermalManagerService
01-04 15:54:35.892 459 520 V C2Store : unloading dll
01-04 15:54:35.892 535 535 D SystemServerTiming: OnBootPhase_600_com.android.server.power.ThermalManagerService took to complete: 0ms
01-04 15:54:35.892 535 535 I SystemServerTiming: OnBootPhase_600_com.android.server.recoverysystem.RecoverySystemService$Lifecycle
01-04 15:54:35.892 535 535 D SystemServerTiming: OnBootPhase_600_com.android.server.recoverysystem.RecoverySystemService$Lifecycle took to complete: 0ms
01-04 15:54:35.892 535 535 I SystemServerTiming: OnBootPhase_600_com.android.server.lights.LightsService
01-04 15:54:35.892 459 520 V C2Store : in init
01-04 15:54:35.892 535 535 D SystemServerTiming: OnBootPhase_600_com.android.server.lights.LightsService took to complete: 0ms
01-04 15:54:35.892 459 520 V C2Store : loading dll
01-04 15:54:35.892 535 535 I SystemServerTiming: OnBootPhase_600_com.android.server.display.DisplayManagerService
01-04 15:54:35.892 535 535 D SystemServerTiming: OnBootPhase_600_com.android.server.display.DisplayManagerService took to complete: 0ms
01-04 15:54:35.892 535 535 I SystemServerTiming: OnBootPhase_600_com.android.server.pm.UserManagerService$LifeCycle
01-04 15:54:35.892 535 535 D SystemServerTiming: OnBootPhase_600_com.android.server.pm.UserManagerService$LifeCycle took to complete: 0ms
01-04 15:54:35.892 535 535 I SystemServerTiming: OnBootPhase_600_com.android.server.om.OverlayManagerService
01-04 15:54:35.892 535 535 D SystemServerTiming: OnBootPhase_600_com.android.server.om.OverlayManagerService took to complete: 0ms
01-04 15:54:35.892 535 535 I SystemServerTiming: OnBootPhase_600_com.android.server.SensorPrivacyService
01-04 15:54:35.892 535 535 D SystemServerTiming: OnBootPhase_600_com.android.server.SensorPrivacyService took to complete: 0ms
01-04 15:54:35.892 535 535 I SystemServerTiming: OnBootPhase_600_com.android.server.SystemConfigService
01-04 15:54:35.892 535 535 D SystemServerTiming: OnBootPhase_600_com.android.server.SystemConfigService took to complete: 0ms
01-04 15:54:35.892 535 535 I SystemServerTiming: OnBootPhase_600_com.android.server.BatteryService
01-04 15:54:35.892 535 535 D SystemServerTiming: OnBootPhase_600_com.android.server.BatteryService took to complete: 0ms
01-04 15:54:35.892 535 535 I SystemServerTiming: OnBootPhase_600_com.android.server.usage.UsageStatsService
01-04 15:54:35.892 535 535 D SystemServerTiming: OnBootPhase_600_com.android.server.usage.UsageStatsService took to complete: 0ms
01-04 15:54:35.893 535 535 I SystemServerTiming: OnBootPhase_600_com.android.server.webkit.WebViewUpdateService
01-04 15:54:35.893 535 535 D SystemServerTiming: OnBootPhase_600_com.android.server.webkit.WebViewUpdateService took to complete: 0ms
01-04 15:54:35.893 535 535 I SystemServerTiming: OnBootPhase_600_com.android.server.CachedDeviceStateService
01-04 15:54:35.893 535 535 D SystemServerTiming: OnBootPhase_600_com.android.server.CachedDeviceStateService took to complete: 0ms
01-04 15:54:35.893 535 535 I SystemServerTiming: OnBootPhase_600_com.android.server.BinderCallsStatsService$LifeCycle
01-04 15:54:35.893 535 535 D SystemServerTiming: OnBootPhase_600_com.android.server.BinderCallsStatsService$LifeCycle took to complete: 0ms
01-04 15:54:35.893 535 535 I SystemServerTiming: OnBootPhase_600_com.android.server.LooperStatsService$Lifecycle
01-04 15:54:35.893 535 535 D SystemServerTiming: OnBootPhase_600_com.android.server.LooperStatsService$Lifecycle took to complete: 0ms
01-04 15:54:35.893 535 535 I SystemServerTiming: OnBootPhase_600_com.android.server.rollback.RollbackManagerService
01-04 15:54:35.893 535 535 D SystemServerTiming: OnBootPhase_600_com.android.server.rollback.RollbackManagerService took to complete: 0ms
01-04 15:54:35.893 535 535 I SystemServerTiming: OnBootPhase_600_com.android.server.os.BugreportManagerService
01-04 15:54:35.893 535 535 D SystemServerTiming: OnBootPhase_600_com.android.server.os.BugreportManagerService took to complete: 0ms
01-04 15:54:35.893 535 535 I SystemServerTiming: OnBootPhase_600_com.android.server.gpu.GpuService
01-04 15:54:35.893 535 535 D SystemServerTiming: OnBootPhase_600_com.android.server.gpu.GpuService took to complete: 0ms
01-04 15:54:35.893 535 535 I SystemServerTiming: OnBootPhase_600_com.android.server.security.KeyChainSystemService
01-04 15:54:35.893 535 535 D SystemServerTiming: OnBootPhase_600_com.android.server.security.KeyChainSystemService took to complete: 0ms
01-04 15:54:35.893 535 535 I SystemServerTiming: OnBootPhase_600_com.android.server.telecom.TelecomLoaderService
01-04 15:54:35.893 535 535 D SystemServerTiming: OnBootPhase_600_com.android.server.telecom.TelecomLoaderService took to complete: 0ms
01-04 15:54:35.893 535 535 I SystemServerTiming: OnBootPhase_600_com.android.server.accounts.AccountManagerService$Lifecycle
01-04 15:54:35.893 535 535 D SystemServerTiming: OnBootPhase_600_com.android.server.accounts.AccountManagerService$Lifecycle took to complete: 0ms
01-04 15:54:35.893 535 535 I SystemServerTiming: OnBootPhase_600_com.android.server.content.ContentService$Lifecycle
01-04 15:54:35.893 535 535 D SystemServerTiming: OnBootPhase_600_com.android.server.content.ContentService$Lifecycle took to complete: 0ms
01-04 15:54:35.893 535 535 I SystemServerTiming: OnBootPhase_600_com.android.server.DropBoxManagerService
01-04 15:54:35.893 535 535 D SystemServerTiming: OnBootPhase_600_com.android.server.DropBoxManagerService took to complete: 0ms
01-04 15:54:35.893 535 535 I SystemServerTiming: OnBootPhase_600_com.android.server.AlarmManagerService
01-04 15:54:35.893 535 535 D SystemServerTiming: OnBootPhase_600_com.android.server.AlarmManagerService took to complete: 0ms
01-04 15:54:35.893 535 535 I SystemServerTiming: OnBootPhase_600_com.android.server.BluetoothService
01-04 15:54:35.893 535 535 D SystemServerTiming: OnBootPhase_600_com.android.server.BluetoothService took to complete: 0ms
01-04 15:54:35.893 535 535 I SystemServerTiming: OnBootPhase_600_com.android.server.connectivity.IpConnectivityMetrics
01-04 15:54:35.893 535 535 D SystemServerTiming: OnBootPhase_600_com.android.server.connectivity.IpConnectivityMetrics took to complete: 0ms
01-04 15:54:35.893 535 535 I SystemServerTiming: OnBootPhase_600_com.android.server.net.watchlist.NetworkWatchlistService$Lifecycle
01-04 15:54:35.893 535 535 D SystemServerTiming: OnBootPhase_600_com.android.server.net.watchlist.NetworkWatchlistService$Lifecycle took to complete: 0ms
01-04 15:54:35.893 535 535 I SystemServerTiming: OnBootPhase_600_com.android.server.PinnerService
01-04 15:54:35.893 535 535 D SystemServerTiming: OnBootPhase_600_com.android.server.PinnerService took to complete: 0ms
01-04 15:54:35.893 535 535 I SystemServerTiming: OnBootPhase_600_com.google.android.startop.iorap.IorapForwardingService
01-04 15:54:35.894 535 535 D SystemServerTiming: OnBootPhase_600_com.google.android.startop.iorap.IorapForwardingService took to complete: 0ms
01-04 15:54:35.894 535 535 I SystemServerTiming: OnBootPhase_600_com.android.server.integrity.AppIntegrityManagerService
01-04 15:54:35.894 535 535 D SystemServerTiming: OnBootPhase_600_com.android.server.integrity.AppIntegrityManagerService took to complete: 0ms
01-04 15:54:35.894 535 535 I SystemServerTiming: OnBootPhase_600_com.android.server.inputmethod.InputMethodManagerService$Lifecycle
01-04 15:54:35.894 535 535 D SystemServerTiming: OnBootPhase_600_com.android.server.inputmethod.InputMethodManagerService$Lifecycle took to complete: 0ms
01-04 15:54:35.894 535 535 I SystemServerTiming: OnBootPhase_600_com.android.server.accessibility.AccessibilityManagerService$Lifecycle
01-04 15:54:35.894 535 535 D SystemServerTiming: OnBootPhase_600_com.android.server.accessibility.AccessibilityManagerService$Lifecycle took to complete: 0ms
01-04 15:54:35.894 535 535 I SystemServerTiming: OnBootPhase_600_com.android.server.StorageManagerService$Lifecycle
01-04 15:54:35.894 535 535 D SystemServerTiming: OnBootPhase_600_com.android.server.StorageManagerService$Lifecycle took to complete: 0ms
01-04 15:54:35.894 535 535 I SystemServerTiming: OnBootPhase_600_com.android.server.usage.StorageStatsService$Lifecycle
01-04 15:54:35.894 535 535 D SystemServerTiming: OnBootPhase_600_com.android.server.usage.StorageStatsService$Lifecycle took to complete: 0ms
01-04 15:54:35.894 535 535 I SystemServerTiming: OnBootPhase_600_com.android.server.UiModeManagerService
01-04 15:54:35.894 535 535 D SystemServerTiming: OnBootPhase_600_com.android.server.UiModeManagerService took to complete: 0ms
01-04 15:54:35.894 535 535 I SystemServerTiming: OnBootPhase_600_com.android.server.locksettings.LockSettingsService$Lifecycle
01-04 15:54:35.894 535 535 D SystemServerTiming: OnBootPhase_600_com.android.server.locksettings.LockSettingsService$Lifecycle took to complete: 0ms
01-04 15:54:35.894 535 535 I SystemServerTiming: OnBootPhase_600_com.android.server.PersistentDataBlockService
01-04 15:54:35.894 535 535 D SystemServerTiming: OnBootPhase_600_com.android.server.PersistentDataBlockService took to complete: 0ms
01-04 15:54:35.894 535 535 I SystemServerTiming: OnBootPhase_600_com.android.server.testharness.TestHarnessModeService
01-04 15:54:35.894 535 535 D SystemServerTiming: OnBootPhase_600_com.android.server.testharness.TestHarnessModeService took to complete: 0ms
01-04 15:54:35.894 535 535 I SystemServerTiming: OnBootPhase_600_com.android.server.oemlock.OemLockService
01-04 15:54:35.894 535 535 D SystemServerTiming: OnBootPhase_600_com.android.server.oemlock.OemLockService took to complete: 0ms
01-04 15:54:35.894 535 535 I SystemServerTiming: OnBootPhase_600_com.android.server.DeviceIdleController
01-04 15:54:35.894 535 535 D SystemServerTiming: OnBootPhase_600_com.android.server.DeviceIdleController took to complete: 0ms
01-04 15:54:35.894 535 535 I SystemServerTiming: OnBootPhase_600_com.android.server.devicepolicy.DevicePolicyManagerService$Lifecycle
01-04 15:54:35.894 535 535 D SystemServerTiming: OnBootPhase_600_com.android.server.devicepolicy.DevicePolicyManagerService$Lifecycle took to complete: 0ms
01-04 15:54:35.894 535 535 I SystemServerTiming: OnBootPhase_600_com.android.server.textservices.TextServicesManagerService$Lifecycle
01-04 15:54:35.894 535 535 D SystemServerTiming: OnBootPhase_600_com.android.server.textservices.TextServicesManagerService$Lifecycle took to complete: 0ms
01-04 15:54:35.894 535 535 I SystemServerTiming: OnBootPhase_600_com.android.server.textclassifier.TextClassificationManagerService$Lifecycle
01-04 15:54:35.894 535 535 D SystemServerTiming: OnBootPhase_600_com.android.server.textclassifier.TextClassificationManagerService$Lifecycle took to complete: 0ms
01-04 15:54:35.894 535 535 I SystemServerTiming: OnBootPhase_600_com.android.server.NetworkScoreService$Lifecycle
01-04 15:54:35.894 535 535 D SystemServerTiming: OnBootPhase_600_com.android.server.NetworkScoreService$Lifecycle took to complete: 0ms
01-04 15:54:35.894 535 535 I SystemServerTiming: OnBootPhase_600_com.android.server.wifi.WifiService
01-04 15:54:35.894 535 535 D SystemServerTiming: OnBootPhase_600_com.android.server.wifi.WifiService took to complete: 1ms
01-04 15:54:35.894 535 535 I SystemServerTiming: OnBootPhase_600_com.android.server.wifi.scanner.WifiScanningService
01-04 15:54:35.895 535 535 D SystemServerTiming: OnBootPhase_600_com.android.server.wifi.scanner.WifiScanningService took to complete: 0ms
01-04 15:54:35.895 535 535 I SystemServerTiming: OnBootPhase_600_com.android.server.wifi.p2p.WifiP2pService
01-04 15:54:35.895 535 535 D SystemServerTiming: OnBootPhase_600_com.android.server.wifi.p2p.WifiP2pService took to complete: 0ms
01-04 15:54:35.895 535 535 I SystemServerTiming: OnBootPhase_600_com.android.server.ethernet.EthernetService
01-04 15:54:35.895 535 535 D SystemServerTiming: OnBootPhase_600_com.android.server.ethernet.EthernetService took to complete: 0ms
01-04 15:54:35.895 535 535 I SystemServerTiming: OnBootPhase_600_com.android.server.notification.NotificationManagerService
01-04 15:54:35.896 459 520 V C2Store : in ~ComponentModule
01-04 15:54:35.897 459 520 V C2Store : unloading dll
01-04 15:54:35.897 459 520 V C2Store : in init
01-04 15:54:35.897 459 520 V C2Store : loading dll
01-04 15:54:35.898 535 535 D SystemServerTiming: OnBootPhase_600_com.android.server.notification.NotificationManagerService took to complete: 4ms
01-04 15:54:35.899 535 535 I SystemServerTiming: OnBootPhase_600_com.android.server.storage.DeviceStorageMonitorService
01-04 15:54:35.899 535 535 D SystemServerTiming: OnBootPhase_600_com.android.server.storage.DeviceStorageMonitorService took to complete: 0ms
01-04 15:54:35.899 535 535 I SystemServerTiming: OnBootPhase_600_com.android.server.location.LocationManagerService$Lifecycle
01-04 15:54:35.903 232 232 I hwservicemanager: getTransport: Cannot find entry android.hardware.gnss@2.1::IGnss/default in either framework or device manifest.
01-04 15:54:35.905 660 660 I wpa_supplicant: rfkill: Cannot open RFKILL control device
01-04 15:54:35.906 459 520 V C2Store : in ~ComponentModule
01-04 15:54:35.906 459 520 V C2Store : unloading dll
01-04 15:54:35.906 459 520 V C2Store : in init
01-04 15:54:35.906 459 520 V C2Store : loading dll
01-04 15:54:35.912 459 520 V C2Store : in ~ComponentModule
01-04 15:54:35.912 459 520 V C2Store : unloading dll
01-04 15:54:35.912 459 520 V C2Store : in init
01-04 15:54:35.912 459 520 V C2Store : loading dll
01-04 15:54:35.913 535 535 D TelephonyRegistry: listen oscl: mHasNotifySubscriptionInfoChangedOccurred==false no callback
01-04 15:54:35.918 459 520 V C2Store : in ~ComponentModule
01-04 15:54:35.918 459 520 V C2Store : unloading dll
01-04 15:54:35.918 459 520 V C2Store : in init
01-04 15:54:35.918 459 520 V C2Store : loading dll
01-04 15:54:35.921 535 535 D SystemServerTiming: OnBootPhase_600_com.android.server.location.LocationManagerService$Lifecycle took to complete: 22ms
01-04 15:54:35.921 535 535 I SystemServerTiming: OnBootPhase_600_com.android.server.timedetector.TimeDetectorService$Lifecycle
01-04 15:54:35.921 535 535 D SystemServerTiming: OnBootPhase_600_com.android.server.timedetector.TimeDetectorService$Lifecycle took to complete: 0ms
01-04 15:54:35.921 365 365 D Gnss : Gnss::getExtensionGnssMeasurement_2_0
01-04 15:54:35.921 535 535 I SystemServerTiming: OnBootPhase_600_com.android.server.timezonedetector.TimeZoneDetectorService$Lifecycle
01-04 15:54:35.921 535 535 D SystemServerTiming: OnBootPhase_600_com.android.server.timezonedetector.TimeZoneDetectorService$Lifecycle took to complete: 0ms
01-04 15:54:35.921 535 535 I SystemServerTiming: OnBootPhase_600_com.android.server.search.SearchManagerService$Lifecycle
01-04 15:54:35.921 535 535 D SystemServerTiming: OnBootPhase_600_com.android.server.search.SearchManagerService$Lifecycle took to complete: 0ms
01-04 15:54:35.921 535 535 I SystemServerTiming: OnBootPhase_600_com.android.server.wallpaper.WallpaperManagerService$Lifecycle
01-04 15:54:35.921 535 535 I WallpaperManagerService: switch-user-0
01-04 15:54:35.922 535 535 V WallpaperManagerService: bindWallpaperComponentLocked: componentName=ComponentInfo{com.android.systemui/com.android.systemui.ImageWallpaper}
01-04 15:54:35.923 365 365 D Gnss : Gnss::getExtensionMeasurementCorrections
01-04 15:54:35.924 535 535 D WallpaperManagerService: switch-user-0 took to complete: 3ms
01-04 15:54:35.924 535 535 D SystemServerTiming: OnBootPhase_600_com.android.server.wallpaper.WallpaperManagerService$Lifecycle took to complete: 3ms
01-04 15:54:35.924 535 535 I SystemServerTiming: OnBootPhase_600_com.android.server.audio.AudioService$Lifecycle
01-04 15:54:35.924 535 535 D SystemServerTiming: OnBootPhase_600_com.android.server.audio.AudioService$Lifecycle took to complete: 0ms
01-04 15:54:35.924 535 535 I SystemServerTiming: OnBootPhase_600_com.android.server.soundtrigger_middleware.SoundTriggerMiddlewareService$Lifecycle
01-04 15:54:35.925 535 535 D SystemServerTiming: OnBootPhase_600_com.android.server.soundtrigger_middleware.SoundTriggerMiddlewareService$Lifecycle took to complete: 0ms
01-04 15:54:35.925 535 535 I SystemServerTiming: OnBootPhase_600_com.android.server.DockObserver
