01-04 15:54:47.133 1705 1705 I ndroid.setting: The ClassLoaderContext is a special shared library.
01-04 15:54:47.146 1705 1705 D NetworkSecurityConfig: No Network Security Config specified, using platform default
01-04 15:54:47.147 1705 1705 D NetworkSecurityConfig: No Network Security Config specified, using platform default
01-04 15:54:47.174 535 1698 I am_uid_running: 2000
01-04 15:54:47.175 535 1698 D CompatibilityChangeReporter: Compat change id reported: 135634846; UID 2000; state: DISABLED
01-04 15:54:47.175 535 1698 D CompatibilityChangeReporter: Compat change id reported: 135754954; UID 2000; state: ENABLED
01-04 15:54:47.176 535 1698 I ActivityManager: Killing 1199:com.android.quicksearchbox/u0a106 (adj 985): empty #17
01-04 15:54:47.176 535 1698 I am_kill : [0,1199,com.android.quicksearchbox,985,empty #17]
01-04 15:54:47.192 344 344 D Zygote : Forked child process 1727
01-04 15:54:47.195 1727 1727 I Zygote : seccomp disabled by setenforce 0
01-04 15:54:47.195 535 563 I am_proc_start: [0,1727,2000,com.android.shell,broadcast,{com.android.shell/com.android.shell.HeapDumpReceiver}]
01-04 15:54:47.195 535 563 I ActivityManager: Start proc 1727:com.android.shell/2000 for broadcast {com.android.shell/com.android.shell.HeapDumpReceiver}
01-04 15:54:47.198 535 1698 I am_proc_died: [0,1199,com.android.quicksearchbox,985,19]
01-04 15:54:47.198 344 344 I Zygote : Process 1199 exited due to signal 9 (Killed)
01-04 15:54:47.198 535 1698 I am_uid_stopped: 10106
01-04 15:54:47.207 1512 1519 I adbd : jdwp connection from 1727
01-04 15:54:47.215 535 1698 I am_proc_bound: [0,1727,com.android.shell]
01-04 15:54:47.237 1727 1727 I m.android.shel: The ClassLoaderContext is a special shared library.
01-04 15:54:47.249 1727 1727 D NetworkSecurityConfig: No Network Security Config specified, using platform default
01-04 15:54:47.249 1727 1727 D NetworkSecurityConfig: No Network Security Config specified, using platform default
01-04 15:54:47.262 1727 1727 D HeapDumpReceiver: onReceive(): Intent { act=android.intent.action.BOOT_COMPLETED flg=0x89000010 cmp=com.android.shell/.HeapDumpReceiver (has extras) }
01-04 15:54:47.266 1727 1749 D HeapDumpReceiver: Deleting from /data/user_de/0/com.android.shell/files/heapdumps
01-04 15:54:47.269 535 1698 I ActivityManager: Killing 1346:org.videolan.vlc/u0a129 (adj 985): empty #17
01-04 15:54:47.269 535 1698 I am_kill : [0,1346,org.videolan.vlc,985,empty #17]
01-04 15:54:47.285 837 837 I m.android.phon: The ClassLoaderContext is a special shared library.
01-04 15:54:47.295 837 837 D NetworkSecurityConfig: No Network Security Config specified, using platform default
01-04 15:54:47.295 837 837 W nsconfig: com.android.phone: New config does not match the previously set config.
01-04 15:54:47.300 837 837 D CAT : BootCompletedReceiver: [ACTION_BOOT_COMPLETED]
01-04 15:54:47.301 535 1698 I am_uid_running: 10095
01-04 15:54:47.301 837 837 D CAT : StkAppService: onCreate()+
01-04 15:54:47.302 837 837 D CAT : StkAppService: simCount: 1
01-04 15:54:47.302 535 1698 D CompatibilityChangeReporter: Compat change id reported: 135634846; UID 10095; state: DISABLED
01-04 15:54:47.302 535 1698 D CompatibilityChangeReporter: Compat change id reported: 135754954; UID 10095; state: DISABLED
01-04 15:54:47.302 837 837 D CAT : StkAppService: slotId: 0
01-04 15:54:47.303 535 563 D CompatibilityChangeReporter: Compat change id reported: 143937733; UID 10095; state: DISABLED
01-04 15:54:47.305 535 1698 I am_proc_died: [0,1346,org.videolan.vlc,985,19]
01-04 15:54:47.305 344 344 I Zygote : Process 1346 exited due to signal 9 (Killed)
01-04 15:54:47.305 535 1698 I am_uid_stopped: 10129
01-04 15:54:47.308 837 837 D CAT : StkAppService: onStart sim id: 0, op: 5, *****
01-04 15:54:47.308 837 837 D CAT : StkAppService: mStkService is: -1
01-04 15:54:47.310 837 837 D CAT : StkAppInstaller: [setAppState]+
01-04 15:54:47.311 837 837 D CAT : StkAppInstaller: Need not change app state!!
01-04 15:54:47.311 837 837 D CAT : StkAppInstaller: [setAppState]-
01-04 15:54:47.311 837 837 D CAT : StkAppService: onDestroy()
01-04 15:54:47.319 344 344 D Zygote : Forked child process 1751
01-04 15:54:47.322 535 563 I am_proc_start: [0,1751,10095,com.android.traceur,broadcast,{com.android.traceur/com.android.traceur.Receiver}]
01-04 15:54:47.322 535 563 I ActivityManager: Start proc 1751:com.android.traceur/u0a95 for broadcast {com.android.traceur/com.android.traceur.Receiver}
01-04 15:54:47.322 1751 1751 I Zygote : seccomp disabled by setenforce 0
01-04 15:54:47.323 1751 1751 I libc : SetHeapTaggingLevel: tag level set to 0
01-04 15:54:47.333 1512 1519 I adbd : jdwp connection from 1751
01-04 15:54:47.341 535 810 I am_proc_bound: [0,1751,com.android.traceur]
01-04 15:54:47.355 1751 1751 D ApplicationLoaders: Returning zygote-cached class loader: /system/framework/android.test.base.jar
01-04 15:54:47.385 1751 1751 I android.traceu: The ClassLoaderContext is a special shared library.
01-04 15:54:47.407 1751 1751 D NetworkSecurityConfig: No Network Security Config specified, using platform default
01-04 15:54:47.407 1751 1751 D NetworkSecurityConfig: No Network Security Config specified, using platform default
01-04 15:54:47.432 535 816 I chatty : uid=1000(system) NDK MediaCodec_ expire 1 line
01-04 15:54:47.439 535 810 I am_uid_running: 10136
01-04 15:54:47.440 535 810 D CompatibilityChangeReporter: Compat change id reported: 135634846; UID 10136; state: DISABLED
01-04 15:54:47.440 535 810 D CompatibilityChangeReporter: Compat change id reported: 135754954; UID 10136; state: DISABLED
01-04 15:54:47.441 535 563 D CompatibilityChangeReporter: Compat change id reported: 143937733; UID 10136; state: DISABLED
01-04 15:54:47.441 535 810 I ActivityManager: Killing 1383:com.android.calendar/u0a109 (adj 985): empty #17
01-04 15:54:47.442 535 810 I am_kill : [0,1383,com.android.calendar,985,empty #17]
01-04 15:54:47.459 344 344 D Zygote : Forked child process 1774
01-04 15:54:47.461 1774 1774 I Zygote : seccomp disabled by setenforce 0
01-04 15:54:47.462 1774 1774 I libc : SetHeapTaggingLevel: tag level set to 0
01-04 15:54:47.463 535 563 I am_proc_start: [0,1774,10136,com.ttxapps.wifiadb,broadcast,{com.ttxapps.wifiadb/com.ttxapps.wifiadb.BootCompleted}]
01-04 15:54:47.463 535 563 I ActivityManager: Start proc 1774:com.ttxapps.wifiadb/u0a136 for broadcast {com.ttxapps.wifiadb/com.ttxapps.wifiadb.BootCompleted}
01-04 15:54:47.464 535 550 I am_proc_died: [0,1383,com.android.calendar,985,19]
01-04 15:54:47.464 344 344 I Zygote : Process 1383 exited due to signal 9 (Killed)
01-04 15:54:47.465 535 550 I am_uid_stopped: 10109
01-04 15:54:47.474 1512 1519 I adbd : jdwp connection from 1774
01-04 15:54:47.481 535 550 I am_proc_bound: [0,1774,com.ttxapps.wifiadb]
01-04 15:54:47.496 1774 1774 D ApplicationLoaders: Returning zygote-cached class loader: /system/framework/android.test.base.jar
01-04 15:54:47.528 1774 1774 D NetworkSecurityConfig: No Network Security Config specified, using platform default
01-04 15:54:47.528 1774 1774 D NetworkSecurityConfig: No Network Security Config specified, using platform default
01-04 15:54:47.541 535 535 I notification_cancel_all: [1000,535,com.ttxapps.wifiadb,0,0,0,17,NULL]
01-04 15:54:47.549 535 554 I commit_sys_config_file: [notification-policy,8]
01-04 15:54:47.560 1512 1512 I adbd : UsbFfs: already offline
01-04 15:54:47.560 1512 1512 I adbd : authentication not required
01-04 15:54:47.616 1774 1774 I WifiADB : maxLogLevel is INFO
01-04 15:54:47.619 1774 1774 I TetheringManager: registerTetheringEventCallback:com.ttxapps.wifiadb
01-04 15:54:47.621 1774 1774 I WifiADB : Local network became active
01-04 15:54:47.643 535 550 I ActivityManager: Finished processing BOOT_COMPLETED for u0
01-04 15:54:47.644 535 550 I am_uid_running: 10061
01-04 15:54:47.645 535 550 D CompatibilityChangeReporter: Compat change id reported: 135634846; UID 10061; state: DISABLED
01-04 15:54:47.645 535 550 D CompatibilityChangeReporter: Compat change id reported: 135754954; UID 10061; state: ENABLED
01-04 15:54:47.646 535 563 D CompatibilityChangeReporter: Compat change id reported: 143937733; UID 10061; state: ENABLED
01-04 15:54:47.647 1774 1774 I WifiADB : Local network became active
01-04 15:54:47.662 344 344 D Zygote : Forked child process 1804
01-04 15:54:47.665 535 563 I am_proc_start: [0,1804,10061,com.android.externalstorage,broadcast,{com.android.externalstorage/com.android.externalstorage.MountReceiver}]
01-04 15:54:47.665 535 563 I ActivityManager: Start proc 1804:com.android.externalstorage/u0a61 for broadcast {com.android.externalstorage/com.android.externalstorage.MountReceiver}
01-04 15:54:47.668 1804 1804 I Zygote : seccomp disabled by setenforce 0
01-04 15:54:47.679 1512 1519 I adbd : jdwp connection from 1804
01-04 15:54:47.692 535 550 I am_proc_bound: [0,1804,com.android.externalstorage]
01-04 15:54:47.695 535 619 D ConnectivityService: NetReassign [no changes]
01-04 15:54:47.697 535 1698 W ActivityManager: Foreground service started from background can not have location/camera/microphone access: service com.ttxapps.wifiadb/.NetworkMonitorService
01-04 15:54:47.700 535 1698 I am_uid_active: 10136
01-04 15:54:47.705 535 535 I notification_enqueue: [10136,1774,com.ttxapps.wifiadb,1,NULL,0,Notification(channel=adb_active shortcut=null contentView=null vibrate=null sound=null defaults=0x0 flags=0x42 color=0xff5c7d00 actions=1 vis=PRIVATE),0]
01-04 15:54:47.733 1804 1804 I externalstorag: The ClassLoaderContext is a special shared library.
01-04 15:54:47.747 1804 1804 D NetworkSecurityConfig: No Network Security Config specified, using platform default
01-04 15:54:47.747 1804 1804 D NetworkSecurityConfig: No Network Security Config specified, using platform default
01-04 15:54:47.747 535 550 W ActivityManager: Foreground service started from background can not have location/camera/microphone access: service com.ttxapps.wifiadb/.NetworkMonitorService
01-04 15:54:47.750 535 535 I notification_enqueue: [10136,1774,com.ttxapps.wifiadb,1,NULL,0,Notification(channel=adb_active shortcut=null contentView=null vibrate=null sound=null defaults=0x0 flags=0x42 color=0xff5c7d00 actions=1 vis=PRIVATE),0]
01-04 15:54:47.758 1804 1804 D ExternalStorage: After updating volumes, found 1 active roots
01-04 15:54:47.763 1804 1804 I chatty : uid=10061(com.android.externalstorage) identical 1 line
01-04 15:54:47.766 1804 1804 D ExternalStorage: After updating volumes, found 1 active roots
01-04 15:54:47.769 535 550 I ActivityManager: Killing 1406:com.android.camera2/u0a110 (adj 985): empty #17
01-04 15:54:47.769 535 550 I am_kill : [0,1406,com.android.camera2,985,empty #17]
01-04 15:54:47.814 344 344 I Zygote : Process 1406 exited due to signal 9 (Killed)
01-04 15:54:47.815 535 810 I am_proc_died: [0,1406,com.android.camera2,985,19]
01-04 15:54:47.815 535 810 I am_uid_stopped: 10110
01-04 15:54:47.824 1804 1804 D ExternalStorage: After updating volumes, found 1 active roots
01-04 15:54:47.830 1113 1834 I MediaProvider: Begin Intent { act=android.intent.action.MEDIA_MOUNTED dat=file:///storage/emulated/0 flg=0x5000010 cmp=com.android.providers.media.module/com.android.providers.media.MediaService (has extras) }
01-04 15:54:47.853 1113 1834 V MediaProvider: onConfigure() for internal.db
01-04 15:54:47.857 1113 1834 V MediaProvider: onOpen() for internal.db
01-04 15:54:47.857 1113 1834 V MediaProvider: onOpen() finished for internal.db
01-04 15:54:47.864 1113 1834 W ModernMediaScanner: Failed to visit /system/media: java.nio.file.NoSuchFileException: /system/media
01-04 15:54:47.872 535 550 D CompatibilityChangeReporter: Compat change id reported: 149924527; UID 10123; state: ENABLED
01-04 15:54:47.873 535 550 D CompatibilityChangeReporter: Compat change id reported: 132649864; UID 10123; state: DISABLED
01-04 15:54:47.883 1113 1834 I MediaProvider: Scanned internal due to REASON_MOUNTED, found 0 items in 25ms, 0 inserts 0 updates 0 deletes
01-04 15:54:47.894 417 1104 D BufferPoolAccessor2.0: bufferpool2 0xed4c2c08 : 0(0 size) total buffers - 0(0 size) used buffers - 96/104 (recycle/alloc) - 8/198 (fetch/transfer)
01-04 15:54:47.894 417 1104 D BufferPoolAccessor2.0: evictor expired: 1, evicted: 1
01-04 15:54:47.905 535 535 I sysui_multi_action: [757,1501,758,1,793,202,794,0,795,202,796,1,806,com.ttxapps.wifiadb,857,adb_active,858,2,947,0,1500,0,1688,1]
01-04 15:54:47.906 535 535 I sysui_multi_action: [757,804,799,note_interruptive,801,0,802,1]
01-04 15:54:47.907 535 535 D NotificationService: 0|com.ttxapps.wifiadb|1|null|10136: granting content://settings/system/notification_sound
01-04 15:54:47.908 535 535 I chatty : uid=1000(system) Binder:535_3 identical 1 line
01-04 15:54:47.908 535 535 D NotificationService: 0|com.ttxapps.wifiadb|1|null|10136: granting content://settings/system/notification_sound
01-04 15:54:47.914 535 535 W NotificationHistory: Attempted to add notif for locked/gone/disabled user 0
01-04 15:54:47.928 1113 1834 W ModernMediaScanner: Failed to visit /oem/media: java.nio.file.NoSuchFileException: /oem/media
01-04 15:54:47.931 1113 1834 I MediaProvider: Scanned internal due to REASON_MOUNTED, found 0 items in 4ms, 0 inserts 0 updates 0 deletes
01-04 15:54:47.936 672 672 D InterruptionStateProvider: No bubble up: not allowed to bubble: 0|com.ttxapps.wifiadb|1|null|10136
01-04 15:54:47.938 672 672 D InterruptionStateProvider: No heads up: unimportant notification: 0|com.ttxapps.wifiadb|1|null|10136
01-04 15:54:47.963 672 672 D InterruptionStateProvider: No bubble up: not allowed to bubble: 0|com.ttxapps.wifiadb|1|null|10136
01-04 15:54:47.964 672 672 D InterruptionStateProvider: No heads up: unimportant notification: 0|com.ttxapps.wifiadb|1|null|10136
01-04 15:54:48.120 447 447 E Utils : did not find channel-count and/or sample-rate
01-04 15:54:48.229 447 447 I chatty : uid=1040 mediaextractor identical 20 lines
01-04 15:54:48.230 447 447 E Utils : did not find channel-count and/or sample-rate
01-04 15:54:48.329 1280 1296 I d.process.medi: WaitForGcToComplete blocked RunEmptyCheckpoint on ProfileSaver for 11.014ms
01-04 15:54:48.330 1258 1272 I .android.diale: WaitForGcToComplete blocked RunEmptyCheckpoint on ProfileSaver for 12.322ms
01-04 15:54:48.437 459 697 D BufferPoolAccessor2.0: bufferpool2 0xb400f70dbd46c6b8 : 0(0 size) total buffers - 0(0 size) used buffers - 93/97 (recycle/alloc) - 4/96 (fetch/transfer)
01-04 15:54:48.437 459 697 D BufferPoolAccessor2.0: evictor expired: 1, evicted: 1
01-04 15:54:48.509 535 561 I sysui_multi_action: [757,1717,758,1,759,0]
01-04 15:54:48.510 535 561 I sysui_multi_action: [757,1717,758,2,759,0]
01-04 15:54:48.511 535 561 I sysui_multi_action: [757,1717,758,3,759,0]
01-04 15:54:48.538 447 447 E Utils : did not find channel-count and/or sample-rate
01-04 15:54:48.540 447 447 E Utils : did not find channel-count and/or sample-rate
01-04 15:54:48.574 1310 1324 I d.process.acor: WaitForGcToComplete blocked RunEmptyCheckpoint on ProfileSaver for 17.887ms
01-04 15:54:48.616 455 500 I RIL-SERIAL: opening device
01-04 15:54:48.616 455 500 E RIL-SERIAL: opening AT interface. retrying...
01-04 15:54:48.625 447 447 E Utils : did not find channel-count and/or sample-rate
01-04 15:54:48.814 535 549 I sysui_multi_action: [757,128,758,1,793,1066,794,0,795,1066,796,1,798,1,806,com.ttxapps.wifiadb,857,adb_active,858,2,947,0,1395,4,1500,1066,1688,1]
01-04 15:54:48.815 535 549 I sysui_multi_action: [757,804,799,note_freshness,801,1066,802,1]
01-04 15:54:48.815 535 549 I notification_visibility: [0|com.ttxapps.wifiadb|1|null|10136,1,1066,1066,0,1]
01-04 15:54:48.816 535 549 I sysui_multi_action: [757,128,758,2,793,7781,794,6504,795,7781,796,55,798,1,806,android,857,DEVELOPER,858,2,947,0,1395,3,1500,7559,1688,1]
01-04 15:54:48.816 535 549 I notification_visibility: [-1|android|55|null|1000,0,7781,7781,0,1]
01-04 15:54:48.831 447 447 E Utils : did not find channel-count and/or sample-rate
01-04 15:54:48.954 1113 1834 I MediaProvider: Scanned internal due to REASON_MOUNTED, found 230 items in 1012ms, 0 inserts 7 updates 0 deletes
01-04 15:54:49.126 447 447 E Utils : did not find channel-count and/or sample-rate
01-04 15:54:49.127 447 447 E Utils : did not find channel-count and/or sample-rate
01-04 15:54:49.144 447 447 I FslInspector: TryMp4Type SUCCESS
01-04 15:54:49.146 447 447 D ImxExtractor: ImxExtractor::ImxExtractor mime=video/mp4
01-04 15:54:49.147 447 447 D ImxExtractor: ImxExtractor::Init BEGIN
01-04 15:54:49.147 447 447 D ImxExtractor: GetLibraryName /system/lib64/extractors/lib_mp4_parser_arm11_elinux.3.0.so
01-04 15:54:49.149 447 447 D ImxExtractor: load parser name /system/lib64/extractors/lib_mp4_parser_arm11_elinux.3.0.so
01-04 15:54:49.150 447 447 D ImxExtractor: ImxExtractor::CreateParserInterface success
01-04 15:54:49.150 447 447 I ImxExtractor: Core parser MPEG4PARSER_06.17.18 build on Apr 14 2021 10:40:24
01-04 15:54:49.150 447 447 D ImxExtractor: createParser2 flag=dc,err=0
01-04 15:54:49.150 447 447 I ImxExtractor: mReadMode=1,mNumTracks=1
01-04 15:54:49.150 447 447 I ImxExtractor: bSeekable 1
01-04 15:54:49.151 447 447 I ImxExtractor: FslParser kKeyDate=20211222T065539.000Z
01-04 15:54:49.151 447 447 D ImxExtractor: ImxExtractor::ParseMediaFormat BEGIN
01-04 15:54:49.151 447 447 D ImxExtractor: ParseAudio index=0,type=10,subtype=1
01-04 15:54:49.151 447 447 I ImxExtractor: audio track 0, lanuage: und
01-04 15:54:49.151 447 447 I ImxExtractor: ParseAudio channel=1,sampleRate=8000,bitRate=0,bitPerSample=16,audioBlockAlign=0
01-04 15:54:49.151 447 447 I ImxExtractor: add audio track index=0,sourceIndex=0,mime=audio/3gpp
01-04 15:54:49.151 447 447 D ImxExtractor: ImxExtractor::Init ret=0
01-04 15:54:49.152 447 447 E Utils : did not find width and/or height
01-04 15:54:49.152 447 447 E Utils : did not find width and/or height
01-04 15:54:49.159 447 447 D ImxExtractor: ImxExtractor::~ImxExtractor
01-04 15:54:49.165 447 447 I FslInspector: TryMp4Type SUCCESS
01-04 15:54:49.168 447 447 D ImxExtractor: ImxExtractor::ImxExtractor mime=video/mp4
01-04 15:54:49.168 447 447 D ImxExtractor: ImxExtractor::Init BEGIN
01-04 15:54:49.168 447 447 D ImxExtractor: GetLibraryName /system/lib64/extractors/lib_mp4_parser_arm11_elinux.3.0.so
01-04 15:54:49.169 447 447 D ImxExtractor: load parser name /system/lib64/extractors/lib_mp4_parser_arm11_elinux.3.0.so
01-04 15:54:49.169 447 447 D ImxExtractor: ImxExtractor::CreateParserInterface success
01-04 15:54:49.169 447 447 I ImxExtractor: Core parser MPEG4PARSER_06.17.18 build on Apr 14 2021 10:40:24
01-04 15:54:49.170 447 447 D ImxExtractor: createParser2 flag=dc,err=0
01-04 15:54:49.170 447 447 I ImxExtractor: mReadMode=1,mNumTracks=1
01-04 15:54:49.170 447 447 I ImxExtractor: bSeekable 1
01-04 15:54:49.170 447 447 I ImxExtractor: FslParser kKeyDate=20211222T065459.000Z
01-04 15:54:49.170 447 447 D ImxExtractor: ImxExtractor::ParseMediaFormat BEGIN
01-04 15:54:49.170 447 447 D ImxExtractor: ParseAudio index=0,type=10,subtype=1
01-04 15:54:49.170 447 447 I ImxExtractor: audio track 0, lanuage: und
01-04 15:54:49.170 447 447 I ImxExtractor: ParseAudio channel=1,sampleRate=8000,bitRate=0,bitPerSample=16,audioBlockAlign=0
01-04 15:54:49.170 447 447 I ImxExtractor: add audio track index=0,sourceIndex=0,mime=audio/3gpp
01-04 15:54:49.170 447 447 D ImxExtractor: ImxExtractor::Init ret=0
01-04 15:54:49.170 447 447 E Utils : did not find width and/or height
01-04 15:54:49.171 447 447 E Utils : did not find width and/or height
01-04 15:54:49.179 447 447 D ImxExtractor: ImxExtractor::~ImxExtractor
01-04 15:54:49.244 1113 1834 I MediaProvider: Scanned external_primary due to REASON_MOUNTED, found 35 items in 265ms, 0 inserts 3 updates 0 deletes
01-04 15:54:49.256 1113 1834 I MediaProvider: End Intent { act=android.intent.action.MEDIA_MOUNTED dat=file:///storage/emulated/0 flg=0x5000010 cmp=com.android.providers.media.module/com.android.providers.media.MediaService (has extras) }
01-04 15:54:49.257 1113 1834 I MediaProvider: Begin Intent { act=android.intent.action.MEDIA_MOUNTED dat=file:///storage/emulated/0 flg=0x5000010 cmp=com.android.providers.media.module/com.android.providers.media.MediaService (has extras) }
01-04 15:54:49.263 1113 1834 W ModernMediaScanner: Failed to visit /system/media: java.nio.file.NoSuchFileException: /system/media
01-04 15:54:49.266 1113 1834 I MediaProvider: Scanned internal due to REASON_MOUNTED, found 0 items in 4ms, 0 inserts 0 updates 0 deletes
01-04 15:54:49.276 1113 1834 W ModernMediaScanner: Failed to visit /oem/media: java.nio.file.NoSuchFileException: /oem/media
01-04 15:54:49.279 1113 1834 I MediaProvider: Scanned internal due to REASON_MOUNTED, found 0 items in 3ms, 0 inserts 0 updates 0 deletes
01-04 15:54:49.316 447 447 E Utils : did not find channel-count and/or sample-rate
01-04 15:54:49.766 447 447 E Utils : did not find channel-count and/or sample-rate
01-04 15:54:49.881 1113 1834 I MediaProvider: Scanned internal due to REASON_MOUNTED, found 230 items in 592ms, 0 inserts 7 updates 0 deletes
01-04 15:54:50.062 447 447 E Utils : did not find channel-count and/or sample-rate
01-04 15:54:50.063 447 447 E Utils : did not find channel-count and/or sample-rate
01-04 15:54:50.078 447 447 I FslInspector: TryMp4Type SUCCESS
01-04 15:54:50.079 447 447 D ImxExtractor: ImxExtractor::ImxExtractor mime=video/mp4
01-04 15:54:50.080 447 447 D ImxExtractor: ImxExtractor::Init BEGIN
01-04 15:54:50.080 447 447 D ImxExtractor: GetLibraryName /system/lib64/extractors/lib_mp4_parser_arm11_elinux.3.0.so
01-04 15:54:50.080 447 447 D ImxExtractor: load parser name /system/lib64/extractors/lib_mp4_parser_arm11_elinux.3.0.so
01-04 15:54:50.081 447 447 D ImxExtractor: ImxExtractor::CreateParserInterface success
01-04 15:54:50.081 447 447 I ImxExtractor: Core parser MPEG4PARSER_06.17.18 build on Apr 14 2021 10:40:24
01-04 15:54:50.081 447 447 D ImxExtractor: createParser2 flag=dc,err=0
01-04 15:54:50.081 447 447 I ImxExtractor: mReadMode=1,mNumTracks=1
01-04 15:54:50.081 447 447 I ImxExtractor: bSeekable 1
01-04 15:54:50.081 447 447 I ImxExtractor: FslParser kKeyDate=20211222T065539.000Z
01-04 15:54:50.082 447 447 D ImxExtractor: ImxExtractor::ParseMediaFormat BEGIN
01-04 15:54:50.082 447 447 D ImxExtractor: ParseAudio index=0,type=10,subtype=1
01-04 15:54:50.082 447 447 I ImxExtractor: audio track 0, lanuage: und
01-04 15:54:50.082 447 447 I ImxExtractor: ParseAudio channel=1,sampleRate=8000,bitRate=0,bitPerSample=16,audioBlockAlign=0
01-04 15:54:50.082 447 447 I ImxExtractor: add audio track index=0,sourceIndex=0,mime=audio/3gpp
01-04 15:54:50.082 447 447 D ImxExtractor: ImxExtractor::Init ret=0
01-04 15:54:50.082 447 447 E Utils : did not find width and/or height
01-04 15:54:50.083 447 447 E Utils : did not find width and/or height
01-04 15:54:50.092 447 447 D ImxExtractor: ImxExtractor::~ImxExtractor
01-04 15:54:50.098 447 447 I FslInspector: TryMp4Type SUCCESS
01-04 15:54:50.101 447 447 D ImxExtractor: ImxExtractor::ImxExtractor mime=video/mp4
01-04 15:54:50.101 447 447 D ImxExtractor: ImxExtractor::Init BEGIN
01-04 15:54:50.101 447 447 D ImxExtractor: GetLibraryName /system/lib64/extractors/lib_mp4_parser_arm11_elinux.3.0.so
01-04 15:54:50.102 447 447 D ImxExtractor: load parser name /system/lib64/extractors/lib_mp4_parser_arm11_elinux.3.0.so
01-04 15:54:50.102 447 447 D ImxExtractor: ImxExtractor::CreateParserInterface success
01-04 15:54:50.103 447 447 I ImxExtractor: Core parser MPEG4PARSER_06.17.18 build on Apr 14 2021 10:40:24
01-04 15:54:50.103 447 447 D ImxExtractor: createParser2 flag=dc,err=0
01-04 15:54:50.104 447 447 I ImxExtractor: mReadMode=1,mNumTracks=1
01-04 15:54:50.104 447 447 I ImxExtractor: bSeekable 1
01-04 15:54:50.104 447 447 I ImxExtractor: FslParser kKeyDate=20211222T065459.000Z
01-04 15:54:50.104 447 447 D ImxExtractor: ImxExtractor::ParseMediaFormat BEGIN
01-04 15:54:50.104 447 447 D ImxExtractor: ParseAudio index=0,type=10,subtype=1
01-04 15:54:50.104 447 447 I ImxExtractor: audio track 0, lanuage: und
01-04 15:54:50.104 447 447 I ImxExtractor: ParseAudio channel=1,sampleRate=8000,bitRate=0,bitPerSample=16,audioBlockAlign=0
01-04 15:54:50.104 447 447 I ImxExtractor: add audio track index=0,sourceIndex=0,mime=audio/3gpp
01-04 15:54:50.104 447 447 D ImxExtractor: ImxExtractor::Init ret=0
01-04 15:54:50.104 447 447 E Utils : did not find width and/or height
01-04 15:54:50.105 447 447 E Utils : did not find width and/or height
01-04 15:54:50.114 447 447 D ImxExtractor: ImxExtractor::~ImxExtractor
01-04 15:54:50.183 1113 1834 I MediaProvider: Scanned external_primary due to REASON_MOUNTED, found 35 items in 283ms, 0 inserts 3 updates 0 deletes
01-04 15:54:50.196 1113 1834 I MediaProvider: End Intent { act=android.intent.action.MEDIA_MOUNTED dat=file:///storage/emulated/0 flg=0x5000010 cmp=com.android.providers.media.module/com.android.providers.media.MediaService (has extras) }
01-04 15:54:50.199 535 549 I ActivityManager: Killing 1439:com.android.contacts/u0a99 (adj 985): empty #17
01-04 15:54:50.199 535 549 I am_kill : [0,1439,com.android.contacts,985,empty #17]
01-04 15:54:50.222 535 591 I am_proc_died: [0,1439,com.android.contacts,985,19]
01-04 15:54:50.222 535 591 I am_uid_stopped: 10099
01-04 15:54:50.224 344 344 I Zygote : Process 1439 exited due to signal 9 (Killed)
01-04 15:54:50.369 535 575 V DisplayPowerController: Brightness [0.05] reason changing to: 'manual [ dim ]', previous reason: 'manual'.
01-04 15:54:50.369 535 575 I sysui_multi_action: [757,1696,758,6,759,2]
01-04 15:54:50.714 535 619 D ConnectivityService: NetReassign [no changes]
01-04 15:54:51.970 1678 1700 I viders.calenda: Waiting for a blocking GC ProfileSaver
01-04 15:54:51.981 1678 1700 I viders.calenda: WaitForGcToComplete blocked ProfileSaver on ClassLinker for 10.591ms
01-04 15:54:52.019 535 562 I am_uid_active: 10067
01-04 15:54:52.162 1705 1726 I ndroid.setting: Waiting for a blocking GC ProfileSaver
01-04 15:54:52.171 1705 1726 I ndroid.setting: WaitForGcToComplete blocked ProfileSaver on ClassLinker for 9.393ms
01-04 15:54:52.266 1727 1748 I m.android.shel: Waiting for a blocking GC ProfileSaver
01-04 15:54:52.276 1727 1748 I m.android.shel: WaitForGcToComplete blocked ProfileSaver on ClassLinker for 10.336ms
01-04 15:54:52.770 1804 1831 I externalstorag: Waiting for a blocking GC ProfileSaver
01-04 15:54:52.778 1804 1831 I externalstorag: WaitForGcToComplete blocked ProfileSaver on ClassLinker for 7.686ms
01-04 15:54:54.546 0 0 I VSD_3V3 : disabling
01-04 15:54:56.470 231 231 I BpBinder: onLastStrongRef automatically unlinking death recipients:
01-04 15:54:56.535 0 0 I AidlLazyServiceRegistrar: Trying to shut down the service. No clients in use for any service in process.
01-04 15:54:56.546 0 0 I AidlLazyServiceRegistrar: Unregistered all clients and exiting
01-04 15:54:56.557 0 0 W printk : Binder:282_3: 221 output lines suppressed due to ratelimiting
01-04 15:54:56.565 0 0 I init : Service 'apexd' (pid 282) exited with status 0 oneshot service took 30.476000 seconds in background
01-04 15:54:56.576 0 0 I init : Sending signal 9 to service 'apexd' (pid 282) process group...
01-04 15:54:56.583 0 0 I libprocessgroup: Successfully killed process cgroup uid 0 pid 282 in 0ms
01-04 15:54:58.617 455 500 I RIL-SERIAL: opening device
01-04 15:54:58.617 455 500 E RIL-SERIAL: opening AT interface. retrying...
01-04 15:55:00.060 672 672 D KeyguardClockSwitch: Updating clock: 355
01-04 15:55:00.983 535 615 I chatty : uid=1000(system) WifiHandlerThre expire 2 lines
01-04 15:55:01.008 535 611 I netstats_mobile_sample: [0,0,0,0,0,0,0,0,0,0,0,0,1641291901678]
01-04 15:55:01.008 535 611 I netstats_wifi_sample: [19246,97,14194,92,19246,97,14194,92,22009,102,9220,72,1641291901678]
01-04 15:55:01.073 0 0 F wlan : wlan0 START SCAN
01-04 15:55:04.029 535 552 I chatty : uid=1000(system) android.fg expire 6 lines
01-04 15:55:04.030 535 590 I chatty : uid=1000(system) Binder:535_4 expire 2 lines
01-04 15:55:04.068 535 618 I chatty : uid=1000(system) WifiScanningSer expire 1 line
01-04 15:55:04.099 0 0 W wlan : SCAN COMPLETED: scanned AP count=19
01-04 15:55:08.618 455 500 I RIL-SERIAL: opening device
01-04 15:55:08.618 455 500 E RIL-SERIAL: opening AT interface. retrying...
01-04 15:55:17.888 535 647 I chatty : uid=1000(system) EthernetService expire 16 lines
01-04 15:55:18.618 455 500 I RIL-SERIAL: opening device
01-04 15:55:18.618 455 500 E RIL-SERIAL: opening AT interface. retrying...
01-04 15:55:21.093 0 0 F wlan : wlan0 START SCAN
01-04 15:55:24.133 0 0 W wlan : SCAN COMPLETED: scanned AP count=25
01-04 15:55:27.572 0 0 W healthd : battery l=85 v=3 t=35.0 h=2 st=2 c=400000 fc=4000000 cc=32 chg=au
01-04 15:55:28.618 455 500 I RIL-SERIAL: opening device
01-04 15:55:28.619 455 500 E RIL-SERIAL: opening AT interface. retrying...
01-04 15:55:32.987 535 619 I chatty : uid=1000(system) ConnectivitySer identical 4 lines
01-04 15:55:35.368 535 552 I am_uid_active: 10126
01-04 15:55:35.380 535 561 I am_pss : [885,10122,android.ext.services,9622528,4612096,0,118935552,0,5,7]
01-04 15:55:35.386 1651 1669 I PermissionControllerServiceImpl: Updating user sensitive for user 0
01-04 15:55:35.436 535 1852 I chatty : uid=1000(system) Binder:535_3 expire 92 lines
01-04 15:55:35.463 1651 1854 I UserPackageInfos: updating UserPackageInfosLiveData for user 0
01-04 15:55:35.465 1651 1855 I LancherPackagesLiveData: updating LauncherPackageLiveData
01-04 15:55:36.001 535 619 D ConnectivityService: NetReassign [no changes]
01-04 15:55:36.002 535 647 I chatty : uid=1000(system) EthernetService expire 24 lines
01-04 15:55:36.134 535 535 I ActivityManager: Killing 1051:com.android.deskclock/u0a107 (adj 985): empty #17
01-04 15:55:36.134 535 535 I am_kill : [0,1051,com.android.deskclock,985,empty #17]
01-04 15:55:36.150 535 561 I am_pss : [1774,10136,com.ttxapps.wifiadb,10485760,6062080,0,112857088,0,4,8]
01-04 15:55:36.158 535 1025 I am_proc_died: [0,1051,com.android.deskclock,985,19]
01-04 15:55:36.159 344 344 I Zygote : Process 1051 exited due to signal 9 (Killed)
01-04 15:55:36.159 535 1025 I am_uid_stopped: 10107
01-04 15:55:36.162 535 561 I am_pss : [1144,10135,com.android.smspush,6557696,3133440,0,100122624,0,6,8]
01-04 15:55:36.515 744 954 D DhcpClient: Received packet: 5c:3a:45:24:13:bd ACK: your new IP /192.168.100.20, netmask /255.255.255.0, gateways [/192.168.100.1] DNS servers: /192.168.100.1 /192.168.100.1 , lease time 86400
01-04 15:55:38.619 455 500 I RIL-SERIAL: opening device
01-04 15:55:38.619 455 500 E RIL-SERIAL: opening AT interface. retrying...
01-04 15:55:42.040 535 619 D ConnectivityService: NetReassign [no changes]
01-04 15:55:44.480 535 562 I am_uid_idle: 10064
01-04 15:55:45.059 535 619 D ConnectivityService: NetReassign [no changes]
01-04 15:55:45.388 535 562 I am_uid_idle: 10071
01-04 15:55:45.785 535 1025 I ActivityManager: Killing 1471:com.android.dynsystem/1000 (adj 975): empty #17
01-04 15:55:45.785 535 1025 I am_kill : [0,1471,com.android.dynsystem,975,empty #17]
01-04 15:55:45.793 535 561 I am_pss : [1113,10123,com.android.providers.media.module,30733312,24043520,0,147828736,0,0,8]
01-04 15:55:45.804 535 561 I am_pss : [744,1073,com.android.networkstack.process,18215936,11423744,0,135618560,0,0,9]
01-04 15:55:45.808 535 1025 I am_proc_died: [0,1471,com.android.dynsystem,975,19]
01-04 15:55:45.809 344 344 I Zygote : Process 1471 exited due to signal 9 (Killed)
01-04 15:55:45.821 535 561 I am_pss : [672,10118,com.android.systemui,85502976,67022848,0,245497856,0,1,15]
01-04 15:55:45.841 535 561 I am_pss : [535,1000,system,129485824,107503616,0,301043712,0,0,17]
01-04 15:55:45.850 535 561 I am_pss : [1280,10064,android.process.media,10958848,6832128,0,111337472,0,19,8]
01-04 15:55:45.860 535 561 I am_pss : [1526,10108,com.android.inputmethod.latin,11002880,6610944,0,113385472,0,19,8]
01-04 15:55:45.868 535 561 I am_pss : [1491,1000,com.android.localtransport,6693888,3133440,0,100667392,0,19,7]
01-04 15:55:45.876 535 561 I am_pss : [1258,10100,com.android.dialer,13164544,7872512,0,113700864,0,19,6]
01-04 15:55:45.886 535 561 I am_pss : [837,1001,com.android.phone,25891840,17403904,0,147050496,0,0,8]
01-04 15:55:45.894 535 561 I am_pss : [778,1068,com.android.se,7593984,3538944,0,106549248,0,0,7]
01-04 15:55:48.055 535 562 I am_uid_idle: 10092
01-04 15:55:48.079 535 619 D ConnectivityService: NetReassign [no changes]
01-04 15:55:48.620 455 500 I RIL-SERIAL: opening device
01-04 15:55:48.620 455 500 E RIL-SERIAL: opening AT interface. retrying...
01-04 15:55:49.262 0 0 I nf_conntrack: default automatic helper assignment has been turned off for security reasons and CT-based firewall rule not found. Use the iptables CT target to attach helpers instead.
01-04 15:55:58.621 455 500 I RIL-SERIAL: opening device
01-04 15:55:58.621 455 500 E RIL-SERIAL: opening AT interface. retrying...
01-04 15:56:00.007 672 672 D KeyguardClockSwitch: Updating clock: 356
01-04 15:56:01.097 0 0 F wlan : wlan0 START SCAN
01-04 15:56:02.065 535 562 I am_uid_idle: 10067
01-04 15:56:04.041 535 815 I chatty : uid=1000(system) Binder:535_8 expire 2 lines
01-04 15:56:04.111 0 0 W wlan : SCAN COMPLETED: scanned AP count=23
01-04 15:56:06.193 535 647 I chatty : uid=1000(system) EthernetService expire 18 lines
01-04 15:56:08.621 455 500 I RIL-SERIAL: opening device
01-04 15:56:08.621 455 500 E RIL-SERIAL: opening AT interface. retrying...
01-04 15:56:18.622 455 500 I RIL-SERIAL: opening device
01-04 15:56:18.622 455 500 E RIL-SERIAL: opening AT interface. retrying...
01-04 15:56:21.292 535 647 D EthernetNetworkFactory: acceptRequest, request: NetworkRequest [ REQUEST id=12, [ Capabilities: INTERNET&NOT_RESTRICTED&TRUSTED&NOT_VPN AdministratorUids: [] RequestorUid: 1073 RequestorPackageName: com.android.networkstack] ], score: 55
01-04 15:56:21.292 535 647 I EthernetNetworkFactory: networkForRequest, request: NetworkRequest [ REQUEST id=12, [ Capabilities: INTERNET&NOT_RESTRICTED&TRUSTED&NOT_VPN AdministratorUids: [] RequestorUid: 1073 RequestorPackageName: com.android.networkstack] ], network: null
01-04 15:56:27.331 535 647 D EthernetNetworkFactory: acceptRequest, request: NetworkRequest [ REQUEST id=1, [ Capabilities: INTERNET&NOT_RESTRICTED&TRUSTED&NOT_VPN AdministratorUids: [] RequestorUid: 1000 RequestorPackageName: android] ], score: 56
01-04 15:56:27.331 535 647 I EthernetNetworkFactory: networkForRequest, request: NetworkRequest [ REQUEST id=1, [ Capabilities: INTERNET&NOT_RESTRICTED&TRUSTED&NOT_VPN AdministratorUids: [] RequestorUid: 1000 RequestorPackageName: android] ], network: null
01-04 15:56:27.332 535 647 D EthernetNetworkFactory: acceptRequest, request: NetworkRequest [ REQUEST id=12, [ Capabilities: INTERNET&NOT_RESTRICTED&TRUSTED&NOT_VPN AdministratorUids: [] RequestorUid: 1073 RequestorPackageName: com.android.networkstack] ], score: 56
01-04 15:56:27.332 535 647 I EthernetNetworkFactory: networkForRequest, request: NetworkRequest [ REQUEST id=12, [ Capabilities: INTERNET&NOT_RESTRICTED&TRUSTED&NOT_VPN AdministratorUids: [] RequestorUid: 1073 RequestorPackageName: com.android.networkstack] ], network: null
01-04 15:56:27.572 0 0 W healthd : battery l=85 v=3 t=35.0 h=2 st=2 c=400000 fc=4000000 cc=32 chg=au
01-04 15:56:28.623 455 500 I RIL-SERIAL: opening device
01-04 15:56:28.623 455 500 E RIL-SERIAL: opening AT interface. retrying...
01-04 15:56:30.354 535 647 D EthernetNetworkFactory: acceptRequest, request: NetworkRequest [ REQUEST id=1, [ Capabilities: INTERNET&NOT_RESTRICTED&TRUSTED&NOT_VPN AdministratorUids: [] RequestorUid: 1000 RequestorPackageName: android] ], score: 57
01-04 15:56:30.354 535 647 I EthernetNetworkFactory: networkForRequest, request: NetworkRequest [ REQUEST id=1, [ Capabilities: INTERNET&NOT_RESTRICTED&TRUSTED&NOT_VPN AdministratorUids: [] RequestorUid: 1000 RequestorPackageName: android] ], network: null
01-04 15:56:30.354 535 647 D EthernetNetworkFactory: acceptRequest, request: NetworkRequest [ REQUEST id=12, [ Capabilities: INTERNET&NOT_RESTRICTED&TRUSTED&NOT_VPN AdministratorUids: [] RequestorUid: 1073 RequestorPackageName: com.android.networkstack] ], score: 57
01-04 15:56:30.354 535 647 I EthernetNetworkFactory: networkForRequest, request: NetworkRequest [ REQUEST id=12, [ Capabilities: INTERNET&NOT_RESTRICTED&TRUSTED&NOT_VPN AdministratorUids: [] RequestorUid: 1073 RequestorPackageName: com.android.networkstack] ], network: null
01-04 15:56:38.623 455 500 I RIL-SERIAL: opening device
01-04 15:56:38.623 455 500 E RIL-SERIAL: opening AT interface. retrying...
01-04 15:56:45.448 535 647 D EthernetNetworkFactory: acceptRequest, request: NetworkRequest [ REQUEST id=1, [ Capabilities: INTERNET&NOT_RESTRICTED&TRUSTED&NOT_VPN AdministratorUids: [] RequestorUid: 1000 RequestorPackageName: android] ], score: 56
01-04 15:56:45.448 535 647 I EthernetNetworkFactory: networkForRequest, request: NetworkRequest [ REQUEST id=1, [ Capabilities: INTERNET&NOT_RESTRICTED&TRUSTED&NOT_VPN AdministratorUids: [] RequestorUid: 1000 RequestorPackageName: android] ], network: null
01-04 15:56:45.448 535 647 D EthernetNetworkFactory: acceptRequest, request: NetworkRequest [ REQUEST id=12, [ Capabilities: INTERNET&NOT_RESTRICTED&TRUSTED&NOT_VPN AdministratorUids: [] RequestorUid: 1073 RequestorPackageName: com.android.networkstack] ], score: 56
01-04 15:56:45.449 535 647 I EthernetNetworkFactory: networkForRequest, request: NetworkRequest [ REQUEST id=12, [ Capabilities: INTERNET&NOT_RESTRICTED&TRUSTED&NOT_VPN AdministratorUids: [] RequestorUid: 1073 RequestorPackageName: com.android.networkstack] ], network: null
01-04 15:56:45.823 535 562 I am_uid_idle: 10126
01-04 15:56:48.624 455 500 I RIL-SERIAL: opening device
01-04 15:56:48.624 455 500 E RIL-SERIAL: opening AT interface. retrying...
01-04 15:56:52.184 343 1429 W resolv : SSL_connect write error 0, mark 0xf0064: Try again
01-04 15:56:52.184 343 1429 W resolv : Validation failed
01-04 15:56:57.531 535 647 D EthernetNetworkFactory: acceptRequest, request: NetworkRequest [ REQUEST id=1, [ Capabilities: INTERNET&NOT_RESTRICTED&TRUSTED&NOT_VPN AdministratorUids: [] RequestorUid: 1000 RequestorPackageName: android] ], score: 57
01-04 15:56:57.532 535 647 I EthernetNetworkFactory: networkForRequest, request: NetworkRequest [ REQUEST id=1, [ Capabilities: INTERNET&NOT_RESTRICTED&TRUSTED&NOT_VPN AdministratorUids: [] RequestorUid: 1000 RequestorPackageName: android] ], network: null
01-04 15:56:57.532 535 647 D EthernetNetworkFactory: acceptRequest, request: NetworkRequest [ REQUEST id=12, [ Capabilities: INTERNET&NOT_RESTRICTED&TRUSTED&NOT_VPN AdministratorUids: [] RequestorUid: 1073 RequestorPackageName: com.android.networkstack] ], score: 57
01-04 15:56:57.532 535 647 I EthernetNetworkFactory: networkForRequest, request: NetworkRequest [ REQUEST id=12, [ Capabilities: INTERNET&NOT_RESTRICTED&TRUSTED&NOT_VPN AdministratorUids: [] RequestorUid: 1073 RequestorPackageName: com.android.networkstack] ], network: null
01-04 15:56:58.625 455 500 I RIL-SERIAL: opening device
01-04 15:56:58.625 455 500 E RIL-SERIAL: opening AT interface. retrying...
01-04 15:57:00.040 672 672 D KeyguardClockSwitch: Updating clock: 357
01-04 15:57:06.593 535 647 D EthernetNetworkFactory: acceptRequest, request: NetworkRequest [ REQUEST id=1, [ Capabilities: INTERNET&NOT_RESTRICTED&TRUSTED&NOT_VPN AdministratorUids: [] RequestorUid: 1000 RequestorPackageName: android] ], score: 58
01-04 15:57:06.593 535 647 I EthernetNetworkFactory: networkForRequest, request: NetworkRequest [ REQUEST id=1, [ Capabilities: INTERNET&NOT_RESTRICTED&TRUSTED&NOT_VPN AdministratorUids: [] RequestorUid: 1000 RequestorPackageName: android] ], network: null
01-04 15:57:06.593 535 647 D EthernetNetworkFactory: acceptRequest, request: NetworkRequest [ REQUEST id=12, [ Capabilities: INTERNET&NOT_RESTRICTED&TRUSTED&NOT_VPN AdministratorUids: [] RequestorUid: 1073 RequestorPackageName: com.android.networkstack] ], score: 58
01-04 15:57:06.594 535 647 I EthernetNetworkFactory: networkForRequest, request: NetworkRequest [ REQUEST id=12, [ Capabilities: INTERNET&NOT_RESTRICTED&TRUSTED&NOT_VPN AdministratorUids: [] RequestorUid: 1073 RequestorPackageName: com.android.networkstack] ], network: null
01-04 15:57:08.625 455 500 I RIL-SERIAL: opening device
01-04 15:57:08.625 455 500 E RIL-SERIAL: opening AT interface. retrying...
01-04 15:57:12.632 535 647 D EthernetNetworkFactory: acceptRequest, request: NetworkRequest [ REQUEST id=1, [ Capabilities: INTERNET&NOT_RESTRICTED&TRUSTED&NOT_VPN AdministratorUids: [] RequestorUid: 1000 RequestorPackageName: android] ], score: 59
01-04 15:57:12.632 535 647 I EthernetNetworkFactory: networkForRequest, request: NetworkRequest [ REQUEST id=1, [ Capabilities: INTERNET&NOT_RESTRICTED&TRUSTED&NOT_VPN AdministratorUids: [] RequestorUid: 1000 RequestorPackageName: android] ], network: null
01-04 15:57:12.632 535 647 D EthernetNetworkFactory: acceptRequest, request: NetworkRequest [ REQUEST id=12, [ Capabilities: INTERNET&NOT_RESTRICTED&TRUSTED&NOT_VPN AdministratorUids: [] RequestorUid: 1073 RequestorPackageName: com.android.networkstack] ], score: 59
01-04 15:57:12.632 535 647 I EthernetNetworkFactory: networkForRequest, request: NetworkRequest [ REQUEST id=12, [ Capabilities: INTERNET&NOT_RESTRICTED&TRUSTED&NOT_VPN AdministratorUids: [] RequestorUid: 1073 RequestorPackageName: com.android.networkstack] ], network: null
01-04 15:57:18.626 455 500 I RIL-SERIAL: opening device
01-04 15:57:18.626 455 500 E RIL-SERIAL: opening AT interface. retrying...
01-04 15:57:21.101 0 0 F wlan : wlan0 START SCAN
01-04 15:57:21.690 535 647 D EthernetNetworkFactory: acceptRequest, request: NetworkRequest [ REQUEST id=1, [ Capabilities: INTERNET&NOT_RESTRICTED&TRUSTED&NOT_VPN AdministratorUids: [] RequestorUid: 1000 RequestorPackageName: android] ], score: 58
01-04 15:57:21.691 535 647 I EthernetNetworkFactory: networkForRequest, request: NetworkRequest [ REQUEST id=1, [ Capabilities: INTERNET&NOT_RESTRICTED&TRUSTED&NOT_VPN AdministratorUids: [] RequestorUid: 1000 RequestorPackageName: android] ], network: null
01-04 15:57:21.691 535 647 D EthernetNetworkFactory: acceptRequest, request: NetworkRequest [ REQUEST id=12, [ Capabilities: INTERNET&NOT_RESTRICTED&TRUSTED&NOT_VPN AdministratorUids: [] RequestorUid: 1073 RequestorPackageName: com.android.networkstack] ], score: 58
01-04 15:57:21.691 535 647 I EthernetNetworkFactory: networkForRequest, request: NetworkRequest [ REQUEST id=12, [ Capabilities: INTERNET&NOT_RESTRICTED&TRUSTED&NOT_VPN AdministratorUids: [] RequestorUid: 1073 RequestorPackageName: com.android.networkstack] ], network: null
01-04 15:57:24.073 535 815 D WifiNl80211Manager: Scan result ready event
01-04 15:57:24.073 535 815 D WifiNative: Scan result ready event
01-04 15:57:24.075 535 552 I EthernetTracker: interfaceLinkStateChanged, iface: wlan0, up: true
01-04 15:57:24.077 535 552 I EthernetTracker: interfaceLinkStateChanged, iface: wlan0, up: true
01-04 15:57:24.143 0 0 W wlan : SCAN COMPLETED: scanned AP count=29
01-04 15:57:24.710 535 647 D EthernetNetworkFactory: acceptRequest, request: NetworkRequest [ REQUEST id=1, [ Capabilities: INTERNET&NOT_RESTRICTED&TRUSTED&NOT_VPN AdministratorUids: [] RequestorUid: 1000 RequestorPackageName: android] ], score: 59
01-04 15:57:24.710 535 647 I EthernetNetworkFactory: networkForRequest, request: NetworkRequest [ REQUEST id=1, [ Capabilities: INTERNET&NOT_RESTRICTED&TRUSTED&NOT_VPN AdministratorUids: [] RequestorUid: 1000 RequestorPackageName: android] ], network: null
01-04 15:57:24.710 535 647 D EthernetNetworkFactory: acceptRequest, request: NetworkRequest [ REQUEST id=12, [ Capabilities: INTERNET&NOT_RESTRICTED&TRUSTED&NOT_VPN AdministratorUids: [] RequestorUid: 1073 RequestorPackageName: com.android.networkstack] ], score: 59
01-04 15:57:24.710 535 647 I EthernetNetworkFactory: networkForRequest, request: NetworkRequest [ REQUEST id=12, [ Capabilities: INTERNET&NOT_RESTRICTED&TRUSTED&NOT_VPN AdministratorUids: [] RequestorUid: 1073 RequestorPackageName: com.android.networkstack] ], network: null
01-04 15:57:27.571 0 0 W healthd : battery l=85 v=3 t=35.0 h=2 st=2 c=400000 fc=4000000 cc=32 chg=au
01-04 15:57:28.627 455 500 I RIL-SERIAL: opening device
01-04 15:57:28.627 455 500 E RIL-SERIAL: opening AT interface. retrying...
01-04 15:57:38.627 455 500 I RIL-SERIAL: opening device
01-04 15:57:38.628 455 500 E RIL-SERIAL: opening AT interface. retrying...
01-04 15:57:42.833 535 647 D EthernetNetworkFactory: acceptRequest, request: NetworkRequest [ REQUEST id=1, [ Capabilities: INTERNET&NOT_RESTRICTED&TRUSTED&NOT_VPN AdministratorUids: [] RequestorUid: 1000 RequestorPackageName: android] ], score: 58
01-04 15:57:42.833 535 647 I EthernetNetworkFactory: networkForRequest, request: NetworkRequest [ REQUEST id=1, [ Capabilities: INTERNET&NOT_RESTRICTED&TRUSTED&NOT_VPN AdministratorUids: [] RequestorUid: 1000 RequestorPackageName: android] ], network: null
01-04 15:57:42.834 535 647 D EthernetNetworkFactory: acceptRequest, request: NetworkRequest [ REQUEST id=12, [ Capabilities: INTERNET&NOT_RESTRICTED&TRUSTED&NOT_VPN AdministratorUids: [] RequestorUid: 1073 RequestorPackageName: com.android.networkstack] ], score: 58
01-04 15:57:42.834 535 647 I EthernetNetworkFactory: networkForRequest, request: NetworkRequest [ REQUEST id=12, [ Capabilities: INTERNET&NOT_RESTRICTED&TRUSTED&NOT_VPN AdministratorUids: [] RequestorUid: 1073 RequestorPackageName: com.android.networkstack] ], network: null
01-04 15:57:48.628 455 500 I RIL-SERIAL: opening device
01-04 15:57:48.628 455 500 E RIL-SERIAL: opening AT interface. retrying...
01-04 15:57:54.898 535 647 D EthernetNetworkFactory: acceptRequest, request: NetworkRequest [ REQUEST id=1, [ Capabilities: INTERNET&NOT_RESTRICTED&TRUSTED&NOT_VPN AdministratorUids: [] RequestorUid: 1000 RequestorPackageName: android] ], score: 57
01-04 15:57:54.898 535 647 I EthernetNetworkFactory: networkForRequest, request: NetworkRequest [ REQUEST id=1, [ Capabilities: INTERNET&NOT_RESTRICTED&TRUSTED&NOT_VPN AdministratorUids: [] RequestorUid: 1000 RequestorPackageName: android] ], network: null
01-04 15:57:54.899 535 647 D EthernetNetworkFactory: acceptRequest, request: NetworkRequest [ REQUEST id=12, [ Capabilities: INTERNET&NOT_RESTRICTED&TRUSTED&NOT_VPN AdministratorUids: [] RequestorUid: 1073 RequestorPackageName: com.android.networkstack] ], score: 57
01-04 15:57:54.899 535 647 I EthernetNetworkFactory: networkForRequest, request: NetworkRequest [ REQUEST id=12, [ Capabilities: INTERNET&NOT_RESTRICTED&TRUSTED&NOT_VPN AdministratorUids: [] RequestorUid: 1073 RequestorPackageName: com.android.networkstack] ], network: null
01-04 15:57:58.629 455 500 I RIL-SERIAL: opening device
01-04 15:57:58.629 455 500 E RIL-SERIAL: opening AT interface. retrying...
01-04 15:58:00.027 672 672 D KeyguardClockSwitch: Updating clock: 358
01-04 15:58:06.968 535 647 D EthernetNetworkFactory: acceptRequest, request: NetworkRequest [ REQUEST id=1, [ Capabilities: INTERNET&NOT_RESTRICTED&TRUSTED&NOT_VPN AdministratorUids: [] RequestorUid: 1000 RequestorPackageName: android] ], score: 58
01-04 15:58:06.968 535 647 I EthernetNetworkFactory: networkForRequest, request: NetworkRequest [ REQUEST id=1, [ Capabilities: INTERNET&NOT_RESTRICTED&TRUSTED&NOT_VPN AdministratorUids: [] RequestorUid: 1000 RequestorPackageName: android] ], network: null
01-04 15:58:06.969 535 647 D EthernetNetworkFactory: acceptRequest, request: NetworkRequest [ REQUEST id=12, [ Capabilities: INTERNET&NOT_RESTRICTED&TRUSTED&NOT_VPN AdministratorUids: [] RequestorUid: 1073 RequestorPackageName: com.android.networkstack] ], score: 58
01-04 15:58:06.969 535 647 I EthernetNetworkFactory: networkForRequest, request: NetworkRequest [ REQUEST id=12, [ Capabilities: INTERNET&NOT_RESTRICTED&TRUSTED&NOT_VPN AdministratorUids: [] RequestorUid: 1073 RequestorPackageName: com.android.networkstack] ], network: null
01-04 15:58:08.629 455 500 I RIL-SERIAL: opening device
01-04 15:58:08.629 455 500 E RIL-SERIAL: opening AT interface. retrying...
01-04 15:58:13.008 535 647 D EthernetNetworkFactory: acceptRequest, request: NetworkRequest [ REQUEST id=1, [ Capabilities: INTERNET&NOT_RESTRICTED&TRUSTED&NOT_VPN AdministratorUids: [] RequestorUid: 1000 RequestorPackageName: android] ], score: 56
01-04 15:58:13.008 535 647 I EthernetNetworkFactory: networkForRequest, request: NetworkRequest [ REQUEST id=1, [ Capabilities: INTERNET&NOT_RESTRICTED&TRUSTED&NOT_VPN AdministratorUids: [] RequestorUid: 1000 RequestorPackageName: android] ], network: null
01-04 15:58:13.008 535 647 D EthernetNetworkFactory: acceptRequest, request: NetworkRequest [ REQUEST id=12, [ Capabilities: INTERNET&NOT_RESTRICTED&TRUSTED&NOT_VPN AdministratorUids: [] RequestorUid: 1073 RequestorPackageName: com.android.networkstack] ], score: 56
01-04 15:58:13.009 535 647 I EthernetNetworkFactory: networkForRequest, request: NetworkRequest [ REQUEST id=12, [ Capabilities: INTERNET&NOT_RESTRICTED&TRUSTED&NOT_VPN AdministratorUids: [] RequestorUid: 1073 RequestorPackageName: com.android.networkstack] ], network: null
01-04 15:58:16.024 535 647 D EthernetNetworkFactory: acceptRequest, request: NetworkRequest [ REQUEST id=1, [ Capabilities: INTERNET&NOT_RESTRICTED&TRUSTED&NOT_VPN AdministratorUids: [] RequestorUid: 1000 RequestorPackageName: android] ], score: 55
01-04 15:58:16.025 535 647 I EthernetNetworkFactory: networkForRequest, request: NetworkRequest [ REQUEST id=1, [ Capabilities: INTERNET&NOT_RESTRICTED&TRUSTED&NOT_VPN AdministratorUids: [] RequestorUid: 1000 RequestorPackageName: android] ], network: null
01-04 15:58:16.025 535 647 D EthernetNetworkFactory: acceptRequest, request: NetworkRequest [ REQUEST id=12, [ Capabilities: INTERNET&NOT_RESTRICTED&TRUSTED&NOT_VPN AdministratorUids: [] RequestorUid: 1073 RequestorPackageName: com.android.networkstack] ], score: 55
