01-04 15:54:42.188 535 552 I wm_stack_created: 35
01-04 15:54:42.192 535 552 I wm_task_created: [89,-1]
01-04 15:54:42.196 535 552 I wm_stack_created: 89
01-04 15:54:42.201 535 563 W ActivityManager: Slow operation: 88ms so far, now at startProcess: done updating battery stats
01-04 15:54:42.201 535 563 I am_proc_start: [0,1113,10123,com.android.providers.media.module,service,{com.android.providers.media.module/com.android.providers.media.fuse.ExternalStorageServiceImpl}]
01-04 15:54:42.201 535 563 I Watchdog: Interesting Java process com.android.providers.media.module started. Pid 1113
01-04 15:54:42.202 535 563 W ActivityManager: Slow operation: 89ms so far, now at startProcess: building log message
01-04 15:54:42.202 535 563 I ActivityManager: Start proc 1113:com.android.providers.media.module/u0a123 for service {com.android.providers.media.module/com.android.providers.media.fuse.ExternalStorageServiceImpl}
01-04 15:54:42.202 535 563 W ActivityManager: Slow operation: 89ms so far, now at startProcess: starting to update pids map
01-04 15:54:42.203 535 563 W ActivityManager: Slow operation: 90ms so far, now at startProcess: done updating pids map
01-04 15:54:42.212 535 615 I chatty : uid=1000(system) WifiHandlerThre expire 1 line
01-04 15:54:42.224 535 561 I UsageStatsService: User[0] Rollover scheduled @ 2022-01-05 14:06:11(1641371771347)
01-04 15:54:42.234 535 562 I dvm_lock_sample: [system_server,1,ActivityManager,21,PackageManagerService.java,4535,android.content.pm.PackageInfo com.android.server.pm.PackageManagerService.getPackageInfoInternal(java.lang.String, long, int, int, int),-,7142,java.lang.String com.android.server.pm.PackageManagerService.getInstantAppPackageName(int),4]
01-04 15:54:42.241 535 562 I uc_send_user_broadcast: [0,android.intent.action.USER_UNLOCKED]
01-04 15:54:42.242 535 828 I am_proc_bound: [0,1113,com.android.providers.media.module]
01-04 15:54:42.245 535 638 E BackupPasswordManager: Unable to read backup pw version
01-04 15:54:42.246 535 638 E BackupPasswordManager: Unable to read saved backup pw hash
01-04 15:54:42.251 535 561 I UsageStatsService: User[0] Flushing usage stats to disk
01-04 15:54:42.258 535 815 I sysui_multi_action: [757,128,758,1,793,1263,794,0,795,1263,796,26,798,0,806,android,857,DEVELOPER_IMPORTANT,858,4,947,0,1395,3,1500,1006,1688,1]
01-04 15:54:42.259 535 815 I sysui_multi_action: [757,804,799,note_freshness,801,1263,802,1]
01-04 15:54:42.260 535 815 I notification_visibility: [-1|android|26|null|1000,1,1263,1263,0,0]
01-04 15:54:42.312 535 828 I am_uid_active: 10123
01-04 15:54:42.312 535 815 I sysui_multi_action: [757,128,758,1,793,1277,794,0,795,1277,796,55,798,1,806,android,857,DEVELOPER,858,2,947,0,1395,3,1500,1055,1688,1]
01-04 15:54:42.313 535 815 I sysui_multi_action: [757,804,799,note_freshness,801,1277,802,1]
01-04 15:54:42.313 535 815 I notification_visibility: [-1|android|55|null|1000,1,1277,1277,0,1]
01-04 15:54:42.314 535 828 W ActivityManager: Slow operation: 72ms so far, now at attachApplicationLocked: after mServices.attachApplicationLocked
01-04 15:54:42.318 535 562 I uc_finish_user_unlocked_completed: 0
01-04 15:54:42.318 535 562 I ActivityManager: Posting BOOT_COMPLETED user #0
01-04 15:54:42.330 535 554 I DropBoxManagerService: add tag=system_server_strictmode isTagEnabled=true flags=0x2
01-04 15:54:42.348 535 554 I DropBoxManagerService: add tag=system_server_strictmode isTagEnabled=true flags=0x2
01-04 15:54:42.355 837 837 D WAP PUSH: Received broadcast android.intent.action.USER_UNLOCKED
01-04 15:54:42.356 535 535 V NotificationAssistants: disabling notification assistant for user 0: ComponentInfo{android.ext.services/android.ext.services.notification.Assistant}
01-04 15:54:42.356 837 837 D WAP PUSH: Received broadcast android.intent.action.USER_UNLOCKED
01-04 15:54:42.356 535 535 D NotificationListeners: Removing active service ComponentInfo{android.ext.services/android.ext.services.notification.Assistant}
01-04 15:54:42.357 837 837 D SmsBroadcastUndelivered: Received broadcast android.intent.action.USER_UNLOCKED
01-04 15:54:42.364 862 862 D FallbackHome: User unlocked and real home found; let's go!
01-04 15:54:42.368 837 1137 D SmsBroadcastUndelivered: scanning raw table for undelivered messages
01-04 15:54:42.368 837 837 D SmsDispatchersController: Received broadcast android.intent.action.USER_UNLOCKED
01-04 15:54:42.369 535 1025 I wm_finish_activity: [0,85701789,2,com.android.settings/.FallbackHome,app-request]
01-04 15:54:42.371 535 1025 I wm_task_moved: [2,1,2147483647]
01-04 15:54:42.371 535 562 I SystemServerTimingAsync: ssm.UnlockedUser-0
01-04 15:54:42.371 535 562 I SystemServiceManager: Calling onUnlockedUser 0
01-04 15:54:42.371 535 562 I SystemServerTimingAsync: ssm.onUnlockedUser-0_com.android.server.security.FileIntegrityService
01-04 15:54:42.372 535 562 D SystemServerTimingAsync: ssm.onUnlockedUser-0_com.android.server.security.FileIntegrityService took to complete: 0ms
01-04 15:54:42.372 535 562 I SystemServerTimingAsync: ssm.onUnlockedUser-0_com.android.server.pm.Installer
01-04 15:54:42.372 535 562 D SystemServerTimingAsync: ssm.onUnlockedUser-0_com.android.server.pm.Installer took to complete: 0ms
01-04 15:54:42.372 535 562 I SystemServerTimingAsync: ssm.onUnlockedUser-0_com.android.server.os.DeviceIdentifiersPolicyService
01-04 15:54:42.372 535 562 D SystemServerTimingAsync: ssm.onUnlockedUser-0_com.android.server.os.DeviceIdentifiersPolicyService took to complete: 0ms
01-04 15:54:42.372 535 562 I SystemServerTimingAsync: ssm.onUnlockedUser-0_com.android.server.uri.UriGrantsManagerService$Lifecycle
01-04 15:54:42.372 535 562 D SystemServerTimingAsync: ssm.onUnlockedUser-0_com.android.server.uri.UriGrantsManagerService$Lifecycle took to complete: 0ms
01-04 15:54:42.372 535 562 I SystemServerTimingAsync: ssm.onUnlockedUser-0_com.android.server.wm.ActivityTaskManagerService$Lifecycle
01-04 15:54:42.372 535 562 D SystemServerTimingAsync: ssm.onUnlockedUser-0_com.android.server.wm.ActivityTaskManagerService$Lifecycle took to complete: 0ms
01-04 15:54:42.372 535 562 I SystemServerTimingAsync: ssm.onUnlockedUser-0_com.android.server.am.ActivityManagerService$Lifecycle
01-04 15:54:42.372 535 562 D SystemServerTimingAsync: ssm.onUnlockedUser-0_com.android.server.am.ActivityManagerService$Lifecycle took to complete: 0ms
01-04 15:54:42.372 535 562 I SystemServerTimingAsync: ssm.onUnlockedUser-0_com.android.server.pm.DataLoaderManagerService
01-04 15:54:42.372 535 562 D SystemServerTimingAsync: ssm.onUnlockedUser-0_com.android.server.pm.DataLoaderManagerService took to complete: 0ms
01-04 15:54:42.372 535 562 I SystemServerTimingAsync: ssm.onUnlockedUser-0_com.android.server.power.PowerManagerService
01-04 15:54:42.372 535 562 D SystemServerTimingAsync: ssm.onUnlockedUser-0_com.android.server.power.PowerManagerService took to complete: 0ms
01-04 15:54:42.372 535 562 I SystemServerTimingAsync: ssm.onUnlockedUser-0_com.android.server.power.ThermalManagerService
01-04 15:54:42.372 535 562 D SystemServerTimingAsync: ssm.onUnlockedUser-0_com.android.server.power.ThermalManagerService took to complete: 0ms
01-04 15:54:42.372 535 562 I SystemServerTimingAsync: ssm.onUnlockedUser-0_com.android.server.recoverysystem.RecoverySystemService$Lifecycle
01-04 15:54:42.372 535 562 D SystemServerTimingAsync: ssm.onUnlockedUser-0_com.android.server.recoverysystem.RecoverySystemService$Lifecycle took to complete: 0ms
01-04 15:54:42.372 535 562 I SystemServerTimingAsync: ssm.onUnlockedUser-0_com.android.server.lights.LightsService
01-04 15:54:42.373 535 562 D SystemServerTimingAsync: ssm.onUnlockedUser-0_com.android.server.lights.LightsService took to complete: 0ms
01-04 15:54:42.373 535 562 I SystemServerTimingAsync: ssm.onUnlockedUser-0_com.android.server.display.DisplayManagerService
01-04 15:54:42.373 535 562 D SystemServerTimingAsync: ssm.onUnlockedUser-0_com.android.server.display.DisplayManagerService took to complete: 0ms
01-04 15:54:42.373 535 562 I SystemServerTimingAsync: ssm.onUnlockedUser-0_com.android.server.pm.UserManagerService$LifeCycle
01-04 15:54:42.373 535 562 D SystemServerTimingAsync: ssm.onUnlockedUser-0_com.android.server.pm.UserManagerService$LifeCycle took to complete: 0ms
01-04 15:54:42.373 535 562 I SystemServerTimingAsync: ssm.onUnlockedUser-0_com.android.server.om.OverlayManagerService
01-04 15:54:42.373 535 562 D SystemServerTimingAsync: ssm.onUnlockedUser-0_com.android.server.om.OverlayManagerService took to complete: 0ms
01-04 15:54:42.373 535 562 I SystemServerTimingAsync: ssm.onUnlockedUser-0_com.android.server.SensorPrivacyService
01-04 15:54:42.373 535 562 D SystemServerTimingAsync: ssm.onUnlockedUser-0_com.android.server.SensorPrivacyService took to complete: 0ms
01-04 15:54:42.373 535 562 I SystemServerTimingAsync: ssm.onUnlockedUser-0_com.android.server.SystemConfigService
01-04 15:54:42.373 535 562 D SystemServerTimingAsync: ssm.onUnlockedUser-0_com.android.server.SystemConfigService took to complete: 0ms
01-04 15:54:42.373 535 562 I SystemServerTimingAsync: ssm.onUnlockedUser-0_com.android.server.BatteryService
01-04 15:54:42.373 535 562 D SystemServerTimingAsync: ssm.onUnlockedUser-0_com.android.server.BatteryService took to complete: 0ms
01-04 15:54:42.373 535 562 I SystemServerTimingAsync: ssm.onUnlockedUser-0_com.android.server.usage.UsageStatsService
01-04 15:54:42.373 535 562 D SystemServerTimingAsync: ssm.onUnlockedUser-0_com.android.server.usage.UsageStatsService took to complete: 0ms
01-04 15:54:42.373 535 562 I SystemServerTimingAsync: ssm.onUnlockedUser-0_com.android.server.webkit.WebViewUpdateService
01-04 15:54:42.373 535 562 D SystemServerTimingAsync: ssm.onUnlockedUser-0_com.android.server.webkit.WebViewUpdateService took to complete: 0ms
01-04 15:54:42.373 535 562 I SystemServerTimingAsync: ssm.onUnlockedUser-0_com.android.server.CachedDeviceStateService
01-04 15:54:42.373 535 562 D SystemServerTimingAsync: ssm.onUnlockedUser-0_com.android.server.CachedDeviceStateService took to complete: 0ms
01-04 15:54:42.373 535 562 I SystemServerTimingAsync: ssm.onUnlockedUser-0_com.android.server.BinderCallsStatsService$LifeCycle
01-04 15:54:42.373 535 562 D SystemServerTimingAsync: ssm.onUnlockedUser-0_com.android.server.BinderCallsStatsService$LifeCycle took to complete: 0ms
01-04 15:54:42.374 535 562 I SystemServerTimingAsync: ssm.onUnlockedUser-0_com.android.server.LooperStatsService$Lifecycle
01-04 15:54:42.374 837 837 D CarrierSvcBindHelper: Received android.intent.action.USER_UNLOCKED
01-04 15:54:42.374 535 562 D SystemServerTimingAsync: ssm.onUnlockedUser-0_com.android.server.LooperStatsService$Lifecycle took to complete: 0ms
01-04 15:54:42.374 535 562 I SystemServerTimingAsync: ssm.onUnlockedUser-0_com.android.server.rollback.RollbackManagerService
01-04 15:54:42.374 535 562 D SystemServerTimingAsync: ssm.onUnlockedUser-0_com.android.server.rollback.RollbackManagerService took to complete: 0ms
01-04 15:54:42.374 535 1025 I ActivityTaskManager: START u0 {act=android.intent.action.MAIN cat=[android.intent.category.HOME] flg=0x10000100 cmp=com.android.launcher3/.uioverrides.QuickstepLauncher} from uid 0
01-04 15:54:42.374 535 562 I SystemServerTimingAsync: ssm.onUnlockedUser-0_com.android.server.os.BugreportManagerService
01-04 15:54:42.374 535 562 D SystemServerTimingAsync: ssm.onUnlockedUser-0_com.android.server.os.BugreportManagerService took to complete: 0ms
01-04 15:54:42.374 535 562 I SystemServerTimingAsync: ssm.onUnlockedUser-0_com.android.server.gpu.GpuService
01-04 15:54:42.374 535 562 D SystemServerTimingAsync: ssm.onUnlockedUser-0_com.android.server.gpu.GpuService took to complete: 0ms
01-04 15:54:42.374 535 562 I SystemServerTimingAsync: ssm.onUnlockedUser-0_com.android.server.security.KeyChainSystemService
01-04 15:54:42.374 535 562 D SystemServerTimingAsync: ssm.onUnlockedUser-0_com.android.server.security.KeyChainSystemService took to complete: 0ms
01-04 15:54:42.374 535 562 I SystemServerTimingAsync: ssm.onUnlockedUser-0_com.android.server.telecom.TelecomLoaderService
01-04 15:54:42.374 535 562 D SystemServerTimingAsync: ssm.onUnlockedUser-0_com.android.server.telecom.TelecomLoaderService took to complete: 0ms
01-04 15:54:42.374 535 562 I SystemServerTimingAsync: ssm.onUnlockedUser-0_com.android.server.accounts.AccountManagerService$Lifecycle
01-04 15:54:42.374 535 562 D SystemServerTimingAsync: ssm.onUnlockedUser-0_com.android.server.accounts.AccountManagerService$Lifecycle took to complete: 0ms
01-04 15:54:42.374 535 562 I SystemServerTimingAsync: ssm.onUnlockedUser-0_com.android.server.content.ContentService$Lifecycle
01-04 15:54:42.374 535 562 D SystemServerTimingAsync: ssm.onUnlockedUser-0_com.android.server.content.ContentService$Lifecycle took to complete: 0ms
01-04 15:54:42.374 535 562 I SystemServerTimingAsync: ssm.onUnlockedUser-0_com.android.server.DropBoxManagerService
01-04 15:54:42.374 535 562 D SystemServerTimingAsync: ssm.onUnlockedUser-0_com.android.server.DropBoxManagerService took to complete: 0ms
01-04 15:54:42.374 535 562 I SystemServerTimingAsync: ssm.onUnlockedUser-0_com.android.server.AlarmManagerService
01-04 15:54:42.374 535 562 D SystemServerTimingAsync: ssm.onUnlockedUser-0_com.android.server.AlarmManagerService took to complete: 0ms
01-04 15:54:42.374 535 562 I SystemServerTimingAsync: ssm.onUnlockedUser-0_com.android.server.BluetoothService
01-04 15:54:42.374 535 562 D SystemServerTimingAsync: ssm.onUnlockedUser-0_com.android.server.BluetoothService took to complete: 0ms
01-04 15:54:42.374 535 562 I SystemServerTimingAsync: ssm.onUnlockedUser-0_com.android.server.connectivity.IpConnectivityMetrics
01-04 15:54:42.375 535 562 D SystemServerTimingAsync: ssm.onUnlockedUser-0_com.android.server.connectivity.IpConnectivityMetrics took to complete: 0ms
01-04 15:54:42.375 535 562 I SystemServerTimingAsync: ssm.onUnlockedUser-0_com.android.server.net.watchlist.NetworkWatchlistService$Lifecycle
01-04 15:54:42.375 535 562 D SystemServerTimingAsync: ssm.onUnlockedUser-0_com.android.server.net.watchlist.NetworkWatchlistService$Lifecycle took to complete: 0ms
01-04 15:54:42.375 535 562 I SystemServerTimingAsync: ssm.onUnlockedUser-0_com.android.server.PinnerService
01-04 15:54:42.375 535 562 D SystemServerTimingAsync: ssm.onUnlockedUser-0_com.android.server.PinnerService took to complete: 0ms
01-04 15:54:42.375 535 562 I SystemServerTimingAsync: ssm.onUnlockedUser-0_com.google.android.startop.iorap.IorapForwardingService
01-04 15:54:42.375 535 562 D SystemServerTimingAsync: ssm.onUnlockedUser-0_com.google.android.startop.iorap.IorapForwardingService took to complete: 0ms
01-04 15:54:42.375 535 562 I SystemServerTimingAsync: ssm.onUnlockedUser-0_com.android.server.integrity.AppIntegrityManagerService
01-04 15:54:42.375 535 562 D SystemServerTimingAsync: ssm.onUnlockedUser-0_com.android.server.integrity.AppIntegrityManagerService took to complete: 0ms
01-04 15:54:42.375 535 562 I SystemServerTimingAsync: ssm.onUnlockedUser-0_com.android.server.inputmethod.InputMethodManagerService$Lifecycle
01-04 15:54:42.375 535 562 D SystemServerTimingAsync: ssm.onUnlockedUser-0_com.android.server.inputmethod.InputMethodManagerService$Lifecycle took to complete: 0ms
01-04 15:54:42.375 535 562 I SystemServerTimingAsync: ssm.onUnlockedUser-0_com.android.server.accessibility.AccessibilityManagerService$Lifecycle
01-04 15:54:42.375 535 562 D SystemServerTimingAsync: ssm.onUnlockedUser-0_com.android.server.accessibility.AccessibilityManagerService$Lifecycle took to complete: 0ms
01-04 15:54:42.375 535 562 I SystemServerTimingAsync: ssm.onUnlockedUser-0_com.android.server.StorageManagerService$Lifecycle
01-04 15:54:42.375 535 562 D SystemServerTimingAsync: ssm.onUnlockedUser-0_com.android.server.StorageManagerService$Lifecycle took to complete: 0ms
01-04 15:54:42.375 535 562 I SystemServerTimingAsync: ssm.onUnlockedUser-0_com.android.server.usage.StorageStatsService$Lifecycle
01-04 15:54:42.375 535 562 D SystemServerTimingAsync: ssm.onUnlockedUser-0_com.android.server.usage.StorageStatsService$Lifecycle took to complete: 0ms
01-04 15:54:42.375 535 562 I SystemServerTimingAsync: ssm.onUnlockedUser-0_com.android.server.UiModeManagerService
01-04 15:54:42.375 535 562 D SystemServerTimingAsync: ssm.onUnlockedUser-0_com.android.server.UiModeManagerService took to complete: 0ms
01-04 15:54:42.375 535 562 I SystemServerTimingAsync: ssm.onUnlockedUser-0_com.android.server.locksettings.LockSettingsService$Lifecycle
01-04 15:54:42.375 535 562 D SystemServerTimingAsync: ssm.onUnlockedUser-0_com.android.server.locksettings.LockSettingsService$Lifecycle took to complete: 0ms
01-04 15:54:42.375 535 562 I SystemServerTimingAsync: ssm.onUnlockedUser-0_com.android.server.PersistentDataBlockService
01-04 15:54:42.375 535 562 D SystemServerTimingAsync: ssm.onUnlockedUser-0_com.android.server.PersistentDataBlockService took to complete: 0ms
01-04 15:54:42.375 535 562 I SystemServerTimingAsync: ssm.onUnlockedUser-0_com.android.server.testharness.TestHarnessModeService
01-04 15:54:42.375 535 562 D SystemServerTimingAsync: ssm.onUnlockedUser-0_com.android.server.testharness.TestHarnessModeService took to complete: 0ms
01-04 15:54:42.375 535 562 I SystemServerTimingAsync: ssm.onUnlockedUser-0_com.android.server.oemlock.OemLockService
01-04 15:54:42.375 535 562 D SystemServerTimingAsync: ssm.onUnlockedUser-0_com.android.server.oemlock.OemLockService took to complete: 0ms
01-04 15:54:42.375 535 562 I SystemServerTimingAsync: ssm.onUnlockedUser-0_com.android.server.DeviceIdleController
01-04 15:54:42.375 535 562 D SystemServerTimingAsync: ssm.onUnlockedUser-0_com.android.server.DeviceIdleController took to complete: 0ms
01-04 15:54:42.375 535 562 I SystemServerTimingAsync: ssm.onUnlockedUser-0_com.android.server.devicepolicy.DevicePolicyManagerService$Lifecycle
01-04 15:54:42.375 535 562 D SystemServerTimingAsync: ssm.onUnlockedUser-0_com.android.server.devicepolicy.DevicePolicyManagerService$Lifecycle took to complete: 0ms
01-04 15:54:42.376 535 562 I SystemServerTimingAsync: ssm.onUnlockedUser-0_com.android.server.textservices.TextServicesManagerService$Lifecycle
01-04 15:54:42.376 535 562 D SystemServerTimingAsync: ssm.onUnlockedUser-0_com.android.server.textservices.TextServicesManagerService$Lifecycle took to complete: 0ms
01-04 15:54:42.376 837 837 E PhoneInterfaceManager: [PhoneIntfMgr] getCarrierPackageNamesForIntentAndPhone: No UICC
01-04 15:54:42.376 535 562 I SystemServerTimingAsync: ssm.onUnlockedUser-0_com.android.server.textclassifier.TextClassificationManagerService$Lifecycle
01-04 15:54:42.376 535 562 D SystemServerTimingAsync: ssm.onUnlockedUser-0_com.android.server.textclassifier.TextClassificationManagerService$Lifecycle took to complete: 0ms
01-04 15:54:42.376 535 562 I SystemServerTimingAsync: ssm.onUnlockedUser-0_com.android.server.NetworkScoreService$Lifecycle
01-04 15:54:42.376 535 562 D SystemServerTimingAsync: ssm.onUnlockedUser-0_com.android.server.NetworkScoreService$Lifecycle took to complete: 0ms
01-04 15:54:42.376 837 837 D CarrierSvcBindHelper: No carrier app for: 0
01-04 15:54:42.376 535 562 I SystemServerTimingAsync: ssm.onUnlockedUser-0_com.android.server.wifi.WifiService
01-04 15:54:42.376 535 562 D SystemServerTimingAsync: ssm.onUnlockedUser-0_com.android.server.wifi.WifiService took to complete: 0ms
01-04 15:54:42.376 535 562 I SystemServerTimingAsync: ssm.onUnlockedUser-0_com.android.server.wifi.scanner.WifiScanningService
01-04 15:54:42.376 535 562 D SystemServerTimingAsync: ssm.onUnlockedUser-0_com.android.server.wifi.scanner.WifiScanningService took to complete: 0ms
01-04 15:54:42.376 535 562 I SystemServerTimingAsync: ssm.onUnlockedUser-0_com.android.server.wifi.p2p.WifiP2pService
01-04 15:54:42.376 535 562 D SystemServerTimingAsync: ssm.onUnlockedUser-0_com.android.server.wifi.p2p.WifiP2pService took to complete: 0ms
01-04 15:54:42.376 535 562 I SystemServerTimingAsync: ssm.onUnlockedUser-0_com.android.server.ethernet.EthernetService
01-04 15:54:42.376 535 562 D SystemServerTimingAsync: ssm.onUnlockedUser-0_com.android.server.ethernet.EthernetService took to complete: 0ms
01-04 15:54:42.376 535 562 I SystemServerTimingAsync: ssm.onUnlockedUser-0_com.android.server.notification.NotificationManagerService
01-04 15:54:42.376 535 562 D SystemServerTimingAsync: ssm.onUnlockedUser-0_com.android.server.notification.NotificationManagerService took to complete: 0ms
01-04 15:54:42.376 535 562 I SystemServerTimingAsync: ssm.onUnlockedUser-0_com.android.server.storage.DeviceStorageMonitorService
01-04 15:54:42.376 535 562 D SystemServerTimingAsync: ssm.onUnlockedUser-0_com.android.server.storage.DeviceStorageMonitorService took to complete: 0ms
01-04 15:54:42.376 535 562 I SystemServerTimingAsync: ssm.onUnlockedUser-0_com.android.server.location.LocationManagerService$Lifecycle
01-04 15:54:42.376 535 562 D SystemServerTimingAsync: ssm.onUnlockedUser-0_com.android.server.location.LocationManagerService$Lifecycle took to complete: 0ms
01-04 15:54:42.376 535 562 I SystemServerTimingAsync: ssm.onUnlockedUser-0_com.android.server.timedetector.TimeDetectorService$Lifecycle
01-04 15:54:42.376 535 562 D SystemServerTimingAsync: ssm.onUnlockedUser-0_com.android.server.timedetector.TimeDetectorService$Lifecycle took to complete: 0ms
01-04 15:54:42.376 535 562 I SystemServerTimingAsync: ssm.onUnlockedUser-0_com.android.server.timezonedetector.TimeZoneDetectorService$Lifecycle
01-04 15:54:42.376 535 562 D SystemServerTimingAsync: ssm.onUnlockedUser-0_com.android.server.timezonedetector.TimeZoneDetectorService$Lifecycle took to complete: 0ms
01-04 15:54:42.376 535 562 I SystemServerTimingAsync: ssm.onUnlockedUser-0_com.android.server.search.SearchManagerService$Lifecycle
01-04 15:54:42.376 535 562 D SystemServerTimingAsync: ssm.onUnlockedUser-0_com.android.server.search.SearchManagerService$Lifecycle took to complete: 0ms
01-04 15:54:42.376 535 562 I SystemServerTimingAsync: ssm.onUnlockedUser-0_com.android.server.wallpaper.WallpaperManagerService$Lifecycle
01-04 15:54:42.376 535 562 D SystemServerTimingAsync: ssm.onUnlockedUser-0_com.android.server.wallpaper.WallpaperManagerService$Lifecycle took to complete: 0ms
01-04 15:54:42.376 535 562 I SystemServerTimingAsync: ssm.onUnlockedUser-0_com.android.server.audio.AudioService$Lifecycle
01-04 15:54:42.376 535 562 D SystemServerTimingAsync: ssm.onUnlockedUser-0_com.android.server.audio.AudioService$Lifecycle took to complete: 0ms
01-04 15:54:42.376 535 562 I SystemServerTimingAsync: ssm.onUnlockedUser-0_com.android.server.soundtrigger_middleware.SoundTriggerMiddlewareService$Lifecycle
01-04 15:54:42.377 535 562 D SystemServerTimingAsync: ssm.onUnlockedUser-0_com.android.server.soundtrigger_middleware.SoundTriggerMiddlewareService$Lifecycle took to complete: 0ms
01-04 15:54:42.377 535 562 I SystemServerTimingAsync: ssm.onUnlockedUser-0_com.android.server.DockObserver
01-04 15:54:42.377 535 562 D SystemServerTimingAsync: ssm.onUnlockedUser-0_com.android.server.DockObserver took to complete: 0ms
01-04 15:54:42.377 535 562 I SystemServerTimingAsync: ssm.onUnlockedUser-0_com.android.server.midi.MidiService$Lifecycle
01-04 15:54:42.377 535 562 D SystemServerTimingAsync: ssm.onUnlockedUser-0_com.android.server.midi.MidiService$Lifecycle took to complete: 0ms
01-04 15:54:42.377 535 562 I SystemServerTimingAsync: ssm.onUnlockedUser-0_com.android.server.adb.AdbService$Lifecycle
01-04 15:54:42.377 535 562 D SystemServerTimingAsync: ssm.onUnlockedUser-0_com.android.server.adb.AdbService$Lifecycle took to complete: 0ms
01-04 15:54:42.377 535 562 I SystemServerTimingAsync: ssm.onUnlockedUser-0_com.android.server.usb.UsbService$Lifecycle
01-04 15:54:42.377 535 562 D SystemServerTimingAsync: ssm.onUnlockedUser-0_com.android.server.usb.UsbService$Lifecycle took to complete: 0ms
01-04 15:54:42.377 535 562 I SystemServerTimingAsync: ssm.onUnlockedUser-0_com.android.server.twilight.TwilightService
01-04 15:54:42.377 535 562 D SystemServerTimingAsync: ssm.onUnlockedUser-0_com.android.server.twilight.TwilightService took to complete: 0ms
01-04 15:54:42.377 535 562 I SystemServerTimingAsync: ssm.onUnlockedUser-0_com.android.server.display.color.ColorDisplayService
01-04 15:54:42.377 535 562 D SystemServerTimingAsync: ssm.onUnlockedUser-0_com.android.server.display.color.ColorDisplayService took to complete: 0ms
01-04 15:54:42.377 535 562 I SystemServerTimingAsync: ssm.onUnlockedUser-0_com.android.server.job.JobSchedulerService
01-04 15:54:42.377 535 562 D SystemServerTimingAsync: ssm.onUnlockedUser-0_com.android.server.job.JobSchedulerService took to complete: 0ms
01-04 15:54:42.377 535 562 I SystemServerTimingAsync: ssm.onUnlockedUser-0_com.android.server.soundtrigger.SoundTriggerService
01-04 15:54:42.377 535 562 D SystemServerTimingAsync: ssm.onUnlockedUser-0_com.android.server.soundtrigger.SoundTriggerService took to complete: 0ms
01-04 15:54:42.377 535 562 I SystemServerTimingAsync: ssm.onUnlockedUser-0_com.android.server.trust.TrustManagerService
01-04 15:54:42.377 535 562 D SystemServerTimingAsync: ssm.onUnlockedUser-0_com.android.server.trust.TrustManagerService took to complete: 0ms
01-04 15:54:42.377 535 562 I SystemServerTimingAsync: ssm.onUnlockedUser-0_com.android.server.backup.BackupManagerService$Lifecycle
01-04 15:54:42.377 535 562 D SystemServerTimingAsync: ssm.onUnlockedUser-0_com.android.server.backup.BackupManagerService$Lifecycle took to complete: 0ms
01-04 15:54:42.377 535 562 I SystemServerTimingAsync: ssm.onUnlockedUser-0_com.android.server.appwidget.AppWidgetService
01-04 15:54:42.377 535 562 D SystemServerTimingAsync: ssm.onUnlockedUser-0_com.android.server.appwidget.AppWidgetService took to complete: 0ms
01-04 15:54:42.377 535 562 I SystemServerTimingAsync: ssm.onUnlockedUser-0_com.android.server.role.RoleManagerService
01-04 15:54:42.377 535 562 D SystemServerTimingAsync: ssm.onUnlockedUser-0_com.android.server.role.RoleManagerService took to complete: 0ms
01-04 15:54:42.377 535 562 I SystemServerTimingAsync: ssm.onUnlockedUser-0_com.android.server.voiceinteraction.VoiceInteractionManagerService
01-04 15:54:42.377 535 562 D SystemServerTimingAsync: ssm.onUnlockedUser-0_com.android.server.voiceinteraction.VoiceInteractionManagerService took to complete: 0ms
01-04 15:54:42.377 535 562 I SystemServerTimingAsync: ssm.onUnlockedUser-0_com.android.server.GestureLauncherService
01-04 15:54:42.377 535 562 D SystemServerTimingAsync: ssm.onUnlockedUser-0_com.android.server.GestureLauncherService took to complete: 0ms
01-04 15:54:42.377 535 562 I SystemServerTimingAsync: ssm.onUnlockedUser-0_com.android.server.SensorNotificationService
01-04 15:54:42.377 535 562 D SystemServerTimingAsync: ssm.onUnlockedUser-0_com.android.server.SensorNotificationService took to complete: 0ms
01-04 15:54:42.378 535 562 I SystemServerTimingAsync: ssm.onUnlockedUser-0_com.android.server.emergency.EmergencyAffordanceService
01-04 15:54:42.378 535 562 D SystemServerTimingAsync: ssm.onUnlockedUser-0_com.android.server.emergency.EmergencyAffordanceService took to complete: 0ms
01-04 15:54:42.378 535 562 I SystemServerTimingAsync: ssm.onUnlockedUser-0_com.android.server.dreams.DreamManagerService
01-04 15:54:42.378 535 562 D SystemServerTimingAsync: ssm.onUnlockedUser-0_com.android.server.dreams.DreamManagerService took to complete: 0ms
01-04 15:54:42.378 535 562 I SystemServerTimingAsync: ssm.onUnlockedUser-0_com.android.server.print.PrintManagerService
01-04 15:54:42.378 535 562 D SystemServerTimingAsync: ssm.onUnlockedUser-0_com.android.server.print.PrintManagerService took to complete: 0ms
01-04 15:54:42.378 535 562 I SystemServerTimingAsync: ssm.onUnlockedUser-0_com.android.server.companion.CompanionDeviceManagerService
01-04 15:54:42.378 535 562 D SystemServerTimingAsync: ssm.onUnlockedUser-0_com.android.server.companion.CompanionDeviceManagerService took to complete: 0ms
01-04 15:54:42.378 535 562 I SystemServerTimingAsync: ssm.onUnlockedUser-0_com.android.server.restrictions.RestrictionsManagerService
01-04 15:54:42.378 535 562 D SystemServerTimingAsync: ssm.onUnlockedUser-0_com.android.server.restrictions.RestrictionsManagerService took to complete: 0ms
01-04 15:54:42.378 535 562 I SystemServerTimingAsync: ssm.onUnlockedUser-0_com.android.server.media.MediaSessionService
01-04 15:54:42.378 535 562 D SystemServerTimingAsync: ssm.onUnlockedUser-0_com.android.server.media.MediaSessionService took to complete: 0ms
01-04 15:54:42.378 535 562 I SystemServerTimingAsync: ssm.onUnlockedUser-0_com.android.server.blob.BlobStoreManagerService
01-04 15:54:42.378 535 562 D SystemServerTimingAsync: ssm.onUnlockedUser-0_com.android.server.blob.BlobStoreManagerService took to complete: 0ms
01-04 15:54:42.378 535 562 I SystemServerTimingAsync: ssm.onUnlockedUser-0_com.android.server.media.MediaResourceMonitorService
01-04 15:54:42.378 535 562 D SystemServerTimingAsync: ssm.onUnlockedUser-0_com.android.server.media.MediaResourceMonitorService took to complete: 0ms
01-04 15:54:42.378 535 562 I SystemServerTimingAsync: ssm.onUnlockedUser-0_com.android.server.biometrics.BiometricService
01-04 15:54:42.378 535 562 D SystemServerTimingAsync: ssm.onUnlockedUser-0_com.android.server.biometrics.BiometricService took to complete: 0ms
01-04 15:54:42.378 535 562 I SystemServerTimingAsync: ssm.onUnlockedUser-0_com.android.server.biometrics.AuthService
01-04 15:54:42.378 535 562 D SystemServerTimingAsync: ssm.onUnlockedUser-0_com.android.server.biometrics.AuthService took to complete: 0ms
01-04 15:54:42.378 535 562 I SystemServerTimingAsync: ssm.onUnlockedUser-0_com.android.server.pm.ShortcutService$Lifecycle
01-04 15:54:42.378 535 562 D SystemServerTimingAsync: ssm.onUnlockedUser-0_com.android.server.pm.ShortcutService$Lifecycle took to complete: 0ms
01-04 15:54:42.378 535 562 I SystemServerTimingAsync: ssm.onUnlockedUser-0_com.android.server.pm.LauncherAppsService
01-04 15:54:42.378 535 562 D SystemServerTimingAsync: ssm.onUnlockedUser-0_com.android.server.pm.LauncherAppsService took to complete: 0ms
01-04 15:54:42.378 535 562 I SystemServerTimingAsync: ssm.onUnlockedUser-0_com.android.server.pm.CrossProfileAppsService
01-04 15:54:42.378 535 562 D SystemServerTimingAsync: ssm.onUnlockedUser-0_com.android.server.pm.CrossProfileAppsService took to complete: 0ms
01-04 15:54:42.378 535 562 I SystemServerTimingAsync: ssm.onUnlockedUser-0_com.android.server.people.PeopleService
01-04 15:54:42.380 535 562 D SystemServerTimingAsync: ssm.onUnlockedUser-0_com.android.server.people.PeopleService took to complete: 2ms
01-04 15:54:42.380 535 562 I SystemServerTimingAsync: ssm.onUnlockedUser-0_com.android.server.media.projection.MediaProjectionManagerService
01-04 15:54:42.380 535 562 D SystemServerTimingAsync: ssm.onUnlockedUser-0_com.android.server.media.projection.MediaProjectionManagerService took to complete: 0ms
01-04 15:54:42.380 535 562 I SystemServerTimingAsync: ssm.onUnlockedUser-0_com.android.server.slice.SliceManagerService$Lifecycle
01-04 15:54:42.380 535 562 D SystemServerTimingAsync: ssm.onUnlockedUser-0_com.android.server.slice.SliceManagerService$Lifecycle took to complete: 0ms
01-04 15:54:42.380 535 562 I SystemServerTimingAsync: ssm.onUnlockedUser-0_com.android.server.camera.CameraServiceProxy
01-04 15:54:42.380 535 562 D SystemServerTimingAsync: ssm.onUnlockedUser-0_com.android.server.camera.CameraServiceProxy took to complete: 0ms
01-04 15:54:42.380 535 562 I SystemServerTimingAsync: ssm.onUnlockedUser-0_com.android.server.stats.StatsCompanion$Lifecycle
01-04 15:54:42.380 535 562 D SystemServerTimingAsync: ssm.onUnlockedUser-0_com.android.server.stats.StatsCompanion$Lifecycle took to complete: 0ms
01-04 15:54:42.380 535 562 I SystemServerTimingAsync: ssm.onUnlockedUser-0_com.android.server.stats.pull.StatsPullAtomService
01-04 15:54:42.380 535 562 D SystemServerTimingAsync: ssm.onUnlockedUser-0_com.android.server.stats.pull.StatsPullAtomService took to complete: 0ms
01-04 15:54:42.380 535 562 I SystemServerTimingAsync: ssm.onUnlockedUser-0_com.android.server.incident.IncidentCompanionService
01-04 15:54:42.380 535 562 D SystemServerTimingAsync: ssm.onUnlockedUser-0_com.android.server.incident.IncidentCompanionService took to complete: 0ms
01-04 15:54:42.380 535 562 I SystemServerTimingAsync: ssm.onUnlockedUser-0_com.android.server.MmsServiceBroker
01-04 15:54:42.380 535 562 D SystemServerTimingAsync: ssm.onUnlockedUser-0_com.android.server.MmsServiceBroker took to complete: 0ms
01-04 15:54:42.381 535 562 I SystemServerTimingAsync: ssm.onUnlockedUser-0_com.android.server.autofill.AutofillManagerService
01-04 15:54:42.381 535 562 D SystemServerTimingAsync: ssm.onUnlockedUser-0_com.android.server.autofill.AutofillManagerService took to complete: 0ms
01-04 15:54:42.381 535 562 I SystemServerTimingAsync: ssm.onUnlockedUser-0_com.android.server.clipboard.ClipboardService
01-04 15:54:42.381 535 562 D SystemServerTimingAsync: ssm.onUnlockedUser-0_com.android.server.clipboard.ClipboardService took to complete: 0ms
01-04 15:54:42.381 535 562 I SystemServerTimingAsync: ssm.onUnlockedUser-0_com.android.server.appbinding.AppBindingService$Lifecycle
01-04 15:54:42.381 535 562 D SystemServerTimingAsync: ssm.onUnlockedUser-0_com.android.server.appbinding.AppBindingService$Lifecycle took to complete: 0ms
01-04 15:54:42.381 535 562 I SystemServerTimingAsync: ssm.onUnlockedUser-0_com.android.server.policy.PermissionPolicyService
01-04 15:54:42.381 535 562 D SystemServerTimingAsync: ssm.onUnlockedUser-0_com.android.server.policy.PermissionPolicyService took to complete: 0ms
01-04 15:54:42.381 535 562 I SystemServerTimingAsync: ssm.onUnlockedUser-0_com.android.server.pm.StagingManager$Lifecycle
01-04 15:54:42.381 535 562 D SystemServerTimingAsync: ssm.onUnlockedUser-0_com.android.server.pm.StagingManager$Lifecycle took to complete: 0ms
01-04 15:54:42.381 535 562 D SystemServerTimingAsync: ssm.UnlockedUser-0 took to complete: 10ms
01-04 15:54:42.381 535 562 W ActivityManager: UserLifecycleEvent 6 received without an active userJourneySession.
01-04 15:54:42.400 535 1025 I wm_task_created: [137,0]
01-04 15:54:42.401 535 1025 I wm_stack_created: 137
01-04 15:54:42.409 535 1025 I wm_task_moved: [137,1,2147483647]
01-04 15:54:42.414 535 1025 I wm_create_task: [0,137]
01-04 15:54:42.415 535 1025 I wm_create_activity: [0,209615606,137,com.android.launcher3/.uioverrides.QuickstepLauncher,android.intent.action.MAIN,NULL,NULL,268435712]
01-04 15:54:42.417 535 1025 I wm_task_moved: [137,1,2147483647]
01-04 15:54:42.434 459 697 D BufferPoolAccessor2.0: bufferpool2 0xb400f70dbd468158 : 0(0 size) total buffers - 0(0 size) used buffers - 8/10 (recycle/alloc) - 2/9 (fetch/transfer)
01-04 15:54:42.434 459 697 D BufferPoolAccessor2.0: bufferpool2 0xb400f70dbd4693d8 : 0(0 size) total buffers - 0(0 size) used buffers - 6/10 (recycle/alloc) - 4/9 (fetch/transfer)
01-04 15:54:42.434 459 697 D BufferPoolAccessor2.0: bufferpool2 0xb400f70dbd4639a8 : 0(0 size) total buffers - 0(0 size) used buffers - 7/11 (recycle/alloc) - 4/10 (fetch/transfer)
01-04 15:54:42.434 459 697 D BufferPoolAccessor2.0: bufferpool2 0xb400f70dbd467a68 : 0(0 size) total buffers - 0(0 size) used buffers - 12/15 (recycle/alloc) - 3/14 (fetch/transfer)
01-04 15:54:42.434 459 697 D BufferPoolAccessor2.0: bufferpool2 0xb400f70dbd465c58 : 0(0 size) total buffers - 0(0 size) used buffers - 11/15 (recycle/alloc) - 4/14 (fetch/transfer)
01-04 15:54:42.434 459 697 D BufferPoolAccessor2.0: evictor expired: 5, evicted: 5
01-04 15:54:42.454 535 555 I wm_restart_activity: [0,209615606,137,com.android.launcher3/.uioverrides.QuickstepLauncher]
01-04 15:54:42.456 1113 1113 D NetworkSecurityConfig: No Network Security Config specified, using platform default
01-04 15:54:42.457 1113 1113 D NetworkSecurityConfig: No Network Security Config specified, using platform default
01-04 15:54:42.457 535 555 I wm_set_resumed_activity: [0,com.android.launcher3/.uioverrides.QuickstepLauncher,minimalResumeActivityLocked]
01-04 15:54:42.458 535 555 I wm_add_to_stopping: [0,209615606,com.android.launcher3/.uioverrides.QuickstepLauncher,makeInvisible]
01-04 15:54:42.460 535 535 V NotificationAssistants: enabling notification assistant for 0: ComponentInfo{android.ext.services/android.ext.services.notification.Assistant}
01-04 15:54:42.462 535 555 I wm_pause_activity: [0,209615606,com.android.launcher3/.uioverrides.QuickstepLauncher,userLeaving=false]
01-04 15:54:42.464 535 549 I am_uid_running: 10135
01-04 15:54:42.465 535 535 V NotificationAssistants: binding: Intent { act=android.service.notification.NotificationAssistantService cmp=android.ext.services/.notification.Assistant (has extras) }
01-04 15:54:42.474 535 549 D CompatibilityChangeReporter: Compat change id reported: 135634846; UID 10135; state: DISABLED
01-04 15:54:42.475 535 545 I chatty : uid=1000(system) HeapTaskDaemon expire 1 line
01-04 15:54:42.483 535 549 D CompatibilityChangeReporter: Compat change id reported: 135754954; UID 10135; state: ENABLED
01-04 15:54:42.484 535 563 D CompatibilityChangeReporter: Compat change id reported: 143937733; UID 10135; state: ENABLED
01-04 15:54:42.487 535 828 I dvm_lock_sample: [system_server,1,Binder:535_9,105,ActivityManagerService.java,15167,int com.android.server.am.ActivityManagerService.bindIsolatedService(android.app.IApplicationThread, android.os.IBinder, android.content.Intent, java.lang.String, android.app.IServiceConnection, int, java.lang.String, java.lang.String, int),,0,null,21]
01-04 15:54:42.490 535 828 D CompatibilityChangeReporter: Compat change id reported: 135634846; UID 1000; state: DISABLED
01-04 15:54:42.490 535 828 D CompatibilityChangeReporter: Compat change id reported: 135754954; UID 1000; state: ENABLED
01-04 15:54:42.493 837 1137 D SmsBroadcastUndelivered: finished scanning raw table in 124 ms
01-04 15:54:42.502 535 535 W Looper : Slow dispatch took 146ms main h=android.app.ActivityThread$H c=android.app.-$$Lambda$LoadedApk$ReceiverDispatcher$Args$_BumDX2UKsnxLVrE6UJsJZkotuA@9568819 m=0
01-04 15:54:42.506 535 555 I sysui_multi_action: [757,1144,758,8,806,com.android.launcher3,871,com.android.launcher3.uioverrides.QuickstepLauncher]
01-04 15:54:42.510 535 555 I wm_destroy_activity: [0,85701789,2,com.android.settings/.FallbackHome,finish-idle]
01-04 15:54:42.517 862 862 I wm_on_destroy_called: [85701789,com.android.settings.FallbackHome,performDestroy]
01-04 15:54:42.525 344 344 D Zygote : Forked child process 1144
01-04 15:54:42.526 837 859 D SubscriptionController: [getSlotIndex]- subId invalid
01-04 15:54:42.529 535 563 W ActivityManager: Slow operation: 63ms so far, now at startProcess: returned from zygote!
01-04 15:54:42.532 535 563 W ActivityManager: Slow operation: 66ms so far, now at startProcess: done updating battery stats
01-04 15:54:42.533 535 563 I am_proc_start: [0,1144,10135,com.android.smspush,service,{com.android.smspush/com.android.smspush.WapPushManager}]
01-04 15:54:42.533 535 563 W ActivityManager: Slow operation: 67ms so far, now at startProcess: building log message
01-04 15:54:42.533 535 563 I ActivityManager: Start proc 1144:com.android.smspush/u0a135 for service {com.android.smspush/com.android.smspush.WapPushManager}
01-04 15:54:42.533 535 563 W ActivityManager: Slow operation: 67ms so far, now at startProcess: starting to update pids map
01-04 15:54:42.537 1144 1144 I Zygote : seccomp disabled by setenforce 0
01-04 15:54:42.543 535 563 W ActivityManager: Slow operation: 77ms so far, now at startProcess: done updating pids map
01-04 15:54:42.543 535 563 W ActivityManager: Slow operation: 54ms so far, now at startProcess: asking zygote to start proc
01-04 15:54:42.549 535 549 I wm_task_removed: [2,removeTask]
01-04 15:54:42.550 535 549 I wm_stack_removed: 2
01-04 15:54:42.553 535 535 I chatty : uid=1000(system) Binder:535_3 expire 2 lines
01-04 15:54:42.553 535 549 I wm_task_removed: [2,removeChild: last r=ActivityRecord{51bb49d u0 com.android.settings/.FallbackHome t-1 f}} in t=Task{747d10c #2 visible=false type=home mode=fullscreen translucent=true A=1000:com.android.settings.FallbackHome U=0 StackId=2 sz=0}]
01-04 15:54:42.554 837 859 D SubscriptionController: [getSlotIndex]- subId invalid
01-04 15:54:42.554 535 549 I wm_task_removed: [2,removeTask]
01-04 15:54:42.575 469 512 I adbd : jdwp connection from 1144
01-04 15:54:42.587 1144 1160 I dvm_lock_sample: [,0,FinalizerDaemon,10,Daemons.java,-1,void java.lang.Daemons$FinalizerWatchdogDaemon.goToSleep(),-,116,void java.lang.Daemons$Daemon.startPostZygoteFork(),2]
01-04 15:54:42.596 535 638 V BackupManagerService: [UserID:0] No ancestral data
01-04 15:54:42.600 672 966 D BufferPoolAccessor2.0: bufferpool2 0xb400e0359ef82558 : 0(0 size) total buffers - 0(0 size) used buffers - 1/7 (recycle/alloc) - 6/36 (fetch/transfer)
01-04 15:54:42.600 672 966 D BufferPoolAccessor2.0: evictor expired: 1, evicted: 1
01-04 15:54:42.604 535 1142 I am_proc_bound: [0,1144,com.android.smspush]
01-04 15:54:42.610 535 1142 I am_uid_active: 10135
01-04 15:54:42.652 535 535 W Looper : Slow dispatch took 150ms main h=android.app.ActivityThread$H c=android.app.-$$Lambda$LoadedApk$ReceiverDispatcher$Args$_BumDX2UKsnxLVrE6UJsJZkotuA@5fb40d8 m=0
01-04 15:54:42.653 535 535 W Looper : Slow delivery took 298ms main h=com.android.server.accessibility.AccessibilityManagerService$MainHandler c= m=0
01-04 15:54:42.656 535 657 I SyncManager: Loaded persisted syncs: 0 periodic syncs, 0 oneshot syncs, 15 total system server jobs, JobStats: FirstLoad: 5/4/0 LastSave: -1/-1/-1
01-04 15:54:42.659 344 344 D Zygote : Forked child process 1168
01-04 15:54:42.662 535 535 V NotificationAssistants: 0 notification assistant service connected: ComponentInfo{android.ext.services/android.ext.services.notification.Assistant}
01-04 15:54:42.671 1168 1168 I Zygote : seccomp disabled by setenforce 0
01-04 15:54:42.676 535 563 W ActivityManager: Slow operation: 187ms so far, now at startProcess: returned from zygote!
01-04 15:54:42.680 535 563 W ActivityManager: Slow operation: 191ms so far, now at startProcess: done updating battery stats
01-04 15:54:42.680 535 563 I am_proc_start: [0,1168,1000,com.android.keychain,service,{com.android.keychain/com.android.keychain.KeyChainService}]
01-04 15:54:42.680 535 563 W ActivityManager: Slow operation: 191ms so far, now at startProcess: building log message
01-04 15:54:42.680 535 563 I ActivityManager: Start proc 1168:com.android.keychain/1000 for service {com.android.keychain/com.android.keychain.KeyChainService}
01-04 15:54:42.681 535 563 W ActivityManager: Slow operation: 192ms so far, now at startProcess: starting to update pids map
01-04 15:54:42.687 535 1112 V BackupManagerConstants: getKeyValueBackupIntervalMilliseconds(...) returns 14400000
01-04 15:54:42.687 535 1112 V BackupManagerConstants: getKeyValueBackupFuzzMilliseconds(...) returns 600000
01-04 15:54:42.687 535 1112 V BackupManagerConstants: getKeyValueBackupRequiredNetworkType(...) returns 1
01-04 15:54:42.687 535 1112 V BackupManagerConstants: getKeyValueBackupRequireCharging(...) returns true
01-04 15:54:42.688 535 1112 V KeyValueBackupJob: Scheduling k/v pass in 246 minutes
01-04 15:54:42.692 1144 1144 I android.smspus: The ClassLoaderContext is a special shared library.
01-04 15:54:42.694 535 563 W ActivityManager: Slow operation: 205ms so far, now at startProcess: done updating pids map
01-04 15:54:42.706 469 512 I adbd : jdwp connection from 1168
01-04 15:54:42.715 535 550 I am_proc_bound: [0,1168,com.android.keychain]
01-04 15:54:42.725 404 961 W DisplayIdentification: Invalid EDID: block 1 is truncated.
01-04 15:54:42.739 535 549 I dvm_lock_sample: [system_server,0,Binder:535_1,24,ActivityManagerService.java,15211,void com.android.server.am.ActivityManagerService.serviceDoneExecuting(android.os.IBinder, int, int, int),-,5444,void com.android.server.am.ActivityManagerService.attachApplication(android.app.IApplicationThread, long),4]
01-04 15:54:42.757 1144 1144 D NetworkSecurityConfig: No Network Security Config specified, using platform default
01-04 15:54:42.758 1144 1144 D NetworkSecurityConfig: No Network Security Config specified, using platform default
01-04 15:54:42.762 1168 1168 I ndroid.keychai: The ClassLoaderContext is a special shared library.
01-04 15:54:42.769 1113 1113 V MediaProvider: Attached media from com.android.providers.media.module
01-04 15:54:42.772 535 562 I am_uid_running: 10106
01-04 15:54:42.774 464 464 I update_engine: [INFO:cleanup_previous_update_action.cc(137)] Boot completed, waiting on markBootSuccessful()
01-04 15:54:42.774 535 562 D CompatibilityChangeReporter: Compat change id reported: 135634846; UID 10106; state: DISABLED
01-04 15:54:42.775 535 562 D CompatibilityChangeReporter: Compat change id reported: 135754954; UID 10106; state: DISABLED
01-04 15:54:42.776 535 563 D CompatibilityChangeReporter: Compat change id reported: 143937733; UID 10106; state: DISABLED
01-04 15:54:42.778 1168 1168 D NetworkSecurityConfig: No Network Security Config specified, using platform default
01-04 15:54:42.779 1168 1168 D NetworkSecurityConfig: No Network Security Config specified, using platform default
01-04 15:54:42.784 535 561 I am_uid_running: 10092
01-04 15:54:42.786 535 561 D CompatibilityChangeReporter: Compat change id reported: 135634846; UID 10092; state: DISABLED
01-04 15:54:42.786 535 561 D CompatibilityChangeReporter: Compat change id reported: 135754954; UID 10092; state: ENABLED
01-04 15:54:42.792 535 552 I AppWidgetServiceImpl: Processing of handleUserUnlocked u0 took 470 ms
01-04 15:54:42.794 535 552 W Looper : Slow dispatch took 471ms android.fg h=android.os.Handler c=com.android.server.am.-$$Lambda$UserController$Injector$MYTLl7MOQKjyMJknWdxPeBLoPCc@3693677 m=0
01-04 15:54:42.794 535 552 I uc_send_user_broadcast: [0,android.intent.action.BOOT_COMPLETED]
01-04 15:54:42.795 535 535 W Looper : Drained
01-04 15:54:42.798 464 464 I update_engine: EnsureMetadataMounted does nothing in Android mode.
01-04 15:54:42.798 535 552 W Looper : Slow delivery took 475ms android.fg h=android.os.Handler c=com.android.server.am.-$$Lambda$UserController$I0p0bKjuvsSPLZB71mKQFfdUjZ4@96ea2e4 m=0
01-04 15:54:42.800 535 552 W Looper : Drained
01-04 15:54:42.803 535 638 D BackupManagerService: user:0 readBackupEnableState enabled:false
01-04 15:54:42.803 535 638 I BackupManagerService: [UserID:0] Backup enabled => false
01-04 15:54:42.804 535 638 D BackupManagerService: user:0 writeBackupEnableState enable:false
01-04 15:54:42.809 344 344 D Zygote : Forked child process 1199
01-04 15:54:42.812 1199 1199 I Zygote : seccomp disabled by setenforce 0
01-04 15:54:42.813 535 563 I am_proc_start: [0,1199,10106,com.android.quicksearchbox,broadcast,{com.android.quicksearchbox/com.android.quicksearchbox.SearchWidgetProvider}]
01-04 15:54:42.813 535 563 I ActivityManager: Start proc 1199:com.android.quicksearchbox/u0a106 for broadcast {com.android.quicksearchbox/com.android.quicksearchbox.SearchWidgetProvider}
01-04 15:54:42.813 1199 1199 I libc : SetHeapTaggingLevel: tag level set to 0
01-04 15:54:42.814 535 563 D CompatibilityChangeReporter: Compat change id reported: 143937733; UID 10092; state: ENABLED
01-04 15:54:42.828 976 976 E ContextImpl: Tried to access visual service WallpaperManager from a non-visual Context:android.app.Application@1c82016 Visual services, such as WindowManager, WallpaperService or LayoutInflater should be accessed from Activity or other visual Context. Use an Activity or a Context created with Context#createWindowContext(int, Bundle), which are adjusted to the configuration and visual bounds of an area on screen.
01-04 15:54:42.828 976 976 E ContextImpl: java.lang.IllegalAccessException: Tried to access visual service WallpaperManager from a non-visual Context:android.app.Application@1c82016
01-04 15:54:42.828 976 976 E ContextImpl: at android.app.ContextImpl.getSystemService(ContextImpl.java:1914)
01-04 15:54:42.828 976 976 E ContextImpl: at android.content.ContextWrapper.getSystemService(ContextWrapper.java:803)
01-04 15:54:42.828 976 976 E ContextImpl: at android.content.Context.getSystemService(Context.java:3706)
01-04 15:54:42.828 976 976 E ContextImpl: at com.android.launcher3.uioverrides.WallpaperColorInfo.(WallpaperColorInfo.java:55)
01-04 15:54:42.828 976 976 E ContextImpl: at com.android.launcher3.uioverrides.WallpaperColorInfo.lambda$tLetMNUhFw-gX6-W-n47DqKz3p0(Unknown Source:2)
01-04 15:54:42.828 976 976 E ContextImpl: at com.android.launcher3.uioverrides.-$$Lambda$WallpaperColorInfo$tLetMNUhFw-gX6-W-n47DqKz3p0.get(Unknown Source:0)
01-04 15:54:42.828 976 976 E ContextImpl: at com.android.launcher3.util.MainThreadInitializedObject.lambda$get$0$MainThreadInitializedObject(MainThreadInitializedObject.java:50)
01-04 15:54:42.828 976 976 E ContextImpl: at com.android.launcher3.util.-$$Lambda$MainThreadInitializedObject$31I13NSyZWlVLw9-SvduyHO4fhM.get(Unknown Source:4)
01-04 15:54:42.828 976 976 E ContextImpl: at com.android.launcher3.util.TraceHelper.allowIpcs(TraceHelper.java:84)
01-04 15:54:42.828 976 976 E ContextImpl: at com.android.launcher3.util.MainThreadInitializedObject.get(MainThreadInitializedObject.java:49)
01-04 15:54:42.828 976 976 E ContextImpl: at com.android.launcher3.BaseDraggingActivity.onCreate(BaseDraggingActivity.java:90)
01-04 15:54:42.828 976 976 E ContextImpl: at com.android.launcher3.Launcher.onCreate(Launcher.java:368)
01-04 15:54:42.828 976 976 E ContextImpl: at com.android.launcher3.BaseQuickstepLauncher.onCreate(BaseQuickstepLauncher.java:83)
01-04 15:54:42.828 976 976 E ContextImpl: at com.android.launcher3.uioverrides.QuickstepLauncher.onCreate(QuickstepLauncher.java:98)
01-04 15:54:42.828 976 976 E ContextImpl: at android.app.Activity.performCreate(Activity.java:8000)
01-04 15:54:42.828 976 976 E ContextImpl: at android.app.Activity.performCreate(Activity.java:7984)
01-04 15:54:42.828 976 976 E ContextImpl: at android.app.Instrumentation.callActivityOnCreate(Instrumentation.java:1309)
