01-04 15:54:41.170 1071 1071 D vold_prepare_subdirs: Setting up mode 700 uid 1000 gid 1000 context u:object_r:backup_data_file:s0 on path: /data/system_ce/0/backup_stage
01-04 15:54:41.171 1071 1071 D vold_prepare_subdirs: Setting up mode 700 uid 1000 gid 1000 context u:object_r:face_vendor_data_file:s0 on path: /data/vendor_ce/0/facedata
01-04 15:54:41.175 535 552 V UserDataPreparer: Found /data/user/0 with serial number 0
01-04 15:54:41.175 535 552 V UserDataPreparer: Found /data/system_ce/0 with serial number 0
01-04 15:54:41.176 535 552 D UserDataPreparer: Setting property: sys.user.0.ce_available=true
01-04 15:54:41.177 535 552 V PackageManager: reconcileAppsData for null u0 0x2 migrateAppData=false
01-04 15:54:41.188 1051 1051 D NetworkSecurityConfig: No Network Security Config specified, using platform default
01-04 15:54:41.189 1051 1051 D NetworkSecurityConfig: No Network Security Config specified, using platform default
01-04 15:54:41.241 1051 1051 I AlarmClock: AlarmInitReceiver android.intent.action.LOCKED_BOOT_COMPLETED
01-04 15:54:41.248 535 535 I sysui_multi_action: [757,1501,758,1,793,254,794,0,795,254,796,26,806,android,857,DEVELOPER_IMPORTANT,858,4,947,0,1500,0]
01-04 15:54:41.249 535 535 I sysui_multi_action: [757,804,799,note_interruptive,801,0,802,1]
01-04 15:54:41.251 535 535 I sysui_multi_action: [757,1501,758,1,793,257,794,0,795,257,796,26,806,android,857,DEVELOPER_IMPORTANT,858,4,947,0,1500,0,1688,1]
01-04 15:54:41.252 535 535 I sysui_multi_action: [757,804,799,note_interruptive,801,0,802,1]
01-04 15:54:41.252 535 535 I sysui_multi_action: [757,199,758,1,759,2,793,258,794,0,795,258,796,26,806,android,857,DEVELOPER_IMPORTANT,858,4,947,0,1500,1,1688,1]
01-04 15:54:41.253 535 535 I notification_alert: [-1|android|26|null|1000,0,1,0]
01-04 15:54:41.254 535 535 W NotificationHistory: Attempted to add notif for locked/gone/disabled user 0
01-04 15:54:41.258 535 535 I sysui_multi_action: [757,1501,758,1,793,222,794,0,795,222,796,55,806,android,857,DEVELOPER,858,2,947,0,1500,0]
01-04 15:54:41.258 1051 1082 I AlarmClock: Fixing alarm instances
01-04 15:54:41.258 535 535 I sysui_multi_action: [757,804,799,note_interruptive,801,0,802,1]
01-04 15:54:41.260 535 535 W NotificationHistory: Attempted to add notif for locked/gone/disabled user 0
01-04 15:54:41.269 535 828 I chatty : uid=1000(system) Binder:535_9 expire 2 lines
01-04 15:54:41.273 672 672 D InterruptionStateProvider: No bubble up: not allowed to bubble: -1|android|26|null|1000
01-04 15:54:41.277 672 672 W NotifBindPipeline: Row is not set so pipeline will not run. notif = -1|android|26|null|1000
01-04 15:54:41.290 672 672 D InterruptionStateProvider: No bubble up: not allowed to bubble: -1|android|55|null|1000
01-04 15:54:41.291 672 672 D InterruptionStateProvider: No heads up: unimportant notification: -1|android|55|null|1000
01-04 15:54:41.298 417 417 D NuPlayerDriver: NuPlayerDriver(0xf05c0d30) created, clientPid(672)
01-04 15:54:41.318 417 1089 D GenericSource: FileSource remote
01-04 15:54:41.325 447 665 E Utils : did not find channel-count and/or sample-rate
01-04 15:54:41.326 447 665 E Utils : did not find channel-count and/or sample-rate
01-04 15:54:41.342 1051 1082 V AlarmClock: AlarmInitReceiver finished
01-04 15:54:41.355 837 837 I m.android.phon: The ClassLoaderContext is a special shared library.
01-04 15:54:41.364 837 837 D NetworkSecurityConfig: No Network Security Config specified, using platform default
01-04 15:54:41.365 837 837 W nsconfig: com.android.phone: New config does not match the previously set config.
01-04 15:54:41.365 837 837 D ONSAutoboot: Received android.intent.action.LOCKED_BOOT_COMPLETED
01-04 15:54:41.373 837 837 D ONSNetworkScanCtlr: init called
01-04 15:54:41.383 535 815 D TelephonyRegistry: listen ooscl: hasNotifyOpptSubInfoChangedOccurred==false no callback
01-04 15:54:41.384 837 837 D ONSProfileSelector: ONSProfileSelector init complete
01-04 15:54:41.389 837 837 D ONS : service is enable state true
01-04 15:54:41.402 535 561 I chatty : uid=1000(system) android.bg expire 1 line
01-04 15:54:41.421 672 672 W View : requestLayout() improperly called by android.widget.FrameLayout{bfac1c I.E...... ......I. 0,0-0,0 #7f0a00c4 app:id/big_clock_container} during layout: running second layout pass
01-04 15:54:41.431 535 816 I chatty : uid=1000(system) NDK MediaCodec_ expire 4 lines
01-04 15:54:41.433 459 697 D BufferPoolAccessor2.0: bufferpool2 0xb400f70dbd4657b8 : 0(0 size) total buffers - 0(0 size) used buffers - 5/7 (recycle/alloc) - 2/6 (fetch/transfer)
01-04 15:54:41.434 459 697 D BufferPoolAccessor2.0: evictor expired: 1, evicted: 1
01-04 15:54:41.561 535 561 I am_meminfo: [281481216,602050560,12288,118161408,369638400]
01-04 15:54:41.569 535 561 I am_pss : [976,10117,com.android.launcher3,18208768,7651328,0,113836032,2,5,6]
01-04 15:54:41.579 535 561 I am_pss : [885,10122,android.ext.services,14695424,3985408,0,112971776,2,5,6]
01-04 15:54:41.590 535 561 I am_pss : [862,1000,com.android.settings,32715776,14274560,0,140431360,2,12,8]
01-04 15:54:41.601 535 561 I am_pss : [837,1001,com.android.phone,30692352,15618048,0,143876096,2,0,9]
01-04 15:54:41.626 535 561 I am_pss : [778,1068,com.android.se,13405184,3608576,0,106528768,2,0,7]
01-04 15:54:41.635 535 561 I am_pss : [744,1073,com.android.networkstack.process,19911680,7491584,0,126296064,2,0,7]
01-04 15:54:41.658 535 561 I am_pss : [672,10118,com.android.systemui,95958016,71540736,0,243822592,2,1,17]
01-04 15:54:41.684 535 561 I am_pss : [535,1000,system,135442432,105787392,0,292478976,2,0,17]
01-04 15:54:41.845 417 1086 I GenericSource: start
01-04 15:54:41.856 417 1101 D CCodec : allocate(c2.android.vorbis.decoder)
01-04 15:54:41.866 417 1101 I CCodec : setting up 'default' as default (vendor) store
01-04 15:54:41.868 459 520 V C2Store : in init
01-04 15:54:41.868 459 520 V C2Store : loading dll
01-04 15:54:41.873 672 672 V MediaRouter: Selecting route: RouteInfo{ name=Tablet, description=null, status=null, category=RouteCategory{ name=System types=ROUTE_TYPE_LIVE_AUDIO ROUTE_TYPE_LIVE_VIDEO groupable=false }, supportedTypes=ROUTE_TYPE_LIVE_AUDIO ROUTE_TYPE_LIVE_VIDEO , presentationDisplay=null }
01-04 15:54:41.875 417 1101 I CCodec : Created component [c2.android.vorbis.decoder]
01-04 15:54:41.875 417 1101 D CCodecConfig: read media type: audio/vorbis
01-04 15:54:41.877 417 1101 D ReflectedParamUpdater: extent() != 1 for single value type: algo.buffers.max-count.values
01-04 15:54:41.878 417 1101 D ReflectedParamUpdater: extent() != 1 for single value type: output.subscribed-indices.values
01-04 15:54:41.878 417 1101 D ReflectedParamUpdater: extent() != 1 for single value type: input.buffers.allocator-ids.values
01-04 15:54:41.878 417 1101 D ReflectedParamUpdater: extent() != 1 for single value type: output.buffers.allocator-ids.values
01-04 15:54:41.878 417 1101 D ReflectedParamUpdater: extent() != 1 for single value type: algo.buffers.allocator-ids.values
01-04 15:54:41.879 417 1101 D ReflectedParamUpdater: extent() != 1 for single value type: output.buffers.pool-ids.values
01-04 15:54:41.879 417 1101 D ReflectedParamUpdater: extent() != 1 for single value type: algo.buffers.pool-ids.values
01-04 15:54:41.881 417 1101 I CCodecConfig: query failed after returning 7 values (BAD_INDEX)
01-04 15:54:41.881 417 1101 D CCodecConfig: c2 config diff is Dict {
01-04 15:54:41.881 417 1101 D CCodecConfig: c2::u32 coded.bitrate.value = 64000
01-04 15:54:41.881 417 1101 D CCodecConfig: c2::u32 input.buffers.max-size.value = 32768
01-04 15:54:41.881 417 1101 D CCodecConfig: c2::u32 input.delay.value = 0
01-04 15:54:41.881 417 1101 D CCodecConfig: string input.media-type.value = "audio/vorbis"
01-04 15:54:41.881 417 1101 D CCodecConfig: string output.media-type.value = "audio/raw"
01-04 15:54:41.881 417 1101 D CCodecConfig: c2::u32 raw.channel-count.value = 1
01-04 15:54:41.881 417 1101 D CCodecConfig: c2::u32 raw.sample-rate.value = 48000
01-04 15:54:41.881 417 1101 D CCodecConfig: }
01-04 15:54:41.884 417 1101 D CCodec : [c2.android.vorbis.decoder] buffers are bound to CCodec for this session
01-04 15:54:41.884 417 1101 D CCodecConfig: no c2 equivalents for durationUs
01-04 15:54:41.884 417 1101 D CCodecConfig: no c2 equivalents for csd-1
01-04 15:54:41.884 417 1101 D CCodecConfig: no c2 equivalents for channel-mask
01-04 15:54:41.884 417 1101 D CCodecConfig: no c2 equivalents for streaming
01-04 15:54:41.884 417 1101 D CCodecConfig: no c2 equivalents for flags
01-04 15:54:41.885 417 1101 D CCodecConfig: c2 config diff is c2::u32 coded.bitrate.value = 70000
01-04 15:54:41.889 417 1101 W Codec2Client: query -- param skipped: index = 1107298332.
01-04 15:54:41.890 417 1101 D CCodec : setup formats input: AMessage(what = 0x00000000) = {
01-04 15:54:41.890 417 1101 D CCodec : int32_t bitrate = 70000
01-04 15:54:41.890 417 1101 D CCodec : int32_t channel-count = 1
01-04 15:54:41.890 417 1101 D CCodec : int32_t max-input-size = 32768
01-04 15:54:41.890 417 1101 D CCodec : string mime = "audio/vorbis"
01-04 15:54:41.890 417 1101 D CCodec : int32_t sample-rate = 48000
01-04 15:54:41.890 417 1101 D CCodec : } and output: AMessage(what = 0x00000000) = {
01-04 15:54:41.890 417 1101 D CCodec : int32_t bitrate = 70000
01-04 15:54:41.890 417 1101 D CCodec : int32_t channel-count = 1
01-04 15:54:41.890 417 1101 D CCodec : string mime = "audio/raw"
01-04 15:54:41.890 417 1101 D CCodec : int32_t sample-rate = 48000
01-04 15:54:41.890 417 1101 D CCodec : int32_t channel-mask = 1
01-04 15:54:41.890 417 1101 D CCodec : }
01-04 15:54:41.890 417 1101 I MediaCodec: MediaCodec will operate in async mode
01-04 15:54:41.891 417 1101 W Codec2Client: query -- param skipped: index = 1342179345.
01-04 15:54:41.891 417 1101 W Codec2Client: query -- param skipped: index = 2415921170.
01-04 15:54:41.893 417 1101 E FMQ : grantorIdx must be less than 3
01-04 15:54:41.893 417 1101 E FMQ : grantorIdx must be less than 3
01-04 15:54:41.893 417 1101 D CCodecBufferChannel: [c2.android.vorbis.decoder#823] Created input block pool with allocatorID 16 => poolID 17 - OK (0)
01-04 15:54:41.895 459 520 E FMQ : grantorIdx must be less than 3
01-04 15:54:41.895 459 520 E FMQ : grantorIdx must be less than 3
01-04 15:54:41.896 535 559 I chatty : uid=1000(system) HwBinder:535_1 expire 2 lines
01-04 15:54:41.896 535 825 I chatty : uid=1000(system) HwBinder:535_4 expire 3 lines
01-04 15:54:41.896 535 634 I chatty : uid=1000(system) HwBinder:535_2 expire 2 lines
01-04 15:54:41.896 535 817 I chatty : uid=1000(system) HwBinder:535_3 expire 2 lines
01-04 15:54:41.897 417 1101 I CCodecBufferChannel: [c2.android.vorbis.decoder#823] Created output block pool with allocatorID 16 => poolID 26 - OK
01-04 15:54:41.898 417 1101 D CCodecBufferChannel: [c2.android.vorbis.decoder#823] Configured output block pool ids 26 => OK
01-04 15:54:41.900 417 1101 E ion : ioctl c0044901 failed with code -1: Inappropriate ioctl for device
01-04 15:54:41.915 459 1105 D SimpleC2Component: Using output block pool with poolID 26 => got 26 - 0
01-04 15:54:41.921 417 1101 E FMQ : grantorIdx must be less than 3
01-04 15:54:41.923 459 520 E FMQ : grantorIdx must be less than 3
01-04 15:54:41.932 459 1105 E FMQ : grantorIdx must be less than 3
01-04 15:54:41.933 417 1088 E FMQ : grantorIdx must be less than 3
01-04 15:54:41.936 417 1101 D CCodecBuffers: [c2.android.vorbis.decoder#823:Output[N]] popFromStashAndRegister: output format changed to AMessage(what = 0x00000000) = {
01-04 15:54:41.936 417 1101 D CCodecBuffers: int32_t bitrate = 70000
01-04 15:54:41.936 417 1101 D CCodecBuffers: int32_t channel-count = 1
01-04 15:54:41.936 417 1101 D CCodecBuffers: string mime = "audio/raw"
01-04 15:54:41.936 417 1101 D CCodecBuffers: int32_t sample-rate = 48000
01-04 15:54:41.936 417 1101 D CCodecBuffers: int32_t channel-mask = 1
01-04 15:54:41.936 417 1101 D CCodecBuffers: }
01-04 15:54:41.947 391 834 D AudioFlinger: Client defaulted notificationFrames to 12000 for frameCount 24000
01-04 15:54:41.951 391 834 D AF::TrackHandle: OpPlayAudio: track:55 usage:5 not muted
01-04 15:54:41.966 358 395 E FMQ : grantorIdx must be less than 3
01-04 15:54:41.967 358 395 E FMQ : grantorIdx must be less than 3
01-04 15:54:41.968 391 516 E FMQ : grantorIdx must be less than 3
01-04 15:54:41.969 391 516 E FMQ : grantorIdx must be less than 3
01-04 15:54:41.970 358 1107 I audio_hw_primary: start_output_stream: primary: 1, out: 0xeb245ce0, device: 2, address: , mode: 0, flags 0x2
01-04 15:54:41.970 358 1107 I audio_hw_primary: select_output_device(), headphone 0 ,headset 0 ,speaker 2
01-04 15:54:41.970 358 1107 D audio_hw_primary: start_output_stream: pcm_open: card: 0, pcm_device_id: 0, rate: 48000, channel: 2, format: 0, period_size: 0xc0, flag: 9
01-04 15:54:42.031 535 552 V PackageManager: reconcileAppsData finished 167 packages
01-04 15:54:42.032 535 552 I ActivityManager: User 0 state changed from RUNNING_LOCKED to RUNNING_UNLOCKING
01-04 15:54:42.032 535 552 I am_user_state_changed: [0,2]
01-04 15:54:42.034 535 552 D ActivityManager: Unlocking user 0 progress 20
01-04 15:54:42.035 535 562 I SystemServerTimingAsync: ssm.UnlockingUser-0
01-04 15:54:42.035 535 562 I SystemServiceManager: Calling onUnlockingUser 0
01-04 15:54:42.035 535 562 I SystemServerTimingAsync: ssm.onUnlockingUser-0_com.android.server.security.FileIntegrityService
01-04 15:54:42.036 535 562 D SystemServerTimingAsync: ssm.onUnlockingUser-0_com.android.server.security.FileIntegrityService took to complete: 0ms
01-04 15:54:42.036 535 562 I SystemServerTimingAsync: ssm.onUnlockingUser-0_com.android.server.pm.Installer
01-04 15:54:42.036 535 562 D SystemServerTimingAsync: ssm.onUnlockingUser-0_com.android.server.pm.Installer took to complete: 0ms
01-04 15:54:42.036 535 562 I SystemServerTimingAsync: ssm.onUnlockingUser-0_com.android.server.os.DeviceIdentifiersPolicyService
01-04 15:54:42.036 535 562 D SystemServerTimingAsync: ssm.onUnlockingUser-0_com.android.server.os.DeviceIdentifiersPolicyService took to complete: 0ms
01-04 15:54:42.036 535 562 I SystemServerTimingAsync: ssm.onUnlockingUser-0_com.android.server.uri.UriGrantsManagerService$Lifecycle
01-04 15:54:42.036 535 562 D SystemServerTimingAsync: ssm.onUnlockingUser-0_com.android.server.uri.UriGrantsManagerService$Lifecycle took to complete: 0ms
01-04 15:54:42.036 535 562 I SystemServerTimingAsync: ssm.onUnlockingUser-0_com.android.server.wm.ActivityTaskManagerService$Lifecycle
01-04 15:54:42.037 535 552 W Looper : Slow dispatch took 989ms android.fg h=android.os.Handler c=com.android.server.am.-$$Lambda$UserController$stQk1028ON105v_u-VMykVjcxLk@5077cb0 m=0
01-04 15:54:42.038 417 1099 D AudioTrack: getTimestamp_l(8): device stall time corrected using current time 23376413875
01-04 15:54:42.038 535 562 I LaunchParamsPersister: Didn't find launch param folder for user 0
01-04 15:54:42.039 535 562 D SystemServerTimingAsync: ssm.onUnlockingUser-0_com.android.server.wm.ActivityTaskManagerService$Lifecycle took to complete: 3ms
01-04 15:54:42.039 535 562 I SystemServerTimingAsync: ssm.onUnlockingUser-0_com.android.server.am.ActivityManagerService$Lifecycle
01-04 15:54:42.039 535 562 D SystemServerTimingAsync: ssm.onUnlockingUser-0_com.android.server.am.ActivityManagerService$Lifecycle took to complete: 0ms
01-04 15:54:42.039 535 562 I SystemServerTimingAsync: ssm.onUnlockingUser-0_com.android.server.pm.DataLoaderManagerService
01-04 15:54:42.039 535 562 D SystemServerTimingAsync: ssm.onUnlockingUser-0_com.android.server.pm.DataLoaderManagerService took to complete: 0ms
01-04 15:54:42.039 535 562 I SystemServerTimingAsync: ssm.onUnlockingUser-0_com.android.server.power.PowerManagerService
01-04 15:54:42.039 535 562 D SystemServerTimingAsync: ssm.onUnlockingUser-0_com.android.server.power.PowerManagerService took to complete: 0ms
01-04 15:54:42.039 535 562 I SystemServerTimingAsync: ssm.onUnlockingUser-0_com.android.server.power.ThermalManagerService
01-04 15:54:42.039 535 562 D SystemServerTimingAsync: ssm.onUnlockingUser-0_com.android.server.power.ThermalManagerService took to complete: 0ms
01-04 15:54:42.039 535 562 I SystemServerTimingAsync: ssm.onUnlockingUser-0_com.android.server.recoverysystem.RecoverySystemService$Lifecycle
01-04 15:54:42.039 535 562 D SystemServerTimingAsync: ssm.onUnlockingUser-0_com.android.server.recoverysystem.RecoverySystemService$Lifecycle took to complete: 0ms
01-04 15:54:42.039 535 562 I SystemServerTimingAsync: ssm.onUnlockingUser-0_com.android.server.lights.LightsService
01-04 15:54:42.039 535 562 D SystemServerTimingAsync: ssm.onUnlockingUser-0_com.android.server.lights.LightsService took to complete: 0ms
01-04 15:54:42.039 535 562 I SystemServerTimingAsync: ssm.onUnlockingUser-0_com.android.server.display.DisplayManagerService
01-04 15:54:42.039 535 562 D SystemServerTimingAsync: ssm.onUnlockingUser-0_com.android.server.display.DisplayManagerService took to complete: 0ms
01-04 15:54:42.039 535 562 I SystemServerTimingAsync: ssm.onUnlockingUser-0_com.android.server.pm.UserManagerService$LifeCycle
01-04 15:54:42.039 535 562 D SystemServerTimingAsync: ssm.onUnlockingUser-0_com.android.server.pm.UserManagerService$LifeCycle took to complete: 0ms
01-04 15:54:42.039 535 562 I SystemServerTimingAsync: ssm.onUnlockingUser-0_com.android.server.om.OverlayManagerService
01-04 15:54:42.039 535 562 D SystemServerTimingAsync: ssm.onUnlockingUser-0_com.android.server.om.OverlayManagerService took to complete: 0ms
01-04 15:54:42.039 535 562 I SystemServerTimingAsync: ssm.onUnlockingUser-0_com.android.server.SensorPrivacyService
01-04 15:54:42.039 535 562 D SystemServerTimingAsync: ssm.onUnlockingUser-0_com.android.server.SensorPrivacyService took to complete: 0ms
01-04 15:54:42.039 535 562 I SystemServerTimingAsync: ssm.onUnlockingUser-0_com.android.server.SystemConfigService
01-04 15:54:42.039 535 562 D SystemServerTimingAsync: ssm.onUnlockingUser-0_com.android.server.SystemConfigService took to complete: 0ms
01-04 15:54:42.039 535 562 I SystemServerTimingAsync: ssm.onUnlockingUser-0_com.android.server.BatteryService
01-04 15:54:42.039 535 562 D SystemServerTimingAsync: ssm.onUnlockingUser-0_com.android.server.BatteryService took to complete: 0ms
01-04 15:54:42.039 535 562 I SystemServerTimingAsync: ssm.onUnlockingUser-0_com.android.server.usage.UsageStatsService
01-04 15:54:42.039 535 562 D SystemServerTimingAsync: ssm.onUnlockingUser-0_com.android.server.usage.UsageStatsService took to complete: 1ms
01-04 15:54:42.043 535 562 I SystemServerTimingAsync: ssm.onUnlockingUser-0_com.android.server.webkit.WebViewUpdateService
01-04 15:54:42.043 535 562 D SystemServerTimingAsync: ssm.onUnlockingUser-0_com.android.server.webkit.WebViewUpdateService took to complete: 0ms
01-04 15:54:42.043 535 562 I SystemServerTimingAsync: ssm.onUnlockingUser-0_com.android.server.CachedDeviceStateService
01-04 15:54:42.043 535 562 D SystemServerTimingAsync: ssm.onUnlockingUser-0_com.android.server.CachedDeviceStateService took to complete: 0ms
01-04 15:54:42.043 535 562 I SystemServerTimingAsync: ssm.onUnlockingUser-0_com.android.server.BinderCallsStatsService$LifeCycle
01-04 15:54:42.043 535 562 D SystemServerTimingAsync: ssm.onUnlockingUser-0_com.android.server.BinderCallsStatsService$LifeCycle took to complete: 0ms
01-04 15:54:42.043 535 562 I SystemServerTimingAsync: ssm.onUnlockingUser-0_com.android.server.LooperStatsService$Lifecycle
01-04 15:54:42.043 535 562 D SystemServerTimingAsync: ssm.onUnlockingUser-0_com.android.server.LooperStatsService$Lifecycle took to complete: 0ms
01-04 15:54:42.043 535 562 I SystemServerTimingAsync: ssm.onUnlockingUser-0_com.android.server.rollback.RollbackManagerService
01-04 15:54:42.044 535 562 D SystemServerTimingAsync: ssm.onUnlockingUser-0_com.android.server.rollback.RollbackManagerService took to complete: 1ms
01-04 15:54:42.044 535 562 I SystemServerTimingAsync: ssm.onUnlockingUser-0_com.android.server.os.BugreportManagerService
01-04 15:54:42.044 535 562 D SystemServerTimingAsync: ssm.onUnlockingUser-0_com.android.server.os.BugreportManagerService took to complete: 0ms
01-04 15:54:42.044 535 562 I SystemServerTimingAsync: ssm.onUnlockingUser-0_com.android.server.gpu.GpuService
01-04 15:54:42.044 535 562 D SystemServerTimingAsync: ssm.onUnlockingUser-0_com.android.server.gpu.GpuService took to complete: 0ms
01-04 15:54:42.044 535 562 I SystemServerTimingAsync: ssm.onUnlockingUser-0_com.android.server.security.KeyChainSystemService
01-04 15:54:42.044 535 562 D SystemServerTimingAsync: ssm.onUnlockingUser-0_com.android.server.security.KeyChainSystemService took to complete: 0ms
01-04 15:54:42.044 535 562 I SystemServerTimingAsync: ssm.onUnlockingUser-0_com.android.server.telecom.TelecomLoaderService
01-04 15:54:42.044 535 562 D SystemServerTimingAsync: ssm.onUnlockingUser-0_com.android.server.telecom.TelecomLoaderService took to complete: 0ms
01-04 15:54:42.044 535 562 I SystemServerTimingAsync: ssm.onUnlockingUser-0_com.android.server.accounts.AccountManagerService$Lifecycle
01-04 15:54:42.044 535 562 D SystemServerTimingAsync: ssm.onUnlockingUser-0_com.android.server.accounts.AccountManagerService$Lifecycle took to complete: 0ms
01-04 15:54:42.044 535 562 I SystemServerTimingAsync: ssm.onUnlockingUser-0_com.android.server.content.ContentService$Lifecycle
01-04 15:54:42.044 535 562 D SystemServerTimingAsync: ssm.onUnlockingUser-0_com.android.server.content.ContentService$Lifecycle took to complete: 0ms
01-04 15:54:42.044 535 562 I SystemServerTimingAsync: ssm.onUnlockingUser-0_com.android.server.DropBoxManagerService
01-04 15:54:42.044 535 562 D SystemServerTimingAsync: ssm.onUnlockingUser-0_com.android.server.DropBoxManagerService took to complete: 0ms
01-04 15:54:42.044 535 562 I SystemServerTimingAsync: ssm.onUnlockingUser-0_com.android.server.AlarmManagerService
01-04 15:54:42.044 535 562 D SystemServerTimingAsync: ssm.onUnlockingUser-0_com.android.server.AlarmManagerService took to complete: 0ms
01-04 15:54:42.044 535 562 I SystemServerTimingAsync: ssm.onUnlockingUser-0_com.android.server.BluetoothService
01-04 15:54:42.044 535 562 D BluetoothManagerService: User 0 unlocked
01-04 15:54:42.045 535 562 D SystemServerTimingAsync: ssm.onUnlockingUser-0_com.android.server.BluetoothService took to complete: 0ms
01-04 15:54:42.045 535 562 I SystemServerTimingAsync: ssm.onUnlockingUser-0_com.android.server.connectivity.IpConnectivityMetrics
01-04 15:54:42.045 535 562 D SystemServerTimingAsync: ssm.onUnlockingUser-0_com.android.server.connectivity.IpConnectivityMetrics took to complete: 0ms
01-04 15:54:42.045 535 562 I SystemServerTimingAsync: ssm.onUnlockingUser-0_com.android.server.net.watchlist.NetworkWatchlistService$Lifecycle
01-04 15:54:42.045 535 562 D SystemServerTimingAsync: ssm.onUnlockingUser-0_com.android.server.net.watchlist.NetworkWatchlistService$Lifecycle took to complete: 0ms
01-04 15:54:42.045 535 562 I SystemServerTimingAsync: ssm.onUnlockingUser-0_com.android.server.PinnerService
01-04 15:54:42.045 535 562 D SystemServerTimingAsync: ssm.onUnlockingUser-0_com.android.server.PinnerService took to complete: 0ms
01-04 15:54:42.045 535 562 I SystemServerTimingAsync: ssm.onUnlockingUser-0_com.google.android.startop.iorap.IorapForwardingService
01-04 15:54:42.045 535 562 D SystemServerTimingAsync: ssm.onUnlockingUser-0_com.google.android.startop.iorap.IorapForwardingService took to complete: 0ms
01-04 15:54:42.045 535 562 I SystemServerTimingAsync: ssm.onUnlockingUser-0_com.android.server.integrity.AppIntegrityManagerService
01-04 15:54:42.045 535 562 D SystemServerTimingAsync: ssm.onUnlockingUser-0_com.android.server.integrity.AppIntegrityManagerService took to complete: 0ms
01-04 15:54:42.045 535 562 I SystemServerTimingAsync: ssm.onUnlockingUser-0_com.android.server.inputmethod.InputMethodManagerService$Lifecycle
01-04 15:54:42.045 535 552 W Looper : Slow delivery took 1011ms android.fg h=android.os.Handler c=com.android.server.am.-$$Lambda$UserController$G0WJmqt4X_QG30fRlvXobn18mrE@c501aae m=0
01-04 15:54:42.046 535 554 D BluetoothManagerService: MESSAGE_USER_UNLOCKED
01-04 15:54:42.046 535 562 D SystemServerTimingAsync: ssm.onUnlockingUser-0_com.android.server.inputmethod.InputMethodManagerService$Lifecycle took to complete: 1ms
01-04 15:54:42.046 535 562 I SystemServerTimingAsync: ssm.onUnlockingUser-0_com.android.server.accessibility.AccessibilityManagerService$Lifecycle
01-04 15:54:42.046 535 562 D SystemServerTimingAsync: ssm.onUnlockingUser-0_com.android.server.accessibility.AccessibilityManagerService$Lifecycle took to complete: 0ms
01-04 15:54:42.046 535 562 I SystemServerTimingAsync: ssm.onUnlockingUser-0_com.android.server.StorageManagerService$Lifecycle
01-04 15:54:42.047 535 562 D StorageManagerService: onUnlockUser 0
01-04 15:54:42.047 535 562 I StorageSessionController: On user unlock 0
01-04 15:54:42.047 535 562 I StorageSessionController: Initialialising...
01-04 15:54:42.048 0 0 D : Divyesh -< soc-update> Func:snd_soc_component_update_bits,reg: 27, value: 0,mask: 48
01-04 15:54:42.048 0 0 D : Divyesh -< soc-update> Func:snd_soc_component_update_bits,reg: 4, value: 3,mask: 3
01-04 15:54:42.049 0 0 D : Divyesh -< soc-update> Func:snd_soc_component_update_bits,reg: 29, value: 0,mask: 3
01-04 15:54:42.049 0 0 D : Divyesh -< soc-update> Func:snd_soc_component_update_bits,reg: 5, value: 17,mask: 127
01-04 15:54:42.049 0 0 D : Divyesh -< soc-write> Func:snd_soc_component_write,reg: 6, value: 8
01-04 15:54:42.050 0 0 D : Divyesh -< soc-write> Func:snd_soc_component_write,reg: 7, value: 7
01-04 15:54:42.052 0 0 D : Divyesh -< soc-write> Func:snd_soc_component_write,reg: 8, value: 128
01-04 15:54:42.053 0 0 D : Divyesh -< soc-update> Func:snd_soc_component_update_bits,reg: 11, value: 8,mask: 127
01-04 15:54:42.054 0 0 D : Divyesh -< soc-update> Func:snd_soc_component_update_bits,reg: 12, value: 2,mask: 127
01-04 15:54:42.055 0 0 D : Divyesh -< soc-write> Func:snd_soc_component_write,reg: 13, value: 0
01-04 15:54:42.056 0 0 D : Divyesh -< soc-write> Func:snd_soc_component_write,reg: 14, value: 128
01-04 15:54:42.058 0 0 D : Divyesh -< soc-update> Func:snd_soc_component_update_bits,reg: 18, value: 8,mask: 127
01-04 15:54:42.059 0 0 D : Divyesh -< soc-update> Func:snd_soc_component_update_bits,reg: 19, value: 2,mask: 127
01-04 15:54:42.060 0 0 D : Divyesh -< soc-write> Func:snd_soc_component_write,reg: 20, value: 128
01-04 15:54:42.061 0 0 D : Divyesh -< soc-update> Func:snd_soc_component_update_bits,reg: 30, value: 8,mask: 127
01-04 15:54:42.063 0 0 D : Divyesh -< soc-update> Func:snd_soc_component_update_bits,reg: 64, value: 0,mask: 12
01-04 15:54:42.071 238 333 I vold : onUserStarted: 0
01-04 15:54:42.072 535 591 V StorageManagerService: Found primary storage at VolumeInfo{emulated;0}:
01-04 15:54:42.072 535 591 V StorageManagerService: type=EMULATED diskId=null partGuid= mountFlags=0 mountUserId=0
01-04 15:54:42.072 535 591 V StorageManagerService: state=UNMOUNTED
01-04 15:54:42.072 535 591 V StorageManagerService: fsType=null fsUuid=null fsLabel=null
01-04 15:54:42.072 535 591 V StorageManagerService: path=null internalPath=null
01-04 15:54:42.073 535 608 I StorageManagerService: Mounting volume VolumeInfo{emulated;0}:
01-04 15:54:42.073 535 608 I StorageManagerService: type=EMULATED diskId=null partGuid= mountFlags=PRIMARY|VISIBLE
01-04 15:54:42.073 535 608 I StorageManagerService: mountUserId=0 state=UNMOUNTED
01-04 15:54:42.073 535 608 I StorageManagerService: fsType=null fsUuid=null fsLabel=null
01-04 15:54:42.073 535 608 I StorageManagerService: path=null internalPath=null
01-04 15:54:42.074 238 333 I vold : Mounting emulated fuse volume
01-04 15:54:42.082 535 552 W Looper : Drained
01-04 15:54:42.086 535 562 D SystemServerTimingAsync: ssm.onUnlockingUser-0_com.android.server.StorageManagerService$Lifecycle took to complete: 39ms
01-04 15:54:42.086 535 562 I SystemServerTimingAsync: ssm.onUnlockingUser-0_com.android.server.usage.StorageStatsService$Lifecycle
01-04 15:54:42.086 535 562 D SystemServerTimingAsync: ssm.onUnlockingUser-0_com.android.server.usage.StorageStatsService$Lifecycle took to complete: 0ms
01-04 15:54:42.086 535 562 I SystemServerTimingAsync: ssm.onUnlockingUser-0_com.android.server.UiModeManagerService
01-04 15:54:42.086 535 562 D SystemServerTimingAsync: ssm.onUnlockingUser-0_com.android.server.UiModeManagerService took to complete: 0ms
01-04 15:54:42.086 535 562 I SystemServerTimingAsync: ssm.onUnlockingUser-0_com.android.server.locksettings.LockSettingsService$Lifecycle
01-04 15:54:42.086 535 562 D SystemServerTimingAsync: ssm.onUnlockingUser-0_com.android.server.locksettings.LockSettingsService$Lifecycle took to complete: 0ms
01-04 15:54:42.086 535 562 I SystemServerTimingAsync: ssm.onUnlockingUser-0_com.android.server.PersistentDataBlockService
01-04 15:54:42.086 535 562 D SystemServerTimingAsync: ssm.onUnlockingUser-0_com.android.server.PersistentDataBlockService took to complete: 0ms
01-04 15:54:42.086 535 562 I SystemServerTimingAsync: ssm.onUnlockingUser-0_com.android.server.testharness.TestHarnessModeService
01-04 15:54:42.087 535 562 D SystemServerTimingAsync: ssm.onUnlockingUser-0_com.android.server.testharness.TestHarnessModeService took to complete: 0ms
01-04 15:54:42.087 535 562 I SystemServerTimingAsync: ssm.onUnlockingUser-0_com.android.server.oemlock.OemLockService
01-04 15:54:42.087 535 562 D SystemServerTimingAsync: ssm.onUnlockingUser-0_com.android.server.oemlock.OemLockService took to complete: 0ms
01-04 15:54:42.087 535 562 I SystemServerTimingAsync: ssm.onUnlockingUser-0_com.android.server.DeviceIdleController
01-04 15:54:42.087 535 562 D SystemServerTimingAsync: ssm.onUnlockingUser-0_com.android.server.DeviceIdleController took to complete: 0ms
01-04 15:54:42.087 535 562 I SystemServerTimingAsync: ssm.onUnlockingUser-0_com.android.server.devicepolicy.DevicePolicyManagerService$Lifecycle
01-04 15:54:42.087 535 562 D SystemServerTimingAsync: ssm.onUnlockingUser-0_com.android.server.devicepolicy.DevicePolicyManagerService$Lifecycle took to complete: 0ms
01-04 15:54:42.087 535 562 I SystemServerTimingAsync: ssm.onUnlockingUser-0_com.android.server.textservices.TextServicesManagerService$Lifecycle
01-04 15:54:42.093 535 562 D SystemServerTimingAsync: ssm.onUnlockingUser-0_com.android.server.textservices.TextServicesManagerService$Lifecycle took to complete: 6ms
01-04 15:54:42.093 535 562 I SystemServerTimingAsync: ssm.onUnlockingUser-0_com.android.server.textclassifier.TextClassificationManagerService$Lifecycle
01-04 15:54:42.093 535 562 D SystemServerTimingAsync: ssm.onUnlockingUser-0_com.android.server.textclassifier.TextClassificationManagerService$Lifecycle took to complete: 0ms
01-04 15:54:42.093 535 562 I SystemServerTimingAsync: ssm.onUnlockingUser-0_com.android.server.NetworkScoreService$Lifecycle
01-04 15:54:42.094 535 562 D SystemServerTimingAsync: ssm.onUnlockingUser-0_com.android.server.NetworkScoreService$Lifecycle took to complete: 0ms
01-04 15:54:42.094 535 562 I SystemServerTimingAsync: ssm.onUnlockingUser-0_com.android.server.wifi.WifiService
01-04 15:54:42.094 535 562 I chatty : uid=1000(system) ActivityManager expire 5 lines
01-04 15:54:42.100 535 562 D SystemServerTimingAsync: ssm.onUnlockingUser-0_com.android.server.wifi.WifiService took to complete: 6ms
01-04 15:54:42.100 535 562 I SystemServerTimingAsync: ssm.onUnlockingUser-0_com.android.server.wifi.scanner.WifiScanningService
01-04 15:54:42.100 535 562 D SystemServerTimingAsync: ssm.onUnlockingUser-0_com.android.server.wifi.scanner.WifiScanningService took to complete: 0ms
01-04 15:54:42.100 535 562 I SystemServerTimingAsync: ssm.onUnlockingUser-0_com.android.server.wifi.p2p.WifiP2pService
01-04 15:54:42.100 535 562 D SystemServerTimingAsync: ssm.onUnlockingUser-0_com.android.server.wifi.p2p.WifiP2pService took to complete: 0ms
01-04 15:54:42.101 535 562 I SystemServerTimingAsync: ssm.onUnlockingUser-0_com.android.server.ethernet.EthernetService
01-04 15:54:42.101 535 562 D SystemServerTimingAsync: ssm.onUnlockingUser-0_com.android.server.ethernet.EthernetService took to complete: 0ms
01-04 15:54:42.101 535 562 I SystemServerTimingAsync: ssm.onUnlockingUser-0_com.android.server.notification.NotificationManagerService
01-04 15:54:42.101 535 562 D SystemServerTimingAsync: ssm.onUnlockingUser-0_com.android.server.notification.NotificationManagerService took to complete: 0ms
01-04 15:54:42.101 535 562 I SystemServerTimingAsync: ssm.onUnlockingUser-0_com.android.server.storage.DeviceStorageMonitorService
01-04 15:54:42.101 535 562 D SystemServerTimingAsync: ssm.onUnlockingUser-0_com.android.server.storage.DeviceStorageMonitorService took to complete: 0ms
01-04 15:54:42.101 535 562 I SystemServerTimingAsync: ssm.onUnlockingUser-0_com.android.server.location.LocationManagerService$Lifecycle
01-04 15:54:42.101 535 562 D SystemServerTimingAsync: ssm.onUnlockingUser-0_com.android.server.location.LocationManagerService$Lifecycle took to complete: 0ms
01-04 15:54:42.101 535 562 I SystemServerTimingAsync: ssm.onUnlockingUser-0_com.android.server.timedetector.TimeDetectorService$Lifecycle
01-04 15:54:42.101 535 562 D SystemServerTimingAsync: ssm.onUnlockingUser-0_com.android.server.timedetector.TimeDetectorService$Lifecycle took to complete: 0ms
01-04 15:54:42.101 535 562 I SystemServerTimingAsync: ssm.onUnlockingUser-0_com.android.server.timezonedetector.TimeZoneDetectorService$Lifecycle
01-04 15:54:42.101 535 562 D SystemServerTimingAsync: ssm.onUnlockingUser-0_com.android.server.timezonedetector.TimeZoneDetectorService$Lifecycle took to complete: 0ms
01-04 15:54:42.101 535 562 I SystemServerTimingAsync: ssm.onUnlockingUser-0_com.android.server.search.SearchManagerService$Lifecycle
01-04 15:54:42.101 535 562 D SystemServerTimingAsync: ssm.onUnlockingUser-0_com.android.server.search.SearchManagerService$Lifecycle took to complete: 1ms
01-04 15:54:42.102 535 562 I SystemServerTimingAsync: ssm.onUnlockingUser-0_com.android.server.wallpaper.WallpaperManagerService$Lifecycle
01-04 15:54:42.102 535 562 I WallpaperManagerService: on-unlock-user-0
01-04 15:54:42.102 535 562 D WallpaperManagerService: on-unlock-user-0 took to complete: 0ms
01-04 15:54:42.102 535 562 D SystemServerTimingAsync: ssm.onUnlockingUser-0_com.android.server.wallpaper.WallpaperManagerService$Lifecycle took to complete: 0ms
01-04 15:54:42.102 535 562 I SystemServerTimingAsync: ssm.onUnlockingUser-0_com.android.server.audio.AudioService$Lifecycle
01-04 15:54:42.102 535 562 D SystemServerTimingAsync: ssm.onUnlockingUser-0_com.android.server.audio.AudioService$Lifecycle took to complete: 0ms
01-04 15:54:42.102 535 562 I SystemServerTimingAsync: ssm.onUnlockingUser-0_com.android.server.soundtrigger_middleware.SoundTriggerMiddlewareService$Lifecycle
01-04 15:54:42.102 535 562 D SystemServerTimingAsync: ssm.onUnlockingUser-0_com.android.server.soundtrigger_middleware.SoundTriggerMiddlewareService$Lifecycle took to complete: 0ms
01-04 15:54:42.102 535 562 I SystemServerTimingAsync: ssm.onUnlockingUser-0_com.android.server.DockObserver
01-04 15:54:42.102 535 562 D SystemServerTimingAsync: ssm.onUnlockingUser-0_com.android.server.DockObserver took to complete: 0ms
01-04 15:54:42.102 535 562 I SystemServerTimingAsync: ssm.onUnlockingUser-0_com.android.server.midi.MidiService$Lifecycle
01-04 15:54:42.104 535 562 D SystemServerTimingAsync: ssm.onUnlockingUser-0_com.android.server.midi.MidiService$Lifecycle took to complete: 2ms
01-04 15:54:42.104 535 562 I SystemServerTimingAsync: ssm.onUnlockingUser-0_com.android.server.adb.AdbService$Lifecycle
01-04 15:54:42.104 535 562 D SystemServerTimingAsync: ssm.onUnlockingUser-0_com.android.server.adb.AdbService$Lifecycle took to complete: 0ms
01-04 15:54:42.105 535 562 I SystemServerTimingAsync: ssm.onUnlockingUser-0_com.android.server.usb.UsbService$Lifecycle
01-04 15:54:42.107 238 333 I vold : Bind mounting /data/media to /mnt/pass_through/0/emulated
01-04 15:54:42.110 535 608 I StorageSessionController: On volume mount VolumeInfo{emulated;0}:
01-04 15:54:42.110 535 608 I StorageSessionController: type=EMULATED diskId=null partGuid= mountFlags=PRIMARY|VISIBLE
01-04 15:54:42.110 535 608 I StorageSessionController: mountUserId=0 state=CHECKING
01-04 15:54:42.110 535 608 I StorageSessionController: fsType=null fsUuid=null fsLabel=null
01-04 15:54:42.110 535 608 I StorageSessionController: path=/storage/emulated internalPath=/data/media
01-04 15:54:42.110 535 608 I StorageSessionController: Creating connection for user: 0
01-04 15:54:42.110 535 608 I StorageSessionController: Creating and starting session with id: emulated;0
01-04 15:54:42.110 535 608 I StorageUserConnection: Binding to the ExternalStorageService for user 0
01-04 15:54:42.112 535 608 I am_uid_running: 10123
01-04 15:54:42.114 535 608 D CompatibilityChangeReporter: Compat change id reported: 135634846; UID 10123; state: DISABLED
01-04 15:54:42.115 535 608 D CompatibilityChangeReporter: Compat change id reported: 135754954; UID 10123; state: ENABLED
01-04 15:54:42.116 535 563 D CompatibilityChangeReporter: Compat change id reported: 143937733; UID 10123; state: ENABLED
01-04 15:54:42.120 535 535 I NotificationHistory: Attempted to unlock gone/disabled user 0
01-04 15:54:42.123 0 0 D apexd : destroyCeSnapshotsNotSpecified() received by ApexService.
01-04 15:54:42.124 535 608 I StorageUserConnection: Bound to the ExternalStorageService for user 0
01-04 15:54:42.129 535 562 D SystemServerTimingAsync: ssm.onUnlockingUser-0_com.android.server.usb.UsbService$Lifecycle took to complete: 24ms
01-04 15:54:42.129 535 562 I SystemServerTimingAsync: ssm.onUnlockingUser-0_com.android.server.twilight.TwilightService
01-04 15:54:42.129 535 562 D SystemServerTimingAsync: ssm.onUnlockingUser-0_com.android.server.twilight.TwilightService took to complete: 0ms
01-04 15:54:42.129 535 562 I SystemServerTimingAsync: ssm.onUnlockingUser-0_com.android.server.display.color.ColorDisplayService
01-04 15:54:42.129 535 562 D SystemServerTimingAsync: ssm.onUnlockingUser-0_com.android.server.display.color.ColorDisplayService took to complete: 0ms
01-04 15:54:42.129 535 562 I SystemServerTimingAsync: ssm.onUnlockingUser-0_com.android.server.job.JobSchedulerService
01-04 15:54:42.130 535 562 D SystemServerTimingAsync: ssm.onUnlockingUser-0_com.android.server.job.JobSchedulerService took to complete: 1ms
01-04 15:54:42.130 535 562 I SystemServerTimingAsync: ssm.onUnlockingUser-0_com.android.server.soundtrigger.SoundTriggerService
01-04 15:54:42.130 535 562 D SystemServerTimingAsync: ssm.onUnlockingUser-0_com.android.server.soundtrigger.SoundTriggerService took to complete: 0ms
01-04 15:54:42.130 535 562 I SystemServerTimingAsync: ssm.onUnlockingUser-0_com.android.server.trust.TrustManagerService
01-04 15:54:42.130 535 562 D SystemServerTimingAsync: ssm.onUnlockingUser-0_com.android.server.trust.TrustManagerService took to complete: 0ms
01-04 15:54:42.130 535 562 I SystemServerTimingAsync: ssm.onUnlockingUser-0_com.android.server.backup.BackupManagerService$Lifecycle
01-04 15:54:42.130 535 562 D SystemServerTimingAsync: ssm.onUnlockingUser-0_com.android.server.backup.BackupManagerService$Lifecycle took to complete: 0ms
01-04 15:54:42.131 535 562 I SystemServerTimingAsync: ssm.onUnlockingUser-0_com.android.server.appwidget.AppWidgetService
01-04 15:54:42.132 535 562 D SystemServerTimingAsync: ssm.onUnlockingUser-0_com.android.server.appwidget.AppWidgetService took to complete: 0ms
01-04 15:54:42.132 535 562 I SystemServerTimingAsync: ssm.onUnlockingUser-0_com.android.server.role.RoleManagerService
01-04 15:54:42.132 535 562 D SystemServerTimingAsync: ssm.onUnlockingUser-0_com.android.server.role.RoleManagerService took to complete: 0ms
01-04 15:54:42.132 535 562 I SystemServerTimingAsync: ssm.onUnlockingUser-0_com.android.server.voiceinteraction.VoiceInteractionManagerService
01-04 15:54:42.134 535 562 W VoiceInteractionManager: no available voice recognition services found for user 0
01-04 15:54:42.135 535 562 D SystemServerTimingAsync: ssm.onUnlockingUser-0_com.android.server.voiceinteraction.VoiceInteractionManagerService took to complete: 3ms
01-04 15:54:42.135 535 562 I SystemServerTimingAsync: ssm.onUnlockingUser-0_com.android.server.GestureLauncherService
01-04 15:54:42.135 535 562 D SystemServerTimingAsync: ssm.onUnlockingUser-0_com.android.server.GestureLauncherService took to complete: 0ms
01-04 15:54:42.135 535 562 I SystemServerTimingAsync: ssm.onUnlockingUser-0_com.android.server.SensorNotificationService
01-04 15:54:42.135 535 562 D SystemServerTimingAsync: ssm.onUnlockingUser-0_com.android.server.SensorNotificationService took to complete: 0ms
01-04 15:54:42.135 535 562 I SystemServerTimingAsync: ssm.onUnlockingUser-0_com.android.server.emergency.EmergencyAffordanceService
01-04 15:54:42.135 535 562 D SystemServerTimingAsync: ssm.onUnlockingUser-0_com.android.server.emergency.EmergencyAffordanceService took to complete: 0ms
01-04 15:54:42.135 535 562 I SystemServerTimingAsync: ssm.onUnlockingUser-0_com.android.server.dreams.DreamManagerService
01-04 15:54:42.136 535 562 D SystemServerTimingAsync: ssm.onUnlockingUser-0_com.android.server.dreams.DreamManagerService took to complete: 0ms
01-04 15:54:42.136 535 562 I SystemServerTimingAsync: ssm.onUnlockingUser-0_com.android.server.print.PrintManagerService
01-04 15:54:42.136 535 562 D SystemServerTimingAsync: ssm.onUnlockingUser-0_com.android.server.print.PrintManagerService took to complete: 1ms
01-04 15:54:42.137 535 562 I SystemServerTimingAsync: ssm.onUnlockingUser-0_com.android.server.companion.CompanionDeviceManagerService
01-04 15:54:42.137 535 638 I BackupManagerService: Starting service for user: 0
01-04 15:54:42.138 535 638 V BackupManagerService: [UserID:0] Starting with transport com.android.localtransport/.LocalTransport
01-04 15:54:42.138 535 562 D SystemServerTimingAsync: ssm.onUnlockingUser-0_com.android.server.companion.CompanionDeviceManagerService took to complete: 1ms
01-04 15:54:42.138 535 562 I SystemServerTimingAsync: ssm.onUnlockingUser-0_com.android.server.restrictions.RestrictionsManagerService
01-04 15:54:42.139 535 562 D SystemServerTimingAsync: ssm.onUnlockingUser-0_com.android.server.restrictions.RestrictionsManagerService took to complete: 0ms
01-04 15:54:42.139 535 562 I SystemServerTimingAsync: ssm.onUnlockingUser-0_com.android.server.media.MediaSessionService
01-04 15:54:42.139 535 562 D SystemServerTimingAsync: ssm.onUnlockingUser-0_com.android.server.media.MediaSessionService took to complete: 0ms
01-04 15:54:42.139 535 562 I SystemServerTimingAsync: ssm.onUnlockingUser-0_com.android.server.blob.BlobStoreManagerService
01-04 15:54:42.139 535 562 D SystemServerTimingAsync: ssm.onUnlockingUser-0_com.android.server.blob.BlobStoreManagerService took to complete: 0ms
01-04 15:54:42.139 535 562 I SystemServerTimingAsync: ssm.onUnlockingUser-0_com.android.server.media.MediaResourceMonitorService
01-04 15:54:42.139 535 562 D SystemServerTimingAsync: ssm.onUnlockingUser-0_com.android.server.media.MediaResourceMonitorService took to complete: 0ms
01-04 15:54:42.140 535 562 I SystemServerTimingAsync: ssm.onUnlockingUser-0_com.android.server.biometrics.BiometricService
01-04 15:54:42.140 535 562 D SystemServerTimingAsync: ssm.onUnlockingUser-0_com.android.server.biometrics.BiometricService took to complete: 0ms
01-04 15:54:42.140 535 562 I SystemServerTimingAsync: ssm.onUnlockingUser-0_com.android.server.biometrics.AuthService
01-04 15:54:42.140 535 562 D SystemServerTimingAsync: ssm.onUnlockingUser-0_com.android.server.biometrics.AuthService took to complete: 0ms
01-04 15:54:42.140 535 562 I SystemServerTimingAsync: ssm.onUnlockingUser-0_com.android.server.pm.ShortcutService$Lifecycle
01-04 15:54:42.141 535 562 D SystemServerTimingAsync: ssm.onUnlockingUser-0_com.android.server.pm.ShortcutService$Lifecycle took to complete: 1ms
01-04 15:54:42.141 535 562 I SystemServerTimingAsync: ssm.onUnlockingUser-0_com.android.server.pm.LauncherAppsService
01-04 15:54:42.141 535 562 D SystemServerTimingAsync: ssm.onUnlockingUser-0_com.android.server.pm.LauncherAppsService took to complete: 0ms
01-04 15:54:42.141 535 562 I SystemServerTimingAsync: ssm.onUnlockingUser-0_com.android.server.pm.CrossProfileAppsService
01-04 15:54:42.141 535 562 D SystemServerTimingAsync: ssm.onUnlockingUser-0_com.android.server.pm.CrossProfileAppsService took to complete: 0ms
01-04 15:54:42.141 535 562 I SystemServerTimingAsync: ssm.onUnlockingUser-0_com.android.server.people.PeopleService
01-04 15:54:42.141 535 562 D SystemServerTimingAsync: ssm.onUnlockingUser-0_com.android.server.people.PeopleService took to complete: 0ms
01-04 15:54:42.141 535 562 I SystemServerTimingAsync: ssm.onUnlockingUser-0_com.android.server.media.projection.MediaProjectionManagerService
01-04 15:54:42.141 535 562 D SystemServerTimingAsync: ssm.onUnlockingUser-0_com.android.server.media.projection.MediaProjectionManagerService took to complete: 0ms
01-04 15:54:42.141 535 562 I SystemServerTimingAsync: ssm.onUnlockingUser-0_com.android.server.slice.SliceManagerService$Lifecycle
01-04 15:54:42.142 535 562 D SystemServerTimingAsync: ssm.onUnlockingUser-0_com.android.server.slice.SliceManagerService$Lifecycle took to complete: 0ms
01-04 15:54:42.142 535 562 I SystemServerTimingAsync: ssm.onUnlockingUser-0_com.android.server.camera.CameraServiceProxy
01-04 15:54:42.142 535 562 D SystemServerTimingAsync: ssm.onUnlockingUser-0_com.android.server.camera.CameraServiceProxy took to complete: 0ms
01-04 15:54:42.142 535 638 D BackupManagerService: [UserID:0] Started thread backup-0
01-04 15:54:42.142 535 562 I SystemServerTimingAsync: ssm.onUnlockingUser-0_com.android.server.stats.StatsCompanion$Lifecycle
01-04 15:54:42.142 535 562 D SystemServerTimingAsync: ssm.onUnlockingUser-0_com.android.server.stats.StatsCompanion$Lifecycle took to complete: 0ms
01-04 15:54:42.142 535 562 I SystemServerTimingAsync: ssm.onUnlockingUser-0_com.android.server.stats.pull.StatsPullAtomService
01-04 15:54:42.142 535 562 D SystemServerTimingAsync: ssm.onUnlockingUser-0_com.android.server.stats.pull.StatsPullAtomService took to complete: 0ms
01-04 15:54:42.142 535 562 I SystemServerTimingAsync: ssm.onUnlockingUser-0_com.android.server.incident.IncidentCompanionService
01-04 15:54:42.142 535 562 D SystemServerTimingAsync: ssm.onUnlockingUser-0_com.android.server.incident.IncidentCompanionService took to complete: 0ms
01-04 15:54:42.142 535 562 I SystemServerTimingAsync: ssm.onUnlockingUser-0_com.android.server.MmsServiceBroker
01-04 15:54:42.142 535 562 D SystemServerTimingAsync: ssm.onUnlockingUser-0_com.android.server.MmsServiceBroker took to complete: 0ms
01-04 15:54:42.142 535 562 I SystemServerTimingAsync: ssm.onUnlockingUser-0_com.android.server.autofill.AutofillManagerService
01-04 15:54:42.142 535 553 D AutofillUI: destroySaveUiUiThread(): already destroyed
01-04 15:54:42.143 535 562 D AutofillManagerServiceImpl: Reset component for user 0:
01-04 15:54:42.144 535 562 D FieldClassificationStrategy: reset(): service is not bound. Do nothing.
01-04 15:54:42.144 535 562 D SystemServerTimingAsync: ssm.onUnlockingUser-0_com.android.server.autofill.AutofillManagerService took to complete: 2ms
01-04 15:54:42.144 535 562 I SystemServerTimingAsync: ssm.onUnlockingUser-0_com.android.server.clipboard.ClipboardService
01-04 15:54:42.144 535 562 D SystemServerTimingAsync: ssm.onUnlockingUser-0_com.android.server.clipboard.ClipboardService took to complete: 0ms
01-04 15:54:42.144 344 344 D Zygote : Forked child process 1113
01-04 15:54:42.144 535 562 I SystemServerTimingAsync: ssm.onUnlockingUser-0_com.android.server.appbinding.AppBindingService$Lifecycle
01-04 15:54:42.145 535 562 D SystemServerTimingAsync: ssm.onUnlockingUser-0_com.android.server.appbinding.AppBindingService$Lifecycle took to complete: 1ms
01-04 15:54:42.145 535 562 I SystemServerTimingAsync: ssm.onUnlockingUser-0_com.android.server.policy.PermissionPolicyService
01-04 15:54:42.145 535 562 D SystemServerTimingAsync: ssm.onUnlockingUser-0_com.android.server.policy.PermissionPolicyService took to complete: 0ms
01-04 15:54:42.145 535 562 I SystemServerTimingAsync: ssm.onUnlockingUser-0_com.android.server.pm.StagingManager$Lifecycle
01-04 15:54:42.145 535 562 D SystemServerTimingAsync: ssm.onUnlockingUser-0_com.android.server.pm.StagingManager$Lifecycle took to complete: 0ms
01-04 15:54:42.145 535 562 D SystemServerTimingAsync: ssm.UnlockingUser-0 took to complete: 110ms
01-04 15:54:42.145 535 552 I ActivityTaskManager: Loading recents for user 0 into memory.
01-04 15:54:42.148 535 562 W ActivityManager: UserLifecycleEvent 5 received without an active userJourneySession.
01-04 15:54:42.148 535 562 W ActivityManager: UserLifecycleEvent 6 received without an active userJourneySession.
01-04 15:54:42.148 535 562 I uc_finish_user_unlocked: 0
01-04 15:54:42.148 535 562 I ActivityManager: User 0 state changed from RUNNING_UNLOCKING to RUNNING_UNLOCKED
01-04 15:54:42.150 535 552 I wm_task_created: [122,-1]
01-04 15:54:42.150 535 552 I wm_stack_created: 122
01-04 15:54:42.151 535 562 I am_user_state_changed: [0,3]
01-04 15:54:42.158 535 552 I wm_task_created: [129,-1]
01-04 15:54:42.159 535 552 I wm_stack_created: 129
01-04 15:54:42.160 1113 1113 I Zygote : seccomp disabled by setenforce 0
01-04 15:54:42.163 535 552 I wm_task_created: [135,-1]
01-04 15:54:42.163 535 552 I wm_stack_created: 135
01-04 15:54:42.166 535 552 I wm_task_created: [59,-1]
01-04 15:54:42.167 535 552 I wm_stack_created: 59
01-04 15:54:42.170 535 562 D SystemServerTiming: SystemUserUnlock took to complete: 1136ms
01-04 15:54:42.174 535 552 I wm_task_created: [136,-1]
01-04 15:54:42.174 535 552 I wm_stack_created: 136
01-04 15:54:42.178 535 552 I wm_task_created: [26,-1]
01-04 15:54:42.178 535 552 I wm_stack_created: 26
01-04 15:54:42.184 469 512 I adbd : jdwp connection from 1113
01-04 15:54:42.184 535 552 I wm_task_created: [41,-1]
01-04 15:54:42.185 535 552 I wm_stack_created: 41
01-04 15:54:42.188 535 552 I wm_task_created: [35,-1]
