01-04 15:54:40.021 672 672 V KeyguardUpdateMonitor: onSubscriptionInfoChanged()
01-04 15:54:40.028 672 672 I Choreographer: Skipped 46 frames! The application may be doing too much work on its main thread.
01-04 15:54:40.108 672 1024 I OpenGLRenderer: Davey! duration=847ms; Flags=1, IntendedVsync=20590645572, Vsync=21357312208, OldestInputEvent=9223372036854775807, NewestInputEvent=0, HandleInputStart=21366836500, AnimationStart=21366839500, PerformTraversalsStart=21367594125, DrawStart=21434080625, SyncQueued=21434309250, SyncStart=21441971375, IssueDrawCommandsStart=21442061625, SwapBuffers=21444100625, FrameCompleted=21446202375, DequeueBufferDuration=307500, QueueBufferDuration=852000, GpuCompleted=0,
01-04 15:54:40.110 672 672 D StatusBar: disable disable2
01-04 15:54:40.117 672 672 D NavigationModeController: getCurrentInteractionMode: mode=0 contextUser=0
01-04 15:54:40.144 672 672 D NavigationModeController: getCurrentUserContext: contextUser=0 currentUser=0
01-04 15:54:40.156 672 672 D NavigationModeController: getCurrentInteractionMode: mode=0 contextUser=0
01-04 15:54:40.193 672 672 D NavigationModeController: getCurrentUserContext: contextUser=0 currentUser=0
01-04 15:54:40.319 672 672 D InterruptionStateProvider: No bubble up: not allowed to bubble: -1|android|32|null|1000
01-04 15:54:40.321 672 672 D InterruptionStateProvider: No heads up: unimportant notification: -1|android|32|null|1000
01-04 15:54:40.321 672 672 V KeyguardUpdateMonitor: onSubscriptionInfoChanged()
01-04 15:54:40.329 672 672 D KeyguardViewMediator: handleShow
01-04 15:54:40.347 672 672 D StatusBar: updateQsExpansionEnabled - QS Expand enabled: true
01-04 15:54:40.365 672 672 I sysui_multi_action: [757,111,758,1]
01-04 15:54:40.367 672 672 I sysui_multi_action: [757,126,758,1,759,126,927,0,928,1,1593,0]
01-04 15:54:40.367 672 672 I sysui_multi_action: [757,113,758,1,759,113,927,1,928,0,1593,0]
01-04 15:54:40.367 672 672 I sysui_multi_action: [757,118,758,1,759,118,927,2,928,0,1593,0]
01-04 15:54:40.367 672 672 I sysui_multi_action: [757,123,758,1,759,123,927,4,928,1,1593,0]
01-04 15:54:40.368 672 672 I sysui_multi_action: [757,261,758,1,759,261,927,5,928,0,1593,0]
01-04 15:54:40.368 672 672 I sysui_multi_action: [757,115,758,1,759,115,927,6,928,0,1593,0]
01-04 15:54:40.377 672 672 D StatusBar: disable disable2
01-04 15:54:40.377 535 828 I sysui_multi_action: [757,127,758,1]
01-04 15:54:40.378 535 828 I sysui_multi_action: [757,804,799,note_load,801,0,802,1]
01-04 15:54:40.379 535 828 I notification_panel_revealed: 0
01-04 15:54:40.382 672 672 E KeyguardBouncer: onFullyShown when view was null
01-04 15:54:40.383 535 828 I am_wtf : [0,672,com.android.systemui,818462221,KeyguardBouncer,onFullyShown when view was null]
01-04 15:54:40.386 535 1040 I DropBoxManagerService: add tag=system_app_wtf isTagEnabled=true flags=0x2
01-04 15:54:40.389 672 672 D StatusBar: disable disable2
01-04 15:54:40.390 535 555 V WindowManager: Orientation start waiting for draw, mDrawState=DRAW_PENDING in Window{5bafbc4 u0 NotificationShade}, surfaceController Surface(name=NotificationShade)/@0xb04dfca
01-04 15:54:40.391 535 555 V WindowManager: Orientation start waiting for draw, mDrawState=DRAW_PENDING in Window{49988f3 u0 com.android.systemui.ImageWallpaper}, surfaceController Surface(name=com.android.systemui.ImageWallpaper)/@0x1826e04
01-04 15:54:40.391 672 672 I chatty : uid=10118(com.android.systemui) identical 7 lines
01-04 15:54:40.443 672 672 D StatusBar: disable disable2
01-04 15:54:40.444 672 672 D KeyguardUpdateMonitor: onKeyguardVisibilityChanged(true)
01-04 15:54:40.445 672 672 D KeyguardClockSwitch: Updating clock: 354
01-04 15:54:40.450 672 672 I sysui_multi_action: [757,196,758,1,759,0]
01-04 15:54:40.451 672 672 I sysui_status_bar_state: [1,1,0,0,0,1]
01-04 15:54:40.452 672 672 D StatusBar: disable disable2
01-04 15:54:40.454 672 672 D KeyguardViewMediator: adjustStatusBarLocked: mShowing=true mOccluded=false isSecure=false force=false --> flags=0x1200000
01-04 15:54:40.475 672 672 D KeyguardViewMediator: adjustStatusBarLocked: mShowing=true mOccluded=false isSecure=false force=false --> flags=0x1200000
01-04 15:54:40.482 672 672 V KeyguardUpdateMonitor: onSubscriptionInfoChanged()
01-04 15:54:40.513 672 672 V KeyguardUpdateMonitor: onSubscriptionInfoChanged()
01-04 15:54:40.557 535 555 I user_activity_timeout_override: 10000
01-04 15:54:40.576 672 672 W View : requestLayout() improperly called by com.android.keyguard.CarrierText{9e3e13f V.ED..... ..S...ID 36,0-1746,90 #7f0a0266 app:id/keyguard_carrier_text} during layout: running second layout pass
01-04 15:54:40.638 744 744 D CdmaServiceCategoryProgramHandler: Idle: release wakelock
01-04 15:54:40.641 744 744 D CellBroadcastHandler: Idle: release wakelock
01-04 15:54:40.644 744 744 D GsmCellBroadcastHandler: Idle: release wakelock
01-04 15:54:40.770 528 528 D BootAnimation: BootAnimationStopTiming start time: 22108ms
01-04 15:54:40.880 0 0 I init : Service 'bootanim' (pid 528) exited with status 0 oneshot service took 11.406000 seconds in background
01-04 15:54:40.880 535 555 I WindowManager: ******* TELLING SURFACE FLINGER WE ARE BOOTED!
01-04 15:54:40.881 404 430 I SurfaceFlinger: Boot is finished (13107 ms)
01-04 15:54:40.883 404 430 I sf_stop_bootanim: 22221
01-04 15:54:40.884 535 555 I wm_boot_animation_done: 22222
01-04 15:54:40.885 535 555 I ActivityManagerTiming: FinishBooting
01-04 15:54:40.887 231 231 I servicemanager: Found android.hardware.power.IPower/default in device VINTF manifest.
01-04 15:54:40.887 535 555 I ActivityManager: About to commit checkpoint
01-04 15:54:40.887 404 404 I PowerAdvisor: Loaded AIDL Power HAL service
01-04 15:54:40.888 535 555 I SystemServiceManager: Starting phase 1000
01-04 15:54:40.888 272 272 I libperfmgr: Hint type not present in actions: EXPENSIVE_RENDERING
01-04 15:54:40.888 535 555 I ActivityManagerTiming: OnBootPhase_1000
01-04 15:54:40.888 535 555 I ActivityManagerTiming: OnBootPhase_1000_com.android.server.security.FileIntegrityService
01-04 15:54:40.888 272 272 I android.hardware.power-service.imx: Power mode EXPENSIVE_RENDERING isModeSupported: 0
01-04 15:54:40.888 535 555 D ActivityManagerTiming: OnBootPhase_1000_com.android.server.security.FileIntegrityService took to complete: 0ms
01-04 15:54:40.888 535 555 I ActivityManagerTiming: OnBootPhase_1000_com.android.server.pm.Installer
01-04 15:54:40.888 535 555 D ActivityManagerTiming: OnBootPhase_1000_com.android.server.pm.Installer took to complete: 0ms
01-04 15:54:40.888 535 555 I ActivityManagerTiming: OnBootPhase_1000_com.android.server.os.DeviceIdentifiersPolicyService
01-04 15:54:40.888 535 555 D ActivityManagerTiming: OnBootPhase_1000_com.android.server.os.DeviceIdentifiersPolicyService took to complete: 0ms
01-04 15:54:40.888 535 555 I ActivityManagerTiming: OnBootPhase_1000_com.android.server.uri.UriGrantsManagerService$Lifecycle
01-04 15:54:40.888 535 555 D ActivityManagerTiming: OnBootPhase_1000_com.android.server.uri.UriGrantsManagerService$Lifecycle took to complete: 0ms
01-04 15:54:40.888 535 555 I ActivityManagerTiming: OnBootPhase_1000_com.android.server.wm.ActivityTaskManagerService$Lifecycle
01-04 15:54:40.888 535 555 D ActivityManagerTiming: OnBootPhase_1000_com.android.server.wm.ActivityTaskManagerService$Lifecycle took to complete: 0ms
01-04 15:54:40.888 535 555 I ActivityManagerTiming: OnBootPhase_1000_com.android.server.am.ActivityManagerService$Lifecycle
01-04 15:54:40.888 535 555 D ActivityManagerTiming: OnBootPhase_1000_com.android.server.am.ActivityManagerService$Lifecycle took to complete: 0ms
01-04 15:54:40.888 535 555 I ActivityManagerTiming: OnBootPhase_1000_com.android.server.pm.DataLoaderManagerService
01-04 15:54:40.888 272 272 I libperfmgr: Hint type not present in actions: DISPLAY_UPDATE_IMMINENT
01-04 15:54:40.888 535 555 D ActivityManagerTiming: OnBootPhase_1000_com.android.server.pm.DataLoaderManagerService took to complete: 0ms
01-04 15:54:40.888 535 555 I ActivityManagerTiming: OnBootPhase_1000_com.android.server.power.PowerManagerService
01-04 15:54:40.888 272 272 I android.hardware.power-service.imx: Power boost DISPLAY_UPDATE_IMMINENT isBoostSupported: 0
01-04 15:54:40.889 535 555 D ActivityManagerTiming: OnBootPhase_1000_com.android.server.power.PowerManagerService took to complete: 1ms
01-04 15:54:40.889 535 555 I ActivityManagerTiming: OnBootPhase_1000_com.android.server.power.ThermalManagerService
01-04 15:54:40.889 535 555 D ActivityManagerTiming: OnBootPhase_1000_com.android.server.power.ThermalManagerService took to complete: 0ms
01-04 15:54:40.890 535 555 I ActivityManagerTiming: OnBootPhase_1000_com.android.server.recoverysystem.RecoverySystemService$Lifecycle
01-04 15:54:40.890 535 555 D ActivityManagerTiming: OnBootPhase_1000_com.android.server.recoverysystem.RecoverySystemService$Lifecycle took to complete: 0ms
01-04 15:54:40.890 535 555 I ActivityManagerTiming: OnBootPhase_1000_com.android.server.lights.LightsService
01-04 15:54:40.890 535 555 D ActivityManagerTiming: OnBootPhase_1000_com.android.server.lights.LightsService took to complete: 0ms
01-04 15:54:40.890 535 555 I ActivityManagerTiming: OnBootPhase_1000_com.android.server.display.DisplayManagerService
01-04 15:54:40.890 535 555 D ActivityManagerTiming: OnBootPhase_1000_com.android.server.display.DisplayManagerService took to complete: 0ms
01-04 15:54:40.890 535 555 I ActivityManagerTiming: OnBootPhase_1000_com.android.server.pm.UserManagerService$LifeCycle
01-04 15:54:40.890 535 555 D ActivityManagerTiming: OnBootPhase_1000_com.android.server.pm.UserManagerService$LifeCycle took to complete: 0ms
01-04 15:54:40.890 535 555 I ActivityManagerTiming: OnBootPhase_1000_com.android.server.om.OverlayManagerService
01-04 15:54:40.890 535 555 D ActivityManagerTiming: OnBootPhase_1000_com.android.server.om.OverlayManagerService took to complete: 0ms
01-04 15:54:40.890 535 555 I ActivityManagerTiming: OnBootPhase_1000_com.android.server.SensorPrivacyService
01-04 15:54:40.890 535 555 D ActivityManagerTiming: OnBootPhase_1000_com.android.server.SensorPrivacyService took to complete: 0ms
01-04 15:54:40.890 535 555 I ActivityManagerTiming: OnBootPhase_1000_com.android.server.SystemConfigService
01-04 15:54:40.890 535 555 D ActivityManagerTiming: OnBootPhase_1000_com.android.server.SystemConfigService took to complete: 0ms
01-04 15:54:40.890 535 555 I ActivityManagerTiming: OnBootPhase_1000_com.android.server.BatteryService
01-04 15:54:40.890 535 555 D ActivityManagerTiming: OnBootPhase_1000_com.android.server.BatteryService took to complete: 0ms
01-04 15:54:40.890 535 555 I ActivityManagerTiming: OnBootPhase_1000_com.android.server.usage.UsageStatsService
01-04 15:54:40.890 535 555 D ActivityManagerTiming: OnBootPhase_1000_com.android.server.usage.UsageStatsService took to complete: 1ms
01-04 15:54:40.891 535 555 I ActivityManagerTiming: OnBootPhase_1000_com.android.server.webkit.WebViewUpdateService
01-04 15:54:40.891 535 555 D ActivityManagerTiming: OnBootPhase_1000_com.android.server.webkit.WebViewUpdateService took to complete: 0ms
01-04 15:54:40.891 535 555 I ActivityManagerTiming: OnBootPhase_1000_com.android.server.CachedDeviceStateService
01-04 15:54:40.891 535 555 D ActivityManagerTiming: OnBootPhase_1000_com.android.server.CachedDeviceStateService took to complete: 0ms
01-04 15:54:40.891 535 555 I ActivityManagerTiming: OnBootPhase_1000_com.android.server.BinderCallsStatsService$LifeCycle
01-04 15:54:40.891 535 555 D ActivityManagerTiming: OnBootPhase_1000_com.android.server.BinderCallsStatsService$LifeCycle took to complete: 0ms
01-04 15:54:40.891 535 555 I ActivityManagerTiming: OnBootPhase_1000_com.android.server.LooperStatsService$Lifecycle
01-04 15:54:40.891 535 555 D ActivityManagerTiming: OnBootPhase_1000_com.android.server.LooperStatsService$Lifecycle took to complete: 0ms
01-04 15:54:40.891 535 555 I ActivityManagerTiming: OnBootPhase_1000_com.android.server.rollback.RollbackManagerService
01-04 15:54:40.891 0 0 I init : Sending signal 9 to service 'bootanim' (pid 528) process group...
01-04 15:54:40.892 535 555 D ActivityManagerTiming: OnBootPhase_1000_com.android.server.rollback.RollbackManagerService took to complete: 1ms
01-04 15:54:40.892 535 555 I ActivityManagerTiming: OnBootPhase_1000_com.android.server.os.BugreportManagerService
01-04 15:54:40.892 535 555 D ActivityManagerTiming: OnBootPhase_1000_com.android.server.os.BugreportManagerService took to complete: 0ms
01-04 15:54:40.892 535 555 I ActivityManagerTiming: OnBootPhase_1000_com.android.server.gpu.GpuService
01-04 15:54:40.892 535 555 D ActivityManagerTiming: OnBootPhase_1000_com.android.server.gpu.GpuService took to complete: 0ms
01-04 15:54:40.892 535 555 I ActivityManagerTiming: OnBootPhase_1000_com.android.server.security.KeyChainSystemService
01-04 15:54:40.892 535 555 D ActivityManagerTiming: OnBootPhase_1000_com.android.server.security.KeyChainSystemService took to complete: 0ms
01-04 15:54:40.892 535 555 I ActivityManagerTiming: OnBootPhase_1000_com.android.server.telecom.TelecomLoaderService
01-04 15:54:40.892 535 555 D ActivityManagerTiming: OnBootPhase_1000_com.android.server.telecom.TelecomLoaderService took to complete: 0ms
01-04 15:54:40.892 535 597 D RollbackManager: mRollbackLifetimeDurationInMillis=1209600000
01-04 15:54:40.895 535 575 V DisplayPowerController: Brightness [0.39763778] reason changing to: 'manual', previous reason: 'override'.
01-04 15:54:40.898 535 555 I ActivityManagerTiming: OnBootPhase_1000_com.android.server.accounts.AccountManagerService$Lifecycle
01-04 15:54:40.900 535 555 D ActivityManagerTiming: OnBootPhase_1000_com.android.server.accounts.AccountManagerService$Lifecycle took to complete: 0ms
01-04 15:54:40.900 535 555 I ActivityManagerTiming: OnBootPhase_1000_com.android.server.content.ContentService$Lifecycle
01-04 15:54:40.901 535 555 D ActivityManagerTiming: OnBootPhase_1000_com.android.server.content.ContentService$Lifecycle took to complete: 0ms
01-04 15:54:40.901 535 555 I ActivityManagerTiming: OnBootPhase_1000_com.android.server.DropBoxManagerService
01-04 15:54:40.901 535 555 D ActivityManagerTiming: OnBootPhase_1000_com.android.server.DropBoxManagerService took to complete: 0ms
01-04 15:54:40.901 535 555 I ActivityManagerTiming: OnBootPhase_1000_com.android.server.AlarmManagerService
01-04 15:54:40.901 535 555 D ActivityManagerTiming: OnBootPhase_1000_com.android.server.AlarmManagerService took to complete: 0ms
01-04 15:54:40.901 535 555 I ActivityManagerTiming: OnBootPhase_1000_com.android.server.BluetoothService
01-04 15:54:40.901 535 555 D ActivityManagerTiming: OnBootPhase_1000_com.android.server.BluetoothService took to complete: 0ms
01-04 15:54:40.901 535 555 I ActivityManagerTiming: OnBootPhase_1000_com.android.server.connectivity.IpConnectivityMetrics
01-04 15:54:40.901 535 555 D ActivityManagerTiming: OnBootPhase_1000_com.android.server.connectivity.IpConnectivityMetrics took to complete: 0ms
01-04 15:54:40.901 535 555 I ActivityManagerTiming: OnBootPhase_1000_com.android.server.net.watchlist.NetworkWatchlistService$Lifecycle
01-04 15:54:40.901 535 555 D ActivityManagerTiming: OnBootPhase_1000_com.android.server.net.watchlist.NetworkWatchlistService$Lifecycle took to complete: 0ms
01-04 15:54:40.901 535 555 I ActivityManagerTiming: OnBootPhase_1000_com.android.server.PinnerService
01-04 15:54:40.901 535 555 D ActivityManagerTiming: OnBootPhase_1000_com.android.server.PinnerService took to complete: 0ms
01-04 15:54:40.901 535 555 I ActivityManagerTiming: OnBootPhase_1000_com.google.android.startop.iorap.IorapForwardingService
01-04 15:54:40.901 535 555 D ActivityManagerTiming: OnBootPhase_1000_com.google.android.startop.iorap.IorapForwardingService took to complete: 0ms
01-04 15:54:40.901 535 555 I ActivityManagerTiming: OnBootPhase_1000_com.android.server.integrity.AppIntegrityManagerService
01-04 15:54:40.901 535 555 D ActivityManagerTiming: OnBootPhase_1000_com.android.server.integrity.AppIntegrityManagerService took to complete: 0ms
01-04 15:54:40.901 535 555 I ActivityManagerTiming: OnBootPhase_1000_com.android.server.inputmethod.InputMethodManagerService$Lifecycle
01-04 15:54:40.901 535 555 D ActivityManagerTiming: OnBootPhase_1000_com.android.server.inputmethod.InputMethodManagerService$Lifecycle took to complete: 0ms
01-04 15:54:40.901 535 555 I ActivityManagerTiming: OnBootPhase_1000_com.android.server.accessibility.AccessibilityManagerService$Lifecycle
01-04 15:54:40.901 535 555 D ActivityManagerTiming: OnBootPhase_1000_com.android.server.accessibility.AccessibilityManagerService$Lifecycle took to complete: 0ms
01-04 15:54:40.901 535 555 I ActivityManagerTiming: OnBootPhase_1000_com.android.server.StorageManagerService$Lifecycle
01-04 15:54:40.902 535 555 D StorageManagerService: FUSE flags. Settings: true. Default: true
01-04 15:54:40.902 535 608 D StorageManagerService: Thinking about init, mBootCompleted=true, mDaemonConnected=true
01-04 15:54:40.902 535 608 D StorageManagerService: Thinking about reset, mBootCompleted=true, mDaemonConnected=true
01-04 15:54:40.902 535 555 D ActivityManagerTiming: OnBootPhase_1000_com.android.server.StorageManagerService$Lifecycle took to complete: 1ms
01-04 15:54:40.902 535 555 I ActivityManagerTiming: OnBootPhase_1000_com.android.server.usage.StorageStatsService$Lifecycle
01-04 15:54:40.903 535 555 D ActivityManagerTiming: OnBootPhase_1000_com.android.server.usage.StorageStatsService$Lifecycle took to complete: 0ms
01-04 15:54:40.903 535 555 I ActivityManagerTiming: OnBootPhase_1000_com.android.server.UiModeManagerService
01-04 15:54:40.903 535 555 D ActivityManagerTiming: OnBootPhase_1000_com.android.server.UiModeManagerService took to complete: 0ms
01-04 15:54:40.903 535 555 I ActivityManagerTiming: OnBootPhase_1000_com.android.server.locksettings.LockSettingsService$Lifecycle
01-04 15:54:40.903 535 555 D ActivityManagerTiming: OnBootPhase_1000_com.android.server.locksettings.LockSettingsService$Lifecycle took to complete: 0ms
01-04 15:54:40.903 535 555 I ActivityManagerTiming: OnBootPhase_1000_com.android.server.PersistentDataBlockService
01-04 15:54:40.903 535 555 D ActivityManagerTiming: OnBootPhase_1000_com.android.server.PersistentDataBlockService took to complete: 0ms
01-04 15:54:40.903 535 555 I ActivityManagerTiming: OnBootPhase_1000_com.android.server.testharness.TestHarnessModeService
01-04 15:54:40.903 0 0 I libprocessgroup: Successfully killed process cgroup uid 1003 pid 528 in 0ms
01-04 15:54:40.903 535 555 D TestHarnessModeService: Completing Test Harness Mode setup.
01-04 15:54:40.903 535 608 I StorageSessionController: Started resetting external storage service...
01-04 15:54:40.903 535 608 I StorageSessionController: Finished resetting external storage service
01-04 15:54:40.903 535 608 I StorageManagerService: Resetting vold...
01-04 15:54:40.905 535 608 I StorageManagerService: Reset vold
01-04 15:54:40.906 238 238 I vold : onUserAdded: 0
01-04 15:54:40.914 535 561 D AppStandbyController: Loading headless system app cache. appIdleEnabled=false
01-04 15:54:40.917 672 698 I ndroid.systemu: Waiting for a blocking GC ProfileSaver
01-04 15:54:40.929 535 555 D ActivityManagerTiming: OnBootPhase_1000_com.android.server.testharness.TestHarnessModeService took to complete: 26ms
01-04 15:54:40.930 535 555 I ActivityManagerTiming: OnBootPhase_1000_com.android.server.oemlock.OemLockService
01-04 15:54:40.930 535 555 D ActivityManagerTiming: OnBootPhase_1000_com.android.server.oemlock.OemLockService took to complete: 0ms
01-04 15:54:40.930 535 555 I ActivityManagerTiming: OnBootPhase_1000_com.android.server.DeviceIdleController
01-04 15:54:40.930 535 555 D ActivityManagerTiming: OnBootPhase_1000_com.android.server.DeviceIdleController took to complete: 0ms
01-04 15:54:40.930 535 555 I ActivityManagerTiming: OnBootPhase_1000_com.android.server.devicepolicy.DevicePolicyManagerService$Lifecycle
01-04 15:54:40.930 535 555 D ActivityManagerTiming: OnBootPhase_1000_com.android.server.devicepolicy.DevicePolicyManagerService$Lifecycle took to complete: 0ms
01-04 15:54:40.930 535 555 I ActivityManagerTiming: OnBootPhase_1000_com.android.server.textservices.TextServicesManagerService$Lifecycle
01-04 15:54:40.930 535 555 D ActivityManagerTiming: OnBootPhase_1000_com.android.server.textservices.TextServicesManagerService$Lifecycle took to complete: 0ms
01-04 15:54:40.930 535 555 I ActivityManagerTiming: OnBootPhase_1000_com.android.server.textclassifier.TextClassificationManagerService$Lifecycle
01-04 15:54:40.930 535 555 D ActivityManagerTiming: OnBootPhase_1000_com.android.server.textclassifier.TextClassificationManagerService$Lifecycle took to complete: 0ms
01-04 15:54:40.930 535 555 I ActivityManagerTiming: OnBootPhase_1000_com.android.server.NetworkScoreService$Lifecycle
01-04 15:54:40.930 535 555 D ActivityManagerTiming: OnBootPhase_1000_com.android.server.NetworkScoreService$Lifecycle took to complete: 0ms
01-04 15:54:40.930 535 555 I ActivityManagerTiming: OnBootPhase_1000_com.android.server.wifi.WifiService
01-04 15:54:40.931 535 555 D ActivityManagerTiming: OnBootPhase_1000_com.android.server.wifi.WifiService took to complete: 1ms
01-04 15:54:40.931 535 555 I ActivityManagerTiming: OnBootPhase_1000_com.android.server.wifi.scanner.WifiScanningService
01-04 15:54:40.931 535 555 D ActivityManagerTiming: OnBootPhase_1000_com.android.server.wifi.scanner.WifiScanningService took to complete: 0ms
01-04 15:54:40.931 535 555 I ActivityManagerTiming: OnBootPhase_1000_com.android.server.wifi.p2p.WifiP2pService
01-04 15:54:40.931 535 555 D ActivityManagerTiming: OnBootPhase_1000_com.android.server.wifi.p2p.WifiP2pService took to complete: 0ms
01-04 15:54:40.931 535 555 I ActivityManagerTiming: OnBootPhase_1000_com.android.server.ethernet.EthernetService
01-04 15:54:40.931 535 555 D ActivityManagerTiming: OnBootPhase_1000_com.android.server.ethernet.EthernetService took to complete: 0ms
01-04 15:54:40.931 535 555 I ActivityManagerTiming: OnBootPhase_1000_com.android.server.notification.NotificationManagerService
01-04 15:54:40.931 535 555 D ActivityManagerTiming: OnBootPhase_1000_com.android.server.notification.NotificationManagerService took to complete: 0ms
01-04 15:54:40.931 535 555 I ActivityManagerTiming: OnBootPhase_1000_com.android.server.storage.DeviceStorageMonitorService
01-04 15:54:40.931 535 555 D ActivityManagerTiming: OnBootPhase_1000_com.android.server.storage.DeviceStorageMonitorService took to complete: 0ms
01-04 15:54:40.931 535 555 I ActivityManagerTiming: OnBootPhase_1000_com.android.server.location.LocationManagerService$Lifecycle
01-04 15:54:40.931 535 555 D ActivityManagerTiming: OnBootPhase_1000_com.android.server.location.LocationManagerService$Lifecycle took to complete: 0ms
01-04 15:54:40.931 535 555 I ActivityManagerTiming: OnBootPhase_1000_com.android.server.timedetector.TimeDetectorService$Lifecycle
01-04 15:54:40.931 535 555 D ActivityManagerTiming: OnBootPhase_1000_com.android.server.timedetector.TimeDetectorService$Lifecycle took to complete: 0ms
01-04 15:54:40.931 535 555 I ActivityManagerTiming: OnBootPhase_1000_com.android.server.timezonedetector.TimeZoneDetectorService$Lifecycle
01-04 15:54:40.931 535 555 D ActivityManagerTiming: OnBootPhase_1000_com.android.server.timezonedetector.TimeZoneDetectorService$Lifecycle took to complete: 0ms
01-04 15:54:40.931 535 555 I ActivityManagerTiming: OnBootPhase_1000_com.android.server.search.SearchManagerService$Lifecycle
01-04 15:54:40.931 535 555 D ActivityManagerTiming: OnBootPhase_1000_com.android.server.search.SearchManagerService$Lifecycle took to complete: 0ms
01-04 15:54:40.931 535 555 I ActivityManagerTiming: OnBootPhase_1000_com.android.server.wallpaper.WallpaperManagerService$Lifecycle
01-04 15:54:40.931 535 555 D ActivityManagerTiming: OnBootPhase_1000_com.android.server.wallpaper.WallpaperManagerService$Lifecycle took to complete: 0ms
01-04 15:54:40.932 535 555 I ActivityManagerTiming: OnBootPhase_1000_com.android.server.audio.AudioService$Lifecycle
01-04 15:54:40.932 535 555 D ActivityManagerTiming: OnBootPhase_1000_com.android.server.audio.AudioService$Lifecycle took to complete: 0ms
01-04 15:54:40.932 535 555 I ActivityManagerTiming: OnBootPhase_1000_com.android.server.soundtrigger_middleware.SoundTriggerMiddlewareService$Lifecycle
01-04 15:54:40.932 535 555 D ActivityManagerTiming: OnBootPhase_1000_com.android.server.soundtrigger_middleware.SoundTriggerMiddlewareService$Lifecycle took to complete: 0ms
01-04 15:54:40.932 535 555 I ActivityManagerTiming: OnBootPhase_1000_com.android.server.DockObserver
01-04 15:54:40.932 535 555 D ActivityManagerTiming: OnBootPhase_1000_com.android.server.DockObserver took to complete: 0ms
01-04 15:54:40.932 535 555 I ActivityManagerTiming: OnBootPhase_1000_com.android.server.midi.MidiService$Lifecycle
01-04 15:54:40.932 535 555 D ActivityManagerTiming: OnBootPhase_1000_com.android.server.midi.MidiService$Lifecycle took to complete: 0ms
01-04 15:54:40.932 535 555 I ActivityManagerTiming: OnBootPhase_1000_com.android.server.adb.AdbService$Lifecycle
01-04 15:54:40.932 535 555 D ActivityManagerTiming: OnBootPhase_1000_com.android.server.adb.AdbService$Lifecycle took to complete: 0ms
01-04 15:54:40.932 535 555 I ActivityManagerTiming: OnBootPhase_1000_com.android.server.usb.UsbService$Lifecycle
01-04 15:54:40.932 535 555 D ActivityManagerTiming: OnBootPhase_1000_com.android.server.usb.UsbService$Lifecycle took to complete: 0ms
01-04 15:54:40.932 535 555 I ActivityManagerTiming: OnBootPhase_1000_com.android.server.twilight.TwilightService
01-04 15:54:40.938 535 555 D ActivityManagerTiming: OnBootPhase_1000_com.android.server.twilight.TwilightService took to complete: 5ms
01-04 15:54:40.938 535 555 I ActivityManagerTiming: OnBootPhase_1000_com.android.server.display.color.ColorDisplayService
01-04 15:54:40.938 535 555 D ActivityManagerTiming: OnBootPhase_1000_com.android.server.display.color.ColorDisplayService took to complete: 0ms
01-04 15:54:40.938 535 555 I ActivityManagerTiming: OnBootPhase_1000_com.android.server.job.JobSchedulerService
01-04 15:54:40.938 535 555 D ActivityManagerTiming: OnBootPhase_1000_com.android.server.job.JobSchedulerService took to complete: 0ms
01-04 15:54:40.938 535 555 I ActivityManagerTiming: OnBootPhase_1000_com.android.server.soundtrigger.SoundTriggerService
01-04 15:54:40.938 535 555 D SoundTriggerService: onBootPhase: 1000 : false
01-04 15:54:40.938 535 555 D ActivityManagerTiming: OnBootPhase_1000_com.android.server.soundtrigger.SoundTriggerService took to complete: 0ms
01-04 15:54:40.938 535 555 I ActivityManagerTiming: OnBootPhase_1000_com.android.server.trust.TrustManagerService
01-04 15:54:40.938 535 555 D ActivityManagerTiming: OnBootPhase_1000_com.android.server.trust.TrustManagerService took to complete: 0ms
01-04 15:54:40.938 535 555 I ActivityManagerTiming: OnBootPhase_1000_com.android.server.backup.BackupManagerService$Lifecycle
01-04 15:54:40.938 535 555 D ActivityManagerTiming: OnBootPhase_1000_com.android.server.backup.BackupManagerService$Lifecycle took to complete: 0ms
01-04 15:54:40.938 535 555 I ActivityManagerTiming: OnBootPhase_1000_com.android.server.appwidget.AppWidgetService
01-04 15:54:40.938 535 555 D ActivityManagerTiming: OnBootPhase_1000_com.android.server.appwidget.AppWidgetService took to complete: 0ms
01-04 15:54:40.939 535 555 I ActivityManagerTiming: OnBootPhase_1000_com.android.server.role.RoleManagerService
01-04 15:54:40.939 535 555 D ActivityManagerTiming: OnBootPhase_1000_com.android.server.role.RoleManagerService took to complete: 0ms
01-04 15:54:40.939 535 555 I ActivityManagerTiming: OnBootPhase_1000_com.android.server.voiceinteraction.VoiceInteractionManagerService
01-04 15:54:40.939 535 555 D ActivityManagerTiming: OnBootPhase_1000_com.android.server.voiceinteraction.VoiceInteractionManagerService took to complete: 0ms
01-04 15:54:40.939 535 555 I ActivityManagerTiming: OnBootPhase_1000_com.android.server.GestureLauncherService
01-04 15:54:40.939 535 555 D ActivityManagerTiming: OnBootPhase_1000_com.android.server.GestureLauncherService took to complete: 0ms
01-04 15:54:40.939 535 555 I ActivityManagerTiming: OnBootPhase_1000_com.android.server.SensorNotificationService
01-04 15:54:40.958 535 619 D ConnectivityService: Got NetworkProvider Messenger for WifiNetworkFactory
01-04 15:54:40.959 535 619 D ConnectivityService: Got NetworkProvider Messenger for UntrustedWifiNetworkFactory
01-04 15:54:40.986 535 555 D ActivityManagerTiming: OnBootPhase_1000_com.android.server.SensorNotificationService took to complete: 47ms
01-04 15:54:40.986 535 555 I ActivityManagerTiming: OnBootPhase_1000_com.android.server.emergency.EmergencyAffordanceService
01-04 15:54:40.986 535 555 D ActivityManagerTiming: OnBootPhase_1000_com.android.server.emergency.EmergencyAffordanceService took to complete: 0ms
01-04 15:54:40.987 535 555 I ActivityManagerTiming: OnBootPhase_1000_com.android.server.dreams.DreamManagerService
01-04 15:54:40.987 535 555 D ActivityManagerTiming: OnBootPhase_1000_com.android.server.dreams.DreamManagerService took to complete: 0ms
01-04 15:54:40.987 535 555 I ActivityManagerTiming: OnBootPhase_1000_com.android.server.print.PrintManagerService
01-04 15:54:40.987 535 555 D ActivityManagerTiming: OnBootPhase_1000_com.android.server.print.PrintManagerService took to complete: 0ms
01-04 15:54:40.987 535 555 I ActivityManagerTiming: OnBootPhase_1000_com.android.server.companion.CompanionDeviceManagerService
01-04 15:54:40.987 535 555 D ActivityManagerTiming: OnBootPhase_1000_com.android.server.companion.CompanionDeviceManagerService took to complete: 0ms
01-04 15:54:40.987 535 555 I ActivityManagerTiming: OnBootPhase_1000_com.android.server.restrictions.RestrictionsManagerService
01-04 15:54:40.987 535 555 D ActivityManagerTiming: OnBootPhase_1000_com.android.server.restrictions.RestrictionsManagerService took to complete: 0ms
01-04 15:54:40.987 535 555 I ActivityManagerTiming: OnBootPhase_1000_com.android.server.media.MediaSessionService
01-04 15:54:40.987 535 555 D ActivityManagerTiming: OnBootPhase_1000_com.android.server.media.MediaSessionService took to complete: 0ms
01-04 15:54:40.987 535 555 I ActivityManagerTiming: OnBootPhase_1000_com.android.server.blob.BlobStoreManagerService
01-04 15:54:40.988 535 555 D ActivityManagerTiming: OnBootPhase_1000_com.android.server.blob.BlobStoreManagerService took to complete: 1ms
01-04 15:54:40.988 535 555 I ActivityManagerTiming: OnBootPhase_1000_com.android.server.media.MediaResourceMonitorService
01-04 15:54:40.988 535 555 D ActivityManagerTiming: OnBootPhase_1000_com.android.server.media.MediaResourceMonitorService took to complete: 0ms
01-04 15:54:40.988 535 555 I ActivityManagerTiming: OnBootPhase_1000_com.android.server.biometrics.BiometricService
01-04 15:54:40.988 535 555 D ActivityManagerTiming: OnBootPhase_1000_com.android.server.biometrics.BiometricService took to complete: 0ms
01-04 15:54:40.988 535 555 I ActivityManagerTiming: OnBootPhase_1000_com.android.server.biometrics.AuthService
01-04 15:54:40.988 535 555 D ActivityManagerTiming: OnBootPhase_1000_com.android.server.biometrics.AuthService took to complete: 0ms
01-04 15:54:40.988 535 555 I ActivityManagerTiming: OnBootPhase_1000_com.android.server.pm.ShortcutService$Lifecycle
01-04 15:54:40.988 535 555 D ActivityManagerTiming: OnBootPhase_1000_com.android.server.pm.ShortcutService$Lifecycle took to complete: 0ms
01-04 15:54:40.988 535 555 I ActivityManagerTiming: OnBootPhase_1000_com.android.server.pm.LauncherAppsService
01-04 15:54:40.988 535 555 D ActivityManagerTiming: OnBootPhase_1000_com.android.server.pm.LauncherAppsService took to complete: 0ms
01-04 15:54:40.988 535 555 I ActivityManagerTiming: OnBootPhase_1000_com.android.server.pm.CrossProfileAppsService
01-04 15:54:40.988 535 555 D ActivityManagerTiming: OnBootPhase_1000_com.android.server.pm.CrossProfileAppsService took to complete: 0ms
01-04 15:54:40.989 535 555 I ActivityManagerTiming: OnBootPhase_1000_com.android.server.people.PeopleService
01-04 15:54:40.989 535 555 D ActivityManagerTiming: OnBootPhase_1000_com.android.server.people.PeopleService took to complete: 0ms
01-04 15:54:40.989 535 555 I ActivityManagerTiming: OnBootPhase_1000_com.android.server.media.projection.MediaProjectionManagerService
01-04 15:54:40.989 535 555 D ActivityManagerTiming: OnBootPhase_1000_com.android.server.media.projection.MediaProjectionManagerService took to complete: 0ms
01-04 15:54:40.989 535 555 I ActivityManagerTiming: OnBootPhase_1000_com.android.server.slice.SliceManagerService$Lifecycle
01-04 15:54:40.989 535 555 D ActivityManagerTiming: OnBootPhase_1000_com.android.server.slice.SliceManagerService$Lifecycle took to complete: 0ms
01-04 15:54:40.989 535 555 I ActivityManagerTiming: OnBootPhase_1000_com.android.server.camera.CameraServiceProxy
01-04 15:54:40.989 535 555 D ActivityManagerTiming: OnBootPhase_1000_com.android.server.camera.CameraServiceProxy took to complete: 0ms
01-04 15:54:40.989 535 555 I ActivityManagerTiming: OnBootPhase_1000_com.android.server.stats.StatsCompanion$Lifecycle
01-04 15:54:40.996 535 555 D ActivityManagerTiming: OnBootPhase_1000_com.android.server.stats.StatsCompanion$Lifecycle took to complete: 7ms
01-04 15:54:40.996 535 555 I ActivityManagerTiming: OnBootPhase_1000_com.android.server.stats.pull.StatsPullAtomService
01-04 15:54:40.996 535 555 D ActivityManagerTiming: OnBootPhase_1000_com.android.server.stats.pull.StatsPullAtomService took to complete: 0ms
01-04 15:54:40.996 535 555 I ActivityManagerTiming: OnBootPhase_1000_com.android.server.incident.IncidentCompanionService
01-04 15:54:40.996 535 555 D ActivityManagerTiming: OnBootPhase_1000_com.android.server.incident.IncidentCompanionService took to complete: 0ms
01-04 15:54:40.996 535 555 I ActivityManagerTiming: OnBootPhase_1000_com.android.server.MmsServiceBroker
01-04 15:54:40.996 535 555 D ActivityManagerTiming: OnBootPhase_1000_com.android.server.MmsServiceBroker took to complete: 0ms
01-04 15:54:40.996 535 555 I ActivityManagerTiming: OnBootPhase_1000_com.android.server.autofill.AutofillManagerService
01-04 15:54:40.996 535 555 D ActivityManagerTiming: OnBootPhase_1000_com.android.server.autofill.AutofillManagerService took to complete: 0ms
01-04 15:54:40.996 535 555 I ActivityManagerTiming: OnBootPhase_1000_com.android.server.clipboard.ClipboardService
01-04 15:54:40.996 535 555 D ActivityManagerTiming: OnBootPhase_1000_com.android.server.clipboard.ClipboardService took to complete: 0ms
01-04 15:54:40.996 535 555 I ActivityManagerTiming: OnBootPhase_1000_com.android.server.appbinding.AppBindingService$Lifecycle
01-04 15:54:40.996 535 555 D ActivityManagerTiming: OnBootPhase_1000_com.android.server.appbinding.AppBindingService$Lifecycle took to complete: 0ms
01-04 15:54:40.996 535 555 I ActivityManagerTiming: OnBootPhase_1000_com.android.server.policy.PermissionPolicyService
01-04 15:54:40.996 535 555 D ActivityManagerTiming: OnBootPhase_1000_com.android.server.policy.PermissionPolicyService took to complete: 1ms
01-04 15:54:40.996 535 555 I ActivityManagerTiming: OnBootPhase_1000_com.android.server.pm.StagingManager$Lifecycle
01-04 15:54:40.996 535 555 D ActivityManagerTiming: OnBootPhase_1000_com.android.server.pm.StagingManager$Lifecycle took to complete: 0ms
01-04 15:54:40.996 535 555 D ActivityManagerTiming: OnBootPhase_1000 took to complete: 109ms
01-04 15:54:40.997 535 555 D ActivityManagerTiming: TotalBootTime took to complete: 9527ms
01-04 15:54:40.997 535 555 D SystemServerInitThreadPool: Shutdown requested
01-04 15:54:40.997 535 555 I SystemServerTiming: WaitInitThreadPoolShutdown
01-04 15:54:40.999 535 555 D SystemServerInitThreadPool: Shutdown successful
01-04 15:54:40.999 535 555 D SystemServerTiming: WaitInitThreadPoolShutdown took to complete: 2ms
01-04 15:54:41.000 469 507 I adbd : adbd_auth: received a new framework connection
01-04 15:54:41.000 469 507 I adbd : adbd_auth: received new framework fd 30 (current = -1)
01-04 15:54:41.010 535 555 I uc_finish_user_boot: 0
01-04 15:54:41.010 535 555 I ActivityManager: User 0 state changed from BOOTING to RUNNING_LOCKED
01-04 15:54:41.010 535 555 I am_user_state_changed: [0,1]
01-04 15:54:41.011 535 555 W ActivityManager: UserLifecycleEvent 4 received without an active userJourneySession.
01-04 15:54:41.013 535 555 I uc_send_user_broadcast: [0,android.intent.action.LOCKED_BOOT_COMPLETED]
01-04 15:54:41.015 535 555 D StorageManagerService: unlockUserKey: 0 isFileEncryptedNativeOrEmulated: true hasToken: false hasSecret: false
01-04 15:54:41.015 238 238 D vold : fscrypt_unlock_user_key 0 serial=0 token_present=0
01-04 15:54:41.017 238 238 D vold : Skipping non-key ..
01-04 15:54:41.017 238 238 D vold : Skipping non-key .
01-04 15:54:41.017 238 238 D vold : Trying user CE key /data/misc/vold/user_keys/ce/0/current
01-04 15:54:41.025 232 232 I hwservicemanager: getTransport: Cannot find entry android.hardware.keymaster@3.0::IKeymasterDevice/default in either framework or device manifest.
01-04 15:54:41.026 238 238 I vold : List of Keymaster HALs found:
01-04 15:54:41.026 238 238 I vold : Keymaster HAL #1: SoftwareKeymasterDevice from Google SecurityLevel: SOFTWARE HAL: android.hardware.keymaster@4.1::IKeymasterDevice/default
01-04 15:54:41.026 238 238 I vold : Using SoftwareKeymasterDevice from Google for encryption. Security level: SOFTWARE, HAL: android.hardware.keymaster@4.1::IKeymasterDevice/default
01-04 15:54:41.028 238 238 D vold : Successfully retrieved key
01-04 15:54:41.031 238 238 D vold : Installed fscrypt key with ref a2db905c7d4c4268a4ba0f52f8b429d5 to /data
01-04 15:54:41.031 238 238 D vold : Added fscrypt-provisioning key for a2db905c7d4c4268a4ba0f52f8b429d5 to session keyring
01-04 15:54:41.031 238 238 D vold : Installed ce key for user 0
01-04 15:54:41.033 535 555 I uc_finish_user_unlocking: 0
01-04 15:54:41.033 535 555 W ActivityManager: UserLifecycleEvent 5 received without an active userJourneySession.
01-04 15:54:41.033 535 555 D ActivityManager: Started unlocking user 0
01-04 15:54:41.033 535 555 D ActivityManager: Unlocking user 0 progress 0
01-04 15:54:41.033 535 555 D ActivityManager: Unlocking user 0 progress 5
01-04 15:54:41.034 535 555 E UserspaceRebootLogger: Userspace reboot is not supported.
01-04 15:54:41.036 535 562 I am_uid_running: 10107
01-04 15:54:41.037 535 562 D CompatibilityChangeReporter: Compat change id reported: 135634846; UID 10107; state: DISABLED
01-04 15:54:41.038 535 562 D CompatibilityChangeReporter: Compat change id reported: 135754954; UID 10107; state: DISABLED
01-04 15:54:41.039 535 563 D CompatibilityChangeReporter: Compat change id reported: 143937733; UID 10107; state: DISABLED
01-04 15:54:41.040 535 562 I am_wtf : [0,535,system_server,-1,UserspaceRebootLogger,Userspace reboot is not supported.]
01-04 15:54:41.047 535 535 I notification_enqueue: [1000,535,android,26,NULL,-1,Notification(channel=DEVELOPER_IMPORTANT shortcut=null contentView=null vibrate=null sound=null tick defaults=0x0 flags=0x2 color=0xff607d8b vis=PUBLIC),0]
01-04 15:54:41.048 238 333 D vold : fscrypt_prepare_user_storage for volume null, user 0, serial 0, flags 2
01-04 15:54:41.049 238 333 D vold : Preparing: /data/system_ce/0
01-04 15:54:41.049 238 333 D vold : Preparing: /data/misc_ce/0
01-04 15:54:41.049 238 333 D vold : Preparing: /data/vendor_ce/0
01-04 15:54:41.050 238 333 D vold : Preparing: /data/media/0
01-04 15:54:41.050 238 333 D vold : Preparing: /data/data
01-04 15:54:41.050 238 333 I vold : Verified that /data/system_ce/0 has the encryption policy a2db905c7d4c4268a4ba0f52f8b429d5 v2 modes 1/4 flags 0x2
01-04 15:54:41.050 238 333 I vold : Verified that /data/misc_ce/0 has the encryption policy a2db905c7d4c4268a4ba0f52f8b429d5 v2 modes 1/4 flags 0x2
01-04 15:54:41.050 238 333 I vold : Verified that /data/vendor_ce/0 has the encryption policy a2db905c7d4c4268a4ba0f52f8b429d5 v2 modes 1/4 flags 0x2
01-04 15:54:41.051 238 333 I vold : Verified that /data/media/0 has the encryption policy a2db905c7d4c4268a4ba0f52f8b429d5 v2 modes 1/4 flags 0x2
01-04 15:54:41.051 238 333 I vold : Verified that /data/data has the encryption policy a2db905c7d4c4268a4ba0f52f8b429d5 v2 modes 1/4 flags 0x2
01-04 15:54:41.051 238 333 D vold : Starting restorecon of /data/system_ce/0
01-04 15:54:41.053 535 555 D ActivityManagerTiming: FinishBooting took to complete: 166ms
01-04 15:54:41.054 535 535 I notification_enqueue: [1000,535,android,55,NULL,-1,Notification(channel=DEVELOPER shortcut=null contentView=null vibrate=null sound=null tick defaults=0x0 flags=0x2 color=0xff607d8b vis=PUBLIC),0]
01-04 15:54:41.060 535 562 I DropBoxManagerService: add tag=system_server_wtf isTagEnabled=true flags=0x2
01-04 15:54:41.065 344 344 D Zygote : Forked child process 1051
01-04 15:54:41.068 1051 1051 I Zygote : seccomp disabled by setenforce 0
01-04 15:54:41.068 0 0 F wlan : wlan0 START SCAN
01-04 15:54:41.069 1051 1051 I libc : SetHeapTaggingLevel: tag level set to 0
01-04 15:54:41.076 0 0 I init : processing action (sys.boot_completed=1) from (/system/etc/init/hw/init.rc:981)
01-04 15:54:41.077 535 554 I DropBoxManagerService: add tag=system_server_strictmode isTagEnabled=true flags=0x2
01-04 15:54:41.080 535 563 I am_proc_start: [0,1051,10107,com.android.deskclock,broadcast,{com.android.deskclock/com.android.deskclock.AlarmInitReceiver}]
01-04 15:54:41.080 535 563 I ActivityManager: Start proc 1051:com.android.deskclock/u0a107 for broadcast {com.android.deskclock/com.android.deskclock.AlarmInitReceiver}
01-04 15:54:41.089 469 512 I adbd : jdwp connection from 1051
01-04 15:54:41.089 0 0 I init : starting service 'exec 15 (/bin/rm -rf /data/per_boot)'...
01-04 15:54:41.091 238 333 D vold : Finished restorecon of /data/system_ce/0
01-04 15:54:41.091 238 333 D vold : Starting restorecon of /data/vendor_ce/0
01-04 15:54:41.096 535 555 D ColorDisplayService: setUp: currentUser=0
01-04 15:54:41.096 535 554 I DropBoxManagerService: add tag=system_server_strictmode isTagEnabled=true flags=0x2
01-04 15:54:41.099 0 0 I init : SVC_EXEC service 'exec 15 (/bin/rm -rf /data/per_boot)' pid 1049 (uid 1000 gid 1000+0 context default) started; waiting...
01-04 15:54:41.100 238 333 D vold : Finished restorecon of /data/vendor_ce/0
01-04 15:54:41.100 238 333 D vold : Starting restorecon of /data/misc_ce/0
01-04 15:54:41.104 535 554 I DropBoxManagerService: add tag=system_server_strictmode isTagEnabled=true flags=0x2
01-04 15:54:41.110 238 333 D vold : Finished restorecon of /data/misc_ce/0
01-04 15:54:41.110 238 333 D vold : /system/bin/vold_prepare_subdirs
01-04 15:54:41.110 238 333 D vold : prepare
01-04 15:54:41.110 238 333 D vold :
01-04 15:54:41.110 238 333 D vold : 0
01-04 15:54:41.110 238 333 D vold : 2
01-04 15:54:41.110 535 591 I am_proc_bound: [0,1051,com.android.deskclock]
01-04 15:54:41.113 535 554 I DropBoxManagerService: add tag=system_server_strictmode isTagEnabled=true flags=0x2
01-04 15:54:41.130 1051 1051 D ApplicationLoaders: Returning zygote-cached class loader: /system/framework/android.test.base.jar
01-04 15:54:41.131 1051 1051 D ApplicationLoaders: Returning zygote-cached class loader: /system/framework/android.hidl.base-V1.0-java.jar
01-04 15:54:41.131 1051 1051 D ApplicationLoaders: Returning zygote-cached class loader: /system/framework/android.hidl.manager-V1.0-java.jar
01-04 15:54:41.131 1051 1051 D ApplicationLoaders: Returning zygote-cached class loader: /system/framework/android.hidl.base-V1.0-java.jar
01-04 15:54:41.134 1051 1051 I droid.deskcloc: The ClassLoaderContext is a special shared library.
01-04 15:54:41.136 1071 1071 D vold_prepare_subdirs: Setting up mode 700 uid 0 gid 0 context u:object_r:vold_data_file:s0 on path: /data/misc_ce/0/vold
01-04 15:54:41.138 1071 1071 D vold_prepare_subdirs: Setting up mode 700 uid 0 gid 0 context u:object_r:storaged_data_file:s0 on path: /data/misc_ce/0/storaged
01-04 15:54:41.139 1071 1071 D vold_prepare_subdirs: Setting up mode 700 uid 0 gid 0 context u:object_r:rollback_data_file:s0 on path: /data/misc_ce/0/rollback
01-04 15:54:41.140 1071 1071 D vold_prepare_subdirs: Setting up mode 700 uid 0 gid 0 context u:object_r:apex_rollback_data_file:s0 on path: /data/misc_ce/0/apexrollback
01-04 15:54:41.141 1071 1071 D vold_prepare_subdirs: Setting up mode 711 uid 0 gid 0 context u:object_r:apex_module_data_file:s0 on path: /data/misc_ce/0/apexdata
01-04 15:54:41.142 1071 1071 D vold_prepare_subdirs: Setting up mode 771 uid 0 gid 1000 context u:object_r:apex_permission_data_file:s0 on path: /data/misc_ce/0/apexdata/com.android.permission
01-04 15:54:41.144 1071 1071 D vold_prepare_subdirs: Setting up mode 771 uid 0 gid 1000 context u:object_r:apex_wifi_data_file:s0 on path: /data/misc_ce/0/apexdata/com.android.wifi
01-04 15:54:41.144 0 0 I selinux : SELinux: Skipping restorecon on directory(/data/system_ce/0)
01-04 15:54:41.145 1071 1071 D vold_prepare_subdirs: Setting up mode 771 uid 0 gid 1000 context u:object_r:apex_module_data_file:s0 on path: /data/misc_ce/0/apexdata/com.android.tethering
01-04 15:54:41.146 1071 1071 D vold_prepare_subdirs: Setting up mode 771 uid 0 gid 1000 context u:object_r:apex_module_data_file:s0 on path: /data/misc_ce/0/apexdata/com.android.cellbroadcast
01-04 15:54:41.147 1071 1071 D vold_prepare_subdirs: Setting up mode 771 uid 0 gid 1000 context u:object_r:apex_module_data_file:s0 on path: /data/misc_ce/0/apexdata/com.android.extservices
01-04 15:54:41.148 1051 1051 I droid.deskcloc: The ClassLoaderContext is a special shared library.
01-04 15:54:41.148 1071 1071 D vold_prepare_subdirs: Setting up mode 771 uid 0 gid 1000 context u:object_r:apex_module_data_file:s0 on path: /data/misc_ce/0/apexdata/com.android.media
01-04 15:54:41.149 1051 1051 D nativeloader: classloader namespace configured for unbundled product apk. library_path=/product/app/DeskClock/lib/arm64:/product/lib64:/system/product/lib64
01-04 15:54:41.149 1071 1071 D vold_prepare_subdirs: Setting up mode 771 uid 0 gid 1000 context u:object_r:apex_module_data_file:s0 on path: /data/misc_ce/0/apexdata/com.android.apex.cts.shim
01-04 15:54:41.150 0 0 I init : Service 'exec 15 (/bin/rm -rf /data/per_boot)' (pid 1049) exited with status 0 waiting took 0.051000 seconds
01-04 15:54:41.150 1071 1071 D vold_prepare_subdirs: Setting up mode 771 uid 0 gid 1000 context u:object_r:apex_module_data_file:s0 on path: /data/misc_ce/0/apexdata/com.android.adbd
01-04 15:54:41.151 1071 1071 D vold_prepare_subdirs: Setting up mode 771 uid 0 gid 1000 context u:object_r:apex_module_data_file:s0 on path: /data/misc_ce/0/apexdata/com.android.conscrypt
01-04 15:54:41.152 1071 1071 D vold_prepare_subdirs: Setting up mode 771 uid 0 gid 1000 context u:object_r:apex_module_data_file:s0 on path: /data/misc_ce/0/apexdata/com.android.ipsec
01-04 15:54:41.153 1071 1071 D vold_prepare_subdirs: Setting up mode 771 uid 0 gid 1000 context u:object_r:apex_module_data_file:s0 on path: /data/misc_ce/0/apexdata/com.android.neuralnetworks
01-04 15:54:41.154 1071 1071 D vold_prepare_subdirs: Setting up mode 771 uid 0 gid 1000 context u:object_r:apex_module_data_file:s0 on path: /data/misc_ce/0/apexdata/com.android.resolv
01-04 15:54:41.156 1071 1071 D vold_prepare_subdirs: Setting up mode 771 uid 0 gid 1000 context u:object_r:apex_module_data_file:s0 on path: /data/misc_ce/0/apexdata/com.android.media.swcodec
01-04 15:54:41.156 0 0 I selinux :
01-04 15:54:41.157 1071 1071 D vold_prepare_subdirs: Setting up mode 771 uid 0 gid 1000 context u:object_r:apex_module_data_file:s0 on path: /data/misc_ce/0/apexdata/com.android.sdkext
01-04 15:54:41.158 1071 1071 D vold_prepare_subdirs: Setting up mode 771 uid 0 gid 1000 context u:object_r:apex_module_data_file:s0 on path: /data/misc_ce/0/apexdata/com.android.mediaprovider
01-04 15:54:41.159 1071 1071 D vold_prepare_subdirs: Setting up mode 771 uid 0 gid 1000 context u:object_r:apex_module_data_file:s0 on path: /data/misc_ce/0/apexdata/com.android.art
01-04 15:54:41.160 1075 1075 I bootstat: Service started: /system/bin/bootstat --record_boot_complete --record_boot_reason --record_time_since_factory_reset -l
01-04 15:54:41.160 1071 1071 D vold_prepare_subdirs: Setting up mode 771 uid 0 gid 1000 context u:object_r:apex_module_data_file:s0 on path: /data/misc_ce/0/apexdata/com.android.tzdata
01-04 15:54:41.161 1075 1075 E bootstat: Failed to read /data/misc/bootstat/post_decrypt_time_elapsed: No such file or directory
01-04 15:54:41.161 1075 1075 E bootstat: Failed to parse boot time record: /data/misc/bootstat/post_decrypt_time_elapsed
01-04 15:54:41.161 1071 1071 D vold_prepare_subdirs: Setting up mode 771 uid 0 gid 1000 context u:object_r:apex_module_data_file:s0 on path: /data/misc_ce/0/apexdata/com.android.runtime
01-04 15:54:41.162 1071 1071 D vold_prepare_subdirs: Setting up mode 771 uid 0 gid 1000 context u:object_r:apex_module_data_file:s0 on path: /data/misc_ce/0/apexdata/com.android.vndk.v30
01-04 15:54:41.163 1071 1071 D vold_prepare_subdirs: Setting up mode 771 uid 0 gid 1000 context u:object_r:apex_module_data_file:s0 on path: /data/misc_ce/0/apexdata/com.android.os.statsd
01-04 15:54:41.164 0 0 I init : Sending signal 9 to service 'exec 15 (/bin/rm -rf /data/per_boot)' (pid 1049) process group...
01-04 15:54:41.164 1071 1071 D vold_prepare_subdirs: Setting up mode 771 uid 0 gid 1000 context u:object_r:apex_module_data_file:s0 on path: /data/misc_ce/0/apexdata/com.android.i18n
01-04 15:54:41.165 1071 1071 D vold_prepare_subdirs: Setting up mode 700 uid 1000 gid 1000 context u:object_r:backup_data_file:s0 on path: /data/system_ce/0/backup
01-04 15:54:41.166 1075 1075 W bootstat: LogBootEvents, atomInfo not defined for events:boottime.bootloader.KD,boot_reason,boottime.bootloader.ODT,ro.boottime.init.cold_boot_wait,system_boot_reason,time_since_last_boot,build_date,last_boot_time_utc,boottime.bootloader.AVB
