01-04 15:54:35.925 535 535 D SystemServerTiming: OnBootPhase_600_com.android.server.DockObserver took to complete: 0ms
01-04 15:54:35.925 535 535 I SystemServerTiming: OnBootPhase_600_com.android.server.midi.MidiService$Lifecycle
01-04 15:54:35.925 535 535 D SystemServerTiming: OnBootPhase_600_com.android.server.midi.MidiService$Lifecycle took to complete: 0ms
01-04 15:54:35.925 535 535 I SystemServerTiming: OnBootPhase_600_com.android.server.adb.AdbService$Lifecycle
01-04 15:54:35.925 535 535 D SystemServerTiming: OnBootPhase_600_com.android.server.adb.AdbService$Lifecycle took to complete: 0ms
01-04 15:54:35.925 535 535 I SystemServerTiming: OnBootPhase_600_com.android.server.usb.UsbService$Lifecycle
01-04 15:54:35.925 535 535 D SystemServerTiming: OnBootPhase_600_com.android.server.usb.UsbService$Lifecycle took to complete: 0ms
01-04 15:54:35.925 535 535 I SystemServerTiming: OnBootPhase_600_com.android.server.twilight.TwilightService
01-04 15:54:35.925 365 365 D Gnss : Gnss::getExtensionVisibilityControl
01-04 15:54:35.925 535 535 D SystemServerTiming: OnBootPhase_600_com.android.server.twilight.TwilightService took to complete: 0ms
01-04 15:54:35.925 535 535 I SystemServerTiming: OnBootPhase_600_com.android.server.display.color.ColorDisplayService
01-04 15:54:35.925 535 535 D SystemServerTiming: OnBootPhase_600_com.android.server.display.color.ColorDisplayService took to complete: 0ms
01-04 15:54:35.925 535 535 I SystemServerTiming: OnBootPhase_600_com.android.server.job.JobSchedulerService
01-04 15:54:35.926 365 365 D Gnss : Gnss::setCallback_2_0
01-04 15:54:35.926 459 520 V C2Store : in ~ComponentModule
01-04 15:54:35.926 459 520 V C2Store : unloading dll
01-04 15:54:35.926 459 520 V C2Store : in init
01-04 15:54:35.926 459 520 V C2Store : loading dll
01-04 15:54:35.927 535 535 D SystemServerTiming: OnBootPhase_600_com.android.server.job.JobSchedulerService took to complete: 2ms
01-04 15:54:35.928 535 535 I SystemServerTiming: OnBootPhase_600_com.android.server.soundtrigger.SoundTriggerService
01-04 15:54:35.928 535 535 D SoundTriggerService: onBootPhase: 600 : false
01-04 15:54:35.928 535 535 D SystemServerTiming: OnBootPhase_600_com.android.server.soundtrigger.SoundTriggerService took to complete: 0ms
01-04 15:54:35.928 535 535 I SystemServerTiming: OnBootPhase_600_com.android.server.trust.TrustManagerService
01-04 15:54:35.929 535 535 D SystemServerTiming: OnBootPhase_600_com.android.server.trust.TrustManagerService took to complete: 1ms
01-04 15:54:35.929 535 535 I SystemServerTiming: OnBootPhase_600_com.android.server.backup.BackupManagerService$Lifecycle
01-04 15:54:35.929 535 535 D SystemServerTiming: OnBootPhase_600_com.android.server.backup.BackupManagerService$Lifecycle took to complete: 0ms
01-04 15:54:35.930 535 535 I SystemServerTiming: OnBootPhase_600_com.android.server.appwidget.AppWidgetService
01-04 15:54:35.930 535 535 D SystemServerTiming: OnBootPhase_600_com.android.server.appwidget.AppWidgetService took to complete: 0ms
01-04 15:54:35.930 535 535 I SystemServerTiming: OnBootPhase_600_com.android.server.role.RoleManagerService
01-04 15:54:35.930 535 535 D SystemServerTiming: OnBootPhase_600_com.android.server.role.RoleManagerService took to complete: 0ms
01-04 15:54:35.930 535 535 I SystemServerTiming: OnBootPhase_600_com.android.server.voiceinteraction.VoiceInteractionManagerService
01-04 15:54:35.931 535 535 D SystemServerTiming: OnBootPhase_600_com.android.server.voiceinteraction.VoiceInteractionManagerService took to complete: 1ms
01-04 15:54:35.931 535 535 I SystemServerTiming: OnBootPhase_600_com.android.server.GestureLauncherService
01-04 15:54:35.933 459 520 I mediaswcodec: missing struct descriptor #Param::CoreIndex(--004) for field values of struct #Param::CoreIndex(F-12004)
01-04 15:54:35.933 535 535 D SystemServerTiming: OnBootPhase_600_com.android.server.GestureLauncherService took to complete: 2ms
01-04 15:54:35.933 535 535 I SystemServerTiming: OnBootPhase_600_com.android.server.SensorNotificationService
01-04 15:54:35.934 535 535 D SystemServerTiming: OnBootPhase_600_com.android.server.SensorNotificationService took to complete: 1ms
01-04 15:54:35.934 535 535 I SystemServerTiming: OnBootPhase_600_com.android.server.emergency.EmergencyAffordanceService
01-04 15:54:35.935 459 520 V C2Store : in ~ComponentModule
01-04 15:54:35.935 459 520 V C2Store : unloading dll
01-04 15:54:35.935 459 520 V C2Store : in init
01-04 15:54:35.935 459 520 V C2Store : loading dll
01-04 15:54:35.938 365 365 D GnssConfiguration: setEsExtensionSec emergencyExtensionSeconds: 0
01-04 15:54:35.939 535 535 D TelephonyRegistry: listen oscl: mHasNotifySubscriptionInfoChangedOccurred==false no callback
01-04 15:54:35.941 535 535 D SystemServerTiming: OnBootPhase_600_com.android.server.emergency.EmergencyAffordanceService took to complete: 7ms
01-04 15:54:35.941 535 535 I SystemServerTiming: OnBootPhase_600_com.android.server.dreams.DreamManagerService
01-04 15:54:35.944 535 535 D SystemServerTiming: OnBootPhase_600_com.android.server.dreams.DreamManagerService took to complete: 3ms
01-04 15:54:35.944 535 535 I SystemServerTiming: OnBootPhase_600_com.android.server.print.PrintManagerService
01-04 15:54:35.944 535 535 D SystemServerTiming: OnBootPhase_600_com.android.server.print.PrintManagerService took to complete: 0ms
01-04 15:54:35.944 535 535 I SystemServerTiming: OnBootPhase_600_com.android.server.companion.CompanionDeviceManagerService
01-04 15:54:35.944 535 535 D SystemServerTiming: OnBootPhase_600_com.android.server.companion.CompanionDeviceManagerService took to complete: 0ms
01-04 15:54:35.944 535 535 I SystemServerTiming: OnBootPhase_600_com.android.server.restrictions.RestrictionsManagerService
01-04 15:54:35.944 535 535 D SystemServerTiming: OnBootPhase_600_com.android.server.restrictions.RestrictionsManagerService took to complete: 0ms
01-04 15:54:35.944 535 535 I SystemServerTiming: OnBootPhase_600_com.android.server.media.MediaSessionService
01-04 15:54:35.944 535 535 D SystemServerTiming: OnBootPhase_600_com.android.server.media.MediaSessionService took to complete: 0ms
01-04 15:54:35.944 535 535 I SystemServerTiming: OnBootPhase_600_com.android.server.blob.BlobStoreManagerService
01-04 15:54:35.949 459 520 V C2Store : in ~ComponentModule
01-04 15:54:35.949 459 520 V C2Store : unloading dll
01-04 15:54:35.949 459 520 V C2Store : in init
01-04 15:54:35.949 459 520 V C2Store : loading dll
01-04 15:54:35.950 365 365 D AGnss : setServer: type: SUPL, hostname: supl.google.com, port: 7275
01-04 15:54:35.952 535 619 D ConnectivityService: NetReassign [no changes]
01-04 15:54:35.953 459 520 V C2Store : in ~ComponentModule
01-04 15:54:35.954 459 520 V C2Store : unloading dll
01-04 15:54:35.954 459 520 V C2Store : in init
01-04 15:54:35.954 459 520 V C2Store : loading dll
01-04 15:54:35.954 345 345 D Zygote : Forked child process 700
01-04 15:54:35.957 535 535 D SystemServerTiming: OnBootPhase_600_com.android.server.blob.BlobStoreManagerService took to complete: 13ms
01-04 15:54:35.957 535 535 I SystemServerTiming: OnBootPhase_600_com.android.server.media.MediaResourceMonitorService
01-04 15:54:35.957 535 535 D SystemServerTiming: OnBootPhase_600_com.android.server.media.MediaResourceMonitorService took to complete: 0ms
01-04 15:54:35.957 535 563 W ActivityManager: Slow operation: 202ms so far, now at startProcess: returned from zygote!
01-04 15:54:35.958 535 563 W ActivityManager: Slow operation: 203ms so far, now at startProcess: done updating battery stats
01-04 15:54:35.958 459 520 V C2Store : in ~ComponentModule
01-04 15:54:35.958 535 563 I am_proc_start: [0,700,1037,WebViewLoader-armeabi-v7a,NULL,]
01-04 15:54:35.958 459 520 V C2Store : unloading dll
01-04 15:54:35.958 700 700 I Zygote : seccomp disabled by setenforce 0
01-04 15:54:35.958 535 563 W ActivityManager: Slow operation: 203ms so far, now at startProcess: building log message
01-04 15:54:35.958 459 520 V C2Store : in init
01-04 15:54:35.958 459 520 V C2Store : loading dll
01-04 15:54:35.958 535 563 I ActivityManager: Start proc 700:WebViewLoader-armeabi-v7a/1037 [android.webkit.WebViewLibraryLoader$RelroFileCreator] for null
01-04 15:54:35.958 535 563 W ActivityManager: Slow operation: 203ms so far, now at startProcess: starting to update pids map
01-04 15:54:35.958 535 563 W ActivityManager: Slow operation: 203ms so far, now at startProcess: done updating pids map
01-04 15:54:35.958 535 563 W ActivityManager: Slow operation: 202ms so far, now at startProcess: asking zygote to start proc
01-04 15:54:35.962 535 535 I SystemServerTiming: OnBootPhase_600_com.android.server.biometrics.BiometricService
01-04 15:54:35.962 535 535 D SystemServerTiming: OnBootPhase_600_com.android.server.biometrics.BiometricService took to complete: 0ms
01-04 15:54:35.962 535 535 I SystemServerTiming: OnBootPhase_600_com.android.server.biometrics.AuthService
01-04 15:54:35.962 459 520 V C2Store : in ~ComponentModule
01-04 15:54:35.962 535 535 D SystemServerTiming: OnBootPhase_600_com.android.server.biometrics.AuthService took to complete: 0ms
01-04 15:54:35.962 459 520 V C2Store : unloading dll
01-04 15:54:35.962 535 535 I SystemServerTiming: OnBootPhase_600_com.android.server.pm.ShortcutService$Lifecycle
01-04 15:54:35.962 535 535 D SystemServerTiming: OnBootPhase_600_com.android.server.pm.ShortcutService$Lifecycle took to complete: 0ms
01-04 15:54:35.962 535 535 I SystemServerTiming: OnBootPhase_600_com.android.server.pm.LauncherAppsService
01-04 15:54:35.962 535 535 D SystemServerTiming: OnBootPhase_600_com.android.server.pm.LauncherAppsService took to complete: 0ms
01-04 15:54:35.962 459 520 V C2Store : in init
01-04 15:54:35.962 535 535 I SystemServerTiming: OnBootPhase_600_com.android.server.pm.CrossProfileAppsService
01-04 15:54:35.962 459 520 V C2Store : loading dll
01-04 15:54:35.962 535 535 D SystemServerTiming: OnBootPhase_600_com.android.server.pm.CrossProfileAppsService took to complete: 0ms
01-04 15:54:35.962 535 535 I SystemServerTiming: OnBootPhase_600_com.android.server.people.PeopleService
01-04 15:54:35.962 535 535 D SystemServerTiming: OnBootPhase_600_com.android.server.people.PeopleService took to complete: 0ms
01-04 15:54:35.962 535 535 I SystemServerTiming: OnBootPhase_600_com.android.server.media.projection.MediaProjectionManagerService
01-04 15:54:35.962 535 535 D SystemServerTiming: OnBootPhase_600_com.android.server.media.projection.MediaProjectionManagerService took to complete: 0ms
01-04 15:54:35.962 535 535 I SystemServerTiming: OnBootPhase_600_com.android.server.slice.SliceManagerService$Lifecycle
01-04 15:54:35.962 535 535 D SystemServerTiming: OnBootPhase_600_com.android.server.slice.SliceManagerService$Lifecycle took to complete: 0ms
01-04 15:54:35.962 535 535 I SystemServerTiming: OnBootPhase_600_com.android.server.camera.CameraServiceProxy
01-04 15:54:35.962 535 535 D SystemServerTiming: OnBootPhase_600_com.android.server.camera.CameraServiceProxy took to complete: 0ms
01-04 15:54:35.962 535 535 I SystemServerTiming: OnBootPhase_600_com.android.server.stats.StatsCompanion$Lifecycle
01-04 15:54:35.964 700 700 W WebViewLoader-: Using default instruction set features for ARM CPU variant (cortex-a9) using conservative defaults
01-04 15:54:35.965 365 365 D Gnss : Gnss::setCallback_2_0
01-04 15:54:35.970 365 365 D AGnss : setServer: type: SUPL, hostname: supl.google.com, port: 7275
01-04 15:54:35.971 365 365 D GnssVisibilityControl: enableNfwLocationAccess proxyApps:
01-04 15:54:35.980 469 512 I adbd : jdwp connection from 700
01-04 15:54:35.982 459 520 V C2Store : in ~ComponentModule
01-04 15:54:35.982 459 520 V C2Store : unloading dll
01-04 15:54:35.982 459 520 V C2Store : in init
01-04 15:54:35.982 459 520 V C2Store : loading dll
01-04 15:54:35.988 459 520 V C2Store : in ~ComponentModule
01-04 15:54:35.988 459 520 V C2Store : unloading dll
01-04 15:54:35.988 459 520 V C2Store : in init
01-04 15:54:35.988 459 520 V C2Store : loading dll
01-04 15:54:35.993 535 549 I am_proc_bound: [0,700,WebViewLoader-armeabi-v7a]
01-04 15:54:35.995 459 520 V C2Store : in ~ComponentModule
01-04 15:54:35.995 459 520 V C2Store : unloading dll
01-04 15:54:35.995 459 520 V C2Store : in init
01-04 15:54:35.995 459 520 V C2Store : loading dll
01-04 15:54:35.996 535 549 I am_uid_active: 1037
01-04 15:54:35.996 344 344 D Zygote : Forked child process 722
01-04 15:54:35.999 535 563 W ActivityManager: Slow operation: 242ms so far, now at startProcess: returned from zygote!
01-04 15:54:36.000 535 563 W ActivityManager: Slow operation: 243ms so far, now at startProcess: done updating battery stats
01-04 15:54:36.000 535 563 I am_proc_start: [0,722,1037,WebViewLoader-arm64-v8a,NULL,]
01-04 15:54:36.000 535 563 W ActivityManager: Slow operation: 243ms so far, now at startProcess: building log message
01-04 15:54:36.000 535 563 I ActivityManager: Start proc 722:WebViewLoader-arm64-v8a/1037 [android.webkit.WebViewLibraryLoader$RelroFileCreator] for null
01-04 15:54:36.000 535 563 W ActivityManager: Slow operation: 243ms so far, now at startProcess: starting to update pids map
01-04 15:54:36.001 535 563 W ActivityManager: Slow operation: 244ms so far, now at startProcess: done updating pids map
01-04 15:54:36.003 700 700 V WebViewLibraryLoader: RelroFileCreator (64bit = false), package: com.android.webview library: libwebviewchromium.so
01-04 15:54:36.006 722 722 I Zygote : seccomp disabled by setenforce 0
01-04 15:54:36.007 722 722 I libc : SetHeapTaggingLevel: tag level set to 0
01-04 15:54:36.011 535 535 D SystemServerTiming: OnBootPhase_600_com.android.server.stats.StatsCompanion$Lifecycle took to complete: 48ms
01-04 15:54:36.011 535 535 I SystemServerTiming: OnBootPhase_600_com.android.server.stats.pull.StatsPullAtomService
01-04 15:54:36.011 535 535 D SystemServerTiming: OnBootPhase_600_com.android.server.stats.pull.StatsPullAtomService took to complete: 0ms
01-04 15:54:36.011 535 535 I SystemServerTiming: OnBootPhase_600_com.android.server.incident.IncidentCompanionService
01-04 15:54:36.011 535 535 D SystemServerTiming: OnBootPhase_600_com.android.server.incident.IncidentCompanionService took to complete: 0ms
01-04 15:54:36.011 535 535 I SystemServerTiming: OnBootPhase_600_com.android.server.MmsServiceBroker
01-04 15:54:36.011 535 561 D StatsPullAtomService: Registering NetworkStats pullers with statsd
01-04 15:54:36.011 535 535 D SystemServerTiming: OnBootPhase_600_com.android.server.MmsServiceBroker took to complete: 0ms
01-04 15:54:36.011 535 535 I SystemServerTiming: OnBootPhase_600_com.android.server.autofill.AutofillManagerService
01-04 15:54:36.014 535 535 D SystemServerTiming: OnBootPhase_600_com.android.server.autofill.AutofillManagerService took to complete: 3ms
01-04 15:54:36.014 535 535 I SystemServerTiming: OnBootPhase_600_com.android.server.clipboard.ClipboardService
01-04 15:54:36.014 535 535 D SystemServerTiming: OnBootPhase_600_com.android.server.clipboard.ClipboardService took to complete: 0ms
01-04 15:54:36.014 535 535 I SystemServerTiming: OnBootPhase_600_com.android.server.appbinding.AppBindingService$Lifecycle
01-04 15:54:36.015 535 535 D SystemServerTiming: OnBootPhase_600_com.android.server.appbinding.AppBindingService$Lifecycle took to complete: 0ms
01-04 15:54:36.015 535 535 I SystemServerTiming: OnBootPhase_600_com.android.server.policy.PermissionPolicyService
01-04 15:54:36.015 535 535 D SystemServerTiming: OnBootPhase_600_com.android.server.policy.PermissionPolicyService took to complete: 0ms
01-04 15:54:36.015 535 535 I SystemServerTiming: OnBootPhase_600_com.android.server.pm.StagingManager$Lifecycle
01-04 15:54:36.015 535 535 D SystemServerTiming: OnBootPhase_600_com.android.server.pm.StagingManager$Lifecycle took to complete: 0ms
01-04 15:54:36.015 459 520 V C2Store : in ~ComponentModule
01-04 15:54:36.015 535 535 D SystemServerTiming: OnBootPhase_600 took to complete: 127ms
01-04 15:54:36.015 535 535 D SystemServerTiming: PhaseThirdPartyAppsCanStart took to complete: 127ms
01-04 15:54:36.015 459 520 V C2Store : unloading dll
01-04 15:54:36.015 535 535 I SystemServerTiming: StartNetworkStack
01-04 15:54:36.015 459 520 V C2Store : in init
01-04 15:54:36.015 459 520 V C2Store : loading dll
01-04 15:54:36.015 535 535 D ConnectivityModuleConnector: Starting networking module android.net.INetworkStackConnector
01-04 15:54:36.016 535 535 D ConnectivityModuleConnector: Starting networking module in network_stack process
01-04 15:54:36.018 469 512 I adbd : jdwp connection from 722
01-04 15:54:36.022 459 520 I mediaswcodec: missing struct descriptor #Param::CoreIndex(--004) for field values of struct #Param::CoreIndex(F-12004)
01-04 15:54:36.023 459 520 D C2SoftHevcEnc: Given level 6000 does not cover current configuration: adjusting to 6001
01-04 15:54:36.023 459 520 V C2Store : in ~ComponentModule
01-04 15:54:36.024 459 520 V C2Store : unloading dll
01-04 15:54:36.024 459 520 V C2Store : in init
01-04 15:54:36.024 459 520 V C2Store : loading dll
01-04 15:54:36.027 535 535 I am_uid_running: 1073
01-04 15:54:36.029 535 535 D CompatibilityChangeReporter: Compat change id reported: 135634846; UID 1073; state: DISABLED
01-04 15:54:36.029 535 535 D CompatibilityChangeReporter: Compat change id reported: 135754954; UID 1073; state: ENABLED
01-04 15:54:36.030 535 535 D ConnectivityModuleConnector: Networking module service start requested
01-04 15:54:36.030 535 591 I am_proc_bound: [0,722,WebViewLoader-arm64-v8a]
01-04 15:54:36.030 672 672 D NetworkSecurityConfig: No Network Security Config specified, using platform default
01-04 15:54:36.030 535 535 D SystemServerTiming: StartNetworkStack took to complete: 15ms
01-04 15:54:36.030 535 535 I SystemServerTiming: StartTethering
01-04 15:54:36.030 535 535 D ConnectivityModuleConnector: Starting networking module android.net.ITetheringConnector
01-04 15:54:36.031 672 672 D NetworkSecurityConfig: No Network Security Config specified, using platform default
01-04 15:54:36.031 535 535 D ConnectivityModuleConnector: Starting networking module in network_stack process
01-04 15:54:36.043 459 520 V C2Store : in ~ComponentModule
01-04 15:54:36.043 459 520 V C2Store : unloading dll
01-04 15:54:36.043 459 520 V C2Store : in init
01-04 15:54:36.043 459 520 V C2Store : loading dll
01-04 15:54:36.044 344 344 D Zygote : Forked child process 744
01-04 15:54:36.046 672 672 V SystemUIService: SystemUIApplication constructed.
01-04 15:54:36.050 700 700 I WebViewLoader-: The ClassLoaderContext is a special shared library.
01-04 15:54:36.052 744 744 I Zygote : seccomp disabled by setenforce 0
01-04 15:54:36.052 700 700 D nativeloader: classloader namespace configured for unbundled product apk. library_path=/product/app/webview/lib/arm:/product/app/webview/webview.apk!/lib/armeabi-v7a:/product/lib:/system/product/lib
01-04 15:54:36.058 459 520 V C2Store : in ~ComponentModule
01-04 15:54:36.059 459 520 V C2Store : unloading dll
01-04 15:54:36.059 459 520 V C2Store : in init
01-04 15:54:36.059 459 520 V C2Store : loading dll
01-04 15:54:36.065 722 722 V WebViewLibraryLoader: RelroFileCreator (64bit = true), package: com.android.webview library: libwebviewchromium.so
01-04 15:54:36.065 535 535 D ConnectivityModuleConnector: Networking module service start requested
01-04 15:54:36.065 535 535 D SystemServerTiming: StartTethering took to complete: 35ms
01-04 15:54:36.065 535 563 I am_proc_start: [0,744,1073,com.android.networkstack.process,service,{com.android.networkstack/com.android.server.NetworkStackService}]
01-04 15:54:36.065 535 535 I SystemServerTiming: MakeCountryDetectionServiceReady
01-04 15:54:36.066 535 535 D SystemServerTiming: MakeCountryDetectionServiceReady took to complete: 0ms
01-04 15:54:36.066 459 520 V C2Store : in ~ComponentModule
01-04 15:54:36.066 535 535 I SystemServerTiming: MakeNetworkTimeUpdateReady
01-04 15:54:36.066 459 520 V C2Store : unloading dll
01-04 15:54:36.066 459 520 V C2Store : in init
01-04 15:54:36.066 459 520 V C2Store : loading dll
01-04 15:54:36.067 535 563 I ActivityManager: Start proc 744:com.android.networkstack.process/1073 for service {com.android.networkstack/com.android.server.NetworkStackService}
01-04 15:54:36.067 535 553 I dvm_lock_sample: [system_server,1,android.ui,6,ActivityManagerService.java,3334,void com.android.server.am.ActivityManagerService.dispatchProcessesChanged(),,0,null,1]
01-04 15:54:36.069 469 512 I adbd : jdwp connection from 744
01-04 15:54:36.070 535 535 D ConnectivityService: requestNetwork for uid/pid:1000/535 NetworkRequest [ TRACK_DEFAULT id=9, [ Capabilities: INTERNET&NOT_RESTRICTED&TRUSTED Uid: 1000 AdministratorUids: [] RequestorUid: 1000 RequestorPackageName: android] ]
01-04 15:54:36.071 535 619 D ConnectivityService: NetReassign [no changes]
01-04 15:54:36.071 535 535 D SystemServerTiming: MakeNetworkTimeUpdateReady took to complete: 5ms
01-04 15:54:36.071 535 535 I SystemServerTiming: MakeInputManagerServiceReady
01-04 15:54:36.072 535 561 I netstats_mobile_sample: [0,0,0,0,0,0,0,0,0,0,0,0,1641291876072]
01-04 15:54:36.072 535 561 I netstats_wifi_sample: [0,0,0,0,0,0,0,0,0,0,0,0,1641291876072]
01-04 15:54:36.074 459 520 V C2Store : in ~ComponentModule
01-04 15:54:36.074 459 520 V C2Store : unloading dll
01-04 15:54:36.074 459 520 V C2Store : in init
01-04 15:54:36.074 459 520 V C2Store : loading dll
01-04 15:54:36.077 535 591 W StorageManagerService: No primary storage defined yet; hacking together a stub
01-04 15:54:36.085 535 535 D SystemServerTiming: MakeInputManagerServiceReady took to complete: 13ms
01-04 15:54:36.085 535 535 I SystemServerTiming: MakeTelephonyRegistryReady
01-04 15:54:36.085 535 535 D TelephonyRegistry: systemRunning register for intents
01-04 15:54:36.085 535 535 D SystemServerTiming: MakeTelephonyRegistryReady took to complete: 0ms
01-04 15:54:36.085 535 535 I SystemServerTiming: MakeMediaRouterServiceReady
01-04 15:54:36.086 535 535 D SystemServerTiming: MakeMediaRouterServiceReady took to complete: 1ms
01-04 15:54:36.086 535 535 I SystemServerTiming: MakeMmsServiceReady
01-04 15:54:36.086 535 535 I MmsServiceBroker: Delay connecting to MmsService until an API is called
01-04 15:54:36.086 535 535 D SystemServerTiming: MakeMmsServiceReady took to complete: 0ms
01-04 15:54:36.086 535 535 I SystemServerTiming: IncidentDaemonReady
01-04 15:54:36.089 535 535 D SystemServerTiming: IncidentDaemonReady took to complete: 3ms
01-04 15:54:36.090 535 535 I SystemServerTiming: MakeIncrementalServiceReady
01-04 15:54:36.090 535 535 D SystemServerTiming: MakeIncrementalServiceReady took to complete: 0ms
01-04 15:54:36.090 535 535 I SystemServerTiming: getCurrentUser
01-04 15:54:36.090 535 535 I ActivityManager: Current user:0
01-04 15:54:36.090 535 535 D SystemServerTiming: getCurrentUser took to complete: 0ms
01-04 15:54:36.090 535 535 I SystemServerTiming: ActivityManagerStartApps
01-04 15:54:36.090 535 535 I SystemServerTiming: ssm.StartUser-0
01-04 15:54:36.090 535 535 I SystemServiceManager: Calling onStartUser 0
01-04 15:54:36.090 535 535 I SystemServerTiming: ssm.onStartUser-0_com.android.server.security.FileIntegrityService
01-04 15:54:36.091 535 535 D SystemServerTiming: ssm.onStartUser-0_com.android.server.security.FileIntegrityService took to complete: 0ms
01-04 15:54:36.091 535 535 I SystemServerTiming: ssm.onStartUser-0_com.android.server.pm.Installer
01-04 15:54:36.091 535 535 D SystemServerTiming: ssm.onStartUser-0_com.android.server.pm.Installer took to complete: 0ms
01-04 15:54:36.091 535 535 I SystemServerTiming: ssm.onStartUser-0_com.android.server.os.DeviceIdentifiersPolicyService
01-04 15:54:36.091 535 535 D SystemServerTiming: ssm.onStartUser-0_com.android.server.os.DeviceIdentifiersPolicyService took to complete: 0ms
01-04 15:54:36.091 535 535 I SystemServerTiming: ssm.onStartUser-0_com.android.server.uri.UriGrantsManagerService$Lifecycle
01-04 15:54:36.091 535 535 D SystemServerTiming: ssm.onStartUser-0_com.android.server.uri.UriGrantsManagerService$Lifecycle took to complete: 0ms
01-04 15:54:36.091 535 535 I SystemServerTiming: ssm.onStartUser-0_com.android.server.wm.ActivityTaskManagerService$Lifecycle
01-04 15:54:36.091 535 535 D SystemServerTiming: ssm.onStartUser-0_com.android.server.wm.ActivityTaskManagerService$Lifecycle took to complete: 0ms
01-04 15:54:36.091 535 535 I SystemServerTiming: ssm.onStartUser-0_com.android.server.am.ActivityManagerService$Lifecycle
01-04 15:54:36.091 535 535 D SystemServerTiming: ssm.onStartUser-0_com.android.server.am.ActivityManagerService$Lifecycle took to complete: 0ms
01-04 15:54:36.091 535 535 I SystemServerTiming: ssm.onStartUser-0_com.android.server.pm.DataLoaderManagerService
01-04 15:54:36.091 535 535 D SystemServerTiming: ssm.onStartUser-0_com.android.server.pm.DataLoaderManagerService took to complete: 0ms
01-04 15:54:36.091 535 535 I SystemServerTiming: ssm.onStartUser-0_com.android.server.power.PowerManagerService
01-04 15:54:36.091 535 535 D SystemServerTiming: ssm.onStartUser-0_com.android.server.power.PowerManagerService took to complete: 0ms
01-04 15:54:36.091 535 535 I SystemServerTiming: ssm.onStartUser-0_com.android.server.power.ThermalManagerService
01-04 15:54:36.091 535 535 D SystemServerTiming: ssm.onStartUser-0_com.android.server.power.ThermalManagerService took to complete: 0ms
01-04 15:54:36.091 535 535 I SystemServerTiming: ssm.onStartUser-0_com.android.server.recoverysystem.RecoverySystemService$Lifecycle
01-04 15:54:36.091 535 535 D SystemServerTiming: ssm.onStartUser-0_com.android.server.recoverysystem.RecoverySystemService$Lifecycle took to complete: 0ms
01-04 15:54:36.091 535 535 I SystemServerTiming: ssm.onStartUser-0_com.android.server.lights.LightsService
01-04 15:54:36.091 535 535 D SystemServerTiming: ssm.onStartUser-0_com.android.server.lights.LightsService took to complete: 0ms
01-04 15:54:36.091 535 535 I SystemServerTiming: ssm.onStartUser-0_com.android.server.display.DisplayManagerService
01-04 15:54:36.091 535 535 D SystemServerTiming: ssm.onStartUser-0_com.android.server.display.DisplayManagerService took to complete: 0ms
01-04 15:54:36.091 535 535 I SystemServerTiming: ssm.onStartUser-0_com.android.server.pm.UserManagerService$LifeCycle
01-04 15:54:36.091 535 535 D SystemServerTiming: ssm.onStartUser-0_com.android.server.pm.UserManagerService$LifeCycle took to complete: 0ms
01-04 15:54:36.091 535 535 I SystemServerTiming: ssm.onStartUser-0_com.android.server.om.OverlayManagerService
01-04 15:54:36.091 535 535 D SystemServerTiming: ssm.onStartUser-0_com.android.server.om.OverlayManagerService took to complete: 0ms
01-04 15:54:36.091 535 535 I SystemServerTiming: ssm.onStartUser-0_com.android.server.SensorPrivacyService
01-04 15:54:36.091 535 535 D SystemServerTiming: ssm.onStartUser-0_com.android.server.SensorPrivacyService took to complete: 0ms
01-04 15:54:36.091 535 535 I SystemServerTiming: ssm.onStartUser-0_com.android.server.SystemConfigService
01-04 15:54:36.091 535 535 D SystemServerTiming: ssm.onStartUser-0_com.android.server.SystemConfigService took to complete: 0ms
01-04 15:54:36.091 535 535 I SystemServerTiming: ssm.onStartUser-0_com.android.server.BatteryService
01-04 15:54:36.091 535 535 D SystemServerTiming: ssm.onStartUser-0_com.android.server.BatteryService took to complete: 0ms
01-04 15:54:36.091 535 535 I SystemServerTiming: ssm.onStartUser-0_com.android.server.usage.UsageStatsService
01-04 15:54:36.092 535 535 D SystemServerTiming: ssm.onStartUser-0_com.android.server.usage.UsageStatsService took to complete: 0ms
01-04 15:54:36.092 535 535 I SystemServerTiming: ssm.onStartUser-0_com.android.server.webkit.WebViewUpdateService
01-04 15:54:36.092 535 535 D SystemServerTiming: ssm.onStartUser-0_com.android.server.webkit.WebViewUpdateService took to complete: 0ms
01-04 15:54:36.092 535 535 I SystemServerTiming: ssm.onStartUser-0_com.android.server.CachedDeviceStateService
01-04 15:54:36.092 535 535 D SystemServerTiming: ssm.onStartUser-0_com.android.server.CachedDeviceStateService took to complete: 0ms
01-04 15:54:36.092 535 535 I SystemServerTiming: ssm.onStartUser-0_com.android.server.BinderCallsStatsService$LifeCycle
01-04 15:54:36.092 535 535 D SystemServerTiming: ssm.onStartUser-0_com.android.server.BinderCallsStatsService$LifeCycle took to complete: 0ms
01-04 15:54:36.092 535 535 I SystemServerTiming: ssm.onStartUser-0_com.android.server.LooperStatsService$Lifecycle
01-04 15:54:36.092 535 535 D SystemServerTiming: ssm.onStartUser-0_com.android.server.LooperStatsService$Lifecycle took to complete: 0ms
01-04 15:54:36.092 535 535 I SystemServerTiming: ssm.onStartUser-0_com.android.server.rollback.RollbackManagerService
01-04 15:54:36.092 535 535 D SystemServerTiming: ssm.onStartUser-0_com.android.server.rollback.RollbackManagerService took to complete: 0ms
01-04 15:54:36.092 535 535 I SystemServerTiming: ssm.onStartUser-0_com.android.server.os.BugreportManagerService
01-04 15:54:36.092 535 535 D SystemServerTiming: ssm.onStartUser-0_com.android.server.os.BugreportManagerService took to complete: 0ms
01-04 15:54:36.092 535 535 I SystemServerTiming: ssm.onStartUser-0_com.android.server.gpu.GpuService
01-04 15:54:36.092 535 535 D SystemServerTiming: ssm.onStartUser-0_com.android.server.gpu.GpuService took to complete: 0ms
01-04 15:54:36.092 535 535 I SystemServerTiming: ssm.onStartUser-0_com.android.server.security.KeyChainSystemService
01-04 15:54:36.092 535 535 D SystemServerTiming: ssm.onStartUser-0_com.android.server.security.KeyChainSystemService took to complete: 0ms
01-04 15:54:36.092 535 535 I SystemServerTiming: ssm.onStartUser-0_com.android.server.telecom.TelecomLoaderService
01-04 15:54:36.092 535 535 D SystemServerTiming: ssm.onStartUser-0_com.android.server.telecom.TelecomLoaderService took to complete: 0ms
01-04 15:54:36.092 535 535 I SystemServerTiming: ssm.onStartUser-0_com.android.server.accounts.AccountManagerService$Lifecycle
01-04 15:54:36.092 535 535 D SystemServerTiming: ssm.onStartUser-0_com.android.server.accounts.AccountManagerService$Lifecycle took to complete: 0ms
01-04 15:54:36.092 535 535 I SystemServerTiming: ssm.onStartUser-0_com.android.server.content.ContentService$Lifecycle
01-04 15:54:36.092 535 535 D SystemServerTiming: ssm.onStartUser-0_com.android.server.content.ContentService$Lifecycle took to complete: 0ms
01-04 15:54:36.092 535 535 I SystemServerTiming: ssm.onStartUser-0_com.android.server.DropBoxManagerService
01-04 15:54:36.092 535 535 D SystemServerTiming: ssm.onStartUser-0_com.android.server.DropBoxManagerService took to complete: 0ms
01-04 15:54:36.092 535 535 I SystemServerTiming: ssm.onStartUser-0_com.android.server.AlarmManagerService
01-04 15:54:36.092 535 535 D SystemServerTiming: ssm.onStartUser-0_com.android.server.AlarmManagerService took to complete: 0ms
01-04 15:54:36.092 535 535 I SystemServerTiming: ssm.onStartUser-0_com.android.server.BluetoothService
01-04 15:54:36.092 535 535 D SystemServerTiming: ssm.onStartUser-0_com.android.server.BluetoothService took to complete: 0ms
01-04 15:54:36.092 535 535 I SystemServerTiming: ssm.onStartUser-0_com.android.server.connectivity.IpConnectivityMetrics
01-04 15:54:36.093 535 535 D SystemServerTiming: ssm.onStartUser-0_com.android.server.connectivity.IpConnectivityMetrics took to complete: 0ms
01-04 15:54:36.093 535 535 I SystemServerTiming: ssm.onStartUser-0_com.android.server.net.watchlist.NetworkWatchlistService$Lifecycle
01-04 15:54:36.093 535 535 D SystemServerTiming: ssm.onStartUser-0_com.android.server.net.watchlist.NetworkWatchlistService$Lifecycle took to complete: 0ms
01-04 15:54:36.093 535 535 I SystemServerTiming: ssm.onStartUser-0_com.android.server.PinnerService
01-04 15:54:36.093 535 535 D SystemServerTiming: ssm.onStartUser-0_com.android.server.PinnerService took to complete: 0ms
01-04 15:54:36.093 535 535 I SystemServerTiming: ssm.onStartUser-0_com.google.android.startop.iorap.IorapForwardingService
01-04 15:54:36.093 535 535 D SystemServerTiming: ssm.onStartUser-0_com.google.android.startop.iorap.IorapForwardingService took to complete: 0ms
01-04 15:54:36.093 535 535 I SystemServerTiming: ssm.onStartUser-0_com.android.server.integrity.AppIntegrityManagerService
01-04 15:54:36.093 535 535 D SystemServerTiming: ssm.onStartUser-0_com.android.server.integrity.AppIntegrityManagerService took to complete: 0ms
01-04 15:54:36.093 535 535 I SystemServerTiming: ssm.onStartUser-0_com.android.server.inputmethod.InputMethodManagerService$Lifecycle
01-04 15:54:36.093 459 520 V C2Store : in ~ComponentModule
01-04 15:54:36.093 535 535 D SystemServerTiming: ssm.onStartUser-0_com.android.server.inputmethod.InputMethodManagerService$Lifecycle took to complete: 0ms
01-04 15:54:36.093 535 535 I SystemServerTiming: ssm.onStartUser-0_com.android.server.accessibility.AccessibilityManagerService$Lifecycle
01-04 15:54:36.093 459 520 V C2Store : unloading dll
01-04 15:54:36.093 535 535 D SystemServerTiming: ssm.onStartUser-0_com.android.server.accessibility.AccessibilityManagerService$Lifecycle took to complete: 0ms
01-04 15:54:36.093 535 535 I SystemServerTiming: ssm.onStartUser-0_com.android.server.StorageManagerService$Lifecycle
01-04 15:54:36.093 459 520 V C2Store : in init
01-04 15:54:36.093 459 520 V C2Store : loading dll
01-04 15:54:36.094 722 722 I WebViewLoader-: The ClassLoaderContext is a special shared library.
01-04 15:54:36.095 722 722 D nativeloader: classloader namespace configured for unbundled product apk. library_path=/product/app/webview/lib/arm64:/product/app/webview/webview.apk!/lib/arm64-v8a:/product/lib64:/system/product/lib64
01-04 15:54:36.100 350 350 E WifiHAL : get supported feature = 0x4
01-04 15:54:36.100 459 520 V C2Store : in ~ComponentModule
01-04 15:54:36.100 459 520 V C2Store : unloading dll
01-04 15:54:36.101 459 520 V C2Store : in init
01-04 15:54:36.101 459 520 V C2Store : loading dll
01-04 15:54:36.103 350 350 E WifiHAL : get supported feature = 0x4
01-04 15:54:36.108 459 520 V C2Store : in ~ComponentModule
01-04 15:54:36.108 459 520 V C2Store : unloading dll
01-04 15:54:36.109 459 520 V C2Store : in init
01-04 15:54:36.109 459 520 V C2Store : loading dll
01-04 15:54:36.113 535 535 V StorageManagerService: Package com.android.cts.priv.ctsshim does not have legacy storage
01-04 15:54:36.113 535 535 V StorageManagerService: Package com.android.internal.display.cutout.emulation.corner does not have legacy storage
01-04 15:54:36.113 535 535 V StorageManagerService: Package com.ltts.testmcuservice does not have legacy storage
01-04 15:54:36.113 535 535 V StorageManagerService: Package com.example.android.livecubes does not have legacy storage
01-04 15:54:36.114 459 520 V C2Store : in ~ComponentModule
01-04 15:54:36.114 459 520 V C2Store : unloading dll
01-04 15:54:36.115 459 520 V C2Store : in init
01-04 15:54:36.115 459 520 V C2Store : loading dll
01-04 15:54:36.121 744 744 I service_manager_slow: [14,activity]
01-04 15:54:36.123 535 591 I am_proc_bound: [0,744,com.android.networkstack.process]
01-04 15:54:36.123 535 535 V StorageManagerService: Package com.android.internal.display.cutout.emulation.double does not have legacy storage
01-04 15:54:36.124 535 535 V StorageManagerService: Package com.android.providers.telephony does not have legacy storage
01-04 15:54:36.124 535 535 V StorageManagerService: Package com.android.dynsystem does not have legacy storage
01-04 15:54:36.124 535 535 V StorageManagerService: Package com.fsl.ethernet does not have legacy storage
01-04 15:54:36.125 535 535 V StorageManagerService: Package com.android.theme.color.amethyst does not have legacy storage
01-04 15:54:36.125 535 535 V StorageManagerService: Package com.android.theme.icon.pebble does not have legacy storage
01-04 15:54:36.125 535 535 V StorageManagerService: Package com.android.providers.calendar does not have legacy storage
01-04 15:54:36.125 535 535 V StorageManagerService: Package com.android.providers.media has legacy storage
01-04 15:54:36.125 535 535 V StorageManagerService: Package com.android.internal.systemui.navbar.gestural_wide_back does not have legacy storage
01-04 15:54:36.125 535 535 V StorageManagerService: Package com.android.theme.color.sand does not have legacy storage
01-04 15:54:36.125 535 535 V StorageManagerService: Package com.android.wallpapercropper does not have legacy storage
01-04 15:54:36.125 535 535 V StorageManagerService: Package com.android.theme.icon.vessel does not have legacy storage
01-04 15:54:36.125 535 535 V StorageManagerService: Package com.android.theme.color.cinnamon does not have legacy storage
01-04 15:54:36.125 535 535 V StorageManagerService: Package com.android.theme.icon_pack.victor.settings does not have legacy storage
01-04 15:54:36.127 535 535 V StorageManagerService: Package com.android.theme.icon_pack.rounded.systemui does not have legacy storage
01-04 15:54:36.127 535 591 I am_uid_active: 1073
01-04 15:54:36.127 535 535 V StorageManagerService: Package com.nxp.directaudioplayer has legacy storage
01-04 15:54:36.127 535 535 V StorageManagerService: Package com.android.theme.icon.taperedrect does not have legacy storage
01-04 15:54:36.127 535 535 V StorageManagerService: Package com.android.documentsui does not have legacy storage
01-04 15:54:36.127 535 535 V StorageManagerService: Package com.android.externalstorage has legacy storage
01-04 15:54:36.128 535 535 V StorageManagerService: Package com.android.htmlviewer does not have legacy storage
01-04 15:54:36.128 535 535 V StorageManagerService: Package com.android.companiondevicemanager does not have legacy storage
01-04 15:54:36.129 535 535 V StorageManagerService: Package com.android.quicksearchbox does not have legacy storage
01-04 15:54:36.129 535 535 V StorageManagerService: Package com.android.mms.service does not have legacy storage
01-04 15:54:36.129 535 535 V StorageManagerService: Package com.android.providers.downloads has legacy storage
01-04 15:54:36.129 535 535 V StorageManagerService: Package com.android.messaging has legacy storage
01-04 15:54:36.129 535 535 V StorageManagerService: Package com.android.theme.icon_pack.rounded.android does not have legacy storage
01-04 15:54:36.129 535 535 V StorageManagerService: Package com.android.theme.icon_pack.victor.systemui does not have legacy storage
01-04 15:54:36.129 535 535 V StorageManagerService: Package com.android.theme.icon_pack.circular.themepicker does not have legacy storage
01-04 15:54:36.130 535 535 V StorageManagerService: Package com.android.soundrecorder does not have legacy storage
01-04 15:54:36.130 535 535 V StorageManagerService: Package com.android.theme.color.tangerine does not have legacy storage
01-04 15:54:36.130 535 535 V StorageManagerService: Package com.android.providers.downloads.ui has legacy storage
01-04 15:54:36.130 535 535 V StorageManagerService: Package com.android.pacprocessor does not have legacy storage
01-04 15:54:36.130 535 535 V StorageManagerService: Package com.android.simappdialog does not have legacy storage
01-04 15:54:36.130 535 535 V StorageManagerService: Package com.android.networkstack does not have legacy storage
01-04 15:54:36.130 535 535 V StorageManagerService: Package com.android.theme.color.aquamarine does not have legacy storage
01-04 15:54:36.130 535 535 V StorageManagerService: Package com.android.internal.display.cutout.emulation.hole does not have legacy storage
01-04 15:54:36.130 535 535 V StorageManagerService: Package com.android.internal.display.cutout.emulation.tall does not have legacy storage
01-04 15:54:36.130 535 535 V StorageManagerService: Package com.android.modulemetadata does not have legacy storage
01-04 15:54:36.131 535 535 V StorageManagerService: Package com.android.certinstaller does not have legacy storage
01-04 15:54:36.131 535 535 V StorageManagerService: Package com.android.theme.color.black does not have legacy storage
01-04 15:54:36.132 535 535 V StorageManagerService: Package com.android.carrierconfig does not have legacy storage
01-04 15:54:36.132 535 535 V StorageManagerService: Package com.android.theme.color.green does not have legacy storage
01-04 15:54:36.132 535 535 V StorageManagerService: Package com.android.theme.color.ocean does not have legacy storage
01-04 15:54:36.132 535 535 V StorageManagerService: Package com.android.theme.color.space does not have legacy storage
01-04 15:54:36.132 535 535 V StorageManagerService: Package com.android.internal.systemui.navbar.threebutton does not have legacy storage
01-04 15:54:36.132 535 535 V StorageManagerService: Package android does not have legacy storage
01-04 15:54:36.132 535 535 V StorageManagerService: Package com.android.contacts does not have legacy storage
01-04 15:54:36.133 535 535 V StorageManagerService: Package com.android.camera2 has legacy storage
01-04 15:54:36.133 535 535 V StorageManagerService: Package com.android.theme.icon_pack.rounded.launcher does not have legacy storage
01-04 15:54:36.133 535 535 V StorageManagerService: Package com.android.theme.icon_pack.kai.settings does not have legacy storage
01-04 15:54:36.133 535 535 V StorageManagerService: Package com.android.egg does not have legacy storage
01-04 15:54:36.133 535 535 V StorageManagerService: Package com.android.mtp has legacy storage
01-04 15:54:36.133 535 535 V StorageManagerService: Package com.android.nfc does not have legacy storage
01-04 15:54:36.133 535 535 V StorageManagerService: Package com.android.ons does not have legacy storage
01-04 15:54:36.133 535 535 V StorageManagerService: Package com.android.stk does not have legacy storage
01-04 15:54:36.133 535 535 V StorageManagerService: Package com.android.launcher3 does not have legacy storage
01-04 15:54:36.133 535 535 V StorageManagerService: Package com.android.backupconfirm does not have legacy storage
01-04 15:54:36.133 535 535 V StorageManagerService: Package com.android.provision does not have legacy storage
01-04 15:54:36.133 535 535 V StorageManagerService: Package com.android.statementservice does not have legacy storage
01-04 15:54:36.134 535 535 V StorageManagerService: Package com.android.theme.icon_pack.sam.settings does not have legacy storage
01-04 15:54:36.134 535 535 V StorageManagerService: Package com.android.settings.intelligence does not have legacy storage
01-04 15:54:36.136 535 535 V StorageManagerService: Package com.android.calendar does not have legacy storage
01-04 15:54:36.136 535 535 V StorageManagerService: Package com.koushikdutta.vysor does not have legacy storage
01-04 15:54:36.136 535 535 V StorageManagerService: Package com.android.internal.systemui.navbar.gestural_extra_wide_back does not have legacy storage
01-04 15:54:36.137 535 535 V StorageManagerService: Package com.android.theme.icon_pack.kai.themepicker does not have legacy storage
01-04 15:54:36.137 459 520 V C2Store : in ~ComponentModule
01-04 15:54:36.137 535 535 V StorageManagerService: Package com.android.providers.settings does not have legacy storage
01-04 15:54:36.137 459 520 V C2Store : unloading dll
01-04 15:54:36.137 535 535 V StorageManagerService: Package com.android.wifi.resources.imx does not have legacy storage
01-04 15:54:36.137 459 520 V C2Store : in init
01-04 15:54:36.137 459 520 V C2Store : loading dll
01-04 15:54:36.137 535 535 V StorageManagerService: Package com.android.sharedstoragebackup has legacy storage
01-04 15:54:36.137 535 535 V StorageManagerService: Package com.android.theme.icon_pack.victor.launcher does not have legacy storage
01-04 15:54:36.137 535 535 V StorageManagerService: Package com.wakdev.wdnfc does not have legacy storage
01-04 15:54:36.137 535 535 V StorageManagerService: Package com.android.printspooler does not have legacy storage
01-04 15:54:36.137 535 535 V StorageManagerService: Package com.android.theme.icon_pack.filled.settings does not have legacy storage
01-04 15:54:36.137 535 535 V StorageManagerService: Package com.android.dreams.basic does not have legacy storage
01-04 15:54:36.137 535 535 V StorageManagerService: Package com.android.theme.icon_pack.kai.systemui does not have legacy storage
01-04 15:54:36.137 535 535 V StorageManagerService: Package com.android.webview does not have legacy storage
01-04 15:54:36.138 535 535 V StorageManagerService: Package com.android.se does not have legacy storage
01-04 15:54:36.138 535 535 V StorageManagerService: Package com.android.inputdevices does not have legacy storage
01-04 15:54:36.138 535 535 V StorageManagerService: Package com.android.bips does not have legacy storage
01-04 15:54:36.138 535 535 V StorageManagerService: Package com.android.theme.icon_pack.circular.settings does not have legacy storage
01-04 15:54:36.138 535 535 V StorageManagerService: Package com.android.musicfx does not have legacy storage
01-04 15:54:36.138 535 535 V StorageManagerService: Package com.android.theme.icon_pack.sam.systemui does not have legacy storage
01-04 15:54:36.138 535 535 V StorageManagerService: Package com.ttxapps.wifiadb does not have legacy storage
01-04 15:54:36.138 535 535 V StorageManagerService: Package com.android.cellbroadcastreceiver does not have legacy storage
01-04 15:54:36.138 535 535 V StorageManagerService: Package com.android.theme.icon.teardrop does not have legacy storage
01-04 15:54:36.138 535 535 V StorageManagerService: Package android.ext.shared does not have legacy storage
01-04 15:54:36.138 535 535 V StorageManagerService: Package com.android.onetimeinitializer does not have legacy storage
01-04 15:54:36.138 535 535 V StorageManagerService: Package com.android.server.telecom does not have legacy storage
01-04 15:54:36.138 535 535 V StorageManagerService: Package com.android.cellbroadcastservice does not have legacy storage
01-04 15:54:36.138 535 535 V StorageManagerService: Package com.android.theme.icon_pack.rounded.themepicker does not have legacy storage
01-04 15:54:36.138 535 535 V StorageManagerService: Package com.android.keychain does not have legacy storage
01-04 15:54:36.139 535 535 V StorageManagerService: Package com.android.printservice.recommendation does not have legacy storage
01-04 15:54:36.139 535 535 V StorageManagerService: Package com.android.dialer has legacy storage
01-04 15:54:36.139 535 535 V StorageManagerService: Package com.android.gallery3d has legacy storage
01-04 15:54:36.139 535 535 V StorageManagerService: Package com.android.theme.icon_pack.filled.systemui does not have legacy storage
01-04 15:54:36.139 535 535 V StorageManagerService: Package android.ext.services does not have legacy storage
01-04 15:54:36.139 535 535 V StorageManagerService: Package com.android.wifi.resources does not have legacy storage
01-04 15:54:36.139 535 535 V StorageManagerService: Package com.android.calllogbackup does not have legacy storage
01-04 15:54:36.139 535 535 V StorageManagerService: Package com.android.localtransport does not have legacy storage
01-04 15:54:36.139 535 535 V StorageManagerService: Package com.android.packageinstaller does not have legacy storage
01-04 15:54:36.139 535 535 V StorageManagerService: Package com.android.carrierdefaultapp does not have legacy storage
01-04 15:54:36.139 535 535 V StorageManagerService: Package com.android.theme.icon_pack.sam.android does not have legacy storage
01-04 15:54:36.139 535 535 V StorageManagerService: Package com.android.theme.font.notoserifsource does not have legacy storage
01-04 15:54:36.139 535 535 V StorageManagerService: Package com.android.theme.icon_pack.filled.android does not have legacy storage
01-04 15:54:36.139 535 535 V StorageManagerService: Package com.android.proxyhandler does not have legacy storage
01-04 15:54:36.139 535 535 V StorageManagerService: Package com.android.internal.display.cutout.emulation.waterfall does not have legacy storage
01-04 15:54:36.139 535 535 V StorageManagerService: Package com.android.theme.icon_pack.circular.systemui does not have legacy storage
01-04 15:54:36.140 535 535 V StorageManagerService: Package org.videolan.vlc has legacy storage
01-04 15:54:36.140 535 535 V StorageManagerService: Package com.android.inputmethod.latin has legacy storage
01-04 15:54:36.140 535 535 V StorageManagerService: Package org.chromium.webview_shell has legacy storage
01-04 15:54:36.140 535 535 V StorageManagerService: Package com.android.theme.icon_pack.kai.android does not have legacy storage
01-04 15:54:36.140 535 535 V StorageManagerService: Package com.android.managedprovisioning does not have legacy storage
01-04 15:54:36.140 535 535 V StorageManagerService: Package com.android.networkstack.tethering does not have legacy storage
01-04 15:54:36.140 535 535 V StorageManagerService: Package com.android.soundpicker has legacy storage
01-04 15:54:36.140 535 535 V StorageManagerService: Package com.mdroidapps.soundrecorder has legacy storage
01-04 15:54:36.140 535 535 V StorageManagerService: Package com.android.dreams.phototable has legacy storage
01-04 15:54:36.140 535 535 V StorageManagerService: Package com.android.theme.icon_pack.kai.launcher does not have legacy storage
01-04 15:54:36.140 535 535 V StorageManagerService: Package com.android.smspush does not have legacy storage
01-04 15:54:36.140 535 535 V StorageManagerService: Package com.android.wallpaper.livepicker does not have legacy storage
01-04 15:54:36.142 535 535 V StorageManagerService: Package com.android.cellbroadcastreceiver.module does not have legacy storage
01-04 15:54:36.142 535 535 V StorageManagerService: Package com.android.theme.icon_pack.sam.launcher does not have legacy storage
01-04 15:54:36.142 535 535 V StorageManagerService: Package com.android.theme.icon.squircle does not have legacy storage
01-04 15:54:36.142 535 535 V StorageManagerService: Package com.android.theme.icon_pack.victor.android does not have legacy storage
01-04 15:54:36.142 535 535 V StorageManagerService: Package com.android.storagemanager does not have legacy storage
01-04 15:54:36.143 535 535 V StorageManagerService: Package com.android.theme.color.palette does not have legacy storage
