01-04 15:54:36.143 535 535 V StorageManagerService: Package com.android.bookmarkprovider does not have legacy storage
01-04 15:54:36.143 535 535 V StorageManagerService: Package com.android.settings does not have legacy storage
01-04 15:54:36.143 535 535 V StorageManagerService: Package com.android.theme.icon_pack.filled.launcher does not have legacy storage
01-04 15:54:36.143 535 535 V StorageManagerService: Package com.android.networkstack.permissionconfig does not have legacy storage
01-04 15:54:36.143 535 535 V StorageManagerService: Package com.freescale.cactusplayer has legacy storage
01-04 15:54:36.143 535 535 V StorageManagerService: Package com.android.cts.ctsshim does not have legacy storage
01-04 15:54:36.143 535 535 V StorageManagerService: Package com.android.theme.color.carbon does not have legacy storage
01-04 15:54:36.143 535 535 V StorageManagerService: Package com.example.android.systemupdatersample has legacy storage
01-04 15:54:36.143 535 535 V StorageManagerService: Package com.android.theme.icon_pack.circular.launcher does not have legacy storage
01-04 15:54:36.143 535 535 V StorageManagerService: Package com.android.vpndialogs does not have legacy storage
01-04 15:54:36.143 459 520 I C2SoftVp8Enc: setting temporal layering 0 + 0
01-04 15:54:36.143 535 535 V StorageManagerService: Package com.example.android.camera2.basic does not have legacy storage
01-04 15:54:36.143 535 535 V StorageManagerService: Package com.android.music does not have legacy storage
01-04 15:54:36.143 535 535 V StorageManagerService: Package com.android.phone does not have legacy storage
01-04 15:54:36.144 535 535 V StorageManagerService: Package com.android.shell has legacy storage
01-04 15:54:36.144 535 535 V StorageManagerService: Package com.android.theme.icon_pack.filled.themepicker does not have legacy storage
01-04 15:54:36.144 535 535 V StorageManagerService: Package com.android.wallpaperbackup does not have legacy storage
01-04 15:54:36.144 535 535 V StorageManagerService: Package com.android.providers.blockednumber does not have legacy storage
01-04 15:54:36.144 535 535 V StorageManagerService: Package com.android.providers.userdictionary does not have legacy storage
01-04 15:54:36.144 535 535 V StorageManagerService: Package com.android.providers.media.module has legacy storage
01-04 15:54:36.144 459 520 V C2Store : in ~ComponentModule
01-04 15:54:36.144 535 535 V StorageManagerService: Package com.android.emergency does not have legacy storage
01-04 15:54:36.144 459 520 V C2Store : unloading dll
01-04 15:54:36.144 535 535 V StorageManagerService: Package com.android.hotspot2.osulogin does not have legacy storage
01-04 15:54:36.144 535 535 V StorageManagerService: Package com.android.internal.systemui.navbar.gestural does not have legacy storage
01-04 15:54:36.144 459 520 V C2Store : in init
01-04 15:54:36.144 535 535 V StorageManagerService: Package com.android.location.fused does not have legacy storage
01-04 15:54:36.144 459 520 V C2Store : loading dll
01-04 15:54:36.144 535 535 V StorageManagerService: Package com.android.theme.icon_pack.victor.themepicker does not have legacy storage
01-04 15:54:36.144 535 535 V StorageManagerService: Package com.android.theme.color.orchid does not have legacy storage
01-04 15:54:36.144 535 535 V StorageManagerService: Package com.android.deskclock has legacy storage
01-04 15:54:36.144 535 535 V StorageManagerService: Package com.android.systemui has legacy storage
01-04 15:54:36.144 535 535 V StorageManagerService: Package com.android.theme.color.purple does not have legacy storage
01-04 15:54:36.145 535 535 V StorageManagerService: Package com.android.bluetoothmidiservice does not have legacy storage
01-04 15:54:36.145 535 535 V StorageManagerService: Package com.android.permissioncontroller does not have legacy storage
01-04 15:54:36.145 535 535 V StorageManagerService: Package com.android.traceur does not have legacy storage
01-04 15:54:36.145 535 535 V StorageManagerService: Package com.android.theme.icon_pack.sam.themepicker does not have legacy storage
01-04 15:54:36.145 535 535 V StorageManagerService: Package com.android.bluetooth does not have legacy storage
01-04 15:54:36.145 535 535 V StorageManagerService: Package com.android.providers.contacts does not have legacy storage
01-04 15:54:36.145 535 535 V StorageManagerService: Package com.android.captiveportallogin does not have legacy storage
01-04 15:54:36.145 535 535 V StorageManagerService: Package com.android.theme.icon.roundedrect does not have legacy storage
01-04 15:54:36.145 535 535 V StorageManagerService: Package com.android.internal.systemui.navbar.gestural_narrow_back does not have legacy storage
01-04 15:54:36.145 535 535 V StorageManagerService: Package com.android.theme.icon_pack.rounded.settings does not have legacy storage
01-04 15:54:36.145 535 535 V StorageManagerService: Package com.android.theme.icon_pack.circular.android does not have legacy storage
01-04 15:54:36.146 535 600 I commit_sys_config_file: [settings-0-0,15]
01-04 15:54:36.150 459 520 V C2Store : in ~ComponentModule
01-04 15:54:36.151 459 520 V C2Store : unloading dll
01-04 15:54:36.151 459 520 V C2Store : in init
01-04 15:54:36.151 459 520 V C2Store : loading dll
01-04 15:54:36.151 535 561 I netstats_mobile_sample: [0,0,0,0,0,0,0,0,0,0,0,0,1641291876148]
01-04 15:54:36.152 535 561 I netstats_wifi_sample: [0,0,0,0,0,0,0,0,0,0,0,0,1641291876148]
01-04 15:54:36.156 459 520 I C2SoftVp9Enc: setting temporal layering 0 + 0
01-04 15:54:36.157 459 520 V C2Store : in ~ComponentModule
01-04 15:54:36.157 459 520 V C2Store : unloading dll
01-04 15:54:36.159 417 451 D MediaCodecsXmlParser: parsing /apex/com.android.media.swcodec/etc/media_codecs.xml...
01-04 15:54:36.161 417 451 D MediaCodecsXmlParser: disabling c2.android.gsm.decoder
01-04 15:54:36.162 417 451 D MediaCodecsXmlParser: disabling c2.android.mpeg2.decoder
01-04 15:54:36.164 417 451 D MediaCodecsXmlParser: Cannot find
01-04 15:54:36.164 535 535 W SystemServiceManager: Service com.android.server.StorageManagerService$Lifecycle took 71 ms in onStartUser-0
01-04 15:54:36.164 535 535 D SystemServerTiming: ssm.onStartUser-0_com.android.server.StorageManagerService$Lifecycle took to complete: 71ms
01-04 15:54:36.164 535 535 I SystemServerTiming: ssm.onStartUser-0_com.android.server.usage.StorageStatsService$Lifecycle
01-04 15:54:36.164 417 451 D MediaCodecsXmlParser: parsing /vendor/etc/media_codecs_c2.xml...
01-04 15:54:36.164 535 535 D SystemServerTiming: ssm.onStartUser-0_com.android.server.usage.StorageStatsService$Lifecycle took to complete: 0ms
01-04 15:54:36.164 535 535 I SystemServerTiming: ssm.onStartUser-0_com.android.server.UiModeManagerService
01-04 15:54:36.164 535 535 D SystemServerTiming: ssm.onStartUser-0_com.android.server.UiModeManagerService took to complete: 0ms
01-04 15:54:36.164 535 535 I SystemServerTiming: ssm.onStartUser-0_com.android.server.locksettings.LockSettingsService$Lifecycle
01-04 15:54:36.164 535 535 D SystemServerTiming: ssm.onStartUser-0_com.android.server.locksettings.LockSettingsService$Lifecycle took to complete: 0ms
01-04 15:54:36.164 535 535 I SystemServerTiming: ssm.onStartUser-0_com.android.server.PersistentDataBlockService
01-04 15:54:36.164 535 535 D SystemServerTiming: ssm.onStartUser-0_com.android.server.PersistentDataBlockService took to complete: 0ms
01-04 15:54:36.165 535 535 I SystemServerTiming: ssm.onStartUser-0_com.android.server.testharness.TestHarnessModeService
01-04 15:54:36.165 535 535 D SystemServerTiming: ssm.onStartUser-0_com.android.server.testharness.TestHarnessModeService took to complete: 0ms
01-04 15:54:36.165 535 535 I SystemServerTiming: ssm.onStartUser-0_com.android.server.oemlock.OemLockService
01-04 15:54:36.165 535 535 D SystemServerTiming: ssm.onStartUser-0_com.android.server.oemlock.OemLockService took to complete: 0ms
01-04 15:54:36.165 535 535 I SystemServerTiming: ssm.onStartUser-0_com.android.server.DeviceIdleController
01-04 15:54:36.165 535 535 D SystemServerTiming: ssm.onStartUser-0_com.android.server.DeviceIdleController took to complete: 0ms
01-04 15:54:36.165 535 535 I SystemServerTiming: ssm.onStartUser-0_com.android.server.devicepolicy.DevicePolicyManagerService$Lifecycle
01-04 15:54:36.166 535 535 D SystemServerTiming: ssm.onStartUser-0_com.android.server.devicepolicy.DevicePolicyManagerService$Lifecycle took to complete: 1ms
01-04 15:54:36.166 535 535 I SystemServerTiming: ssm.onStartUser-0_com.android.server.textservices.TextServicesManagerService$Lifecycle
01-04 15:54:36.166 535 535 D SystemServerTiming: ssm.onStartUser-0_com.android.server.textservices.TextServicesManagerService$Lifecycle took to complete: 0ms
01-04 15:54:36.166 535 535 I SystemServerTiming: ssm.onStartUser-0_com.android.server.textclassifier.TextClassificationManagerService$Lifecycle
01-04 15:54:36.166 417 451 D MediaCodecsXmlParser: parsing /vendor/etc/media_codecs_performance_c2.xml...
01-04 15:54:36.167 535 535 D SystemServerTiming: ssm.onStartUser-0_com.android.server.textclassifier.TextClassificationManagerService$Lifecycle took to complete: 1ms
01-04 15:54:36.167 535 535 I SystemServerTiming: ssm.onStartUser-0_com.android.server.NetworkScoreService$Lifecycle
01-04 15:54:36.167 535 535 D SystemServerTiming: ssm.onStartUser-0_com.android.server.NetworkScoreService$Lifecycle took to complete: 0ms
01-04 15:54:36.167 535 535 I SystemServerTiming: ssm.onStartUser-0_com.android.server.wifi.WifiService
01-04 15:54:36.167 535 535 D SystemServerTiming: ssm.onStartUser-0_com.android.server.wifi.WifiService took to complete: 0ms
01-04 15:54:36.167 535 535 I SystemServerTiming: ssm.onStartUser-0_com.android.server.wifi.scanner.WifiScanningService
01-04 15:54:36.167 535 535 D SystemServerTiming: ssm.onStartUser-0_com.android.server.wifi.scanner.WifiScanningService took to complete: 0ms
01-04 15:54:36.167 535 535 I SystemServerTiming: ssm.onStartUser-0_com.android.server.wifi.p2p.WifiP2pService
01-04 15:54:36.167 535 535 D SystemServerTiming: ssm.onStartUser-0_com.android.server.wifi.p2p.WifiP2pService took to complete: 0ms
01-04 15:54:36.167 535 535 I SystemServerTiming: ssm.onStartUser-0_com.android.server.ethernet.EthernetService
01-04 15:54:36.167 535 535 D SystemServerTiming: ssm.onStartUser-0_com.android.server.ethernet.EthernetService took to complete: 0ms
01-04 15:54:36.167 535 535 I SystemServerTiming: ssm.onStartUser-0_com.android.server.notification.NotificationManagerService
01-04 15:54:36.167 535 535 D SystemServerTiming: ssm.onStartUser-0_com.android.server.notification.NotificationManagerService took to complete: 0ms
01-04 15:54:36.167 535 535 I SystemServerTiming: ssm.onStartUser-0_com.android.server.storage.DeviceStorageMonitorService
01-04 15:54:36.167 535 535 D SystemServerTiming: ssm.onStartUser-0_com.android.server.storage.DeviceStorageMonitorService took to complete: 0ms
01-04 15:54:36.167 535 535 I SystemServerTiming: ssm.onStartUser-0_com.android.server.location.LocationManagerService$Lifecycle
01-04 15:54:36.168 417 451 D MediaCodecsXmlParser: parsing /vendor/etc/media_codecs.xml...
01-04 15:54:36.169 417 451 D MediaCodecsXmlParser: parsing /vendor/etc/media_codecs_performance.xml...
01-04 15:54:36.170 369 412 V ImxC2Store: ImxC2Store::createInterface !!! name=c2.imx.avc.decoder, ret=0
01-04 15:54:36.172 417 451 I Codec2InfoBuilder: adding type 'video/avc'
01-04 15:54:36.173 535 535 D SystemServerTiming: ssm.onStartUser-0_com.android.server.location.LocationManagerService$Lifecycle took to complete: 6ms
01-04 15:54:36.174 535 535 I SystemServerTiming: ssm.onStartUser-0_com.android.server.timedetector.TimeDetectorService$Lifecycle
01-04 15:54:36.174 535 535 D SystemServerTiming: ssm.onStartUser-0_com.android.server.timedetector.TimeDetectorService$Lifecycle took to complete: 0ms
01-04 15:54:36.174 535 535 I SystemServerTiming: ssm.onStartUser-0_com.android.server.timezonedetector.TimeZoneDetectorService$Lifecycle
01-04 15:54:36.174 535 535 D SystemServerTiming: ssm.onStartUser-0_com.android.server.timezonedetector.TimeZoneDetectorService$Lifecycle took to complete: 0ms
01-04 15:54:36.174 535 535 I SystemServerTiming: ssm.onStartUser-0_com.android.server.search.SearchManagerService$Lifecycle
01-04 15:54:36.174 535 535 D SystemServerTiming: ssm.onStartUser-0_com.android.server.search.SearchManagerService$Lifecycle took to complete: 0ms
01-04 15:54:36.174 535 535 I SystemServerTiming: ssm.onStartUser-0_com.android.server.wallpaper.WallpaperManagerService$Lifecycle
01-04 15:54:36.174 535 535 D SystemServerTiming: ssm.onStartUser-0_com.android.server.wallpaper.WallpaperManagerService$Lifecycle took to complete: 0ms
01-04 15:54:36.174 535 535 I SystemServerTiming: ssm.onStartUser-0_com.android.server.audio.AudioService$Lifecycle
01-04 15:54:36.174 535 535 D SystemServerTiming: ssm.onStartUser-0_com.android.server.audio.AudioService$Lifecycle took to complete: 0ms
01-04 15:54:36.174 535 535 I SystemServerTiming: ssm.onStartUser-0_com.android.server.soundtrigger_middleware.SoundTriggerMiddlewareService$Lifecycle
01-04 15:54:36.174 535 535 D SystemServerTiming: ssm.onStartUser-0_com.android.server.soundtrigger_middleware.SoundTriggerMiddlewareService$Lifecycle took to complete: 0ms
01-04 15:54:36.174 535 535 I SystemServerTiming: ssm.onStartUser-0_com.android.server.DockObserver
01-04 15:54:36.174 535 535 D SystemServerTiming: ssm.onStartUser-0_com.android.server.DockObserver took to complete: 0ms
01-04 15:54:36.174 535 535 I SystemServerTiming: ssm.onStartUser-0_com.android.server.midi.MidiService$Lifecycle
01-04 15:54:36.174 535 535 D SystemServerTiming: ssm.onStartUser-0_com.android.server.midi.MidiService$Lifecycle took to complete: 0ms
01-04 15:54:36.174 535 535 I SystemServerTiming: ssm.onStartUser-0_com.android.server.adb.AdbService$Lifecycle
01-04 15:54:36.174 535 535 D SystemServerTiming: ssm.onStartUser-0_com.android.server.adb.AdbService$Lifecycle took to complete: 0ms
01-04 15:54:36.174 535 535 I SystemServerTiming: ssm.onStartUser-0_com.android.server.usb.UsbService$Lifecycle
01-04 15:54:36.174 535 535 D SystemServerTiming: ssm.onStartUser-0_com.android.server.usb.UsbService$Lifecycle took to complete: 0ms
01-04 15:54:36.174 535 535 I SystemServerTiming: ssm.onStartUser-0_com.android.server.twilight.TwilightService
01-04 15:54:36.174 535 535 D SystemServerTiming: ssm.onStartUser-0_com.android.server.twilight.TwilightService took to complete: 0ms
01-04 15:54:36.174 535 535 I SystemServerTiming: ssm.onStartUser-0_com.android.server.display.color.ColorDisplayService
01-04 15:54:36.174 535 535 D SystemServerTiming: ssm.onStartUser-0_com.android.server.display.color.ColorDisplayService took to complete: 0ms
01-04 15:54:36.174 535 535 I SystemServerTiming: ssm.onStartUser-0_com.android.server.job.JobSchedulerService
01-04 15:54:36.175 535 535 D SystemServerTiming: ssm.onStartUser-0_com.android.server.job.JobSchedulerService took to complete: 0ms
01-04 15:54:36.175 535 535 I SystemServerTiming: ssm.onStartUser-0_com.android.server.soundtrigger.SoundTriggerService
01-04 15:54:36.175 535 535 D SystemServerTiming: ssm.onStartUser-0_com.android.server.soundtrigger.SoundTriggerService took to complete: 0ms
01-04 15:54:36.175 535 535 I SystemServerTiming: ssm.onStartUser-0_com.android.server.trust.TrustManagerService
01-04 15:54:36.175 535 535 D SystemServerTiming: ssm.onStartUser-0_com.android.server.trust.TrustManagerService took to complete: 0ms
01-04 15:54:36.175 535 535 I SystemServerTiming: ssm.onStartUser-0_com.android.server.backup.BackupManagerService$Lifecycle
01-04 15:54:36.175 535 535 D SystemServerTiming: ssm.onStartUser-0_com.android.server.backup.BackupManagerService$Lifecycle took to complete: 0ms
01-04 15:54:36.175 535 535 I SystemServerTiming: ssm.onStartUser-0_com.android.server.appwidget.AppWidgetService
01-04 15:54:36.175 535 535 D SystemServerTiming: ssm.onStartUser-0_com.android.server.appwidget.AppWidgetService took to complete: 0ms
01-04 15:54:36.175 535 535 I SystemServerTiming: ssm.onStartUser-0_com.android.server.role.RoleManagerService
01-04 15:54:36.179 369 369 V ImxC2Store: ImxC2Store::createInterface !!! name=c2.imx.hevc.decoder, ret=0
01-04 15:54:36.180 535 535 D SystemServerTiming: ssm.onStartUser-0_com.android.server.role.RoleManagerService took to complete: 5ms
01-04 15:54:36.180 535 535 I SystemServerTiming: ssm.onStartUser-0_com.android.server.voiceinteraction.VoiceInteractionManagerService
01-04 15:54:36.180 417 451 I Codec2InfoBuilder: adding type 'video/hevc'
01-04 15:54:36.180 535 535 W VoiceInteractionManager: no available voice recognition services found for user 0
01-04 15:54:36.180 535 535 D SystemServerTiming: ssm.onStartUser-0_com.android.server.voiceinteraction.VoiceInteractionManagerService took to complete: 0ms
01-04 15:54:36.180 535 535 I SystemServerTiming: ssm.onStartUser-0_com.android.server.GestureLauncherService
01-04 15:54:36.180 535 535 D SystemServerTiming: ssm.onStartUser-0_com.android.server.GestureLauncherService took to complete: 0ms
01-04 15:54:36.180 535 535 I SystemServerTiming: ssm.onStartUser-0_com.android.server.SensorNotificationService
01-04 15:54:36.180 535 535 D SystemServerTiming: ssm.onStartUser-0_com.android.server.SensorNotificationService took to complete: 0ms
01-04 15:54:36.180 535 535 I SystemServerTiming: ssm.onStartUser-0_com.android.server.emergency.EmergencyAffordanceService
01-04 15:54:36.180 535 535 D SystemServerTiming: ssm.onStartUser-0_com.android.server.emergency.EmergencyAffordanceService took to complete: 0ms
01-04 15:54:36.180 535 535 I SystemServerTiming: ssm.onStartUser-0_com.android.server.dreams.DreamManagerService
01-04 15:54:36.180 535 535 D SystemServerTiming: ssm.onStartUser-0_com.android.server.dreams.DreamManagerService took to complete: 0ms
01-04 15:54:36.180 535 535 I SystemServerTiming: ssm.onStartUser-0_com.android.server.print.PrintManagerService
01-04 15:54:36.180 535 535 D SystemServerTiming: ssm.onStartUser-0_com.android.server.print.PrintManagerService took to complete: 0ms
01-04 15:54:36.181 535 535 I SystemServerTiming: ssm.onStartUser-0_com.android.server.companion.CompanionDeviceManagerService
01-04 15:54:36.181 535 535 D SystemServerTiming: ssm.onStartUser-0_com.android.server.companion.CompanionDeviceManagerService took to complete: 0ms
01-04 15:54:36.181 535 535 I SystemServerTiming: ssm.onStartUser-0_com.android.server.restrictions.RestrictionsManagerService
01-04 15:54:36.181 535 535 D SystemServerTiming: ssm.onStartUser-0_com.android.server.restrictions.RestrictionsManagerService took to complete: 0ms
01-04 15:54:36.181 535 535 I SystemServerTiming: ssm.onStartUser-0_com.android.server.media.MediaSessionService
01-04 15:54:36.181 535 535 D SystemServerTiming: ssm.onStartUser-0_com.android.server.media.MediaSessionService took to complete: 0ms
01-04 15:54:36.181 535 535 I SystemServerTiming: ssm.onStartUser-0_com.android.server.blob.BlobStoreManagerService
01-04 15:54:36.181 535 535 D SystemServerTiming: ssm.onStartUser-0_com.android.server.blob.BlobStoreManagerService took to complete: 0ms
01-04 15:54:36.181 744 744 I rkstack.proces: The ClassLoaderContext is a special shared library.
01-04 15:54:36.185 369 412 V ImxC2Store: ImxC2Store::createInterface !!! name=c2.imx.vp8.decoder, ret=0
01-04 15:54:36.186 417 451 I Codec2InfoBuilder: adding type 'video/x-vnd.on2.vp8'
01-04 15:54:36.189 369 412 V ImxC2Store: ImxC2Store::createInterface !!! name=c2.imx.vp9.decoder, ret=0
01-04 15:54:36.191 417 451 I Codec2InfoBuilder: adding type 'video/x-vnd.on2.vp9'
01-04 15:54:36.194 369 412 I android.hardware.media.c2@1.0-service: missing struct descriptor #Param::CoreIndex(--004) for field values of struct #Param::CoreIndex(F-12004)
01-04 15:54:36.195 369 412 V ImxC2Store: ImxC2Store::createInterface !!! name=c2.imx.avc.encoder, ret=0
01-04 15:54:36.196 417 451 I Codec2InfoBuilder: adding type 'video/avc'
01-04 15:54:36.201 369 769 I android.hardware.media.c2@1.0-service: missing struct descriptor #Param::CoreIndex(--004) for field values of struct #Param::CoreIndex(F-12004)
01-04 15:54:36.202 369 769 V ImxC2Store: ImxC2Store::createInterface !!! name=c2.imx.vp8.encoder, ret=0
01-04 15:54:36.202 535 561 I liblog : 12
01-04 15:54:36.202 535 561 I service_manager_slow: [39,netstats]
01-04 15:54:36.203 535 535 I SystemServerTiming: ssm.onStartUser-0_com.android.server.people.PeopleService
01-04 15:54:36.203 535 535 D SystemServerTiming: ssm.onStartUser-0_com.android.server.people.PeopleService took to complete: 0ms
01-04 15:54:36.203 535 535 I SystemServerTiming: ssm.onStartUser-0_com.android.server.media.projection.MediaProjectionManagerService
01-04 15:54:36.203 535 535 D SystemServerTiming: ssm.onStartUser-0_com.android.server.media.projection.MediaProjectionManagerService took to complete: 0ms
01-04 15:54:36.203 535 535 I SystemServerTiming: ssm.onStartUser-0_com.android.server.slice.SliceManagerService$Lifecycle
01-04 15:54:36.203 535 535 D SystemServerTiming: ssm.onStartUser-0_com.android.server.slice.SliceManagerService$Lifecycle took to complete: 0ms
01-04 15:54:36.203 535 535 I SystemServerTiming: ssm.onStartUser-0_com.android.server.camera.CameraServiceProxy
01-04 15:54:36.204 744 744 D NetworkSecurityConfig: No Network Security Config specified, using platform default
01-04 15:54:36.204 417 451 I Codec2InfoBuilder: adding type 'video/x-vnd.on2.vp8'
01-04 15:54:36.205 744 744 D NetworkSecurityConfig: No Network Security Config specified, using platform default
01-04 15:54:36.206 369 412 V ImxC2Store: ImxC2Store::createInterface !!! name=c2.imx.mp3.decoder.sw, ret=0
01-04 15:54:36.206 535 535 D SystemServerTiming: ssm.onStartUser-0_com.android.server.camera.CameraServiceProxy took to complete: 3ms
01-04 15:54:36.206 535 535 I SystemServerTiming: ssm.onStartUser-0_com.android.server.stats.StatsCompanion$Lifecycle
01-04 15:54:36.206 535 535 D SystemServerTiming: ssm.onStartUser-0_com.android.server.stats.StatsCompanion$Lifecycle took to complete: 0ms
01-04 15:54:36.206 535 535 I SystemServerTiming: ssm.onStartUser-0_com.android.server.stats.pull.StatsPullAtomService
01-04 15:54:36.206 535 535 D SystemServerTiming: ssm.onStartUser-0_com.android.server.stats.pull.StatsPullAtomService took to complete: 0ms
01-04 15:54:36.206 535 535 I SystemServerTiming: ssm.onStartUser-0_com.android.server.incident.IncidentCompanionService
01-04 15:54:36.206 535 535 D SystemServerTiming: ssm.onStartUser-0_com.android.server.incident.IncidentCompanionService took to complete: 0ms
01-04 15:54:36.206 535 535 I SystemServerTiming: ssm.onStartUser-0_com.android.server.MmsServiceBroker
01-04 15:54:36.206 535 535 D SystemServerTiming: ssm.onStartUser-0_com.android.server.MmsServiceBroker took to complete: 0ms
01-04 15:54:36.207 535 535 I SystemServerTiming: ssm.onStartUser-0_com.android.server.autofill.AutofillManagerService
01-04 15:54:36.207 535 535 D SystemServerTiming: ssm.onStartUser-0_com.android.server.autofill.AutofillManagerService took to complete: 0ms
01-04 15:54:36.207 535 535 I SystemServerTiming: ssm.onStartUser-0_com.android.server.clipboard.ClipboardService
01-04 15:54:36.207 535 535 D SystemServerTiming: ssm.onStartUser-0_com.android.server.clipboard.ClipboardService took to complete: 0ms
01-04 15:54:36.207 535 535 I SystemServerTiming: ssm.onStartUser-0_com.android.server.appbinding.AppBindingService$Lifecycle
01-04 15:54:36.207 417 451 I Codec2InfoBuilder: adding type 'audio/mpeg'
01-04 15:54:36.208 535 535 D SystemServerTiming: ssm.onStartUser-0_com.android.server.appbinding.AppBindingService$Lifecycle took to complete: 1ms
01-04 15:54:36.208 535 535 I SystemServerTiming: ssm.onStartUser-0_com.android.server.policy.PermissionPolicyService
01-04 15:54:36.208 535 535 D SystemServerTiming: ssm.onStartUser-0_com.android.server.policy.PermissionPolicyService took to complete: 0ms
01-04 15:54:36.208 369 768 V ImxC2Store: ImxC2Store::createInterface !!! name=c2.android.aac.decoder, ret=2
01-04 15:54:36.208 535 535 I SystemServerTiming: ssm.onStartUser-0_com.android.server.pm.StagingManager$Lifecycle
01-04 15:54:36.208 535 535 D SystemServerTiming: ssm.onStartUser-0_com.android.server.pm.StagingManager$Lifecycle took to complete: 0ms
01-04 15:54:36.208 535 535 D SystemServerTiming: ssm.StartUser-0 took to complete: 118ms
01-04 15:54:36.208 535 535 I SystemServerTiming: startPersistentApps
01-04 15:54:36.209 459 520 V C2Store : in init
01-04 15:54:36.209 459 520 V C2Store : loading dll
01-04 15:54:36.209 535 535 I am_uid_running: 1068
01-04 15:54:36.211 700 700 I WebViewLoader-: System.exit called, status: 0
01-04 15:54:36.211 700 700 I AndroidRuntime: VM exiting with result code 0, cleanup skipped.
01-04 15:54:36.217 417 451 I Codec2InfoBuilder: adding type 'audio/mp4a-latm'
01-04 15:54:36.218 535 535 D CompatibilityChangeReporter: Compat change id reported: 135634846; UID 1068; state: DISABLED
01-04 15:54:36.219 535 535 D CompatibilityChangeReporter: Compat change id reported: 135754954; UID 1068; state: ENABLED
01-04 15:54:36.220 535 535 I am_uid_running: 1001
01-04 15:54:36.222 459 459 V C2Store : in ~ComponentModule
01-04 15:54:36.223 459 459 V C2Store : unloading dll
01-04 15:54:36.223 369 769 V ImxC2Store: ImxC2Store::createInterface !!! name=c2.android.aac.encoder, ret=2
01-04 15:54:36.223 459 520 V C2Store : in init
01-04 15:54:36.224 459 520 V C2Store : loading dll
01-04 15:54:36.227 417 451 I Codec2InfoBuilder: adding type 'audio/mp4a-latm'
01-04 15:54:36.229 369 769 V ImxC2Store: ImxC2Store::createInterface !!! name=c2.android.amrnb.decoder, ret=2
01-04 15:54:36.230 459 774 V C2Store : in init
01-04 15:54:36.230 459 774 V C2Store : loading dll
01-04 15:54:36.233 459 520 V C2Store : in ~ComponentModule
01-04 15:54:36.233 459 520 V C2Store : unloading dll
01-04 15:54:36.234 417 451 I Codec2InfoBuilder: adding type 'audio/3gpp'
01-04 15:54:36.234 369 769 V ImxC2Store: ImxC2Store::createInterface !!! name=c2.android.amrnb.encoder, ret=2
01-04 15:54:36.235 459 459 V C2Store : in init
01-04 15:54:36.235 459 459 V C2Store : loading dll
01-04 15:54:36.238 417 451 I Codec2InfoBuilder: adding type 'audio/3gpp'
01-04 15:54:36.239 459 774 V C2Store : in ~ComponentModule
01-04 15:54:36.239 459 773 V C2Store : in ~ComponentModule
01-04 15:54:36.239 459 774 V C2Store : unloading dll
01-04 15:54:36.239 459 773 V C2Store : unloading dll
01-04 15:54:36.239 369 769 V ImxC2Store: ImxC2Store::createInterface !!! name=c2.android.amrwb.decoder, ret=2
01-04 15:54:36.239 535 535 D CompatibilityChangeReporter: Compat change id reported: 135634846; UID 1001; state: DISABLED
01-04 15:54:36.240 459 775 V C2Store : in init
01-04 15:54:36.240 459 775 V C2Store : loading dll
01-04 15:54:36.240 535 535 D CompatibilityChangeReporter: Compat change id reported: 135754954; UID 1001; state: ENABLED
01-04 15:54:36.240 535 535 D SystemServerTiming: startPersistentApps took to complete: 32ms
01-04 15:54:36.240 535 535 I SystemServerTiming: startHomeOnAllDisplays
01-04 15:54:36.242 722 722 I WebViewLoader-: System.exit called, status: 0
01-04 15:54:36.242 722 722 I AndroidRuntime: VM exiting with result code 0, cleanup skipped.
01-04 15:54:36.242 417 451 I Codec2InfoBuilder: adding type 'audio/amr-wb'
01-04 15:54:36.243 535 535 I ActivityTaskManager: START u0 {act=android.intent.action.MAIN cat=[android.intent.category.HOME] flg=0x10000100 cmp=com.android.settings/.FallbackHome} from uid 0
01-04 15:54:36.243 369 769 V ImxC2Store: ImxC2Store::createInterface !!! name=c2.android.amrwb.encoder, ret=2
01-04 15:54:36.243 459 773 V C2Store : in init
01-04 15:54:36.244 459 773 V C2Store : loading dll
01-04 15:54:36.246 459 775 V C2Store : in ~ComponentModule
01-04 15:54:36.246 459 775 V C2Store : unloading dll
01-04 15:54:36.246 417 451 I Codec2InfoBuilder: adding type 'audio/amr-wb'
01-04 15:54:36.247 369 769 V ImxC2Store: ImxC2Store::createInterface !!! name=c2.android.av1.decoder, ret=2
01-04 15:54:36.247 459 775 V C2Store : in ~ComponentModule
01-04 15:54:36.247 459 775 V C2Store : unloading dll
01-04 15:54:36.247 459 775 V C2Store : in init
01-04 15:54:36.247 459 775 V C2Store : loading dll
01-04 15:54:36.251 417 451 I Codec2InfoBuilder: adding type 'video/av01'
01-04 15:54:36.253 459 520 V C2Store : in ~ComponentModule
01-04 15:54:36.253 344 344 D Zygote : Forked child process 778
01-04 15:54:36.253 459 520 V C2Store : unloading dll
01-04 15:54:36.253 369 769 V ImxC2Store: ImxC2Store::createInterface !!! name=c2.android.avc.decoder, ret=2
01-04 15:54:36.256 459 773 V C2Store : in init
01-04 15:54:36.257 459 773 V C2Store : loading dll
01-04 15:54:36.257 778 778 I Zygote : seccomp disabled by setenforce 0
01-04 15:54:36.260 417 451 I Codec2InfoBuilder: adding type 'video/avc'
01-04 15:54:36.263 459 520 V C2Store : in ~ComponentModule
01-04 15:54:36.264 459 520 V C2Store : unloading dll
01-04 15:54:36.264 369 769 V ImxC2Store: ImxC2Store::createInterface !!! name=c2.android.avc.encoder, ret=2
01-04 15:54:36.265 459 775 V C2Store : in init
01-04 15:54:36.265 459 775 V C2Store : loading dll
01-04 15:54:36.266 459 775 I mediaswcodec: missing struct descriptor #Param::CoreIndex(--004) for field values of struct #Param::CoreIndex(F-12004)
01-04 15:54:36.268 459 775 I mediaswcodec: missing struct descriptor #Param::CoreIndex(--004) for field values of struct #Param::CoreIndex(F-12004)
01-04 15:54:36.270 417 451 I Codec2InfoBuilder: adding type 'video/avc'
01-04 15:54:36.273 459 773 V C2Store : in ~ComponentModule
01-04 15:54:36.273 459 773 V C2Store : unloading dll
01-04 15:54:36.274 369 769 V ImxC2Store: ImxC2Store::createInterface !!! name=c2.android.flac.decoder, ret=2
01-04 15:54:36.274 344 344 I Zygote : Process 722 exited cleanly (0)
01-04 15:54:36.274 459 773 V C2Store : in init
01-04 15:54:36.275 459 773 V C2Store : loading dll
01-04 15:54:36.277 535 563 W ActivityManager: Slow operation: 65ms so far, now at startProcess: returned from zygote!
01-04 15:54:36.279 417 451 I Codec2InfoBuilder: adding type 'audio/flac'
01-04 15:54:36.280 369 769 V ImxC2Store: ImxC2Store::createInterface !!! name=c2.android.flac.encoder, ret=2
01-04 15:54:36.280 459 775 V C2Store : in init
01-04 15:54:36.280 459 775 V C2Store : loading dll
01-04 15:54:36.283 417 451 I Codec2InfoBuilder: adding type 'audio/flac'
01-04 15:54:36.284 459 786 V C2Store : in ~ComponentModule
01-04 15:54:36.284 459 786 V C2Store : unloading dll
01-04 15:54:36.285 369 769 V ImxC2Store: ImxC2Store::createInterface !!! name=c2.android.g711.alaw.decoder, ret=2
01-04 15:54:36.285 459 786 V C2Store : in init
01-04 15:54:36.285 459 786 V C2Store : loading dll
01-04 15:54:36.287 459 773 V C2Store : in ~ComponentModule
01-04 15:54:36.288 459 773 V C2Store : unloading dll
01-04 15:54:36.288 417 451 I Codec2InfoBuilder: adding type 'audio/g711-alaw'
01-04 15:54:36.289 459 773 V C2Store : in ~ComponentModule
01-04 15:54:36.289 459 773 V C2Store : unloading dll
01-04 15:54:36.289 469 512 I adbd : jdwp connection from 778
01-04 15:54:36.289 369 769 V ImxC2Store: ImxC2Store::createInterface !!! name=c2.android.g711.mlaw.decoder, ret=2
01-04 15:54:36.290 459 786 V C2Store : in init
01-04 15:54:36.290 459 786 V C2Store : loading dll
01-04 15:54:36.293 417 451 I Codec2InfoBuilder: adding type 'audio/g711-mlaw'
01-04 15:54:36.294 369 769 V ImxC2Store: ImxC2Store::createInterface !!! name=c2.android.gsm.decoder, ret=2
01-04 15:54:36.295 459 786 V C2Store : in ~ComponentModule
01-04 15:54:36.295 459 786 V C2Store : unloading dll
01-04 15:54:36.295 459 775 V C2Store : in init
01-04 15:54:36.295 459 775 V C2Store : loading dll
01-04 15:54:36.298 417 451 D Codec2InfoBuilder: codec entry for 'c2.android.gsm.decoder' is disabled
01-04 15:54:36.299 459 775 V C2Store : in ~ComponentModule
01-04 15:54:36.299 459 775 V C2Store : unloading dll
01-04 15:54:36.300 369 769 V ImxC2Store: ImxC2Store::createInterface !!! name=c2.android.h263.decoder, ret=2
01-04 15:54:36.300 459 775 V C2Store : in init
01-04 15:54:36.300 459 775 V C2Store : loading dll
01-04 15:54:36.304 417 451 I Codec2InfoBuilder: adding type 'video/3gpp'
01-04 15:54:36.304 345 345 D Zygote : Forked child process 799
01-04 15:54:36.307 369 769 V ImxC2Store: ImxC2Store::createInterface !!! name=c2.android.h263.encoder, ret=2
01-04 15:54:36.308 459 786 V C2Store : in init
01-04 15:54:36.308 459 786 V C2Store : loading dll
01-04 15:54:36.308 459 520 V C2Store : in ~ComponentModule
01-04 15:54:36.308 459 520 V C2Store : unloading dll
01-04 15:54:36.310 799 799 I Zygote : seccomp disabled by setenforce 0
01-04 15:54:36.312 417 451 I Codec2InfoBuilder: adding type 'video/3gpp'
01-04 15:54:36.314 369 769 V ImxC2Store: ImxC2Store::createInterface !!! name=c2.android.hevc.decoder, ret=2
01-04 15:54:36.315 459 773 V C2Store : in init
01-04 15:54:36.315 459 773 V C2Store : loading dll
01-04 15:54:36.315 535 669 I chatty : uid=1000(system) AsyncTask #1 expire 1 line
01-04 15:54:36.319 417 451 I Codec2InfoBuilder: adding type 'video/hevc'
01-04 15:54:36.320 459 786 V C2Store : in ~ComponentModule
01-04 15:54:36.320 459 786 V C2Store : unloading dll
01-04 15:54:36.322 345 345 I Zygote : Process 700 exited cleanly (0)
01-04 15:54:36.323 799 799 I WebViewZygoteInit: Starting WebViewZygoteInit
01-04 15:54:36.323 459 773 V C2Store : in ~ComponentModule
01-04 15:54:36.323 459 773 V C2Store : unloading dll
01-04 15:54:36.324 369 769 V ImxC2Store: ImxC2Store::createInterface !!! name=c2.android.hevc.encoder, ret=2
01-04 15:54:36.324 799 799 I Zygote : seccomp disabled by setenforce 0
01-04 15:54:36.324 459 773 V C2Store : in init
01-04 15:54:36.325 459 773 V C2Store : loading dll
01-04 15:54:36.326 459 773 I mediaswcodec: missing struct descriptor #Param::CoreIndex(--004) for field values of struct #Param::CoreIndex(F-12004)
01-04 15:54:36.327 459 773 D C2SoftHevcEnc: Given level 6000 does not cover current configuration: adjusting to 6001
01-04 15:54:36.328 459 773 I mediaswcodec: missing struct descriptor #Param::CoreIndex(--004) for field values of struct #Param::CoreIndex(F-12004)
01-04 15:54:36.328 459 773 D C2SoftHevcEnc: Given level 6000 does not cover current configuration: adjusting to 6001
01-04 15:54:36.329 417 451 I Codec2InfoBuilder: adding type 'video/hevc'
01-04 15:54:36.332 369 769 V ImxC2Store: ImxC2Store::createInterface !!! name=c2.android.mp3.decoder, ret=2
01-04 15:54:36.332 459 786 V C2Store : in init
01-04 15:54:36.332 459 786 V C2Store : loading dll
01-04 15:54:36.333 459 775 V C2Store : in ~ComponentModule
01-04 15:54:36.333 459 775 V C2Store : unloading dll
01-04 15:54:36.336 417 451 I Codec2InfoBuilder: adding type 'audio/mpeg'
01-04 15:54:36.336 535 561 I netstats_mobile_sample: [0,0,0,0,0,0,0,0,0,0,0,0,1641291876336]
01-04 15:54:36.336 535 561 I netstats_wifi_sample: [0,0,0,0,0,0,0,0,0,0,0,0,1641291876336]
01-04 15:54:36.337 459 775 V C2Store : in ~ComponentModule
01-04 15:54:36.337 459 775 V C2Store : unloading dll
01-04 15:54:36.338 369 769 V ImxC2Store: ImxC2Store::createInterface !!! name=c2.android.mpeg2.decoder, ret=2
01-04 15:54:36.338 459 775 V C2Store : in init
01-04 15:54:36.339 459 775 V C2Store : loading dll
01-04 15:54:36.342 535 561 I chatty : uid=1000(system) android.bg expire 6 lines
01-04 15:54:36.344 417 451 I Codec2InfoBuilder: adding type 'video/mpeg2'
01-04 15:54:36.345 369 769 V ImxC2Store: ImxC2Store::createInterface !!! name=c2.android.mpeg4.decoder, ret=2
01-04 15:54:36.346 459 773 V C2Store : in init
01-04 15:54:36.346 459 773 V C2Store : loading dll
01-04 15:54:36.346 459 786 V C2Store : in ~ComponentModule
01-04 15:54:36.346 459 786 V C2Store : unloading dll
01-04 15:54:36.349 417 451 I Codec2InfoBuilder: adding type 'video/mp4v-es'
01-04 15:54:36.349 535 545 I chatty : uid=1000(system) HeapTaskDaemon expire 1 line
01-04 15:54:36.351 369 769 V ImxC2Store: ImxC2Store::createInterface !!! name=c2.android.mpeg4.encoder, ret=2
01-04 15:54:36.351 459 786 V C2Store : in ~ComponentModule
01-04 15:54:36.351 459 786 V C2Store : unloading dll
01-04 15:54:36.351 459 773 V C2Store : in init
01-04 15:54:36.352 459 773 V C2Store : loading dll
01-04 15:54:36.357 417 451 I Codec2InfoBuilder: adding type 'video/mp4v-es'
01-04 15:54:36.359 369 769 V ImxC2Store: ImxC2Store::createInterface !!! name=c2.android.opus.decoder, ret=2
01-04 15:54:36.359 459 773 V C2Store : in ~ComponentModule
01-04 15:54:36.359 459 773 V C2Store : unloading dll
01-04 15:54:36.360 459 773 V C2Store : in init
01-04 15:54:36.360 459 773 V C2Store : loading dll
01-04 15:54:36.362 417 451 I Codec2InfoBuilder: adding type 'audio/opus'
01-04 15:54:36.362 535 561 I netstats_mobile_sample: [0,0,0,0,0,0,0,0,0,0,0,0,1641291876362]
01-04 15:54:36.363 535 561 I netstats_wifi_sample: [0,0,0,0,0,0,0,0,0,0,0,0,1641291876362]
01-04 15:54:36.363 369 769 V ImxC2Store: ImxC2Store::createInterface !!! name=c2.android.opus.encoder, ret=2
01-04 15:54:36.363 459 773 V C2Store : in ~ComponentModule
01-04 15:54:36.363 459 773 V C2Store : unloading dll
01-04 15:54:36.363 459 786 V C2Store : in init
01-04 15:54:36.363 459 786 V C2Store : loading dll
01-04 15:54:36.366 417 451 I Codec2InfoBuilder: adding type 'audio/opus'
01-04 15:54:36.367 459 786 V C2Store : in ~ComponentModule
01-04 15:54:36.368 459 786 V C2Store : unloading dll
01-04 15:54:36.368 369 769 V ImxC2Store: ImxC2Store::createInterface !!! name=c2.android.raw.decoder, ret=2
01-04 15:54:36.368 459 786 V C2Store : in init
01-04 15:54:36.369 459 786 V C2Store : loading dll
01-04 15:54:36.370 799 799 I WebViewZygoteInit: Beginning application preload for com.android.webview
01-04 15:54:36.372 417 451 I Codec2InfoBuilder: adding type 'audio/raw'
01-04 15:54:36.372 369 769 V ImxC2Store: ImxC2Store::createInterface !!! name=c2.android.vorbis.decoder, ret=2
01-04 15:54:36.372 459 786 V C2Store : in ~ComponentModule
01-04 15:54:36.372 459 786 V C2Store : unloading dll
01-04 15:54:36.373 459 775 V C2Store : in init
01-04 15:54:36.373 459 775 V C2Store : loading dll
01-04 15:54:36.375 417 451 I Codec2InfoBuilder: adding type 'audio/vorbis'
01-04 15:54:36.375 369 769 V ImxC2Store: ImxC2Store::createInterface !!! name=c2.android.vp8.decoder, ret=2
01-04 15:54:36.376 459 775 V C2Store : in ~ComponentModule
01-04 15:54:36.376 459 775 V C2Store : unloading dll
01-04 15:54:36.376 459 775 V C2Store : in init
01-04 15:54:36.376 799 799 I webview_zygote: The ClassLoaderContext is a special shared library.
01-04 15:54:36.376 459 775 V C2Store : loading dll
01-04 15:54:36.378 799 799 D nativeloader: classloader namespace configured for unbundled product apk. library_path=/product/app/webview/lib/arm:/product/app/webview/webview.apk!/lib/armeabi-v7a:/product/lib:/system/product/lib
01-04 15:54:36.379 417 451 I Codec2InfoBuilder: adding type 'video/x-vnd.on2.vp8'
01-04 15:54:36.380 369 769 V ImxC2Store: ImxC2Store::createInterface !!! name=c2.android.vp8.encoder, ret=2
01-04 15:54:36.380 459 775 V C2Store : in ~ComponentModule
01-04 15:54:36.380 459 775 V C2Store : unloading dll
01-04 15:54:36.380 459 775 V C2Store : in init
01-04 15:54:36.380 459 775 V C2Store : loading dll
01-04 15:54:36.381 459 775 I C2SoftVp8Enc: setting temporal layering 0 + 0
01-04 15:54:36.382 459 775 I C2SoftVp8Enc: setting temporal layering 0 + 0
01-04 15:54:36.383 417 451 I Codec2InfoBuilder: adding type 'video/x-vnd.on2.vp8'
01-04 15:54:36.385 369 769 V ImxC2Store: ImxC2Store::createInterface !!! name=c2.android.vp9.decoder, ret=2
01-04 15:54:36.385 459 775 V C2Store : in ~ComponentModule
01-04 15:54:36.385 459 775 V C2Store : unloading dll
01-04 15:54:36.385 459 775 V C2Store : in init
01-04 15:54:36.385 459 775 V C2Store : loading dll
01-04 15:54:36.388 417 451 I Codec2InfoBuilder: adding type 'video/x-vnd.on2.vp9'
01-04 15:54:36.390 369 769 V ImxC2Store: ImxC2Store::createInterface !!! name=c2.android.vp9.encoder, ret=2
01-04 15:54:36.390 459 775 V C2Store : in ~ComponentModule
01-04 15:54:36.390 459 775 V C2Store : unloading dll
01-04 15:54:36.390 459 775 V C2Store : in init
01-04 15:54:36.390 459 775 V C2Store : loading dll
01-04 15:54:36.392 459 775 I C2SoftVp9Enc: setting temporal layering 0 + 0
01-04 15:54:36.393 459 775 I C2SoftVp9Enc: setting temporal layering 0 + 0
01-04 15:54:36.394 417 451 I Codec2InfoBuilder: adding type 'video/x-vnd.on2.vp9'
01-04 15:54:36.396 459 773 V C2Store : in ~ComponentModule
01-04 15:54:36.396 459 773 V C2Store : unloading dll
01-04 15:54:36.399 535 668 I chatty : uid=1000(system) Binder:535_3 expire 34 lines
01-04 15:54:36.400 535 667 I chatty : uid=1000(system) Binder:535_3 expire 35 lines
01-04 15:54:36.402 535 535 I wm_task_created: [2,0]
01-04 15:54:36.402 535 535 I wm_stack_created: 2
01-04 15:54:36.405 535 535 I wm_task_moved: [2,1,2147483647]
01-04 15:54:36.406 369 412 V ImxC2Store: ImxC2Store::createComponent name=c2.android.vorbis.decoder, ret=2
01-04 15:54:36.407 369 412 V ImxC2Store: ImxC2Store::createComponent name=c2.android.vorbis.decoder, ret=2
01-04 15:54:36.408 535 535 I wm_create_task: [0,2]
01-04 15:54:36.408 535 535 I wm_create_activity: [0,85701789,2,com.android.settings/.FallbackHome,android.intent.action.MAIN,NULL,NULL,276824320]
01-04 15:54:36.409 459 775 V C2Store : in init
01-04 15:54:36.409 459 775 V C2Store : loading dll
01-04 15:54:36.409 272 272 I android.hardware.power-service.imx: Power mode LAUNCH isModeSupported: 1
01-04 15:54:36.409 535 535 I wm_task_moved: [2,1,2147483647]
01-04 15:54:36.413 535 561 I netstats_mobile_sample: [0,0,0,0,0,0,0,0,0,0,0,0,1641291876413]
01-04 15:54:36.414 535 561 I netstats_wifi_sample: [0,0,0,0,0,0,0,0,0,0,0,0,1641291876413]
01-04 15:54:36.415 535 535 D SystemServerTiming: startHomeOnAllDisplays took to complete: 174ms
01-04 15:54:36.415 535 535 I SystemServerTiming: showSystemReadyErrorDialogs
01-04 15:54:36.415 535 535 I chatty : uid=1000(system) Binder:535_3 expire 20 lines
01-04 15:54:36.433 459 820 E FMQ : grantorIdx must be less than 3
01-04 15:54:36.433 459 820 E FMQ : grantorIdx must be less than 3
01-04 15:54:36.434 459 822 E FMQ : grantorIdx must be less than 3
01-04 15:54:36.434 459 822 E FMQ : grantorIdx must be less than 3
01-04 15:54:36.438 799 799 I WebViewZygoteInit: Application preload done
01-04 15:54:36.451 535 561 I netstats_mobile_sample: [0,0,0,0,0,0,0,0,0,0,0,0,1641291876451]
01-04 15:54:36.451 535 561 I netstats_wifi_sample: [0,0,0,0,0,0,0,0,0,0,0,0,1641291876451]
01-04 15:54:36.452 535 561 D TelephonyRegistry: listen oscl: mHasNotifySubscriptionInfoChangedOccurred==false no callback
01-04 15:54:36.454 535 561 D CountryDetector: Using custom country detector class: com.android.server.location.ComprehensiveCountryDetector
01-04 15:54:36.467 459 818 D SimpleC2Component: Using output block pool with poolID 18 => got 18 - 0
01-04 15:54:36.470 459 819 D SimpleC2Component: Using output block pool with poolID 17 => got 17 - 0
01-04 15:54:36.472 459 820 E FMQ : grantorIdx must be less than 3
01-04 15:54:36.473 459 820 E ion : ioctl c0044901 failed with code -1: Inappropriate ioctl for device
01-04 15:54:36.476 459 820 E FMQ : grantorIdx must be less than 3
01-04 15:54:36.484 459 818 E FMQ : grantorIdx must be less than 3
01-04 15:54:36.485 535 634 I chatty : uid=1000(system) HwBinder:535_2 expire 1 line
01-04 15:54:36.489 459 819 E FMQ : grantorIdx must be less than 3
01-04 15:54:36.490 535 817 I chatty : uid=1000(system) HwBinder:535_3 expire 3 lines
01-04 15:54:36.515 535 535 D SystemServerTiming: showSystemReadyErrorDialogs took to complete: 100ms
01-04 15:54:36.515 535 535 I SystemServerTiming: sendUserStartBroadcast
01-04 15:54:36.515 535 535 D SystemServerTiming: sendUserStartBroadcast took to complete: 0ms
01-04 15:54:36.515 447 518 E Utils : did not find channel-count and/or sample-rate
01-04 15:54:36.516 535 535 I SystemServerTiming: resumeTopActivities
01-04 15:54:36.516 535 535 D SystemServerTiming: resumeTopActivities took to complete: 0ms
01-04 15:54:36.516 535 535 I SystemServerTiming: sendUserSwitchBroadcasts
01-04 15:54:36.516 535 535 I uc_send_user_broadcast: [0,android.intent.action.USER_FOREGROUND]
01-04 15:54:36.517 535 535 I uc_send_user_broadcast: [0,android.intent.action.USER_SWITCHED]
01-04 15:54:36.517 535 535 D SystemServerTiming: sendUserSwitchBroadcasts took to complete: 1ms
01-04 15:54:36.517 535 535 I SystemServerTiming: setBinderProxies
01-04 15:54:36.517 535 535 D SystemServerTiming: setBinderProxies took to complete: 0ms
01-04 15:54:36.517 535 535 D SystemServerTiming: ActivityManagerStartApps took to complete: 427ms
01-04 15:54:36.517 535 535 D SystemServerTiming: PhaseActivityManagerReady took to complete: 1061ms
01-04 15:54:36.517 535 535 D SystemServerTiming: startOtherServices took to complete: 2847ms
01-04 15:54:36.517 535 535 D SystemServerTiming: StartServices took to complete: 4830ms
01-04 15:54:36.517 535 591 I ActivityManager: Process WebViewLoader-arm64-v8a (pid 722) has died: psvc PER
01-04 15:54:36.518 535 591 I am_proc_died: [0,722,WebViewLoader-arm64-v8a,-700,0]
01-04 15:54:36.518 535 564 I chatty : uid=1000(system) ActivityManager expire 2 lines
01-04 15:54:36.526 535 591 I am_low_memory: 6
01-04 15:54:36.528 535 563 I dvm_lock_sample: [system_server,1,ActivityManager:procStart,251,ProcessList.java,2060,void com.android.server.am.ProcessList.handleProcessStart(com.android.server.am.ProcessRecord, java.lang.String, int[], int, int, int, java.lang.String, java.lang.String, java.lang.String, long),,0,null,50]
01-04 15:54:36.529 535 563 W ActivityManager: Slow operation: 317ms so far, now at startProcess: done updating battery stats
01-04 15:54:36.529 535 563 I am_proc_start: [0,778,1068,com.android.se,added application,com.android.se]
01-04 15:54:36.529 535 563 W ActivityManager: Slow operation: 317ms so far, now at startProcess: building log message
01-04 15:54:36.529 535 563 I ActivityManager: Start proc 778:com.android.se/1068 for added application com.android.se
01-04 15:54:36.529 535 563 W ActivityManager: Slow operation: 317ms so far, now at startProcess: starting to update pids map
01-04 15:54:36.529 535 563 W ActivityManager: Slow operation: 317ms so far, now at startProcess: done updating pids map
01-04 15:54:36.529 535 563 W ActivityManager: Slow operation: 308ms so far, now at startProcess: asking zygote to start proc
01-04 15:54:36.530 535 549 I dvm_lock_sample: [system_server,1,Binder:535_1,235,ActivityManagerService.java,5438,void com.android.server.am.ActivityManagerService.attachApplication(android.app.IApplicationThread, long),,0,null,47]
01-04 15:54:36.531 535 549 I am_proc_bound: [0,778,com.android.se]
01-04 15:54:36.531 459 823 I hw-BpHwBinder: onLastStrongRef automatically unlinking death recipients
01-04 15:54:36.533 459 823 V C2Store : in ~ComponentModule
01-04 15:54:36.533 459 823 V C2Store : unloading dll
01-04 15:54:36.536 535 535 W Looper : Slow delivery took 2901ms main h=android.app.ActivityThread$H c=null m=156
01-04 15:54:36.537 535 829 I chatty : uid=1000(system) Binder:535_3 expire 34 lines
01-04 15:54:36.538 535 549 I am_uid_active: 1068
01-04 15:54:36.539 459 823 V C2Store : in init
01-04 15:54:36.539 535 590 I dvm_lock_sample: [system_server,0,Binder:535_4,217,ActivityManagerService.java,1600,void com.android.server.am.ActivityManagerService$AppDeathRecipient.binderDied(),,0,null,43]
01-04 15:54:36.539 459 823 V C2Store : loading dll
01-04 15:54:36.540 535 590 I ActivityManager: Process WebViewLoader-armeabi-v7a (pid 700) has died: psvc PER
01-04 15:54:36.540 535 590 I am_proc_died: [0,700,WebViewLoader-armeabi-v7a,-700,0]
01-04 15:54:36.540 535 590 I am_uid_stopped: 1037
01-04 15:54:36.541 535 590 I am_low_memory: 5
01-04 15:54:36.544 535 555 D CompatibilityChangeReporter: Compat change id reported: 135634846; UID 1000; state: DISABLED
01-04 15:54:36.544 535 555 D CompatibilityChangeReporter: Compat change id reported: 135754954; UID 1000; state: ENABLED
01-04 15:54:36.547 535 612 I chatty : uid=1000(system) NetworkPolicy expire 8 lines
01-04 15:54:36.550 535 555 I chatty : uid=1000(system) android.display expire 2 lines
01-04 15:54:36.558 447 518 E Utils : did not find channel-count and/or sample-rate
01-04 15:54:36.562 535 535 D ConditionProviders.SCP: onConnected
01-04 15:54:36.565 232 232 I hwservicemanager: getTransport: Cannot find entry android.hardware.input.classifier@1.0::IInputClassifier/default in either framework or device manifest.
01-04 15:54:36.566 535 535 D ConditionProviders: Subscribing to condition://android/event?userId=-10000&calendar=&reply=1 with ComponentInfo{android/com.android.server.notification.EventConditionProvider}
01-04 15:54:36.567 535 535 D ConditionProviders: Subscribing to condition://android/schedule?days=1.2.3.4.5.6.7&start=22.0&end=7.0&exitAtAlarm=true with ComponentInfo{android/com.android.server.notification.ScheduleConditionProvider}
01-04 15:54:36.567 535 535 I notification_cancel_all: [1000,535,android,0,0,0,17,NULL]
01-04 15:54:36.568 535 535 I am_uid_running: 10122
01-04 15:54:36.569 344 344 D Zygote : Forked child process 837
01-04 15:54:36.572 778 778 I com.android.se: The ClassLoaderContext is a special shared library.
01-04 15:54:36.573 837 837 I Zygote : seccomp disabled by setenforce 0
01-04 15:54:36.573 535 563 W ActivityManager: Slow operation: 352ms so far, now at startProcess: returned from zygote!
01-04 15:54:36.576 535 835 I chatty : uid=1000(system) Binder:535_3 expire 1 line
01-04 15:54:36.578 459 459 E FMQ : grantorIdx must be less than 3
01-04 15:54:36.579 459 459 E FMQ : grantorIdx must be less than 3
01-04 15:54:36.580 535 836 I chatty : uid=1000(system) Binder:535_3 expire 32 lines
01-04 15:54:36.582 535 535 D CompatibilityChangeReporter: Compat change id reported: 135634846; UID 10122; state: DISABLED
01-04 15:54:36.583 535 535 D CompatibilityChangeReporter: Compat change id reported: 135754954; UID 10122; state: ENABLED
01-04 15:54:36.584 535 563 W ActivityManager: Slow operation: 363ms so far, now at startProcess: done updating battery stats
01-04 15:54:36.584 535 563 I am_proc_start: [0,837,1001,com.android.phone,added application,com.android.phone]
