01-04 15:54:37.718 837 837 D NewNitzStateMachineImpl: handleNetworkUnavailable(): mLatestNitzSignal was already null. Nothing to do.
01-04 15:54:37.725 535 591 I am_uid_running: 10117
01-04 15:54:37.727 535 591 D CompatibilityChangeReporter: Compat change id reported: 135634846; UID 10117; state: DISABLED
01-04 15:54:37.727 535 591 D CompatibilityChangeReporter: Compat change id reported: 135754954; UID 10117; state: ENABLED
01-04 15:54:37.728 535 563 D CompatibilityChangeReporter: Compat change id reported: 143937733; UID 10117; state: ENABLED
01-04 15:54:37.728 672 963 D CCodecBufferChannel: [c2.android.vorbis.decoder#350] MediaCodec discarded an unknown buffer
01-04 15:54:37.729 672 968 D CCodecBufferChannel: [c2.android.vorbis.decoder#941] MediaCodec discarded an unknown buffer
01-04 15:54:37.730 672 672 D SystemUIBootTiming: StartServicescom.android.systemui.recents.Recents took to complete: 212ms
01-04 15:54:37.731 535 600 I commit_sys_config_file: [settings-0-0,140]
01-04 15:54:37.733 672 963 I hw-BpHwBinder: onLastStrongRef automatically unlinking death recipients
01-04 15:54:37.734 459 459 I hw-BpHwBinder: onLastStrongRef automatically unlinking death recipients
01-04 15:54:37.734 672 975 I hw-BpHwBinder: onLastStrongRef automatically unlinking death recipients
01-04 15:54:37.735 459 459 V C2Store : in ~ComponentModule
01-04 15:54:37.736 459 459 V C2Store : unloading dll
01-04 15:54:37.739 672 672 I vol.Events: writeEvent collection_started
01-04 15:54:37.742 837 837 D RILJ : [0005]> SIGNAL_STRENGTH [PHONE0]
01-04 15:54:37.742 455 455 D RILC : getSignalStrength_1_4: serial 5
01-04 15:54:37.742 455 455 D RIL : onRequest: 19, SIGNAL_STRENGTH datalen: 0, data 0x0
01-04 15:54:37.742 455 455 D RILC : RequestComplete, RIL_SOCKET_1
01-04 15:54:37.742 455 455 E RILC : Calling responseFunction() for token 5
01-04 15:54:37.742 455 455 D RILC : getSignalStrengthResponse: serial 5
01-04 15:54:37.742 455 455 E RILC : getSignalStrengthResponse: Invalid response
01-04 15:54:37.743 837 837 D SST : [0] notifyVoiceRegStateRilRadioTechnologyChanged: vrs=1 rat=0
01-04 15:54:37.744 344 344 D Zygote : Forked child process 976
01-04 15:54:37.744 837 948 D RILJ : [0005]< SIGNAL_STRENGTH error 1 [PHONE0]
01-04 15:54:37.744 837 948 D RilRequest: [0005]< SIGNAL_STRENGTH error: com.android.internal.telephony.CommandException: RADIO_NOT_AVAILABLE ret=SignalStrength:{mCdma=CellSignalStrengthCdma: cdmaDbm=0 cdmaEcio=0 evdoDbm=0 evdoEcio=0 evdoSnr=0 level=4,mGsm=CellSignalStrengthGsm: rssi=-113 ber=0 mTa=0 mLevel=0,mWcdma=CellSignalStrengthWcdma: ss=-113 ber=0 rscp=-120 ecno=-24 level=0,mTdscdma=CellSignalStrengthTdscdma: rssi=-113 ber=0 rscp=-120 level=0,mLte=CellSignalStrengthLte: rssi=-113 rsrp=2147483647 rsrq=0 rssnr=0 cqi=0 ta=0 level=1 parametersUseForLevel=1,mNr=CellSignalStrengthNr:{ csiRsrp = 2147483647 csiRsrq = 2147483647 csiSinr = 0 ssRsrp = 2147483647 ssRsrq = 0 ssSinr = 0 level = 0 parametersUseForLevel = 1 },primary=CellSignalStrengthLte}
01-04 15:54:37.745 535 550 D TelephonyRegistry: listen oscl: mHasNotifySubscriptionInfoChangedOccurred==false no callback
01-04 15:54:37.748 837 837 W CarrierConfigManager: Error getting config for subId -1 ICarrierConfigLoader is null
01-04 15:54:37.748 535 563 I am_proc_start: [0,976,10117,com.android.launcher3,service,{com.android.launcher3/com.android.quickstep.TouchInteractionService}]
01-04 15:54:37.748 535 563 I ActivityManager: Start proc 976:com.android.launcher3/u0a117 for service {com.android.launcher3/com.android.quickstep.TouchInteractionService}
01-04 15:54:37.753 976 976 I Zygote : seccomp disabled by setenforce 0
01-04 15:54:37.762 447 447 E Utils : did not find channel-count and/or sample-rate
01-04 15:54:37.775 672 989 D CCodec : allocate(c2.android.vorbis.decoder)
01-04 15:54:37.777 672 989 I CCodec : setting up 'default' as default (vendor) store
01-04 15:54:37.778 459 459 V C2Store : in init
01-04 15:54:37.778 459 459 V C2Store : loading dll
01-04 15:54:37.781 672 989 I CCodec : Created component [c2.android.vorbis.decoder]
01-04 15:54:37.782 672 989 D CCodecConfig: read media type: audio/vorbis
01-04 15:54:37.786 672 989 D ReflectedParamUpdater: extent() != 1 for single value type: algo.buffers.max-count.values
01-04 15:54:37.786 672 989 D ReflectedParamUpdater: extent() != 1 for single value type: output.subscribed-indices.values
01-04 15:54:37.786 672 989 D ReflectedParamUpdater: extent() != 1 for single value type: input.buffers.allocator-ids.values
01-04 15:54:37.786 672 989 D ReflectedParamUpdater: extent() != 1 for single value type: output.buffers.allocator-ids.values
01-04 15:54:37.787 672 989 D ReflectedParamUpdater: extent() != 1 for single value type: algo.buffers.allocator-ids.values
01-04 15:54:37.787 672 989 D ReflectedParamUpdater: extent() != 1 for single value type: output.buffers.pool-ids.values
01-04 15:54:37.787 672 989 D ReflectedParamUpdater: extent() != 1 for single value type: algo.buffers.pool-ids.values
01-04 15:54:37.788 535 591 I am_proc_bound: [0,976,com.android.launcher3]
01-04 15:54:37.788 672 989 I CCodecConfig: query failed after returning 7 values (BAD_INDEX)
01-04 15:54:37.789 672 989 D CCodecConfig: c2 config diff is Dict {
01-04 15:54:37.789 672 989 D CCodecConfig: c2::u32 coded.bitrate.value = 64000
01-04 15:54:37.789 672 989 D CCodecConfig: c2::u32 input.buffers.max-size.value = 32768
01-04 15:54:37.789 672 989 D CCodecConfig: c2::u32 input.delay.value = 0
01-04 15:54:37.789 672 989 D CCodecConfig: string input.media-type.value = "audio/vorbis"
01-04 15:54:37.789 672 989 D CCodecConfig: string output.media-type.value = "audio/raw"
01-04 15:54:37.789 672 989 D CCodecConfig: c2::u32 raw.channel-count.value = 1
01-04 15:54:37.789 672 989 D CCodecConfig: c2::u32 raw.sample-rate.value = 48000
01-04 15:54:37.789 672 989 D CCodecConfig: }
01-04 15:54:37.790 672 989 D CCodec : [c2.android.vorbis.decoder] buffers are bound to CCodec for this session
01-04 15:54:37.790 672 989 D CCodecConfig: no c2 equivalents for durationUs
01-04 15:54:37.790 672 989 D CCodecConfig: no c2 equivalents for track-id
01-04 15:54:37.790 672 989 D CCodecConfig: no c2 equivalents for csd-1
01-04 15:54:37.790 672 989 D CCodecConfig: no c2 equivalents for channel-mask
01-04 15:54:37.790 672 989 D CCodecConfig: no c2 equivalents for flags
01-04 15:54:37.791 469 512 I adbd : jdwp connection from 976
01-04 15:54:37.791 535 591 I am_uid_active: 10117
01-04 15:54:37.791 672 989 D CCodecConfig: c2 config diff is c2::u32 coded.bitrate.value = 160000
01-04 15:54:37.791 672 989 D CCodecConfig: c2::u32 raw.channel-count.value = 2
01-04 15:54:37.792 672 989 W Codec2Client: query -- param skipped: index = 1107298332.
01-04 15:54:37.793 672 989 D CCodec : setup formats input: AMessage(what = 0x00000000) = {
01-04 15:54:37.793 672 989 D CCodec : int32_t bitrate = 160000
01-04 15:54:37.793 672 989 D CCodec : int32_t channel-count = 2
01-04 15:54:37.793 672 989 D CCodec : int32_t max-input-size = 32768
01-04 15:54:37.793 672 989 D CCodec : string mime = "audio/vorbis"
01-04 15:54:37.793 672 989 D CCodec : int32_t sample-rate = 48000
01-04 15:54:37.793 672 989 D CCodec : } and output: AMessage(what = 0x00000000) = {
01-04 15:54:37.793 672 989 D CCodec : int32_t bitrate = 160000
01-04 15:54:37.793 672 989 D CCodec : int32_t channel-count = 2
01-04 15:54:37.793 672 989 D CCodec : string mime = "audio/raw"
01-04 15:54:37.793 672 989 D CCodec : int32_t sample-rate = 48000
01-04 15:54:37.793 672 989 D CCodec : int32_t channel-mask = 3
01-04 15:54:37.793 672 989 D CCodec : }
01-04 15:54:37.794 672 989 W Codec2Client: query -- param skipped: index = 1342179345.
01-04 15:54:37.794 672 989 W Codec2Client: query -- param skipped: index = 2415921170.
01-04 15:54:37.796 672 989 E FMQ : grantorIdx must be less than 3
01-04 15:54:37.796 672 989 E FMQ : grantorIdx must be less than 3
01-04 15:54:37.796 672 989 D CCodecBufferChannel: [c2.android.vorbis.decoder#809] Created input block pool with allocatorID 16 => poolID 19 - OK (0)
01-04 15:54:37.798 459 773 E FMQ : grantorIdx must be less than 3
01-04 15:54:37.798 459 773 E FMQ : grantorIdx must be less than 3
01-04 15:54:37.802 672 989 I CCodecBufferChannel: [c2.android.vorbis.decoder#809] Created output block pool with allocatorID 16 => poolID 25 - OK
01-04 15:54:37.802 672 989 D CCodecBufferChannel: [c2.android.vorbis.decoder#809] Configured output block pool ids 25 => OK
01-04 15:54:37.806 837 837 D EmergencyNumberTracker: asset emergency database is loaded. Ver: 1 Phone Id: 0
01-04 15:54:37.809 837 837 E EmergencyNumberTracker: Cache ota emergency database IOException: java.io.FileNotFoundException: /data/misc/emergencynumberdb/emergency_number_db: open failed: ENOENT (No such file or directory)
01-04 15:54:37.809 837 837 D EmergencyNumberTracker: Using Asset Emergency database. Version: 1
01-04 15:54:37.810 535 550 D TelephonyRegistry: listen oscl: mHasNotifySubscriptionInfoChangedOccurred==false no callback
01-04 15:54:37.811 459 997 D SimpleC2Component: Using output block pool with poolID 25 => got 25 - 0
01-04 15:54:37.813 672 989 E FMQ : grantorIdx must be less than 3
01-04 15:54:37.814 459 459 E FMQ : grantorIdx must be less than 3
01-04 15:54:37.815 535 550 D CompatibilityChangeReporter: Compat change id reported: 124107808; UID 1001; state: ENABLED
01-04 15:54:37.829 459 997 E FMQ : grantorIdx must be less than 3
01-04 15:54:37.830 672 967 E FMQ : grantorIdx must be less than 3
01-04 15:54:37.832 837 837 D SubscriptionController: Valid row not present in db
01-04 15:54:37.833 672 989 D CCodecBuffers: [c2.android.vorbis.decoder#809:Output[N]] popFromStashAndRegister: output format changed to AMessage(what = 0x00000000) = {
01-04 15:54:37.833 672 989 D CCodecBuffers: int32_t bitrate = 160000
01-04 15:54:37.833 672 989 D CCodecBuffers: int32_t channel-count = 2
01-04 15:54:37.833 672 989 D CCodecBuffers: string mime = "audio/raw"
01-04 15:54:37.833 672 989 D CCodecBuffers: int32_t sample-rate = 48000
01-04 15:54:37.833 672 989 D CCodecBuffers: int32_t channel-mask = 3
01-04 15:54:37.833 672 989 D CCodecBuffers: }
01-04 15:54:37.834 837 837 D SubscriptionController: getSubscriptionProperty Query value = null
01-04 15:54:37.852 672 989 D CCodecBufferChannel: [c2.android.vorbis.decoder#809] MediaCodec discarded an unknown buffer
01-04 15:54:37.853 837 837 D SubscriptionController: [getActiveSubscriptionInfo]- subId=-1 subList=[] subInfo=null
01-04 15:54:37.858 672 989 I hw-BpHwBinder: onLastStrongRef automatically unlinking death recipients
01-04 15:54:37.858 459 459 I hw-BpHwBinder: onLastStrongRef automatically unlinking death recipients
01-04 15:54:37.859 459 459 V C2Store : in ~ComponentModule
01-04 15:54:37.859 459 459 V C2Store : unloading dll
01-04 15:54:37.879 976 976 I droid.launcher: The ClassLoaderContext is a special shared library.
01-04 15:54:37.893 535 568 W KernelCpuProcStringReader: File not found. It's normal if not implemented: /proc/uid_time_in_state
01-04 15:54:37.895 535 568 W KernelCpuProcStringReader: File not found. It's normal if not implemented: /proc/uid_concurrent_active_time
01-04 15:54:37.895 535 568 W KernelCpuProcStringReader: File not found. It's normal if not implemented: /proc/uid_concurrent_policy_time
01-04 15:54:37.906 535 619 D ConnectivityService: NetReassign [no changes]
01-04 15:54:37.907 837 837 D m.android.phon: DCT.constructor
01-04 15:54:37.924 976 976 W ContextImpl: Failed to ensure /data/user/0/com.android.launcher3/cache: mkdir failed: errno 126 (Required key not available)
01-04 15:54:37.925 837 837 D Dcc-C-0 : E ctor
01-04 15:54:37.926 837 837 D Dcc-C-0 : X ctor
01-04 15:54:37.926 837 837 D DcTesterDeacativateAll: register for intent action=com.android.internal.telephony.dataconnection.action_deactivate_all
01-04 15:54:37.927 672 686 I ndroid.systemu: Background young concurrent copying GC freed 22175(1793KB) AllocSpace objects, 2(40KB) LOS objects, 89% free, 2909KB/26MB, paused 118us total 133.051ms
01-04 15:54:37.927 837 837 D DcTesterDeacativateAll: register for intent action=com.android.internal.telephony.action_detached
01-04 15:54:37.929 976 976 W ContextImpl: Failed to update user.inode_cache: stat failed: ENOENT (No such file or directory)
01-04 15:54:37.930 535 554 I DropBoxManagerService: add tag=system_app_strictmode isTagEnabled=true flags=0x2
01-04 15:54:37.936 976 976 D NetworkSecurityConfig: No Network Security Config specified, using platform default
01-04 15:54:37.937 976 976 D NetworkSecurityConfig: No Network Security Config specified, using platform default
01-04 15:54:37.938 837 837 D CompatibilityChangeReporter: Compat change id reported: 147600208; UID 1001; state: ENABLED
01-04 15:54:37.983 837 837 D DcTesterFailBrinupAll: register for intent action=com.android.internal.telephony.dataconnection.action_fail_bringup
01-04 15:54:37.983 837 837 D DcTesterFailBrinupAll: register for intent action=com.android.internal.telephony.action_detached
01-04 15:54:37.983 837 837 D DcTesterFailBrinupAll: register for intent action=com.android.internal.telephony.action_attached
01-04 15:54:37.987 837 837 W CarrierConfigManager: Error getting config for subId -1 ICarrierConfigLoader is null
01-04 15:54:37.988 837 837 D DCT-C-0 : initApnContexts: E
01-04 15:54:37.988 837 837 W ApnConfigTypeRepository: carrier config is null
01-04 15:54:37.989 837 837 D DCT-C-0 : initApnContexts: apnContext=hipri
01-04 15:54:37.989 837 837 D DCT-C-0 : initApnContexts: apnContext=fota
01-04 15:54:37.989 837 837 D DCT-C-0 : initApnContexts: apnContext=ims
01-04 15:54:37.990 837 837 D DCT-C-0 : initApnContexts: apnContext=cbs
01-04 15:54:37.990 837 837 D DCT-C-0 : initApnContexts: apnContext=ia
01-04 15:54:37.990 837 837 D DCT-C-0 : initApnContexts: apnContext=emergency
01-04 15:54:37.990 837 837 D DCT-C-0 : initApnContexts: apnContext=mcx
01-04 15:54:37.990 837 837 D DCT-C-0 : initApnContexts: apnContext=xcap
01-04 15:54:37.990 837 837 D DCT-C-0 : initApnContexts: apnContext=default
01-04 15:54:37.990 837 837 D DCT-C-0 : initApnContexts: apnContext=mms
01-04 15:54:37.990 837 837 D DCT-C-0 : initApnContexts: apnContext=supl
01-04 15:54:37.991 837 837 D DCT-C-0 : initApnContexts: apnContext=dun
01-04 15:54:37.992 837 837 W SQLiteLog: (28) double-quoted string literal: "emergency"
01-04 15:54:37.993 837 837 W SQLiteLog: (28) double-quoted string literal: "emergency"
01-04 15:54:38.001 672 982 I vol.Events: writeEvent level_changed STREAM_VOICE_CALL 5
01-04 15:54:38.001 976 976 W ContextImpl: Failed to ensure /data/user/0/com.android.launcher3/files: mkdir failed: errno 126 (Required key not available)
01-04 15:54:38.002 976 976 D TouchInteractionService: Touch service connected
01-04 15:54:38.005 672 982 I vol.Events: writeEvent level_changed STREAM_SYSTEM 7
01-04 15:54:38.008 672 982 I vol.Events: writeEvent level_changed STREAM_RING 7
01-04 15:54:38.009 535 554 I chatty : uid=1000(system) android.io identical 5 lines
01-04 15:54:38.012 837 837 D DCT-C-0 : Adding emergency APN : [ApnSettingV7] Freedom Mobile E911, 1091, 302490, e911.mobilefrdm.ca, , null, , null, null, -1, emergency, IPV4V6, IP, true, 0, false, 0, 0, 0, 0, null, , false, 0, 0, -1, -1
01-04 15:54:38.012 672 982 I vol.Events: writeEvent level_changed STREAM_MUSIC 15
01-04 15:54:38.015 837 837 D m.android.phon: DCT.constructor
01-04 15:54:38.015 535 554 I DropBoxManagerService: add tag=system_app_strictmode isTagEnabled=true flags=0x2
01-04 15:54:38.018 672 982 I vol.Events: writeEvent level_changed STREAM_ALARM 7
01-04 15:54:38.023 672 982 I vol.Events: writeEvent level_changed STREAM_BLUETOOTH_SCO 7
01-04 15:54:38.023 837 837 D Dcc-I-0 : E ctor
01-04 15:54:38.023 837 837 D Dcc-I-0 : X ctor
01-04 15:54:38.024 837 837 D DcTesterDeacativateAll: register for intent action=com.android.internal.telephony.dataconnection.action_deactivate_all
01-04 15:54:38.024 837 837 D DcTesterDeacativateAll: register for intent action=com.android.internal.telephony.action_detached
01-04 15:54:38.025 672 672 D SystemUIBootTiming: StartServicescom.android.systemui.volume.VolumeUI took to complete: 295ms
01-04 15:54:38.026 672 672 D SystemUIBootTiming: StartServicescom.android.systemui.stackdivider.Divider took to complete: 0ms
01-04 15:54:38.026 837 837 D DcTesterFailBrinupAll: register for intent action=com.android.internal.telephony.dataconnection.action_fail_bringup
01-04 15:54:38.027 837 837 D DcTesterFailBrinupAll: register for intent action=com.android.internal.telephony.action_detached
01-04 15:54:38.027 837 837 D DcTesterFailBrinupAll: register for intent action=com.android.internal.telephony.action_attached
01-04 15:54:38.030 837 837 W CarrierConfigManager: Error getting config for subId -1 ICarrierConfigLoader is null
01-04 15:54:38.031 672 982 I sysui_multi_action: [757,213,758,4,759,-1]
01-04 15:54:38.031 837 837 D DCT-I-0 : initApnContexts: E
01-04 15:54:38.031 837 837 W ApnConfigTypeRepository: carrier config is null
01-04 15:54:38.031 672 982 I vol.Events: writeEvent external_ringer_mode_changed unknown
01-04 15:54:38.032 837 837 D DCT-I-0 : initApnContexts: apnContext=hipri
01-04 15:54:38.032 837 837 D DCT-I-0 : initApnContexts: apnContext=fota
01-04 15:54:38.032 837 837 D DCT-I-0 : initApnContexts: apnContext=ims
01-04 15:54:38.032 837 837 D DCT-I-0 : initApnContexts: apnContext=cbs
01-04 15:54:38.033 837 837 D DCT-I-0 : initApnContexts: apnContext=ia
01-04 15:54:38.033 837 837 D DCT-I-0 : initApnContexts: apnContext=emergency
01-04 15:54:38.033 837 837 D DCT-I-0 : initApnContexts: apnContext=mcx
01-04 15:54:38.033 837 837 D DCT-I-0 : initApnContexts: apnContext=xcap
01-04 15:54:38.033 837 837 D DCT-I-0 : initApnContexts: apnContext=default
01-04 15:54:38.034 672 982 I vol.Events: writeEvent zen_mode_config_changed [disallowAlarms=false disallowMedia=false disallowSystem=true disallowRinger=false]
01-04 15:54:38.034 837 837 D DCT-I-0 : initApnContexts: apnContext=mms
01-04 15:54:38.034 837 837 D DCT-I-0 : initApnContexts: apnContext=supl
01-04 15:54:38.034 837 837 D DCT-I-0 : initApnContexts: apnContext=dun
01-04 15:54:38.042 672 672 D InterruptionStateProvider: heads up is enabled
01-04 15:54:38.042 837 837 D DCT-I-0 : Adding emergency APN : [ApnSettingV7] Freedom Mobile E911, 1091, 302490, e911.mobilefrdm.ca, , null, , null, null, -1, emergency, IPV4V6, IP, true, 0, false, 0, 0, 0, 0, null, , false, 0, 0, -1, -1
01-04 15:54:38.045 837 837 D CarrierResolver: Creating CarrierResolver[0]
01-04 15:54:38.047 837 837 D SST : [0] notifyVoiceRegStateRilRadioTechnologyChanged: vrs=1 rat=0
01-04 15:54:38.052 837 837 I GsmCdmaPhone: [0] updateTtyMode ttyMode=0
01-04 15:54:38.056 837 837 D RILJ : [0006]> RIL_REQUEST_SET_TTY_MODE ttyMode = 0 [PHONE0]
01-04 15:54:38.056 455 455 D RILC : setTTYMode: serial 6
01-04 15:54:38.056 455 455 D RIL : onRequest: 80, SET_TTY_MODE datalen: 4, data 0xb400fd45b0f22010
01-04 15:54:38.056 455 455 D RILC : RequestComplete, RIL_SOCKET_1
01-04 15:54:38.056 455 455 E RILC : Calling responseFunction() for token 6
01-04 15:54:38.056 455 455 D RILC : setTTYModeResponse: serial 6
01-04 15:54:38.057 837 948 D RILJ : [0006]< RIL_REQUEST_SET_TTY_MODE error 1 [PHONE0]
01-04 15:54:38.057 837 948 D RilRequest: [0006]< RIL_REQUEST_SET_TTY_MODE error: com.android.internal.telephony.CommandException: RADIO_NOT_AVAILABLE ret=
01-04 15:54:38.058 837 837 I GsmCdmaPhone: [0] updateUiTtyMode ttyMode=0
01-04 15:54:38.058 837 837 D CallManager: registerPhone(GSM Handler (com.android.internal.telephony.GsmCdmaPhone) {2f6d608})
01-04 15:54:38.059 837 837 D GsmCdmaPhone: [0] GsmCdmaPhone: constructor: sub = 0
01-04 15:54:38.072 672 672 D NavigationModeController: getCurrentInteractionMode: mode=0 contextUser=0
01-04 15:54:38.091 837 837 I PhoneFactory: defaultSmsApplication: com.android.messaging
01-04 15:54:38.099 837 837 I PhoneFactory: Creating SubInfoRecordUpdater
01-04 15:54:38.109 837 837 D SubscriptionInfoUpdater: Constructor invoked
01-04 15:54:38.116 672 672 I TetheringManager: registerTetheringEventCallback:com.android.systemui
01-04 15:54:38.122 837 837 I PhoneFactory: IMS is not supported on this device, skipping ImsResolver.
01-04 15:54:38.124 672 672 W CarrierConfigManager: Error getting config for subId 1 ICarrierConfigLoader is null
01-04 15:54:38.125 535 815 D TelephonyRegistry: listen oscl: mHasNotifySubscriptionInfoChangedOccurred==false no callback
01-04 15:54:38.127 837 837 D PhoneSwitcherNetworkRequstListener: Registering NetworkFactory
01-04 15:54:38.128 535 619 D ConnectivityService: Got NetworkProvider Messenger for PhoneSwitcherNetworkRequstListener
01-04 15:54:38.130 837 837 D PhoneSwitcher: PhoneSwitcher started
01-04 15:54:38.131 837 837 D ProxyController: Constructor - Enter
01-04 15:54:38.136 837 837 D ProxyController: clearTransaction
01-04 15:54:38.136 837 837 D ProxyController: clearTransaction: phoneId=0 status=IDLE
01-04 15:54:38.136 837 837 D ProxyController: Constructor - Exit
01-04 15:54:38.142 535 619 D ConnectivityService: NetReassign [no changes]
01-04 15:54:38.143 535 828 D ConnectivityService: requestNetwork for uid/pid:10118/672 NetworkRequest [ TRACK_DEFAULT id=15, [ Capabilities: INTERNET&NOT_RESTRICTED&TRUSTED Uid: 10118 AdministratorUids: [] RequestorUid: 10118 RequestorPackageName: com.android.systemui] ]
01-04 15:54:38.143 535 619 D ConnectivityService: NetReassign [no changes]
01-04 15:54:38.144 535 647 I chatty : uid=1000(system) EthernetService expire 3 lines
01-04 15:54:38.144 672 672 V WifiManager: registerTrafficStateCallback: callback=com.android.systemui.statusbar.policy.WifiSignalController$WifiTrafficStateCallback@1dcf80c, executor=android.os.HandlerExecutor@650bbae
01-04 15:54:38.145 535 810 D TelephonyRegistry: listen oscl: mHasNotifySubscriptionInfoChangedOccurred==false no callback
01-04 15:54:38.146 837 837 D TelephonyNetworkFactory[0]: Registering NetworkFactory
01-04 15:54:38.147 535 619 D ConnectivityService: Got NetworkProvider Messenger for TelephonyNetworkFactory[0]
01-04 15:54:38.150 535 810 D ConnectivityService: requestNetwork for uid/pid:10118/672 NetworkRequest [ TRACK_DEFAULT id=16, [ Capabilities: INTERNET&NOT_RESTRICTED&TRUSTED Uid: 10118 AdministratorUids: [] RequestorUid: 10118 RequestorPackageName: com.android.systemui] ]
01-04 15:54:38.150 535 619 D ConnectivityService: NetReassign [no changes]
01-04 15:54:38.152 535 810 D TelephonyRegistry: listen oscl: mHasNotifySubscriptionInfoChangedOccurred==false no callback
01-04 15:54:38.157 837 1015 W ActivityThread: Failed to find provider info for com.android.contacts (user not unlocked)
01-04 15:54:38.158 837 1015 W CallerInfoCache: cursor is null
01-04 15:54:38.163 837 837 I ImsRcsController: ImsRcsController
01-04 15:54:38.168 837 837 D CarrierConfigLoader: CarrierConfigLoader has started
01-04 15:54:38.168 672 672 D NavigationModeController: getCurrentInteractionMode: mode=0 contextUser=0
01-04 15:54:38.171 535 828 D BluetoothManagerService: Trying to bind to profile: 1, while Bluetooth was disabled
01-04 15:54:38.174 535 810 D TelephonyRegistry: listen oscl: mHasNotifySubscriptionInfoChangedOccurred==false no callback
01-04 15:54:38.175 837 837 D CallManager: registerForMmiComplete
01-04 15:54:38.175 837 858 D PhoneInterfaceManager: getServiceStateForSubscriber returning null for inactive subId=-1
01-04 15:54:38.178 837 837 D NewNitzStateMachineImpl: handleAirplaneModeChanged(false): mLatestNitzSignal was already null. Nothing to do.
01-04 15:54:38.184 672 672 I TetheringManager: registerTetheringEventCallback caller:com.android.systemui
01-04 15:54:38.190 837 837 I Telephony: TelecomAccountRegistry: setupOnBoot - register subscription listener
01-04 15:54:38.192 535 828 D TelephonyRegistry: listen oscl: mHasNotifySubscriptionInfoChangedOccurred==false no callback
01-04 15:54:38.200 837 837 D UiccController: handleMessage: Received RADIO_UNAVAILABLE for phoneId 0
01-04 15:54:38.200 837 837 D UiccController: EVENT_RADIO_UNAVAILABLE, dispose card
01-04 15:54:38.208 672 672 D StatusBar: disable disable2
01-04 15:54:38.216 535 815 I StatusBarManagerService: registerStatusBar bar=com.android.internal.statusbar.IStatusBar$Stub$Proxy@81c087a
01-04 15:54:38.351 837 837 D RILJ : [0007]> GET_CURRENT_CALLS [PHONE0]
01-04 15:54:38.352 455 455 D RILC : getCurrentCalls: serial 7
01-04 15:54:38.352 455 455 D RILC : kaushal inside getCurrentcall of ril_service.cpp
01-04 15:54:38.352 455 455 D RILC : kaushal inside ril.cpp for getCurrentCall
01-04 15:54:38.352 455 455 D RIL : onRequest: 9, GET_CURRENT_CALLS datalen: 0, data 0x0
01-04 15:54:38.352 455 455 D RILC : RequestComplete, RIL_SOCKET_1
01-04 15:54:38.352 455 455 D RILC : kaushal inside ril.cpp for getCurrentCall
01-04 15:54:38.352 455 455 E RILC : Calling responseFunction() for token 7
01-04 15:54:38.352 455 455 D RILC : getCurrentCallsResponse: serial 7
01-04 15:54:38.353 837 948 D RILJ : [0007]< GET_CURRENT_CALLS error 1 [PHONE0]
01-04 15:54:38.353 837 948 D RilRequest: [0007]< GET_CURRENT_CALLS error: com.android.internal.telephony.CommandException: RADIO_NOT_AVAILABLE ret={}
01-04 15:54:38.355 837 837 D GsmSMSDispatcher: GsmSMSDispatcher: subId = -1 slotId = 0
01-04 15:54:38.356 837 837 D CellBroadcastServiceManager: connected to CellBroadcastService
01-04 15:54:38.356 837 837 D GsmCdmaPhone: [0] Event EVENT_RADIO_OFF_OR_NOT_AVAILABLE Received
01-04 15:54:38.357 837 837 D GsmCdmaPhone: [0] EVENT EVENT_RADIO_STATE_CHANGED
01-04 15:54:38.357 837 837 D GsmCdmaPhone: handleRadioPowerStateChange, state= 2
01-04 15:54:38.361 837 837 E AccessNetworksManager: Can't find the binding package
01-04 15:54:38.362 837 837 D SST : [0] EVENT_ICC_CHANGED: SIM absent
01-04 15:54:38.362 837 837 D SST : [0] cancelAllNotifications: mPrevSubId=-1
01-04 15:54:38.364 837 837 D SST : [0] updateSpnDisplayLegacy+
01-04 15:54:38.369 837 837 D SST : [0] updateSpnDisplay: radio is on but out of service, set plmn='No service'
01-04 15:54:38.370 837 837 D SST : [0] updateSpnDisplay: rawSpn =
01-04 15:54:38.373 837 837 D SST : [0] updateSpnDisplay: updateSpnDisplay: changed sending intent, rule=2, showPlmn='true', plmn='No service', showSpn='false', spn='', dataSpn='', subId='-1'
01-04 15:54:38.373 837 837 D SubscriptionManager: putPhoneIdAndSubIdExtra: no valid subs
01-04 15:54:38.375 837 837 D SubscriptionController: [setPlmnSpn] No valid subscription to store info
01-04 15:54:38.376 837 837 D SubscriptionController: notifySubscriptionInfoChanged:
01-04 15:54:38.376 535 815 D TelephonyRegistry: notifySubscriptionInfoChanged: first invocation mRecords.size=28
01-04 15:54:38.376 535 815 I chatty : uid=1000(system) Binder:535_8 expire 10 lines
01-04 15:54:38.378 837 861 D TelephonyRegistryManager: onSubscriptionsChangedListener callback received.
01-04 15:54:38.378 672 973 D TelephonyRegistryManager: onSubscriptionsChangedListener callback received.
01-04 15:54:38.380 837 861 I chatty : uid=1001(radio) Binder:837_3 expire 5 lines
01-04 15:54:38.380 837 861 D TelephonyRegistryManager: onSubscriptionsChangedListener callback received.
01-04 15:54:38.380 672 973 D TelephonyRegistryManager: onSubscriptionsChangedListener callback received.
01-04 15:54:38.380 837 837 D MultiSimSettingController: notifySubscriptionInfoChanged
01-04 15:54:38.381 837 837 D SST : [0] updateSpnDisplayLegacy-
01-04 15:54:38.382 535 612 I chatty : uid=1000(system) NetworkPolicy expire 2 lines
01-04 15:54:38.387 837 837 D NRM-C-0 : Trying to bind com.android.phone for transport WWAN
01-04 15:54:38.392 837 837 E NRM-I-0 : Can't find the binding package
01-04 15:54:38.392 837 837 D SST : [0] mDeviceShuttingDown=false, mDesiredPowerState=true, getRadioState=2, mPowerOffDelayNeed=true, mAlarmSwitch=false, mRadioDisabledByCarrier=false
01-04 15:54:38.392 837 837 D SST : [0] pollState: modemTriggered=true
01-04 15:54:38.393 837 837 D NewNitzStateMachineImpl: handleNetworkUnavailable(): mLatestNitzSignal was already null. Nothing to do.
01-04 15:54:38.394 837 837 D SST : [0] Poll ServiceState done: oldSS=[{mVoiceRegState=1(OUT_OF_SERVICE), mDataRegState=1(OUT_OF_SERVICE), mChannelNumber=-1, duplexMode()=0, mCellBandwidths=[], mOperatorAlphaLong=null, mOperatorAlphaShort=null, isManualNetworkSelection=false(automatic), getRilVoiceRadioTechnology=0(Unknown), getRilDataRadioTechnology=0(Unknown), mCssIndicator=unsupported, mNetworkId=-1, mSystemId=-1, mCdmaRoamingIndicator=-1, mCdmaDefaultRoamingIndicator=-1, mIsEmergencyOnly=false, isUsingCarrierAggregation=false, mLteEarfcnRsrpBoost=0, mNetworkRegistrationInfos=[NetworkRegistrationInfo{ domain=CS transportType=WWAN registrationState=UNKNOWN roamingType=NOT_ROAMING accessNetworkTechnology=UNKNOWN rejectCause=0 emergencyEnabled=false availableServices=[] cellIdentity=null voiceSpecificInfo=null dataSpecificInfo=null nrState=NONE rRplmn=}, NetworkRegistrationInfo{ domain=PS transportType=WWAN registrationState=UNKNOWN roamingType=NOT_ROAMING accessNetworkTechnology=UNKNOWN rejectCause=0 emergencyEnabled=false availableServices=[] cellIdentity=null voiceSpecificInfo=null dataSpecificInfo=null nrState=NONE rRplmn=}], mNrFrequencyRange=0, mOperatorAlphaLongRaw=null, mOperatorAlphaShortRaw=null, mIsDataRoamingFromRegistration=false, mIsIwlanPreferred=false}] newSS=[{mVoiceRegState=1(OUT_OF_SERVICE), mDataRegState=1(OUT_OF_SERVICE), mChannelNumber=-1, duplexMode()=0, mCellBandwidths=[], mOperatorAlphaLong=null, mOperatorAlphaShort=null, isManualNetworkSelection=false(automatic), getRilVoiceRadioTechnology=0(Unknown), getRilDataRadioTechnology=0(Unknown), mCssIndicator=unsupported, mNetworkId=-1, mSystemId=-1, mCdmaRoamingIndicator=-1, mCdmaDefaultRoamingIndicator=-1, mIsEmergencyOnly=false, isUsingCarrierAggregation=false, mLteEarfcnRsrpBoost=0, mNetworkRegistrationInfos=[NetworkRegistrationInfo{ domain=CS transportType=WWAN registrationState=UNKNOWN roamingType=NOT_ROAMING accessNetworkTechnology=UNKNOWN rejectCause=0 emergencyEnabled=false availableServices=[] cellIdentity=null voiceSpecificInfo=null dataSpecificInfo=null nrState=NONE rRplmn=}, NetworkRegistrationInfo{ domain=PS transportType=WWAN registrationState=UNKNOWN roamingType=NOT_ROAMING accessNetworkTechnology=UNKNOWN rejectCause=0 emergencyEnabled=false availableServices=[] cellIdentity=null voiceSpecificInfo=null dataSpecificInfo=null nrState=NONE rRplmn=}], mNrFrequencyRange=0, mOperatorAlphaLongRaw=null, mOperatorAlphaShortRaw=null, mIsDataRoamingFromRegistration=false, mIsIwlanPreferred=false}] oldMaxDataCalls=1 mNewMaxDataCalls=1 oldReasonDataDenied=-1 mNewReasonDataDenied=-1
01-04 15:54:38.396 837 837 D SST : [0] pollStateDone: hasRegistered = false hasDeregistered = false hasDataAttached = {1=false, 2=false} hasDataDetached = {1=false, 2=false} hasDataRegStateChanged = {1=false, 2=false} hasRilVoiceRadioTechnologyChanged = false hasRilDataRadioTechnologyChanged = {1=false, 2=false} hasDataTransportPreferenceChanged = false hasChanged = false hasVoiceRoamingOn = false hasVoiceRoamingOff = false hasDataRoamingOn =false hasDataRoamingOff = false hasLocationChanged = false has4gHandoff = false hasMultiApnSupport = false hasLostMultiApnSupport = false hasCssIndicatorChanged = false hasNrFrequencyRangeChanged = false hasNrStateChanged = false hasAirplaneModeOnlChanged = false
01-04 15:54:38.396 837 837 D SST : [0] mDeviceShuttingDown=false, mDesiredPowerState=true, getRadioState=2, mPowerOffDelayNeed=true, mAlarmSwitch=false, mRadioDisabledByCarrier=false
01-04 15:54:38.397 837 837 D SST : [0] pollState: modemTriggered=true
01-04 15:54:38.397 837 837 D NewNitzStateMachineImpl: handleNetworkUnavailable(): mLatestNitzSignal was already null. Nothing to do.
01-04 15:54:38.398 837 837 D SST : [0] Poll ServiceState done: oldSS=[{mVoiceRegState=1(OUT_OF_SERVICE), mDataRegState=1(OUT_OF_SERVICE), mChannelNumber=-1, duplexMode()=0, mCellBandwidths=[], mOperatorAlphaLong=null, mOperatorAlphaShort=null, isManualNetworkSelection=false(automatic), getRilVoiceRadioTechnology=0(Unknown), getRilDataRadioTechnology=0(Unknown), mCssIndicator=unsupported, mNetworkId=-1, mSystemId=-1, mCdmaRoamingIndicator=-1, mCdmaDefaultRoamingIndicator=-1, mIsEmergencyOnly=false, isUsingCarrierAggregation=false, mLteEarfcnRsrpBoost=0, mNetworkRegistrationInfos=[NetworkRegistrationInfo{ domain=CS transportType=WWAN registrationState=UNKNOWN roamingType=NOT_ROAMING accessNetworkTechnology=UNKNOWN rejectCause=0 emergencyEnabled=false availableServices=[] cellIdentity=null voiceSpecificInfo=null dataSpecificInfo=null nrState=NONE rRplmn=}, NetworkRegistrationInfo{ domain=PS transportType=WWAN registrationState=UNKNOWN roamingType=NOT_ROAMING accessNetworkTechnology=UNKNOWN rejectCause=0 emergencyEnabled=false availableServices=[] cellIdentity=null voiceSpecificInfo=null dataSpecificInfo=null nrState=NONE rRplmn=}], mNrFrequencyRange=0, mOperatorAlphaLongRaw=null, mOperatorAlphaShortRaw=null, mIsDataRoamingFromRegistration=false, mIsIwlanPreferred=false}] newSS=[{mVoiceRegState=1(OUT_OF_SERVICE), mDataRegState=1(OUT_OF_SERVICE), mChannelNumber=-1, duplexMode()=0, mCellBandwidths=[], mOperatorAlphaLong=null, mOperatorAlphaShort=null, isManualNetworkSelection=false(automatic), getRilVoiceRadioTechnology=0(Unknown), getRilDataRadioTechnology=0(Unknown), mCssIndicator=unsupported, mNetworkId=-1, mSystemId=-1, mCdmaRoamingIndicator=-1, mCdmaDefaultRoamingIndicator=-1, mIsEmergencyOnly=false, isUsingCarrierAggregation=false, mLteEarfcnRsrpBoost=0, mNetworkRegistrationInfos=[NetworkRegistrationInfo{ domain=CS transportType=WWAN registrationState=UNKNOWN roamingType=NOT_ROAMING accessNetworkTechnology=UNKNOWN rejectCause=0 emergencyEnabled=false availableServices=[] cellIdentity=null voiceSpecificInfo=null dataSpecificInfo=null nrState=NONE rRplmn=}, NetworkRegistrationInfo{ domain=PS transportType=WWAN registrationState=UNKNOWN roamingType=NOT_ROAMING accessNetworkTechnology=UNKNOWN rejectCause=0 emergencyEnabled=false availableServices=[] cellIdentity=null voiceSpecificInfo=null dataSpecificInfo=null nrState=NONE rRplmn=}], mNrFrequencyRange=0, mOperatorAlphaLongRaw=null, mOperatorAlphaShortRaw=null, mIsDataRoamingFromRegistration=false, mIsIwlanPreferred=false}] oldMaxDataCalls=1 mNewMaxDataCalls=1 oldReasonDataDenied=-1 mNewReasonDataDenied=-1
01-04 15:54:38.398 837 837 D SST : [0] pollStateDone: hasRegistered = false hasDeregistered = false hasDataAttached = {1=false, 2=false} hasDataDetached = {1=false, 2=false} hasDataRegStateChanged = {1=false, 2=false} hasRilVoiceRadioTechnologyChanged = false hasRilDataRadioTechnologyChanged = {1=false, 2=false} hasDataTransportPreferenceChanged = false hasChanged = false hasVoiceRoamingOn = false hasVoiceRoamingOff = false hasDataRoamingOn =false hasDataRoamingOff = false hasLocationChanged = false has4gHandoff = false hasMultiApnSupport = false hasLostMultiApnSupport = false hasCssIndicatorChanged = false hasNrFrequencyRangeChanged = false hasNrStateChanged = false hasAirplaneModeOnlChanged = false
01-04 15:54:38.407 837 837 D SubscriptionController: [getSlotIndex]- subId invalid
01-04 15:54:38.415 837 837 D SubscriptionController: Valid row not present in db
01-04 15:54:38.416 837 837 D SubscriptionController: getSubscriptionProperty Query value = null
01-04 15:54:38.416 837 837 I CSST : isNrSupported: carrierConfigEnabled: true, AccessFamilySupported: false, isNrNetworkTypeAllowed: true
01-04 15:54:38.417 837 837 I CSST : PrefNetworkNotification: sendMessage() w/values: ,false,-1,false,false
01-04 15:54:38.418 837 837 I CSST : canceling notifications: 1000
01-04 15:54:38.418 837 837 D Phone : isWifiCallingEnabled =false
01-04 15:54:38.419 837 837 D CSST : isPhoneRegisteredForWifiCalling: false
01-04 15:54:38.419 837 837 D Phone : isWifiCallingEnabled =false
01-04 15:54:38.419 837 837 I CSST : EmergencyNetworkNotification: sendMessage() w/values: ,-1,false,false
01-04 15:54:38.420 837 837 I CSST : canceling notifications: 1001
01-04 15:54:38.427 837 837 D SubscriptionController: Valid row not present in db
01-04 15:54:38.429 837 837 D SubscriptionController: getSubscriptionProperty Query value = null
01-04 15:54:38.429 837 837 I CSST : isNrSupported: carrierConfigEnabled: true, AccessFamilySupported: false, isNrNetworkTypeAllowed: true
01-04 15:54:38.429 837 837 I CSST : PrefNetworkNotification: sendMessage() w/values: ,false,-1,false,false
01-04 15:54:38.430 837 837 I CSST : canceling notifications: 1000
01-04 15:54:38.431 837 837 D Phone : isWifiCallingEnabled =false
01-04 15:54:38.431 837 837 D CSST : isPhoneRegisteredForWifiCalling: false
01-04 15:54:38.431 837 837 D Phone : isWifiCallingEnabled =false
01-04 15:54:38.431 837 837 I CSST : EmergencyNetworkNotification: sendMessage() w/values: ,-1,false,false
01-04 15:54:38.432 837 837 I CSST : canceling notifications: 1001
01-04 15:54:38.432 837 837 D EmergencyNumberTracker: updateRadioEmergencyNumberListAndNotify(): receiving []
01-04 15:54:38.437 837 837 D RILJ : [0008]> RIL_REQUEST_SEND_DEVICE_STATE 1:true [PHONE0]
01-04 15:54:38.437 455 455 D RILC : sendDeviceState: serial 8
01-04 15:54:38.438 455 455 D RIL : onRequest: 138, SEND_DEVICE_STATE datalen: 8, data 0xb400fd45b0f22010
01-04 15:54:38.438 455 455 D RILC : RequestComplete, RIL_SOCKET_1
01-04 15:54:38.438 455 455 E RILC : Calling responseFunction() for token 8
01-04 15:54:38.438 455 455 D RILC : sendDeviceStateResponse: serial 8
01-04 15:54:38.439 837 948 D RILJ : [0008]< RIL_REQUEST_SEND_DEVICE_STATE error 1 [PHONE0]
01-04 15:54:38.440 837 948 D RilRequest: [0008]< RIL_REQUEST_SEND_DEVICE_STATE error: com.android.internal.telephony.CommandException: RADIO_NOT_AVAILABLE ret=
01-04 15:54:38.441 837 837 D RILJ : [0009]> RIL_REQUEST_SEND_DEVICE_STATE 2:false [PHONE0]
01-04 15:54:38.442 455 455 D RILC : sendDeviceState: serial 9
01-04 15:54:38.442 455 455 D RIL : onRequest: 138, SEND_DEVICE_STATE datalen: 8, data 0xb400fd45b0f22010
01-04 15:54:38.442 455 455 D RILC : RequestComplete, RIL_SOCKET_1
01-04 15:54:38.442 455 455 E RILC : Calling responseFunction() for token 9
01-04 15:54:38.442 455 455 D RILC : sendDeviceStateResponse: serial 9
01-04 15:54:38.443 837 948 D RILJ : [0009]< RIL_REQUEST_SEND_DEVICE_STATE error 1 [PHONE0]
01-04 15:54:38.443 837 948 D RilRequest: [0009]< RIL_REQUEST_SEND_DEVICE_STATE error: com.android.internal.telephony.CommandException: RADIO_NOT_AVAILABLE ret=
01-04 15:54:38.444 837 837 D RILJ : [0010]> RIL_REQUEST_SEND_DEVICE_STATE 0:false [PHONE0]
01-04 15:54:38.444 455 455 D RILC : sendDeviceState: serial 10
01-04 15:54:38.445 672 672 I CameraManagerGlobal: Connecting to camera service
01-04 15:54:38.445 455 455 D RIL : onRequest: 138, SEND_DEVICE_STATE datalen: 8, data 0xb400fd45b0f22010
01-04 15:54:38.445 455 455 D RILC : RequestComplete, RIL_SOCKET_1
01-04 15:54:38.445 455 455 E RILC : Calling responseFunction() for token 10
01-04 15:54:38.445 455 455 D RILC : sendDeviceStateResponse: serial 10
01-04 15:54:38.445 837 948 D RILJ : [0010]< RIL_REQUEST_SEND_DEVICE_STATE error 1 [PHONE0]
01-04 15:54:38.445 837 948 D RilRequest: [0010]< RIL_REQUEST_SEND_DEVICE_STATE error: com.android.internal.telephony.CommandException: RADIO_NOT_AVAILABLE ret=
01-04 15:54:38.446 837 837 D RILJ : [0011]> RIL_REQUEST_SET_UNSOLICITED_RESPONSE_FILTER -1 [PHONE0]
01-04 15:54:38.446 455 455 D RILC : setIndicationFilter_1_2: serial 11
01-04 15:54:38.446 455 455 D RIL : onRequest: 139, SET_UNSOLICITED_FILTER datalen: 4, data 0xb400fd45b0f22010
01-04 15:54:38.447 455 455 D RILC : RequestComplete, RIL_SOCKET_1
01-04 15:54:38.447 455 455 E RILC : Calling responseFunction() for token 11
01-04 15:54:38.447 455 455 D RILC : setIndicationFilterResponse: serial 11
01-04 15:54:38.447 837 948 D RILJ : [0011]< RIL_REQUEST_SET_UNSOLICITED_RESPONSE_FILTER error 1 [PHONE0]
01-04 15:54:38.447 837 948 D RilRequest: [0011]< RIL_REQUEST_SET_UNSOLICITED_RESPONSE_FILTER error: com.android.internal.telephony.CommandException: RADIO_NOT_AVAILABLE ret=
01-04 15:54:38.456 837 837 D RILJ : [0012]> RIL_REQUEST_SET_SIGNAL_STRENGTH_REPORTING_CRITERIA [PHONE0]
01-04 15:54:38.456 455 455 D RILC : setSignalStrengthReportingCriteria: 12
01-04 15:54:38.458 837 837 D RILJ : [0013]> RIL_REQUEST_SET_SIGNAL_STRENGTH_REPORTING_CRITERIA [PHONE0]
01-04 15:54:38.458 837 948 D RILJ : [0012]< RIL_REQUEST_SET_SIGNAL_STRENGTH_REPORTING_CRITERIA [PHONE0]
01-04 15:54:38.458 455 455 D RILC : setSignalStrengthReportingCriteria: 13
01-04 15:54:38.459 837 948 D RILJ : [0013]< RIL_REQUEST_SET_SIGNAL_STRENGTH_REPORTING_CRITERIA [PHONE0]
01-04 15:54:38.460 837 837 D RILJ : [0014]> RIL_REQUEST_SET_SIGNAL_STRENGTH_REPORTING_CRITERIA [PHONE0]
01-04 15:54:38.460 455 455 D RILC : setSignalStrengthReportingCriteria: 14
01-04 15:54:38.461 837 948 D RILJ : [0014]< RIL_REQUEST_SET_SIGNAL_STRENGTH_REPORTING_CRITERIA [PHONE0]
01-04 15:54:38.462 837 837 D RILJ : [0015]> RIL_REQUEST_SET_SIGNAL_STRENGTH_REPORTING_CRITERIA [PHONE0]
01-04 15:54:38.462 455 455 D RILC : setSignalStrengthReportingCriteria: 15
01-04 15:54:38.463 837 948 D RILJ : [0015]< RIL_REQUEST_SET_SIGNAL_STRENGTH_REPORTING_CRITERIA [PHONE0]
01-04 15:54:38.463 837 837 D RILJ : [0016]> RIL_REQUEST_SET_LINK_CAPACITY_REPORTING_CRITERIA [PHONE0]
01-04 15:54:38.464 455 455 E RILC : [0016]< Method is not implemented
01-04 15:54:38.464 455 455 D RILC : setLinkCapacityReportingCriteria: 16
01-04 15:54:38.464 455 455 D RILC : setLinkCapacityReportingCriteriaResponse: serial 16
01-04 15:54:38.465 837 948 D RILJ : [0016]< RIL_REQUEST_SET_LINK_CAPACITY_REPORTING_CRITERIA [PHONE0]
01-04 15:54:38.465 837 837 D RILJ : [0017]> RIL_REQUEST_SET_LINK_CAPACITY_REPORTING_CRITERIA [PHONE0]
01-04 15:54:38.466 455 455 E RILC : [0017]< Method is not implemented
01-04 15:54:38.466 455 455 D RILC : setLinkCapacityReportingCriteria: 17
01-04 15:54:38.466 455 455 D RILC : setLinkCapacityReportingCriteriaResponse: serial 17
01-04 15:54:38.466 837 948 D RILJ : [0017]< RIL_REQUEST_SET_LINK_CAPACITY_REPORTING_CRITERIA [PHONE0]
01-04 15:54:38.467 837 837 D RILJ : [0018]> RIL_REQUEST_SET_LINK_CAPACITY_REPORTING_CRITERIA [PHONE0]
01-04 15:54:38.468 455 455 E RILC : [0018]< Method is not implemented
01-04 15:54:38.468 455 455 D RILC : setLinkCapacityReportingCriteria: 18
01-04 15:54:38.468 455 455 D RILC : setLinkCapacityReportingCriteriaResponse: serial 18
01-04 15:54:38.469 837 948 D RILJ : [0018]< RIL_REQUEST_SET_LINK_CAPACITY_REPORTING_CRITERIA [PHONE0]
01-04 15:54:38.469 837 837 D RILJ : [0019]> RIL_REQUEST_SET_LINK_CAPACITY_REPORTING_CRITERIA [PHONE0]
01-04 15:54:38.470 455 455 E RILC : [0019]< Method is not implemented
01-04 15:54:38.470 455 455 D RILC : setLinkCapacityReportingCriteria: 19
01-04 15:54:38.470 455 455 D RILC : setLinkCapacityReportingCriteriaResponse: serial 19
01-04 15:54:38.470 837 837 D NetworkTypeController: [0] DefaultState: process EVENT_INITIALIZE
01-04 15:54:38.471 837 948 D RILJ : [0019]< RIL_REQUEST_SET_LINK_CAPACITY_REPORTING_CRITERIA [PHONE0]
01-04 15:54:38.476 837 837 D NetworkTypeController: [0] mOverrideTimerRules: {connected={mState=connected, mOverrideType=NR_NSA, mPrimaryTimers={}, mSecondaryTimers={}}, not_restricted_rrc_con={mState=not_restricted_rrc_con, mOverrideType=NR_NSA, mPrimaryTimers={}, mSecondaryTimers={}}, legacy={mState=legacy, mOverrideType=NONE, mPrimaryTimers={}, mSecondaryTimers={}}, not_restricted_rrc_idle={mState=not_restricted_rrc_idle, mOverrideType=NR_NSA, mPrimaryTimers={}, mSecondaryTimers={}}, restricted={mState=restricted, mOverrideType=NONE, mPrimaryTimers={}, mSecondaryTimers={}}, connected_mmwave={mState=connected_mmwave, mOverrideType=NR_NSA, mPrimaryTimers={}, mSecondaryTimers={}}}
01-04 15:54:38.476 837 837 D NetworkTypeController: [0] DefaultState: process EVENT_UPDATE
01-04 15:54:38.476 837 837 D NetworkTypeController: [0] Remove all timers
01-04 15:54:38.477 837 837 D NetworkTypeController: [0] Entering LegacyState
01-04 15:54:38.477 837 837 D NetworkTypeController: [0] Remove all timers
01-04 15:54:38.477 837 837 D DisplayInfoController: TelephonyDisplayInfo[0] changed from null to TelephonyDisplayInfo {network=UNKNOWN, override=NONE}
01-04 15:54:38.488 672 672 W System : ClassLoader referenced unknown path:
01-04 15:54:38.493 837 837 D DCT-C-0 : onDataEnabledChanged: enable=true, enabledChangedReason=0
01-04 15:54:38.494 837 837 D DCT-C-0 : setupDataOnAllConnectableApns: dataEnabled hipri:[state=IDLE,enabled=false] mcx:[state=IDLE,enabled=false] xcap:[state=IDLE,enabled=false] fota:[state=IDLE,enabled=false] ims:[state=IDLE,enabled=false] cbs:[state=IDLE,enabled=false] ia:[state=IDLE,enabled=false] emergency:[state=IDLE,enabled=false] mms:[state=IDLE,enabled=false] supl:[state=IDLE,enabled=false] dun:[state=IDLE,enabled=false] default:[state=IDLE,enabled=false]
01-04 15:54:38.494 837 837 D DCT-C-0 : onDataEnabledOverrideRulesChanged
01-04 15:54:38.496 837 837 D DCT-C-0 : shouldRestrictDataForEcbm: isInEcm=false isInImsEcm=false
01-04 15:54:38.500 837 837 D SubscriptionController: [getActiveSubscriptionInfo]- subId=-1 subList=[] subInfo=null
01-04 15:54:38.500 535 554 I DropBoxManagerService: add tag=system_app_strictmode isTagEnabled=true flags=0x2
01-04 15:54:38.504 837 837 D SubscriptionController: [getActiveSubscriptionInfo]- subId=-1 subList=[] subInfo=null
01-04 15:54:38.507 837 837 D DCT-C-0 : shouldRestrictDataForEcbm: isInEcm=false isInImsEcm=false
01-04 15:54:38.510 837 837 D SubscriptionController: [getActiveSubscriptionInfo]- subId=-1 subList=[] subInfo=null
01-04 15:54:38.514 837 837 D SubscriptionController: [getActiveSubscriptionInfo]- subId=-1 subList=[] subInfo=null
01-04 15:54:38.515 837 837 D DCT-C-0 : shouldRestrictDataForEcbm: isInEcm=false isInImsEcm=false
01-04 15:54:38.518 837 837 D SubscriptionController: [getActiveSubscriptionInfo]- subId=-1 subList=[] subInfo=null
01-04 15:54:38.520 837 837 D SubscriptionController: [getActiveSubscriptionInfo]- subId=-1 subList=[] subInfo=null
01-04 15:54:38.523 837 837 D DCT-C-0 : shouldRestrictDataForEcbm: isInEcm=false isInImsEcm=false
01-04 15:54:38.526 837 837 D SubscriptionController: [getActiveSubscriptionInfo]- subId=-1 subList=[] subInfo=null
01-04 15:54:38.528 837 837 D SubscriptionController: [getActiveSubscriptionInfo]- subId=-1 subList=[] subInfo=null
01-04 15:54:38.530 837 837 D DCT-C-0 : shouldRestrictDataForEcbm: isInEcm=false isInImsEcm=false
01-04 15:54:38.533 837 837 D SubscriptionController: [getActiveSubscriptionInfo]- subId=-1 subList=[] subInfo=null
01-04 15:54:38.535 837 837 D SubscriptionController: [getActiveSubscriptionInfo]- subId=-1 subList=[] subInfo=null
01-04 15:54:38.537 837 837 D DCT-C-0 : shouldRestrictDataForEcbm: isInEcm=false isInImsEcm=false
01-04 15:54:38.540 837 837 D SubscriptionController: [getActiveSubscriptionInfo]- subId=-1 subList=[] subInfo=null
01-04 15:54:38.542 837 837 D SubscriptionController: [getActiveSubscriptionInfo]- subId=-1 subList=[] subInfo=null
01-04 15:54:38.544 837 837 D DCT-C-0 : shouldRestrictDataForEcbm: isInEcm=false isInImsEcm=false
01-04 15:54:38.546 837 837 D SubscriptionController: [getActiveSubscriptionInfo]- subId=-1 subList=[] subInfo=null
01-04 15:54:38.549 837 837 D SubscriptionController: [getActiveSubscriptionInfo]- subId=-1 subList=[] subInfo=null
01-04 15:54:38.551 837 837 D DCT-C-0 : shouldRestrictDataForEcbm: isInEcm=false isInImsEcm=false
01-04 15:54:38.555 837 837 D SubscriptionController: [getActiveSubscriptionInfo]- subId=-1 subList=[] subInfo=null
01-04 15:54:38.558 837 837 D SubscriptionController: [getActiveSubscriptionInfo]- subId=-1 subList=[] subInfo=null
01-04 15:54:38.560 837 837 D DCT-C-0 : shouldRestrictDataForEcbm: isInEcm=false isInImsEcm=false
01-04 15:54:38.562 837 837 D SubscriptionController: [getActiveSubscriptionInfo]- subId=-1 subList=[] subInfo=null
01-04 15:54:38.564 837 837 D SubscriptionController: [getActiveSubscriptionInfo]- subId=-1 subList=[] subInfo=null
01-04 15:54:38.567 837 837 D DCT-C-0 : shouldRestrictDataForEcbm: isInEcm=false isInImsEcm=false
01-04 15:54:38.569 837 837 D SubscriptionController: [getActiveSubscriptionInfo]- subId=-1 subList=[] subInfo=null
01-04 15:54:38.571 837 837 D SubscriptionController: [getActiveSubscriptionInfo]- subId=-1 subList=[] subInfo=null
01-04 15:54:38.573 837 837 D DCT-C-0 : shouldRestrictDataForEcbm: isInEcm=false isInImsEcm=false
01-04 15:54:38.577 837 837 D SubscriptionController: [getActiveSubscriptionInfo]- subId=-1 subList=[] subInfo=null
01-04 15:54:38.581 672 672 D NavigationModeController: getCurrentInteractionMode: mode=0 contextUser=0
01-04 15:54:38.581 837 837 D SubscriptionController: [getActiveSubscriptionInfo]- subId=-1 subList=[] subInfo=null
01-04 15:54:38.583 837 837 D DCT-C-0 : shouldRestrictDataForEcbm: isInEcm=false isInImsEcm=false
01-04 15:54:38.588 837 837 D SubscriptionController: [getActiveSubscriptionInfo]- subId=-1 subList=[] subInfo=null
01-04 15:54:38.592 837 837 D SubscriptionController: [getActiveSubscriptionInfo]- subId=-1 subList=[] subInfo=null
01-04 15:54:38.592 837 837 D DCT-C-0 : onRadioOffOrNotAvailable: is off and clean up all connections
01-04 15:54:38.592 837 837 D DCT-C-0 : cleanUpAllConnectionsInternal: detach=false reason=radioTurnedOff
01-04 15:54:38.596 837 837 D DCT-C-0 : cleanUpConnectionInternal: X detach=false reason=radioTurnedOff apnContext={mApnType=xcap mState=IDLE mWaitingApns={null priority=3} mApnSetting={null} mReason=radioTurnedOff mDataEnabled=false} dc=null
01-04 15:54:38.598 837 837 D DCT-C-0 : cleanUpConnectionInternal: X detach=false reason=radioTurnedOff apnContext={mApnType=mcx mState=IDLE mWaitingApns={null priority=3} mApnSetting={null} mReason=radioTurnedOff mDataEnabled=false} dc=null
01-04 15:54:38.600 837 837 D DCT-C-0 : cleanUpConnectionInternal: X detach=false reason=radioTurnedOff apnContext={mApnType=fota mState=IDLE mWaitingApns={null priority=2} mApnSetting={null} mReason=radioTurnedOff mDataEnabled=false} dc=null
01-04 15:54:38.601 837 837 D DCT-C-0 : cleanUpConnectionInternal: X detach=false reason=radioTurnedOff apnContext={mApnType=supl mState=IDLE mWaitingApns={null priority=2} mApnSetting={null} mReason=radioTurnedOff mDataEnabled=false} dc=null
