01-04 15:54:45.061 1406 1406 I android.camera: The ClassLoaderContext is a special shared library.
01-04 15:54:45.064 1406 1406 D nativeloader: classloader namespace configured for unbundled product apk. library_path=/product/app/Camera2/lib/arm64:/product/app/Camera2/Camera2.apk!/lib/arm64-v8a:/product/lib64:/system/product/lib64
01-04 15:54:45.088 535 619 I netstats_mobile_sample: [0,0,0,0,0,0,0,0,0,0,0,0,1641291885088]
01-04 15:54:45.089 535 619 I netstats_wifi_sample: [0,0,0,0,0,0,0,0,0,0,0,0,1641291885088]
01-04 15:54:45.097 535 619 D ConnectivityService: NetReassign [1 : null → 100, 12 : null → 100, 10 : null → 100, 9 : null → 100, 15 : null → 100, 16 : null → 100]
01-04 15:54:45.101 343 378 W IptablesRestoreController: iptables-restore process 354 terminated status=256
01-04 15:54:45.102 343 378 E IptablesRestoreController: iptables error:
01-04 15:54:45.102 343 378 E IptablesRestoreController: ------- COMMAND -------
01-04 15:54:45.102 343 378 E IptablesRestoreController: *raw
01-04 15:54:45.102 343 378 E IptablesRestoreController: -A idletimer_raw_PREROUTING -i wlan0 -j IDLETIMER --timeout 15 --label 1 --send_nl_msg 1
01-04 15:54:45.102 343 378 E IptablesRestoreController: COMMIT
01-04 15:54:45.102 343 378 E IptablesRestoreController: *mangle
01-04 15:54:45.102 343 378 E IptablesRestoreController: -A idletimer_mangle_POSTROUTING -o wlan0 -j IDLETIMER --timeout 15 --label 1 --send_nl_msg 1
01-04 15:54:45.102 343 378 E IptablesRestoreController: COMMIT
01-04 15:54:45.102 343 378 E IptablesRestoreController:
01-04 15:54:45.102 343 378 E IptablesRestoreController: ------- ERROR -------
01-04 15:54:45.102 343 378 E IptablesRestoreController: iptables-restore: line 264 failed
01-04 15:54:45.102 343 378 E IptablesRestoreController: ----------------------
01-04 15:54:45.105 343 378 W IptablesRestoreController: iptables-restore process 355 terminated status=256
01-04 15:54:45.105 343 378 E IptablesRestoreController: iptables error:
01-04 15:54:45.105 343 378 E IptablesRestoreController: ------- COMMAND -------
01-04 15:54:45.105 343 378 E IptablesRestoreController: *raw
01-04 15:54:45.105 343 378 E IptablesRestoreController: -A idletimer_raw_PREROUTING -i wlan0 -j IDLETIMER --timeout 15 --label 1 --send_nl_msg 1
01-04 15:54:45.105 343 378 E IptablesRestoreController: COMMIT
01-04 15:54:45.105 343 378 E IptablesRestoreController: *mangle
01-04 15:54:45.105 343 378 E IptablesRestoreController: -A idletimer_mangle_POSTROUTING -o wlan0 -j IDLETIMER --timeout 15 --label 1 --send_nl_msg 1
01-04 15:54:45.105 343 378 E IptablesRestoreController: COMMIT
01-04 15:54:45.105 343 378 E IptablesRestoreController:
01-04 15:54:45.105 343 378 E IptablesRestoreController: ------- ERROR -------
01-04 15:54:45.106 343 378 E IptablesRestoreController: ip6tables-restore: line 237 failed
01-04 15:54:45.106 343 378 E IptablesRestoreController: ----------------------
01-04 15:54:45.106 535 619 E ConnectivityService: Exception in setupDataActivityTracking java.lang.IllegalStateException: android.os.ServiceSpecificException: Remote I/O error (code 121)
01-04 15:54:45.107 535 619 D ConnectivityService: Switching to new default network: NetworkAgentInfo{ ni{[type: WIFI[], state: CONNECTED/CONNECTED, reason: (unspecified), extra: , failover: false, available: true, roaming: false]} network{100} nethandle{432902426637} lp{{InterfaceName: wlan0 LinkAddresses: [ fe80::6ca6:2dff:fe4b:476c/64,192.168.100.32/24 ] DnsAddresses: [ /192.168.100.1 ] Domains: null MTU: 0 ServerAddress: /192.168.100.1 TcpBufferSizes: 524288,1048576,2097152,262144,524288,1048576 Routes: [ fe80::/64 -> :: wlan0 mtu 0,192.168.100.0/24 -> 0.0.0.0 wlan0 mtu 0,0.0.0.0/0 -> 192.168.100.1 wlan0 mtu 0 ]}} nc{[ Transports: WIFI Capabilities: NOT_METERED&INTERNET&NOT_RESTRICTED&TRUSTED&NOT_VPN&NOT_ROAMING&FOREGROUND&NOT_CONGESTED&NOT_SUSPENDED LinkUpBandwidth>=1048576Kbps LinkDnBandwidth>=1048576Kbps SignalStrength: -71 OwnerUid: 1000 SSID: "D-Link_DIR-816_5G" RequestorUid: -1 RequestorPackageName: null]} Score{19} everValidated{false} lastValidated{false} created{true} lingering{false} explicitlySelected{false} acceptUnvalidated{false} everCaptivePortalDetected{false} lastCaptivePortalDetected{false} partialConnectivity{false} acceptPartialConnectivity{false} clat{mBaseIface: null, mIface: null, mState: IDLE} }
01-04 15:54:45.124 1406 1406 D NetworkSecurityConfig: No Network Security Config specified, using platform default
01-04 15:54:45.125 1406 1406 D NetworkSecurityConfig: No Network Security Config specified, using platform default
01-04 15:54:45.129 1346 1378 D VLC : [0000e0357efb5420/71ee27b8] libvlc libvlc: VLC media player - 3.0.16 Vetinari
01-04 15:54:45.129 1346 1378 D VLC : [0000e0357efb5420/70be3d84] libvlc libvlc: Copyright © 1996-2021 the VideoLAN team
01-04 15:54:45.129 1346 1378 D VLC : [0000e0357efb5420/71450bfc] libvlc libvlc: revision 3.0.16-104-g27d1cef689
01-04 15:54:45.129 1346 1378 D VLC : [0000e0357efb5420/714fda50] libvlc libvlc: configured with ../configure '--host=aarch64-linux-android' '--build=x86_64-unknown-linux' '--with-contrib=/builds/videolan/vlc-android/vlc/contrib/aarch64-linux-android' '--prefix=/builds/videolan/vlc-android/vlc/build-android-aarch64-linux-android/install/' '--with-pic' '--disable-nls' '--enable-live555' '--enable-realrtsp' '--enable-avformat' '--enable-swscale' '--enable-avcodec' '--enable-opus' '--enable-opensles' '--enable-matroska' '--enable-taglib' '--enable-dvbpsi' '--disable-vlc' '--disable-shared' '--disable-update-check' '--disable-vlm' '--disable-dbus' '--enable-lua' '--disable-vcd' '--disable-v4l2' '--enable-dvdread' '--enable-dvdnav' '--enable-bluray' '--disable-linsys' '--disable-decklink' '--disable-libva' '--disable-dv1394' '--enable-mod' '--disable-sid' '--disable-gme' '--disable-tremor' '--disable-mad' '--enable-mpg123' '--disable-dca' '--disable-sdl-image' '--enable-zvbi' '--disable-fluidsynth' '--enable-fluidlite' '--disable-jack' '--disable-pu
01-04 15:54:45.129 1346 1378 D VLC : [0000e0357efb5420/e0352ef94c70] libvlc libvlc: plug-ins loaded: 367 modules
01-04 15:54:45.129 1346 1378 D VLC : [0000e0356ef664e0/7129ce18] libvlc logger: looking for logger module matching "any": 4 candidates
01-04 15:54:45.129 1346 1378 D VLC : [0000e0356ef664e0/7129cb18] libvlc logger: using logger module "android_logger"
01-04 15:54:45.129 1346 1378 D VLC : [0000e0357efb5420/562] libvlc libvlc: translation test: code is "C"
01-04 15:54:45.130 1346 1378 D VLC : [0000e0356ef63360/562] libvlc keystore: looking for keystore module matching "memory": 3 candidates
01-04 15:54:45.130 1346 1378 D VLC : [0000e0356ef63360/562] libvlc keystore: using keystore module "memory"
01-04 15:54:45.132 1346 1378 D VLC : [0000e0357efb5420/562] libvlc libvlc: CPU has capabilities FPU
01-04 15:54:45.142 1406 1406 V CAM_Profiler: [ 0.000ms][ui] GUARD: CameraApp onCreate() - START
01-04 15:54:45.144 1406 1406 V CAM_Profiler: [ 0.000ms][ui] GUARD: FirstRunDetector getTimeOfFirstRun - START
01-04 15:54:45.147 1406 1406 V CAM_Profiler: [ 3.427ms][ui] GUARD: FirstRunDetector getTimeOfFirstRun - [ 3.427ms] PreferenceManager.getDefaultSharedPreferences
01-04 15:54:45.151 1406 1406 V CAM_Profiler: [ 8.033ms][ui] GUARD: FirstRunDetector getTimeOfFirstRun - [ 4.606ms] preferences.getLong
01-04 15:54:45.152 1406 1406 V CAM_Profiler: [ 8.611ms][ui] GUARD: FirstRunDetector getTimeOfFirstRun - STOP
01-04 15:54:45.152 1406 1406 V CAM_Profiler: [ 11.821ms][ui] GUARD: CameraApp onCreate() - [11.821ms] initializeTimeOfFirstRun
01-04 15:54:45.153 1406 1406 V CAM_Profiler: [ 12.503ms][ui] GUARD: CameraApp onCreate() - [ 0.681ms] UsageStatistics.initialize
01-04 15:54:45.155 535 535 I notification_cancel_all: [10110,1406,com.android.camera2,0,0,64,9,NULL]
01-04 15:54:45.156 1406 1406 V CAM_Profiler: [ 15.530ms][ui] GUARD: CameraApp onCreate() - [ 3.027ms] clearNotifications
01-04 15:54:45.156 1406 1406 I CAM_Profiler: [ 15.530ms][ui] GUARD: CameraApp onCreate() - STOP
01-04 15:54:45.158 1406 1406 W CAM_Log : Tag SetActivitiesCameraReceiver is 8 chars longer than limit.
01-04 15:54:45.160 434 594 W ServiceManager: Permission failure: android.permission.SYSTEM_CAMERA from uid=10110 pid=1406
01-04 15:54:45.161 1406 1406 I CAM_SetActivitiesCamera: number of camera: 1
01-04 15:54:45.161 1406 1406 I CAM_SetActivitiesCamera: component state is 1
01-04 15:54:45.163 535 828 I am_uid_running: 10099
01-04 15:54:45.165 535 828 D CompatibilityChangeReporter: Compat change id reported: 135634846; UID 10099; state: DISABLED
01-04 15:54:45.165 535 828 D CompatibilityChangeReporter: Compat change id reported: 135754954; UID 10099; state: DISABLED
01-04 15:54:45.170 535 563 D CompatibilityChangeReporter: Compat change id reported: 143937733; UID 10099; state: DISABLED
01-04 15:54:45.182 535 619 I netstats_mobile_sample: [0,0,0,0,0,0,0,0,0,0,0,0,1641291885182]
01-04 15:54:45.182 535 619 I netstats_wifi_sample: [0,0,75,1,0,0,75,1,0,0,64,1,1641291885182]
01-04 15:54:45.185 535 647 I chatty : uid=1000(system) EthernetService expire 16 lines
01-04 15:54:45.187 535 612 I service_manager_stats: [100,154,8139]
01-04 15:54:45.190 344 344 D Zygote : Forked child process 1439
01-04 15:54:45.194 535 757 I chatty : uid=1000(system) NetworkTimeUpda expire 2 lines
01-04 15:54:45.195 535 563 I am_proc_start: [0,1439,10099,com.android.contacts,broadcast,{com.android.contacts/com.android.contacts.interactions.OnBootOrUpgradeReceiver}]
01-04 15:54:45.195 535 563 I ActivityManager: Start proc 1439:com.android.contacts/u0a99 for broadcast {com.android.contacts/com.android.contacts.interactions.OnBootOrUpgradeReceiver}
01-04 15:54:45.206 744 1433 D NetworkMonitor/100: PROBE_DNS connectivitycheck.gstatic.com 100ms OK 142.250.192.3
01-04 15:54:45.210 744 1432 D NetworkMonitor/100: PROBE_DNS www.google.com 104ms OK 142.250.77.36
01-04 15:54:45.214 744 1433 W UnsafeUtil: platform method missing - proto runtime falling back to safer methods: java.lang.NoSuchMethodException: sun.misc.Unsafe.copyMemory [class java.lang.Object, long, class java.lang.Object, long, long]
01-04 15:54:45.215 1439 1439 I Zygote : seccomp disabled by setenforce 0
01-04 15:54:45.216 1439 1439 I libc : SetHeapTaggingLevel: tag level set to 0
01-04 15:54:45.219 231 231 I servicemanager: Notifying apexservice they have clients: 1
01-04 15:54:45.219 231 231 I servicemanager: Notifying apexservice they have clients: 0
01-04 15:54:45.228 672 672 W View : requestLayout() improperly called by com.android.keyguard.AlphaOptimizedLinearLayout{8bc9015 V.E...... ......ID 4,0-27,33 #7f0a04f2 app:id/wifi_group} during layout: running second layout pass
01-04 15:54:45.239 469 512 I adbd : jdwp connection from 1439
01-04 15:54:45.253 535 554 I DropBoxManagerService: add tag=system_app_strictmode isTagEnabled=true flags=0x2
01-04 15:54:45.258 672 672 W View : requestLayout() improperly called by com.android.keyguard.AlphaOptimizedLinearLayout{16def2a V.E...... ......ID 4,0-27,33 #7f0a04f2 app:id/wifi_group} during layout: running second layout pass
01-04 15:54:45.258 672 672 W View : requestLayout() improperly called by com.android.keyguard.AlphaOptimizedLinearLayout{f29d11b V.E...... ......ID 4,0-27,33 #7f0a04f2 app:id/wifi_group} during layout: running second layout pass
01-04 15:54:45.269 535 809 I am_proc_bound: [0,1439,com.android.contacts]
01-04 15:54:45.284 535 619 D ConnectivityService: Sending CONNECTED broadcast for type 1 [100 WIFI] isDefaultNetwork=true
01-04 15:54:45.296 0 0 I AidlLazyServiceRegistrar: Process has 1 (of 1 available) client(s) in use after notification android.apex.IApexService has clients: 1
01-04 15:54:45.300 1439 1439 D ApplicationLoaders: Returning zygote-cached class loader: /system/framework/android.test.base.jar
01-04 15:54:45.306 837 837 D RILJ : [0020]> RIL_REQUEST_SET_UNSOLICITED_RESPONSE_FILTER 127 [PHONE0]
01-04 15:54:45.306 455 455 D RILC : setIndicationFilter_1_2: serial 20
01-04 15:54:45.306 455 455 D RIL : onRequest: 139, SET_UNSOLICITED_FILTER datalen: 4, data 0xb400fd45b0f22010
01-04 15:54:45.307 455 455 D RILC : RequestComplete, RIL_SOCKET_1
01-04 15:54:45.307 455 455 E RILC : Calling responseFunction() for token 20
01-04 15:54:45.307 455 455 D RILC : setIndicationFilterResponse: serial 20
01-04 15:54:45.307 837 948 D RILJ : [0020]< RIL_REQUEST_SET_UNSOLICITED_RESPONSE_FILTER error 1 [PHONE0]
01-04 15:54:45.308 837 948 D RilRequest: [0020]< RIL_REQUEST_SET_UNSOLICITED_RESPONSE_FILTER error: com.android.internal.telephony.CommandException: RADIO_NOT_AVAILABLE ret=
01-04 15:54:45.317 1439 1439 I ndroid.contact: The ClassLoaderContext is a special shared library.
01-04 15:54:45.319 1439 1439 D nativeloader: classloader namespace configured for unbundled product apk. library_path=/product/priv-app/Contacts/lib/arm64:/product/lib64:/system/product/lib64
01-04 15:54:45.339 0 0 I AidlLazyServiceRegistrar: Process has 0 (of 1 available) client(s) in use after notification android.apex.IApexService has clients: 0
01-04 15:54:45.351 744 1433 D NetworkMonitor/100: PROBE_HTTP http://connectivitycheck.gstatic.com/generate_204 time=85ms ret=204 request={Connection=[close], User-Agent=[Mozilla/5.0 (X11; Linux x86_64) AppleWebKit/537.36 (KHTML, like Gecko) Chrome/60.0.3112.32 Safari/537.36]} headers={null=[HTTP/1.1 204 No Content], Connection=[close], Content-Length=[0], Date=[Tue, 04 Jan 2022 10:24:46 GMT], X-Android-Received-Millis=[1641291885349], X-Android-Response-Source=[NETWORK 204], X-Android-Selected-Protocol=[http/1.1], X-Android-Sent-Millis=[1641291885326]}
01-04 15:54:45.356 1439 1439 D NetworkSecurityConfig: No Network Security Config specified, using platform default
01-04 15:54:45.357 1439 1439 D NetworkSecurityConfig: No Network Security Config specified, using platform default
01-04 15:54:45.358 0 0 I AidlLazyServiceRegistrar: Shutdown prevented by forcePersist override flag.
01-04 15:54:45.359 535 561 I sysui_multi_action: [757,1717,758,1,759,0]
01-04 15:54:45.360 535 561 I sysui_multi_action: [757,1717,758,2,759,0]
01-04 15:54:45.360 535 561 I sysui_multi_action: [757,1717,758,3,759,0]
01-04 15:54:45.380 1051 1051 I AlarmClock: AlarmInitReceiver android.intent.action.BOOT_COMPLETED
01-04 15:54:45.399 1051 1082 I AlarmClock: Fixing alarm instances
01-04 15:54:45.415 535 757 I ntp_success: [time.android.com/216.239.35.12,120,670]
01-04 15:54:45.451 1051 1082 V AlarmClock: AlarmInitReceiver finished
01-04 15:54:45.467 1258 1258 I Dialer : VoicemailModule.provideVoicemailClient - providing VoicemailClientImpl
01-04 15:54:45.470 1258 1258 I Dialer : VvmOmtpService - onBoot
01-04 15:54:45.485 535 828 D CompatibilityChangeReporter: Compat change id reported: 135634846; UID 1000; state: DISABLED
01-04 15:54:45.486 535 828 D CompatibilityChangeReporter: Compat change id reported: 135754954; UID 1000; state: ENABLED
01-04 15:54:45.494 535 669 I commit_sys_config_file: [appops,27]
01-04 15:54:45.496 469 1470 I adbd : adbd restarting as root
01-04 15:54:45.512 344 344 D Zygote : Forked child process 1471
01-04 15:54:45.513 535 1112 I backup_transport_lifecycle: [com.android.localtransport/.LocalTransportService,1]
01-04 15:54:45.517 1471 1471 I Zygote : seccomp disabled by setenforce 0
01-04 15:54:45.517 535 563 I am_proc_start: [0,1471,1000,com.android.dynsystem,broadcast,{com.android.dynsystem/com.android.dynsystem.BootCompletedReceiver}]
01-04 15:54:45.517 535 563 I ActivityManager: Start proc 1471:com.android.dynsystem/1000 for broadcast {com.android.dynsystem/com.android.dynsystem.BootCompletedReceiver}
01-04 15:54:45.535 344 344 D Zygote : Forked child process 1491
01-04 15:54:45.539 1491 1491 I Zygote : seccomp disabled by setenforce 0
01-04 15:54:45.543 535 563 I am_proc_start: [0,1491,1000,com.android.localtransport,service,{com.android.localtransport/com.android.localtransport.LocalTransportService}]
01-04 15:54:45.543 535 563 I ActivityManager: Start proc 1491:com.android.localtransport/1000 for service {com.android.localtransport/com.android.localtransport.LocalTransportService}
01-04 15:54:45.544 535 828 I am_proc_bound: [0,1471,com.android.dynsystem]
01-04 15:54:45.559 535 1048 W AdbDebuggingManager: Read failed with count -1
01-04 15:54:45.561 388 485 I android.hardware.usb.gadget@1.1-service.imx: event=1 on fd=6
01-04 15:54:45.561 1346 1358 E rg.videolan.vl: failed to connect to jdwp control socket: Connection refused
01-04 15:54:45.561 1222 1241 E id.printspoole: failed to connect to jdwp control socket: Connection refused
01-04 15:54:45.561 1113 1125 E FuseDaemon: failed to connect to jdwp control socket: Connection refused
01-04 15:54:45.562 1168 1182 E ndroid.keychai: failed to connect to jdwp control socket: Connection refused
01-04 15:54:45.562 976 990 E droid.launcher: failed to connect to jdwp control socket: Connection refused
01-04 15:54:45.562 862 878 E ndroid.setting: failed to connect to jdwp control socket: Connection refused
01-04 15:54:45.562 744 758 E rkstack.proces: failed to connect to jdwp control socket: Connection refused
01-04 15:54:45.562 1258 1270 E .android.diale: failed to connect to jdwp control socket: Connection refused
01-04 15:54:45.562 672 684 E ndroid.systemu: failed to connect to jdwp control socket: Connection refused
01-04 15:54:45.562 1310 1322 E d.process.acor: failed to connect to jdwp control socket: Connection refused
01-04 15:54:45.562 1144 1156 E android.smspus: failed to connect to jdwp control socket: Connection refused
01-04 15:54:45.562 1051 1064 E droid.deskcloc: failed to connect to jdwp control socket: Connection refused
01-04 15:54:45.563 1280 1294 E d.process.medi: failed to connect to jdwp control socket: Connection refused
01-04 15:54:45.563 885 899 E id.ext.service: failed to connect to jdwp control socket: Connection refused
01-04 15:54:45.563 778 787 E com.android.se: failed to connect to jdwp control socket: Connection refused
01-04 15:54:45.563 1199 1213 E .quicksearchbo: failed to connect to jdwp control socket: Connection refused
01-04 15:54:45.563 535 543 I chatty : uid=1000(system) ADB-JDWP Connec expire 1 line
01-04 15:54:45.564 837 852 E m.android.phon: failed to connect to jdwp control socket: Connection refused
01-04 15:54:45.564 1471 1483 E droid.dynsyste: failed to connect to jdwp control socket: Connection refused
01-04 15:54:45.564 1439 1453 E ndroid.contact: failed to connect to jdwp control socket: Connection refused
01-04 15:54:45.565 1406 1418 E android.camera: failed to connect to jdwp control socket: Connection refused
01-04 15:54:45.565 1383 1395 E ndroid.calenda: failed to connect to jdwp control socket: Connection refused
01-04 15:54:45.566 1491 1504 E .localtranspor: failed to connect to jdwp control socket: Connection refused
01-04 15:54:45.576 535 828 I am_proc_bound: [0,1491,com.android.localtransport]
01-04 15:54:45.613 744 1432 D NetworkMonitor/100: PROBE_HTTPS https://www.google.com/generate_204 time=359ms ret=204 request={Connection=[close], User-Agent=[Mozilla/5.0 (X11; Linux x86_64) AppleWebKit/537.36 (KHTML, like Gecko) Chrome/60.0.3112.32 Safari/537.36]} headers={null=[HTTP/1.1 204 No Content], Alt-Svc=[h3=":443"; ma=2592000,h3-29=":443"; ma=2592000,h3-Q050=":443"; ma=2592000,h3-Q046=":443"; ma=2592000,h3-Q043=":443"; ma=2592000,quic=":443"; ma=2592000; v="46,43"], Connection=[close], Content-Length=[0], Date=[Tue, 04 Jan 2022 10:24:46 GMT], X-Android-Received-Millis=[1641291885609], X-Android-Response-Source=[NETWORK 204], X-Android-Selected-Protocol=[http/1.1], X-Android-Sent-Millis=[1641291885506]}
01-04 15:54:45.617 1471 1471 I droid.dynsyste: The ClassLoaderContext is a special shared library.
01-04 15:54:45.622 744 1431 D NetworkMonitor/100: isCaptivePortal: isSuccessful()=true isPortal()=false RedirectUrl=null isPartialConnectivity()=false Time=523ms
01-04 15:54:45.622 1491 1491 I .localtranspor: The ClassLoaderContext is a special shared library.
01-04 15:54:45.623 1512 1512 I adbd : Setup mdns on port= 5555
01-04 15:54:45.624 1512 1512 I adbd : adbd listening on tcp:5555
01-04 15:54:45.624 1512 1512 I adbd : adbd listening on vsock:5555
01-04 15:54:45.625 1512 1513 I adbd : Waiting for persist.adb.tls_server.enable=1
01-04 15:54:45.627 535 619 D ConnectivityService: [100 WIFI] validation passed
01-04 15:54:45.628 535 619 D ConnectivityService: NetReassign [no changes]
01-04 15:54:45.637 837 858 D SubscriptionController: [getActiveSubscriptionInfo]- subId=-1 subList=[] subInfo=null
01-04 15:54:45.642 365 365 D AGnssRil: updateNetworkState_2_0 networkAttributes: {.networkHandle = 432902426637, .isConnected = 1, .capabilities = NOT_METERED | NOT_ROAMING (0x3), .apn = ""}
01-04 15:54:45.642 1491 1491 D NetworkSecurityConfig: No Network Security Config specified, using platform default
01-04 15:54:45.643 1491 1491 D NetworkSecurityConfig: No Network Security Config specified, using platform default
01-04 15:54:45.645 0 0 I android_work: sent uevent USB_STATE=DISCONNECTED
01-04 15:54:45.659 535 619 D ConnectivityService: Setting DNS servers for network 100 to [/192.168.100.1]
01-04 15:54:45.659 535 619 D DnsManager: sendDnsConfigurationForNetwork(100, [192.168.100.1], [], 1800, 25, 8, 64, 0, 0, , [192.168.100.1])
01-04 15:54:45.661 837 837 D TelephonyNetworkFactory[0]: onReleaseNetworkFor NetworkRequest [ REQUEST id=1, [ Capabilities: INTERNET&NOT_RESTRICTED&TRUSTED&NOT_VPN AdministratorUids: [] RequestorUid: 1000 RequestorPackageName: android] ] applied false
01-04 15:54:45.661 837 837 D TelephonyNetworkFactory[0]: onReleaseNetworkFor NetworkRequest [ TRACK_DEFAULT id=9, [ Capabilities: INTERNET&NOT_RESTRICTED&TRUSTED Uid: 1000 AdministratorUids: [] RequestorUid: 1000 RequestorPackageName: android] ] applied false
01-04 15:54:45.662 837 837 D TelephonyNetworkFactory[0]: onReleaseNetworkFor NetworkRequest [ TRACK_DEFAULT id=10, [ Capabilities: INTERNET&NOT_RESTRICTED&TRUSTED Uid: 1073 AdministratorUids: [] RequestorUid: 1073 RequestorPackageName: com.android.networkstack] ] applied false
01-04 15:54:45.662 837 837 D TelephonyNetworkFactory[0]: onReleaseNetworkFor NetworkRequest [ REQUEST id=12, [ Capabilities: INTERNET&NOT_RESTRICTED&TRUSTED&NOT_VPN AdministratorUids: [] RequestorUid: 1073 RequestorPackageName: com.android.networkstack] ] applied false
01-04 15:54:45.663 837 837 D TelephonyNetworkFactory[0]: onReleaseNetworkFor NetworkRequest [ TRACK_DEFAULT id=15, [ Capabilities: INTERNET&NOT_RESTRICTED&TRUSTED Uid: 10118 AdministratorUids: [] RequestorUid: 10118 RequestorPackageName: com.android.systemui] ] applied false
01-04 15:54:45.664 837 837 D TelephonyNetworkFactory[0]: onReleaseNetworkFor NetworkRequest [ TRACK_DEFAULT id=16, [ Capabilities: INTERNET&NOT_RESTRICTED&TRUSTED Uid: 10118 AdministratorUids: [] RequestorUid: 10118 RequestorPackageName: com.android.systemui] ] applied false
01-04 15:54:45.670 1512 1515 I adbd : opening control endpoint /dev/usb-ffs/adb/ep0
01-04 15:54:45.678 1471 1471 D NetworkSecurityConfig: No Network Security Config specified, using platform default
01-04 15:54:45.679 1512 1516 I adbd : adbd mDNS service _adb._tcp registered: 1
01-04 15:54:45.683 1471 1471 D NetworkSecurityConfig: No Network Security Config specified, using platform default
01-04 15:54:45.690 535 535 I backup_transport_connection: [com.android.localtransport/.LocalTransportService,1]
01-04 15:54:45.690 535 535 I TransportClient: LocalTransportService#0: Notifying [TransportManager.registerTransport()] transport = IBackupTransport
01-04 15:54:45.691 535 809 I am_uid_running: 10108
01-04 15:54:45.692 535 809 D CompatibilityChangeReporter: Compat change id reported: 135634846; UID 10108; state: DISABLED
01-04 15:54:45.692 535 809 D CompatibilityChangeReporter: Compat change id reported: 135754954; UID 10108; state: DISABLED
01-04 15:54:45.694 535 563 D CompatibilityChangeReporter: Compat change id reported: 143937733; UID 10108; state: DISABLED
01-04 15:54:45.704 1512 1515 I adbd : UsbFfsConnection constructed
01-04 15:54:45.713 535 1112 D BackupTransportManager: Transport com.android.localtransport/.LocalTransportService registered
01-04 15:54:45.713 535 1112 D BackupManagerService: [UserID:0] Transport com.android.localtransport/.LocalTransport registered 3246ms after first request (delay = 3000ms)
01-04 15:54:45.716 535 1112 I backup_transport_lifecycle: [com.android.localtransport/.LocalTransportService,0]
01-04 15:54:45.716 535 1112 I backup_transport_connection: [com.android.localtransport/.LocalTransportService,0]
01-04 15:54:45.720 344 344 D Zygote : Forked child process 1526
01-04 15:54:45.731 535 1112 I BackupManagerService: [UserID:0] Found stale backup journal, scheduling
01-04 15:54:45.733 535 1112 I chatty : uid=1000(system) backup-0 identical 11 lines
01-04 15:54:45.733 535 1112 I BackupManagerService: [UserID:0] Found stale backup journal, scheduling
01-04 15:54:45.737 1526 1526 I Zygote : seccomp disabled by setenforce 0
01-04 15:54:45.738 1526 1526 I libc : SetHeapTaggingLevel: tag level set to 0
01-04 15:54:45.746 0 0 I : read descriptors
01-04 15:54:45.747 535 563 W ActivityManager: Slow operation: 56ms so far, now at startProcess: returned from zygote!
01-04 15:54:45.748 535 563 W ActivityManager: Slow operation: 57ms so far, now at startProcess: done updating battery stats
01-04 15:54:45.748 535 563 I am_proc_start: [0,1526,10108,com.android.inputmethod.latin,broadcast,{com.android.inputmethod.latin/com.android.inputmethod.latin.SystemBroadcastReceiver}]
01-04 15:54:45.749 535 563 W ActivityManager: Slow operation: 58ms so far, now at startProcess: building log message
01-04 15:54:45.749 535 563 I ActivityManager: Start proc 1526:com.android.inputmethod.latin/u0a108 for broadcast {com.android.inputmethod.latin/com.android.inputmethod.latin.SystemBroadcastReceiver}
01-04 15:54:45.749 535 563 W ActivityManager: Slow operation: 58ms so far, now at startProcess: starting to update pids map
01-04 15:54:45.749 1512 1525 I adbd : UsbFfs-monitor thread spawned
01-04 15:54:45.749 535 563 W ActivityManager: Slow operation: 58ms so far, now at startProcess: done updating pids map
01-04 15:54:45.762 1512 1519 I adbd : jdwp connection from 1526
01-04 15:54:45.765 0 0 I : read strings
01-04 15:54:45.767 535 1112 I BackupManagerService: [UserID:0] Found stale backup journal, scheduling
01-04 15:54:45.768 535 550 I am_proc_bound: [0,1526,com.android.inputmethod.latin]
01-04 15:54:45.796 535 809 I chatty : uid=1000(system) Binder:535_6 expire 1 line
01-04 15:54:45.807 535 545 I chatty : uid=1000(system) HeapTaskDaemon expire 1 line
01-04 15:54:45.809 535 546 I chatty : uid=1000(system) ReferenceQueueD expire 4 lines
01-04 15:54:45.821 1526 1526 D ApplicationLoaders: Returning zygote-cached class loader: /system/framework/android.test.base.jar
01-04 15:54:45.822 1526 1526 D ApplicationLoaders: Returning zygote-cached class loader: /system/framework/android.hidl.base-V1.0-java.jar
01-04 15:54:45.822 1526 1526 D ApplicationLoaders: Returning zygote-cached class loader: /system/framework/android.hidl.manager-V1.0-java.jar
01-04 15:54:45.822 1526 1526 D ApplicationLoaders: Returning zygote-cached class loader: /system/framework/android.hidl.base-V1.0-java.jar
01-04 15:54:45.832 1526 1526 I putmethod.lati: The ClassLoaderContext is a special shared library.
01-04 15:54:45.834 1526 1526 D nativeloader: classloader namespace configured for unbundled product apk. library_path=/product/app/LatinIME/lib/arm64:/product/app/LatinIME/LatinIME.apk!/lib/arm64-v8a:/product/lib64:/system/product/lib64
01-04 15:54:45.852 1526 1526 D NetworkSecurityConfig: No Network Security Config specified, using platform default
01-04 15:54:45.853 1526 1526 D NetworkSecurityConfig: No Network Security Config specified, using platform default
01-04 15:54:45.859 1526 1526 I SystemBroadcastReceiver: Boot has been completed
01-04 15:54:45.860 1526 1526 I SystemBroadcastReceiver: toggleAppIcon() : FLAG_SYSTEM = true
01-04 15:54:45.879 535 550 I am_uid_running: 10074
01-04 15:54:45.880 535 1112 I chatty : uid=1000(system) backup-0 identical 420 lines
01-04 15:54:45.880 535 1112 I BackupManagerService: [UserID:0] Found stale backup journal, scheduling
01-04 15:54:45.880 535 550 D CompatibilityChangeReporter: Compat change id reported: 135634846; UID 10074; state: DISABLED
01-04 15:54:45.881 535 1112 I BackupManagerService: [UserID:0] Found stale backup journal, scheduling
01-04 15:54:45.881 535 1112 I chatty : uid=1000(system) backup-0 identical 5 lines
01-04 15:54:45.881 535 1112 I BackupManagerService: [UserID:0] Found stale backup journal, scheduling
01-04 15:54:45.881 535 550 D CompatibilityChangeReporter: Compat change id reported: 135754954; UID 10074; state: ENABLED
01-04 15:54:45.882 535 563 D CompatibilityChangeReporter: Compat change id reported: 143937733; UID 10074; state: ENABLED
01-04 15:54:45.884 535 1112 I BackupManagerService: [UserID:0] Found stale backup journal, scheduling
01-04 15:54:45.902 344 344 D Zygote : Forked child process 1553
01-04 15:54:45.905 535 1112 I chatty : uid=1000(system) backup-0 identical 102 lines
01-04 15:54:45.905 535 1112 I BackupManagerService: [UserID:0] Found stale backup journal, scheduling
01-04 15:54:45.905 535 563 I am_proc_start: [0,1553,10074,com.android.managedprovisioning,broadcast,{com.android.managedprovisioning/com.android.managedprovisioning.BootReminder}]
01-04 15:54:45.905 535 563 I ActivityManager: Start proc 1553:com.android.managedprovisioning/u0a74 for broadcast {com.android.managedprovisioning/com.android.managedprovisioning.BootReminder}
01-04 15:54:45.906 535 1112 I BackupManagerService: [UserID:0] Found stale backup journal, scheduling
01-04 15:54:45.907 1553 1553 I Zygote : seccomp disabled by setenforce 0
01-04 15:54:45.919 1512 1519 I adbd : jdwp connection from 1553
01-04 15:54:45.927 535 550 I am_proc_bound: [0,1553,com.android.managedprovisioning]
01-04 15:54:45.954 1512 1574 I adbd : host-15: write thread spawning
01-04 15:54:45.954 1512 1573 I adbd : host-15: read thread spawning
01-04 15:54:45.973 1512 1512 I adbd : host-15: already offline
01-04 15:54:45.974 1512 1512 I adbd : authentication not required
01-04 15:54:45.988 1553 1553 I gedprovisionin: The ClassLoaderContext is a special shared library.
01-04 15:54:46.020 1553 1553 D NetworkSecurityConfig: No Network Security Config specified, using platform default
01-04 15:54:46.021 1553 1553 D NetworkSecurityConfig: No Network Security Config specified, using platform default
01-04 15:54:46.023 1553 1553 I CarUiInstaller: CarUiInstaller started for com.android.managedprovisioning
01-04 15:54:46.036 535 1112 I chatty : uid=1000(system) backup-0 identical 570 lines
01-04 15:54:46.036 535 1112 I BackupManagerService: [UserID:0] Found stale backup journal, scheduling
01-04 15:54:46.036 535 550 I am_uid_running: 10133
01-04 15:54:46.037 535 550 D CompatibilityChangeReporter: Compat change id reported: 135634846; UID 10133; state: DISABLED
01-04 15:54:46.037 535 1112 I BackupManagerService: [UserID:0] Found stale backup journal, scheduling
01-04 15:54:46.037 535 550 D CompatibilityChangeReporter: Compat change id reported: 135754954; UID 10133; state: DISABLED
01-04 15:54:46.037 535 1112 I BackupManagerService: [UserID:0] Found stale backup journal, scheduling
01-04 15:54:46.038 535 1112 I chatty : uid=1000(system) backup-0 identical 5 lines
01-04 15:54:46.038 535 1112 I BackupManagerService: [UserID:0] Found stale backup journal, scheduling
01-04 15:54:46.038 535 563 D CompatibilityChangeReporter: Compat change id reported: 143937733; UID 10133; state: DISABLED
01-04 15:54:46.038 535 1112 I BackupManagerService: [UserID:0] Found stale backup journal, scheduling
01-04 15:54:46.055 344 344 D Zygote : Forked child process 1576
01-04 15:54:46.056 535 1112 I chatty : uid=1000(system) backup-0 identical 94 lines
01-04 15:54:46.056 535 1112 I BackupManagerService: [UserID:0] Found stale backup journal, scheduling
01-04 15:54:46.058 535 563 I am_proc_start: [0,1576,10133,com.android.messaging,broadcast,{com.android.messaging/com.android.messaging.receiver.BootAndPackageReplacedReceiver}]
01-04 15:54:46.058 535 563 I ActivityManager: Start proc 1576:com.android.messaging/u0a133 for broadcast {com.android.messaging/com.android.messaging.receiver.BootAndPackageReplacedReceiver}
01-04 15:54:46.058 535 1112 I BackupManagerService: [UserID:0] Found stale backup journal, scheduling
01-04 15:54:46.062 1512 1525 I adbd : USB event: FUNCTIONFS_BIND
01-04 15:54:46.062 1512 1519 I adbd : jdwp connection from 1222
01-04 15:54:46.062 1512 1519 I adbd : jdwp connection from 976
01-04 15:54:46.062 1512 1519 I adbd : jdwp connection from 1113
01-04 15:54:46.062 1512 1519 I adbd : jdwp connection from 744
01-04 15:54:46.063 1512 1519 I adbd : jdwp connection from 672
01-04 15:54:46.063 1512 1519 I adbd : jdwp connection from 1144
01-04 15:54:46.063 1512 1519 I adbd : jdwp connection from 885
01-04 15:54:46.063 1512 1519 I adbd : jdwp connection from 778
01-04 15:54:46.064 1512 1519 I adbd : jdwp connection from 535
01-04 15:54:46.064 1512 1519 I adbd : jdwp connection from 837
01-04 15:54:46.064 388 485 I android.hardware.usb.gadget@1.1-service.imx: GADGET pulled up
01-04 15:54:46.064 388 485 I android.hardware.usb.gadget@1.1-service.imx: event=1 on fd=6
01-04 15:54:46.065 1576 1576 I Zygote : seccomp disabled by setenforce 0
01-04 15:54:46.066 1576 1576 I libc : SetHeapTaggingLevel: tag level set to 0
01-04 15:54:46.067 1512 1519 I adbd : jdwp connection from 1491
01-04 15:54:46.077 1512 1519 I adbd : jdwp connection from 1576
01-04 15:54:46.088 535 550 I am_proc_bound: [0,1576,com.android.messaging]
01-04 15:54:46.098 1512 1519 I adbd : jdwp connection from 1346
01-04 15:54:46.102 1512 1519 I adbd : jdwp connection from 1168
01-04 15:54:46.102 1512 1519 I adbd : jdwp connection from 862
01-04 15:54:46.102 1512 1519 I adbd : jdwp connection from 1258
01-04 15:54:46.102 1512 1519 I adbd : jdwp connection from 1310
01-04 15:54:46.102 1512 1519 I adbd : jdwp connection from 1051
01-04 15:54:46.102 1512 1519 I adbd : jdwp connection from 1280
01-04 15:54:46.103 1512 1519 I adbd : jdwp connection from 1199
01-04 15:54:46.103 1512 1519 I adbd : jdwp connection from 1471
01-04 15:54:46.103 1512 1519 I adbd : jdwp connection from 1439
01-04 15:54:46.103 1512 1519 I adbd : jdwp connection from 1406
01-04 15:54:46.103 1512 1519 I adbd : jdwp connection from 1383
01-04 15:54:46.108 1576 1576 D ApplicationLoaders: Returning zygote-cached class loader: /system/framework/android.test.base.jar
01-04 15:54:46.108 1576 1576 D ApplicationLoaders: Returning zygote-cached class loader: /system/framework/android.hidl.base-V1.0-java.jar
01-04 15:54:46.108 1576 1576 D ApplicationLoaders: Returning zygote-cached class loader: /system/framework/android.hidl.manager-V1.0-java.jar
01-04 15:54:46.108 1576 1576 D ApplicationLoaders: Returning zygote-cached class loader: /system/framework/android.hidl.base-V1.0-java.jar
01-04 15:54:46.111 1576 1576 I droid.messagin: The ClassLoaderContext is a special shared library.
01-04 15:54:46.122 1576 1576 I droid.messagin: The ClassLoaderContext is a special shared library.
01-04 15:54:46.123 1576 1576 D nativeloader: classloader namespace configured for unbundled product apk. library_path=/product/app/messaging/lib/arm64:/product/lib64:/system/product/lib64
01-04 15:54:46.147 1576 1576 D NetworkSecurityConfig: No Network Security Config specified, using platform default
01-04 15:54:46.147 1576 1576 D NetworkSecurityConfig: No Network Security Config specified, using platform default
01-04 15:54:46.171 1576 1576 I TetheringManager: registerTetheringEventCallback:com.android.messaging
01-04 15:54:46.203 1051 1077 I droid.deskcloc: Waiting for a blocking GC ProfileSaver
01-04 15:54:46.208 1051 1077 I droid.deskcloc: WaitForGcToComplete blocked ProfileSaver on ClassLinker for 5.481ms
01-04 15:54:46.233 1576 1594 D TelephonyRegistryManager: onSubscriptionsChangedListener callback received.
01-04 15:54:46.244 1576 1576 D CompatibilityChangeReporter: Compat change id reported: 147600208; UID 10133; state: DISABLED
01-04 15:54:46.249 1280 1280 D NetworkSecurityConfig: No Network Security Config specified, using platform default
01-04 15:54:46.259 535 1112 I chatty : uid=1000(system) backup-0 identical 981 lines
01-04 15:54:46.259 535 550 I am_uid_running: 10097
01-04 15:54:46.259 535 1112 I BackupManagerService: [UserID:0] Found stale backup journal, scheduling
01-04 15:54:46.260 535 550 D CompatibilityChangeReporter: Compat change id reported: 135634846; UID 10097; state: DISABLED
01-04 15:54:46.260 535 550 D CompatibilityChangeReporter: Compat change id reported: 135754954; UID 10097; state: ENABLED
01-04 15:54:46.261 535 1112 I BackupManagerService: [UserID:0] Found stale backup journal, scheduling
01-04 15:54:46.261 535 1112 I BackupManagerService: [UserID:0] Found stale backup journal, scheduling
01-04 15:54:46.261 535 563 D CompatibilityChangeReporter: Compat change id reported: 143937733; UID 10097; state: ENABLED
01-04 15:54:46.261 535 1112 I BackupManagerService: [UserID:0] Found stale backup journal, scheduling
01-04 15:54:46.280 1576 1603 I dvm_lock_sample: [com.android.messaging,0,AsyncTask #3,15,SourceFile,2,com.android.messaging.datamodel.m com.android.messaging.datamodel.i.d(),-,5,com.android.messaging.datamodel.m com.android.messaging.datamodel.i.d(),3]
01-04 15:54:46.280 344 344 D Zygote : Forked child process 1604
01-04 15:54:46.282 535 1112 I chatty : uid=1000(system) backup-0 identical 61 lines
01-04 15:54:46.282 535 1112 I BackupManagerService: [UserID:0] Found stale backup journal, scheduling
01-04 15:54:46.284 535 563 I am_proc_start: [0,1604,10097,com.android.onetimeinitializer,broadcast,{com.android.onetimeinitializer/com.android.onetimeinitializer.OneTimeInitializerReceiver}]
01-04 15:54:46.285 535 563 I ActivityManager: Start proc 1604:com.android.onetimeinitializer/u0a97 for broadcast {com.android.onetimeinitializer/com.android.onetimeinitializer.OneTimeInitializerReceiver}
01-04 15:54:46.286 535 1112 I BackupManagerService: [UserID:0] Found stale backup journal, scheduling
01-04 15:54:46.286 1576 1603 I MessagingAppDataModel: Fixup: Send failed - 0 Download failed - 0
01-04 15:54:46.289 1604 1604 I Zygote : seccomp disabled by setenforce 0
01-04 15:54:46.304 1512 1519 I adbd : jdwp connection from 1604
01-04 15:54:46.315 535 809 I am_proc_bound: [0,1604,com.android.onetimeinitializer]
01-04 15:54:46.346 837 1014 D SubscriptionController: [getActiveSubscriptionInfo]- subId=1 subList=[] subInfo=null
01-04 15:54:46.346 1576 1602 W MessagingApp: PhoneUtils.getSelfRawNumber: subInfo is null for 1
01-04 15:54:46.350 1604 1604 I timeinitialize: The ClassLoaderContext is a special shared library.
01-04 15:54:46.351 1604 1604 D nativeloader: classloader namespace configured for unbundled product apk. library_path=/product/priv-app/OneTimeInitializer/lib/arm64:/product/lib64:/system/product/lib64
01-04 15:54:46.378 837 1014 I chatty : uid=1001(radio) Binder:837_4 identical 2 lines
01-04 15:54:46.378 1576 1602 W MessagingApp: PhoneUtils.getSelfRawNumber: subInfo is null for 1
01-04 15:54:46.381 837 1014 D SubscriptionController: [getActiveSubscriptionInfo]- subId=1 subList=[] subInfo=null
01-04 15:54:46.381 1604 1604 D NetworkSecurityConfig: No Network Security Config specified, using platform default
01-04 15:54:46.382 1604 1604 D NetworkSecurityConfig: No Network Security Config specified, using platform default
01-04 15:54:46.384 1604 1604 V OneTimeInitializerReceiver: OneTimeInitializerReceiver.onReceive
01-04 15:54:46.399 535 1112 I chatty : uid=1000(system) backup-0 identical 545 lines
01-04 15:54:46.399 535 1112 I BackupManagerService: [UserID:0] Found stale backup journal, scheduling
01-04 15:54:46.400 535 550 I am_uid_running: 10063
01-04 15:54:46.401 535 550 D CompatibilityChangeReporter: Compat change id reported: 135634846; UID 10063; state: DISABLED
01-04 15:54:46.402 535 550 D CompatibilityChangeReporter: Compat change id reported: 135754954; UID 10063; state: ENABLED
01-04 15:54:46.402 535 1112 I BackupManagerService: [UserID:0] Found stale backup journal, scheduling
01-04 15:54:46.402 535 1112 I chatty : uid=1000(system) backup-0 identical 7 lines
01-04 15:54:46.402 535 1112 I BackupManagerService: [UserID:0] Found stale backup journal, scheduling
01-04 15:54:46.402 535 563 D CompatibilityChangeReporter: Compat change id reported: 143937733; UID 10063; state: ENABLED
01-04 15:54:46.402 535 1112 I BackupManagerService: [UserID:0] Found stale backup journal, scheduling
01-04 15:54:46.432 344 344 D Zygote : Forked child process 1628
01-04 15:54:46.438 1628 1628 I Zygote : seccomp disabled by setenforce 0
01-04 15:54:46.439 535 1112 I chatty : uid=1000(system) backup-0 identical 116 lines
01-04 15:54:46.440 535 1112 I BackupManagerService: [UserID:0] Found stale backup journal, scheduling
01-04 15:54:46.440 535 563 I am_proc_start: [0,1628,10063,com.android.packageinstaller,broadcast,{com.android.packageinstaller/com.android.packageinstaller.TemporaryFileManager}]
01-04 15:54:46.440 535 563 I ActivityManager: Start proc 1628:com.android.packageinstaller/u0a63 for broadcast {com.android.packageinstaller/com.android.packageinstaller.TemporaryFileManager}
01-04 15:54:46.442 535 1112 I BackupManagerService: [UserID:0] Found stale backup journal, scheduling
01-04 15:54:46.452 1512 1519 I adbd : jdwp connection from 1628
01-04 15:54:46.461 535 1142 I am_proc_bound: [0,1628,com.android.packageinstaller]
01-04 15:54:46.486 0 0 I android_work: sent uevent USB_STATE=CONNECTED
01-04 15:54:46.498 0 0 I android_work: sent uevent USB_STATE=DISCONNECTED
01-04 15:54:46.500 1628 1628 I ackageinstalle: The ClassLoaderContext is a special shared library.
01-04 15:54:46.509 1512 1525 I adbd : USB event: FUNCTIONFS_ENABLE
01-04 15:54:46.510 1512 1649 I adbd : UsbFfs-worker thread spawned
01-04 15:54:46.533 1628 1628 D NetworkSecurityConfig: No Network Security Config specified, using platform default
01-04 15:54:46.533 1628 1628 D NetworkSecurityConfig: No Network Security Config specified, using platform default
01-04 15:54:46.541 535 550 I am_uid_running: 10126
01-04 15:54:46.541 535 1112 I chatty : uid=1000(system) backup-0 identical 440 lines
01-04 15:54:46.541 535 1112 I BackupManagerService: [UserID:0] Found stale backup journal, scheduling
01-04 15:54:46.542 535 550 D CompatibilityChangeReporter: Compat change id reported: 135634846; UID 10126; state: DISABLED
01-04 15:54:46.543 535 550 D CompatibilityChangeReporter: Compat change id reported: 135754954; UID 10126; state: DISABLED
01-04 15:54:46.543 535 1112 I BackupManagerService: [UserID:0] Found stale backup journal, scheduling
01-04 15:54:46.543 535 1112 I chatty : uid=1000(system) backup-0 identical 3 lines
01-04 15:54:46.543 535 1112 I BackupManagerService: [UserID:0] Found stale backup journal, scheduling
01-04 15:54:46.543 535 563 D CompatibilityChangeReporter: Compat change id reported: 143937733; UID 10126; state: DISABLED
01-04 15:54:46.543 535 1112 I BackupManagerService: [UserID:0] Found stale backup journal, scheduling
01-04 15:54:46.554 1576 1602 I MessagingAppDataModel: SyncMessagesAction: Starting batch for messages from 1641289635862 to 1641291886227 (message update limit = 80, message scan limit = 4000)
01-04 15:54:46.562 1512 1514 I adbd : adbd_auth: received a new framework connection
01-04 15:54:46.562 1512 1514 I adbd : adbd_auth: received new framework fd 52 (current = -1)
01-04 15:54:46.565 388 485 I android.hardware.usb.gadget@1.1-service.imx: event=1 on fd=6
01-04 15:54:46.569 344 344 D Zygote : Forked child process 1651
01-04 15:54:46.572 535 1112 I chatty : uid=1000(system) backup-0 identical 97 lines
01-04 15:54:46.572 535 1112 I BackupManagerService: [UserID:0] Found stale backup journal, scheduling
01-04 15:54:46.573 1651 1651 I Zygote : seccomp disabled by setenforce 0
01-04 15:54:46.573 535 563 I am_proc_start: [0,1651,10126,com.android.permissioncontroller,broadcast,{com.android.permissioncontroller/com.android.permissioncontroller.permission.service.LocationAccessCheck$SetupPeriodicBackgroundLocationAccessCheck}]
01-04 15:54:46.573 535 563 I ActivityManager: Start proc 1651:com.android.permissioncontroller/u0a126 for broadcast {com.android.permissioncontroller/com.android.permissioncontroller.permission.service.LocationAccessCheck$SetupPeriodicBackgroundLocationAccessCheck}
01-04 15:54:46.574 1651 1651 I libc : SetHeapTaggingLevel: tag level set to 0
01-04 15:54:46.575 535 1112 I BackupManagerService: [UserID:0] Found stale backup journal, scheduling
01-04 15:54:46.578 0 0 I android_work: sent uevent USB_STATE=CONNECTED
01-04 15:54:46.588 1512 1519 I adbd : jdwp connection from 1651
01-04 15:54:46.594 0 0 I android_work: sent uevent USB_STATE=CONFIGURED
01-04 15:54:46.603 535 809 I am_proc_bound: [0,1651,com.android.permissioncontroller]
01-04 15:54:46.624 1651 1651 D ApplicationLoaders: Returning zygote-cached class loader: /system/framework/android.test.base.jar
01-04 15:54:46.694 1651 1651 D NetworkSecurityConfig: No Network Security Config specified, using platform default
01-04 15:54:46.695 1651 1651 D NetworkSecurityConfig: No Network Security Config specified, using platform default
01-04 15:54:46.730 1651 1651 I CarUiInstaller: CarUiInstaller started for com.android.permissioncontroller
01-04 15:54:46.776 535 1112 I chatty : uid=1000(system) backup-0 identical 959 lines
01-04 15:54:46.776 535 1112 I BackupManagerService: [UserID:0] Found stale backup journal, scheduling
01-04 15:54:46.850 1651 1651 I AutoRevokePermissions: Parsed teamfood setting value: null
01-04 15:54:46.851 1576 1603 I MessagingAppDataModel: SyncMessagesAction: All messages now in sync
01-04 15:54:46.854 1651 1651 I AutoRevokePermissions: Parsed teamfood setting value: null
01-04 15:54:46.854 1651 1651 I AutoRevokePermissions: scheduleAutoRevokePermissions with frequency 1296000000ms and threshold 7776000000ms
01-04 15:54:46.861 1651 1651 I AutoRevokePermissions: user 0 is a profile owner. Running Auto Revoke.
01-04 15:54:46.862 1651 1651 I AutoRevokePermissions: Parsed teamfood setting value: null
01-04 15:54:46.870 837 837 I VvmSimStateTracker: android.intent.action.BOOT_COMPLETED
01-04 15:54:46.872 535 1142 I am_uid_running: 10067
01-04 15:54:46.873 535 1142 D CompatibilityChangeReporter: Compat change id reported: 135634846; UID 10067; state: DISABLED
01-04 15:54:46.873 535 1142 D CompatibilityChangeReporter: Compat change id reported: 135754954; UID 10067; state: ENABLED
01-04 15:54:46.874 535 563 D CompatibilityChangeReporter: Compat change id reported: 143937733; UID 10067; state: ENABLED
01-04 15:54:46.877 1651 1651 I AutoRevokePermissions: onStartJob
01-04 15:54:46.878 1651 1651 I AutoRevokePermissions: Skipping auto revoke first run when scheduled by system
01-04 15:54:46.887 358 395 W audio_hw_primary: do_out_standby... 0xeb245ce0
01-04 15:54:46.888 535 828 I ActivityManager: Killing 862:com.android.settings/1000 (adj 975): empty #17
01-04 15:54:46.888 535 828 I am_kill : [0,862,com.android.settings,975,empty #17]
01-04 15:54:46.892 344 344 D Zygote : Forked child process 1678
01-04 15:54:46.896 535 563 I am_proc_start: [0,1678,10067,com.android.providers.calendar,broadcast,{com.android.providers.calendar/com.android.providers.calendar.CalendarReceiver}]
01-04 15:54:46.896 535 563 I ActivityManager: Start proc 1678:com.android.providers.calendar/u0a67 for broadcast {com.android.providers.calendar/com.android.providers.calendar.CalendarReceiver}
01-04 15:54:46.897 1678 1678 I Zygote : seccomp disabled by setenforce 0
01-04 15:54:46.909 1512 1519 I adbd : jdwp connection from 1678
01-04 15:54:46.918 535 828 I am_proc_bound: [0,1678,com.android.providers.calendar]
01-04 15:54:46.923 535 550 I am_proc_died: [0,862,com.android.settings,975,19]
01-04 15:54:46.926 535 555 W ActivityManager: setHasOverlayUi called on unknown pid: 862
01-04 15:54:46.929 344 344 I Zygote : Process 862 exited due to signal 9 (Killed)
01-04 15:54:46.934 535 564 I chatty : uid=1000(system) ActivityManager expire 9 lines
01-04 15:54:46.944 1678 1678 I viders.calenda: The ClassLoaderContext is a special shared library.
01-04 15:54:46.956 1678 1678 D NetworkSecurityConfig: No Network Security Config specified, using platform default
01-04 15:54:46.957 1678 1678 D NetworkSecurityConfig: No Network Security Config specified, using platform default
01-04 15:54:46.961 0 0 D : Divyesh -< soc-update> Func:snd_soc_component_update_bits,reg: 64, value: 12,mask: 12
01-04 15:54:46.980 1678 1678 I CalendarProvider2: Created com.android.providers.calendar.CalendarAlarmManager@e97efc(com.android.providers.calendar.CalendarProvider2@b040985)
01-04 15:54:47.021 535 1698 I ActivityManager: Killing 1168:com.android.keychain/1000 (adj 985): empty #17
01-04 15:54:47.021 535 1698 I am_kill : [0,1168,com.android.keychain,985,empty #17]
01-04 15:54:47.052 535 1698 I am_proc_died: [0,1168,com.android.keychain,985,19]
01-04 15:54:47.052 344 344 I Zygote : Process 1168 exited due to signal 9 (Killed)
01-04 15:54:47.073 535 1698 D CompatibilityChangeReporter: Compat change id reported: 135634846; UID 1000; state: DISABLED
01-04 15:54:47.073 535 1698 D CompatibilityChangeReporter: Compat change id reported: 135754954; UID 1000; state: ENABLED
01-04 15:54:47.088 344 344 D Zygote : Forked child process 1705
01-04 15:54:47.091 535 563 I am_proc_start: [0,1705,1000,com.android.settings,broadcast,{com.android.settings/com.android.settings.fuelgauge.batterytip.AnomalyConfigReceiver}]
01-04 15:54:47.091 1705 1705 I Zygote : seccomp disabled by setenforce 0
01-04 15:54:47.092 535 563 I ActivityManager: Start proc 1705:com.android.settings/1000 for broadcast {com.android.settings/com.android.settings.fuelgauge.batterytip.AnomalyConfigReceiver}
01-04 15:54:47.103 1512 1519 I adbd : jdwp connection from 1705
01-04 15:54:47.109 535 1698 I am_proc_bound: [0,1705,com.android.settings]
01-04 15:54:47.127 1705 1705 I ndroid.setting: The ClassLoaderContext is a special shared library.
