01-04 15:54:25.286 238 238 W vold : Failed to LOOP_GET_STATUS64 /dev/block/loop22: No such device or address
01-04 15:54:25.286 238 238 W vold : Failed to LOOP_GET_STATUS64 /dev/block/loop21: No such device or address
01-04 15:54:25.286 238 238 W vold : Failed to LOOP_GET_STATUS64 /dev/block/loop20: No such device or address
01-04 15:54:25.286 238 238 W vold : Failed to LOOP_GET_STATUS64 /dev/block/loop19: No such device or address
01-04 15:54:25.286 238 238 W vold : Failed to LOOP_GET_STATUS64 /dev/block/loop18: No such device or address
01-04 15:54:25.286 238 238 W vold : Failed to LOOP_GET_STATUS64 /dev/block/loop17: No such device or address
01-04 15:54:25.286 238 238 W vold : Failed to LOOP_GET_STATUS64 /dev/block/loop16: No such device or address
01-04 15:54:25.286 238 238 W vold : Failed to LOOP_GET_STATUS64 /dev/block/loop12: No such device or address
01-04 15:54:25.286 238 238 W vold : Failed to LOOP_GET_STATUS64 /dev/block/loop7: No such device or address
01-04 15:54:25.286 238 238 D vold : Found unmanaged loop device at /dev/block/loop0 named apex:
01-04 15:54:25.286 238 238 W vold : Failed to LOOP_GET_STATUS64 /dev/block/loop14: No such device or address
01-04 15:54:25.286 238 238 D vold : Found unmanaged loop device at /dev/block/loop2 named apex:
01-04 15:54:25.286 238 238 W vold : Failed to LOOP_GET_STATUS64 /dev/block/loop9: No such device or address
01-04 15:54:25.286 238 238 W vold : Failed to LOOP_GET_STATUS64 /dev/block/loop11: No such device or address
01-04 15:54:25.286 238 238 D vold : Found unmanaged loop device at /dev/block/loop4 named apex:
01-04 15:54:25.286 238 238 W vold : Failed to LOOP_GET_STATUS64 /dev/block/loop8: No such device or address
01-04 15:54:25.286 238 238 W vold : Failed to LOOP_GET_STATUS64 /dev/block/loop6: No such device or address
01-04 15:54:25.286 238 238 W vold : Failed to LOOP_GET_STATUS64 /dev/block/loop10: No such device or address
01-04 15:54:25.287 238 238 D vold : Found unmanaged loop device at /dev/block/loop3 named apex:
01-04 15:54:25.287 238 238 D vold : Found unmanaged loop device at /dev/block/loop5 named apex:
01-04 15:54:25.287 238 238 W vold : Failed to LOOP_GET_STATUS64 /dev/block/loop13: No such device or address
01-04 15:54:25.287 238 238 W vold : Failed to LOOP_GET_STATUS64 /dev/block/loop15: No such device or address
01-04 15:54:25.287 238 238 D vold : Found unmanaged loop device at /dev/block/loop1 named apex:
01-04 15:54:25.291 238 238 D vold : VoldNativeService::start() completed OK
01-04 15:54:25.297 0 0 I watchdogd: watchdogd started (interval 10, margin 20)!
01-04 15:54:25.308 0 0 I logd.auditd: start
01-04 15:54:25.318 0 0 F : vendor=0x02DF device=0x9149 class=0 function=1
01-04 15:54:25.324 0 0 F : Attach moal handle ops, card interface type: 0x105
01-04 15:54:25.331 0 0 F SD8987 : init module param from usr cfg
01-04 15:54:25.336 0 0 F card_type: SD8987, config block: 0
01-04 15:54:25.340 0 0 F : cfg80211_wext=0xf
01-04 15:54:25.343 0 0 F : sta_name=wlan
01-04 15:54:25.346 0 0 F : uap_name=wlan
01-04 15:54:25.348 0 0 F : wfd_name=p2p
01-04 15:54:25.351 0 0 F : max_vir_bss=1
01-04 15:54:25.354 0 0 F : cal_data_cfg=none
01-04 15:54:25.357 0 0 F : ps_mode = 2
01-04 15:54:25.359 0 0 F : auto_ds = 2
01-04 15:54:25.362 0 0 F : fw_name=sdiouart8987_combo_v0.bin
01-04 15:54:25.366 0 0 F SDIO : max_segs=128 max_seg_size=65535
01-04 15:54:25.371 0 0 F : rx_work=1 cpu_num=4
01-04 15:54:25.374 0 0 W : Attach mlan adapter operations.card_type is 0x105.
01-04 15:54:25.381 0 0 W wlan : Enable TX SG mode
01-04 15:54:25.384 0 0 W wlan : Enable RX SG mode
01-04 15:54:25.394 0 0 F Request firmware: sdiouart8987_combo_v0.bin
01-04 15:54:25.397 0 0 I zram0 : detected capacity change from 0 to 629145600
01-04 15:54:25.427 0 0 I mkswap : Swapspace size: 614396k, UUID=cbdc88b8-629c-4854-8e95-92a121f4e84e
01-04 15:54:25.452 232 232 I hwservicemanager: getFrameworkHalManifest: Reading VINTF information.
01-04 15:54:25.454 0 0 I : Adding 614396k swap on /dev/block/zram0. Priority:-2 extents:1 across:614396k SS
01-04 15:54:25.471 232 232 I hwservicemanager: getFrameworkHalManifest: Successfully processed VINTF information
01-04 15:54:25.471 232 232 I hwservicemanager: getDeviceHalManifest: Reading VINTF information.
01-04 15:54:25.486 232 232 I hwservicemanager: getDeviceHalManifest: Successfully processed VINTF information
01-04 15:54:25.488 255 255 I auditd : type=1400 audit(0.0:5): avc: denied { search } for comm="android.hardwar" name="gsi" dev="mmcblk2p8" ino=20 scontext=u:r:hal_bootctl_default:s0 tcontext=u:object_r:gsi_metadata_file:s0 tclass=dir permissive=1
01-04 15:54:25.488 255 255 I chatty : uid=0(root) boot@1.1-servic expire 4 lines
01-04 15:54:25.490 254 254 I HidlServiceManagement: Registered android.system.suspend@1.0::ISystemSuspend/default
01-04 15:54:25.491 254 254 I HidlServiceManagement: Removing namespace from process name android.system.suspend@1.0-service to suspend@1.0-service.
01-04 15:54:25.492 256 256 I HidlServiceManagement: Registered android.hardware.gatekeeper@1.0::IGatekeeper/default
01-04 15:54:25.493 256 256 I HidlServiceManagement: Removing namespace from process name android.hardware.gatekeeper@1.0-service.software-imx to gatekeeper@1.0-service.software-imx.
01-04 15:54:25.496 257 257 I HidlServiceManagement: Registered android.hardware.keymaster@4.0::IKeymasterDevice/default
01-04 15:54:25.496 257 257 I HidlServiceManagement: Removing namespace from process name android.hardware.keymaster@4.0-service-imx to keymaster@4.0-service-imx.
01-04 15:54:25.497 232 232 I hwservicemanager: getTransport: Cannot find entry android.hardware.keymaster@3.0::IKeymasterDevice/default in either framework or device manifest.
01-04 15:54:25.526 0 0 I wait_for_keymaster: Waiting for Keymaster device
01-04 15:54:25.574 0 0 I wait_for_keymaster: List of Keymaster HALs found:
01-04 15:54:25.580 0 0 I wait_for_keymaster: Keymaster HAL #1: SoftwareKeymasterDevice from Google SecurityLevel: SOFTWARE HAL: android.hardware.keymaster@4.1::IKeymasterDevice/default
01-04 15:54:25.786 238 238 I Checkpoint: Validating checkpoint on /dev/block/by-name/userdata
01-04 15:54:25.787 238 238 E Checkpoint: No magic
01-04 15:54:25.801 0 0 I random : crng init done
01-04 15:54:25.802 0 0 D wait_for_keymaster: Computing HMAC with params { (seed: , nonce: 9574c0e4ab6f6c0e7f5d84d38314e44ec5f81517d33c5e0354a7dc1d224d21b) }
01-04 15:54:25.804 0 0 I random : 7 urandom warning(s) missed due to ratelimiting
01-04 15:54:25.805 0 0 D wait_for_keymaster: Computing HMAC for SoftwareKeymasterDevice from Google SecurityLevel: SOFTWARE HAL: android.hardware.keymaster@4.1::IKeymasterDevice/default
01-04 15:54:25.811 0 0 I wait_for_keymaster: Using SoftwareKeymasterDevice from Google for encryption. Security level: SOFTWARE, HAL: android.hardware.keymaster@4.1::IKeymasterDevice/default
01-04 15:54:25.827 0 0 I wait_for_keymaster: Keymaster device ready
01-04 15:54:25.846 238 238 D vold : fscrypt_mount_metadata_encrypted: /data 0
01-04 15:54:25.847 238 238 D vold : metadata_key_dir/key: /metadata/vold/metadata_encryption/key
01-04 15:54:25.848 232 232 I hwservicemanager: getTransport: Cannot find entry android.hardware.keymaster@3.0::IKeymasterDevice/default in either framework or device manifest.
01-04 15:54:25.848 238 238 I vold : List of Keymaster HALs found:
01-04 15:54:25.849 238 238 I vold : Keymaster HAL #1: SoftwareKeymasterDevice from Google SecurityLevel: SOFTWARE HAL: android.hardware.keymaster@4.1::IKeymasterDevice/default
01-04 15:54:25.849 238 238 D vold : Computing HMAC with params { (seed: , nonce: 9574c0e4ab6f6c0e7f5d84d38314e44ec5f81517d33c5e0354a7dc1d224d21b) }
01-04 15:54:25.849 238 238 D vold : Computing HMAC for SoftwareKeymasterDevice from Google SecurityLevel: SOFTWARE HAL: android.hardware.keymaster@4.1::IKeymasterDevice/default
01-04 15:54:25.849 238 238 I vold : Using SoftwareKeymasterDevice from Google for encryption. Security level: SOFTWARE, HAL: android.hardware.keymaster@4.1::IKeymasterDevice/default
01-04 15:54:25.850 238 238 D vold : Key exists, using: /metadata/vold/metadata_encryption/key
01-04 15:54:25.852 31 31 I auditd : type=1400 audit(0.0:6): avc: denied { setattr } for comm="kdevtmpfs" name="dm-5" dev="devtmpfs" ino=217 scontext=u:r:kernel:s0 tcontext=u:object_r:device:s0 tclass=blk_file permissive=1
01-04 15:54:25.852 232 232 I chatty : uid=1000(system) hwservicemanage identical 6 lines
01-04 15:54:25.853 238 238 I vold : List of Keymaster HALs found:
01-04 15:54:25.853 238 238 I vold : Keymaster HAL #1: SoftwareKeymasterDevice from Google SecurityLevel: SOFTWARE HAL: android.hardware.keymaster@4.1::IKeymasterDevice/default
01-04 15:54:25.853 238 238 I vold : Using SoftwareKeymasterDevice from Google for encryption. Security level: SOFTWARE, HAL: android.hardware.keymaster@4.1::IKeymasterDevice/default
01-04 15:54:25.857 238 238 D vold : Mounting metadata-encrypted filesystem:/data
01-04 15:54:25.859 238 238 I vold : List of Keymaster HALs found:
01-04 15:54:25.859 238 238 I vold : Keymaster HAL #1: SoftwareKeymasterDevice from Google SecurityLevel: SOFTWARE HAL: android.hardware.keymaster@4.1::IKeymasterDevice/default
01-04 15:54:25.862 0 0 D vdc : Waited 0ms for vold
01-04 15:54:25.864 0 0 E vdc : Command: checkpoint restoreCheckpoint /dev/block/by-name/userdata Failed: Status(-8, EX_SERVICE_SPECIFIC): '22: No magic'
01-04 15:54:25.878 238 238 I vold : [libfs_mgr]superblock s_max_mnt_count:65535,/dev/block/dm-5
01-04 15:54:25.879 238 238 I vold : [libfs_mgr]superblock s_max_mnt_count:65535,/dev/block/dm-5
01-04 15:54:25.901 238 238 I vold : [libfs_mgr]__mount(source=/dev/block/dm-5,target=/data,type=ext4)=0: Success
01-04 15:54:25.902 0 0 D vdc : Waited 0ms for vold
01-04 15:54:25.902 238 238 D vold : Mounted /data
01-04 15:54:25.903 238 247 D vold : Disk at 252:5 changed
01-04 15:54:25.904 0 0 W Wlan : FW download over, firmwarelen=528176 downloaded 528176
01-04 15:54:25.923 0 0 D vdc : Waited 0ms for vold
01-04 15:54:25.937 238 238 I Checkpoint: cp_prepareCheckpoint called
01-04 15:54:25.945 272 272 I chatty : uid=0(root) android.hardwar expire 33 lines
01-04 15:54:25.952 231 231 I servicemanager: getDeviceHalManifest: Reading VINTF information.
01-04 15:54:25.956 231 231 I servicemanager: getDeviceHalManifest: Successfully processed VINTF information
01-04 15:54:25.956 231 231 I servicemanager: getFrameworkHalManifest: Reading VINTF information.
01-04 15:54:25.956 0 0 I EXT4-fs (dm-5): Using encoding defined by superblock: utf8-12.1.0 with flags 0x0
01-04 15:54:25.957 231 231 I servicemanager: getFrameworkHalManifest: Successfully processed VINTF information
01-04 15:54:25.957 231 231 I servicemanager: Found android.hardware.power.IPower/default in device VINTF manifest.
01-04 15:54:25.958 272 276 I chatty : uid=0(root) android.hardwar expire 1 line
01-04 15:54:25.960 238 238 I vold : fscrypt_initialize_systemwide_keys
01-04 15:54:25.961 238 238 D vold : Key exists, using: /data/unencrypted/key
01-04 15:54:25.964 238 238 I vold : List of Keymaster HALs found:
01-04 15:54:25.964 238 238 I vold : Keymaster HAL #1: SoftwareKeymasterDevice from Google SecurityLevel: SOFTWARE HAL: android.hardware.keymaster@4.1::IKeymasterDevice/default
01-04 15:54:25.965 238 238 I vold : Using SoftwareKeymasterDevice from Google for encryption. Security level: SOFTWARE, HAL: android.hardware.keymaster@4.1::IKeymasterDevice/default
01-04 15:54:25.966 238 238 D vold : Installed fscrypt key with ref cb9284463ecc936c34b996391d0dbb4c to /data
01-04 15:54:25.966 238 238 D vold : Added fscrypt-provisioning key for cb9284463ecc936c34b996391d0dbb4c to session keyring
01-04 15:54:25.968 0 0 I EXT4-fs (dm-5): mounted filesystem with ordered data mode. Opts: noauto_da_alloc,errors=panic
01-04 15:54:25.981 238 238 I vold : Wrote system DE key reference to:/data/unencrypted/ref
01-04 15:54:25.982 238 238 D vold : Installed fscrypt key with ref 95b80ae2ebe1fcde5385e5c4b036a5ea to /data
01-04 15:54:25.982 238 238 D vold : Added fscrypt-provisioning key for 95b80ae2ebe1fcde5385e5c4b036a5ea to session keyring
01-04 15:54:25.986 238 238 I vold : Wrote per boot key reference to:/data/unencrypted/per_boot_ref
01-04 15:54:26.036 0 0 D vdc : Waited 0ms for vold
01-04 15:54:26.068 0 0 I fscrypt : AES-256-CTS-CBC using implementation "cts-cbc-aes-ce"
01-04 15:54:26.093 0 0 I fscrypt : AES-256-XTS using implementation "xts-aes-ce"
01-04 15:54:26.109 238 247 D vold : Disk at 7:48 changed
01-04 15:54:26.117 0 0 I apexd : Scanning /system/apex for preinstalled data
01-04 15:54:26.128 238 247 D vold : Disk at 7:56 changed
01-04 15:54:26.129 0 0 I apexd : Scanning /system_ext/apex for preinstalled data
01-04 15:54:26.135 0 0 I apexd : ... does not exist. Skipping
01-04 15:54:26.140 0 0 I apexd : Scanning /product/apex for preinstalled data
01-04 15:54:26.144 238 247 D vold : Disk at 7:64 changed
01-04 15:54:26.146 0 0 I apexd : ... does not exist. Skipping
01-04 15:54:26.151 0 0 I apexd : Scanning /vendor/apex for preinstalled data
01-04 15:54:26.157 0 0 I apexd : ... does not exist. Skipping
01-04 15:54:26.158 238 247 D vold : Disk at 7:72 changed
01-04 15:54:26.161 0 0 I apexd : Populating APEX database from mounts...
01-04 15:54:26.168 0 0 I apexd : 0 packages restored.
01-04 15:54:26.172 0 0 I apexd : Marking APEXd as starting
01-04 15:54:26.174 238 247 D vold : Disk at 7:80 changed
01-04 15:54:26.189 238 247 D vold : Disk at 7:88 changed
01-04 15:54:26.194 0 0 I EXT4-fs (loop6): mounted filesystem without journal. Opts: (null)
01-04 15:54:26.205 238 247 D vold : Disk at 7:96 changed
01-04 15:54:26.211 0 0 I EXT4-fs (loop7): mounted filesystem without journal. Opts: (null)
01-04 15:54:26.221 238 247 D vold : Disk at 7:104 changed
01-04 15:54:26.226 0 0 I EXT4-fs (loop8): mounted filesystem without journal. Opts: (null)
01-04 15:54:26.236 238 247 D vold : Disk at 7:112 changed
01-04 15:54:26.241 0 0 I EXT4-fs (loop9): mounted filesystem without journal. Opts: (null)
01-04 15:54:26.251 238 247 D vold : Disk at 7:120 changed
01-04 15:54:26.256 0 0 I EXT4-fs (loop10): mounted filesystem without journal. Opts: (null)
01-04 15:54:26.267 238 247 D vold : Disk at 7:128 changed
01-04 15:54:26.273 0 0 I EXT4-fs (loop11): mounted filesystem without journal. Opts: (null)
01-04 15:54:26.286 238 247 D vold : Disk at 7:136 changed
01-04 15:54:26.288 0 0 I EXT4-fs (loop12): mounted filesystem without journal. Opts: (null)
01-04 15:54:26.303 0 0 I EXT4-fs (loop13): mounted filesystem without journal. Opts: (null)
01-04 15:54:26.304 238 247 D vold : Disk at 7:144 changed
01-04 15:54:26.318 0 0 I EXT4-fs (loop14): mounted filesystem without journal. Opts: (null)
01-04 15:54:26.319 238 247 D vold : Disk at 7:152 changed
01-04 15:54:26.334 238 247 D vold : Disk at 7:160 changed
01-04 15:54:26.334 0 0 I EXT4-fs (loop15): mounted filesystem without journal. Opts: (null)
01-04 15:54:26.348 238 247 D vold : Disk at 7:168 changed
01-04 15:54:26.350 0 0 I EXT4-fs (loop16): mounted filesystem without journal. Opts: (null)
01-04 15:54:26.363 238 247 D vold : Disk at 7:176 changed
01-04 15:54:26.369 0 0 I EXT4-fs (loop17): mounted filesystem without journal. Opts: (null)
01-04 15:54:26.378 238 247 D vold : Disk at 7:184 changed
01-04 15:54:26.386 0 0 I EXT4-fs (loop18): mounted filesystem without journal. Opts: (null)
01-04 15:54:26.394 238 247 D vold : Disk at 7:192 changed
01-04 15:54:26.401 0 0 I EXT4-fs (loop19): mounted filesystem without journal. Opts: (null)
01-04 15:54:26.410 238 247 D vold : Disk at 7:200 changed
01-04 15:54:26.415 0 0 I EXT4-fs (loop20): mounted filesystem without journal. Opts: (null)
01-04 15:54:26.426 238 247 D vold : Disk at 7:208 changed
01-04 15:54:26.430 0 0 I EXT4-fs (loop21): mounted filesystem without journal. Opts: (null)
01-04 15:54:26.445 0 0 I EXT4-fs (loop22): mounted filesystem without journal. Opts: (null)
01-04 15:54:26.461 0 0 I EXT4-fs (loop23): mounted filesystem without journal. Opts: (null)
01-04 15:54:26.477 0 0 I EXT4-fs (loop24): mounted filesystem without journal. Opts: (null)
01-04 15:54:26.493 0 0 I EXT4-fs (loop25): mounted filesystem without journal. Opts: (null)
01-04 15:54:26.509 0 0 I EXT4-fs (loop26): mounted filesystem without journal. Opts: (null)
01-04 15:54:26.543 330 330 I derive_sdk: Read version 0 from /apex/com.android.sdkext/etc/sdkinfo.binarypb
01-04 15:54:26.544 330 330 I derive_sdk: R extension version is 0
01-04 15:54:26.566 238 238 D vold : fscrypt_init_user0
01-04 15:54:26.566 238 238 D vold : Preparing: /data/misc/vold/user_keys
01-04 15:54:26.567 238 238 D vold : Preparing: /data/misc/vold/user_keys/ce
01-04 15:54:26.567 238 238 D vold : Preparing: /data/misc/vold/user_keys/de
01-04 15:54:26.571 238 238 I vold : List of Keymaster HALs found:
01-04 15:54:26.571 238 238 I vold : Keymaster HAL #1: SoftwareKeymasterDevice from Google SecurityLevel: SOFTWARE HAL: android.hardware.keymaster@4.1::IKeymasterDevice/default
01-04 15:54:26.571 238 238 I vold : Using SoftwareKeymasterDevice from Google for encryption. Security level: SOFTWARE, HAL: android.hardware.keymaster@4.1::IKeymasterDevice/default
01-04 15:54:26.573 238 238 D vold : Installed fscrypt key with ref cd78c432e1729d2508eb8b0e31f7f0a8 to /data
01-04 15:54:26.573 238 238 D vold : Added fscrypt-provisioning key for cd78c432e1729d2508eb8b0e31f7f0a8 to session keyring
01-04 15:54:26.573 238 238 D vold : Installed de key for user 0
01-04 15:54:26.573 238 238 D vold : Skipping non-de-key ..
01-04 15:54:26.573 238 238 D vold : Skipping non-de-key .
01-04 15:54:26.573 238 238 D vold : fscrypt_prepare_user_storage for volume null, user 0, serial 0, flags 1
01-04 15:54:26.573 238 238 D vold : Preparing: /data/system/users/0
01-04 15:54:26.573 238 238 D vold : Preparing: /data/misc/profiles/cur/0
01-04 15:54:26.574 238 238 D vold : Preparing: /data/system_de/0
01-04 15:54:26.574 238 238 D vold : Preparing: /data/misc_de/0
01-04 15:54:26.575 238 238 D vold : Preparing: /data/vendor_de/0
01-04 15:54:26.575 238 238 D vold : Preparing: /data/user_de/0
01-04 15:54:26.576 238 238 I vold : Verified that /data/system_de/0 has the encryption policy cd78c432e1729d2508eb8b0e31f7f0a8 v2 modes 1/4 flags 0x2
01-04 15:54:26.576 238 238 I vold : Verified that /data/misc_de/0 has the encryption policy cd78c432e1729d2508eb8b0e31f7f0a8 v2 modes 1/4 flags 0x2
01-04 15:54:26.576 238 238 I vold : Verified that /data/vendor_de/0 has the encryption policy cd78c432e1729d2508eb8b0e31f7f0a8 v2 modes 1/4 flags 0x2
01-04 15:54:26.576 238 238 I vold : Verified that /data/user_de/0 has the encryption policy cd78c432e1729d2508eb8b0e31f7f0a8 v2 modes 1/4 flags 0x2
01-04 15:54:26.576 238 238 D vold : /system/bin/vold_prepare_subdirs
01-04 15:54:26.576 238 238 D vold : prepare
01-04 15:54:26.576 238 238 D vold :
01-04 15:54:26.576 238 238 D vold : 0
01-04 15:54:26.576 238 238 D vold : 1
01-04 15:54:26.599 332 332 I chatty : uid=0(root) /system/bin/vold_prepare_subdirs expire 28 lines
01-04 15:54:26.619 238 238 D vold : Detected support for FS_IOC_ADD_ENCRYPTION_KEY
01-04 15:54:26.642 0 0 D vdc : Waited 0ms for vold
01-04 15:54:26.688 335 335 I tzdatacheck: timezone distro dir /data/misc/zoneinfo/current does not exist. No action required.
01-04 15:54:26.726 337 337 I tombstoned: tombstoned successfully initialized
01-04 15:54:26.726 0 0 I apexd : Snapshot DE subcommand detected
01-04 15:54:26.732 0 0 I apexd : Marking APEXd as ready
01-04 15:54:26.740 339 339 I flags_health_check: ServerConfigurableFlagsReset reset_mode value: 0
01-04 15:54:26.741 339 339 I flags_health_check: ServerConfigurableFlagsReset attempted boot count is under threshold, skipping reset.
01-04 15:54:26.779 340 340 I chatty : uid=0(root) /system/bin/bpfloader expire 150 lines
01-04 15:54:26.811 0 0 I logd.daemon: reinit
01-04 15:54:26.835 340 340 D LibBpfLoader: bpf_create_map name clat_ingress_map, ret: 6
01-04 15:54:26.835 340 340 D LibBpfLoader: bpf_create_map name clat_egress_map, ret: 7
01-04 15:54:26.835 340 340 D LibBpfLoader: map_fd found at 0 is 6 in /system/etc/bpf/clatd.o
01-04 15:54:26.835 340 340 D LibBpfLoader: map_fd found at 1 is 7 in /system/etc/bpf/clatd.o
01-04 15:54:26.836 340 340 D LibBpfLoader: applying relo to instruction at byte offset: 392, insn offset 49 , insn 118
01-04 15:54:26.836 340 340 D LibBpfLoader: applying relo to instruction at byte offset: 352, insn offset 44 , insn 118
01-04 15:54:26.836 340 340 D LibBpfLoader: applying relo to instruction at byte offset: 520, insn offset 65 , insn 118
01-04 15:54:26.837 340 340 D LibBpfLoader: bpf_prog_load lib call for /system/etc/bpf/clatd.o (schedcls_ingress_clat_ether) returned fd: 8 (no error)
01-04 15:54:26.838 340 340 D LibBpfLoader: bpf_prog_load lib call for /system/etc/bpf/clatd.o (schedcls_ingress_clat_rawip) returned fd: 9 (no error)
01-04 15:54:26.839 340 340 D LibBpfLoader: bpf_prog_load lib call for /system/etc/bpf/clatd.o (schedcls_egress_clat_ether) returned fd: 10 (no error)
01-04 15:54:26.840 340 340 D LibBpfLoader: bpf_prog_load lib call for /system/etc/bpf/clatd.o (schedcls_egress_clat_rawip) returned fd: 11 (no error)
01-04 15:54:26.841 340 340 I bpfloader: Loaded object: /system/etc/bpf/clatd.o
01-04 15:54:26.841 340 340 D LibBpfLoader: Loading optional ELF object /system/etc/bpf/time_in_state.o with license GPL
01-04 15:54:26.842 340 340 D LibBpfLoader: Loaded code section 3 (tracepoint_sched_sched_switch)
01-04 15:54:26.843 340 340 D LibBpfLoader: Loaded relo section 3 (.reltracepoint/sched/sched_switch)
01-04 15:54:26.843 340 340 D LibBpfLoader: Adding section 3 to cs list
01-04 15:54:26.843 340 340 D LibBpfLoader: Loaded code section 5 (tracepoint_power_cpu_frequency)
01-04 15:54:26.843 340 340 D LibBpfLoader: Loaded relo section 5 (.reltracepoint/power/cpu_frequency)
01-04 15:54:26.843 340 340 D LibBpfLoader: Adding section 5 to cs list
01-04 15:54:26.846 340 340 D LibBpfLoader: bpf_create_map name uid_time_in_state_map, ret: 6
01-04 15:54:26.848 340 340 D LibBpfLoader: bpf_create_map name uid_concurrent_times_map, ret: 7
01-04 15:54:26.848 340 340 D LibBpfLoader: bpf_create_map name uid_last_update_map, ret: 8
01-04 15:54:26.848 340 340 D LibBpfLoader: bpf_create_map name cpu_last_update_map, ret: 9
01-04 15:54:26.848 340 340 D LibBpfLoader: bpf_create_map name cpu_policy_map, ret: 10
01-04 15:54:26.848 340 340 D LibBpfLoader: bpf_create_map name policy_freq_idx_map, ret: 11
01-04 15:54:26.849 340 340 D LibBpfLoader: bpf_create_map name freq_to_idx_map, ret: 12
01-04 15:54:26.849 340 340 D LibBpfLoader: bpf_create_map name nr_active_map, ret: 13
01-04 15:54:26.849 340 340 D LibBpfLoader: bpf_create_map name policy_nr_active_map, ret: 14
01-04 15:54:26.849 340 340 D LibBpfLoader: map_fd found at 0 is 6 in /system/etc/bpf/time_in_state.o
01-04 15:54:26.849 340 340 D LibBpfLoader: map_fd found at 1 is 7 in /system/etc/bpf/time_in_state.o
01-04 15:54:26.849 340 340 D LibBpfLoader: map_fd found at 2 is 8 in /system/etc/bpf/time_in_state.o
01-04 15:54:26.849 340 340 D LibBpfLoader: map_fd found at 3 is 9 in /system/etc/bpf/time_in_state.o
01-04 15:54:26.849 340 340 D LibBpfLoader: map_fd found at 4 is 10 in /system/etc/bpf/time_in_state.o
01-04 15:54:26.849 340 340 D LibBpfLoader: map_fd found at 5 is 11 in /system/etc/bpf/time_in_state.o
01-04 15:54:26.849 340 340 D LibBpfLoader: map_fd found at 6 is 12 in /system/etc/bpf/time_in_state.o
01-04 15:54:26.849 340 340 D LibBpfLoader: map_fd found at 7 is 13 in /system/etc/bpf/time_in_state.o
01-04 15:54:26.849 340 340 D LibBpfLoader: map_fd found at 8 is 14 in /system/etc/bpf/time_in_state.o
01-04 15:54:26.850 340 340 D LibBpfLoader: applying relo to instruction at byte offset: 40, insn offset 5 , insn 118
01-04 15:54:26.850 340 340 D LibBpfLoader: applying relo to instruction at byte offset: 128, insn offset 16 , insn 118
01-04 15:54:26.850 340 340 D LibBpfLoader: applying relo to instruction at byte offset: 200, insn offset 25 , insn 118
01-04 15:54:26.850 340 340 D LibBpfLoader: applying relo to instruction at byte offset: 264, insn offset 33 , insn 118
01-04 15:54:26.850 340 340 D LibBpfLoader: applying relo to instruction at byte offset: 520, insn offset 65 , insn 118
01-04 15:54:26.850 340 340 D LibBpfLoader: applying relo to instruction at byte offset: 656, insn offset 82 , insn 118
01-04 15:54:26.850 340 340 D LibBpfLoader: applying relo to instruction at byte offset: 1008, insn offset 126 , insn 118
01-04 15:54:26.850 340 340 D LibBpfLoader: applying relo to instruction at byte offset: 1048, insn offset 131 , insn 118
01-04 15:54:26.850 340 340 D LibBpfLoader: applying relo to instruction at byte offset: 1240, insn offset 155 , insn 118
01-04 15:54:26.850 340 340 D LibBpfLoader: applying relo to instruction at byte offset: 1440, insn offset 180 , insn 118
01-04 15:54:26.851 340 340 D LibBpfLoader: applying relo to instruction at byte offset: 1480, insn offset 185 , insn 118
01-04 15:54:26.851 340 340 D LibBpfLoader: applying relo to instruction at byte offset: 1656, insn offset 207 , insn 118
01-04 15:54:26.851 340 340 D LibBpfLoader: applying relo to instruction at byte offset: 1864, insn offset 233 , insn 118
01-04 15:54:26.851 340 340 D LibBpfLoader: applying relo to instruction at byte offset: 1904, insn offset 238 , insn 118
01-04 15:54:26.851 340 340 D LibBpfLoader: applying relo to instruction at byte offset: 2024, insn offset 253 , insn 118
01-04 15:54:26.851 340 340 D LibBpfLoader: applying relo to instruction at byte offset: 2112, insn offset 264 , insn 118
01-04 15:54:26.851 340 340 D LibBpfLoader: applying relo to instruction at byte offset: 40, insn offset 5 , insn 118
01-04 15:54:26.851 340 340 D LibBpfLoader: applying relo to instruction at byte offset: 120, insn offset 15 , insn 118
01-04 15:54:26.851 340 340 D LibBpfLoader: applying relo to instruction at byte offset: 200, insn offset 25 , insn 118
01-04 15:54:26.851 340 340 D LibBpfLoader: cs[0].name:tracepoint_sched_sched_switch min_kver:0 .max_kver:ffffffff (kvers:50a23)
01-04 15:54:26.853 340 340 D LibBpfLoader: bpf_prog_load lib call for /system/etc/bpf/time_in_state.o (tracepoint_sched_sched_switch) returned fd: 15 (no error)
01-04 15:54:26.853 340 340 D LibBpfLoader: cs[1].name:tracepoint_power_cpu_frequency min_kver:0 .max_kver:ffffffff (kvers:50a23)
01-04 15:54:26.854 340 340 D LibBpfLoader: bpf_prog_load lib call for /system/etc/bpf/time_in_state.o (tracepoint_power_cpu_frequency) returned fd: 16 (no error)
01-04 15:54:26.854 340 340 I bpfloader: Loaded object: /system/etc/bpf/time_in_state.o
01-04 15:54:26.864 0 0 I update_verifier: Started with arg 1: nonencrypted
01-04 15:54:26.867 342 342 I ServiceManager: Waiting for service 'statscompanion' on '/dev/binder'...
01-04 15:54:26.873 0 0 I update_verifier: Booting slot 0: isSlotMarkedSuccessful=1
01-04 15:54:26.879 0 0 I update_verifier: Leaving update_verifier.
01-04 15:54:26.886 0 0 F : WLAN FW is active
01-04 15:54:26.889 0 0 F : on_time is 8151255625
01-04 15:54:26.923 0 0 W : fw_cap_info=0x181c3f03, dev_cap_mask=0xffffffff
01-04 15:54:26.928 227 227 I modprobe: Loaded kernel module /vendor/lib/modules/moal.ko
01-04 15:54:26.931 0 0 W : max_p2p_conn = 8, max_sta_conn = 8
01-04 15:54:26.934 343 343 I netdClient: Skipping libnetd_client init since *we* are netd
01-04 15:54:26.958 343 343 I netd : netd 1.0 starting
01-04 15:54:26.967 0 0 I : Mass Storage Function, version: 2009/09/11
01-04 15:54:26.968 342 342 I ServiceManager: Waiting for service 'statscompanion' on '/dev/binder'...
01-04 15:54:26.973 0 0 I LUN : removable file: (no medium)
01-04 15:54:26.974 0 0 F wlan : version = SD8987----16.92.10.p209-MM5X16247.p1-GPL-(FP92)
01-04 15:54:26.988 343 343 D TetherController: Setting IP forward enable = 0
01-04 15:54:26.989 0 0 W : using random self ethernet address
01-04 15:54:26.990 343 343 D FirewallController: Could not read /proc/self/uid_map, max uid defaulting to 4294967294
01-04 15:54:26.994 0 0 W : using random host ethernet address
01-04 15:54:26.996 0 0 F wlan : Driver loaded successfully
01-04 15:54:27.004 0 0 I : file system registered
01-04 15:54:27.048 343 343 I netd : Creating child chains: 48846us
01-04 15:54:27.051 343 343 I netd : Setting up OEM hooks: 2211us
01-04 15:54:27.051 343 343 I netd : Setting up FirewallController hooks: 232us
01-04 15:54:27.057 343 343 I netd : Setting up TetherController hooks: 5659us
01-04 15:54:27.062 343 343 I netd : Setting up BandwidthController hooks: 5341us
01-04 15:54:27.062 343 343 I netd : Setting up IdletimerController hooks: 241us
01-04 15:54:27.068 342 342 I ServiceManager: Waiting for service 'statscompanion' on '/dev/binder'...
01-04 15:54:27.071 343 343 I netd : Setting up StrictController hooks: 8659us
01-04 15:54:27.071 343 343 I ClatdController: 4.9+ kernel and device shipped with Q+ - clat ebpf should work.
01-04 15:54:27.071 343 343 I netd : Initializing ClatdController: 394us
01-04 15:54:27.073 343 343 I netd : Initializing traffic control: 1580us
01-04 15:54:27.077 350 350 I android.hardware.wifi@1.0-service: Wifi Hal is booting up...
01-04 15:54:27.087 350 350 I HidlServiceManagement: Registered android.hardware.wifi@1.4::IWifi/default
01-04 15:54:27.087 350 350 I HidlServiceManagement: Removing namespace from process name android.hardware.wifi@1.0-service to wifi@1.0-service.
01-04 15:54:27.091 343 343 I netd : Enabling bandwidth control: 18477us
01-04 15:54:27.095 343 343 I netd : Initializing RouteController: 3849us
01-04 15:54:27.096 343 343 D XfrmController: XfrmController::ipSecAddXfrmInterface, line=1377
01-04 15:54:27.098 343 343 D XfrmController: XfrmController::ipSecRemoveTunnelInterface, line=1590
01-04 15:54:27.098 343 343 D XfrmController: deviceName=ipsec_test
01-04 15:54:27.107 357 357 I HidlServiceManagement: Registered android.hidl.allocator@1.0::IAllocator/ashmem
01-04 15:54:27.107 357 357 I HidlServiceManagement: Removing namespace from process name android.hidl.allocator@1.0-service to allocator@1.0-service.
01-04 15:54:27.151 343 343 D XfrmController: Sending Netlink XFRM Message: XFRM_MSG_FLUSHSA
01-04 15:54:27.151 343 343 D XfrmController: Sending Netlink XFRM Message: XFRM_MSG_FLUSHPOLICY
01-04 15:54:27.151 343 343 I netd : Initializing XfrmController: 55919us
01-04 15:54:27.154 360 360 I android.hardware.camera.provider@2.4-external-service: External camera provider service is starting.
01-04 15:54:27.155 343 343 I libnetd_resolv: resolv_init: Initializing resolver
01-04 15:54:27.166 359 359 I HidlServiceManagement: Registered android.hardware.bluetooth@1.0::IBluetoothHci/default
01-04 15:54:27.167 359 359 I HidlServiceManagement: Removing namespace from process name android.hardware.bluetooth@1.0-service to bluetooth@1.0-service.
01-04 15:54:27.167 359 359 I LegacySupport: Registration complete for android.hardware.bluetooth@1.0::IBluetoothHci/default.
01-04 15:54:27.169 342 342 I ServiceManager: Waiting for service 'statscompanion' on '/dev/binder'...
01-04 15:54:27.212 385 385 I auditd : type=1400 audit(0.0:7): avc: denied { execute } for comm="init" name="android.hardware.spi@1.0-service" dev="dm-2" ino=110 scontext=u:r:init:s0 tcontext=u:object_r:vendor_file:s0 tclass=file permissive=1
01-04 15:54:27.212 385 385 I init : type=1400 audit(0.0:7): avc: denied { execute } for name="android.hardware.spi@1.0-service" dev="dm-2" ino=110 scontext=u:r:init:s0 tcontext=u:object_r:vendor_file:s0 tclass=file permissive=1
01-04 15:54:27.232 362 362 I HidlServiceManagement: Registered android.hardware.cas@1.2::IMediaCasService/default
01-04 15:54:27.232 362 362 I HidlServiceManagement: Removing namespace from process name android.hardware.cas@1.2-service to cas@1.2-service.
01-04 15:54:27.242 361 361 I android.hardware.pixel.camera.provider@2.6-service: Google camera provider service is starting.
01-04 15:54:27.255 366 366 I display : open gpu gralloc module!
01-04 15:54:27.264 366 366 I HidlServiceManagement: Registered android.hardware.graphics.allocator@4.0::IAllocator/default
01-04 15:54:27.264 366 366 I HidlServiceManagement: Removing namespace from process name android.hardware.graphics.allocator@4.0-service.imx to allocator@4.0-service.imx.
01-04 15:54:27.264 366 366 I NxpAllocatorHal: graphics IAllocator 4.0 service is initialized
01-04 15:54:27.270 342 342 I ServiceManager: Waiting for service 'statscompanion' on '/dev/binder'...
01-04 15:54:27.274 363 363 I HidlServiceManagement: Registered android.hardware.drm@1.3::IDrmFactory/clearkey
01-04 15:54:27.274 363 363 I HidlServiceManagement: Removing namespace from process name android.hardware.drm@1.3-service.clearkey to drm@1.3-service.clearkey.
01-04 15:54:27.276 363 363 I HidlServiceManagement: Registered android.hardware.drm@1.3::ICryptoFactory/clearkey
01-04 15:54:27.276 363 363 I HidlServiceManagement: Removing namespace from process name android.hardware.drm@1.3-service.clearkey to drm@1.3-service.clearkey.
01-04 15:54:27.282 358 358 I HidlServiceManagement: Registered android.hardware.audio@6.0::IDevicesFactory/default
01-04 15:54:27.283 358 358 I HidlServiceManagement: Removing namespace from process name android.hardware.audio.service to audio.service.
01-04 15:54:27.283 358 358 I LegacySupport: Registration complete for android.hardware.audio@6.0::IDevicesFactory/default.
01-04 15:54:27.338 388 388 I HidlServiceManagement: Registered android.hardware.usb@1.1::IUsb/default
01-04 15:54:27.338 388 388 I HidlServiceManagement: Removing namespace from process name android.hardware.usb@1.1-service.imx to usb@1.1-service.imx.
01-04 15:54:27.340 388 388 I HidlServiceManagement: Registered android.hardware.usb.gadget@1.1::IUsbGadget/default
01-04 15:54:27.340 388 388 I android.hardware.usb@1.1-service.imx: USB HAL Ready.
01-04 15:54:27.345 358 358 I HidlServiceManagement: Registered android.hardware.audio.effect@6.0::IEffectsFactory/default
01-04 15:54:27.345 358 358 I LegacySupport: Registration complete for android.hardware.audio.effect@6.0::IEffectsFactory/default.
01-04 15:54:27.349 358 358 E LegacySupport: Could not get passthrough implementation for android.hardware.soundtrigger@2.3::ISoundTriggerHw/default.
01-04 15:54:27.355 358 358 E LegacySupport: Could not get passthrough implementation for android.hardware.soundtrigger@2.2::ISoundTriggerHw/default.
01-04 15:54:27.357 361 361 I GCH_CameraProvider: CreateCameraProviderHwl:Loading /vendor/lib64/libimxcamerahwl_impl.so library
01-04 15:54:27.358 232 232 I hwservicemanager: getTransport: Cannot find entry android.hardware.soundtrigger@2.1::ISoundTriggerHw/default in either framework or device manifest.
01-04 15:54:27.359 358 358 E LegacySupport: Could not get passthrough implementation for android.hardware.soundtrigger@2.1::ISoundTriggerHw/default.
01-04 15:54:27.359 232 232 I hwservicemanager: getTransport: Cannot find entry android.hardware.soundtrigger@2.0::ISoundTriggerHw/default in either framework or device manifest.
01-04 15:54:27.360 358 358 E LegacySupport: Could not get passthrough implementation for android.hardware.soundtrigger@2.0::ISoundTriggerHw/default.
01-04 15:54:27.360 358 358 W audiohalservice: Could not register Soundtrigger API
01-04 15:54:27.361 232 232 I hwservicemanager: getTransport: Cannot find entry android.hardware.bluetooth.audio@2.0::IBluetoothAudioProvidersFactory/default in either framework or device manifest.
01-04 15:54:27.362 358 358 E LegacySupport: Could not get passthrough implementation for android.hardware.bluetooth.audio@2.0::IBluetoothAudioProvidersFactory/default.
01-04 15:54:27.362 358 358 W audiohalservice: Could not register Bluetooth Audio API
01-04 15:54:27.366 232 232 I hwservicemanager: getTransport: Cannot find entry android.hardware.bluetooth.a2dp@1.0::IBluetoothAudioOffload/default in either framework or device manifest.
01-04 15:54:27.367 358 358 E LegacySupport: Could not get passthrough implementation for android.hardware.bluetooth.a2dp@1.0::IBluetoothAudioOffload/default.
01-04 15:54:27.367 358 358 W audiohalservice: Could not register Bluetooth Audio Offload API
01-04 15:54:27.370 360 360 I ExtCamUtils@3.4: loadFromCfg: load external camera config succeed!
01-04 15:54:27.371 342 342 I ServiceManager: Waiting for service 'statscompanion' on '/dev/binder'...
01-04 15:54:27.371 365 365 I HidlServiceManagement: Registered android.hardware.gnss@2.0::IGnss/default
01-04 15:54:27.371 365 365 I HidlServiceManagement: Removing namespace from process name android.hardware.gnss@2.0-service.gpsd to gnss@2.0-service.gpsd.
01-04 15:54:27.372 360 360 I ExtCamUtils@3.4: loadFromCfg: depth output is not enabled
01-04 15:54:27.372 360 360 I ExtCamUtils@3.4: loadFromCfg: no minimum stream size specified
01-04 15:54:27.372 360 360 I ExtCamUtils@3.4: loadFromCfg: no sensor orientation specified
01-04 15:54:27.372 360 360 I ExtCamUtils@3.4: loadFromCfg: external camera cfg loaded: maxJpgBufSize 3145728, num video buffers 4, num still buffers 2, orientation 0
01-04 15:54:27.372 360 360 I ExtCamUtils@3.4: loadFromCfg: fpsLimitList: 640x480@60.000000
01-04 15:54:27.372 360 360 I ExtCamUtils@3.4: loadFromCfg: fpsLimitList: 1280x720@30.000000
01-04 15:54:27.372 360 360 I ExtCamUtils@3.4: loadFromCfg: fpsLimitList: 1920x1080@30.000000
01-04 15:54:27.372 360 360 I ExtCamUtils@3.4: loadFromCfg: minStreamSize: 0x0
01-04 15:54:27.377 360 360 I HidlServiceManagement: Registered android.hardware.camera.provider@2.4::ICameraProvider/external/0
01-04 15:54:27.377 360 360 I HidlServiceManagement: Removing namespace from process name android.hardware.camera.provider@2.4-external-service to provider@2.4-external-service.
01-04 15:54:27.378 360 360 I LegacySupport: Registration complete for android.hardware.camera.provider@2.4::ICameraProvider/external/0.
01-04 15:54:27.397 383 383 I HidlServiceManagement: Registered android.hardware.memtrack@1.0::IMemtrack/default
01-04 15:54:27.398 383 383 I HidlServiceManagement: Removing namespace from process name android.hardware.memtrack@1.0-service to memtrack@1.0-service.
01-04 15:54:27.398 383 383 I LegacySupport: Registration complete for android.hardware.memtrack@1.0::IMemtrack/default.
01-04 15:54:27.398 367 367 I hwcomposer: hwc_device_open,1917
01-04 15:54:27.402 367 367 I HidlServiceManagement: Registered android.hardware.graphics.composer@2.4::IComposer/default
01-04 15:54:27.402 367 367 I HidlServiceManagement: Removing namespace from process name android.hardware.graphics.composer@2.4-service to composer@2.4-service.
01-04 15:54:27.422 386 386 I android.hardware.thermal@2.0-service.imx: imx Thermal HAL Service 2.0 starting...
01-04 15:54:27.424 386 386 I android.hardware.thermal@2.0-service.imx: CoolingDevice[0]'s Name: thermal-devfreq-0
01-04 15:54:27.424 386 386 I android.hardware.thermal@2.0-service.imx: CoolingDevice[thermal-devfreq-0]'s Type: GPU
01-04 15:54:27.424 386 386 I android.hardware.thermal@2.0-service.imx: CoolingDevice[1]'s Name: thermal-cpufreq-0
01-04 15:54:27.424 386 386 I android.hardware.thermal@2.0-service.imx: CoolingDevice[thermal-cpufreq-0]'s Type: CPU
01-04 15:54:27.424 386 386 I android.hardware.thermal@2.0-service.imx: 2 CoolingDevices parsed successfully
01-04 15:54:27.425 386 386 I android.hardware.thermal@2.0-service.imx: Sensor[0]'s Name: cpu-thermal
01-04 15:54:27.425 386 386 I android.hardware.thermal@2.0-service.imx: Sensor[cpu-thermal]'s Type: CPU
01-04 15:54:27.425 386 386 I android.hardware.thermal@2.0-service.imx: Sensor[cpu-thermal]'s HotThreshold[0]: nan
01-04 15:54:27.425 0 0 W healthd : batteryCapacityLevelPath not found
01-04 15:54:27.425 386 386 I android.hardware.thermal@2.0-service.imx: Sensor[cpu-thermal]'s HotThreshold[1]: 80
01-04 15:54:27.425 386 386 I android.hardware.thermal@2.0-service.imx: Sensor[cpu-thermal]'s HotThreshold[2]: 82
01-04 15:54:27.425 386 386 I android.hardware.thermal@2.0-service.imx: Sensor[cpu-thermal]'s HotThreshold[3]: 86
01-04 15:54:27.425 386 386 I android.hardware.thermal@2.0-service.imx: Sensor[cpu-thermal]'s HotThreshold[4]: 90
01-04 15:54:27.425 386 386 I android.hardware.thermal@2.0-service.imx: Sensor[cpu-thermal]'s HotThreshold[5]: nan
01-04 15:54:27.425 386 386 I android.hardware.thermal@2.0-service.imx: Sensor[cpu-thermal]'s HotThreshold[6]: nan
01-04 15:54:27.425 386 386 I android.hardware.thermal@2.0-service.imx: Sensor[cpu-thermal]'s HotHysteresis[0]: 2
01-04 15:54:27.425 386 386 I android.hardware.thermal@2.0-service.imx: Sensor[cpu-thermal]'s HotHysteresis[1]: 2
01-04 15:54:27.425 386 386 I android.hardware.thermal@2.0-service.imx: Sensor[cpu-thermal]'s HotHysteresis[2]: 2
01-04 15:54:27.425 386 386 I android.hardware.thermal@2.0-service.imx: Sensor[cpu-thermal]'s HotHysteresis[3]: 2
01-04 15:54:27.425 386 386 I android.hardware.thermal@2.0-service.imx: Sensor[cpu-thermal]'s HotHysteresis[4]: 2
01-04 15:54:27.425 386 386 I android.hardware.thermal@2.0-service.imx: Sensor[cpu-thermal]'s HotHysteresis[5]: 2
01-04 15:54:27.425 386 386 I android.hardware.thermal@2.0-service.imx: Sensor[cpu-thermal]'s HotHysteresis[6]: 2
01-04 15:54:27.425 386 386 I android.hardware.thermal@2.0-service.imx: Cannot find valid Sensor[cpu-thermal]'s ColdThreshold, default all to NAN
01-04 15:54:27.425 386 386 I android.hardware.thermal@2.0-service.imx: Cannot find valid Sensor[cpu-thermal]'s ColdHysteresis, default all to 0.0
01-04 15:54:27.425 386 386 I android.hardware.thermal@2.0-service.imx: Sensor[cpu-thermal]'s VrThreshold: nan
01-04 15:54:27.425 386 386 I android.hardware.thermal@2.0-service.imx: Sensor[cpu-thermal]'s Multiplier: 0.001
01-04 15:54:27.425 386 386 I android.hardware.thermal@2.0-service.imx: Sensor[cpu-thermal]'s Monitor: true
01-04 15:54:27.425 386 386 I android.hardware.thermal@2.0-service.imx: Sensor[1]'s Name: battery
01-04 15:54:27.425 386 386 I android.hardware.thermal@2.0-service.imx: Sensor[battery]'s Type: BATTERY
01-04 15:54:27.426 386 386 I android.hardware.thermal@2.0-service.imx: Sensor[battery]'s HotThreshold[0]: nan
01-04 15:54:27.426 386 386 I android.hardware.thermal@2.0-service.imx: Sensor[battery]'s HotThreshold[1]: nan
01-04 15:54:27.426 386 386 I android.hardware.thermal@2.0-service.imx: Sensor[battery]'s HotThreshold[2]: nan
01-04 15:54:27.426 386 386 I android.hardware.thermal@2.0-service.imx: Sensor[battery]'s HotThreshold[3]: nan
01-04 15:54:27.426 386 386 I android.hardware.thermal@2.0-service.imx: Sensor[battery]'s HotThreshold[4]: nan
01-04 15:54:27.426 386 386 I android.hardware.thermal@2.0-service.imx: Sensor[battery]'s HotThreshold[5]: nan
01-04 15:54:27.426 386 386 I android.hardware.thermal@2.0-service.imx: Sensor[battery]'s HotThreshold[6]: nan
01-04 15:54:27.426 386 386 I android.hardware.thermal@2.0-service.imx: Cannot find valid Sensor[battery]'s HotHysteresis, default all to 0.0
01-04 15:54:27.426 386 386 I android.hardware.thermal@2.0-service.imx: Cannot find valid Sensor[battery]'s ColdThreshold, default all to NAN
01-04 15:54:27.426 386 386 I android.hardware.thermal@2.0-service.imx: Cannot find valid Sensor[battery]'s ColdHysteresis, default all to 0.0
01-04 15:54:27.426 386 386 I android.hardware.thermal@2.0-service.imx: Sensor[battery]'s VrThreshold: nan
01-04 15:54:27.426 386 386 I android.hardware.thermal@2.0-service.imx: Sensor[battery]'s Multiplier: 0.001
01-04 15:54:27.426 386 386 I android.hardware.thermal@2.0-service.imx: Sensor[battery]'s Monitor: true
01-04 15:54:27.426 386 386 I android.hardware.thermal@2.0-service.imx: 2 Sensors parsed successfully
01-04 15:54:27.427 386 386 E android.hardware.thermal@2.0-service.imx: battery:all thresholds are NAN
01-04 15:54:27.427 386 386 E Looper : Error adding epoll events for fd -1: Bad file descriptor
01-04 15:54:27.427 386 386 E Looper : Error adding epoll events for fd -1: Bad file descriptor
01-04 15:54:27.428 386 386 I android.hardware.thermal@2.0-service.imx: ThermalWatcherThread started
01-04 15:54:27.434 361 361 I CameraProviderHwlImpl: enumSensorSet
01-04 15:54:27.435 361 361 I CameraProviderHwlImpl: enumSensorSet: logical camera id is: 0; it's physical camera size is 0
01-04 15:54:27.435 361 361 I CameraProviderHwlImpl: matchDevNodes
01-04 15:54:27.435 361 361 I CameraProviderHwlImpl: getNodeName: dev path:/dev/video1
01-04 15:54:27.436 386 386 I HidlServiceManagement: Registered android.hardware.thermal@2.0::IThermal/default
01-04 15:54:27.437 386 386 I HidlServiceManagement: Removing namespace from process name android.hardware.thermal@2.0-service.imx to thermal@2.0-service.imx.
01-04 15:54:27.437 386 386 I android.hardware.thermal@2.0-service.imx: imx Thermal HAL Service 2.0 started successfully.
01-04 15:54:27.438 385 385 E android.hardware.spi@1.0-service: SpiTest: failed spi open .
01-04 15:54:27.438 385 385 E android.hardware.spi@1.0-service: openHal:openSpiHal failed: -1
01-04 15:54:27.438 385 385 E android.hardware.spi@1.0-service: openHal:failed to open module:stm_spi
01-04 15:54:27.438 385 385 E android.hardware.spi@1.0-service: Spi:open Spi HAL module failed
01-04 15:54:27.467 0 0 W healthd : batteryChargeTimeToFullNowPath. not found
01-04 15:54:27.471 342 342 I ServiceManager: Waiting for service 'statscompanion' on '/dev/binder'...
01-04 15:54:27.475 231 231 I servicemanager: Found android.hardware.rebootescrow.IRebootEscrow/default in device VINTF manifest.
01-04 15:54:27.479 385 385 I HidlServiceManagement: Registered android.hardware.spi@1.0::ISpi/default
01-04 15:54:27.480 385 385 I HidlServiceManagement: Removing namespace from process name android.hardware.spi@1.0-service to spi@1.0-service.
01-04 15:54:27.480 385 385 D android.hardware.spi@1.0-service: SPI service started
01-04 15:54:27.491 368 368 I android.hardware.health@2.1-service: default instance initializing with healthd_config...
01-04 15:54:27.492 368 368 I HidlServiceManagement: Registered android.hardware.health@2.1::IHealth/default
01-04 15:54:27.493 368 368 I HidlServiceManagement: Removing namespace from process name android.hardware.health@2.1-service to health@2.1-service.
01-04 15:54:27.493 368 368 I android.hardware.health@2.1-service: default: Hal init done
01-04 15:54:27.519 0 0 W healthd : batteryFullChargeDesignCapacityUahPath. not found
01-04 15:54:27.531 369 369 D ImxService: android.hardware.media.c2@1.0-service starting...
01-04 15:54:27.532 361 361 I CameraProviderHwlImpl: video capabilities 0x84204000
01-04 15:54:27.532 361 361 W CameraProviderHwlImpl: getNodeName dev path:/dev/video1 is not capture
01-04 15:54:27.533 361 361 W CameraProviderHwlImpl: matchDevNodes: dev path /dev/video1 getNodeName failed
01-04 15:54:27.533 361 361 I CameraProviderHwlImpl: getNodeName: dev path:/dev/video2
01-04 15:54:27.534 369 369 W android.hardware.media.c2@1.0-service: libminijail[369]: failed to get path of fd 4: No such file or directory
01-04 15:54:27.534 369 369 W android.hardware.media.c2@1.0-service: libminijail[369]: allowing syscall: connect
01-04 15:54:27.535 369 369 W android.hardware.media.c2@1.0-service: libminijail[369]: allowing syscall: fcntl
01-04 15:54:27.535 369 369 W android.hardware.media.c2@1.0-service: libminijail[369]: allowing syscall: sendto
01-04 15:54:27.535 369 369 W android.hardware.media.c2@1.0-service: libminijail[369]: allowing syscall: socket
01-04 15:54:27.535 369 369 W android.hardware.media.c2@1.0-service: libminijail[369]: allowing syscall: writev
01-04 15:54:27.535 369 369 W android.hardware.media.c2@1.0-service: libminijail[369]: compile_file: (27): nonexistent syscall 'mmap2'
01-04 15:54:27.535 369 369 W android.hardware.media.c2@1.0-service: libminijail[369]: compile_file: (43): nonexistent syscall 'getuid32'
01-04 15:54:27.535 369 369 W android.hardware.media.c2@1.0-service: libminijail[369]: compile_file: (44): nonexistent syscall 'fstat64'
01-04 15:54:27.535 369 369 W android.hardware.media.c2@1.0-service: libminijail[369]: compile_file: (45): nonexistent syscall 'fstatfs64'
01-04 15:54:27.535 369 369 W android.hardware.media.c2@1.0-service: libminijail[369]: compile_file: (60): nonexistent syscall '_llseek'
01-04 15:54:27.535 369 369 W android.hardware.media.c2@1.0-service: libminijail[369]: compile_file: (63): nonexistent syscall 'statfs64'
01-04 15:54:27.535 369 369 W android.hardware.media.c2@1.0-service: libminijail[369]: compile_file: (65): nonexistent syscall 'fstatat64'
01-04 15:54:27.535 369 369 W android.hardware.media.c2@1.0-service: libminijail[369]: compile_file: (66): nonexistent syscall 'ugetrlimit'
01-04 15:54:27.542 369 369 W android.hardware.media.c2@1.0-service: libminijail[369]: compile_file: /system/etc/seccomp_policy/crash_dump.arm.policy(5): nonexistent syscall 'sigreturn'
01-04 15:54:27.543 369 369 W android.hardware.media.c2@1.0-service: libminijail[369]: compile_file: /system/etc/seccomp_policy/crash_dump.arm.policy(31): nonexistent syscall 'getuid32'
01-04 15:54:27.543 369 369 W android.hardware.media.c2@1.0-service: libminijail[369]: compile_file: /system/etc/seccomp_policy/crash_dump.arm.policy(32): nonexistent syscall 'fstat64'
01-04 15:54:27.543 369 369 W android.hardware.media.c2@1.0-service: libminijail[369]: compile_file: /system/etc/seccomp_policy/crash_dump.arm.policy(33): nonexistent syscall 'mmap2'
01-04 15:54:27.543 369 369 W android.hardware.media.c2@1.0-service: libminijail[369]: compile_file: /system/etc/seccomp_policy/crash_dump.arm.policy(34): nonexistent syscall 'geteuid32'
01-04 15:54:27.543 369 369 W android.hardware.media.c2@1.0-service: libminijail[369]: compile_file: /system/etc/seccomp_policy/crash_dump.arm.policy(35): nonexistent syscall 'getgid32'
01-04 15:54:27.543 369 369 W android.hardware.media.c2@1.0-service: libminijail[369]: compile_file: /system/etc/seccomp_policy/crash_dump.arm.policy(36): nonexistent syscall 'getegid32'
01-04 15:54:27.543 369 369 W android.hardware.media.c2@1.0-service: libminijail[369]: compile_file: /system/etc/seccomp_policy/crash_dump.arm.policy(37): nonexistent syscall 'getgroups32'
01-04 15:54:27.543 369 369 W android.hardware.media.c2@1.0-service: libminijail[369]: logging seccomp filter failures
01-04 15:54:27.545 369 369 D ImxService: Instantiating ImxC2Store service...
