01-04 15:54:35.104 345 345 W Zygote : Class not found for preloading: android.view.-$$Lambda$cZhmLzK8aetUdx4VlP9w5jR7En0
01-04 15:54:35.115 345 345 W Zygote : Class not found for preloading: android.view.autofill.-$$Lambda$AutofillManager$AutofillManagerClient$vxNm6RuuD-r5pkiSxNSBBd1w_Qc
01-04 15:54:35.116 345 345 W Zygote : Class not found for preloading: android.view.contentcapture.-$$Lambda$MainContentCaptureSession$1$JPRO-nNGZpgXrKr4QC_iQiTbQx0
01-04 15:54:35.116 345 345 W Zygote : Class not found for preloading: android.view.contentcapture.-$$Lambda$MainContentCaptureSession$1$Xhq3WJibbalS1G_W3PRC2m7muhM
01-04 15:54:35.117 345 345 W Zygote : Class not found for preloading: android.view.contentcapture.MainContentCaptureSession$1
01-04 15:54:35.157 535 553 I chatty : uid=1000(system) android.ui expire 1 line
01-04 15:54:35.181 232 232 I hwservicemanager: getTransport: Cannot find entry android.hardware.weaver@1.0::IWeaver/default in either framework or device manifest.
01-04 15:54:35.182 232 232 I hwservicemanager: getTransport: Cannot find entry android.hardware.authsecret@1.0::IAuthSecret/default in either framework or device manifest.
01-04 15:54:35.187 535 535 I chatty : uid=1000(system) Binder:535_3 expire 251 lines
01-04 15:54:35.194 535 593 I chatty : uid=1000(system) Binder:535_3 expire 4 lines
01-04 15:54:35.219 231 231 I servicemanager: Notifying apexservice they have clients: 1
01-04 15:54:35.220 231 231 I servicemanager: Notifying apexservice they have clients: 0
01-04 15:54:35.230 535 535 I configuration_changed: 512
01-04 15:54:35.241 535 535 I chatty : uid=1000(system) Binder:535_3 expire 242 lines
01-04 15:54:35.267 345 345 W Zygote : Class not found for preloading: com.android.internal.telephony.IccSmsInterfaceManager$2
01-04 15:54:35.279 345 345 W Zygote : Class not found for preloading: com.android.internal.telephony.dataconnection.DcTracker$5
01-04 15:54:35.291 345 345 W Zygote : Class not found for preloading: com.android.internal.widget.-$$Lambda$gPQuiuEDuOmrh2MixBcV6a5gu5s
01-04 15:54:35.292 535 615 I chatty : uid=1000(system) WifiHandlerThre expire 43 lines
01-04 15:54:35.293 345 345 W Zygote : Class not found for preloading: com.android.internal.widget.LockPatternUtils$2
01-04 15:54:35.296 0 0 I AidlLazyServiceRegistrar: Process has 1 (of 1 available) client(s) in use after notification android.apex.IApexService has clients: 1
01-04 15:54:35.298 535 619 I chatty : uid=1000(system) ConnectivitySer expire 2 lines
01-04 15:54:35.298 535 647 I chatty : uid=1000(system) EthernetService expire 10 lines
01-04 15:54:35.311 0 0 I AidlLazyServiceRegistrar: Process has 0 (of 1 available) client(s) in use after notification android.apex.IApexService has clients: 0
01-04 15:54:35.318 535 559 I chatty : uid=1000(system) HwBinder:535_1 expire 4 lines
01-04 15:54:35.324 232 232 I hwservicemanager: getTransport: Cannot find entry android.hardware.configstore@1.0::ISurfaceFlingerConfigs/default in either framework or device manifest.
01-04 15:54:35.325 0 0 I AidlLazyServiceRegistrar: Shutdown prevented by forcePersist override flag.
01-04 15:54:35.325 232 232 I hwservicemanager: getTransport: Cannot find entry android.hardware.configstore@1.0::ISurfaceFlingerConfigs/default in either framework or device manifest.
01-04 15:54:35.325 535 561 I chatty : uid=1000(system) android.bg expire 4 lines
01-04 15:54:35.335 535 561 I chatty : uid=1000(system) android.bg expire 8 lines
01-04 15:54:35.341 272 272 I android.hardware.power-service.imx: Power boost INTERACTION isBoostSupported: 1
01-04 15:54:35.343 535 653 I chatty : uid=1000(system) HealthServiceHw expire 1 line
01-04 15:54:35.347 535 568 I chatty : uid=1000(system) batterystats-wo expire 3 lines
01-04 15:54:35.354 535 575 I chatty : uid=1000(system) PowerManagerSer expire 2 lines
01-04 15:54:35.358 272 272 I libperfmgr: Hint type not present in actions: DISPLAY_INACTIVE
01-04 15:54:35.358 272 272 I android.hardware.power-service.imx: Power mode DISPLAY_INACTIVE isModeSupported: 0
01-04 15:54:35.382 345 345 I Zygote : ...preloaded 12108 classes in 1676ms.
01-04 15:54:35.382 345 345 I zygote : VMRuntime.preloadDexCaches starting
01-04 15:54:35.412 350 350 I android.hardware.wifi@1.0-service: Wifi HAL started
01-04 15:54:35.416 535 616 I chatty : uid=1000(system) WifiP2pService expire 3 lines
01-04 15:54:35.426 535 535 I commit_sys_config_file: [package-session,10]
01-04 15:54:35.441 350 350 I WifiHAL : registering command 0
01-04 15:54:35.441 350 350 I android.hardware.wifi@1.0-service: Adding interface handle for wlan0
01-04 15:54:35.442 350 350 I android.hardware.wifi@1.0-service: Adding interface handle for wlan1
01-04 15:54:35.442 350 350 I android.hardware.wifi@1.0-service: Adding interface handle for p2p0
01-04 15:54:35.442 350 350 W android.hardware.wifi@1.0-service: No active wlan interfaces in use! Using default
01-04 15:54:35.442 350 350 E android.hardware.wifi@1.0-service: Failed to register radio mode change callback
01-04 15:54:35.442 350 350 W android.hardware.wifi@1.0-service: No active wlan interfaces in use! Using default
01-04 15:54:35.442 535 555 I chatty : uid=1000(system) android.display expire 2 lines
01-04 15:54:35.443 0 0 I : Qualcomm Atheros AR8031/AR8033 30be0000.ethernet-1:00: attached PHY driver [Qualcomm Atheros AR8031/AR8033] (mii_bus:phy_addr=30be0000.ethernet-1:00, irq=POLL)
01-04 15:54:35.444 350 350 I android.hardware.wifi@1.0-service: Configured chip in mode 3
01-04 15:54:35.444 350 350 W android.hardware.wifi@1.0-service: No active wlan interfaces in use! Using default
01-04 15:54:35.446 345 345 I zygote : VMRuntime.preloadDexCaches strings total=418438 before=11382 after=11382
01-04 15:54:35.446 345 345 I zygote : VMRuntime.preloadDexCaches types total=40945 before=11221 after=11397
01-04 15:54:35.446 345 345 I zygote : VMRuntime.preloadDexCaches fields total=173775 before=14203 after=15087
01-04 15:54:35.446 345 345 I zygote : VMRuntime.preloadDexCaches methods total=316103 before=18080 after=18080
01-04 15:54:35.446 345 345 I zygote : VMRuntime.preloadDexCaches finished
01-04 15:54:35.446 345 345 D ZygoteInitTiming_lazy: PreloadClasses took to complete: 1741ms
01-04 15:54:35.448 350 350 I android.hardware.wifi@1.0-service: Adding interface handle for wlan0
01-04 15:54:35.448 350 350 I android.hardware.wifi@1.0-service: Adding interface handle for wlan1
01-04 15:54:35.448 350 350 I android.hardware.wifi@1.0-service: Adding interface handle for p2p0
01-04 15:54:35.448 350 350 E android.hardware.wifi@1.0-service: Failed to set DFS flag; DFS channels may be unavailable.
01-04 15:54:35.449 535 535 I SystemServerTiming: OnBootPhase_520_com.android.server.DeviceIdleController
01-04 15:54:35.449 535 535 D SystemServerTiming: OnBootPhase_520_com.android.server.DeviceIdleController took to complete: 0ms
01-04 15:54:35.449 535 535 I SystemServerTiming: OnBootPhase_520_com.android.server.devicepolicy.DevicePolicyManagerService$Lifecycle
01-04 15:54:35.450 535 535 D SystemServerTiming: OnBootPhase_520_com.android.server.devicepolicy.DevicePolicyManagerService$Lifecycle took to complete: 0ms
01-04 15:54:35.450 535 535 I SystemServerTiming: OnBootPhase_520_com.android.server.textservices.TextServicesManagerService$Lifecycle
01-04 15:54:35.450 535 535 D SystemServerTiming: OnBootPhase_520_com.android.server.textservices.TextServicesManagerService$Lifecycle took to complete: 0ms
01-04 15:54:35.450 535 535 I SystemServerTiming: OnBootPhase_520_com.android.server.textclassifier.TextClassificationManagerService$Lifecycle
01-04 15:54:35.450 535 535 D SystemServerTiming: OnBootPhase_520_com.android.server.textclassifier.TextClassificationManagerService$Lifecycle took to complete: 0ms
01-04 15:54:35.450 535 535 I SystemServerTiming: OnBootPhase_520_com.android.server.NetworkScoreService$Lifecycle
01-04 15:54:35.450 535 535 D SystemServerTiming: OnBootPhase_520_com.android.server.NetworkScoreService$Lifecycle took to complete: 0ms
01-04 15:54:35.450 535 535 I SystemServerTiming: OnBootPhase_520_com.android.server.wifi.WifiService
01-04 15:54:35.450 535 535 D SystemServerTiming: OnBootPhase_520_com.android.server.wifi.WifiService took to complete: 0ms
01-04 15:54:35.450 535 535 I SystemServerTiming: OnBootPhase_520_com.android.server.wifi.scanner.WifiScanningService
01-04 15:54:35.450 535 535 D SystemServerTiming: OnBootPhase_520_com.android.server.wifi.scanner.WifiScanningService took to complete: 0ms
01-04 15:54:35.450 535 535 I SystemServerTiming: OnBootPhase_520_com.android.server.wifi.p2p.WifiP2pService
01-04 15:54:35.450 535 535 D SystemServerTiming: OnBootPhase_520_com.android.server.wifi.p2p.WifiP2pService took to complete: 0ms
01-04 15:54:35.450 535 535 I SystemServerTiming: OnBootPhase_520_com.android.server.ethernet.EthernetService
01-04 15:54:35.450 535 535 D SystemServerTiming: OnBootPhase_520_com.android.server.ethernet.EthernetService took to complete: 0ms
01-04 15:54:35.450 535 535 I SystemServerTiming: OnBootPhase_520_com.android.server.notification.NotificationManagerService
01-04 15:54:35.450 535 535 D SystemServerTiming: OnBootPhase_520_com.android.server.notification.NotificationManagerService took to complete: 0ms
01-04 15:54:35.450 535 535 I SystemServerTiming: OnBootPhase_520_com.android.server.storage.DeviceStorageMonitorService
01-04 15:54:35.450 535 535 D SystemServerTiming: OnBootPhase_520_com.android.server.storage.DeviceStorageMonitorService took to complete: 0ms
01-04 15:54:35.450 535 535 I SystemServerTiming: OnBootPhase_520_com.android.server.location.LocationManagerService$Lifecycle
01-04 15:54:35.450 535 535 D SystemServerTiming: OnBootPhase_520_com.android.server.location.LocationManagerService$Lifecycle took to complete: 0ms
01-04 15:54:35.450 535 535 I SystemServerTiming: OnBootPhase_520_com.android.server.timedetector.TimeDetectorService$Lifecycle
01-04 15:54:35.450 535 535 D SystemServerTiming: OnBootPhase_520_com.android.server.timedetector.TimeDetectorService$Lifecycle took to complete: 0ms
01-04 15:54:35.450 535 535 I SystemServerTiming: OnBootPhase_520_com.android.server.timezonedetector.TimeZoneDetectorService$Lifecycle
01-04 15:54:35.450 535 535 D SystemServerTiming: OnBootPhase_520_com.android.server.timezonedetector.TimeZoneDetectorService$Lifecycle took to complete: 0ms
01-04 15:54:35.450 535 535 I SystemServerTiming: OnBootPhase_520_com.android.server.search.SearchManagerService$Lifecycle
01-04 15:54:35.450 535 535 D SystemServerTiming: OnBootPhase_520_com.android.server.search.SearchManagerService$Lifecycle took to complete: 0ms
01-04 15:54:35.450 535 535 I SystemServerTiming: OnBootPhase_520_com.android.server.wallpaper.WallpaperManagerService$Lifecycle
01-04 15:54:35.450 535 535 D SystemServerTiming: OnBootPhase_520_com.android.server.wallpaper.WallpaperManagerService$Lifecycle took to complete: 0ms
01-04 15:54:35.450 535 535 I SystemServerTiming: OnBootPhase_520_com.android.server.audio.AudioService$Lifecycle
01-04 15:54:35.450 535 535 D SystemServerTiming: OnBootPhase_520_com.android.server.audio.AudioService$Lifecycle took to complete: 0ms
01-04 15:54:35.450 535 535 I SystemServerTiming: OnBootPhase_520_com.android.server.soundtrigger_middleware.SoundTriggerMiddlewareService$Lifecycle
01-04 15:54:35.450 535 535 D SystemServerTiming: OnBootPhase_520_com.android.server.soundtrigger_middleware.SoundTriggerMiddlewareService$Lifecycle took to complete: 0ms
01-04 15:54:35.450 535 535 I SystemServerTiming: OnBootPhase_520_com.android.server.DockObserver
01-04 15:54:35.450 535 535 D SystemServerTiming: OnBootPhase_520_com.android.server.DockObserver took to complete: 0ms
01-04 15:54:35.451 535 535 I SystemServerTiming: OnBootPhase_520_com.android.server.midi.MidiService$Lifecycle
01-04 15:54:35.451 535 535 D SystemServerTiming: OnBootPhase_520_com.android.server.midi.MidiService$Lifecycle took to complete: 0ms
01-04 15:54:35.451 535 535 I SystemServerTiming: OnBootPhase_520_com.android.server.adb.AdbService$Lifecycle
01-04 15:54:35.451 535 535 D SystemServerTiming: OnBootPhase_520_com.android.server.adb.AdbService$Lifecycle took to complete: 0ms
01-04 15:54:35.451 535 535 I SystemServerTiming: OnBootPhase_520_com.android.server.usb.UsbService$Lifecycle
01-04 15:54:35.451 535 535 D SystemServerTiming: OnBootPhase_520_com.android.server.usb.UsbService$Lifecycle took to complete: 0ms
01-04 15:54:35.451 535 535 I SystemServerTiming: OnBootPhase_520_com.android.server.twilight.TwilightService
01-04 15:54:35.451 535 535 D SystemServerTiming: OnBootPhase_520_com.android.server.twilight.TwilightService took to complete: 0ms
01-04 15:54:35.451 535 535 I SystemServerTiming: OnBootPhase_520_com.android.server.display.color.ColorDisplayService
01-04 15:54:35.451 535 535 D SystemServerTiming: OnBootPhase_520_com.android.server.display.color.ColorDisplayService took to complete: 0ms
01-04 15:54:35.451 535 535 I SystemServerTiming: OnBootPhase_520_com.android.server.job.JobSchedulerService
01-04 15:54:35.451 535 535 D SystemServerTiming: OnBootPhase_520_com.android.server.job.JobSchedulerService took to complete: 0ms
01-04 15:54:35.451 535 535 I SystemServerTiming: OnBootPhase_520_com.android.server.soundtrigger.SoundTriggerService
01-04 15:54:35.451 535 535 D SoundTriggerService: onBootPhase: 520 : false
01-04 15:54:35.454 535 535 W SoundTriggerHelper: listModules status=0, # of modules=0
01-04 15:54:35.454 535 535 D SystemServerTiming: OnBootPhase_520_com.android.server.soundtrigger.SoundTriggerService took to complete: 3ms
01-04 15:54:35.454 535 535 I SystemServerTiming: OnBootPhase_520_com.android.server.trust.TrustManagerService
01-04 15:54:35.454 535 535 D SystemServerTiming: OnBootPhase_520_com.android.server.trust.TrustManagerService took to complete: 0ms
01-04 15:54:35.454 535 535 I SystemServerTiming: OnBootPhase_520_com.android.server.backup.BackupManagerService$Lifecycle
01-04 15:54:35.454 535 535 D SystemServerTiming: OnBootPhase_520_com.android.server.backup.BackupManagerService$Lifecycle took to complete: 0ms
01-04 15:54:35.454 535 535 I SystemServerTiming: OnBootPhase_520_com.android.server.appwidget.AppWidgetService
01-04 15:54:35.454 535 535 D SystemServerTiming: OnBootPhase_520_com.android.server.appwidget.AppWidgetService took to complete: 0ms
01-04 15:54:35.454 535 535 I SystemServerTiming: OnBootPhase_520_com.android.server.role.RoleManagerService
01-04 15:54:35.454 535 535 D SystemServerTiming: OnBootPhase_520_com.android.server.role.RoleManagerService took to complete: 0ms
01-04 15:54:35.454 535 535 I SystemServerTiming: OnBootPhase_520_com.android.server.voiceinteraction.VoiceInteractionManagerService
01-04 15:54:35.454 535 535 D SystemServerTiming: OnBootPhase_520_com.android.server.voiceinteraction.VoiceInteractionManagerService took to complete: 0ms
01-04 15:54:35.454 535 535 I SystemServerTiming: OnBootPhase_520_com.android.server.GestureLauncherService
01-04 15:54:35.454 535 535 D SystemServerTiming: OnBootPhase_520_com.android.server.GestureLauncherService took to complete: 0ms
01-04 15:54:35.454 535 535 I SystemServerTiming: OnBootPhase_520_com.android.server.SensorNotificationService
01-04 15:54:35.454 535 535 D SystemServerTiming: OnBootPhase_520_com.android.server.SensorNotificationService took to complete: 0ms
01-04 15:54:35.454 535 535 I SystemServerTiming: OnBootPhase_520_com.android.server.emergency.EmergencyAffordanceService
01-04 15:54:35.454 535 535 D SystemServerTiming: OnBootPhase_520_com.android.server.emergency.EmergencyAffordanceService took to complete: 0ms
01-04 15:54:35.454 535 535 I SystemServerTiming: OnBootPhase_520_com.android.server.dreams.DreamManagerService
01-04 15:54:35.454 535 535 D SystemServerTiming: OnBootPhase_520_com.android.server.dreams.DreamManagerService took to complete: 0ms
01-04 15:54:35.454 535 535 I SystemServerTiming: OnBootPhase_520_com.android.server.print.PrintManagerService
01-04 15:54:35.454 345 345 I zygote : The ClassLoaderContext is a special shared library.
01-04 15:54:35.454 535 535 D SystemServerTiming: OnBootPhase_520_com.android.server.print.PrintManagerService took to complete: 0ms
01-04 15:54:35.454 535 535 I SystemServerTiming: OnBootPhase_520_com.android.server.companion.CompanionDeviceManagerService
01-04 15:54:35.454 535 535 D SystemServerTiming: OnBootPhase_520_com.android.server.companion.CompanionDeviceManagerService took to complete: 0ms
01-04 15:54:35.454 535 535 I SystemServerTiming: OnBootPhase_520_com.android.server.restrictions.RestrictionsManagerService
01-04 15:54:35.455 535 535 D SystemServerTiming: OnBootPhase_520_com.android.server.restrictions.RestrictionsManagerService took to complete: 0ms
01-04 15:54:35.455 535 535 I SystemServerTiming: OnBootPhase_520_com.android.server.media.MediaSessionService
01-04 15:54:35.455 535 535 D SystemServerTiming: OnBootPhase_520_com.android.server.media.MediaSessionService took to complete: 0ms
01-04 15:54:35.455 535 535 I SystemServerTiming: OnBootPhase_520_com.android.server.blob.BlobStoreManagerService
01-04 15:54:35.455 535 535 D SystemServerTiming: OnBootPhase_520_com.android.server.blob.BlobStoreManagerService took to complete: 0ms
01-04 15:54:35.455 535 535 I SystemServerTiming: OnBootPhase_520_com.android.server.media.MediaResourceMonitorService
01-04 15:54:35.455 535 535 D SystemServerTiming: OnBootPhase_520_com.android.server.media.MediaResourceMonitorService took to complete: 0ms
01-04 15:54:35.455 535 535 I SystemServerTiming: OnBootPhase_520_com.android.server.biometrics.BiometricService
01-04 15:54:35.455 535 535 D SystemServerTiming: OnBootPhase_520_com.android.server.biometrics.BiometricService took to complete: 0ms
01-04 15:54:35.455 535 535 I SystemServerTiming: OnBootPhase_520_com.android.server.biometrics.AuthService
01-04 15:54:35.455 535 535 D SystemServerTiming: OnBootPhase_520_com.android.server.biometrics.AuthService took to complete: 0ms
01-04 15:54:35.455 535 535 I SystemServerTiming: OnBootPhase_520_com.android.server.pm.ShortcutService$Lifecycle
01-04 15:54:35.455 535 535 D SystemServerTiming: OnBootPhase_520_com.android.server.pm.ShortcutService$Lifecycle took to complete: 0ms
01-04 15:54:35.455 535 535 I SystemServerTiming: OnBootPhase_520_com.android.server.pm.LauncherAppsService
01-04 15:54:35.455 535 535 D SystemServerTiming: OnBootPhase_520_com.android.server.pm.LauncherAppsService took to complete: 0ms
01-04 15:54:35.455 535 535 I SystemServerTiming: OnBootPhase_520_com.android.server.pm.CrossProfileAppsService
01-04 15:54:35.455 535 535 D SystemServerTiming: OnBootPhase_520_com.android.server.pm.CrossProfileAppsService took to complete: 0ms
01-04 15:54:35.455 535 535 I SystemServerTiming: OnBootPhase_520_com.android.server.people.PeopleService
01-04 15:54:35.455 535 535 D SystemServerTiming: OnBootPhase_520_com.android.server.people.PeopleService took to complete: 0ms
01-04 15:54:35.455 535 535 I SystemServerTiming: OnBootPhase_520_com.android.server.media.projection.MediaProjectionManagerService
01-04 15:54:35.455 535 535 D SystemServerTiming: OnBootPhase_520_com.android.server.media.projection.MediaProjectionManagerService took to complete: 0ms
01-04 15:54:35.455 535 535 I SystemServerTiming: OnBootPhase_520_com.android.server.slice.SliceManagerService$Lifecycle
01-04 15:54:35.455 535 535 D SystemServerTiming: OnBootPhase_520_com.android.server.slice.SliceManagerService$Lifecycle took to complete: 0ms
01-04 15:54:35.455 535 535 I SystemServerTiming: OnBootPhase_520_com.android.server.camera.CameraServiceProxy
01-04 15:54:35.455 535 535 D SystemServerTiming: OnBootPhase_520_com.android.server.camera.CameraServiceProxy took to complete: 0ms
01-04 15:54:35.455 535 535 I SystemServerTiming: OnBootPhase_520_com.android.server.stats.StatsCompanion$Lifecycle
01-04 15:54:35.455 535 535 D SystemServerTiming: OnBootPhase_520_com.android.server.stats.StatsCompanion$Lifecycle took to complete: 0ms
01-04 15:54:35.455 535 535 I SystemServerTiming: OnBootPhase_520_com.android.server.stats.pull.StatsPullAtomService
01-04 15:54:35.455 535 535 D SystemServerTiming: OnBootPhase_520_com.android.server.stats.pull.StatsPullAtomService took to complete: 0ms
01-04 15:54:35.455 535 535 I SystemServerTiming: OnBootPhase_520_com.android.server.incident.IncidentCompanionService
01-04 15:54:35.455 535 535 D SystemServerTiming: OnBootPhase_520_com.android.server.incident.IncidentCompanionService took to complete: 0ms
01-04 15:54:35.455 535 535 I SystemServerTiming: OnBootPhase_520_com.android.server.MmsServiceBroker
01-04 15:54:35.455 535 535 D SystemServerTiming: OnBootPhase_520_com.android.server.MmsServiceBroker took to complete: 0ms
01-04 15:54:35.455 535 535 I SystemServerTiming: OnBootPhase_520_com.android.server.autofill.AutofillManagerService
01-04 15:54:35.455 535 535 D SystemServerTiming: OnBootPhase_520_com.android.server.autofill.AutofillManagerService took to complete: 0ms
01-04 15:54:35.456 535 535 I SystemServerTiming: OnBootPhase_520_com.android.server.clipboard.ClipboardService
01-04 15:54:35.456 535 535 D SystemServerTiming: OnBootPhase_520_com.android.server.clipboard.ClipboardService took to complete: 0ms
01-04 15:54:35.456 535 535 I SystemServerTiming: OnBootPhase_520_com.android.server.appbinding.AppBindingService$Lifecycle
01-04 15:54:35.456 535 535 D SystemServerTiming: OnBootPhase_520_com.android.server.appbinding.AppBindingService$Lifecycle took to complete: 0ms
01-04 15:54:35.456 535 535 I SystemServerTiming: OnBootPhase_520_com.android.server.policy.PermissionPolicyService
01-04 15:54:35.456 535 535 D SystemServerTiming: OnBootPhase_520_com.android.server.policy.PermissionPolicyService took to complete: 0ms
01-04 15:54:35.456 535 535 I SystemServerTiming: OnBootPhase_520_com.android.server.pm.StagingManager$Lifecycle
01-04 15:54:35.456 535 535 D SystemServerTiming: OnBootPhase_520_com.android.server.pm.StagingManager$Lifecycle took to complete: 0ms
01-04 15:54:35.456 535 535 D SystemServerTiming: OnBootPhase_520 took to complete: 11ms
01-04 15:54:35.456 535 535 D SystemServerTiming: StartBootPhaseDeviceSpecificServicesReady took to complete: 11ms
01-04 15:54:35.456 535 535 I SystemServerTiming: PhaseActivityManagerReady
01-04 15:54:35.456 535 535 I SystemServerTiming: controllersReady
01-04 15:54:35.457 345 345 D ApplicationLoaders: Created zygote-cached class loader: /system/framework/android.hidl.base-V1.0-java.jar
01-04 15:54:35.461 345 345 I zygote : The ClassLoaderContext is a special shared library.
01-04 15:54:35.463 345 345 D ApplicationLoaders: Created zygote-cached class loader: /system/framework/android.hidl.manager-V1.0-java.jar
01-04 15:54:35.464 535 584 I SystemServerTimingAsync: InitThreadPoolExec:Update app-ops uidState in case package com.ttxapps.wifiadb changed
01-04 15:54:35.464 535 584 D SystemServerInitThreadPool: Started executing Update app-ops uidState in case package com.ttxapps.wifiadb changed
01-04 15:54:35.464 535 560 I SystemServerTimingAsync: InitThreadPoolExec:Update app-ops uidState in case package com.android.messaging changed
01-04 15:54:35.465 535 560 D SystemServerInitThreadPool: Started executing Update app-ops uidState in case package com.android.messaging changed
01-04 15:54:35.465 535 593 I SystemServerTimingAsync: InitThreadPoolExec:Update app-ops uidState in case package org.videolan.vlc changed
01-04 15:54:35.465 535 593 D SystemServerInitThreadPool: Started executing Update app-ops uidState in case package org.videolan.vlc changed
01-04 15:54:35.467 535 584 D SystemServerInitThreadPool: Finished executing Update app-ops uidState in case package com.ttxapps.wifiadb changed
01-04 15:54:35.467 535 584 D SystemServerTimingAsync: InitThreadPoolExec:Update app-ops uidState in case package com.ttxapps.wifiadb changed took to complete: 3ms
01-04 15:54:35.467 535 584 I SystemServerTimingAsync: InitThreadPoolExec:Update app-ops uidState in case package com.android.providers.media.module changed
01-04 15:54:35.467 535 584 D SystemServerInitThreadPool: Started executing Update app-ops uidState in case package com.android.providers.media.module changed
01-04 15:54:35.467 535 584 D SystemServerInitThreadPool: Finished executing Update app-ops uidState in case package com.android.providers.media.module changed
01-04 15:54:35.467 535 584 D SystemServerTimingAsync: InitThreadPoolExec:Update app-ops uidState in case package com.android.providers.media.module changed took to complete: 0ms
01-04 15:54:35.467 535 584 I SystemServerTimingAsync: InitThreadPoolExec:Update app-ops uidState in case package com.android.systemui changed
01-04 15:54:35.467 535 584 D SystemServerInitThreadPool: Started executing Update app-ops uidState in case package com.android.systemui changed
01-04 15:54:35.467 535 584 D SystemServerInitThreadPool: Finished executing Update app-ops uidState in case package com.android.systemui changed
01-04 15:54:35.468 535 584 D SystemServerTimingAsync: InitThreadPoolExec:Update app-ops uidState in case package com.android.systemui changed took to complete: 1ms
01-04 15:54:35.468 535 584 I SystemServerTimingAsync: InitThreadPoolExec:Update app-ops uidState in case package com.android.calendar changed
01-04 15:54:35.468 535 584 D SystemServerInitThreadPool: Started executing Update app-ops uidState in case package com.android.calendar changed
01-04 15:54:35.468 345 345 I zygote : The ClassLoaderContext is a special shared library.
01-04 15:54:35.468 535 584 D SystemServerInitThreadPool: Finished executing Update app-ops uidState in case package com.android.calendar changed
01-04 15:54:35.468 535 535 D SystemServerTiming: controllersReady took to complete: 12ms
01-04 15:54:35.468 535 593 D SystemServerInitThreadPool: Finished executing Update app-ops uidState in case package org.videolan.vlc changed
01-04 15:54:35.468 535 593 D SystemServerTimingAsync: InitThreadPoolExec:Update app-ops uidState in case package org.videolan.vlc changed took to complete: 3ms
01-04 15:54:35.468 535 593 I SystemServerTimingAsync: InitThreadPoolExec:Update app-ops uidState in case package com.android.deskclock changed
01-04 15:54:35.468 535 593 D SystemServerInitThreadPool: Started executing Update app-ops uidState in case package com.android.deskclock changed
01-04 15:54:35.468 535 593 D SystemServerInitThreadPool: Finished executing Update app-ops uidState in case package com.android.deskclock changed
01-04 15:54:35.468 535 593 D SystemServerTimingAsync: InitThreadPoolExec:Update app-ops uidState in case package com.android.deskclock changed took to complete: 0ms
01-04 15:54:35.468 535 593 I SystemServerTimingAsync: InitThreadPoolExec:Update app-ops uidState in case package com.android.music changed
01-04 15:54:35.468 535 593 D SystemServerInitThreadPool: Started executing Update app-ops uidState in case package com.android.music changed
01-04 15:54:35.468 535 593 D SystemServerInitThreadPool: Finished executing Update app-ops uidState in case package com.android.music changed
01-04 15:54:35.469 535 593 D SystemServerTimingAsync: InitThreadPoolExec:Update app-ops uidState in case package com.android.music changed took to complete: 1ms
01-04 15:54:35.469 535 593 I SystemServerTimingAsync: InitThreadPoolExec:Update app-ops uidState in case package org.chromium.webview_shell changed
01-04 15:54:35.469 535 593 D SystemServerInitThreadPool: Started executing Update app-ops uidState in case package org.chromium.webview_shell changed
01-04 15:54:35.469 535 593 D SystemServerInitThreadPool: Finished executing Update app-ops uidState in case package org.chromium.webview_shell changed
01-04 15:54:35.469 535 593 D SystemServerTimingAsync: InitThreadPoolExec:Update app-ops uidState in case package org.chromium.webview_shell changed took to complete: 0ms
01-04 15:54:35.469 535 593 I SystemServerTimingAsync: InitThreadPoolExec:Update app-ops uidState in case package com.android.dialer changed
01-04 15:54:35.469 535 593 D SystemServerInitThreadPool: Started executing Update app-ops uidState in case package com.android.dialer changed
01-04 15:54:35.469 535 593 D SystemServerInitThreadPool: Finished executing Update app-ops uidState in case package com.android.dialer changed
01-04 15:54:35.469 535 593 D SystemServerTimingAsync: InitThreadPoolExec:Update app-ops uidState in case package com.android.dialer changed took to complete: 0ms
01-04 15:54:35.469 535 593 I SystemServerTimingAsync: InitThreadPoolExec:Update app-ops uidState in case package com.android.providers.userdictionary changed
01-04 15:54:35.469 535 593 D SystemServerInitThreadPool: Started executing Update app-ops uidState in case package com.android.providers.userdictionary changed
01-04 15:54:35.469 535 593 D SystemServerInitThreadPool: Finished executing Update app-ops uidState in case package com.android.providers.userdictionary changed
01-04 15:54:35.469 535 593 D SystemServerTimingAsync: InitThreadPoolExec:Update app-ops uidState in case package com.android.providers.userdictionary changed took to complete: 0ms
01-04 15:54:35.469 535 593 I SystemServerTimingAsync: InitThreadPoolExec:Update app-ops uidState in case package com.android.providers.contacts changed
01-04 15:54:35.469 535 593 D SystemServerInitThreadPool: Started executing Update app-ops uidState in case package com.android.providers.contacts changed
01-04 15:54:35.469 535 593 D SystemServerInitThreadPool: Finished executing Update app-ops uidState in case package com.android.providers.contacts changed
01-04 15:54:35.469 535 593 D SystemServerTimingAsync: InitThreadPoolExec:Update app-ops uidState in case package com.android.providers.contacts changed took to complete: 0ms
01-04 15:54:35.469 535 593 I SystemServerTimingAsync: InitThreadPoolExec:Update app-ops uidState in case package com.android.providers.calendar changed
01-04 15:54:35.469 535 593 D SystemServerInitThreadPool: Started executing Update app-ops uidState in case package com.android.providers.calendar changed
01-04 15:54:35.469 535 593 D SystemServerInitThreadPool: Finished executing Update app-ops uidState in case package com.android.providers.calendar changed
01-04 15:54:35.470 345 345 D ApplicationLoaders: Created zygote-cached class loader: /system/framework/android.test.base.jar
01-04 15:54:35.470 535 593 D SystemServerTimingAsync: InitThreadPoolExec:Update app-ops uidState in case package com.android.providers.calendar changed took to complete: 1ms
01-04 15:54:35.470 345 345 D ZygoteInitTiming_lazy: CacheNonBootClasspathClassLoaders took to complete: 24ms
01-04 15:54:35.470 535 593 I SystemServerTimingAsync: InitThreadPoolExec:Update app-ops uidState in case package com.android.providers.downloads changed
01-04 15:54:35.470 535 593 D SystemServerInitThreadPool: Started executing Update app-ops uidState in case package com.android.providers.downloads changed
01-04 15:54:35.470 345 345 I Zygote : Preloading resources...
01-04 15:54:35.470 535 593 D SystemServerInitThreadPool: Finished executing Update app-ops uidState in case package com.android.providers.downloads changed
01-04 15:54:35.470 535 593 D SystemServerTimingAsync: InitThreadPoolExec:Update app-ops uidState in case package com.android.providers.downloads changed took to complete: 0ms
01-04 15:54:35.470 535 593 I SystemServerTimingAsync: InitThreadPoolExec:Update app-ops uidState in case package com.android.soundpicker changed
01-04 15:54:35.470 535 593 D SystemServerInitThreadPool: Started executing Update app-ops uidState in case package com.android.soundpicker changed
01-04 15:54:35.470 535 593 D SystemServerInitThreadPool: Finished executing Update app-ops uidState in case package com.android.soundpicker changed
01-04 15:54:35.470 535 593 D SystemServerTimingAsync: InitThreadPoolExec:Update app-ops uidState in case package com.android.soundpicker changed took to complete: 0ms
01-04 15:54:35.470 535 593 I SystemServerTimingAsync: InitThreadPoolExec:Update app-ops uidState in case package com.android.externalstorage changed
01-04 15:54:35.470 535 593 D SystemServerInitThreadPool: Started executing Update app-ops uidState in case package com.android.externalstorage changed
01-04 15:54:35.470 535 593 D SystemServerInitThreadPool: Finished executing Update app-ops uidState in case package com.android.externalstorage changed
01-04 15:54:35.470 535 593 D SystemServerTimingAsync: InitThreadPoolExec:Update app-ops uidState in case package com.android.externalstorage changed took to complete: 0ms
01-04 15:54:35.470 535 593 I SystemServerTimingAsync: InitThreadPoolExec:Update app-ops uidState in case package com.android.networkstack changed
01-04 15:54:35.470 535 593 D SystemServerInitThreadPool: Started executing Update app-ops uidState in case package com.android.networkstack changed
01-04 15:54:35.470 535 593 D SystemServerInitThreadPool: Finished executing Update app-ops uidState in case package com.android.networkstack changed
01-04 15:54:35.470 535 593 D SystemServerTimingAsync: InitThreadPoolExec:Update app-ops uidState in case package com.android.networkstack changed took to complete: 0ms
01-04 15:54:35.470 535 593 I SystemServerTimingAsync: InitThreadPoolExec:Update app-ops uidState in case package com.android.cellbroadcastservice changed
01-04 15:54:35.470 535 593 D SystemServerInitThreadPool: Started executing Update app-ops uidState in case package com.android.cellbroadcastservice changed
01-04 15:54:35.470 535 593 D SystemServerInitThreadPool: Finished executing Update app-ops uidState in case package com.android.cellbroadcastservice changed
01-04 15:54:35.470 535 593 D SystemServerTimingAsync: InitThreadPoolExec:Update app-ops uidState in case package com.android.cellbroadcastservice changed took to complete: 1ms
01-04 15:54:35.471 535 593 I SystemServerTimingAsync: InitThreadPoolExec:Update app-ops uidState in case package com.android.nfc changed
01-04 15:54:35.471 535 593 D SystemServerInitThreadPool: Started executing Update app-ops uidState in case package com.android.nfc changed
01-04 15:54:35.471 535 593 D SystemServerInitThreadPool: Finished executing Update app-ops uidState in case package com.android.nfc changed
01-04 15:54:35.471 535 593 D SystemServerTimingAsync: InitThreadPoolExec:Update app-ops uidState in case package com.android.nfc changed took to complete: 0ms
01-04 15:54:35.471 535 593 I SystemServerTimingAsync: InitThreadPoolExec:Update app-ops uidState in case package com.android.bluetooth changed
01-04 15:54:35.471 535 593 D SystemServerInitThreadPool: Started executing Update app-ops uidState in case package com.android.bluetooth changed
01-04 15:54:35.471 535 593 D SystemServerInitThreadPool: Finished executing Update app-ops uidState in case package com.android.bluetooth changed
01-04 15:54:35.471 535 593 D SystemServerTimingAsync: InitThreadPoolExec:Update app-ops uidState in case package com.android.bluetooth changed took to complete: 0ms
01-04 15:54:35.471 535 593 I SystemServerTimingAsync: InitThreadPoolExec:Update app-ops uidState in case package com.android.phone changed
01-04 15:54:35.471 535 593 D SystemServerInitThreadPool: Started executing Update app-ops uidState in case package com.android.phone changed
01-04 15:54:35.471 535 593 D SystemServerInitThreadPool: Finished executing Update app-ops uidState in case package com.android.phone changed
01-04 15:54:35.471 535 593 D SystemServerTimingAsync: InitThreadPoolExec:Update app-ops uidState in case package com.android.phone changed took to complete: 0ms
01-04 15:54:35.471 535 593 I SystemServerTimingAsync: InitThreadPoolExec:Update app-ops uidState in case package android changed
01-04 15:54:35.471 535 593 D SystemServerInitThreadPool: Started executing Update app-ops uidState in case package android changed
01-04 15:54:35.471 535 593 D SystemServerInitThreadPool: Finished executing Update app-ops uidState in case package android changed
01-04 15:54:35.471 535 593 D SystemServerTimingAsync: InitThreadPoolExec:Update app-ops uidState in case package android changed took to complete: 0ms
01-04 15:54:35.471 535 593 I SystemServerTimingAsync: InitThreadPoolExec:Update app-ops uidState in case package com.android.server.telecom changed
01-04 15:54:35.471 535 593 D SystemServerInitThreadPool: Started executing Update app-ops uidState in case package com.android.server.telecom changed
01-04 15:54:35.471 535 593 D SystemServerInitThreadPool: Finished executing Update app-ops uidState in case package com.android.server.telecom changed
01-04 15:54:35.472 535 593 D SystemServerTimingAsync: InitThreadPoolExec:Update app-ops uidState in case package com.android.server.telecom changed took to complete: 1ms
01-04 15:54:35.472 535 593 I SystemServerTimingAsync: InitThreadPoolExec:Update app-ops uidState in case package com.android.settings changed
01-04 15:54:35.472 535 593 D SystemServerInitThreadPool: Started executing Update app-ops uidState in case package com.android.settings changed
01-04 15:54:35.472 535 593 D SystemServerInitThreadPool: Finished executing Update app-ops uidState in case package com.android.settings changed
01-04 15:54:35.472 535 593 D SystemServerTimingAsync: InitThreadPoolExec:Update app-ops uidState in case package com.android.settings changed took to complete: 0ms
01-04 15:54:35.472 535 560 D SystemServerInitThreadPool: Finished executing Update app-ops uidState in case package com.android.messaging changed
01-04 15:54:35.472 535 560 D SystemServerTimingAsync: InitThreadPoolExec:Update app-ops uidState in case package com.android.messaging changed took to complete: 7ms
01-04 15:54:35.475 535 584 D SystemServerTimingAsync: InitThreadPoolExec:Update app-ops uidState in case package com.android.calendar changed took to complete: 0ms
01-04 15:54:35.477 535 535 I SystemServerTiming: killProcesses
01-04 15:54:35.478 535 535 D SystemServerTiming: killProcesses took to complete: 1ms
01-04 15:54:35.478 535 535 I ActivityManager: System now ready
01-04 15:54:35.478 535 535 I boot_progress_ams_ready: 16816
01-04 15:54:35.478 535 535 I SystemServerTiming: updateTopComponentForFactoryTest
01-04 15:54:35.478 535 535 D SystemServerTiming: updateTopComponentForFactoryTest took to complete: 0ms
01-04 15:54:35.478 535 535 I SystemServerTiming: registerActivityLaunchObserver
01-04 15:54:35.478 535 535 D SystemServerTiming: registerActivityLaunchObserver took to complete: 0ms
01-04 15:54:35.478 535 535 I SystemServerTiming: watchDeviceProvisioning
01-04 15:54:35.486 345 345 W Resources: Preloaded drawable resource #0x108028c (android:drawable/dialog_background_material) that varies with configuration!!
01-04 15:54:35.492 535 535 D SystemServerTiming: watchDeviceProvisioning took to complete: 13ms
01-04 15:54:35.492 535 535 I SystemServerTiming: retrieveSettings
01-04 15:54:35.496 535 535 D SystemServerTiming: retrieveSettings took to complete: 4ms
01-04 15:54:35.500 535 535 I SystemServerTiming: Ugm.onSystemReady
01-04 15:54:35.501 535 535 D SystemServerTiming: Ugm.onSystemReady took to complete: 0ms
01-04 15:54:35.501 535 535 I SystemServerTiming: updateForceBackgroundCheck
01-04 15:54:35.502 535 535 D SystemServerTiming: updateForceBackgroundCheck took to complete: 0ms
01-04 15:54:35.502 535 535 I SystemServer: Making services ready
01-04 15:54:35.502 535 535 I SystemServerTiming: StartActivityManagerReadyPhase
01-04 15:54:35.503 535 535 I SystemServiceManager: Starting phase 550
01-04 15:54:35.503 535 535 I SystemServerTiming: OnBootPhase_550
01-04 15:54:35.503 535 535 I SystemServerTiming: OnBootPhase_550_com.android.server.security.FileIntegrityService
01-04 15:54:35.503 535 535 D SystemServerTiming: OnBootPhase_550_com.android.server.security.FileIntegrityService took to complete: 0ms
01-04 15:54:35.503 535 535 I SystemServerTiming: OnBootPhase_550_com.android.server.pm.Installer
01-04 15:54:35.503 535 535 D SystemServerTiming: OnBootPhase_550_com.android.server.pm.Installer took to complete: 0ms
01-04 15:54:35.503 535 535 I SystemServerTiming: OnBootPhase_550_com.android.server.os.DeviceIdentifiersPolicyService
01-04 15:54:35.503 535 535 D SystemServerTiming: OnBootPhase_550_com.android.server.os.DeviceIdentifiersPolicyService took to complete: 0ms
01-04 15:54:35.503 535 535 I SystemServerTiming: OnBootPhase_550_com.android.server.uri.UriGrantsManagerService$Lifecycle
01-04 15:54:35.503 535 535 D SystemServerTiming: OnBootPhase_550_com.android.server.uri.UriGrantsManagerService$Lifecycle took to complete: 0ms
01-04 15:54:35.503 535 535 I SystemServerTiming: OnBootPhase_550_com.android.server.wm.ActivityTaskManagerService$Lifecycle
01-04 15:54:35.503 535 535 D SystemServerTiming: OnBootPhase_550_com.android.server.wm.ActivityTaskManagerService$Lifecycle took to complete: 0ms
01-04 15:54:35.503 535 535 I SystemServerTiming: OnBootPhase_550_com.android.server.am.ActivityManagerService$Lifecycle
01-04 15:54:35.506 535 535 D SystemServerTiming: OnBootPhase_550_com.android.server.am.ActivityManagerService$Lifecycle took to complete: 3ms
01-04 15:54:35.507 535 535 I SystemServerTiming: OnBootPhase_550_com.android.server.pm.DataLoaderManagerService
01-04 15:54:35.507 535 535 D SystemServerTiming: OnBootPhase_550_com.android.server.pm.DataLoaderManagerService took to complete: 0ms
01-04 15:54:35.507 535 535 I SystemServerTiming: OnBootPhase_550_com.android.server.power.PowerManagerService
01-04 15:54:35.507 535 535 D SystemServerTiming: OnBootPhase_550_com.android.server.power.PowerManagerService took to complete: 0ms
01-04 15:54:35.507 535 535 I SystemServerTiming: OnBootPhase_550_com.android.server.power.ThermalManagerService
01-04 15:54:35.511 386 386 I android.hardware.thermal@2.0-service.imx: a callback has been registered to ThermalHAL, isFilter: 0 Type: CPU
01-04 15:54:35.512 535 535 I ThermalHalWrapper: Thermal HAL 2.0 service connected.
01-04 15:54:35.513 452 452 I wificond: create scanner for interface with index: 7
01-04 15:54:35.513 535 535 I thermal_changed: [battery,2,35.000000,0,0]
01-04 15:54:35.514 452 452 I wificond: subscribe scan result for interface with index: 7
01-04 15:54:35.514 535 535 I thermal_changed: [cpu-thermal,0,56.000004,0,0]
01-04 15:54:35.519 535 535 E ThermalHalWrapper: Couldn't get temperature thresholds because of HAL error: Failed to read thermal sensors.
01-04 15:54:35.519 535 535 D SystemServerTiming: OnBootPhase_550_com.android.server.power.ThermalManagerService took to complete: 12ms
01-04 15:54:35.519 535 535 I SystemServerTiming: OnBootPhase_550_com.android.server.recoverysystem.RecoverySystemService$Lifecycle
01-04 15:54:35.519 535 535 D SystemServerTiming: OnBootPhase_550_com.android.server.recoverysystem.RecoverySystemService$Lifecycle took to complete: 0ms
01-04 15:54:35.520 535 535 I SystemServerTiming: OnBootPhase_550_com.android.server.lights.LightsService
01-04 15:54:35.520 535 535 D SystemServerTiming: OnBootPhase_550_com.android.server.lights.LightsService took to complete: 0ms
01-04 15:54:35.520 535 535 I SystemServerTiming: OnBootPhase_550_com.android.server.display.DisplayManagerService
01-04 15:54:35.520 535 535 D SystemServerTiming: OnBootPhase_550_com.android.server.display.DisplayManagerService took to complete: 0ms
01-04 15:54:35.520 535 535 I SystemServerTiming: OnBootPhase_550_com.android.server.pm.UserManagerService$LifeCycle
01-04 15:54:35.520 535 535 D SystemServerTiming: OnBootPhase_550_com.android.server.pm.UserManagerService$LifeCycle took to complete: 0ms
01-04 15:54:35.520 535 535 I SystemServerTiming: OnBootPhase_550_com.android.server.om.OverlayManagerService
01-04 15:54:35.520 535 535 D SystemServerTiming: OnBootPhase_550_com.android.server.om.OverlayManagerService took to complete: 0ms
01-04 15:54:35.520 535 535 I SystemServerTiming: OnBootPhase_550_com.android.server.SensorPrivacyService
01-04 15:54:35.520 535 535 D SystemServerTiming: OnBootPhase_550_com.android.server.SensorPrivacyService took to complete: 0ms
01-04 15:54:35.520 535 535 I SystemServerTiming: OnBootPhase_550_com.android.server.SystemConfigService
01-04 15:54:35.520 535 535 D SystemServerTiming: OnBootPhase_550_com.android.server.SystemConfigService took to complete: 0ms
01-04 15:54:35.520 535 535 I SystemServerTiming: OnBootPhase_550_com.android.server.BatteryService
01-04 15:54:35.521 535 535 D SystemServerTiming: OnBootPhase_550_com.android.server.BatteryService took to complete: 1ms
01-04 15:54:35.521 535 535 I SystemServerTiming: OnBootPhase_550_com.android.server.usage.UsageStatsService
01-04 15:54:35.521 535 535 D SystemServerTiming: OnBootPhase_550_com.android.server.usage.UsageStatsService took to complete: 0ms
01-04 15:54:35.521 535 535 I SystemServerTiming: OnBootPhase_550_com.android.server.webkit.WebViewUpdateService
01-04 15:54:35.521 535 535 D SystemServerTiming: OnBootPhase_550_com.android.server.webkit.WebViewUpdateService took to complete: 0ms
01-04 15:54:35.521 535 535 I SystemServerTiming: OnBootPhase_550_com.android.server.CachedDeviceStateService
01-04 15:54:35.521 535 535 D SystemServerTiming: OnBootPhase_550_com.android.server.CachedDeviceStateService took to complete: 0ms
01-04 15:54:35.521 535 535 I SystemServerTiming: OnBootPhase_550_com.android.server.BinderCallsStatsService$LifeCycle
01-04 15:54:35.521 535 535 D SystemServerTiming: OnBootPhase_550_com.android.server.BinderCallsStatsService$LifeCycle took to complete: 0ms
01-04 15:54:35.521 535 535 I SystemServerTiming: OnBootPhase_550_com.android.server.LooperStatsService$Lifecycle
01-04 15:54:35.522 535 535 D SystemServerTiming: OnBootPhase_550_com.android.server.LooperStatsService$Lifecycle took to complete: 0ms
01-04 15:54:35.522 535 535 I SystemServerTiming: OnBootPhase_550_com.android.server.rollback.RollbackManagerService
01-04 15:54:35.522 535 535 D SystemServerTiming: OnBootPhase_550_com.android.server.rollback.RollbackManagerService took to complete: 0ms
01-04 15:54:35.522 535 535 I SystemServerTiming: OnBootPhase_550_com.android.server.os.BugreportManagerService
01-04 15:54:35.522 535 535 D SystemServerTiming: OnBootPhase_550_com.android.server.os.BugreportManagerService took to complete: 0ms
01-04 15:54:35.522 535 535 I SystemServerTiming: OnBootPhase_550_com.android.server.gpu.GpuService
01-04 15:54:35.522 535 535 D SystemServerTiming: OnBootPhase_550_com.android.server.gpu.GpuService took to complete: 0ms
01-04 15:54:35.522 535 535 I SystemServerTiming: OnBootPhase_550_com.android.server.security.KeyChainSystemService
01-04 15:54:35.522 535 535 D SystemServerTiming: OnBootPhase_550_com.android.server.security.KeyChainSystemService took to complete: 0ms
01-04 15:54:35.522 535 535 I SystemServerTiming: OnBootPhase_550_com.android.server.telecom.TelecomLoaderService
01-04 15:54:35.526 535 535 W ActivityManager: Too early to start/bind service in system_server: Phase=550 ComponentInfo{com.android.server.telecom/com.android.server.telecom.components.TelecomService}
01-04 15:54:35.527 535 535 W ActivityManager: Too early to start/bind service in system_server: Phase=550 ComponentInfo{com.android.server.telecom/com.android.server.telecom.components.TelecomService}
01-04 15:54:35.528 535 535 D SystemServerTiming: OnBootPhase_550_com.android.server.telecom.TelecomLoaderService took to complete: 6ms
01-04 15:54:35.528 535 535 I SystemServerTiming: OnBootPhase_550_com.android.server.accounts.AccountManagerService$Lifecycle
01-04 15:54:35.528 535 535 D SystemServerTiming: OnBootPhase_550_com.android.server.accounts.AccountManagerService$Lifecycle took to complete: 0ms
01-04 15:54:35.528 535 535 I SystemServerTiming: OnBootPhase_550_com.android.server.content.ContentService$Lifecycle
01-04 15:54:35.531 535 535 I SyncManager: No initial accounts
01-04 15:54:35.532 345 345 I Zygote : ...preloaded 64 resources in 62ms.
01-04 15:54:35.535 350 350 E WifiHAL : get supported feature = 0x4
01-04 15:54:35.537 535 535 D SystemServerTiming: OnBootPhase_550_com.android.server.content.ContentService$Lifecycle took to complete: 9ms
01-04 15:54:35.537 535 535 I SystemServerTiming: OnBootPhase_550_com.android.server.DropBoxManagerService
01-04 15:54:35.537 535 535 D SystemServerTiming: OnBootPhase_550_com.android.server.DropBoxManagerService took to complete: 0ms
01-04 15:54:35.537 535 535 I SystemServerTiming: OnBootPhase_550_com.android.server.AlarmManagerService
01-04 15:54:35.537 535 535 D SystemServerTiming: OnBootPhase_550_com.android.server.AlarmManagerService took to complete: 0ms
01-04 15:54:35.537 350 350 E WifiHAL : get supported feature = 0x4
01-04 15:54:35.537 535 535 I SystemServerTiming: OnBootPhase_550_com.android.server.BluetoothService
01-04 15:54:35.537 535 535 D BluetoothManagerService: Bluetooth boot completed
01-04 15:54:35.540 535 535 D SystemServerTiming: OnBootPhase_550_com.android.server.BluetoothService took to complete: 3ms
01-04 15:54:35.540 535 535 I SystemServerTiming: OnBootPhase_550_com.android.server.connectivity.IpConnectivityMetrics
01-04 15:54:35.540 535 535 D SystemServerTiming: OnBootPhase_550_com.android.server.connectivity.IpConnectivityMetrics took to complete: 0ms
01-04 15:54:35.540 535 535 I SystemServerTiming: OnBootPhase_550_com.android.server.net.watchlist.NetworkWatchlistService$Lifecycle
01-04 15:54:35.544 535 535 D SystemServerTiming: OnBootPhase_550_com.android.server.net.watchlist.NetworkWatchlistService$Lifecycle took to complete: 3ms
01-04 15:54:35.544 535 535 I SystemServerTiming: OnBootPhase_550_com.android.server.PinnerService
01-04 15:54:35.544 535 535 D SystemServerTiming: OnBootPhase_550_com.android.server.PinnerService took to complete: 0ms
01-04 15:54:35.544 535 535 I SystemServerTiming: OnBootPhase_550_com.google.android.startop.iorap.IorapForwardingService
01-04 15:54:35.544 535 535 D SystemServerTiming: OnBootPhase_550_com.google.android.startop.iorap.IorapForwardingService took to complete: 0ms
01-04 15:54:35.544 345 345 I Zygote : ...preloaded 41 resources in 11ms.
01-04 15:54:35.544 535 535 I SystemServerTiming: OnBootPhase_550_com.android.server.integrity.AppIntegrityManagerService
01-04 15:54:35.544 535 535 D SystemServerTiming: OnBootPhase_550_com.android.server.integrity.AppIntegrityManagerService took to complete: 0ms
