01-04 15:54:36.584 535 563 I Watchdog: Interesting Java process com.android.phone started. Pid 837
01-04 15:54:36.584 535 563 W ActivityManager: Slow operation: 363ms so far, now at startProcess: building log message
01-04 15:54:36.584 535 563 I ActivityManager: Start proc 837:com.android.phone/1001 for added application com.android.phone
01-04 15:54:36.584 535 563 W ActivityManager: Slow operation: 363ms so far, now at startProcess: starting to update pids map
01-04 15:54:36.585 535 563 W ActivityManager: Slow operation: 364ms so far, now at startProcess: done updating pids map
01-04 15:54:36.592 535 552 I chatty : uid=1000(system) android.fg expire 4 lines
01-04 15:54:36.597 459 832 D SimpleC2Component: Using output block pool with poolID 19 => got 19 - 0
01-04 15:54:36.601 459 520 E FMQ : grantorIdx must be less than 3
01-04 15:54:36.614 469 512 I adbd : jdwp connection from 837
01-04 15:54:36.617 459 775 E FMQ : grantorIdx must be less than 3
01-04 15:54:36.617 459 775 E FMQ : grantorIdx must be less than 3
01-04 15:54:36.621 459 832 E FMQ : grantorIdx must be less than 3
01-04 15:54:36.622 535 825 I chatty : uid=1000(system) HwBinder:535_4 expire 2 lines
01-04 15:54:36.623 535 549 I am_proc_bound: [0,837,com.android.phone]
01-04 15:54:36.628 535 549 I am_uid_active: 1001
01-04 15:54:36.635 778 778 W ContextImpl: Failed to ensure /data/user/0/com.android.se/cache: mkdir failed: ENOENT (No such file or directory)
01-04 15:54:36.636 778 778 W ContextImpl: Failed to update user.inode_cache: stat failed: ENOENT (No such file or directory)
01-04 15:54:36.648 459 849 D SimpleC2Component: Using output block pool with poolID 20 => got 20 - 0
01-04 15:54:36.650 344 344 D Zygote : Forked child process 862
01-04 15:54:36.652 459 520 E FMQ : grantorIdx must be less than 3
01-04 15:54:36.654 535 563 W ActivityManager: Slow operation: 111ms so far, now at startProcess: returned from zygote!
01-04 15:54:36.655 535 563 W ActivityManager: Slow operation: 112ms so far, now at startProcess: done updating battery stats
01-04 15:54:36.655 535 563 I am_proc_start: [0,862,1000,com.android.settings,top-activity,{com.android.settings/com.android.settings.FallbackHome}]
01-04 15:54:36.655 535 563 W ActivityManager: Slow operation: 113ms so far, now at startProcess: building log message
01-04 15:54:36.656 535 563 I ActivityManager: Start proc 862:com.android.settings/1000 for top-activity {com.android.settings/com.android.settings.FallbackHome}
01-04 15:54:36.656 535 563 W ActivityManager: Slow operation: 113ms so far, now at startProcess: starting to update pids map
01-04 15:54:36.656 535 563 W ActivityManager: Slow operation: 113ms so far, now at startProcess: done updating pids map
01-04 15:54:36.656 535 563 W ActivityManager: Slow operation: 76ms so far, now at startProcess: asking zygote to start proc
01-04 15:54:36.656 535 563 D CompatibilityChangeReporter: Compat change id reported: 143937733; UID 10122; state: ENABLED
01-04 15:54:36.672 459 849 E FMQ : grantorIdx must be less than 3
01-04 15:54:36.683 778 778 D NetworkSecurityConfig: No Network Security Config specified, using platform default
01-04 15:54:36.684 778 778 D NetworkSecurityConfig: No Network Security Config specified, using platform default
01-04 15:54:36.686 447 518 E Utils : did not find channel-count and/or sample-rate
01-04 15:54:36.692 535 869 I chatty : uid=1000(system) Binder:535_3 expire 32 lines
01-04 15:54:36.702 862 862 I Zygote : seccomp disabled by setenforce 0
01-04 15:54:36.711 535 871 I chatty : uid=1000(system) Binder:535_3 expire 1 line
01-04 15:54:36.719 469 512 I adbd : jdwp connection from 862
01-04 15:54:36.726 459 520 E FMQ : grantorIdx must be less than 3
01-04 15:54:36.727 459 520 E FMQ : grantorIdx must be less than 3
01-04 15:54:36.728 344 344 D Zygote : Forked child process 885
01-04 15:54:36.731 535 563 W ActivityManager: Slow operation: 151ms so far, now at startProcess: returned from zygote!
01-04 15:54:36.732 535 563 W ActivityManager: Slow operation: 152ms so far, now at startProcess: done updating battery stats
01-04 15:54:36.732 535 563 I am_proc_start: [0,885,10122,android.ext.services,service,{android.ext.services/android.ext.services.autofill.InlineSuggestionRenderServiceImpl}]
01-04 15:54:36.732 535 563 W ActivityManager: Slow operation: 152ms so far, now at startProcess: building log message
01-04 15:54:36.732 535 563 I ActivityManager: Start proc 885:android.ext.services/u0a122 for service {android.ext.services/android.ext.services.autofill.InlineSuggestionRenderServiceImpl}
01-04 15:54:36.732 535 563 W ActivityManager: Slow operation: 152ms so far, now at startProcess: starting to update pids map
01-04 15:54:36.732 535 563 W ActivityManager: Slow operation: 152ms so far, now at startProcess: done updating pids map
01-04 15:54:36.737 778 778 I SecureElementService: main onCreate
01-04 15:54:36.741 885 885 I Zygote : seccomp disabled by setenforce 0
01-04 15:54:36.744 778 778 I SecureElementService: Check if terminal eSE1 is available.
01-04 15:54:36.746 232 232 I hwservicemanager: getTransport: Cannot find entry android.hardware.secure_element@1.2::ISecureElement/eSE1 in either framework or device manifest.
01-04 15:54:36.748 459 520 E FMQ : grantorIdx must be less than 3
01-04 15:54:36.752 535 535 W Looper : Slow dispatch took 139ms main h=android.app.ActivityThread$H c=null m=114
01-04 15:54:36.752 459 870 D SimpleC2Component: Using output block pool with poolID 21 => got 21 - 0
01-04 15:54:36.756 535 535 D PackageWatchdog: Getting all observed packages pending health checks
01-04 15:54:36.757 535 535 I PackageWatchdog: Syncing health check requests for packages: {}
01-04 15:54:36.757 778 778 D SecureElement-Terminal-eSE1: SE Hal V1.2 is not supported
01-04 15:54:36.757 535 535 I ExplicitHealthCheckController: Service not ready to get health check supported packages. Binding...
01-04 15:54:36.758 232 232 I hwservicemanager: getTransport: Cannot find entry android.hardware.secure_element@1.1::ISecureElement/eSE1 in either framework or device manifest.
01-04 15:54:36.759 469 512 I adbd : jdwp connection from 885
01-04 15:54:36.762 447 447 E Utils : did not find channel-count and/or sample-rate
01-04 15:54:36.764 744 744 I TetheringManager: registerTetheringEventCallback:com.android.networkstack
01-04 15:54:36.765 837 837 I m.android.phon: The ClassLoaderContext is a special shared library.
01-04 15:54:36.766 459 870 E FMQ : grantorIdx must be less than 3
01-04 15:54:36.769 535 549 D ConnectivityService: requestNetwork for uid/pid:1073/744 NetworkRequest [ TRACK_DEFAULT id=10, [ Capabilities: INTERNET&NOT_RESTRICTED&TRUSTED Uid: 1073 AdministratorUids: [] RequestorUid: 1073 RequestorPackageName: com.android.networkstack] ]
01-04 15:54:36.770 535 619 D ConnectivityService: NetReassign [no changes]
01-04 15:54:36.770 535 647 I chatty : uid=1000(system) EthernetService expire 4 lines
01-04 15:54:36.771 778 778 D SecureElement-Terminal-eSE1: SE Hal V1.1 is not supported
01-04 15:54:36.771 535 535 I ExplicitHealthCheckController: Explicit health check service is bound
01-04 15:54:36.772 232 232 I hwservicemanager: getTransport: Cannot find entry android.hardware.secure_element@1.0::ISecureElement/eSE1 in either framework or device manifest.
01-04 15:54:36.773 778 778 I SecureElementService: No HAL implementation for eSE1
01-04 15:54:36.774 778 778 I SecureElementService: Check if terminal SIM1 is available.
01-04 15:54:36.775 232 232 I hwservicemanager: getTransport: Cannot find entry android.hardware.secure_element@1.2::ISecureElement/SIM1 in either framework or device manifest.
01-04 15:54:36.776 535 549 I am_proc_bound: [0,885,android.ext.services]
01-04 15:54:36.778 862 862 I service_manager_slow: [49,activity]
01-04 15:54:36.781 535 549 I am_uid_active: 10122
01-04 15:54:36.788 535 619 D ConnectivityService: NetReassign [no changes]
01-04 15:54:36.789 535 908 I chatty : uid=1000(system) Binder:535_3 expire 34 lines
01-04 15:54:36.802 778 778 D SecureElement-Terminal-SIM1: SE Hal V1.2 is not supported
01-04 15:54:36.802 232 232 I hwservicemanager: getTransport: Cannot find entry android.hardware.secure_element@1.1::ISecureElement/SIM1 in either framework or device manifest.
01-04 15:54:36.805 778 778 D SecureElement-Terminal-SIM1: SE Hal V1.1 is not supported
01-04 15:54:36.805 232 232 I hwservicemanager: getTransport: Cannot find entry android.hardware.secure_element@1.0::ISecureElement/SIM1 in either framework or device manifest.
01-04 15:54:36.806 778 778 I SecureElementService: No HAL implementation for SIM1
01-04 15:54:36.810 535 555 I dvm_lock_sample: [system_server,1,android.display,30,ActivityManagerService.java,19621,void com.android.server.am.ActivityManagerService$LocalService.startProcess(java.lang.String, android.content.pm.ApplicationInfo, boolean, boolean, java.lang.String, android.content.ComponentName),-,3118,void com.android.server.am.ActivityManagerService.notifyPackageUse(java.lang.String, int),6]
01-04 15:54:36.810 535 553 I dvm_lock_sample: [system_server,1,android.ui,29,ActivityManagerService.java,3440,void com.android.server.am.ActivityManagerService.dispatchUidsChanged(),-,3118,void com.android.server.am.ActivityManagerService.notifyPackageUse(java.lang.String, int),5]
01-04 15:54:36.812 535 591 I am_proc_bound: [0,862,com.android.settings]
01-04 15:54:36.815 744 744 D ApplicationLoaders: Returning zygote-cached class loader: /system/framework/android.test.base.jar
01-04 15:54:36.816 535 591 I wm_restart_activity: [0,85701789,2,com.android.settings/.FallbackHome]
01-04 15:54:36.821 535 591 I wm_set_resumed_activity: [0,com.android.settings/.FallbackHome,minimalResumeActivityLocked]
01-04 15:54:36.821 459 823 E FMQ : grantorIdx must be less than 3
01-04 15:54:36.822 459 823 E FMQ : grantorIdx must be less than 3
01-04 15:54:36.825 535 549 D TelephonyRegistry: listen oscl: mHasNotifySubscriptionInfoChangedOccurred==false no callback
01-04 15:54:36.827 837 837 D NetworkSecurityConfig: No Network Security Config specified, using platform default
01-04 15:54:36.827 837 837 D NetworkSecurityConfig: No Network Security Config specified, using platform default
01-04 15:54:36.844 535 554 I DropBoxManagerService: add tag=system_app_strictmode isTagEnabled=true flags=0x2
01-04 15:54:36.851 862 862 I ndroid.setting: The ClassLoaderContext is a special shared library.
01-04 15:54:36.866 535 554 I chatty : uid=1000(system) android.io identical 2 lines
01-04 15:54:36.868 862 862 I ndroid.setting: The ClassLoaderContext is a special shared library.
01-04 15:54:36.873 459 910 D SimpleC2Component: Using output block pool with poolID 22 => got 22 - 0
01-04 15:54:36.874 535 554 I DropBoxManagerService: add tag=system_app_strictmode isTagEnabled=true flags=0x2
01-04 15:54:36.878 459 823 E FMQ : grantorIdx must be less than 3
01-04 15:54:36.888 837 837 I m.android.phon: The ClassLoaderContext is a special shared library.
01-04 15:54:36.889 459 910 E FMQ : grantorIdx must be less than 3
01-04 15:54:36.890 744 744 D NetworkSecurityConfig: No Network Security Config specified, using platform default
01-04 15:54:36.890 744 744 W nsconfig: com.android.networkstack.process: New config does not match the previously set config.
01-04 15:54:36.895 837 837 D CarrierProvider: onCreate
01-04 15:54:36.906 672 672 D CompatibilityChangeReporter: Compat change id reported: 147600208; UID 10118; state: ENABLED
01-04 15:54:36.918 459 823 I hw-BpHwBinder: onLastStrongRef automatically unlinking death recipients
01-04 15:54:36.918 459 823 V C2Store : in ~ComponentModule
01-04 15:54:36.918 459 823 V C2Store : unloading dll
01-04 15:54:36.921 862 862 D NetworkSecurityConfig: No Network Security Config specified, using platform default
01-04 15:54:36.922 862 862 D NetworkSecurityConfig: No Network Security Config specified, using platform default
01-04 15:54:36.927 837 837 D CarrierIdProvider: onCreate
01-04 15:54:36.928 837 837 D CarrierIdDatabaseHelper: CarrierIdDatabaseHelper: 5
01-04 15:54:36.931 885 885 D NetworkSecurityConfig: No Network Security Config specified, using platform default
01-04 15:54:36.932 885 885 D NetworkSecurityConfig: No Network Security Config specified, using platform default
01-04 15:54:36.942 535 535 E TrustManagerService: EXTRA_USER_HANDLE missing or invalid, value=0
01-04 15:54:36.942 837 837 D CarrierIdProvider: update database from pb file
01-04 15:54:36.942 535 562 I am_wtf : [0,535,system_server,-1,TrustManagerService,EXTRA_USER_HANDLE missing or invalid, value=0]
01-04 15:54:36.944 535 562 I DropBoxManagerService: add tag=system_server_wtf isTagEnabled=true flags=0x2
01-04 15:54:36.955 535 535 V NotificationAssistants: enabling notification assistant for 0: ComponentInfo{android.ext.services/android.ext.services.notification.Assistant}
01-04 15:54:36.955 535 535 V NotificationAssistants: binding: Intent { act=android.service.notification.NotificationAssistantService cmp=android.ext.services/.notification.Assistant (has extras) }
01-04 15:54:36.992 404 534 W DisplayIdentification: Invalid EDID: block 1 is truncated.
01-04 15:54:37.029 862 862 I wm_on_create_called: [85701789,com.android.settings.FallbackHome,performCreate]
01-04 15:54:37.034 862 862 I wm_on_start_called: [85701789,com.android.settings.FallbackHome,handleStartActivity]
01-04 15:54:37.036 862 862 I wm_on_resume_called: [85701789,com.android.settings.FallbackHome,RESUME_ACTIVITY]
01-04 15:54:37.046 672 672 D MediaResumeListener: loaded resume components []
01-04 15:54:37.048 535 635 I service_manager_stats: [481,303,5069]
01-04 15:54:37.059 862 862 I wm_on_top_resumed_gained_called: [85701789,com.android.settings.FallbackHome,topStateChangedWhenResumed]
01-04 15:54:37.072 672 672 D LocalBluetoothProfileManager: LocalBluetoothProfileManager construction complete
01-04 15:54:37.076 672 672 D LocalBluetoothProfileManager: supportedList is null
01-04 15:54:37.085 232 232 I hwservicemanager: getTransport: Cannot find entry android.hardware.configstore@1.0::ISurfaceFlingerConfigs/default in either framework or device manifest.
01-04 15:54:37.100 436 436 D incidentd: WorkDirectory::getReports
01-04 15:54:37.111 366 366 I gralloc_driver: is_supported check descriptor name=com.android.settings/com.android.settings.FallbackHome#0, width=1920, height=1080, droid_format=RGBA8888, usage=COMPOSER_OVERLAY|GPU_RENDER_TARGET|GPU_TEXTURE
01-04 15:54:37.120 862 920 I display : open gpu gralloc module!
01-04 15:54:37.127 366 390 I gralloc_driver: is_supported check descriptor name=com.android.settings/com.android.settings.FallbackHome#0, width=1920, height=1080, droid_format=RGBA8888, usage=COMPOSER_OVERLAY|GPU_RENDER_TARGET|GPU_TEXTURE|PRIVATE_0
01-04 15:54:37.130 366 461 I gralloc_driver: is_supported check descriptor name=com.android.settings/com.android.settings.FallbackHome#0, width=1920, height=1080, droid_format=RGBA8888, usage=COMPOSER_OVERLAY|GPU_RENDER_TARGET|GPU_TEXTURE
01-04 15:54:37.141 535 549 I chatty : uid=1000(system) Binder:535_1 expire 2 lines
01-04 15:54:37.142 366 932 I gralloc_driver: is_supported check descriptor name=com.android.settings/com.android.settings.FallbackHome#0, width=1920, height=1080, droid_format=RGBA8888, usage=COMPOSER_OVERLAY|GPU_RENDER_TARGET|GPU_TEXTURE|PRIVATE_0
01-04 15:54:37.143 391 490 W APM::AudioPolicyEngine: getDevicesForStrategy() unknown strategy: -1
01-04 15:54:37.150 366 932 I gralloc_driver: is_supported check descriptor name=com.android.settings/com.android.settings.FallbackHome#0, width=1920, height=1080, droid_format=RGBA8888, usage=COMPOSER_OVERLAY|GPU_RENDER_TARGET|GPU_TEXTURE
01-04 15:54:37.153 535 535 W Looper : Slow dispatch took 195ms main h=android.app.ActivityThread$H c=android.app.-$$Lambda$LoadedApk$ReceiverDispatcher$Args$_BumDX2UKsnxLVrE6UJsJZkotuA@39e854e m=0
01-04 15:54:37.161 535 535 D ConditionProviders.SCP: onSubscribe condition://android/schedule?days=1.2.3.4.5.6.7&start=22.0&end=7.0&exitAtAlarm=true
01-04 15:54:37.162 535 535 D ConditionProviders.SCP: setRegistered true
01-04 15:54:37.164 535 552 D UsbDeviceManager: push notification:Charging this device via USB
01-04 15:54:37.178 837 837 E CarrierIdProvider: read carrier list from ota pb failure: java.io.FileNotFoundException: /data/misc/carrierid/carrier_list.pb: open failed: ENOENT (No such file or directory)
01-04 15:54:37.178 837 837 D CarrierIdProvider: latest version: 33554468 need update: false
01-04 15:54:37.179 535 535 D ConditionProviders.SCP: evaluateSubscriptionLocked cal=ScheduleCalendar[mDays={1, 2, 3, 4, 5, 6, 7}, mSchedule=ScheduleInfo{days=[1, 2, 3, 4, 5, 6, 7], startHour=22, startMinute=0, endHour=7, endMinute=0, exitAtAlarm=true, nextAlarm=Thu Jan 01 05:30:00 GMT+05:30 1970 (0)}], now=Tue Jan 04 15:54:37 GMT+05:30 2022 (1641291877162), nextUserAlarmTime=Thu Jan 01 05:30:00 GMT+05:30 1970 (0)
01-04 15:54:37.179 535 535 D ConditionProviders.SCP: notifyCondition condition://android/schedule?days=1.2.3.4.5.6.7&start=22.0&end=7.0&exitAtAlarm=true STATE_FALSE reason=!meetsSchedule
01-04 15:54:37.181 535 555 I ActivityManagerTiming: FinishBooting
01-04 15:54:37.181 535 555 I boot_progress_enable_screen: 18519
01-04 15:54:37.181 535 555 I screen_toggled: 1
01-04 15:54:37.181 535 535 D ConditionProviders.SCP: Scheduling evaluate for Tue Jan 04 22:00:00 GMT+05:30 2022 (1641313800000), in +6h5m22s838ms, now=Tue Jan 04 15:54:37 GMT+05:30 2022 (1641291877162)
01-04 15:54:37.181 535 555 W KeyguardServiceDelegate: onScreenTurningOn(): no keyguard service!
01-04 15:54:37.199 535 624 W ActivityThread: Failed to find provider info for com.android.calendar (user not unlocked)
01-04 15:54:37.204 535 535 D BluetoothManagerService: Trying to bind to profile: 1, while Bluetooth was disabled
01-04 15:54:37.209 535 624 W ActivityThread: Failed to find provider info for com.android.calendar (user not unlocked)
01-04 15:54:37.213 672 672 W AlarmManager: Unrecognized alarm listener com.android.systemui.keyguard.-$$Lambda$KeyguardSliceProvider$IhzByd8TsqFuOrSyuGurVskyPLo@a5e310f
01-04 15:54:37.236 672 672 V SystemUIService: SystemUIApplication created.
01-04 15:54:37.237 535 535 I Telecom : SystemStateHelper: Registering car mode receiver: android.content.IntentFilter@5937b10: TS.init@AAA
01-04 15:54:37.238 672 672 D SystemUIBootTiming: DependencyInjection took to complete: 1ms
01-04 15:54:37.240 535 937 I Telecom : BluetoothRouteManager: getBluetoothAudioConnectedDevice: no service available.
01-04 15:54:37.249 837 837 D TelephonyComponentFactory: validated paths: null
01-04 15:54:37.249 837 837 D TelephonyComponentFactory: Total components injected: 0
01-04 15:54:37.250 535 941 I Telecom : Logging.Events: Non-call EVENT: AUDIO_ROUTE, Entering state QuiescentSpeakerRoute
01-04 15:54:37.250 535 941 I Telecom : BluetoothRouteManager: getBluetoothAudioConnectedDevice: no service available.
01-04 15:54:37.250 837 837 D TDC : updateOrInsert: inserting: Modem { uuid=modem, state=0, rilModel=0, rat={}, maxActiveVoiceCall=1, maxActiveDataCall=1, maxStandby=1 }
01-04 15:54:37.251 837 837 D TDC : updateOrInsert: inserting: Sim { uuid=sim, modemUuid=modem, state=0 }
01-04 15:54:37.253 744 744 D CompatibilityChangeReporter: Compat change id reported: 147600208; UID 1073; state: ENABLED
01-04 15:54:37.270 535 943 I Telecom : CallAudioModeStateMachine: Message received: null.: TS.init->CAMSM.pM_1@AAA
01-04 15:54:37.272 672 672 V SystemUIService: Starting SystemUI services for user 0.
01-04 15:54:37.280 535 535 I Telecom : MissedCallNotifierImpl: reloadFromDatabase: Boot not yet complete -- call log db may not be available. Deferring loading until boot complete for user 0: TS.init@AAA
01-04 15:54:37.281 535 535 I Telecom : MissedCallNotifierImpl: reloadFromDatabase: Boot not yet complete -- call log db may not be available. Deferring loading until boot complete for user 0: TS.init@AAA
01-04 15:54:37.283 535 535 D BluetoothManagerService: Trying to bind to profile: 1, while Bluetooth was disabled
01-04 15:54:37.284 744 744 V WifiManager: registerSoftApCallback: callback=com.android.networkstack.tethering.Tethering$TetheringSoftApCallback@1fdd78a, executor=com.android.networkstack.tethering.Tethering$TetheringThreadExecutor@f7d01fb
01-04 15:54:37.286 837 837 D MetricsCollector: registered
01-04 15:54:37.288 535 535 I Telecom : Class: TelecomSystem.INSTANCE being set
01-04 15:54:37.288 837 837 D CdmaSSM : subscriptionSource from settings: 0
01-04 15:54:37.288 837 837 I PhoneFactory: Cdma Subscription set to 0
01-04 15:54:37.288 535 535 W ContextImpl: Calling a method in the system process without a qualified user: android.app.ContextImpl.startService:1669 android.content.ContextWrapper.startService:720 com.android.server.telecom.components.TelecomService.initializeTelecomSystem:213 com.android.server.telecom.components.TelecomService$1.createTelecomService:81 com.android.server.telecom.TelecomLoaderService$TelecomServiceConnection.onServiceConnected:62
01-04 15:54:37.289 837 837 I PhoneFactory: Network Mode set to 0
01-04 15:54:37.289 837 837 D RILJ : RIL: init preferredNetworkType=0 cdmaSubscription=0) [PHONEnull]
01-04 15:54:37.290 672 672 D SystemUIBootTiming: StartServicescom.android.systemui.util.NotificationChannels took to complete: 17ms
01-04 15:54:37.293 535 549 D ConnectivityService: requestNetwork for uid/pid:1073/744 NetworkRequest [ REQUEST id=12, [ Capabilities: INTERNET&NOT_RESTRICTED&TRUSTED&NOT_VPN AdministratorUids: [] RequestorUid: 1073 RequestorPackageName: com.android.networkstack] ]
01-04 15:54:37.293 535 535 W Looper : Slow dispatch took 110ms main h=android.app.ActivityThread$H c=android.app.LoadedApk$ServiceDispatcher$RunConnection@101982e m=0
01-04 15:54:37.293 535 619 D ConnectivityService: NetReassign [no changes]
01-04 15:54:37.294 535 554 I commit_sys_config_file: [notification-policy,8]
01-04 15:54:37.294 535 535 I ConnectivityModuleConnector: Networking module service connected
01-04 15:54:37.299 535 535 D AutofillManagerService: Restriction did not change for user 0
01-04 15:54:37.302 535 535 I ExplicitHealthCheckController: Explicit health check service is connected ComponentInfo{android.ext.services/android.ext.services.watchdog.ExplicitHealthCheckServiceImpl}
01-04 15:54:37.302 535 535 I ExplicitHealthCheckController: Service initialized, syncing requests
01-04 15:54:37.303 535 535 V NotificationAssistants: 0 notification assistant service connected: ComponentInfo{android.ext.services/android.ext.services.notification.Assistant}
01-04 15:54:37.303 535 535 D TelephonyRegistry: notifyCellLocationForSubscriber: subId=0 cellLocation=null
01-04 15:54:37.305 535 535 I notification_enqueue: [1000,535,android,32,NULL,-1,Notification(channel=USB shortcut=null contentView=null vibrate=null sound=null tick defaults=0x0 flags=0x2 color=0xff607d8b vis=PUBLIC),0]
01-04 15:54:37.306 535 535 I Telecom : WiredHeadsetManager: ACTION_HEADSET_PLUG event, plugged in: false, : WHC.oADA@AAE
01-04 15:54:37.315 232 232 I hwservicemanager: getTransport: Cannot find entry android.hardware.radio@1.5::IRadio/slot1 in either framework or device manifest.
01-04 15:54:37.317 837 837 I android_os_HwBinder: HwBinder: Starting thread pool for getting: android.hardware.radio@1.4::IRadio/slot1
01-04 15:54:37.317 535 535 I notification_cancel_all: [1000,535,com.android.systemui,0,0,0,17,NULL]
01-04 15:54:37.320 455 455 D RILC : setResponseFunctions
01-04 15:54:37.324 535 535 I ConnectivityModuleConnector: Networking module service connected
01-04 15:54:37.326 535 535 D PackageWatchdog: Getting all observed packages pending health checks
01-04 15:54:37.327 535 535 I PackageWatchdog: Syncing health check requests for packages: {}
01-04 15:54:37.327 535 535 D ExplicitHealthCheckController: Getting health check supported packages
01-04 15:54:37.335 455 455 D RILC : rilConnectedInd
01-04 15:54:37.335 455 455 I RILC : RIL_SOCKET_1 UNSOLICITED: UNSOL_RIL_CONNECTED length:4
01-04 15:54:37.335 455 455 D RILC : radioStateChangedInd: radioState 1
01-04 15:54:37.336 455 455 I RILC : RIL_SOCKET_1 UNSOLICITED: UNSOL_RESPONSE_RADIO_STATE_CHANGED length:0
01-04 15:54:37.336 455 455 I RILC : RIL Daemon version: S11.0.5-0
01-04 15:54:37.337 535 549 I ExplicitHealthCheckController: Explicit health check supported packages [PackageConfig{com.android.networkstack, 86400000}]
01-04 15:54:37.337 535 549 D PackageWatchdog: Received supported packages [PackageConfig{com.android.networkstack, 86400000}]
01-04 15:54:37.337 535 549 D ExplicitHealthCheckController: Getting health check requested packages
01-04 15:54:37.340 535 591 I ExplicitHealthCheckController: Explicit health check requested packages []
01-04 15:54:37.340 535 591 I ExplicitHealthCheckController: No more health check requests, unbinding...
01-04 15:54:37.344 837 948 D RILJ : Unsol response received; Sending ack to ril.cpp [PHONE0]
01-04 15:54:37.345 837 948 D RILJ : [UNSL]< UNSOL_RIL_CONNECTED [PHONE0]
01-04 15:54:37.345 535 591 I ExplicitHealthCheckController: Explicit health check service is unbound
01-04 15:54:37.349 535 535 W Looper : Drained
01-04 15:54:37.351 837 948 D RILJ : [0001]> RADIO_POWER on = false forEmergencyCall= false preferredForEmergencyCall=false [PHONE0]
01-04 15:54:37.351 672 672 I FalsingManager: xdpi, ydpi: 320.0, 320.0
01-04 15:54:37.351 455 455 D RILC : setRadioPower: serial 1 on 0
01-04 15:54:37.352 455 455 D RIL : onRequest: 23, RADIO_POWER datalen: 4, data 0xb400fd45b0f22010
01-04 15:54:37.352 672 672 I FalsingManager: width, height: 1920, 1008
01-04 15:54:37.352 455 455 D RILC : RequestComplete, RIL_SOCKET_1
01-04 15:54:37.352 455 455 E RILC : Calling responseFunction() for token 1
01-04 15:54:37.352 455 455 D RILC : setRadioPowerResponse: serial 1
01-04 15:54:37.354 837 948 D RILJ : [0003]> RIL_REQUEST_CDMA_SET_SUBSCRIPTION_SOURCE cdmaSubscription = 0 [PHONE0]
01-04 15:54:37.354 455 455 D RILC : setCdmaSubscriptionSource: serial 3
01-04 15:54:37.354 455 455 D RIL : onRequest: 77, CDMA_SET_SUBSCRIPTION_SOURCE datalen: 4, data 0xb400fd45b0f22010
01-04 15:54:37.354 455 455 D RILC : RequestComplete, RIL_SOCKET_1
01-04 15:54:37.354 455 455 E RILC : Calling responseFunction() for token 3
01-04 15:54:37.354 455 455 D RILC : setCdmaSubscriptionSourceResponse: serial 3
01-04 15:54:37.358 837 837 D RILJ : [0002]> GET_HARDWARE_CONFIG [PHONE0]
01-04 15:54:37.359 455 455 D RILC : getHardwareConfig: serial 2
01-04 15:54:37.360 455 455 D RILC : getHardwareConfig: serial 2, mSlotId = 0
01-04 15:54:37.360 455 455 D RIL : onRequest: 124, GET_HARDWARE_CONFIG datalen: 0, data 0x0
01-04 15:54:37.360 455 455 D RILC : RequestComplete, RIL_SOCKET_1
01-04 15:54:37.360 455 455 E RILC : Calling responseFunction() for token 2
01-04 15:54:37.360 455 455 D RILC : getHardwareConfigResponse: serial 2
01-04 15:54:37.360 837 948 D RILJ : [0001]< RADIO_POWER error 1 [PHONE0]
01-04 15:54:37.360 837 948 D RilRequest: [0001]< RADIO_POWER error: com.android.internal.telephony.CommandException: RADIO_NOT_AVAILABLE ret=
01-04 15:54:37.363 232 232 I hwservicemanager: getTransport: Cannot find entry android.hardware.radio.deprecated@1.0::IOemHook/slot1 in either framework or device manifest.
01-04 15:54:37.363 837 837 E RILJ : IOemHook service is not on the device HAL: java.util.NoSuchElementException [PHONE0]
01-04 15:54:37.364 837 837 D RILJ : Radio HAL version: 1.4 [PHONE0]
01-04 15:54:37.364 837 837 D UiccController: Creating UiccController
01-04 15:54:37.364 837 837 D UiccController: config_num_physical_slots = 1
01-04 15:54:37.366 837 948 D RILJ : Unsol response received; Sending ack to ril.cpp [PHONE0]
01-04 15:54:37.367 837 948 D RILJ : [UNSL]< UNSOL_RESPONSE_RADIO_STATE_CHANGED radioStateChanged: 2 [PHONE0]
01-04 15:54:37.367 837 948 D RILJ : [0003]< RIL_REQUEST_CDMA_SET_SUBSCRIPTION_SOURCE error 1 [PHONE0]
01-04 15:54:37.367 837 948 D RilRequest: [0003]< RIL_REQUEST_CDMA_SET_SUBSCRIPTION_SOURCE error: com.android.internal.telephony.CommandException: RADIO_NOT_AVAILABLE ret=
01-04 15:54:37.368 837 948 D RILJ : [0002]< GET_HARDWARE_CONFIG error 1 [PHONE0]
01-04 15:54:37.369 837 948 D RilRequest: [0002]< GET_HARDWARE_CONFIG error: com.android.internal.telephony.CommandException: RADIO_NOT_AVAILABLE ret=
01-04 15:54:37.378 837 837 I TetheringManager: registerTetheringEventCallback:com.android.phone
01-04 15:54:37.389 672 672 D NavigationModeController: getCurrentUserContext: contextUser=0 currentUser=0
01-04 15:54:37.390 672 672 D NavigationModeController: getCurrentInteractionMode: mode=0 contextUser=0
01-04 15:54:37.391 672 672 E NavigationModeController: updateCurrentInteractionMode: mode=0
01-04 15:54:37.391 672 672 D NavigationModeController: contextUser=0
01-04 15:54:37.391 672 672 D NavigationModeController: assetPaths=
01-04 15:54:37.391 672 672 D NavigationModeController: /system/framework/framework-res.apk
01-04 15:54:37.391 672 672 D NavigationModeController: /system_ext/priv-app/SystemUI/SystemUI.apk
01-04 15:54:37.399 672 672 D NavigationModeController: getCurrentInteractionMode: mode=0 contextUser=0
01-04 15:54:37.404 837 837 I PhoneFactory: Creating SubscriptionController
01-04 15:54:37.416 837 837 D TelephonyProvider: dbh.onOpen: ok, queried table=siminfo
01-04 15:54:37.417 837 837 D TelephonyProvider: dbh.onOpen: ok, queried table=carriers
01-04 15:54:37.434 837 837 D SubscriptionController: [SubscriptionController] init by Context
01-04 15:54:37.446 837 837 I PhoneFactory: Creating Phone with type = 1 phoneId = 0
01-04 15:54:37.447 837 837 D TelephonyTester: register for intent action=com.android.internal.telephony.action_detached
01-04 15:54:37.447 837 837 D TelephonyTester: register for intent action=com.android.internal.telephony.action_attached
01-04 15:54:37.447 837 837 D TelephonyTester: register for intent action=com.android.internal.telephony.TestServiceState
01-04 15:54:37.447 837 837 D TelephonyTester: register for intent action=com.android.internal.telephony.TestChangeNumber
01-04 15:54:37.457 837 837 D Phone : mDoesRilSendMultipleCallRing=true
01-04 15:54:37.457 837 837 D Phone : mCallRingDelay=3000
01-04 15:54:37.472 837 837 D SmsDispatchersController: SmsDispatchersController created
01-04 15:54:37.474 672 672 V MediaRouter: Selecting route: RouteInfo{ name=Tablet, description=null, status=null, category=RouteCategory{ name=System types=ROUTE_TYPE_LIVE_AUDIO ROUTE_TYPE_LIVE_VIDEO groupable=false }, supportedTypes=ROUTE_TYPE_LIVE_AUDIO ROUTE_TYPE_LIVE_VIDEO , presentationDisplay=null }
01-04 15:54:37.488 672 953 D KeyguardViewMediator: updateActivityLockScreenState(true, false)
01-04 15:54:37.489 535 591 I wm_set_keyguard_shown: [1,0,0,setKeyguardShown]
01-04 15:54:37.490 535 591 D ActivityTaskManager: Top Process State changed to PROCESS_STATE_TOP_SLEEPING
01-04 15:54:37.491 535 591 I wm_pause_activity: [0,85701789,com.android.settings/.FallbackHome,userLeaving=false]
01-04 15:54:37.494 862 862 I wm_on_top_resumed_lost_called: [85701789,com.android.settings.FallbackHome,topStateChangedWhenResumed]
01-04 15:54:37.497 535 591 I wm_add_to_stopping: [0,85701789,com.android.settings/.FallbackHome,makeInvisible]
01-04 15:54:37.498 862 862 I wm_on_paused_called: [85701789,com.android.settings.FallbackHome,performPause]
01-04 15:54:37.505 535 555 I sysui_multi_action: [757,1144,758,7,806,com.android.settings,871,com.android.settings.FallbackHome]
01-04 15:54:37.506 837 837 E ImsSmsDispatcher [0]: Failed to get sms format. Error: getSmsFormat()
01-04 15:54:37.506 837 837 D SMSDispatcher: SMSDispatcher: ctor mSmsCapable=false format=unknown mSmsSendDisabled=true
01-04 15:54:37.507 837 837 W FeatureConnector: [ImsSmsDispatcher, 0] connect: not supported.
01-04 15:54:37.510 837 837 D SMSDispatcher: SMSDispatcher: ctor mSmsCapable=false format=3gpp2 mSmsSendDisabled=true
01-04 15:54:37.510 837 837 D CdmaSMSDispatcher: CdmaSMSDispatcher created
01-04 15:54:37.516 535 535 I sysui_multi_action: [757,1501,758,1,793,354,794,0,795,354,796,32,806,android,857,USB,858,1,947,0,1500,0]
01-04 15:54:37.516 535 555 I wm_stop_activity: [0,85701789,com.android.settings/.FallbackHome]
01-04 15:54:37.516 535 535 I sysui_multi_action: [757,804,799,note_interruptive,801,0,802,1]
01-04 15:54:37.518 672 672 D SystemUIBootTiming: StartServicescom.android.systemui.keyguard.KeyguardViewMediator took to complete: 227ms
01-04 15:54:37.518 535 555 I sysui_multi_action: [757,803,799,window_time_0,802,5]
01-04 15:54:37.519 535 535 W NotificationHistory: Attempted to add notif for locked/gone/disabled user 0
01-04 15:54:37.534 862 862 I wm_on_stop_called: [85701789,com.android.settings.FallbackHome,STOP_ACTIVITY_ITEM]
01-04 15:54:37.539 837 837 D CellBroadcastServiceManager: CellBroadcastServiceManager created for phone 0
01-04 15:54:37.540 837 837 D GsmInboundSmsHandler: created InboundSmsHandler
01-04 15:54:37.543 837 837 D CellBroadcastServiceManager: getCellBroadcastServicePackageName: com.android.cellbroadcastservice
01-04 15:54:37.547 837 837 D CellBroadcastServiceManager: serviceWasBound=true
01-04 15:54:37.548 447 447 E Utils : did not find channel-count and/or sample-rate
01-04 15:54:37.549 837 957 D GsmInboundSmsHandler: StartupState.enter: entering StartupState
01-04 15:54:37.552 744 744 D NetworkSecurityConfig: No Network Security Config specified, using platform default
01-04 15:54:37.552 744 744 W nsconfig: com.android.networkstack.process: New config does not match the previously set config.
01-04 15:54:37.556 660 660 I wpa_supplicant: the nl80211 driver cmd is MACADDR
01-04 15:54:37.557 660 660 I wpa_supplicant: the nl80211 driver cmd len is 7
01-04 15:54:37.560 672 963 D CCodec : allocate(c2.android.vorbis.decoder)
01-04 15:54:37.562 535 615 I chatty : uid=1000(system) WifiHandlerThre expire 40 lines
01-04 15:54:37.564 837 861 D SubscriptionController: [getSlotIndex]- subId invalid
01-04 15:54:37.568 837 837 D CellBroadcastServiceManager: CellBroadcastServiceManager created for phone 0
01-04 15:54:37.568 837 837 D CdmaInboundSmsHandler: created InboundSmsHandler
01-04 15:54:37.568 672 963 I Codec2Client: Available Codec2 services: "default" "software"
01-04 15:54:37.571 672 963 I CCodec : setting up 'default' as default (vendor) store
01-04 15:54:37.571 660 660 I wpa_supplicant: the nl80211 driver cmd is COUNTRY CN
01-04 15:54:37.571 660 660 I wpa_supplicant: the nl80211 driver cmd len is 10
01-04 15:54:37.573 350 350 I WifiHAL : registering command 0
01-04 15:54:37.573 447 447 E Utils : did not find channel-count and/or sample-rate
01-04 15:54:37.575 369 768 V ImxC2Store: ImxC2Store::createComponent name=c2.android.vorbis.decoder, ret=2
01-04 15:54:37.575 350 350 I WifiHAL : skipping a response
01-04 15:54:37.575 452 452 I wificond: Regulatory domain changed to country: CN
01-04 15:54:37.575 660 660 I wpa_supplicant: wlan0: CTRL-EVENT-REGDOM-CHANGE init=USER type=COUNTRY alpha2=CN
01-04 15:54:37.577 459 520 V C2Store : in init
01-04 15:54:37.578 459 520 V C2Store : loading dll
01-04 15:54:37.579 672 968 D CCodec : allocate(c2.android.vorbis.decoder)
01-04 15:54:37.581 672 963 I CCodec : Created component [c2.android.vorbis.decoder]
01-04 15:54:37.582 452 452 I wificond: 2.4Ghz frequencies: 2412 2417 2422 2427 2432 2437 2442 2447 2452 2457 2462 2467 2472
01-04 15:54:37.582 672 963 D CCodecConfig: read media type: audio/vorbis
01-04 15:54:37.582 452 452 I wificond: 5Ghz non-DFS frequencies: 5180 5200 5220 5240 5745 5765 5785 5805 5825
01-04 15:54:37.582 452 452 I wificond: 5Ghz DFS frequencies: 5260 5280 5300 5320
01-04 15:54:37.582 452 452 I wificond: 6Ghz frequencies: 5260 5280 5300 5320
01-04 15:54:37.585 672 968 I CCodec : setting up 'default' as default (vendor) store
01-04 15:54:37.586 672 963 D ReflectedParamUpdater: extent() != 1 for single value type: algo.buffers.max-count.values
01-04 15:54:37.587 672 963 D ReflectedParamUpdater: extent() != 1 for single value type: output.subscribed-indices.values
01-04 15:54:37.587 672 968 I CCodec : Created component [c2.android.vorbis.decoder]
01-04 15:54:37.587 672 963 D ReflectedParamUpdater: extent() != 1 for single value type: input.buffers.allocator-ids.values
01-04 15:54:37.587 672 963 D ReflectedParamUpdater: extent() != 1 for single value type: output.buffers.allocator-ids.values
01-04 15:54:37.587 672 963 D ReflectedParamUpdater: extent() != 1 for single value type: algo.buffers.allocator-ids.values
01-04 15:54:37.588 672 963 D ReflectedParamUpdater: extent() != 1 for single value type: output.buffers.pool-ids.values
01-04 15:54:37.588 672 963 D ReflectedParamUpdater: extent() != 1 for single value type: algo.buffers.pool-ids.values
01-04 15:54:37.588 672 968 D CCodecConfig: read media type: audio/vorbis
01-04 15:54:37.589 672 963 I CCodecConfig: query failed after returning 7 values (BAD_INDEX)
01-04 15:54:37.590 672 963 D CCodecConfig: c2 config diff is Dict {
01-04 15:54:37.590 672 963 D CCodecConfig: c2::u32 coded.bitrate.value = 64000
01-04 15:54:37.590 672 963 D CCodecConfig: c2::u32 input.buffers.max-size.value = 32768
01-04 15:54:37.590 672 963 D CCodecConfig: c2::u32 input.delay.value = 0
01-04 15:54:37.590 672 963 D CCodecConfig: string input.media-type.value = "audio/vorbis"
01-04 15:54:37.590 672 963 D CCodecConfig: string output.media-type.value = "audio/raw"
01-04 15:54:37.590 672 963 D CCodecConfig: c2::u32 raw.channel-count.value = 1
01-04 15:54:37.590 672 963 D CCodecConfig: c2::u32 raw.sample-rate.value = 48000
01-04 15:54:37.590 672 963 D CCodecConfig: }
01-04 15:54:37.590 672 968 D ReflectedParamUpdater: extent() != 1 for single value type: algo.buffers.max-count.values
01-04 15:54:37.591 837 837 D CellBroadcastServiceManager: getCellBroadcastServicePackageName: com.android.cellbroadcastservice
01-04 15:54:37.591 672 968 D ReflectedParamUpdater: extent() != 1 for single value type: output.subscribed-indices.values
01-04 15:54:37.591 672 968 D ReflectedParamUpdater: extent() != 1 for single value type: input.buffers.allocator-ids.values
01-04 15:54:37.592 672 968 D ReflectedParamUpdater: extent() != 1 for single value type: output.buffers.allocator-ids.values
01-04 15:54:37.592 672 963 D CCodec : [c2.android.vorbis.decoder] buffers are bound to CCodec for this session
01-04 15:54:37.593 672 963 D CCodecConfig: no c2 equivalents for durationUs
01-04 15:54:37.593 672 968 D ReflectedParamUpdater: extent() != 1 for single value type: algo.buffers.allocator-ids.values
01-04 15:54:37.593 672 963 D CCodecConfig: no c2 equivalents for track-id
01-04 15:54:37.593 672 963 D CCodecConfig: no c2 equivalents for csd-1
01-04 15:54:37.593 672 963 D CCodecConfig: no c2 equivalents for channel-mask
01-04 15:54:37.593 672 963 D CCodecConfig: no c2 equivalents for flags
01-04 15:54:37.593 672 968 D ReflectedParamUpdater: extent() != 1 for single value type: output.buffers.pool-ids.values
01-04 15:54:37.593 672 968 D ReflectedParamUpdater: extent() != 1 for single value type: algo.buffers.pool-ids.values
01-04 15:54:37.595 837 837 D CellBroadcastServiceManager: serviceWasBound=true
01-04 15:54:37.595 672 963 D CCodecConfig: c2 config diff is c2::u32 coded.bitrate.value = 160000
01-04 15:54:37.595 672 963 D CCodecConfig: c2::u32 raw.channel-count.value = 2
01-04 15:54:37.595 672 963 D CCodecConfig: c2::u32 raw.sample-rate.value = 44100
01-04 15:54:37.595 672 968 I CCodecConfig: query failed after returning 7 values (BAD_INDEX)
01-04 15:54:37.596 672 963 W Codec2Client: query -- param skipped: index = 1107298332.
01-04 15:54:37.596 672 963 D CCodec : setup formats input: AMessage(what = 0x00000000) = {
01-04 15:54:37.596 672 963 D CCodec : int32_t bitrate = 160000
01-04 15:54:37.596 672 963 D CCodec : int32_t channel-count = 2
01-04 15:54:37.596 672 963 D CCodec : int32_t max-input-size = 32768
01-04 15:54:37.596 672 963 D CCodec : string mime = "audio/vorbis"
01-04 15:54:37.596 672 963 D CCodec : int32_t sample-rate = 44100
01-04 15:54:37.596 672 963 D CCodec : } and output: AMessage(what = 0x00000000) = {
01-04 15:54:37.596 672 963 D CCodec : int32_t bitrate = 160000
01-04 15:54:37.596 672 963 D CCodec : int32_t channel-count = 2
01-04 15:54:37.596 672 963 D CCodec : string mime = "audio/raw"
01-04 15:54:37.596 672 963 D CCodec : int32_t sample-rate = 44100
01-04 15:54:37.596 672 963 D CCodec : int32_t channel-mask = 3
01-04 15:54:37.596 672 963 D CCodec : }
01-04 15:54:37.596 672 968 D CCodecConfig: c2 config diff is Dict {
01-04 15:54:37.596 672 968 D CCodecConfig: c2::u32 coded.bitrate.value = 64000
01-04 15:54:37.596 672 968 D CCodecConfig: c2::u32 input.buffers.max-size.value = 32768
01-04 15:54:37.596 672 968 D CCodecConfig: c2::u32 input.delay.value = 0
01-04 15:54:37.596 672 968 D CCodecConfig: string input.media-type.value = "audio/vorbis"
01-04 15:54:37.596 672 968 D CCodecConfig: string output.media-type.value = "audio/raw"
01-04 15:54:37.596 672 968 D CCodecConfig: c2::u32 raw.channel-count.value = 1
01-04 15:54:37.596 672 968 D CCodecConfig: c2::u32 raw.sample-rate.value = 48000
01-04 15:54:37.596 672 968 D CCodecConfig: }
01-04 15:54:37.597 672 968 D CCodec : [c2.android.vorbis.decoder] buffers are bound to CCodec for this session
01-04 15:54:37.597 672 968 D CCodecConfig: no c2 equivalents for durationUs
01-04 15:54:37.597 672 968 D CCodecConfig: no c2 equivalents for track-id
01-04 15:54:37.597 672 968 D CCodecConfig: no c2 equivalents for csd-1
01-04 15:54:37.597 672 968 D CCodecConfig: no c2 equivalents for channel-mask
01-04 15:54:37.597 672 968 D CCodecConfig: no c2 equivalents for flags
01-04 15:54:37.597 672 963 W Codec2Client: query -- param skipped: index = 1342179345.
01-04 15:54:37.597 672 963 W Codec2Client: query -- param skipped: index = 2415921170.
01-04 15:54:37.598 672 968 D CCodecConfig: c2 config diff is c2::u32 coded.bitrate.value = 160000
01-04 15:54:37.598 672 968 D CCodecConfig: c2::u32 raw.channel-count.value = 2
01-04 15:54:37.598 672 968 D CCodecConfig: c2::u32 raw.sample-rate.value = 44100
01-04 15:54:37.599 672 963 E FMQ : grantorIdx must be less than 3
01-04 15:54:37.599 672 968 W Codec2Client: query -- param skipped: index = 1107298332.
01-04 15:54:37.599 672 968 D CCodec : setup formats input: AMessage(what = 0x00000000) = {
01-04 15:54:37.599 672 968 D CCodec : int32_t bitrate = 160000
01-04 15:54:37.599 672 968 D CCodec : int32_t channel-count = 2
01-04 15:54:37.599 672 968 D CCodec : int32_t max-input-size = 32768
01-04 15:54:37.599 672 968 D CCodec : string mime = "audio/vorbis"
01-04 15:54:37.599 672 968 D CCodec : int32_t sample-rate = 44100
01-04 15:54:37.599 672 968 D CCodec : } and output: AMessage(what = 0x00000000) = {
01-04 15:54:37.599 672 968 D CCodec : int32_t bitrate = 160000
01-04 15:54:37.599 672 968 D CCodec : int32_t channel-count = 2
01-04 15:54:37.599 672 968 D CCodec : string mime = "audio/raw"
01-04 15:54:37.599 672 968 D CCodec : int32_t sample-rate = 44100
01-04 15:54:37.599 672 968 D CCodec : int32_t channel-mask = 3
01-04 15:54:37.599 672 968 D CCodec : }
01-04 15:54:37.599 672 963 E FMQ : grantorIdx must be less than 3
01-04 15:54:37.600 672 963 D CCodecBufferChannel: [c2.android.vorbis.decoder#350] Created input block pool with allocatorID 16 => poolID 17 - OK (0)
01-04 15:54:37.600 672 968 W Codec2Client: query -- param skipped: index = 1342179345.
01-04 15:54:37.600 672 968 W Codec2Client: query -- param skipped: index = 2415921170.
01-04 15:54:37.601 459 823 E FMQ : grantorIdx must be less than 3
01-04 15:54:37.601 672 968 E FMQ : grantorIdx must be less than 3
01-04 15:54:37.601 459 823 E FMQ : grantorIdx must be less than 3
01-04 15:54:37.601 672 968 E FMQ : grantorIdx must be less than 3
01-04 15:54:37.601 672 968 D CCodecBufferChannel: [c2.android.vorbis.decoder#941] Created input block pool with allocatorID 16 => poolID 18 - OK (0)
01-04 15:54:37.602 672 963 I CCodecBufferChannel: [c2.android.vorbis.decoder#350] Created output block pool with allocatorID 16 => poolID 23 - OK
01-04 15:54:37.602 672 963 D CCodecBufferChannel: [c2.android.vorbis.decoder#350] Configured output block pool ids 23 => OK
01-04 15:54:37.602 459 823 E FMQ : grantorIdx must be less than 3
01-04 15:54:37.602 459 823 E FMQ : grantorIdx must be less than 3
01-04 15:54:37.602 837 962 D CdmaInboundSmsHandler: StartupState.enter: entering StartupState
01-04 15:54:37.603 672 963 E ion : ioctl c0044901 failed with code -1: Inappropriate ioctl for device
01-04 15:54:37.604 672 968 I CCodecBufferChannel: [c2.android.vorbis.decoder#941] Created output block pool with allocatorID 16 => poolID 24 - OK
01-04 15:54:37.604 672 968 D CCodecBufferChannel: [c2.android.vorbis.decoder#941] Configured output block pool ids 24 => OK
01-04 15:54:37.611 837 837 D SMSDispatcher: SMSDispatcher: ctor mSmsCapable=false format=3gpp mSmsSendDisabled=true
01-04 15:54:37.611 837 837 D GsmSMSDispatcher: GsmSMSDispatcher created
01-04 15:54:37.616 350 350 I WifiHAL : registering command 0
01-04 15:54:37.621 459 969 D SimpleC2Component: Using output block pool with poolID 23 => got 23 - 0
01-04 15:54:37.626 837 957 D GsmInboundSmsHandler: StartupState.processMessage: processing EVENT_START_ACCEPTING_SMS
01-04 15:54:37.626 837 957 D GsmInboundSmsHandler: IdleState.enter: entering IdleState
01-04 15:54:37.626 459 970 D SimpleC2Component: Using output block pool with poolID 24 => got 24 - 0
01-04 15:54:37.627 837 957 D GsmInboundSmsHandler: IdleState.processMessage: processing EVENT_RELEASE_WAKELOCK
01-04 15:54:37.627 350 350 I WifiHAL : registering command 0
01-04 15:54:37.627 837 962 D CdmaInboundSmsHandler: StartupState.processMessage: processing EVENT_START_ACCEPTING_SMS
01-04 15:54:37.627 837 962 D CdmaInboundSmsHandler: IdleState.enter: entering IdleState
01-04 15:54:37.627 837 962 D CdmaInboundSmsHandler: IdleState.processMessage: processing EVENT_RELEASE_WAKELOCK
01-04 15:54:37.629 672 963 E FMQ : grantorIdx must be less than 3
01-04 15:54:37.629 837 962 D CdmaInboundSmsHandler: IdleState.processMessage: EVENT_RELEASE_WAKELOCK: mWakeLock released
01-04 15:54:37.631 459 773 E FMQ : grantorIdx must be less than 3
01-04 15:54:37.633 672 968 E FMQ : grantorIdx must be less than 3
01-04 15:54:37.633 459 821 E FMQ : grantorIdx must be less than 3
01-04 15:54:37.635 837 957 D GsmInboundSmsHandler: IdleState.processMessage: EVENT_RELEASE_WAKELOCK: mWakeLock released
01-04 15:54:37.641 660 660 I wpa_supplicant: the nl80211 driver cmd is BTCOEXSCAN-STOP
01-04 15:54:37.641 660 660 I wpa_supplicant: the nl80211 driver cmd len is 15
01-04 15:54:37.642 837 837 D CdmaSSM : subscriptionSource from settings: 0
01-04 15:54:37.642 660 660 I wpa_supplicant: the nl80211 driver cmd is RXFILTER-STOP
01-04 15:54:37.642 660 660 I wpa_supplicant: the nl80211 driver cmd len is 13
01-04 15:54:37.642 837 837 D CdmaSSM : cdmaSSM constructor: 0
01-04 15:54:37.643 660 660 I wpa_supplicant: the nl80211 driver cmd is RXFILTER-ADD 2
01-04 15:54:37.643 660 660 I wpa_supplicant: the nl80211 driver cmd len is 14
01-04 15:54:37.643 660 660 I wpa_supplicant: the nl80211 driver cmd is RXFILTER-START
01-04 15:54:37.644 660 660 I wpa_supplicant: the nl80211 driver cmd len is 14
01-04 15:54:37.645 660 660 I wpa_supplicant: the nl80211 driver cmd is RXFILTER-STOP
01-04 15:54:37.645 660 660 I wpa_supplicant: the nl80211 driver cmd len is 13
01-04 15:54:37.645 837 837 D GsmCdmaPhone: [0] Precise phone type 1
01-04 15:54:37.645 837 837 D RILJ : setPhoneType=1 old value=0 [PHONE0]
01-04 15:54:37.645 660 660 I wpa_supplicant: the nl80211 driver cmd is RXFILTER-ADD 3
01-04 15:54:37.645 660 660 I wpa_supplicant: the nl80211 driver cmd len is 14
01-04 15:54:37.646 660 660 I wpa_supplicant: the nl80211 driver cmd is RXFILTER-START
01-04 15:54:37.646 660 660 I wpa_supplicant: the nl80211 driver cmd len is 14
01-04 15:54:37.647 660 660 I wpa_supplicant: the nl80211 driver cmd is SETSUSPENDMODE 0
01-04 15:54:37.647 660 660 I wpa_supplicant: the nl80211 driver cmd len is 16
01-04 15:54:37.653 837 837 D CarrierActionAgent: [0]Creating CarrierActionAgent
01-04 15:54:37.656 837 837 W CarrierConfigManager: Error getting config for subId -1 ICarrierConfigLoader is null
01-04 15:54:37.665 837 837 D TransportManager: operates in AP-assisted mode.
01-04 15:54:37.666 459 969 E FMQ : grantorIdx must be less than 3
01-04 15:54:37.666 672 967 E FMQ : grantorIdx must be less than 3
01-04 15:54:37.668 672 963 D CCodecBuffers: [c2.android.vorbis.decoder#350:Output[N]] popFromStashAndRegister: output format changed to AMessage(what = 0x00000000) = {
01-04 15:54:37.668 672 963 D CCodecBuffers: int32_t bitrate = 160000
01-04 15:54:37.668 672 963 D CCodecBuffers: int32_t channel-count = 2
01-04 15:54:37.668 672 963 D CCodecBuffers: string mime = "audio/raw"
01-04 15:54:37.668 672 963 D CCodecBuffers: int32_t sample-rate = 44100
01-04 15:54:37.668 672 963 D CCodecBuffers: int32_t channel-mask = 3
01-04 15:54:37.668 672 963 D CCodecBuffers: }
01-04 15:54:37.679 459 970 E FMQ : grantorIdx must be less than 3
01-04 15:54:37.680 672 967 E FMQ : grantorIdx must be less than 3
01-04 15:54:37.681 672 968 D CCodecBuffers: [c2.android.vorbis.decoder#941:Output[N]] popFromStashAndRegister: output format changed to AMessage(what = 0x00000000) = {
01-04 15:54:37.681 672 968 D CCodecBuffers: int32_t bitrate = 160000
01-04 15:54:37.681 672 968 D CCodecBuffers: int32_t channel-count = 2
01-04 15:54:37.681 672 968 D CCodecBuffers: string mime = "audio/raw"
01-04 15:54:37.681 672 968 D CCodecBuffers: int32_t sample-rate = 44100
01-04 15:54:37.681 672 968 D CCodecBuffers: int32_t channel-mask = 3
01-04 15:54:37.681 672 968 D CCodecBuffers: }
01-04 15:54:37.694 837 837 W CarrierConfigManager: Error getting config for subId -1 ICarrierConfigLoader is null
01-04 15:54:37.695 535 591 D TelephonyRegistry: listen oscl: mHasNotifySubscriptionInfoChangedOccurred==false no callback
01-04 15:54:37.704 837 837 D NRM-C-0 : registerForNetworkRegistrationInfoChanged
01-04 15:54:37.704 535 545 I chatty : uid=1000(system) HeapTaskDaemon expire 1 line
01-04 15:54:37.706 837 837 D NRM-I-0 : registerForNetworkRegistrationInfoChanged
01-04 15:54:37.718 672 672 D NavigationModeController: getCurrentInteractionMode: mode=0 contextUser=0
