07-18 09:23:40.442 289 289 D SystemServerTiming: StartSearchManagerService took to complete: 2ms
07-18 09:23:40.442 289 289 I SystemServer: StartWallpaperManagerService
07-18 09:23:40.442 289 289 I SystemServiceManager: Starting com.android.server.wallpaper.WallpaperManagerService$Lifecycle
07-18 09:23:40.444 289 289 I WallpaperManagerService: No static wallpaper imagery; defaults will be shown
07-18 09:23:40.445 289 289 D SystemServerTiming: StartWallpaperManagerService took to complete: 3ms
07-18 09:23:40.445 289 289 I SystemServer: StartAudioService
07-18 09:23:40.445 289 289 I SystemServiceManager: Starting com.android.server.audio.AudioService$Lifecycle
07-18 09:23:40.452 209 209 D PermissionCache: checking android.permission.MODIFY_AUDIO_SETTINGS for uid=1000 => granted (438 us)
07-18 09:23:40.452 289 289 W TelecomManager: Telecom Service not found.
07-18 09:23:40.454 209 270 W AudioFlinger: no wake lock to update, system not ready yet
07-18 09:23:40.455 186 273 W DeviceHAL: Device 0xb3def000 set_mic_mute: Function not implemented
07-18 09:23:40.455 186 273 W DeviceHAL: Device 0xb3183d80 set_mic_mute: Function not implemented
07-18 09:23:40.466 289 289 D SystemServerTiming: StartAudioService took to complete: 21ms
07-18 09:23:40.466 289 289 I SystemServer: StartDockObserver
07-18 09:23:40.466 289 289 I SystemServiceManager: Starting com.android.server.DockObserver
07-18 09:23:40.467 289 289 W DockObserver: This kernel does not have dock station support
07-18 09:23:40.467 289 289 D SystemServerTiming: StartDockObserver took to complete: 1ms
07-18 09:23:40.468 289 289 I SystemServer: StartWiredAccessoryManager
07-18 09:23:40.468 289 289 W WiredAccessoryManager: This kernel does not have wired headset support
07-18 09:23:40.468 289 289 W WiredAccessoryManager: This kernel does not have usb audio support
07-18 09:23:40.468 289 289 W WiredAccessoryManager: This kernel does not have HDMI audio support
07-18 09:23:40.468 289 289 D SystemServerTiming: StartWiredAccessoryManager took to complete: 1ms
07-18 09:23:40.468 289 289 I SystemServer: StartUsbService
07-18 09:23:40.469 289 289 I SystemServiceManager: Starting com.android.server.usb.UsbService$Lifecycle
07-18 09:23:40.471 289 289 E UsbDeviceManager: failed to write to /sys/class/android_usb/android0/f_rndis/ethaddr
07-18 09:23:40.472 289 289 E UsbDeviceManagerJNI: could not open /dev/usb_accessory
07-18 09:23:40.474 289 289 I system_server: Looking for service android.hidl.manager@1.0::IServiceManager/default
07-18 09:23:40.475 289 289 I system_server: Starting thread pool.
07-18 09:23:40.476 289 346 I UsbPortManager: Usb hal service started android.hardware.usb@1.0::IUsb default
07-18 09:23:40.476 289 289 I system_server: Looking for service android.hardware.usb@1.0::IUsb/default
07-18 09:23:40.476 157 157 W /system/bin/hwservicemanager: getTransport: Cannot find entry android.hardware.usb@1.0::IUsb/default in either framework or device manifest.
07-18 09:23:40.476 289 289 I system_server: Starting thread pool.
07-18 09:23:40.477 191 191 I android.hardware.usb@1.0-service: registering callback
07-18 09:23:40.477 191 191 E android.hardware.usb@1.0-service: Failed to open /sys/class/dual_role_usb
07-18 09:23:40.478 191 378 E android.hardware.usb@1.0-service: creating thread
07-18 09:23:40.479 289 289 D SystemServerTiming: StartUsbService took to complete: 10ms
07-18 09:23:40.479 289 289 I SystemServer: StartSerialService
07-18 09:23:40.479 289 289 D SystemServerTiming: StartSerialService took to complete: 0ms
07-18 09:23:40.479 289 289 I SystemServer: StartHardwarePropertiesManagerService
07-18 09:23:40.480 157 157 W /system/bin/hwservicemanager: getTransport: Cannot find entry android.hardware.thermal@1.0::IThermal/default in either framework or device manifest.
07-18 09:23:40.480 289 289 E HardwarePropertiesManagerService-JNI: Unable to get Thermal service.
07-18 09:23:40.481 289 289 D SystemServerTiming: StartHardwarePropertiesManagerService took to complete: 1ms
07-18 09:23:40.481 289 289 I SystemServer: StartTwilightService
07-18 09:23:40.481 289 289 I SystemServiceManager: Starting com.android.server.twilight.TwilightService
07-18 09:23:40.481 289 289 D SystemServerTiming: StartTwilightService took to complete: 1ms
07-18 09:23:40.481 289 289 I SystemServer: StartJobScheduler
07-18 09:23:40.481 289 289 I SystemServiceManager: Starting com.android.server.job.JobSchedulerService
07-18 09:23:40.484 289 289 I JobStore: Read 0 jobs
07-18 09:23:40.485 289 289 D ConnectivityService: requestNetwork for uid/pid:1000/289 NetworkRequest [ TRACK_DEFAULT id=3, [ Capabilities: INTERNET&NOT_RESTRICTED&TRUSTED&NOT_VPN] ]
07-18 09:23:40.487 289 289 D SystemServerTiming: StartJobScheduler took to complete: 6ms
07-18 09:23:40.487 289 289 I SystemServer: StartSoundTrigger
07-18 09:23:40.488 289 289 I SystemServiceManager: Starting com.android.server.soundtrigger.SoundTriggerService
07-18 09:23:40.489 289 289 D SystemServerTiming: StartSoundTrigger took to complete: 1ms
07-18 09:23:40.489 289 289 I SystemServer: StartTrustManager
07-18 09:23:40.489 289 289 I SystemServiceManager: Starting com.android.server.trust.TrustManagerService
07-18 09:23:40.490 289 289 D SystemServerTiming: StartTrustManager took to complete: 1ms
07-18 09:23:40.490 289 289 I SystemServer: StartBackupManager
07-18 09:23:40.490 289 289 I SystemServiceManager: Starting com.android.server.backup.BackupManagerService$Lifecycle
07-18 09:23:40.491 289 289 D SystemServerTiming: StartBackupManager took to complete: 2ms
07-18 09:23:40.491 289 289 I SystemServer: StartAppWidgerService
07-18 09:23:40.491 289 289 I SystemServiceManager: Starting com.android.server.appwidget.AppWidgetService
07-18 09:23:40.497 289 289 D SystemServerTiming: StartAppWidgerService took to complete: 6ms
07-18 09:23:40.497 289 289 I SystemServer: StartVoiceRecognitionManager
07-18 09:23:40.497 289 289 I SystemServiceManager: Starting com.android.server.voiceinteraction.VoiceInteractionManagerService
07-18 09:23:40.498 289 289 D SystemServerTiming: StartVoiceRecognitionManager took to complete: 1ms
07-18 09:23:40.499 289 289 I SystemServer: StartGestureLauncher
07-18 09:23:40.499 289 289 I SystemServiceManager: Starting com.android.server.GestureLauncherService
07-18 09:23:40.499 289 289 D SystemServerTiming: StartGestureLauncher took to complete: 0ms
07-18 09:23:40.499 289 289 I SystemServer: StartSensorNotification
07-18 09:23:40.499 289 289 I SystemServiceManager: Starting com.android.server.SensorNotificationService
07-18 09:23:40.499 289 289 D SystemServerTiming: StartSensorNotification took to complete: 0ms
07-18 09:23:40.499 289 289 I SystemServer: StartContextHubSystemService
07-18 09:23:40.499 289 289 I SystemServiceManager: Starting com.android.server.ContextHubSystemService
07-18 09:23:40.499 289 333 D SystemServerInitThreadPool: Started executing Init ContextHubSystemService
07-18 09:23:40.500 289 289 D SystemServerTiming: StartContextHubSystemService took to complete: 1ms
07-18 09:23:40.500 289 289 I SystemServer: StartDiskStatsService
07-18 09:23:40.500 157 157 W /system/bin/hwservicemanager: getTransport: Cannot find entry android.hardware.contexthub@1.0::IContexthub/default in either framework or device manifest.
07-18 09:23:40.501 289 333 E ContextHubService: Could not load context hub hal
07-18 09:23:40.501 289 333 W ContextHubService: No Context Hub Module present
07-18 09:23:40.501 289 333 D SystemServerInitThreadPool: Finished executing Init ContextHubSystemService
07-18 09:23:40.502 289 289 D SystemServerTiming: StartDiskStatsService took to complete: 1ms
07-18 09:23:40.502 289 289 I SystemServer: StartNetworkTimeUpdateService
07-18 09:23:40.502 289 289 D SystemServerTiming: StartNetworkTimeUpdateService took to complete: 1ms
07-18 09:23:40.503 289 289 I SystemServer: StartCommonTimeManagementService
07-18 09:23:40.503 289 289 D SystemServerTiming: StartCommonTimeManagementService took to complete: 1ms
07-18 09:23:40.503 289 289 I SystemServer: CertBlacklister
07-18 09:23:40.504 289 289 D SystemServerTiming: CertBlacklister took to complete: 1ms
07-18 09:23:40.504 289 289 I SystemServer: StartEmergencyAffordanceService
07-18 09:23:40.504 289 289 I SystemServiceManager: Starting com.android.server.emergency.EmergencyAffordanceService
07-18 09:23:40.504 289 289 D SystemServerTiming: StartEmergencyAffordanceService took to complete: 0ms
07-18 09:23:40.505 289 289 I SystemServer: StartDreamManager
07-18 09:23:40.505 289 289 I SystemServiceManager: Starting com.android.server.dreams.DreamManagerService
07-18 09:23:40.506 289 289 D SystemServerTiming: StartDreamManager took to complete: 2ms
07-18 09:23:40.506 289 289 I SystemServer: AddGraphicsStatsService
07-18 09:23:40.507 289 289 D SystemServerTiming: AddGraphicsStatsService took to complete: 1ms
07-18 09:23:40.508 289 289 I SystemServer: StartRestrictionManager
07-18 09:23:40.508 289 289 I SystemServiceManager: Starting com.android.server.restrictions.RestrictionsManagerService
07-18 09:23:40.509 289 289 D SystemServerTiming: StartRestrictionManager took to complete: 1ms
07-18 09:23:40.509 289 289 I SystemServer: StartMediaSessionService
07-18 09:23:40.509 289 289 I SystemServiceManager: Starting com.android.server.media.MediaSessionService
07-18 09:23:40.511 289 289 D SystemServerTiming: StartMediaSessionService took to complete: 2ms
07-18 09:23:40.511 289 289 I SystemServer: StartMediaRouterService
07-18 09:23:40.512 289 289 D SystemServerTiming: StartMediaRouterService took to complete: 1ms
07-18 09:23:40.512 289 289 I SystemServer: StartBackgroundDexOptService
07-18 09:23:40.512 289 289 W BackgroundDexOptService: SysProp pm.dexopt.downgrade_after_inactive_days not set
07-18 09:23:40.512 289 289 D SystemServerTiming: StartBackgroundDexOptService took to complete: 0ms
07-18 09:23:40.512 289 289 I SystemServer: StartPruneInstantAppsJobService
07-18 09:23:40.513 289 289 D SystemServerTiming: StartPruneInstantAppsJobService took to complete: 0ms
07-18 09:23:40.513 289 289 I SystemServer: StartShortcutServiceLifecycle
07-18 09:23:40.513 289 289 I SystemServiceManager: Starting com.android.server.pm.ShortcutService$Lifecycle
07-18 09:23:40.516 289 289 D SystemServerTiming: StartShortcutServiceLifecycle took to complete: 4ms
07-18 09:23:40.516 289 289 I SystemServer: StartLauncherAppsService
07-18 09:23:40.516 289 289 I SystemServiceManager: Starting com.android.server.pm.LauncherAppsService
07-18 09:23:40.517 289 289 D SystemServerTiming: StartLauncherAppsService took to complete: 1ms
07-18 09:23:40.517 289 289 I SystemServer: StartMediaProjectionManager
07-18 09:23:40.517 289 289 I SystemServiceManager: Starting com.android.server.media.projection.MediaProjectionManagerService
07-18 09:23:40.518 289 289 V MediaRouter: Adding route: RouteInfo{ name=Tablet, description=null, status=null, category=RouteCategory{ name=System types=ROUTE_TYPE_LIVE_AUDIO ROUTE_TYPE_LIVE_VIDEO groupable=false }, supportedTypes=ROUTE_TYPE_LIVE_AUDIO ROUTE_TYPE_LIVE_VIDEO , presentationDisplay=null }
07-18 09:23:40.519 289 289 V MediaRouter: Selecting route: RouteInfo{ name=Tablet, description=null, status=null, category=RouteCategory{ name=System types=ROUTE_TYPE_LIVE_AUDIO ROUTE_TYPE_LIVE_VIDEO groupable=false }, supportedTypes=ROUTE_TYPE_LIVE_AUDIO ROUTE_TYPE_LIVE_VIDEO , presentationDisplay=null }
07-18 09:23:40.521 289 289 D SystemServerTiming: StartMediaProjectionManager took to complete: 4ms
07-18 09:23:40.521 289 289 I SystemServer: StartCameraServiceProxy
07-18 09:23:40.521 289 289 I SystemServiceManager: Starting com.android.server.camera.CameraServiceProxy
07-18 09:23:40.522 289 381 I ServiceThread: Enabled StrictMode logging for CameraService_proxy looper.
07-18 09:23:40.523 289 289 D SystemServerTiming: StartCameraServiceProxy took to complete: 2ms
07-18 09:23:40.524 289 289 I WindowManager: SAFE MODE not enabled
07-18 09:23:40.524 289 289 I SystemServer: StartJitCompilation
07-18 09:23:40.524 289 289 D SystemServerTiming: StartJitCompilation took to complete: 0ms
07-18 09:23:40.524 289 289 I SystemServer: StartMmsService
07-18 09:23:40.524 289 289 I SystemServiceManager: Starting com.android.server.MmsServiceBroker
07-18 09:23:40.525 289 289 D SystemServerTiming: StartMmsService took to complete: 2ms
07-18 09:23:40.525 289 289 I SystemServer: MakeVibratorServiceReady
07-18 09:23:40.526 289 289 D SystemServerTiming: MakeVibratorServiceReady took to complete: 1ms
07-18 09:23:40.526 289 289 I SystemServer: MakeLockSettingsServiceReady
07-18 09:23:40.538 289 289 I system_server: Looking for service android.hardware.weaver@1.0::IWeaver/default
07-18 09:23:40.539 157 157 W /system/bin/hwservicemanager: getTransport: Cannot find entry android.hardware.weaver@1.0::IWeaver/default in either framework or device manifest.
07-18 09:23:40.539 289 289 I SyntheticPasswordManager: Device does not support weaver
07-18 09:23:40.540 289 289 E LockSettingsStorage: Cannot read file java.io.FileNotFoundException: /data/system/gatekeeper.password.key: open failed: ENOENT (No such file or directory)
07-18 09:23:40.540 289 289 E LockSettingsStorage: Cannot read file java.io.FileNotFoundException: /data/system/password.key: open failed: ENOENT (No such file or directory)
07-18 09:23:40.541 289 289 E LockSettingsStorage: Cannot read file java.io.FileNotFoundException: /data/system/gatekeeper.pattern.key: open failed: ENOENT (No such file or directory)
07-18 09:23:40.541 289 289 E LockSettingsStorage: Cannot read file java.io.FileNotFoundException: /data/system/gatekeeper.gesture.key: open failed: ENOENT (No such file or directory)
07-18 09:23:40.541 289 289 E LockSettingsStorage: Cannot read file java.io.FileNotFoundException: /data/system/gesture.key: open failed: ENOENT (No such file or directory)
07-18 09:23:40.541 289 289 D SystemServerTiming: MakeLockSettingsServiceReady took to complete: 15ms
07-18 09:23:40.541 289 289 I SystemServer: StartBootPhaseLockSettingsReady
07-18 09:23:40.541 289 289 I SystemServiceManager: Starting phase 480
07-18 09:23:40.544 289 289 I DevicePolicyManager: Set ro.device_owner property to false
07-18 09:23:40.546 289 289 W ShortcutService: Clock rewound
07-18 09:23:40.546 289 289 D SystemServerTiming: StartBootPhaseLockSettingsReady took to complete: 5ms
07-18 09:23:40.546 289 289 I SystemServer: StartBootPhaseSystemServicesReady
07-18 09:23:40.546 289 289 I SystemServiceManager: Starting phase 500
07-18 09:23:40.549 289 289 I VrManagerService: No default vr listener service found.
07-18 09:23:40.552 289 289 I WifiService: WifiService starting up with Wi-Fi disabled
07-18 09:23:40.559 289 360 I system_server: Looking for service android.hidl.manager@1.0::IServiceManager/default
07-18 09:23:40.560 289 360 I system_server: Starting thread pool.
07-18 09:23:40.561 289 345 D HalDeviceManager: IWifi registration notification: fqName=android.hardware.wifi@1.0::IWifi, name=default, preexisting=true
07-18 09:23:40.561 157 157 W /system/bin/hwservicemanager: getTransport: Cannot find entry android.hardware.wifi@1.0::IWifi/default in either framework or device manifest.
07-18 09:23:40.562 289 345 I system_server: Looking for service android.hardware.wifi@1.0::IWifi/default
07-18 09:23:40.562 289 289 I WifiScanningService: Starting wifiscanner
07-18 09:23:40.562 157 157 W /system/bin/hwservicemanager: getTransport: Cannot find entry android.hardware.wifi@1.0::IWifi/default in either framework or device manifest.
07-18 09:23:40.563 289 345 I system_server: Starting thread pool.
07-18 09:23:40.565 289 289 I RttService: Registering rttmanager
07-18 09:23:40.566 289 289 I EthernetServiceImpl: Starting Ethernet service
07-18 09:23:40.568 289 289 D Ethernet: Registering NetworkFactory
07-18 09:23:40.570 289 289 D ZenLog : config: cleanUpZenRules,ZenModeConfig[user=0,allowCalls=true,allowRepeatCallers=false,allowMessages=false,allowCallsFrom=contacts,allowMessagesFrom=contacts,allowReminders=true,allowEvents=true,allowWhenScreenOff=true,allowWhenScreenOn=true,automaticRules={EVENTS_DEFAULT_RULE=ZenRule[enabled=false,snoozing=false,name=Event,zenMode=ZEN_MODE_ALARMS,conditionId=condition://android/event?userId=-10000&calendar=&reply=1,condition=Condition[id=condition://android/event?userId=-10000&calendar=&reply=1,summary=...,line1=...,line2=...,icon=0,state=STATE_FALSE,flags=2],component=ComponentInfo{android/com.android.server.notification.EventConditionProvider},id=EVENTS_DEFAULT_RULE,creationTime=1563441821299,enabler=null], SCHEDULED_DEFAULT_RULE_1=ZenRule[enabled=false,snoozing=false,name=Weeknight,zenMode=ZEN_MODE_ALARMS,conditionId=condition://android/schedule?days=1.2.3.4.5&start=22.0&end=7.0&exitAtAlarm=false,condition=Condition[id=condition://android/schedule?days=1.2.3.4.5&start=22.0&end=7.0&exitAtAlarm=false,summary=...,line1=...,line2=...,icon=0,state=STATE_FALSE,flags=2],component=ComponentInfo{android/com.android.server.notification.ScheduleConditionProvider},id=SCHEDULED_DEFAULT_RULE_1,creationTime=1563441821298,enabler=null], SCHEDULED_DEFAULT_RULE_2=ZenRule[enabled=false,snoozing=false,name=Weekend,zenMode=ZEN_MODE_ALARMS,conditionId=condition://android/schedule?days=6.7&start=23.30&end=10.0&exitAtAlarm=false,condition=Condition[id=condition://android/schedule?days=6.7&start=23.30&end=10.0&exitAtAlarm=false,summary=...,line1=...,line2=...,icon=0,state=STATE_FALSE,flags=2],component=ComponentInfo{android/com.android.server.notification.ScheduleConditionProvider},id=SCHEDULED_DEFAULT_RULE_2,creationTime=1563441821298,enabler=null]},manualRule=null],Diff[]
07-18 09:23:40.570 289 289 D ZenLog : set_zen_mode: off,onSystemReady
07-18 09:23:40.572 289 367 D ConnectivityService: Got NetworkFactory Messenger for Ethernet
07-18 09:23:40.573 209 209 D PermissionCache: checking android.permission.CAPTURE_AUDIO_HOTWORD for uid=1000 => granted (112 us)
07-18 09:23:40.573 289 289 W SoundTriggerHelper: listModules status=0, # of modules=0
07-18 09:23:40.579 289 289 D ContextHubSystemService: onBootPhase: PHASE_SYSTEM_SERVICES_READY
07-18 09:23:40.579 289 383 D EthernetNetworkFactory: Started tracking interface eth0
07-18 09:23:40.580 289 289 D SystemServerTiming: StartBootPhaseSystemServicesReady took to complete: 34ms
07-18 09:23:40.580 289 289 I SystemServer: MakeWindowManagerServiceReady
07-18 09:23:40.586 289 289 I system_server: Looking for service android.hardware.configstore@1.0::ISurfaceFlingerConfigs/default
07-18 09:23:40.586 157 157 W /system/bin/hwservicemanager: getTransport: Cannot find entry android.hardware.configstore@1.0::ISurfaceFlingerConfigs/default in either framework or device manifest.
07-18 09:23:40.586 166 182 D CommandListener: Setting iface cfg
07-18 09:23:40.587 166 182 D CommandListener: Trying to bring up eth0
07-18 09:23:40.597 289 289 I system_server: Starting thread pool.
07-18 09:23:40.599 289 289 D SystemServerTiming: MakeWindowManagerServiceReady took to complete: 18ms
07-18 09:23:40.600 289 289 I SystemServer: MakePowerManagerServiceReady
07-18 09:23:40.620 289 315 W KeyguardServiceDelegate: onScreenTurningOn(): no keyguard service!
07-18 09:23:40.622 289 289 D SystemServerTiming: MakePowerManagerServiceReady took to complete: 22ms
07-18 09:23:40.622 289 289 I SystemServer: MakePackageManagerServiceReady
07-18 09:23:40.625 289 289 V UserDataPreparer: Found /data/user_de/0 with serial number 0
07-18 09:23:40.625 289 289 V UserDataPreparer: Found /data/user/0 with serial number 0
07-18 09:23:40.625 289 289 V UserDataPreparer: Found /data/system_de/0 with serial number 0
07-18 09:23:40.626 289 289 V UserDataPreparer: Found /data/system_ce/0 with serial number 0
07-18 09:23:40.626 289 289 V UserDataPreparer: Found /data/misc_ce/0 with serial number -1
07-18 09:23:40.626 289 289 D UserDataPreparer: Serial number missing on /data/misc_ce/0; assuming current is valid
07-18 09:23:40.626 289 289 D SystemServerTiming: MakePackageManagerServiceReady took to complete: 4ms
07-18 09:23:40.626 289 289 I SystemServer: MakeDisplayManagerServiceReady
07-18 09:23:40.630 289 313 E HalDeviceManager: Should have at least 1 chip!
07-18 09:23:40.630 289 313 E HalDeviceManager: createIface: no chip info found
07-18 09:23:40.630 289 289 D SystemServerTiming: MakeDisplayManagerServiceReady took to complete: 3ms
07-18 09:23:40.631 289 289 I ActivityManager: System now ready
07-18 09:23:40.635 289 289 I SystemServer: Making services ready
07-18 09:23:40.636 289 289 I SystemServer: StartActivityManagerReadyPhase
07-18 09:23:40.636 289 289 I SystemServiceManager: Starting phase 550
07-18 09:23:40.710 289 289 I ActivityManager: Start proc 388:com.android.inputmethod.latin/u0a50 for service com.android.inputmethod.latin/.LatinIME
07-18 09:23:40.711 289 352 D StorageManagerService: Thinking about init, mSystemReady=true, mDaemonConnected=true
07-18 09:23:40.711 289 352 D StorageManagerService: Setting up emulation state, initlocked=false
07-18 09:23:40.712 289 352 D CryptdConnector: SND -> {2 cryptfs unlock_user_key 0 0 ! !}
07-18 09:23:40.712 160 164 D vold : e4crypt_unlock_user_key 0 serial=0 token_present=0
07-18 09:23:40.712 289 354 D CryptdConnector: RCV <- {200 2 Command succeeded}
07-18 09:23:40.713 289 352 D StorageManagerService: Thinking about reset, mSystemReady=true, mDaemonConnected=true
07-18 09:23:40.713 289 352 D VoldConnector: SND -> {3 volume reset}
07-18 09:23:40.713 289 304 I ActivityManager: Force stopping com.android.providers.media appid=10008 user=-1: vold reset
07-18 09:23:40.714 289 289 E BitmapFactory: Unable to decode stream: java.io.FileNotFoundException: /data/system/users/0/wallpaper_orig (No such file or directory)
07-18 09:23:40.714 289 289 W WallpaperManagerService: Invalid wallpaper data
07-18 09:23:40.714 289 289 E WallpaperManagerService: Unable to apply new wallpaper
07-18 09:23:40.714 289 289 V WallpaperManagerService: bindWallpaperComponentLocked: componentName=null
07-18 09:23:40.714 289 289 V WallpaperManagerService: No default component; using image wallpaper
07-18 09:23:40.715 289 353 D VoldConnector: RCV <- {651 emulated 7}
07-18 09:23:40.716 289 353 D VoldConnector: RCV <- {659 emulated}
07-18 09:23:40.716 289 353 D VoldConnector: RCV <- {650 emulated 2 "" ""}
07-18 09:23:40.716 289 353 D VoldConnector: RCV <- {651 emulated 0}
07-18 09:23:40.716 289 353 D VoldConnector: RCV <- {200 3 Command succeeded}
07-18 09:23:40.717 289 352 D VoldConnector: SND -> {4 volume user_added 0 0}
07-18 09:23:40.717 289 311 V StorageManagerService: Found primary storage at VolumeInfo{emulated}:
07-18 09:23:40.717 289 311 V StorageManagerService: type=EMULATED diskId=null partGuid=null mountFlags=0 mountUserId=-1
07-18 09:23:40.717 289 311 V StorageManagerService: state=UNMOUNTED
07-18 09:23:40.717 289 311 V StorageManagerService: fsType=null fsUuid=null fsLabel=null
07-18 09:23:40.717 289 311 V StorageManagerService: path=null internalPath=null
07-18 09:23:40.717 289 353 D VoldConnector: RCV <- {200 4 Command succeeded}
07-18 09:23:40.738 289 289 I ActivityManager: Start proc 395:com.android.systemui/u0a20 for service com.android.systemui/.ImageWallpaper
07-18 09:23:40.739 289 352 D VoldConnector: SND -> {5 volume mount emulated 3 -1}
07-18 09:23:40.741 160 163 V vold : Waiting for FUSE to spin up...
07-18 09:23:40.741 289 289 D UsbAlsaManager: Adding ALSA device AlsaDevice: [card: 0, device: 0, type: 2]
07-18 09:23:40.741 289 353 D VoldConnector: RCV <- {651 emulated 1}
07-18 09:23:40.741 289 289 D UsbAlsaManager: Adding ALSA device AlsaDevice: [card: 0, device: 0, type: 1]
07-18 09:23:40.741 289 289 D UsbAlsaManager: Adding ALSA device AlsaDevice: [card: 1, device: 0, type: 1]
07-18 09:23:40.741 289 353 D VoldConnector: RCV <- {656 emulated /data/media}
07-18 09:23:40.741 289 353 D VoldConnector: RCV <- {655 emulated /storage/emulated}
07-18 09:23:40.743 289 289 D SystemServerTiming: StartActivityManagerReadyPhase took to complete: 107ms
07-18 09:23:40.743 289 289 I SystemServer: StartObservingNativeCrashes
07-18 09:23:40.743 289 289 D SystemServerTiming: StartObservingNativeCrashes took to complete: 1ms
07-18 09:23:40.743 289 289 I SystemServer: StartCarServiceHelperService
07-18 09:23:40.743 289 337 D SystemServerInitThreadPool: Started executing WebViewFactoryPreparation
07-18 09:23:40.743 289 337 I SystemServer: WebViewFactoryPreparation
07-18 09:23:40.743 289 289 I SystemServiceManager: Starting com.android.server.car.CarServiceHelperService
07-18 09:23:40.744 191 191 E android.hardware.usb@1.0-service: Failed to open /sys/class/dual_role_usb
07-18 09:23:40.744 289 345 E UsbPortManager: port status enquiry failed
07-18 09:23:40.744 289 289 W ActivityManager: Unable to start service Intent { act=android.car.ICar pkg=com.android.car } U=0: not found
07-18 09:23:40.745 289 289 E CarServiceHelper: cannot start car service
07-18 09:23:40.746 289 337 D WebViewLibraryLoader: Setting new address space to 104857600
07-18 09:23:40.748 289 375 E BluetoothAdapter: Bluetooth binder is null
07-18 09:23:40.748 289 375 E BluetoothAdapter: Bluetooth binder is null
07-18 09:23:40.750 209 209 I AudioFlinger: systemReady
07-18 09:23:40.751 289 311 W TelecomManager: Telecom Service not found.
07-18 09:23:40.751 289 311 D UsbDeviceManager: push notification:USB charging this device
07-18 09:23:40.753 289 311 W TelecomManager: Telecom Service not found.
07-18 09:23:40.761 289 289 D SystemServerTiming: StartCarServiceHelperService took to complete: 18ms
07-18 09:23:40.761 289 289 I SystemServer: StartSystemUI
07-18 09:23:40.762 289 289 D SystemServerTiming: StartSystemUI took to complete: 1ms
07-18 09:23:40.762 289 289 I SystemServer: MakeNetworkScoreReady
07-18 09:23:40.763 289 289 D SystemServerTiming: MakeNetworkScoreReady took to complete: 0ms
07-18 09:23:40.763 289 289 I SystemServer: MakeNetworkManagementServiceReady
07-18 09:23:40.763 289 289 D NetworkManagement: enabling bandwidth control
07-18 09:23:40.769 289 405 V NuMediaExtractor: setDataSource fd=162 (/system/media/audio/ui/Effect_Tick.ogg), offset=0, length=5136
07-18 09:23:40.791 160 163 V vold : Waiting for FUSE to spin up...
07-18 09:23:40.792 289 405 V NuMediaExtractor: track of type 'audio/vorbis' does not publish bitrate
07-18 09:23:40.795 157 157 W /system/bin/hwservicemanager: getTransport: Cannot find entry android.hardware.media.omx@1.0::IOmxStore/default in either framework or device manifest.
07-18 09:23:40.797 157 157 W /system/bin/hwservicemanager: getTransport: Cannot find entry android.hardware.media.omx@1.0::IOmx/default in either framework or device manifest.
07-18 09:23:40.798 217 238 I OMXClient: Treble IOmx obtained
07-18 09:23:40.798 221 251 I OMXMaster: makeComponentInstance(OMX.google.aac.decoder) in omx@1.0-service process
07-18 09:23:40.800 289 337 I ActivityManager: Start proc 425:WebViewLoader-armeabi-v7a/1037 [android.webkit.WebViewLibraryLoader$RelroFileCreator] for
07-18 09:23:40.808 401 401 W /system/bin/sdcard: Device explicitly enabled sdcardfs
07-18 09:23:40.822 289 337 D SystemServerTimingAsync: WebViewFactoryPreparation took to complete: 79ms
07-18 09:23:40.822 289 337 D SystemServerInitThreadPool: Finished executing WebViewFactoryPreparation
07-18 09:23:40.826 289 383 D Ethernet: got request NetworkRequest [ REQUEST id=1, [ Capabilities: INTERNET&NOT_RESTRICTED&TRUSTED&NOT_VPN] ] with score 0
07-18 09:23:40.826 289 383 D EthernetNetworkFactory: starting IpManager(eth0): mNetworkInfo=[type: Ethernet[], state: UNKNOWN/IDLE, reason: (unspecified), extra: 7c:38:66:7c:cc:c4, failover: false, available: true, roaming: false]
07-18 09:23:40.832 157 157 W /system/bin/hwservicemanager: getTransport: Cannot find entry android.hardware.media.omx@1.0::IOmx/default in either framework or device manifest.
07-18 09:23:40.833 217 238 I OMXClient: Treble IOmx obtained
07-18 09:23:40.833 221 250 I OMXMaster: makeComponentInstance(OMX.google.amrnb.decoder) in omx@1.0-service process
07-18 09:23:40.844 160 163 V vold : Waiting for FUSE to spin up...
07-18 09:23:40.849 166 182 D CommandListener: Clearing all IP addresses on eth0
07-18 09:23:40.853 289 383 D Ethernet: got request NetworkRequest [ TRACK_DEFAULT id=3, [ Capabilities: INTERNET&NOT_RESTRICTED&TRUSTED&NOT_VPN] ] with score 0
07-18 09:23:40.853 289 383 D EthernetNetworkFactory: updateInterface: eth0 link down
07-18 09:23:40.853 289 383 D EthernetNetworkFactory: updateInterface: eth0 link down
07-18 09:23:40.858 289 289 W NetworkManagement: setDataSaverMode(): already false
07-18 09:23:40.860 289 289 D SystemServerTiming: MakeNetworkManagementServiceReady took to complete: 98ms
07-18 09:23:40.860 289 289 I SystemServer: MakeNetworkStatsServiceReady
07-18 09:23:40.861 289 307 I WifiService: requestActivityInfo uid=1000
07-18 09:23:40.861 289 307 I WifiService: reportActivityInfo uid=1000
07-18 09:23:40.861 289 307 I WifiService: getSupportedFeatures uid=1000
07-18 09:23:40.864 289 307 E BatteryExternalStatsWorker: no controller energy info supplied for wifi
07-18 09:23:40.864 289 307 E BatteryExternalStatsWorker: no controller energy info supplied for telephony
07-18 09:23:40.872 289 357 D NetworkPolicy: setRestrictBackgroundUL(): false
07-18 09:23:40.874 289 357 W NetworkManagement: setDataSaverMode(): already false
07-18 09:23:40.876 157 157 W /system/bin/hwservicemanager: getTransport: Cannot find entry android.hardware.media.omx@1.0::IOmx/default in either framework or device manifest.
07-18 09:23:40.877 217 238 I OMXClient: Treble IOmx obtained
07-18 09:23:40.877 221 250 I OMXMaster: makeComponentInstance(OMX.google.amrwb.decoder) in omx@1.0-service process
07-18 09:23:40.882 425 425 V WebViewLibraryLoader: RelroFileCreator (64bit = false), 32-bit lib: /system/app/webview/webview.apk!/lib/armeabi-v7a/libwebviewchromium.so, 64-bit lib:
07-18 09:23:40.891 395 395 I zygote : The ClassLoaderContext is a special shared library.
07-18 09:23:40.892 388 388 I zygote : The ClassLoaderContext is a special shared library.
07-18 09:23:40.894 289 353 D VoldConnector: RCV <- {651 emulated 2}
07-18 09:23:40.895 289 353 D VoldConnector: RCV <- {200 5 Command succeeded}
07-18 09:23:40.896 289 443 D DhcpClient: doQuit
07-18 09:23:40.909 157 157 W /system/bin/hwservicemanager: getTransport: Cannot find entry android.hardware.media.omx@1.0::IOmx/default in either framework or device manifest.
07-18 09:23:40.910 289 289 D SystemServerTiming: MakeNetworkStatsServiceReady took to complete: 50ms
07-18 09:23:40.910 217 238 I OMXClient: Treble IOmx obtained
07-18 09:23:40.910 289 289 I SystemServer: MakeConnectivityServiceReady
07-18 09:23:40.911 221 250 I OMXMaster: makeComponentInstance(OMX.google.flac.decoder) in omx@1.0-service process
07-18 09:23:40.912 289 289 D PermissionMonitor: Monitoring
07-18 09:23:40.913 289 383 D Ethernet: got request NetworkRequest [ BACKGROUND_REQUEST id=2, [ Transports: CELLULAR Capabilities: INTERNET&NOT_RESTRICTED&TRUSTED&NOT_VPN] ] with score 0
07-18 09:23:40.917 289 289 D PermissionMonitor: Users: 1, Apps: 61
07-18 09:23:40.921 289 289 D SystemServerTiming: MakeConnectivityServiceReady took to complete: 11ms
07-18 09:23:40.921 289 289 I SystemServer: MakeNetworkPolicyServiceReady
07-18 09:23:40.921 289 289 D SystemServerTiming: MakeNetworkPolicyServiceReady took to complete: 0ms
07-18 09:23:40.921 289 289 I SystemServer: StartWatchdog
07-18 09:23:40.921 289 289 D SystemServerTiming: StartWatchdog took to complete: 0ms
07-18 09:23:40.921 289 289 I SystemServer: PhaseThirdPartyAppsCanStart
07-18 09:23:40.921 289 289 I SystemServiceManager: Starting phase 600
07-18 09:23:40.923 289 289 V WallpaperManagerService: bindWallpaperComponentLocked: componentName=ComponentInfo{com.android.systemui/com.android.systemui.ImageWallpaper}
07-18 09:23:40.937 157 157 W /system/bin/hwservicemanager: getTransport: Cannot find entry android.hardware.media.omx@1.0::IOmx/default in either framework or device manifest.
07-18 09:23:40.938 217 238 I OMXClient: Treble IOmx obtained
07-18 09:23:40.938 221 445 I OMXMaster: makeComponentInstance(OMX.google.g711.alaw.decoder) in omx@1.0-service process
07-18 09:23:40.948 289 289 D SystemServerTiming: PhaseThirdPartyAppsCanStart took to complete: 26ms
07-18 09:23:40.948 289 289 I SystemServer: MakeLocationServiceReady
07-18 09:23:40.951 289 471 D DhcpClient: Receive thread started
07-18 09:23:40.951 289 471 D DhcpClient: Receive thread stopped
07-18 09:23:40.953 157 157 W /system/bin/hwservicemanager: getTransport: Cannot find entry android.hardware.media.omx@1.0::IOmx/default in either framework or device manifest.
07-18 09:23:40.953 217 238 I OMXClient: Treble IOmx obtained
07-18 09:23:40.953 221 445 I OMXMaster: makeComponentInstance(OMX.google.g711.mlaw.decoder) in omx@1.0-service process
07-18 09:23:40.958 157 157 W /system/bin/hwservicemanager: getTransport: Cannot find entry android.hardware.gnss@1.0::IGnss/default in either framework or device manifest.
07-18 09:23:40.961 289 289 E GnssLocationProvider: Unable to get GPS service
07-18 09:23:40.962 157 157 W /system/bin/hwservicemanager: getTransport: Cannot find entry android.hardware.media.omx@1.0::IOmx/default in either framework or device manifest.
07-18 09:23:40.963 217 238 I OMXClient: Treble IOmx obtained
07-18 09:23:40.963 221 445 I OMXMaster: makeComponentInstance(OMX.google.mp3.decoder) in omx@1.0-service process
07-18 09:23:40.964 289 289 W LocationManagerService: no network location provider found
07-18 09:23:40.968 289 289 E LocationManagerService: no geocoder provider found
07-18 09:23:40.968 289 289 D LocationManagerService: FLP HAL not supported
07-18 09:23:40.970 289 289 D LocationManagerService: Unable to bind FLP Geofence proxy.
07-18 09:23:40.970 289 289 E ActivityRecognitionHardware: activity_recognition HAL is deprecated. is_supported is effectively a no-op
07-18 09:23:40.970 289 289 D LocationManagerService: Hardware Activity-Recognition not supported.
07-18 09:23:40.970 289 289 E ActivityRecognitionProxy: ServiceWatcher could not start.
07-18 09:23:40.970 289 289 D LocationManagerService: Unable to bind ActivityRecognitionProxy.
07-18 09:23:40.975 289 289 D SystemServerTiming: MakeLocationServiceReady took to complete: 28ms
07-18 09:23:40.975 289 289 I SystemServer: MakeCountryDetectionServiceReady
07-18 09:23:40.975 289 289 D SystemServerTiming: MakeCountryDetectionServiceReady took to complete: 0ms
07-18 09:23:40.975 289 289 I SystemServer: MakeNetworkTimeUpdateReady
07-18 09:23:40.977 289 289 D ConnectivityService: requestNetwork for uid/pid:1000/289 NetworkRequest [ TRACK_DEFAULT id=5, [ Capabilities: INTERNET&NOT_RESTRICTED&TRUSTED&NOT_VPN] ]
07-18 09:23:40.978 289 289 D SystemServerTiming: MakeNetworkTimeUpdateReady took to complete: 2ms
07-18 09:23:40.978 289 383 D Ethernet: got request NetworkRequest [ TRACK_DEFAULT id=5, [ Capabilities: INTERNET&NOT_RESTRICTED&TRUSTED&NOT_VPN] ] with score 0
07-18 09:23:40.979 289 289 I SystemServer: MakeCommonTimeManagementServiceReady
07-18 09:23:40.979 289 289 I CommonTimeManagementService: No common time service detected on this platform. Common time services will be unavailable.
07-18 09:23:40.979 289 289 D SystemServerTiming: MakeCommonTimeManagementServiceReady took to complete: 1ms
07-18 09:23:40.979 289 289 I SystemServer: MakeInputManagerServiceReady
07-18 09:23:40.980 289 351 I InputReader: Reconfiguring input devices. changes=0x00000020
07-18 09:23:40.981 289 289 D SystemServerTiming: MakeInputManagerServiceReady took to complete: 2ms
07-18 09:23:40.981 289 289 I SystemServer: MakeTelephonyRegistryReady
07-18 09:23:40.981 289 289 D SystemServerTiming: MakeTelephonyRegistryReady took to complete: 0ms
07-18 09:23:40.981 289 289 I SystemServer: MakeMediaRouterServiceReady
07-18 09:23:40.982 289 289 D SystemServerTiming: MakeMediaRouterServiceReady took to complete: 0ms
07-18 09:23:40.982 289 289 I SystemServer: MakeMmsServiceReady
07-18 09:23:40.982 289 289 I MmsServiceBroker: Delay connecting to MmsService until an API is called
07-18 09:23:40.982 289 289 D SystemServerTiming: MakeMmsServiceReady took to complete: 0ms
07-18 09:23:40.982 289 289 I SystemServer: MakeNetworkScoreServiceReady
07-18 09:23:40.982 289 289 D SystemServerTiming: MakeNetworkScoreServiceReady took to complete: 0ms
07-18 09:23:40.982 289 289 I SystemServer: IncidentDaemonReady
07-18 09:23:40.983 289 289 D SystemServerTiming: IncidentDaemonReady took to complete: 0ms
07-18 09:23:40.983 289 289 I SystemServiceManager: Calling onStartUser u0
07-18 09:23:40.984 289 351 I InputReader: Reconfiguring input devices. changes=0x00000010
07-18 09:23:40.985 289 463 D DhcpClient: onQuitting
07-18 09:23:40.985 157 157 W /system/bin/hwservicemanager: getTransport: Cannot find entry android.hardware.media.omx@1.0::IOmx/default in either framework or device manifest.
07-18 09:23:40.986 217 238 I OMXClient: Treble IOmx obtained
07-18 09:23:40.987 221 445 I OMXMaster: makeComponentInstance(OMX.google.opus.decoder) in omx@1.0-service process
07-18 09:23:40.988 289 289 W VoiceInteractionManagerService: no available voice interaction services found for user 0
07-18 09:23:40.988 289 289 W VoiceInteractionManagerService: no available voice recognition services found for user 0
07-18 09:23:41.003 289 289 I ActivityManager: Start proc 479:com.android.phone/1001 for added application com.android.phone
07-18 09:23:41.004 289 289 I ActivityManager: START u0 {act=android.intent.action.MAIN cat=[android.intent.category.HOME] flg=0x10000100 cmp=com.android.settings/.FallbackHome} from uid 0
07-18 09:23:41.022 157 157 W /system/bin/hwservicemanager: getTransport: Cannot find entry android.hardware.media.omx@1.0::IOmx/default in either framework or device manifest.
07-18 09:23:41.023 217 238 I OMXClient: Treble IOmx obtained
07-18 09:23:41.023 221 445 I OMXMaster: makeComponentInstance(OMX.google.raw.decoder) in omx@1.0-service process
07-18 09:23:41.032 289 289 I ActivityManager: Loaded persisted task ids for user 0
07-18 09:23:41.039 157 157 W /system/bin/hwservicemanager: getTransport: Cannot find entry android.hardware.media.omx@1.0::IOmx/default in either framework or device manifest.
07-18 09:23:41.040 217 238 I OMXClient: Treble IOmx obtained
07-18 09:23:41.040 221 445 I OMXMaster: makeComponentInstance(OMX.google.vorbis.decoder) in omx@1.0-service process
07-18 09:23:41.061 289 289 I ActivityManager: Start proc 499:com.android.settings/1000 for activity com.android.settings/.FallbackHome
07-18 09:23:41.064 289 289 D SystemServerTiming: ActivityManagerStartApps took to complete: 81ms
07-18 09:23:41.064 289 289 D SystemServerTiming: PhaseActivityManagerReady took to complete: 433ms
07-18 09:23:41.066 157 157 W /system/bin/hwservicemanager: getTransport: Cannot find entry android.hardware.media.omx@1.0::IOmx/default in either framework or device manifest.
07-18 09:23:41.069 289 289 D SystemServerInitThreadPool: Shutdown successful
07-18 09:23:41.069 217 238 I OMXClient: Treble IOmx obtained
07-18 09:23:41.069 289 289 D SystemServerTiming: StartServices took to complete: 4093ms
07-18 09:23:41.070 289 289 I SystemServer: Enabled StrictMode for system server main thread.
07-18 09:23:41.071 221 445 I OMXMaster: makeComponentInstance(OMX.google.aac.encoder) in omx@1.0-service process
07-18 09:23:41.093 289 289 D ConditionProviders.SCP: onConnected
07-18 09:23:41.094 289 289 D ZenLog : set_zen_mode: off,readXml
07-18 09:23:41.098 289 289 D ConditionProviders: Subscribing to condition://android/event?userId=-10000&calendar=&reply=1 with ComponentInfo{android/com.android.server.notification.EventConditionProvider}
07-18 09:23:41.106 289 289 D ZenLog : subscribe: condition://android/event?userId=-10000&calendar=&reply=1,ok
07-18 09:23:41.121 289 289 D ConditionProviders: Subscribing to condition://android/schedule?days=1.2.3.4.5&start=22.0&end=7.0&exitAtAlarm=false with ComponentInfo{android/com.android.server.notification.ScheduleConditionProvider}
07-18 09:23:41.121 289 289 D ZenLog : subscribe: condition://android/schedule?days=1.2.3.4.5&start=22.0&end=7.0&exitAtAlarm=false,ok
07-18 09:23:41.121 289 289 D ConditionProviders: Subscribing to condition://android/schedule?days=6.7&start=23.30&end=10.0&exitAtAlarm=false with ComponentInfo{android/com.android.server.notification.ScheduleConditionProvider}
07-18 09:23:41.121 289 289 D ZenLog : subscribe: condition://android/schedule?days=6.7&start=23.30&end=10.0&exitAtAlarm=false,ok
07-18 09:23:41.129 157 157 W /system/bin/hwservicemanager: getTransport: Cannot find entry android.hardware.media.omx@1.0::IOmx/default in either framework or device manifest.
07-18 09:23:41.129 217 238 I OMXClient: Treble IOmx obtained
07-18 09:23:41.129 221 445 I OMXMaster: makeComponentInstance(OMX.google.amrnb.encoder) in omx@1.0-service process
07-18 09:23:41.141 157 157 W /system/bin/hwservicemanager: getTransport: Cannot find entry android.hardware.media.omx@1.0::IOmx/default in either framework or device manifest.
07-18 09:23:41.142 425 425 I WebViewLoader-armeabi-v7a: System.exit called, status: 0
07-18 09:23:41.142 425 425 I AndroidRuntime: VM exiting with result code 0, cleanup skipped.
07-18 09:23:41.147 217 238 I OMXClient: Treble IOmx obtained
07-18 09:23:41.148 221 250 I OMXMaster: makeComponentInstance(OMX.google.amrwb.encoder) in omx@1.0-service process
07-18 09:23:41.162 479 479 I zygote : The ClassLoaderContext is a special shared library.
07-18 09:23:41.174 388 388 I LatinIME: Hardware accelerated drawing: true
07-18 09:23:41.177 157 157 W /system/bin/hwservicemanager: getTransport: Cannot find entry android.hardware.media.omx@1.0::IOmx/default in either framework or device manifest.
07-18 09:23:41.177 217 238 I OMXClient: Treble IOmx obtained
07-18 09:23:41.178 221 445 I OMXMaster: makeComponentInstance(OMX.google.flac.encoder) in omx@1.0-service process
07-18 09:23:41.188 289 364 I WifiScanningService: wifi driver unloaded
07-18 09:23:41.189 289 289 D RttService: SCAN_AVAILABLE : 1
07-18 09:23:41.190 289 289 D ZenLog : set_zen_mode: off,cleanUpZenRules
07-18 09:23:41.190 157 157 W /system/bin/hwservicemanager: getTransport: Cannot find entry android.hardware.media.omx@1.0::IOmx/default in either framework or device manifest.
07-18 09:23:41.196 289 365 D RttService: DefaultState got{ when=-5ms what=160513 target=com.android.internal.util.StateMachine$SmHandler }
07-18 09:23:41.197 395 395 V SystemUIService: Starting SystemUI services for user 0.
07-18 09:23:41.198 217 238 I OMXClient: Treble IOmx obtained
07-18 09:23:41.198 221 445 I OMXMaster: makeComponentInstance(OMX.TI.DUCATI1.VIDEO.DECODER) in omx@1.0-service process
07-18 09:23:41.198 221 445 D OMX_CORE_WRAPPER: TIOMX_GetHandle
07-18 09:23:41.214 221 445 D vndksupport: Loading /vendor/lib/hw/gralloc.am57x.so from current namespace instead of sphal namespace.
07-18 09:23:41.218 289 289 I zygote : The ClassLoaderContext is a special shared library.
07-18 09:23:41.219 395 395 D SystemUIBootTiming: StartServicesDependency took to complete: 8ms
07-18 09:23:41.253 395 395 D SystemUIBootTiming: StartServicesNotificationChannels took to complete: 34ms
07-18 09:23:41.260 395 395 D SystemUIBootTiming: StartServicesCommandQueueStart took to complete: 6ms
07-18 09:23:41.263 479 479 I zygote : The ClassLoaderContext is a special shared library.
07-18 09:23:41.290 395 395 V MediaRouter: Adding route: RouteInfo{ name=Tablet, description=null, status=null, category=RouteCategory{ name=System types=ROUTE_TYPE_LIVE_AUDIO ROUTE_TYPE_LIVE_VIDEO groupable=false }, supportedTypes=ROUTE_TYPE_LIVE_AUDIO ROUTE_TYPE_LIVE_VIDEO , presentationDisplay=null }
07-18 09:23:41.293 395 395 V MediaRouter: Selecting route: RouteInfo{ name=Tablet, description=null, status=null, category=RouteCategory{ name=System types=ROUTE_TYPE_LIVE_AUDIO ROUTE_TYPE_LIVE_VIDEO groupable=false }, supportedTypes=ROUTE_TYPE_LIVE_AUDIO ROUTE_TYPE_LIVE_VIDEO , presentationDisplay=null }
07-18 09:23:41.297 221 445 E OMXNodeInstance: getExtensionIndex(0xadfa2a80:TI.DUCATI1.DECODER, OMX.google.android.index.configureVideoTunnelMode) ERROR: UnsupportedIndex(0x8000101a)
07-18 09:23:41.297 221 445 W OMXNodeInstance: [0xadfa2a80:TI.DUCATI1.DECODER] component does not support metadata mode; using fallback
07-18 09:23:41.298 221 445 D OMX_CORE_WRAPPER: TIOMX_FreeHandle
07-18 09:23:41.306 157 157 W /system/bin/hwservicemanager: getTransport: Cannot find entry android.hardware.media.omx@1.0::IOmx/default in either framework or device manifest.
07-18 09:23:41.307 217 238 I OMXClient: Treble IOmx obtained
07-18 09:23:41.307 221 445 I OMXMaster: makeComponentInstance(OMX.google.h264.decoder) in omx@1.0-service process
07-18 09:23:41.320 499 499 I zygote : The ClassLoaderContext is a special shared library.
07-18 09:23:41.323 221 445 E OMXNodeInstance: getExtensionIndex(0xadfa2a80:google.h264.decoder, OMX.google.android.index.configureVideoTunnelMode) ERROR: UnsupportedIndex(0x8000101a)
07-18 09:23:41.323 221 445 E OMXNodeInstance: getExtensionIndex(0xadfa2a80:google.h264.decoder, OMX.google.android.index.enableAndroidNativeBuffers) ERROR: UnsupportedIndex(0x8000101a)
07-18 09:23:41.324 157 157 W /system/bin/hwservicemanager: getTransport: Cannot find entry android.hardware.media.omx@1.0::IOmx/default in either framework or device manifest.
07-18 09:23:41.325 217 238 I OMXClient: Treble IOmx obtained
07-18 09:23:41.325 221 445 I OMXMaster: makeComponentInstance(OMX.TI.DUCATI1.VIDEO.DECODER) in omx@1.0-service process
07-18 09:23:41.325 221 445 D OMX_CORE_WRAPPER: TIOMX_GetHandle
07-18 09:23:41.325 221 445 D vndksupport: Loading /vendor/lib/hw/gralloc.am57x.so from current namespace instead of sphal namespace.
07-18 09:23:41.342 221 250 E OMXNodeInstance: getExtensionIndex(0xadfa2a80:TI.DUCATI1.DECODER, OMX.google.android.index.configureVideoTunnelMode) ERROR: UnsupportedIndex(0x8000101a)
07-18 09:23:41.342 221 250 W OMXNodeInstance: [0xadfa2a80:TI.DUCATI1.DECODER] component does not support metadata mode; using fallback
07-18 09:23:41.342 221 250 D OMX_CORE_WRAPPER: TIOMX_FreeHandle
07-18 09:23:41.347 157 157 W /system/bin/hwservicemanager: getTransport: Cannot find entry android.hardware.media.omx@1.0::IOmx/default in either framework or device manifest.
07-18 09:23:41.348 217 238 I OMXClient: Treble IOmx obtained
07-18 09:23:41.348 221 250 I OMXMaster: makeComponentInstance(OMX.google.h263.decoder) in omx@1.0-service process
07-18 09:23:41.381 221 250 E OMXNodeInstance: getExtensionIndex(0xadfa2a80:google.h263.decoder, OMX.google.android.index.configureVideoTunnelMode) ERROR: UnsupportedIndex(0x8000101a)
07-18 09:23:41.381 221 250 E OMXNodeInstance: getExtensionIndex(0xadfa2a80:google.h263.decoder, OMX.google.android.index.enableAndroidNativeBuffers) ERROR: UnsupportedIndex(0x8000101a)
07-18 09:23:41.389 157 157 W /system/bin/hwservicemanager: getTransport: Cannot find entry android.hardware.media.omx@1.0::IOmx/default in either framework or device manifest.
07-18 09:23:41.389 217 238 I OMXClient: Treble IOmx obtained
07-18 09:23:41.390 221 445 I OMXMaster: makeComponentInstance(OMX.google.hevc.decoder) in omx@1.0-service process
07-18 09:23:41.409 395 395 W SoundPool: Use of stream types is deprecated for operations other than volume control
07-18 09:23:41.409 395 395 W SoundPool: See the documentation of SoundPool() for what to use instead with android.media.AudioAttributes to qualify your playback use case
07-18 09:23:41.412 440 440 D AndroidRuntime: >>>>>> START com.android.internal.os.WebViewZygoteInit uid 1053 <<<<<<
07-18 09:23:41.415 221 445 E OMXNodeInstance: getExtensionIndex(0xadfa2de0:google.hevc.decoder, OMX.google.android.index.configureVideoTunnelMode) ERROR: UnsupportedIndex(0x8000101a)
07-18 09:23:41.415 221 445 E OMXNodeInstance: getExtensionIndex(0xadfa2de0:google.hevc.decoder, OMX.google.android.index.enableAndroidNativeBuffers) ERROR: UnsupportedIndex(0x8000101a)
07-18 09:23:41.417 289 299 I zygote : Background concurrent copying GC freed 26385(2MB) AllocSpace objects, 8(352KB) LOS objects, 42% free, 4MB/8MB, paused 72us total 307.994ms
07-18 09:23:41.418 157 157 W /system/bin/hwservicemanager: getTransport: Cannot find entry android.hardware.media.omx@1.0::IOmx/default in either framework or device manifest.
07-18 09:23:41.419 395 395 D SystemUIBootTiming: StartServicesKeyguardViewMediator took to complete: 159ms
07-18 09:23:41.420 217 238 I OMXClient: Treble IOmx obtained
07-18 09:23:41.421 221 445 I OMXMaster: makeComponentInstance(OMX.TI.DUCATI1.VIDEO.DECODER) in omx@1.0-service process
07-18 09:23:41.421 221 445 D OMX_CORE_WRAPPER: TIOMX_GetHandle
07-18 09:23:41.421 221 445 D vndksupport: Loading /vendor/lib/hw/gralloc.am57x.so from current namespace instead of sphal namespace.
07-18 09:23:41.421 395 547 V NuMediaExtractor: setDataSource fd=35 (/system/media/audio/ui/Lock.ogg), offset=0, length=8308
07-18 09:23:41.430 289 289 E BluetoothAdapter: Bluetooth binder is null
07-18 09:23:41.433 221 445 E OMXNodeInstance: getExtensionIndex(0xadfa2de0:TI.DUCATI1.DECODER, OMX.google.android.index.configureVideoTunnelMode) ERROR: UnsupportedIndex(0x8000101a)
07-18 09:23:41.433 221 445 W OMXNodeInstance: [0xadfa2de0:TI.DUCATI1.DECODER] component does not support metadata mode; using fallback
07-18 09:23:41.433 221 445 D OMX_CORE_WRAPPER: TIOMX_FreeHandle
07-18 09:23:41.438 395 547 V NuMediaExtractor: track of type 'audio/vorbis' does not publish bitrate
07-18 09:23:41.440 440 440 I /system/bin/webview_zygote32: option[0]=-Xzygote
07-18 09:23:41.440 440 440 I /system/bin/webview_zygote32: option[1]=-Xusetombstonedtraces
07-18 09:23:41.440 440 440 I /system/bin/webview_zygote32: option[2]=exit
07-18 09:23:41.440 440 440 I /system/bin/webview_zygote32: option[3]=vfprintf
07-18 09:23:41.440 440 440 I /system/bin/webview_zygote32: option[4]=sensitiveThread
07-18 09:23:41.440 440 440 I /system/bin/webview_zygote32: option[5]=-verbose:gc
07-18 09:23:41.440 440 440 I /system/bin/webview_zygote32: option[6]=-Xms8m
07-18 09:23:41.440 440 440 I /system/bin/webview_zygote32: option[7]=-Xmx384m
07-18 09:23:41.440 440 440 I /system/bin/webview_zygote32: option[8]=-XX:HeapGrowthLimit=80m
