07-18 09:23:42.528 395 395 W StatusBar: at com.android.systemui.statusbar.phone.NotificationPanelView.setUserSetupComplete(NotificationPanelView.java:2655)
07-18 09:23:42.528 395 395 W StatusBar: at com.android.systemui.statusbar.phone.StatusBar.makeStatusBarView(StatusBar.java:1162)
07-18 09:23:42.528 395 395 W StatusBar: at com.android.systemui.statusbar.phone.StatusBar.addStatusBarWindow(StatusBar.java:3664)
07-18 09:23:42.528 395 395 W StatusBar: at com.android.systemui.statusbar.phone.StatusBar.createAndAddWindows(StatusBar.java:3660)
07-18 09:23:42.528 395 395 W StatusBar: at com.android.systemui.statusbar.phone.StatusBar.start(StatusBar.java:889)
07-18 09:23:42.528 395 395 W StatusBar: at com.android.systemui.SystemBars.createStatusBarFromConfig(SystemBars.java:71)
07-18 09:23:42.528 395 395 W StatusBar: at com.android.systemui.SystemBars.start(SystemBars.java:42)
07-18 09:23:42.528 395 395 W StatusBar: at com.android.systemui.SystemUIApplication.startServicesIfNeeded(SystemUIApplication.java:215)
07-18 09:23:42.528 395 395 W StatusBar: at com.android.systemui.SystemUIApplication.startServicesIfNeeded(SystemUIApplication.java:164)
07-18 09:23:42.528 395 395 W StatusBar: at com.android.systemui.SystemUIService.onCreate(SystemUIService.java:33)
07-18 09:23:42.528 395 395 W StatusBar: at android.app.ActivityThread.handleCreateService(ActivityThread.java:3339)
07-18 09:23:42.528 395 395 W StatusBar: at android.app.ActivityThread.-wrap4(Unknown Source:0)
07-18 09:23:42.528 395 395 W StatusBar: at android.app.ActivityThread$H.handleMessage(ActivityThread.java:1677)
07-18 09:23:42.528 395 395 W StatusBar: at android.os.Handler.dispatchMessage(Handler.java:106)
07-18 09:23:42.528 395 395 W StatusBar: at android.os.Looper.loop(Looper.java:164)
07-18 09:23:42.528 395 395 W StatusBar: at android.app.ActivityThread.main(ActivityThread.java:6494)
07-18 09:23:42.528 395 395 W StatusBar: at java.lang.reflect.Method.invoke(Native Method)
07-18 09:23:42.528 395 395 W StatusBar: at com.android.internal.os.RuntimeInit$MethodAndArgsCaller.run(RuntimeInit.java:438)
07-18 09:23:42.528 395 395 W StatusBar: at com.android.internal.os.ZygoteInit.main(ZygoteInit.java:807)
07-18 09:23:42.542 395 615 W Tile.WifiTile: Error in handleSetListening
07-18 09:23:42.542 395 615 W Tile.WifiTile: java.lang.NullPointerException: Attempt to invoke interface method 'void com.android.systemui.statusbar.policy.NetworkController.addCallback(com.android.systemui.statusbar.policy.NetworkController$SignalCallback)' on a null object reference
07-18 09:23:42.542 395 615 W Tile.WifiTile: at com.android.systemui.qs.tiles.WifiTile.handleSetListening(WifiTile.java:80)
07-18 09:23:42.542 395 615 W Tile.WifiTile: at com.android.systemui.qs.tileimpl.QSTileImpl$H.handleMessage(QSTileImpl.java:461)
07-18 09:23:42.542 395 615 W Tile.WifiTile: at android.os.Handler.dispatchMessage(Handler.java:106)
07-18 09:23:42.542 395 615 W Tile.WifiTile: at android.os.Looper.loop(Looper.java:164)
07-18 09:23:42.542 395 615 W Tile.WifiTile: at android.os.HandlerThread.run(HandlerThread.java:65)
07-18 09:23:42.543 395 615 W Tile.BluetoothTile: Error in handleSetListening
07-18 09:23:42.543 395 615 W Tile.BluetoothTile: java.lang.NullPointerException: Attempt to invoke interface method 'void com.android.systemui.statusbar.policy.BluetoothController.addCallback(java.lang.Object)' on a null object reference
07-18 09:23:42.543 395 615 W Tile.BluetoothTile: at com.android.systemui.qs.tiles.BluetoothTile.handleSetListening(BluetoothTile.java:80)
07-18 09:23:42.543 395 615 W Tile.BluetoothTile: at com.android.systemui.qs.tileimpl.QSTileImpl$H.handleMessage(QSTileImpl.java:461)
07-18 09:23:42.543 395 615 W Tile.BluetoothTile: at android.os.Handler.dispatchMessage(Handler.java:106)
07-18 09:23:42.543 395 615 W Tile.BluetoothTile: at android.os.Looper.loop(Looper.java:164)
07-18 09:23:42.543 395 615 W Tile.BluetoothTile: at android.os.HandlerThread.run(HandlerThread.java:65)
07-18 09:23:42.544 395 615 W Tile.BluetoothTile: Error in handleRefreshState
07-18 09:23:42.544 395 615 W Tile.BluetoothTile: java.lang.NullPointerException: Attempt to invoke interface method 'boolean com.android.systemui.statusbar.policy.BluetoothController.isBluetoothEnabled()' on a null object reference
07-18 09:23:42.544 395 615 W Tile.BluetoothTile: at com.android.systemui.qs.tiles.BluetoothTile.handleUpdateState(BluetoothTile.java:118)
07-18 09:23:42.544 395 615 W Tile.BluetoothTile: at com.android.systemui.qs.tiles.BluetoothTile.handleUpdateState(BluetoothTile.java:116)
07-18 09:23:42.544 395 615 W Tile.BluetoothTile: at com.android.systemui.qs.tileimpl.QSTileImpl.handleRefreshState(QSTileImpl.java:287)
07-18 09:23:42.544 395 615 W Tile.BluetoothTile: at com.android.systemui.qs.tileimpl.QSTileImpl$H.handleMessage(QSTileImpl.java:440)
07-18 09:23:42.544 395 615 W Tile.BluetoothTile: at android.os.Handler.dispatchMessage(Handler.java:106)
07-18 09:23:42.544 395 615 W Tile.BluetoothTile: at android.os.Looper.loop(Looper.java:164)
07-18 09:23:42.544 395 615 W Tile.BluetoothTile: at android.os.HandlerThread.run(HandlerThread.java:65)
07-18 09:23:42.544 395 395 E BluetoothAdapter: Bluetooth binder is null
07-18 09:23:42.545 395 615 W Tile.DndTile: Error in handleSetListening
07-18 09:23:42.545 395 615 W Tile.DndTile: java.lang.NullPointerException: Attempt to invoke interface method 'void com.android.systemui.statusbar.policy.ZenModeController.addCallback(java.lang.Object)' on a null object reference
07-18 09:23:42.545 395 615 W Tile.DndTile: at com.android.systemui.qs.tiles.DndTile.handleSetListening(DndTile.java:239)
07-18 09:23:42.545 395 615 W Tile.DndTile: at com.android.systemui.qs.tileimpl.QSTileImpl$H.handleMessage(QSTileImpl.java:461)
07-18 09:23:42.545 395 615 W Tile.DndTile: at android.os.Handler.dispatchMessage(Handler.java:106)
07-18 09:23:42.545 395 615 W Tile.DndTile: at android.os.Looper.loop(Looper.java:164)
07-18 09:23:42.545 395 615 W Tile.DndTile: at android.os.HandlerThread.run(HandlerThread.java:65)
07-18 09:23:42.545 395 615 W Tile.DndTile: Error in handleRefreshState
07-18 09:23:42.545 395 615 W Tile.DndTile: java.lang.NullPointerException: Attempt to invoke interface method 'int com.android.systemui.statusbar.policy.ZenModeController.getZen()' on a null object reference
07-18 09:23:42.545 395 615 W Tile.DndTile: at com.android.systemui.qs.tiles.DndTile.handleUpdateState(DndTile.java:177)
07-18 09:23:42.545 395 615 W Tile.DndTile: at com.android.systemui.qs.tiles.DndTile.handleUpdateState(DndTile.java:175)
07-18 09:23:42.545 395 615 W Tile.DndTile: at com.android.systemui.qs.tileimpl.QSTileImpl.handleRefreshState(QSTileImpl.java:287)
07-18 09:23:42.545 395 615 W Tile.DndTile: at com.android.systemui.qs.tileimpl.QSTileImpl$H.handleMessage(QSTileImpl.java:440)
07-18 09:23:42.545 395 615 W Tile.DndTile: at android.os.Handler.dispatchMessage(Handler.java:106)
07-18 09:23:42.545 395 615 W Tile.DndTile: at android.os.Looper.loop(Looper.java:164)
07-18 09:23:42.545 395 615 W Tile.DndTile: at android.os.HandlerThread.run(HandlerThread.java:65)
07-18 09:23:42.546 395 615 W Tile.FlashlightTile: Error in handleSetListening
07-18 09:23:42.546 395 615 W Tile.FlashlightTile: java.lang.NullPointerException: Attempt to invoke interface method 'void com.android.systemui.statusbar.policy.FlashlightController.addCallback(java.lang.Object)' on a null object reference
07-18 09:23:42.546 395 615 W Tile.FlashlightTile: at com.android.systemui.qs.tiles.FlashlightTile.handleSetListening(FlashlightTile.java:59)
07-18 09:23:42.546 395 615 W Tile.FlashlightTile: at com.android.systemui.qs.tileimpl.QSTileImpl$H.handleMessage(QSTileImpl.java:461)
07-18 09:23:42.546 395 615 W Tile.FlashlightTile: at android.os.Handler.dispatchMessage(Handler.java:106)
07-18 09:23:42.546 395 615 W Tile.FlashlightTile: at android.os.Looper.loop(Looper.java:164)
07-18 09:23:42.546 395 615 W Tile.FlashlightTile: at android.os.HandlerThread.run(HandlerThread.java:65)
07-18 09:23:42.559 395 395 I StatusBar: isKeyguardShowing() called before startKeyguard(), returning true
07-18 09:23:42.560 395 395 W StatusBar: isKeyguardSecure() called before startKeyguard(), returning false
07-18 09:23:42.560 395 395 W StatusBar: java.lang.Throwable
07-18 09:23:42.560 395 395 W StatusBar: at com.android.systemui.statusbar.phone.StatusBar.isKeyguardSecure(StatusBar.java:7551)
07-18 09:23:42.560 395 395 W StatusBar: at com.android.systemui.statusbar.phone.StatusBar.isCameraAllowedByAdmin(StatusBar.java:5436)
07-18 09:23:42.560 395 395 W StatusBar: at com.android.systemui.statusbar.phone.KeyguardBottomAreaView$DefaultRightButton.getIcon(KeyguardBottomAreaView.java:856)
07-18 09:23:42.560 395 395 W StatusBar: at com.android.systemui.statusbar.phone.KeyguardBottomAreaView.updateCameraVisibility(KeyguardBottomAreaView.java:382)
07-18 09:23:42.560 395 395 W StatusBar: at com.android.systemui.statusbar.phone.KeyguardBottomAreaView.setUserSetupComplete(KeyguardBottomAreaView.java:360)
07-18 09:23:42.560 395 395 W StatusBar: at com.android.systemui.statusbar.phone.NotificationPanelView.setUserSetupComplete(NotificationPanelView.java:2655)
07-18 09:23:42.560 395 395 W StatusBar: at com.android.systemui.statusbar.phone.StatusBar$1.onUserSetupChanged(StatusBar.java:524)
07-18 09:23:42.560 395 395 W StatusBar: at com.android.systemui.statusbar.policy.DeviceProvisionedControllerImpl.addCallback(DeviceProvisionedControllerImpl.java:69)
07-18 09:23:42.560 395 395 W StatusBar: at com.android.systemui.statusbar.policy.DeviceProvisionedControllerImpl.addCallback(DeviceProvisionedControllerImpl.java:63)
07-18 09:23:42.560 395 395 W StatusBar: at com.android.systemui.statusbar.phone.StatusBar.makeStatusBarView(StatusBar.java:1252)
07-18 09:23:42.560 395 395 W StatusBar: at com.android.systemui.statusbar.phone.StatusBar.addStatusBarWindow(StatusBar.java:3664)
07-18 09:23:42.560 395 395 W StatusBar: at com.android.systemui.statusbar.phone.StatusBar.createAndAddWindows(StatusBar.java:3660)
07-18 09:23:42.560 395 395 W StatusBar: at com.android.systemui.statusbar.phone.StatusBar.start(StatusBar.java:889)
07-18 09:23:42.560 395 395 W StatusBar: at com.android.systemui.SystemBars.createStatusBarFromConfig(SystemBars.java:71)
07-18 09:23:42.560 395 395 W StatusBar: at com.android.systemui.SystemBars.start(SystemBars.java:42)
07-18 09:23:42.560 395 395 W StatusBar: at com.android.systemui.SystemUIApplication.startServicesIfNeeded(SystemUIApplication.java:215)
07-18 09:23:42.560 395 395 W StatusBar: at com.android.systemui.SystemUIApplication.startServicesIfNeeded(SystemUIApplication.java:164)
07-18 09:23:42.560 395 395 W StatusBar: at com.android.systemui.SystemUIService.onCreate(SystemUIService.java:33)
07-18 09:23:42.560 395 395 W StatusBar: at android.app.ActivityThread.handleCreateService(ActivityThread.java:3339)
07-18 09:23:42.560 395 395 W StatusBar: at android.app.ActivityThread.-wrap4(Unknown Source:0)
07-18 09:23:42.560 395 395 W StatusBar: at android.app.ActivityThread$H.handleMessage(ActivityThread.java:1677)
07-18 09:23:42.560 395 395 W StatusBar: at android.os.Handler.dispatchMessage(Handler.java:106)
07-18 09:23:42.560 395 395 W StatusBar: at android.os.Looper.loop(Looper.java:164)
07-18 09:23:42.560 395 395 W StatusBar: at android.app.ActivityThread.main(ActivityThread.java:6494)
07-18 09:23:42.560 395 395 W StatusBar: at java.lang.reflect.Method.invoke(Native Method)
07-18 09:23:42.560 395 395 W StatusBar: at com.android.internal.os.RuntimeInit$MethodAndArgsCaller.run(RuntimeInit.java:438)
07-18 09:23:42.560 395 395 W StatusBar: at com.android.internal.os.ZygoteInit.main(ZygoteInit.java:807)
07-18 09:23:42.560 395 661 D OpenGLRenderer: profile bars disabled
07-18 09:23:42.560 395 661 D OpenGLRenderer: ambientRatio = 1.50
07-18 09:23:42.567 395 395 D StatusBar: disable
07-18 09:23:42.583 395 395 D StatusBar: heads up is enabled
07-18 09:23:42.590 395 665 E ActivityThread: Failed to find provider info for com.android.contacts
07-18 09:23:42.594 395 395 D SystemUIBootTiming: StartServicesSystemBars took to complete: 330ms
07-18 09:23:42.598 395 395 D StorageNotification: Notifying about private volume: VolumeInfo{private}:
07-18 09:23:42.598 395 395 D StorageNotification: type=PRIVATE diskId=null partGuid=null mountFlags=0 mountUserId=-1
07-18 09:23:42.598 395 395 D StorageNotification: state=MOUNTED
07-18 09:23:42.598 395 395 D StorageNotification: fsType=null fsUuid=null fsLabel=null
07-18 09:23:42.598 395 395 D StorageNotification: path=/data internalPath=null
07-18 09:23:42.600 395 395 D SystemUIBootTiming: StartServicesStorageNotification took to complete: 5ms
07-18 09:23:42.604 289 450 E PowerManagerService: Failed to read last_reboot_reason file
07-18 09:23:42.604 289 450 E PowerManagerService: java.io.FileNotFoundException: /data/misc/reboot/last_reboot_reason (No such file or directory)
07-18 09:23:42.604 289 450 E PowerManagerService: at java.io.FileInputStream.open0(Native Method)
07-18 09:23:42.604 289 450 E PowerManagerService: at java.io.FileInputStream.open(FileInputStream.java:200)
07-18 09:23:42.604 289 450 E PowerManagerService: at java.io.FileInputStream.(FileInputStream.java:150)
07-18 09:23:42.604 289 450 E PowerManagerService: at java.io.FileReader.(FileReader.java:72)
07-18 09:23:42.604 289 450 E PowerManagerService: at com.android.server.power.PowerManagerService.getLastShutdownReasonInternal(PowerManagerService.java:4641)
07-18 09:23:42.604 289 450 E PowerManagerService: at com.android.server.power.PowerManagerService$BinderService.getLastShutdownReason(PowerManagerService.java:4405)
07-18 09:23:42.604 289 450 E PowerManagerService: at android.os.IPowerManager$Stub.onTransact(IPowerManager.java:302)
07-18 09:23:42.604 289 450 E PowerManagerService: at android.os.Binder.execTransact(Binder.java:697)
07-18 09:23:42.604 395 395 D SystemUIBootTiming: StartServicesPowerUI took to complete: 5ms
07-18 09:23:42.605 395 395 D SystemUIBootTiming: StartServicesRingtonePlayer took to complete: 1ms
07-18 09:23:42.606 395 395 D SystemUIBootTiming: StartServicesKeyboardUI took to complete: 0ms
07-18 09:23:42.606 395 395 D SystemUIBootTiming: StartServicesPipUI took to complete: 1ms
07-18 09:23:42.607 395 395 D SystemUIBootTiming: StartServicesShortcutKeyDispatcher took to complete: 1ms
07-18 09:23:42.607 395 395 D SystemUIBootTiming: StartServicesVendorServices took to complete: 0ms
07-18 09:23:42.607 395 395 D SystemUIBootTiming: StartServicesService took to complete: 0ms
07-18 09:23:42.608 395 395 D SystemUIBootTiming: StartServicesLatencyTester took to complete: 1ms
07-18 09:23:42.609 395 395 D SystemUIBootTiming: StartServicesGlobalActionsComponent took to complete: 1ms
07-18 09:23:42.612 395 395 D SystemUIBootTiming: StartServicesRoundedCorners took to complete: 2ms
07-18 09:23:42.612 395 395 D SystemUIBootTiming: StartServices took to complete: 1414ms
07-18 09:23:42.630 289 351 I InputReader: Reconfiguring input devices. changes=0x00000004
07-18 09:23:42.635 289 351 I InputReader: Reconfiguring input devices. changes=0x00000004
07-18 09:23:42.669 395 661 D vndksupport: Loading /vendor/lib/hw/gralloc.am57x.so from current namespace instead of sphal namespace.
07-18 09:23:42.675 395 395 D ViewRootImpl[StatusBar]: changeCanvasOpacity: opaque=true
07-18 09:23:42.680 395 661 D vndksupport: Loading /vendor/lib/hw/gralloc.am57x.so from current namespace instead of sphal namespace.
07-18 09:23:42.681 157 157 W /system/bin/hwservicemanager: getTransport: Cannot find entry android.hardware.configstore@1.0::ISurfaceFlingerConfigs/default in either framework or device manifest.
07-18 09:23:42.682 395 661 I com.android.systemui: android::hardware::configstore::V1_0::ISurfaceFlingerConfigs::hasWideColorDisplay retrieved: 0
07-18 09:23:42.683 395 661 I OpenGLRenderer: Initialized EGL, version 1.4
07-18 09:23:42.683 395 661 D OpenGLRenderer: Swap behavior 1
07-18 09:23:42.683 395 661 W OpenGLRenderer: Failed to choose config with EGL_SWAP_BEHAVIOR_PRESERVED, retrying without...
07-18 09:23:42.683 395 661 D OpenGLRenderer: Swap behavior 0
07-18 09:23:42.756 395 665 E ActivityThread: Failed to find provider info for com.android.contacts
07-18 09:23:42.767 395 665 E ActivityThread: Failed to find provider info for com.android.contacts
07-18 09:23:42.799 289 359 D WifiService: New client listening to asynchronous messages
07-18 09:23:42.803 289 351 I InputReader: Reconfiguring input devices. changes=0x00000004
07-18 09:23:42.807 289 351 I InputReader: Reconfiguring input devices. changes=0x00000004
07-18 09:23:42.949 395 407 I zygote : Do partial code cache collection, code=29KB, data=28KB
07-18 09:23:42.952 395 407 I zygote : After code cache collection, code=29KB, data=28KB
07-18 09:23:42.952 395 407 I zygote : Increasing code cache capacity to 128KB
07-18 09:23:42.958 289 533 I ActivityManager: user 0 is still locked. Cannot load recents
07-18 09:23:42.971 395 661 D vndksupport: Loading /vendor/lib/hw/android.hardware.graphics.mapper@2.0-impl.so from current namespace instead of sphal namespace.
07-18 09:23:42.972 395 661 D vndksupport: Loading /vendor/lib/hw/gralloc.am57x.so from current namespace instead of sphal namespace.
07-18 09:23:43.026 395 395 W KeyguardUpdateMonitor: invalid subId in handleServiceStateChange()
07-18 09:23:43.042 395 395 W StatusBar/NavBarView: *** Invalid layout in navigation bar (sizeChanged this=800x36 cur=788x36)
07-18 09:23:43.237 289 313 I WindowManager: ******* TELLING SURFACE FLINGER WE ARE BOOTED!
07-18 09:23:43.237 196 287 I SurfaceFlinger: Boot is finished (10082 ms)
07-18 09:23:43.240 289 313 I SystemServiceManager: Starting phase 1000
07-18 09:23:43.253 289 313 D ActivityManager: Finishing user boot 0
07-18 09:23:43.253 289 313 I ActivityManager: User 0 state changed from BOOTING to RUNNING_LOCKED
07-18 09:23:43.264 289 313 D StorageManagerService: Setting property: sys.user.0.ce_available=true
07-18 09:23:43.288 289 313 I ActivityManager: User 0 state changed from RUNNING_LOCKED to RUNNING_UNLOCKING
07-18 09:23:43.288 289 313 D CryptdConnector: SND -> {3 cryptfs prepare_user_storage ! 0 0 2}
07-18 09:23:43.288 160 164 D vold : e4crypt_prepare_user_storage for volume null, user 0, serial 0, flags 2
07-18 09:23:43.289 160 164 D vold : Preparing: /data/system_ce/0
07-18 09:23:43.289 160 164 D vold : Preparing: /data/misc_ce/0
07-18 09:23:43.289 160 164 D vold : Preparing: /data/media/0
07-18 09:23:43.289 160 164 D vold : Preparing: /data/data
07-18 09:23:43.289 289 354 D CryptdConnector: RCV <- {200 3 Command succeeded}
07-18 09:23:43.290 289 313 V UserDataPreparer: Found /data/user/0 with serial number 0
07-18 09:23:43.291 289 313 V UserDataPreparer: Found /data/system_ce/0 with serial number 0
07-18 09:23:43.291 289 313 V PackageManager: reconcileAppsData for null u0 0x2 migrateAppData=false
07-18 09:23:43.311 683 683 I bootstat: Service started: /system/bin/bootstat --record_boot_complete
07-18 09:23:43.312 683 683 E bootstat: Failed to read /data/misc/bootstat/post_decrypt_time_elapsed: No such file or directory
07-18 09:23:43.312 683 683 E bootstat: Failed to parse boot time record: /data/misc/bootstat/post_decrypt_time_elapsed
07-18 09:23:43.362 684 684 I bootstat: Service started: /system/bin/bootstat --record_boot_reason
07-18 09:23:43.364 684 684 I bootstat: Unknown boot reason:
07-18 09:23:43.424 687 687 I bootstat: Service started: /system/bin/bootstat --record_time_since_factory_reset
07-18 09:23:43.469 289 313 V PackageManager: reconcileAppsData finished 75 packages
07-18 09:23:43.470 289 304 I SystemServiceManager: Calling onUnlockUser u0
07-18 09:23:43.472 289 304 D StorageManagerService: onUnlockUser 0
07-18 09:23:43.472 289 304 D VoldConnector: SND -> {6 volume user_started 0}
07-18 09:23:43.474 160 163 D vold : Linking /storage/emulated/0 to /mnt/user/0/primary
07-18 09:23:43.475 289 360 D WifiConfigStore: Reading from stores completed in 1 ms.
07-18 09:23:43.475 289 353 D VoldConnector: RCV <- {200 6 Command succeeded}
07-18 09:23:43.475 289 360 W WifiConfigManager: No stored networks found.
07-18 09:23:43.481 289 352 D StorageManagerService: Volume emulated broadcasting mounted to UserHandle{0}
07-18 09:23:43.487 289 289 I ActivityManager: Start proc 689:com.android.deskclock/u0a47 for broadcast com.android.deskclock/.AlarmInitReceiver
07-18 09:23:43.491 289 360 D WIFI : Registering NetworkFactory
07-18 09:23:43.491 289 360 D WIFI_UT : Registering NetworkFactory
07-18 09:23:43.491 289 367 D ConnectivityService: Got NetworkFactory Messenger for WIFI
07-18 09:23:43.491 289 367 D ConnectivityService: Got NetworkFactory Messenger for WIFI_UT
07-18 09:23:43.492 289 360 D WIFI : got request NetworkRequest [ BACKGROUND_REQUEST id=2, [ Transports: CELLULAR Capabilities: INTERNET&NOT_RESTRICTED&TRUSTED&NOT_VPN] ] with score 0
07-18 09:23:43.492 289 360 D WIFI : got request NetworkRequest [ TRACK_DEFAULT id=5, [ Capabilities: INTERNET&NOT_RESTRICTED&TRUSTED&NOT_VPN] ] with score 0
07-18 09:23:43.492 289 360 D WIFI : got request NetworkRequest [ REQUEST id=1, [ Capabilities: INTERNET&NOT_RESTRICTED&TRUSTED&NOT_VPN] ] with score 0
07-18 09:23:43.492 289 360 D WIFI : got request NetworkRequest [ TRACK_DEFAULT id=3, [ Capabilities: INTERNET&NOT_RESTRICTED&TRUSTED&NOT_VPN] ] with score 0
07-18 09:23:43.492 289 360 D WIFI_UT : got request NetworkRequest [ BACKGROUND_REQUEST id=2, [ Transports: CELLULAR Capabilities: INTERNET&NOT_RESTRICTED&TRUSTED&NOT_VPN] ] with score 0
07-18 09:23:43.493 289 360 D WIFI_UT : got request NetworkRequest [ TRACK_DEFAULT id=5, [ Capabilities: INTERNET&NOT_RESTRICTED&TRUSTED&NOT_VPN] ] with score 0
07-18 09:23:43.493 289 360 D WIFI_UT : got request NetworkRequest [ REQUEST id=1, [ Capabilities: INTERNET&NOT_RESTRICTED&TRUSTED&NOT_VPN] ] with score 0
07-18 09:23:43.493 289 360 D WIFI_UT : got request NetworkRequest [ TRACK_DEFAULT id=3, [ Capabilities: INTERNET&NOT_RESTRICTED&TRUSTED&NOT_VPN] ] with score 0
07-18 09:23:43.495 289 313 W WindowManager: App freeze timeout expired.
07-18 09:23:43.501 688 688 I bootstat: Service started: /system/bin/bootstat -l
07-18 09:23:43.513 289 360 D WifiConfigStore: Reading from user store completed in 1 ms.
07-18 09:23:43.556 289 304 I BackupManagerService: Instantiating BackupManagerService
07-18 09:23:43.580 289 304 I SELinux : SELinux: Loaded file_contexts
07-18 09:23:43.600 289 360 D WifiConfigStore: Writing to stores completed in 47 ms.
07-18 09:23:43.623 289 304 V BackupManagerService: No ancestral data
07-18 09:23:43.631 388 388 I InputAttributes: InputType.TYPE_NULL is specified
07-18 09:23:43.638 289 304 V BackupManagerService: Starting with transport android/com.android.internal.backup.LocalTransport
07-18 09:23:43.639 289 304 D BackupTransportManager: Binding to transport: android/com.android.internal.backup.LocalTransportService
07-18 09:23:43.642 289 304 I BackupManagerService: Backup enabled => false
07-18 09:23:43.654 289 289 D BackupTransportManager: Bound to transport: android/com.android.internal.backup.LocalTransportService
07-18 09:23:43.658 289 304 W SystemServiceManager: Service com.android.server.backup.BackupManagerService$Lifecycle took 145 ms in onUnlockUser
07-18 09:23:43.659 289 304 W VoiceInteractionManagerService: no available voice interaction services found for user 0
07-18 09:23:43.659 289 304 W VoiceInteractionManagerService: no available voice recognition services found for user 0
07-18 09:23:43.659 289 304 I ActivityManager: Loading recents for user 0 into memory.
07-18 09:23:43.661 289 304 I ActivityManager: User 0 state changed from RUNNING_UNLOCKING to RUNNING_UNLOCKED
07-18 09:23:43.661 289 304 I ActivityManager: Sending BOOT_COMPLETE user #0
07-18 09:23:43.662 289 706 V KeyValueBackupJob: Scheduling k/v pass in 244 minutes
07-18 09:23:43.683 289 357 I WifiService: getConfiguredNetworks uid=1000
07-18 09:23:43.685 479 479 D CarrierSvcBindHelper: Received android.intent.action.USER_UNLOCKED
07-18 09:23:43.685 689 689 I zygote : The ClassLoaderContext is a special shared library.
07-18 09:23:43.688 499 499 D FallbackHome: User unlocked and real home found; let's go!
07-18 09:23:43.689 289 289 V NotificationListeners: enabling notification listener for 0: ComponentInfo{com.android.launcher3/com.android.launcher3.notification.NotificationListener}
07-18 09:23:43.695 289 289 V NotificationListeners: binding: Intent { act=android.service.notification.NotificationListenerService cmp=com.android.launcher3/.notification.NotificationListener (has extras) }
07-18 09:23:43.696 289 301 I ActivityManager: START u0 {act=android.intent.action.MAIN cat=[android.intent.category.HOME] flg=0x10000100 cmp=com.android.launcher3/.Launcher} from uid 0
07-18 09:23:43.754 289 301 I ActivityManager: Start proc 733:com.android.launcher3/u0a3 for activity com.android.launcher3/.Launcher
07-18 09:23:43.774 289 717 W ResourceType: No known package when getting value for resource number 0x7f08012f
07-18 09:23:43.774 289 717 W ResourceType: No known package when getting value for resource number 0x7f120e29
07-18 09:23:43.775 289 717 W ResourceType: No known package when getting value for resource number 0x7f08012e
07-18 09:23:43.775 289 717 W ResourceType: No known package when getting value for resource number 0x7f1203e1
07-18 09:23:43.775 289 717 W ResourceType: No known package when getting value for resource number 0x7f08012d
07-18 09:23:43.775 289 717 W ResourceType: No known package when getting value for resource number 0x7f1208a1
07-18 09:23:43.802 289 289 I AccountManagerService: User 0 is unlocked - opening CE database
07-18 09:23:43.802 289 717 W ResourceType: No known package when getting value for resource number 0x7f020066
07-18 09:23:43.802 289 717 W ResourceType: No known package when getting value for resource number 0x7f0e0065
07-18 09:23:43.816 289 450 W ActivityManager: Slow operation: 51ms so far, now at startProcess: done updating battery stats
07-18 09:23:43.816 289 450 W ActivityManager: Slow operation: 51ms so far, now at startProcess: building log message
07-18 09:23:43.816 289 450 I ActivityManager: Start proc 738:com.android.smspush/u0a34 for service com.android.smspush/.WapPushManager
07-18 09:23:43.816 289 450 W ActivityManager: Slow operation: 51ms so far, now at startProcess: starting to update pids map
07-18 09:23:43.816 289 450 W ActivityManager: Slow operation: 51ms so far, now at startProcess: done updating pids map
07-18 09:23:43.816 289 450 W ActivityManager: Slow operation: 52ms so far, now at startProcess: done starting proc!
07-18 09:23:43.819 289 311 I AppWidgetServiceImpl: Async processing of onUserUnlocked u0 took 161 ms
07-18 09:23:43.825 289 706 I BackupManagerService: Found stale backup journal, scheduling
07-18 09:23:43.835 289 717 W ResourceType: No known package when getting value for resource number 0x7f07008c
07-18 09:23:43.835 289 717 W ResourceType: No known package when getting value for resource number 0x7f0f0061
07-18 09:23:43.918 689 689 I AlarmClock: AlarmInitReceiver android.intent.action.LOCKED_BOOT_COMPLETED
07-18 09:23:43.943 689 765 I AlarmClock: Fixing alarm instances
07-18 09:23:43.975 289 303 I ActivityManager: Start proc 768:com.android.keychain/1000 for service com.android.keychain/.KeyChainService
07-18 09:23:44.039 733 733 I zygote : The ClassLoaderContext is a special shared library.
07-18 09:23:44.067 689 765 V AlarmClock: AlarmInitReceiver finished
07-18 09:23:44.079 738 738 I zygote : The ClassLoaderContext is a special shared library.
07-18 09:23:44.113 768 768 I zygote : The ClassLoaderContext is a special shared library.
07-18 09:23:44.136 289 533 I ActivityManager: Start proc 798:android.process.media/u0a8 for broadcast com.android.providers.downloads/.DownloadReceiver
07-18 09:23:44.167 289 562 W WallpaperManagerService: Cannot extract colors because wallpaper could not be read.
07-18 09:23:44.169 733 733 V Launcher: LauncherAppState initiated
07-18 09:23:44.230 395 407 I zygote : Do partial code cache collection, code=63KB, data=50KB
07-18 09:23:44.231 395 407 I zygote : After code cache collection, code=63KB, data=50KB
07-18 09:23:44.231 395 407 I zygote : Increasing code cache capacity to 256KB
07-18 09:23:44.281 289 303 I SyncManager: Loaded persisted syncs: 0 periodic syncs, 0 oneshot syncs, 7 total system server jobs, JobStats: FirstLoad: 0/0/0 LastSave: -1/-1/-1
07-18 09:23:44.319 798 798 I zygote : The ClassLoaderContext is a special shared library.
07-18 09:23:44.337 289 299 I zygote : Background concurrent copying GC freed 28909(2MB) AllocSpace objects, 11(412KB) LOS objects, 42% free, 5MB/8MB, paused 1.626ms total 471.975ms
07-18 09:23:44.406 733 733 W System : ClassLoader referenced unknown path:
07-18 09:23:44.429 798 798 I zygote : The ClassLoaderContext is a special shared library.
07-18 09:23:44.457 733 820 D OpenGLRenderer: HWUI GL Pipeline
07-18 09:23:44.471 733 807 D LoaderTask: loadWorkspace: loading default favorites
07-18 09:23:44.534 733 820 D vndksupport: Loading /vendor/lib/hw/gralloc.am57x.so from current namespace instead of sphal namespace.
07-18 09:23:44.537 733 733 W View : requestLayout() improperly called by com.android.launcher3.graphics.GradientView{2e60d44 V.ED..... ......I. 0,0-0,0 #7f0b0033 app:id/gradient_bg} during layout: running second layout pass
07-18 09:23:44.551 733 820 D vndksupport: Loading /vendor/lib/hw/gralloc.am57x.so from current namespace instead of sphal namespace.
07-18 09:23:44.554 157 157 W /system/bin/hwservicemanager: getTransport: Cannot find entry android.hardware.configstore@1.0::ISurfaceFlingerConfigs/default in either framework or device manifest.
07-18 09:23:44.555 733 820 I com.android.launcher3: android::hardware::configstore::V1_0::ISurfaceFlingerConfigs::hasWideColorDisplay retrieved: 0
07-18 09:23:44.555 733 820 I OpenGLRenderer: Initialized EGL, version 1.4
07-18 09:23:44.555 733 820 D OpenGLRenderer: Swap behavior 1
07-18 09:23:44.555 733 820 W OpenGLRenderer: Failed to choose config with EGL_SWAP_BEHAVIOR_PRESERVED, retrying without...
07-18 09:23:44.555 733 820 D OpenGLRenderer: Swap behavior 0
07-18 09:23:44.586 733 820 D vndksupport: Loading /vendor/lib/hw/android.hardware.graphics.mapper@2.0-impl.so from current namespace instead of sphal namespace.
07-18 09:23:44.587 733 820 D vndksupport: Loading /vendor/lib/hw/gralloc.am57x.so from current namespace instead of sphal namespace.
07-18 09:23:44.605 289 313 I ActivityManager: Displayed com.android.launcher3/.Launcher: +862ms
07-18 09:23:44.703 798 798 D MediaScannerReceiver: action: android.intent.action.MEDIA_MOUNTED path: /storage/emulated/0
07-18 09:23:44.746 289 289 I Telecom : DefaultDialerCache: Refreshing default dialer for user 0: now null: DDC.oR@AAw
07-18 09:23:44.769 479 479 D CarrierConfigLoader: mHandler: 13 phoneId: 0
07-18 09:23:44.773 289 837 I RecoverySystem: No recovery log file
07-18 09:23:44.795 289 838 I ActivityManager: Start proc 839:android.process.acore/u0a9 for content provider com.android.providers.contacts/.CallLogProvider
07-18 09:23:44.796 289 837 I BootReceiver: Copying audit failures to DropBox
07-18 09:23:44.796 289 837 I BootReceiver: Checking for fsck errors
07-18 09:23:44.810 289 837 I BootReceiver: fs_stat, partition:cache stat:0xb
07-18 09:23:44.812 289 837 I BootReceiver: fs_stat, partition:userdata stat:0x9
07-18 09:23:44.830 289 450 I ActivityManager: Start proc 844:com.android.calendar/u0a49 for broadcast com.android.calendar/.alerts.AlertReceiver
07-18 09:23:44.943 839 839 I zygote : The ClassLoaderContext is a special shared library.
07-18 09:23:44.962 844 844 I zygote : The ClassLoaderContext is a special shared library.
07-18 09:23:45.057 844 844 D ExtensionsFactory: No custom extensions.
07-18 09:23:45.066 844 844 D AlertReceiver: onReceive: a=android.intent.action.BOOT_COMPLETED Intent { act=android.intent.action.BOOT_COMPLETED flg=0x9000010 cmp=com.android.calendar/.alerts.AlertReceiver (has extras) }
07-18 09:23:45.099 289 533 I ActivityManager: Start proc 879:com.android.contacts/u0a13 for broadcast com.android.contacts/.interactions.OnBootOrUpgradeReceiver
07-18 09:23:45.106 844 878 D AlertService: 0 Action = android.intent.action.BOOT_COMPLETED
07-18 09:23:45.110 844 878 D AlertService: Scheduling next alarm with AlarmScheduler. sEventReminderReceived: null
07-18 09:23:45.113 839 839 I ContactsPerf: VoicemailContentProvider.onCreate start
07-18 09:23:45.135 839 839 I ContactsPerf: VoicemailContentProvider.onCreate finish
07-18 09:23:45.138 289 533 I ActivityManager: Start proc 897:com.android.providers.calendar/u0a24 for content provider com.android.providers.calendar/.CalendarProvider2
07-18 09:23:45.145 839 839 I zygote : The ClassLoaderContext is a special shared library.
07-18 09:23:45.150 798 830 V MediaScanner: pruneDeadThumbnailFiles... android.content.ContentProviderClient$CursorWrapperInner@c280a82
07-18 09:23:45.152 798 830 V MediaScanner: /pruneDeadThumbnailFiles... android.content.ContentProviderClient$CursorWrapperInner@c280a82
07-18 09:23:45.192 839 839 I zygote : The ClassLoaderContext is a special shared library.
07-18 09:23:45.196 879 879 I zygote : The ClassLoaderContext is a special shared library.
07-18 09:23:45.227 839 876 D ContactsDatabaseHelper: WAL enabled for contacts2.db: true
07-18 09:23:45.255 897 897 I zygote : The ClassLoaderContext is a special shared library.
07-18 09:23:45.269 897 897 I chatty : uid=10024(com.android.providers.calendar) identical 1 line
07-18 09:23:45.290 897 897 I zygote : The ClassLoaderContext is a special shared library.
07-18 09:23:45.311 689 689 I AlarmClock: AlarmInitReceiver android.intent.action.BOOT_COMPLETED
07-18 09:23:45.324 289 450 W Binder : Outgoing transactions from this process must be FLAG_ONEWAY
07-18 09:23:45.324 289 450 W Binder : java.lang.Throwable
07-18 09:23:45.324 289 450 W Binder : at android.os.BinderProxy.transact(Binder.java:752)
07-18 09:23:45.324 289 450 W Binder : at android.content.ContentProviderProxy.getType(ContentProviderNative.java:451)
07-18 09:23:45.324 289 450 W Binder : at com.android.server.am.ActivityManagerService.getProviderMimeType(ActivityManagerService.java:12256)
07-18 09:23:45.324 289 450 W Binder : at android.app.IActivityManager$Stub.onTransact(IActivityManager.java:1799)
07-18 09:23:45.324 289 450 W Binder : at com.android.server.am.ActivityManagerService.onTransact(ActivityManagerService.java:2919)
07-18 09:23:45.324 289 450 W Binder : at android.os.Binder.execTransact(Binder.java:697)
07-18 09:23:45.333 689 765 I AlarmClock: Fixing alarm instances
07-18 09:23:45.364 897 897 I CalendarProvider2: Created com.android.providers.calendar.CalendarAlarmManager@4426515(com.android.providers.calendar.CalendarProvider2@e4fa02a)
07-18 09:23:45.377 689 765 V AlarmClock: AlarmInitReceiver finished
07-18 09:23:45.383 839 876 I ContactLocale: AddressBook Labels [[en_US]]: […, A, B, C, D, E, F, G, H, I, J, K, L, M, N, O, P, Q, R, S, T, U, V, W, X, Y, Z, Α, Β, Γ, Δ, Ε, Ζ, Η, Θ, Ι, Κ, Λ, Μ, Ν, Ξ, Ο, Π, Ρ, Σ, Τ, Υ, Φ, Χ, Ψ, Ω, …, А, Б, В, Г, Д, Ђ, Е, Є, Ж, З, И, І, Й, Ј, К, Л, Љ, М, Н, Њ, О, П, Р, С, Т, Ћ, У, Ф, Х, Ц, Ч, Џ, Ш, Щ, Ю, Я, …, א, ב, ג, ד, ה, ו, ז, ח, ט, י, כ, ל, מ, נ, ס, ע, פ, צ, ק, ר, ש, ת, …, ا, ب, ت, ث, ج, ح, خ, د, ذ, ر, ز, س, ش, ص, ض, ط, ظ, ع, غ, ف, ق, ك, ل, م, ن, ه, و, ي, …, ก, ข, ฃ, ค, ฅ, ฆ, ง, จ, ฉ, ช, ซ, ฌ, ญ, ฎ, ฏ, ฐ, ฑ, ฒ, ณ, ด, ต, ถ, ท, ธ, น, บ, ป, ผ, ฝ, พ, ฟ, ภ, ม, ย, ร, ฤ, ล, ฦ, ว, ศ, ษ, ส, ห, ฬ, อ, ฮ, …, ㄱ, ㄴ, ㄷ, ㄹ, ㅁ, ㅂ, ㅅ, ㅇ, ㅈ, ㅊ, ㅋ, ㅌ, ㅍ, ㅎ, …, あ, か, さ, た, な, は, ま, や, ら, わ, #, …]
07-18 09:23:45.403 289 450 I ActivityManager: Start proc 917:com.android.email/u0a54 for broadcast com.android.email/.service.EmailBroadcastReceiver
07-18 09:23:45.415 839 876 D ContactsDatabaseHelper: WAL enabled for profile.db: false
07-18 09:23:45.486 917 917 I zygote : The ClassLoaderContext is a special shared library.
07-18 09:23:45.486 844 878 D AlarmScheduler: No events found starting within 1 week.
07-18 09:23:45.580 289 450 W ActivityManager: Unable to start service Intent { act=com.android.email.EXCHANGE_INTENT pkg=com.android.exchange } U=0: not found
07-18 09:23:45.584 917 935 D ActivityThread: Loading provider com.android.email.provider;com.android.email.notifier: com.android.email.provider.EmailProvider
07-18 09:23:45.585 289 450 W ActivityManager: Unable to start service Intent { act=com.android.email.EXCHANGE_INTENT pkg=com.android.exchange } U=0: not found
07-18 09:23:45.614 388 388 I SystemBroadcastReceiver: Boot has been completed
07-18 09:23:45.614 388 388 I SystemBroadcastReceiver: toggleAppIcon() : FLAG_SYSTEM = true
07-18 09:23:45.635 289 562 I ActivityManager: Start proc 941:com.android.managedprovisioning/u0a17 for broadcast com.android.managedprovisioning/.preprovisioning.BootReminder
07-18 09:23:45.636 289 301 W ActivityManager: Unable to start service Intent { cmp=com.android.email/.service.AttachmentService } U=0: not found
07-18 09:23:45.636 289 533 W ActivityManager: Unable to start service Intent { act=com.android.email.EXCHANGE_INTENT pkg=com.android.exchange } U=0: not found
07-18 09:23:45.646 289 450 W ActivityManager: Unable to start service Intent { act=com.android.email.EXCHANGE_INTENT pkg=com.android.exchange } U=0: not found
07-18 09:23:45.648 289 450 W ActivityManager: Unable to start service Intent { act=com.android.email.EXCHANGE_INTENT pkg=com.android.exchange } U=0: not found
07-18 09:23:45.652 917 917 E ActivityThread: Service com.android.email.service.EmailBroadcastProcessorService has leaked ServiceConnection com.android.emailcommon.service.ServiceProxy$ProxyConnection@6f4d40b that was originally bound here
07-18 09:23:45.652 917 917 E ActivityThread: android.app.ServiceConnectionLeaked: Service com.android.email.service.EmailBroadcastProcessorService has leaked ServiceConnection com.android.emailcommon.service.ServiceProxy$ProxyConnection@6f4d40b that was originally bound here
07-18 09:23:45.652 917 917 E ActivityThread: at android.app.LoadedApk$ServiceDispatcher.(LoadedApk.java:1532)
07-18 09:23:45.652 917 917 E ActivityThread: at android.app.LoadedApk.getServiceDispatcher(LoadedApk.java:1424)
07-18 09:23:45.652 917 917 E ActivityThread: at android.app.ContextImpl.bindServiceCommon(ContextImpl.java:1605)
07-18 09:23:45.652 917 917 E ActivityThread: at android.app.ContextImpl.bindService(ContextImpl.java:1557)
07-18 09:23:45.652 917 917 E ActivityThread: at android.content.ContextWrapper.bindService(ContextWrapper.java:684)
07-18 09:23:45.652 917 917 E ActivityThread: at com.android.emailcommon.service.ServiceProxy.setTask(ServiceProxy.java:181)
07-18 09:23:45.652 917 917 E ActivityThread: at com.android.emailcommon.service.ServiceProxy.test(ServiceProxy.java:224)
07-18 09:23:45.652 917 917 E ActivityThread: at com.android.email.service.EmailServiceUtils.isServiceAvailable(EmailServiceUtils.java:160)
07-18 09:23:45.652 917 917 E ActivityThread: at com.android.email.provider.AccountReconciler.reconcileAccountsInternal(AccountReconciler.java:171)
07-18 09:23:45.652 917 917 E ActivityThread: at com.android.email.provider.AccountReconciler.reconcileAccounts(AccountReconciler.java:115)
07-18 09:23:45.652 917 917 E ActivityThread: at com.android.email.service.EmailBroadcastProcessorService.reconcileAndStartServices(EmailBroadcastProcessorService.java:305)
07-18 09:23:45.652 917 917 E ActivityThread: at com.android.email.service.EmailBroadcastProcessorService.onBootCompleted(EmailBroadcastProcessorService.java:295)
07-18 09:23:45.652 917 917 E ActivityThread: at com.android.email.service.EmailBroadcastProcessorService.onHandleIntent(EmailBroadcastProcessorService.java:130)
07-18 09:23:45.652 917 917 E ActivityThread: at android.app.IntentService$ServiceHandler.handleMessage(IntentService.java:76)
07-18 09:23:45.652 917 917 E ActivityThread: at android.os.Handler.dispatchMessage(Handler.java:106)
07-18 09:23:45.652 917 917 E ActivityThread: at android.os.Looper.loop(Looper.java:164)
07-18 09:23:45.652 917 917 E ActivityThread: at android.os.HandlerThread.run(HandlerThread.java:65)
07-18 09:23:45.653 289 450 W ActivityManager: Unbind failed: could not find connection for android.os.BinderProxy@fb0192f
07-18 09:23:45.653 289 450 W ActivityManager: Unable to start service Intent { cmp=com.android.email/.service.AttachmentService } U=0: not found
07-18 09:23:45.669 917 946 I Email : Observing account changes for notifications
07-18 09:23:45.673 289 450 W ActivityManager: Unable to start service Intent { act=com.android.email.EXCHANGE_INTENT pkg=com.android.exchange } U=0: not found
07-18 09:23:45.675 388 388 I LatinIME: Timeout waiting for dictionary load
07-18 09:23:45.686 941 941 I zygote : The ClassLoaderContext is a special shared library.
07-18 09:23:45.719 289 450 I ActivityManager: Start proc 957:com.android.onetimeinitializer/u0a21 for broadcast com.android.onetimeinitializer/.OneTimeInitializerReceiver
07-18 09:23:45.756 957 957 I zygote : The ClassLoaderContext is a special shared library.
07-18 09:23:45.769 957 957 V OneTimeInitializerReceiver: OneTimeInitializerReceiver.onReceive
07-18 09:23:45.802 289 450 I ActivityManager: Start proc 975:com.android.packageinstaller/u0a12 for broadcast com.android.packageinstaller/.TemporaryFileManager
07-18 09:23:45.848 975 975 I zygote : The ClassLoaderContext is a special shared library.
07-18 09:23:45.910 479 479 I VvmSimStateTracker: android.intent.action.BOOT_COMPLETED
07-18 09:23:46.068 289 301 I ActivityManager: Finished processing BOOT_COMPLETED for u0
07-18 09:23:46.081 289 301 I ActivityManager: Start proc 993:com.android.quicksearchbox/u0a36 for broadcast com.android.quicksearchbox/.SearchWidgetProvider
07-18 09:23:46.130 993 993 I zygote : The ClassLoaderContext is a special shared library.
07-18 09:23:46.358 798 992 W MediaScanner: Error opening directory '/oem/media/', skipping: No such file or directory.
07-18 09:23:58.989 204 204 I sh : type=1400 audit(0.0:13): avc: denied { write } for path="/dev/ttyS2" dev="tmpfs" ino=5566 scontext=u:r:shell:s0 tcontext=u:object_r:serial_device:s0 tclass=chr_file permissive=1
07-18 09:23:59.029 204 204 I sh : type=1400 audit(0.0:14): avc: denied { read } for path="/dev/ttyS2" dev="tmpfs" ino=5566 scontext=u:r:shell:s0 tcontext=u:object_r:serial_device:s0 tclass=chr_file permissive=1
07-18 09:24:00.110 289 304 I ActivityManager: Waited long enough for: ServiceRecord{1834cc8 u0 com.android.calendar/.alerts.InitAlarmsService}
07-18 09:24:09.998 289 312 I ActivityManager: Start proc 1017:android.ext.services/u0a10 for service android.ext.services/.storage.CacheQuotaServiceImpl
07-18 09:24:10.041 1017 1017 I zygote : The ClassLoaderContext is a special shared library.
07-18 09:24:15.155 844 890 D InitAlarmsService: Clearing and rescheduling alarms.
07-18 09:24:40.774 289 1041 I BackgroundDexOptService: Pinning optimized code {}