--------- beginning of main
01-01 00:00:00.649 148 148 W auditd : type=2000 audit(0.0:1): initialized
01-01 00:00:03.749 148 148 I auditd : type=1403 audit(0.0:2): policy loaded auid=4294967295 ses=4294967295
01-01 00:00:06.818 156 156 I SELinux : SELinux: Loaded service_contexts from:
01-01 00:00:06.821 156 156 I SELinux : /plat_service_contexts
01-01 00:00:06.821 156 156 I SELinux : /nonplat_service_contexts
01-01 00:00:06.838 158 158 I SELinux : SELinux: Loaded service_contexts from:
01-01 00:00:06.840 158 158 I SELinux : /vndservice_contexts
01-01 00:00:06.926 157 157 E hwservicemanager: BINDER_SET_INHERIT_FIFO_PRIO failed with error -1
01-01 00:00:06.935 157 157 W /system/bin/hwservicemanager: getTransport: Cannot find entry android.hardware.keymaster@3.0::IKeymasterDevice/default in either framework or device manifest.
01-01 00:00:06.937 159 159 D vndksupport: Loading /vendor/lib/hw/android.hardware.keymaster@3.0-impl.so from current namespace instead of sphal namespace.
01-01 00:00:06.973 159 159 I android.hardware.keymaster@3.0-impl: Fetching keymaster device name default
01-01 00:00:06.984 159 159 I android.hardware.keymaster@3.0-impl: Found keymaster0 module Keymaster OpenSSL HAL, version 2
01-01 00:00:06.984 159 159 I android.hardware.keymaster@3.0-impl: Keymaster0 module is software-only. Using SoftKeymasterDevice instead.
01-01 00:00:06.994 159 159 I ServiceManagement: Removing namespace from process name android.hardware.keymaster@3.0-service to keymaster@3.0-s.
01-01 00:00:06.995 159 159 I android.hardware.keymaster@3.0-service: Registration complete for android.hardware.keymaster@3.0::IKeymasterDevice/default. --------- beginning of system
01-01 00:00:07.004 160 160 I vold : Vold 3.0 (the awakening) firing up
01-01 00:00:07.004 160 160 V vold : Detected support for: ext4 vfat
01-01 00:00:07.019 160 164 D vold : e4crypt_init_user0
01-01 00:00:07.019 160 164 D vold : e4crypt_prepare_user_storage for volume null, user 0, serial 0, flags 1
01-01 00:00:07.019 160 164 D vold : Preparing: /data/system/users/0
01-01 00:00:07.020 160 164 D vold : Preparing: /data/misc/profiles/cur/0
01-01 00:00:07.020 160 164 D vold : Preparing: /data/system_de/0
01-01 00:00:07.021 160 164 D vold : Preparing: /data/misc_de/0
01-01 00:00:07.021 160 164 D vold : Preparing: /data/user_de/0
01-01 00:00:07.021 160 164 D vold : e4crypt_unlock_user_key 0 serial=0 token_present=0
01-01 00:00:07.081 165 165 I /system/bin/tzdatacheck: timezone distro dir /data/misc/zoneinfo/current does not exist. No action required.
01-01 00:00:07.239 166 166 I Netd : Netd 1.0 starting
01-01 00:00:07.240 166 166 D TetherController: Setting IP forward enable = 0
01-01 00:00:07.283 166 166 I Netd : Creating child chains: 37.5ms
01-01 00:00:07.283 166 166 I Netd : Setting up OEM hooks: 0.1ms
01-01 00:00:07.287 166 166 I Netd : Setting up FirewallController hooks: 4.4ms
01-01 00:00:07.290 166 166 I Netd : Setting up NatController hooks: 2.9ms
01-01 00:00:07.292 166 166 I Netd : Setting up BandwidthController hooks: 2.5ms
01-01 00:00:07.293 166 166 I Netd : Setting up IdletimerController hooks: 0.0ms
01-01 00:00:07.297 166 166 I Netd : Disabling bandwidth control: 4.3ms
01-01 00:00:07.298 166 166 E Netd : cannot find interface dummy0
01-01 00:00:07.299 166 166 I Netd : Initializing RouteController: 1.7ms
01-01 00:00:07.299 166 166 E Netd : Unable to create netlink socket: Protocol not supported
01-01 00:00:07.300 166 166 W Netd : Unable to open qlog quota socket, check if xt_quota2 can send via UeventHandler
01-01 00:00:07.300 166 166 D MDnsDS : MDnsSdListener::Hander starting up
01-01 00:00:07.301 166 178 D MDnsDS : MDnsSdListener starting to monitor
01-01 00:00:07.301 166 178 D MDnsDS : Going to poll with pollCount 1
01-01 00:00:07.302 166 166 I Netd : Registering NetdNativeService: 1.6ms
01-01 00:00:07.303 166 166 I Netd : Starting CommandListener: 0.6ms
01-01 00:00:07.304 166 166 I Netd : Registering NetdHwService: 1.6ms
01-01 00:00:07.304 166 166 I Netd : Netd started in 65ms
01-01 00:00:07.652 195 195 I lowmemorykiller: Using in-kernel low memory killer interface
01-01 00:00:07.687 185 185 I ServiceManagement: Removing namespace from process name android.hidl.allocator@1.0-service to allocator@1.0-s.
01-01 00:00:07.722 157 157 W /system/bin/hwservicemanager: getTransport: Cannot find entry android.hardware.health@1.0::IHealth/default in either framework or device manifest.
01-01 00:00:07.723 191 191 I ServiceManagement: Removing namespace from process name android.hardware.usb@1.0-service to usb@1.0-service.
01-01 00:00:07.731 191 191 I android.hardware.usb@1.0-service: USB HAL Ready.
01-01 00:00:07.733 190 190 D vndksupport: Loading /vendor/lib/hw/android.hardware.graphics.allocator@2.0-impl.so from current namespace instead of sphal namespace.
01-01 00:00:07.763 187 187 I android.hardware.camera.provider@2.4-service: Camera provider Service is starting.
01-01 00:00:07.765 189 189 W /vendor/bin/hw/android.hardware.configstore@1.0-service: Could not find seccomp policy file at: /vendor/etc/seccomp_policy/configstore@1.0.policy
01-01 00:00:07.765 189 189 I ServiceManagement: Removing namespace from process name android.hardware.configstore@1.0-service to configstore@1.0.
01-01 00:00:07.771 187 187 D vndksupport: Loading /vendor/lib/hw/android.hardware.camera.provider@2.4-impl.so from current namespace instead of sphal namespace.
01-01 00:00:07.789 1 1 I init : type=1400 audit(0.0:3): avc: denied { write } for name="ttyS2" dev="tmpfs" ino=5566 scontext=u:r:init:s0 tcontext=u:object_r:serial_device:s0 tclass=chr_file permissive=1
01-01 00:00:07.791 157 157 W /system/bin/hwservicemanager: getTransport: Cannot find entry android.hardware.thermal@1.1::IThermal/default in either framework or device manifest.
01-01 00:00:07.792 197 197 W thermalserviced: Unable to get Thermal HAL V1.1, vendor thermal event notification not available
01-01 00:00:07.808 188 188 D android.hardware.cas@1.0-service: android.hardware.cas@1.0-service starting...
01-01 00:00:07.808 188 188 I ServiceManagement: Removing namespace from process name android.hardware.cas@1.0-service to cas@1.0-service.
01-01 00:00:07.819 1 1 W init : type=1400 audit(0.0:4): avc: granted { read open } for path="/dev/ttyS2" dev="tmpfs" ino=5566 scontext=u:r:init:s0 tcontext=u:object_r:serial_device:s0 tclass=chr_file
01-01 00:00:07.839 204 204 W init : type=1400 audit(0.0:5): avc: granted { read } for name="ttyS2" dev="tmpfs" ino=5566 scontext=u:r:init:s0 tcontext=u:object_r:serial_device:s0 tclass=chr_file
01-01 00:00:07.839 204 204 W init : type=1400 audit(0.0:6): avc: granted { read open } for path="/dev/ttyS2" dev="tmpfs" ino=5566 scontext=u:r:init:s0 tcontext=u:object_r:serial_device:s0 tclass=chr_file
01-01 00:00:07.869 204 204 I init : type=1400 audit(0.0:7): avc: denied { ioctl } for path="/dev/ttyS2" dev="tmpfs" ino=5566 ioctlcmd=540e scontext=u:r:init:s0 tcontext=u:object_r:serial_device:s0 tclass=chr_file permissive=1
01-01 00:00:08.077 190 190 D vndksupport: Loading /vendor/lib/hw/gralloc.am57x.so from current namespace instead of sphal namespace.
01-01 00:00:08.085 186 186 D vndksupport: Loading /vendor/lib/hw/android.hardware.audio@2.0-impl.so from current namespace instead of sphal namespace.
01-01 00:00:08.099 204 204 I sh : type=1400 audit(0.0:8): avc: denied { read write } for path="/dev/ttyS2" dev="tmpfs" ino=5566 scontext=u:r:shell:s0 tcontext=u:object_r:serial_device:s0 tclass=chr_file permissive=1
01-01 00:00:08.108 192 192 I android.hardware.wifi@1.0-service: Wifi Hal is booting up...
01-01 00:00:08.216 187 187 D vndksupport: Loading /vendor/lib/hw/camera.am57x.so from current namespace instead of sphal namespace.
01-01 00:00:08.219 204 204 I sh : type=1400 audit(0.0:9): avc: denied { ioctl } for path="/dev/ttyS2" dev="tmpfs" ino=5566 ioctlcmd=5401 scontext=u:r:shell:s0 tcontext=u:object_r:serial_device:s0 tclass=chr_file permissive=1
01-01 00:00:08.224 186 186 I ServiceManagement: Removing namespace from process name android.hardware.audio@2.0-service to audio@2.0-servi.
01-01 00:00:08.225 186 186 I audiohalservice: Registration complete for android.hardware.audio@2.0::IDevicesFactory/default.
01-01 00:00:08.226 157 157 W /system/bin/hwservicemanager: getTransport: Cannot find entry android.hardware.audio.effect@2.0::IEffectsFactory/default in either framework or device manifest.
01-01 00:00:08.226 186 186 D vndksupport: Loading /vendor/lib/hw/android.hardware.audio.effect@2.0-impl.so from current namespace instead of sphal namespace.
01-01 00:00:08.246 157 157 W /system/bin/hwservicemanager: getTransport: Cannot find entry android.hardware.configstore@1.0::ISurfaceFlingerConfigs/default in either framework or device manifest.
01-01 00:00:08.283 196 196 I /system/bin/surfaceflinger: android::hardware::configstore::V1_0::ISurfaceFlingerConfigs::maxFrameBufferAcquiredBuffers retrieved: 2 (default)
01-01 00:00:08.285 157 157 W /system/bin/hwservicemanager: getTransport: Cannot find entry android.hardware.configstore@1.0::ISurfaceFlingerConfigs/default in either framework or device manifest.
01-01 00:00:08.286 196 196 I /system/bin/surfaceflinger: android::hardware::configstore::V1_0::ISurfaceFlingerConfigs::startGraphicsAllocatorService retrieved: 0
01-01 00:00:08.309 196 196 I SurfaceFlinger: SurfaceFlinger is starting
01-01 00:00:08.318 196 196 I /system/bin/surfaceflinger: android::hardware::configstore::V1_0::ISurfaceFlingerConfigs::vsyncEventPhaseOffsetNs retrieved: 7500000
01-01 00:00:08.318 196 196 I /system/bin/surfaceflinger: android::hardware::configstore::V1_0::ISurfaceFlingerConfigs::vsyncSfEventPhaseOffsetNs retrieved: 5000000
01-01 00:00:08.318 196 196 I /system/bin/surfaceflinger: android::hardware::configstore::V1_0::ISurfaceFlingerConfigs::maxVirtualDisplaySize retrieved: 0 (default)
01-01 00:00:08.318 196 196 I /system/bin/surfaceflinger: android::hardware::configstore::V1_0::ISurfaceFlingerConfigs::hasSyncFramework retrieved: 1
01-01 00:00:08.319 196 196 I /system/bin/surfaceflinger: android::hardware::configstore::V1_0::ISurfaceFlingerConfigs::useContextPriority retrieved: 0 (default)
01-01 00:00:08.321 196 196 I /system/bin/surfaceflinger: android::hardware::configstore::V1_0::ISurfaceFlingerConfigs::presentTimeOffsetFromVSyncNs retrieved: 0
01-01 00:00:08.321 196 196 I /system/bin/surfaceflinger: android::hardware::configstore::V1_0::ISurfaceFlingerConfigs::useHwcForRGBtoYUV retrieved: 0
01-01 00:00:08.321 196 196 I /system/bin/surfaceflinger: android::hardware::configstore::V1_0::ISurfaceFlingerConfigs::maxFrameBufferAcquiredBuffers retrieved: 2 (default)
01-01 00:00:08.322 196 196 I SurfaceFlinger: Enabling HWC virtual displays
01-01 00:00:08.322 196 196 I SurfaceFlinger: Disabling Triple Buffering
01-01 00:00:08.322 196 196 I SurfaceFlinger: SurfaceFlinger's main thread ready to run. Initializing graphics H/W...
01-01 00:00:08.403 206 226 I adbd : initializing functionfs
01-01 00:00:08.403 206 226 I adbd : opening control endpoint /dev/usb-ffs/adb/ep0
01-01 00:00:08.412 190 190 I ServiceManagement: Removing namespace from process name android.hardware.graphics.allocator@2.0-service to allocator@2.0-s.
01-01 00:00:08.413 190 190 I android.hardware.graphics.allocator@2.0-service: Registration complete for android.hardware.graphics.allocator@2.0::IAllocator/default.
01-01 00:00:08.420 196 196 D vndksupport: Loading /vendor/lib/egl/libEGL_POWERVR_SGX544_116.so from current namespace instead of sphal namespace.
01-01 00:00:08.428 186 186 I audiohalservice: Registration complete for android.hardware.audio.effect@2.0::IEffectsFactory/default.
01-01 00:00:08.429 157 157 W /system/bin/hwservicemanager: getTransport: Cannot find entry android.hardware.soundtrigger@2.0::ISoundTriggerHw/default in either framework or device manifest.
01-01 00:00:08.429 186 186 D vndksupport: Loading /vendor/lib/hw/android.hardware.soundtrigger@2.0-impl.so from current namespace instead of sphal namespace.
01-01 00:00:08.436 196 196 D libEGL : loaded /vendor/lib/egl/libEGL_POWERVR_SGX544_116.so
01-01 00:00:08.461 186 186 E SoundTriggerHalImpl: couldn't load sound trigger module sound_trigger.primary (No such file or directory)
01-01 00:00:08.463 186 186 I audiohalservice: Registration complete for android.hardware.soundtrigger@2.0::ISoundTriggerHw/default.
01-01 00:00:08.470 196 196 D vndksupport: Loading /vendor/lib/egl/libGLESv1_CM_POWERVR_SGX544_116.so from current namespace instead of sphal namespace.
01-01 00:00:08.471 196 196 D libEGL : loaded /vendor/lib/egl/libGLESv1_CM_POWERVR_SGX544_116.so
01-01 00:00:08.500 196 196 D vndksupport: Loading /vendor/lib/egl/libGLESv2_POWERVR_SGX544_116.so from current namespace instead of sphal namespace.
01-01 00:00:08.501 196 196 D libEGL : loaded /vendor/lib/egl/libGLESv2_POWERVR_SGX544_116.so
01-01 00:00:08.559 204 204 I sh : type=1400 audit(0.0:10): avc: denied { write } for path="/dev/ttyS2" dev="tmpfs" ino=5566 scontext=u:r:shell:s0 tcontext=u:object_r:serial_device:s0 tclass=chr_file permissive=1
01-01 00:00:08.559 204 204 I sh : type=1400 audit(0.0:11): avc: denied { read } for path="/dev/ttyS2" dev="tmpfs" ino=5566 scontext=u:r:shell:s0 tcontext=u:object_r:serial_device:s0 tclass=chr_file permissive=1
01-01 00:00:08.576 212 212 I installd: installd firing up
01-01 00:00:08.637 167 167 D AndroidRuntime: >>>>>> START com.android.internal.os.ZygoteInit uid 0 <<<<<<
01-01 00:00:08.672 196 196 D vndksupport: Loading /vendor/lib/hw/gralloc.am57x.so from current namespace instead of sphal namespace.
01-01 00:00:08.676 196 196 D vndksupport: Loading /vendor/lib/hw/gralloc.am57x.so from current namespace instead of sphal namespace.
01-01 00:00:08.677 157 157 W /system/bin/hwservicemanager: getTransport: Cannot find entry android.hardware.configstore@1.0::ISurfaceFlingerConfigs/default in either framework or device manifest.
01-01 00:00:08.678 196 196 I /system/bin/surfaceflinger: android::hardware::configstore::V1_0::ISurfaceFlingerConfigs::hasWideColorDisplay retrieved: 0
01-01 00:00:08.679 196 196 D vndksupport: Loading /vendor/lib/hw/gralloc.am57x.so from current namespace instead of sphal namespace.
01-01 00:00:08.680 196 196 D vndksupport: Loading /vendor/lib/hw/hwcomposer.am57x.so from current namespace instead of sphal namespace.
01-01 00:00:08.687 196 196 I ti_hwc : Open omapdrm drm device (21)
01-01 00:00:08.687 196 196 D vndksupport: Loading /vendor/lib/hw/gralloc.am57x.so from current namespace instead of sphal namespace.
01-01 00:00:08.687 196 196 I ti_hwc : Set drm fd (21) to gralloc
01-01 00:00:08.691 196 196 I ti_hwc : Number of available overlays: 4
01-01 00:00:08.691 196 196 I ti_hwc : Display 0 - Overlay 0: plane_id: 33 crtc_id: 34
01-01 00:00:08.691 196 196 I ti_hwc : Display 0 - Overlay 1: plane_id: 39 crtc_id: 34
01-01 00:00:08.691 196 196 I ti_hwc : Display 0 - Overlay 2: plane_id: 40 crtc_id: 34
01-01 00:00:08.693 187 187 I CamProvider@2.4-impl: Loaded "TI OMAP CameraHal Module" camera module
01-01 00:00:08.693 187 187 I CamProvider@2.4-impl: setUpVendorTags: No vendor tags defined for this device.
01-01 00:00:08.693 187 187 E CameraHal: (b51614a4) hardware/ti/dra7xx/camera/V4LCameraAdapter/V4LCameraAdapter.cpp:1273 V4LCameraAdapter_Capabilities - Error while adapter initialization: video capture not supported.
01-01 00:00:08.694 187 187 I chatty : uid=1047(cameraserver) provider@2.4-se identical 1 line
01-01 00:00:08.694 187 187 E CameraHal: (b51614a4) hardware/ti/dra7xx/camera/V4LCameraAdapter/V4LCameraAdapter.cpp:1273 V4LCameraAdapter_Capabilities - Error while adapter initialization: video capture not supported.
01-01 00:00:08.694 187 187 E CameraHal: (b51614a4) hardware/ti/dra7xx/camera/BaseCameraAdapter.cpp:2713 CameraAdapter_Capabilities - supportedCameras= 0
01-01 00:00:08.694 167 167 I zygote : option[0]=-Xzygote
01-01 00:00:08.694 187 187 E CameraHal: (b51614a4) hardware/ti/dra7xx/camera/CameraProperties.cpp:108 loadProperties - camera busy or no cameras detected. properties not loaded. num_cameras = 0
01-01 00:00:08.694 167 167 I zygote : option[1]=-Xusetombstonedtraces
01-01 00:00:08.694 167 167 I zygote : option[2]=exit
01-01 00:00:08.694 167 167 I zygote : option[3]=vfprintf
01-01 00:00:08.694 167 167 I zygote : option[4]=sensitiveThread
01-01 00:00:08.694 167 167 I zygote : option[5]=-verbose:gc
01-01 00:00:08.694 167 167 I zygote : option[6]=-Xms8m
01-01 00:00:08.694 167 167 I zygote : option[7]=-Xmx384m
01-01 00:00:08.694 167 167 I zygote : option[8]=-XX:HeapGrowthLimit=80m
01-01 00:00:08.694 167 167 I zygote : option[9]=-XX:HeapMinFree=512k
01-01 00:00:08.694 167 167 I zygote : option[10]=-XX:HeapMaxFree=8m
01-01 00:00:08.694 167 167 I zygote : option[11]=-XX:HeapTargetUtilization=0.75
01-01 00:00:08.694 167 167 I zygote : option[12]=-Xusejit:true
01-01 00:00:08.694 167 167 I zygote : option[13]=-Xjitsaveprofilinginfo
01-01 00:00:08.694 167 167 I zygote : option[14]=-agentlib:jdwp=transport=dt_android_adb,suspend=n,server=y
01-01 00:00:08.694 167 167 I zygote : option[15]=-Xlockprofthreshold:500
01-01 00:00:08.694 167 167 I zygote : option[16]=-Ximage-compiler-option
01-01 00:00:08.694 167 167 I zygote : option[17]=--runtime-arg
01-01 00:00:08.694 167 167 I zygote : option[18]=-Ximage-compiler-option
01-01 00:00:08.694 167 167 I zygote : option[19]=-Xms64m
01-01 00:00:08.694 167 167 I zygote : option[20]=-Ximage-compiler-option
01-01 00:00:08.694 167 167 I zygote : option[21]=--runtime-arg
01-01 00:00:08.694 167 167 I zygote : option[22]=-Ximage-compiler-option
01-01 00:00:08.694 167 167 I zygote : option[23]=-Xmx64m
01-01 00:00:08.694 167 167 I zygote : option[24]=-Ximage-compiler-option
01-01 00:00:08.694 167 167 I zygote : option[25]=--image-classes=/system/etc/preloaded-classes
01-01 00:00:08.694 167 167 I zygote : option[26]=-Ximage-compiler-option
01-01 00:00:08.694 167 167 I zygote : option[27]=--compiled-classes=/system/etc/compiled-classes
01-01 00:00:08.694 167 167 I zygote : option[28]=-Ximage-compiler-option
01-01 00:00:08.694 167 167 I zygote : option[29]=--dirty-image-objects=/system/etc/dirty-image-objects
01-01 00:00:08.694 167 167 I zygote : option[30]=-Xcompiler-option
01-01 00:00:08.694 167 167 I zygote : option[31]=--runtime-arg
01-01 00:00:08.694 167 167 I zygote : option[32]=-Xcompiler-option
01-01 00:00:08.694 167 167 I zygote : option[33]=-Xms64m
01-01 00:00:08.694 167 167 I zygote : option[34]=-Xcompiler-option
01-01 00:00:08.694 187 187 I ServiceManagement: Removing namespace from process name android.hardware.camera.provider@2.4-service to provider@2.4-se.
01-01 00:00:08.694 167 167 I zygote : option[35]=--runtime-arg
01-01 00:00:08.694 167 167 I zygote : option[36]=-Xcompiler-option
01-01 00:00:08.694 167 167 I zygote : option[37]=-Xmx512m
01-01 00:00:08.694 167 167 I zygote : option[38]=-Ximage-compiler-option
01-01 00:00:08.694 167 167 I zygote : option[39]=--instruction-set-variant=cortex-a15
01-01 00:00:08.694 167 167 I zygote : option[40]=-Xcompiler-option
01-01 00:00:08.694 167 167 I zygote : option[41]=--instruction-set-variant=cortex-a15
01-01 00:00:08.694 167 167 I zygote : option[42]=-Ximage-compiler-option
01-01 00:00:08.694 167 167 I zygote : option[43]=--instruction-set-features=default
01-01 00:00:08.694 167 167 I zygote : option[44]=-Xcompiler-option
01-01 00:00:08.694 167 167 I zygote : option[45]=--instruction-set-features=default
01-01 00:00:08.694 167 167 I zygote : option[46]=-Duser.locale=en-US
01-01 00:00:08.695 167 167 I zygote : option[47]=--cpu-abilist=armeabi-v7a,armeabi
01-01 00:00:08.695 167 167 I zygote : option[48]=-Xfingerprint:TI/full_am57xevm/am57xevm:8.1.0/OPM1.171019.021/root07171406:userdebug/test-keys
01-01 00:00:08.695 187 187 I android.hardware.camera.provider@2.4-service: Registration complete for android.hardware.camera.provider@2.4::ICameraProvider/legacy/0.
01-01 00:00:08.745 219 219 I wificond: wificond is starting up...
01-01 00:00:08.789 196 196 D ti_hwc : Transforming FB (800x480) => (800x480) rot0
01-01 00:00:08.789 196 196 E ti_hwc : plane id: 33
01-01 00:00:08.789 196 196 I ti_hwc : Expecting h/w vsync for am57xevm
01-01 00:00:08.789 196 196 I ti_hwc : Initializing hw vsync thread
01-01 00:00:08.789 167 167 W zygote : Could not reserve sentinel fault page
01-01 00:00:08.789 196 196 I ti_hwc : clone region is set to (0,0) to (800,480)
01-01 00:00:08.789 196 196 I ti_hwc : loading blitter module
01-01 00:00:08.790 196 196 E ti_hwc : blitter module not found
01-01 00:00:08.790 196 196 I SurfaceFlinger: Using composer version 1.1
01-01 00:00:08.790 196 196 I SurfaceFlinger: EGL information:
01-01 00:00:08.790 196 196 I SurfaceFlinger: vendor : Android
01-01 00:00:08.790 196 196 I SurfaceFlinger: version : 1.4 Android META-EGL
01-01 00:00:08.790 196 196 I SurfaceFlinger: extensions: EGL_KHR_get_all_proc_addresses EGL_ANDROID_presentation_time EGL_KHR_swap_buffers_with_damage EGL_ANDROID_get_native_client_buffer EGL_ANDROID_front_buffer_auto_refresh EGL_ANDROID_get_frame_timestamps EGL_KHR_image EGL_KHR_image_base EGL_KHR_gl_texture_2D_image EGL_KHR_gl_texture_cubemap_image EGL_KHR_gl_renderbuffer_image EGL_KHR_fence_sync EGL_KHR_create_context EGL_KHR_surfaceless_context EGL_ANDROID_image_native_buffer EGL_KHR_wait_sync EGL_ANDROID_recordable EGL_IMG_context_priority
01-01 00:00:08.790 196 196 I SurfaceFlinger: Client API: OpenGL_ES
01-01 00:00:08.790 196 196 I SurfaceFlinger: EGLSurface: 8-8-8-8, config=0xf
01-01 00:00:08.793 196 236 D ti_hwc : Opened directory /sys/devices/platform/omapdrm.0/drm/card0
01-01 00:00:08.793 196 236 D ti_hwc : EXTCON HDMI STATE: 0
01-01 00:00:08.805 218 234 I ServiceManager: Waiting for service package_native...
01-01 00:00:08.809 196 196 I SurfaceFlinger: OpenGL ES informations:
01-01 00:00:08.809 196 196 I SurfaceFlinger: vendor : Imagination Technologies
01-01 00:00:08.809 196 196 I SurfaceFlinger: renderer : PowerVR SGX 544MP
01-01 00:00:08.809 196 196 I SurfaceFlinger: version : OpenGL ES 2.0 build 1.14@4081762
01-01 00:00:08.809 196 196 I SurfaceFlinger: extensions: GL_EXT_debug_marker GL_OES_rgb8_rgba8 GL_OES_depth24 GL_OES_vertex_half_float GL_OES_texture_float GL_OES_texture_half_float GL_OES_element_index_uint GL_OES_mapbuffer GL_OES_fragment_precision_high GL_OES_compressed_ETC1_RGB8_texture GL_OES_fbo_render_mipmap GL_OES_EGL_image GL_OES_EGL_image_external GL_OES_required_internalformat GL_OES_depth_texture GL_OES_get_program_binary GL_OES_packed_depth_stencil GL_OES_standard_derivatives GL_OES_vertex_array_object GL_OES_egl_sync GL_OES_texture_npot GL_OES_surfaceless_context GL_EXT_discard_framebuffer GL_EXT_blend_minmax GL_EXT_multi_draw_arrays GL_EXT_multisampled_render_to_texture GL_EXT_shader_texture_lod GL_EXT_texture_format_BGRA8888 GL_EXT_occlusion_query_boolean GL_EXT_texture_rg GL_EXT_draw_buffers GL_EXT_shader_framebuffer_fetch GL_IMG_shader_binary GL_IMG_texture_compression_pvrtc GL_IMG_texture_compression_pvrtc2 GL_IMG_texture_npot GL_IMG_texture_format_BGRA8888 GL_IMG_read_format GL_IMG_program_binary GL_IMG_uniform_buffer_object GL_IMG_
01-01 00:00:08.809 196 196 I SurfaceFlinger: GL_MAX_TEXTURE_SIZE = 4096
01-01 00:00:08.809 196 196 I SurfaceFlinger: GL_MAX_VIEWPORT_DIMS = 4096
01-01 00:00:08.812 217 217 I mediaserver: ServiceManager: 0xa7a18600
01-01 00:00:08.832 196 196 D vndksupport: Loading /vendor/lib/hw/android.hardware.graphics.mapper@2.0-impl.so from current namespace instead of sphal namespace.
01-01 00:00:08.839 217 217 W BatteryNotifier: batterystats service unavailable!
01-01 00:00:08.842 196 196 D vndksupport: Loading /vendor/lib/hw/gralloc.am57x.so from current namespace instead of sphal namespace.
01-01 00:00:08.866 157 157 W /system/bin/hwservicemanager: getTransport: Cannot find entry android.hardware.keymaster@3.0::IKeymasterDevice/default in either framework or device manifest.
01-01 00:00:08.875 214 214 I mediaserver: ServiceManager: 0xb4898560
01-01 00:00:08.879 204 204 I sh : type=1400 audit(0.0:12): avc: denied { read } for path="/dev/ttyS2" dev="tmpfs" ino=5566 scontext=u:r:shell:s0 tcontext=u:object_r:serial_device:s0 tclass=chr_file permissive=1
01-01 00:00:08.946 196 196 D SurfaceFlinger: shader cache generated - 24 shaders in 94.250526 ms
01-01 00:00:08.947 196 196 D SurfaceFlinger: Set power mode=2, type=0 flinger=0xb26d2000
01-01 00:00:08.975 196 196 I ti_hwc : Setting up plane 33 and connecting connector 32 to crtc 34
01-01 00:00:09.062 235 235 I gatekeeperd: Starting gatekeeperd...
01-01 00:00:09.072 221 221 I /vendor/bin/hw/android.hardware.media.omx@1.0-service: mediacodecservice starting
01-01 00:00:09.073 221 221 W /vendor/bin/hw/android.hardware.media.omx@1.0-service: Could not read additional policy file '/vendor/etc/seccomp_policy/mediacodec.policy'
01-01 00:00:09.073 221 221 W /vendor/bin/hw/android.hardware.media.omx@1.0-service: libminijail[221]: allowing syscall: clock_gettime
01-01 00:00:09.073 221 221 W /vendor/bin/hw/android.hardware.media.omx@1.0-service: libminijail[221]: allowing syscall: connect
01-01 00:00:09.073 221 221 W /vendor/bin/hw/android.hardware.media.omx@1.0-service: libminijail[221]: allowing syscall: fcntl64
01-01 00:00:09.073 221 221 W /vendor/bin/hw/android.hardware.media.omx@1.0-service: libminijail[221]: allowing syscall: socket
01-01 00:00:09.073 221 221 W /vendor/bin/hw/android.hardware.media.omx@1.0-service: libminijail[221]: allowing syscall: writev
01-01 00:00:09.074 221 221 W /vendor/bin/hw/android.hardware.media.omx@1.0-service: libminijail[221]: logging seccomp filter failures
01-01 00:00:09.083 157 157 W /system/bin/hwservicemanager: getTransport: Cannot find entry android.hardware.gatekeeper@1.0::IGatekeeper/default in either framework or device manifest.
01-01 00:00:09.085 235 235 W gatekeeperd: falling back to software GateKeeper
01-01 00:00:09.096 221 221 W MediaCodecsXmlParser: unable to open media codecs configuration xml file: /data/misc/media/media_codecs_profiling_results.xml
01-01 00:00:09.096 221 221 W MediaCodecsXmlParser: parseTopLevelXMLFile(/data/misc/media/media_codecs_profiling_results.xml) failed
01-01 00:00:09.097 221 221 I ServiceManagement: Removing namespace from process name android.hardware.media.omx@1.0-service to omx@1.0-service.
01-01 00:00:09.117 210 210 I cameraserver: ServiceManager: 0xb2598560
01-01 00:00:09.117 210 210 I CameraService: CameraService started (pid=210)
01-01 00:00:09.121 210 210 I CameraService: CameraService process starting
01-01 00:00:09.121 210 210 W BatteryNotifier: batterystats service unavailable!
01-01 00:00:09.121 210 210 W BatteryNotifier: batterystats service unavailable!
01-01 00:00:09.128 210 210 I CameraProviderManager: Connecting to new camera provider: legacy/0, isRemote? 1
01-01 00:00:09.129 210 210 I CameraProviderManager: Enumerating new camera device: device@1.0/legacy/0
01-01 00:00:09.130 187 187 I CamDev@1.0-impl: Opening camera 0
01-01 00:00:09.130 187 187 E CameraHal: (b51614a4) hardware/ti/dra7xx/camera/CameraHal_Module.cpp:634 camera_device_open - CameraHal_Module: ******************* 1 *******************
01-01 00:00:09.130 187 187 I CameraHal: (b51614a4) hardware/ti/dra7xx/camera/CameraHal_Module.cpp:638 camera_device_open - camera_device open
01-01 00:00:09.130 187 187 E CameraHal: (b51614a4) hardware/ti/dra7xx/camera/CameraHal.cpp:126 getSocFamily - '/sys/board_properties/soc/family' Not Available
01-01 00:00:09.130 187 187 E CameraHal: (b51614a4) hardware/ti/dra7xx/camera/CameraHal_Module.cpp:733 camera_device_open - Couldn't initialize camera instance
01-01 00:00:09.130 187 187 E CamDev@1.0-impl: Could not open camera 0: -19
01-01 00:00:09.130 210 210 E CameraProviderManager: DeviceInfo1: Unable to open camera device 0 to check for a flash unit: INTERNAL_ERROR
01-01 00:00:09.130 210 210 I CameraProviderManager: Camera provider legacy/0 ready with 1 camera devices
01-01 00:00:09.130 210 210 I CameraHardwareInterface: Opening camera 0
01-01 00:00:09.130 187 187 I CamDev@1.0-impl: Opening camera 0
01-01 00:00:09.130 187 187 E CameraHal: (b51614a4) hardware/ti/dra7xx/camera/CameraHal_Module.cpp:634 camera_device_open - CameraHal_Module: ******************* 1 *******************
01-01 00:00:09.130 187 187 I CameraHal: (b51614a4) hardware/ti/dra7xx/camera/CameraHal_Module.cpp:638 camera_device_open - camera_device open
01-01 00:00:09.130 187 187 E CameraHal: (b51614a4) hardware/ti/dra7xx/camera/CameraHal.cpp:126 getSocFamily - '/sys/board_properties/soc/family' Not Available
01-01 00:00:09.131 187 187 E CameraHal: (b51614a4) hardware/ti/dra7xx/camera/CameraHal_Module.cpp:733 camera_device_open - Couldn't initialize camera instance
01-01 00:00:09.131 187 187 E CamDev@1.0-impl: Could not open camera 0: -19
01-01 00:00:09.131 210 210 E CameraHardwareInterface: initialize: openSession failed! Function not implemented (-38)
01-01 00:00:09.131 210 210 E CameraFlashlight: connectCameraDevice: initializing camera 0 failed
01-01 00:00:09.131 210 210 E CameraFlashlight: findFlashUnits: failed to check if camera 0 has a flash unit. Function not implemented (-38)
01-01 00:00:09.131 210 210 I CameraService: onDeviceStatusChanged: Status changed for cameraId=0, newStatus=1
01-01 00:00:09.131 210 210 E CameraService: onDeviceStatusChanged: State transition to the same status 0x1 not allowed
01-01 00:00:09.132 210 252 W CameraProviderManager: addProviderLocked: Camera provider HAL with name 'legacy/0' already registered
01-01 00:00:09.132 210 252 I CameraService: onDeviceStatusChanged: Status changed for cameraId=0, newStatus=1
01-01 00:00:09.132 210 252 E CameraService: onDeviceStatusChanged: State transition to the same status 0x1 not allowed
01-01 00:00:09.132 210 252 I CameraHardwareInterface: Destroying camera 0
01-01 00:00:09.145 221 221 D OMX_CORE_WRAPPER: TIOMX_Init
01-01 00:00:09.145 221 221 D OMX_CORE_WRAPPER: TIOMX_ComponentNameEnum
01-01 00:00:09.145 221 221 I chatty : uid=1046(mediacodec) omx@1.0-service identical 1 line
01-01 00:00:09.145 221 221 D OMX_CORE_WRAPPER: TIOMX_ComponentNameEnum
01-01 00:00:09.147 221 221 W MediaCodecsXmlParser: unable to open media codecs configuration xml file: /data/misc/media/media_codecs_profiling_results.xml
01-01 00:00:09.147 221 221 W MediaCodecsXmlParser: parseTopLevelXMLFile(/data/misc/media/media_codecs_profiling_results.xml) failed
01-01 00:00:09.147 221 221 I ServiceManagement: Removing namespace from process name android.hardware.media.omx@1.0-service to omx@1.0-service.
01-01 00:00:09.148 221 221 I /vendor/bin/hw/android.hardware.media.omx@1.0-service: Treble OMX service created.
01-01 00:00:09.183 248 248 I /system/bin/tombstoned: tombstoned successfully initialized
01-01 00:00:09.210 216 216 I mediametrics: ServiceManager: 0xa9c185a0
01-01 00:00:09.210 216 216 D MediaAnalyticsService: MediaAnalyticsService created
01-01 00:00:09.210 216 216 D MediaAnalyticsService: MediaAnalyticsService::newSummarizerSet
01-01 00:00:09.255 209 209 I FastMixerState: sMaxFastTracks = 8
01-01 00:00:09.261 215 215 V MediaUtils: physMem: 2107666432
01-01 00:00:09.261 215 215 V MediaUtils: requested limit: 421533280
01-01 00:00:09.262 215 215 V MediaUtils: actual limit: 421533280
01-01 00:00:09.262 215 215 V MediaUtils: original limits: 4294967295/4294967295
01-01 00:00:09.262 215 215 V MediaUtils: new limits: 421533280/4294967295
01-01 00:00:09.262 215 215 D vndksupport: Loading libutils.so from current namespace instead of sphal namespace.
01-01 00:00:09.263 209 209 I audioserver: ServiceManager: 0xb3198500
01-01 00:00:09.264 209 209 W BatteryNotifier: batterystats service unavailable!
01-01 00:00:09.264 215 215 W /system/bin/mediaextractor: Could not read additional policy file '/vendor/etc/seccomp_policy/mediaextractor.policy'
01-01 00:00:09.264 215 215 W /system/bin/mediaextractor: libminijail[215]: allowing syscall: clock_gettime
01-01 00:00:09.264 215 215 W /system/bin/mediaextractor: libminijail[215]: allowing syscall: connect
01-01 00:00:09.264 215 215 W /system/bin/mediaextractor: libminijail[215]: allowing syscall: fcntl64
01-01 00:00:09.264 215 215 W /system/bin/mediaextractor: libminijail[215]: allowing syscall: socket
01-01 00:00:09.265 215 215 W /system/bin/mediaextractor: libminijail[215]: allowing syscall: writev
01-01 00:00:09.265 215 215 W /system/bin/mediaextractor: libminijail[215]: logging seccomp filter failures
01-01 00:00:09.267 157 157 W /system/bin/hwservicemanager: getTransport: Cannot find entry android.hardware.audio.effect@2.0::IEffectsFactory/default in either framework or device manifest.
01-01 00:00:09.268 209 209 I AudioFlinger: Using default 3000 mSec as standby time.
01-01 00:00:09.376 209 209 E APM::Serializer: deserialize: Could not parse /odm/etc/audio_policy_configuration.xml document.
01-01 00:00:09.411 186 259 D vndksupport: Loading /vendor/lib/hw/audio.primary.am57x.so from current namespace instead of sphal namespace.
01-01 00:00:09.416 186 259 I audio_hw_primary: adev_open() audio_hw_if
01-01 00:00:09.417 186 259 I audio_hw_primary: Media card is hw:0
01-01 00:00:09.417 186 259 I audio_hw_primary: Bluetooth SCO card is hw:0
01-01 00:00:09.418 186 259 I audio_hw_primary: JAMR card is hw:0
01-01 00:00:09.421 186 259 E audio_route: Control 'Left PGA Mixer Mic3L Switch' doesn't exist - skipping
01-01 00:00:09.421 186 259 E audio_route: Control 'Right PGA Mixer Mic3R Switch' doesn't exist - skipping
01-01 00:00:09.424 186 259 E audio_route: Control 'J3A Left PGA Mixer Line1L Switch' doesn't exist - skipping
01-01 00:00:09.424 186 259 E audio_route: Control 'J3A Right PGA Mixer Line1R Switch' doesn't exist - skipping
01-01 00:00:09.424 186 259 E audio_route: Control 'J3A PGA Capture Switch' doesn't exist - skipping
01-01 00:00:09.424 186 259 E audio_route: Control 'J3A PGA Capture Volume' doesn't exist - skipping
01-01 00:00:09.424 186 259 E audio_route: Control 'J3A Left Line1L Mux' doesn't exist - skipping
01-01 00:00:09.424 186 259 E audio_route: Control 'J3A Right Line1L Mux' doesn't exist - skipping
01-01 00:00:09.424 186 259 E audio_route: Control 'J3A Left Line1R Mux' doesn't exist - skipping
01-01 00:00:09.424 186 259 E audio_route: Control 'J3A Right Line1R Mux' doesn't exist - skipping
01-01 00:00:09.424 186 259 E audio_route: Control 'J3B Left PGA Mixer Line1L Switch' doesn't exist - skipping
01-01 00:00:09.425 186 259 E audio_route: Control 'J3B Right PGA Mixer Line1R Switch' doesn't exist - skipping
01-01 00:00:09.425 186 259 E audio_route: Control 'J3B PGA Capture Switch' doesn't exist - skipping
01-01 00:00:09.425 186 259 E audio_route: Control 'J3B PGA Capture Volume' doesn't exist - skipping
01-01 00:00:09.425 186 259 E audio_route: Control 'J3B Left Line1L Mux' doesn't exist - skipping
01-01 00:00:09.425 186 259 E audio_route: Control 'J3B Right Line1L Mux' doesn't exist - skipping
01-01 00:00:09.425 186 259 E audio_route: Control 'J3B Left Line1R Mux' doesn't exist - skipping
01-01 00:00:09.425 186 259 E audio_route: Control 'J3B Right Line1R Mux' doesn't exist - skipping
01-01 00:00:09.425 186 259 E audio_route: Control 'J3A Left DAC Mux' doesn't exist - skipping
01-01 00:00:09.425 186 259 E audio_route: Control 'J3A Right DAC Mux' doesn't exist - skipping
01-01 00:00:09.425 186 259 E audio_route: Control 'J3A Left Line Mixer DACL1 Switch' doesn't exist - skipping
01-01 00:00:09.425 186 259 E audio_route: Control 'J3A Right Line Mixer DACR1 Switch' doesn't exist - skipping
01-01 00:00:09.425 186 259 E audio_route: Control 'J3A Line DAC Playback Volume' doesn't exist - skipping
01-01 00:00:09.425 186 259 E audio_route: Control 'J3A Line Playback Switch' doesn't exist - skipping
01-01 00:00:09.425 186 259 E audio_route: Control 'J3A PCM Playback Volume' doesn't exist - skipping
01-01 00:00:09.425 186 259 E audio_route: Control 'J3B Left DAC Mux' doesn't exist - skipping
01-01 00:00:09.425 186 259 E audio_route: Control 'J3B Right DAC Mux' doesn't exist - skipping
01-01 00:00:09.425 186 259 E audio_route: Control 'J3B Left Line Mixer DACL1 Switch' doesn't exist - skipping
01-01 00:00:09.425 186 259 E audio_route: Control 'J3B Right Line Mixer DACR1 Switch' doesn't exist - skipping
01-01 00:00:09.425 186 259 E audio_route: Control 'J3B Line DAC Playback Volume' doesn't exist - skipping
01-01 00:00:09.425 186 259 E audio_route: Control 'J3B Line Playback Switch' doesn't exist - skipping
01-01 00:00:09.425 186 259 E audio_route: Control 'J3B PCM Playback Volume' doesn't exist - skipping
01-01 00:00:09.425 186 259 E audio_route: Control 'J3C Left DAC Mux' doesn't exist - skipping
01-01 00:00:09.425 186 259 E audio_route: Control 'J3C Right DAC Mux' doesn't exist - skipping
01-01 00:00:09.425 186 259 E audio_route: Control 'J3C Left Line Mixer DACL1 Switch' doesn't exist - skipping
01-01 00:00:09.425 186 259 E audio_route: Control 'J3C Right Line Mixer DACR1 Switch' doesn't exist - skipping
01-01 00:00:09.425 186 259 E audio_route: Control 'J3C Line DAC Playback Volume' doesn't exist - skipping
01-01 00:00:09.425 186 259 E audio_route: Control 'J3C Line Playback Switch' doesn't exist - skipping
01-01 00:00:09.426 186 259 E audio_route: Control 'J3C PCM Playback Volume' doesn't exist - skipping
01-01 00:00:09.426 186 259 W DeviceHAL: Device 0xb380c000 get_master_volume: Function not implemented
01-01 00:00:09.426 186 259 W DeviceHAL: Device 0xb380c000 get_master_mute: Function not implemented
01-01 00:00:09.426 186 259 W DeviceHAL: Device 0xb380c000 set_master_volume: Function not implemented
01-01 00:00:09.426 186 259 W DeviceHAL: Device 0xb380c000 set_master_mute: Function not implemented
01-01 00:00:09.426 209 209 I AudioFlinger: loadHwModule() Loaded primary audio interface, handle 10
01-01 00:00:09.427 209 209 I AudioFlinger: openOutput() this 0xb31bd000, module 10 Device 2, SamplingRate 44100, Format 0x000001, Channels 3, flags 2
01-01 00:00:09.432 209 209 I AudioFlinger: HAL output buffer size 256 frames, normal sink buffer size 768 frames
01-01 00:00:09.435 157 157 W /system/bin/hwservicemanager: getTransport: Cannot find entry android.hardware.audio.effect@2.0::IEffectsFactory/default in either framework or device manifest.
01-01 00:00:09.435 186 259 E EffectsConfig: Failed to parse /vendor/etc/audio_effects.xml: Tinyxml2 error (3): /vendor/etc/audio_effects.xml (null)
01-01 00:00:09.435 186 259 E EffectsFactoryConfigLoader: Failed to parse XML configuration file
01-01 00:00:09.435 186 259 W EffectsFactory: Failed to load XML effect configuration, fallback to .conf
01-01 00:00:09.477 209 209 I BufferProvider: found effect "Multichannel Downmix To Stereo" from The Android Open Source Project
01-01 00:00:09.477 209 209 I AudioFlinger: Using module 10 as the primary audio interface
01-01 00:00:09.477 209 270 I AudioFlinger: AudioFlinger's thread 0xb29a18c0 tid=270 ready to run
01-01 00:00:09.477 209 209 W AudioFlinger: moveEffects() bad srcOutput 0
01-01 00:00:09.477 209 270 W AudioFlinger: no wake lock to update, system not ready yet
01-01 00:00:09.478 209 270 W AudioFlinger: no wake lock to update, system not ready yet
01-01 00:00:09.479 186 259 W DeviceHAL: Device 0xb380c000 set_voice_volume: Function not implemented
01-01 00:00:09.484 209 272 I AudioFlinger: AudioFlinger's thread 0xb259f8c0 tid=272 ready to run
01-01 00:00:09.484 209 271 E FastThread: did not receive expected priority boost on time
01-01 00:00:09.489 209 275 I AudioFlinger: AudioFlinger's thread 0xb259f880 tid=275 ready to run
01-01 00:00:09.489 209 274 E FastThread: did not receive expected priority boost on time
01-01 00:00:09.529 209 209 I bt_a2dp_hw: adev_open: adev_open in A2dp_hw module
01-01 00:00:09.529 209 209 I AudioFlinger: loadHwModule() Loaded a2dp audio interface, handle 18
01-01 00:00:09.533 186 273 D vndksupport: Loading /vendor/lib/hw/audio.usb.default.so from current namespace instead of sphal namespace.
01-01 00:00:09.545 209 209 I AudioFlinger: loadHwModule() Loaded usb audio interface, handle 26
01-01 00:00:09.546 186 273 D vndksupport: Loading /vendor/lib/hw/audio.r_submix.default.so from current namespace instead of sphal namespace.
01-01 00:00:09.557 186 273 I r_submix: adev_open(name=audio_hw_if)
01-01 00:00:09.558 186 273 I r_submix: adev_init_check()
01-01 00:00:09.558 186 273 W DeviceHAL: Device 0xb3183d80 set_master_mute: Function not implemented
01-01 00:00:09.558 209 209 I AudioFlinger: loadHwModule() Loaded r_submix audio interface, handle 34
01-01 00:00:09.558 186 273 D r_submix: adev_open_input_stream(addr=0)
01-01 00:00:09.558 186 273 D r_submix: submix_audio_device_create_pipe_l(addr=0, idx=9)
01-01 00:00:09.558 186 273 D r_submix: now using address 0 for route 9
01-01 00:00:09.559 209 276 I AudioFlinger: AudioFlinger's thread 0xb259f8c0 tid=276 ready to run
01-01 00:00:09.559 186 273 D r_submix: adev_close_input_stream()
01-01 00:00:09.559 186 273 D r_submix: submix_audio_device_release_pipe_l(idx=9) addr=0
01-01 00:00:09.559 186 273 D r_submix: submix_audio_device_destroy_pipe_l(): pipe destroyed
01-01 00:00:09.560 209 209 E EffectsConfig: Failed to parse /vendor/etc/audio_effects.xml: Tinyxml2 error (3): /vendor/etc/audio_effects.xml (null)
01-01 00:00:09.560 209 209 W AudioPolicyEffects: Failed to load XML effect configuration, fallback to .conf
01-01 00:00:09.561 157 157 W /system/bin/hwservicemanager: getTransport: Cannot find entry android.hardware.soundtrigger@2.0::ISoundTriggerHw/default in either framework or device manifest.
01-01 00:00:09.565 209 209 I SoundTriggerHalHidl: getProperties res implementor
01-01 00:00:09.565 209 209 I SoundTriggerHalHidl: getProperties ret -19
01-01 00:00:09.565 209 209 E SoundTriggerHwService: could not read implementation properties
01-01 00:00:09.815 218 234 I ServiceManager: Waiting for service package_native...
01-01 00:00:09.822 206 226 I adbd : functionfs successfully initialized
01-01 00:00:09.822 206 226 I adbd : registering usb transport
01-01 00:00:09.832 266 285 D vndksupport: Loading /vendor/lib/egl/libEGL_POWERVR_SGX544_116.so from current namespace instead of sphal namespace.
01-01 00:00:09.835 266 285 D libEGL : loaded /vendor/lib/egl/libEGL_POWERVR_SGX544_116.so
01-01 00:00:09.846 266 285 D vndksupport: Loading /vendor/lib/egl/libGLESv1_CM_POWERVR_SGX544_116.so from current namespace instead of sphal namespace.
01-01 00:00:09.847 266 285 D libEGL : loaded /vendor/lib/egl/libGLESv1_CM_POWERVR_SGX544_116.so
01-01 00:00:09.874 266 285 D vndksupport: Loading /vendor/lib/egl/libGLESv2_POWERVR_SGX544_116.so from current namespace instead of sphal namespace.
01-01 00:00:09.874 266 285 D libEGL : loaded /vendor/lib/egl/libGLESv2_POWERVR_SGX544_116.so
01-01 00:00:09.904 266 285 D vndksupport: Loading /vendor/lib/hw/gralloc.am57x.so from current namespace instead of sphal namespace.
01-01 00:00:09.908 266 285 D vndksupport: Loading /vendor/lib/hw/gralloc.am57x.so from current namespace instead of sphal namespace.
01-01 00:00:09.910 157 157 W /system/bin/hwservicemanager: getTransport: Cannot find entry android.hardware.configstore@1.0::ISurfaceFlingerConfigs/default in either framework or device manifest.
01-01 00:00:09.910 266 285 I /system/bin/bootanimation: android::hardware::configstore::V1_0::ISurfaceFlingerConfigs::hasWideColorDisplay retrieved: 0
01-01 00:00:09.926 266 285 D vndksupport: Loading /vendor/lib/hw/android.hardware.graphics.mapper@2.0-impl.so from current namespace instead of sphal namespace.
01-01 00:00:09.927 266 285 D vndksupport: Loading /vendor/lib/hw/gralloc.am57x.so from current namespace instead of sphal namespace.
01-01 00:00:09.928 266 285 D BootAnimation: BootAnimationShownTiming start time: 9928ms
01-01 00:00:10.029 167 167 D Zygote : begin preload
01-01 00:00:10.029 167 167 I Zygote : Installing ICU cache reference pinning...
01-01 00:00:10.029 167 167 I Zygote : Preloading ICU data...
01-01 00:00:10.119 167 167 D Zygote32Timing: BeginIcuCachePinning took to complete: 90ms
01-01 00:00:10.119 167 167 I Zygote : Preloading classes...
01-01 00:00:10.697 167 167 E ActivityRecognitionHardware: activity_recognition HAL is deprecated. class_init is effectively a no-op
01-01 00:00:10.752 167 167 W Zygote : Class not found for preloading: android.icu.impl.number.Parse
01-01 00:00:10.794 167 167 I zygote : Thread[1,tid=167,Native,Thread*=0xa6804000,peer=0x12c01ce8,"main"] recursive attempt to load library "/system/lib/libmedia_jni.so"
01-01 00:00:10.795 167 167 D MtpDeviceJNI: register_android_mtp_MtpDevice
01-01 00:00:10.795 167 167 I zygote : Thread[1,tid=167,Native,Thread*=0xa6804000,peer=0x12c01ce8,"main"] recursive attempt to load library "/system/lib/libmedia_jni.so"
01-01 00:00:10.795 167 167 I zygote : Thread[1,tid=167,Native,Thread*=0xa6804000,peer=0x12c01ce8,"main"] recursive attempt to load library "/system/lib/libmedia_jni.so"
01-01 00:00:10.815 218 234 I ServiceManager: Waiting for service package_native...
01-01 00:00:10.995 167 167 I Zygote : ...preloaded 4715 classes in 876ms.
01-01 00:00:10.996 167 167 I zygote : VMRuntime.preloadDexCaches starting
01-01 00:00:11.074 167 167 I zygote : VMRuntime.preloadDexCaches strings total=312939 before=10350 after=10350
01-01 00:00:11.074 167 167 I zygote : VMRuntime.preloadDexCaches types total=26662 before=5501 after=5503
01-01 00:00:11.075 167 167 I zygote : VMRuntime.preloadDexCaches fields total=126796 before=5507 after=5537
01-01 00:00:11.075 167 167 I zygote : VMRuntime.preloadDexCaches methods total=225330 before=9940 after=9940
01-01 00:00:11.075 167 167 I zygote : VMRuntime.preloadDexCaches finished
01-01 00:00:11.075 167 167 D Zygote32Timing: PreloadClasses took to complete: 956ms
01-01 00:00:11.459 167 167 I Zygote : Preloading resources...
01-01 00:00:11.487 167 167 W Resources: Preloaded drawable resource #0x1080264 (android:drawable/dialog_background_material) that varies with configuration!!
01-01 00:00:11.519 167 167 I Zygote : ...preloaded 64 resources in 60ms.
01-01 00:00:11.525 167 167 W Resources: Preloaded color resource #0x1060053 (android:color/btn_default_material_dark) that varies with configuration!!
01-01 00:00:11.526 167 167 I Zygote : ...preloaded 41 resources in 7ms.
01-01 00:00:11.527 167 167 D Zygote32Timing: PreloadResources took to complete: 452ms
01-01 00:00:11.527 167 167 D vndksupport: Loading /vendor/lib/hw/android.hardware.graphics.mapper@2.0-impl.so from current namespace instead of sphal namespace.
01-01 00:00:11.529 167 167 D vndksupport: Loading /vendor/lib/egl/libEGL_POWERVR_SGX544_116.so from current namespace instead of sphal namespace.
01-01 00:00:11.532 167 167 D libEGL : loaded /vendor/lib/egl/libEGL_POWERVR_SGX544_116.so
01-01 00:00:11.536 167 167 D vndksupport: Loading /vendor/lib/egl/libGLESv1_CM_POWERVR_SGX544_116.so from current namespace instead of sphal namespace.
01-01 00:00:11.538 167 167 D libEGL : loaded /vendor/lib/egl/libGLESv1_CM_POWERVR_SGX544_116.so
01-01 00:00:11.562 167 167 D vndksupport: Loading /vendor/lib/egl/libGLESv2_POWERVR_SGX544_116.so from current namespace instead of sphal namespace.
01-01 00:00:11.562 167 167 D libEGL : loaded /vendor/lib/egl/libGLESv2_POWERVR_SGX544_116.so
01-01 00:00:11.588 167 167 I Zygote : Preloading shared libraries...
01-01 00:00:11.608 167 167 I Zygote : Uninstalled ICU cache reference pinning...
01-01 00:00:11.613 167 167 I Zygote : Installed AndroidKeyStoreProvider in 5ms.
01-01 00:00:11.622 167 167 I Zygote : Warmed up JCA providers in 9ms.
01-01 00:00:11.622 167 167 D Zygote : end preload
01-01 00:00:11.622 167 167 D Zygote32Timing: ZygotePreload took to complete: 1593ms
01-01 00:00:11.642 167 167 I zygote : Explicit concurrent copying GC freed 29241(2MB) AllocSpace objects, 23(432KB) LOS objects, 50% free, 1508KB/2MB, paused 52us total 19.331ms
01-01 00:00:11.657 167 167 I zygote : Explicit concurrent copying GC freed 5431(198KB) AllocSpace objects, 0(0B) LOS objects, 53% free, 1341KB/2MB, paused 29us total 12.216ms
01-01 00:00:11.657 167 167 D Zygote32Timing: PostZygoteInitGC took to complete: 35ms
01-01 00:00:11.657 167 167 D Zygote32Timing: ZygoteInit took to complete: 1631ms
01-01 00:00:11.700 167 167 I : seccomp disabled by setenforce 0
01-01 00:00:11.743 167 167 I Zygote : System server process 289 has been created
01-01 00:00:11.744 167 167 I Zygote : Accepting command socket connections
01-01 00:00:11.815 218 234 I ServiceManager: Waiting for service package_native...
01-01 00:00:11.821 289 289 I zygote : The ClassLoaderContext is a special shared library.
01-01 00:00:11.838 289 289 I chatty : uid=1000 system_server identical 2 lines
01-01 00:00:11.844 289 289 I zygote : The ClassLoaderContext is a special shared library.
01-01 00:00:11.894 289 289 I SystemServer: InitBeforeStartServices
01-01 00:00:11.896 289 289 W SystemServer: System clock is before 1970; setting to 1970.
01-01 00:00:11.898 289 289 I SystemServer: Entered the Android system server!
01-01 00:00:12.131 289 289 D SystemServerTiming: InitBeforeStartServices took to complete: 237ms
01-01 00:00:12.131 289 289 I SystemServer: StartServices
01-01 00:00:12.131 289 289 I SystemServer: Reading configuration...
01-01 00:00:12.132 289 289 I SystemServer: ReadingSystemConfig
01-01 00:00:12.132 289 289 D SystemServerTiming: ReadingSystemConfig took to complete: 0ms
01-01 00:00:12.132 289 289 I SystemServer: StartInstaller
01-01 00:00:12.132 289 289 I SystemServiceManager: Starting com.android.server.pm.Installer
01-01 00:00:12.132 289 302 D SystemServerInitThreadPool: Started executing ReadingSystemConfig
01-01 00:00:12.142 289 289 D SystemServerTiming: StartInstaller took to complete: 10ms
01-01 00:00:12.142 289 289 I SystemServer: DeviceIdentifiersPolicyService
01-01 00:00:12.142 289 289 I SystemServiceManager: Starting com.android.server.os.DeviceIdentifiersPolicyService
01-01 00:00:12.143 289 289 D SystemServerTiming: DeviceIdentifiersPolicyService took to complete: 1ms
01-01 00:00:12.143 289 289 I SystemServer: StartActivityManager
01-01 00:00:12.143 289 289 I SystemServiceManager: Starting com.android.server.am.ActivityManagerService$Lifecycle
01-01 00:00:12.191 289 302 D SystemServerInitThreadPool: Finished executing ReadingSystemConfig
