01-01 00:00:12.201 289 289 I ActivityManager: Memory class: 80
01-01 00:00:12.202 289 304 I ServiceThread: Enabled StrictMode logging for ActivityManager looper.
01-01 00:00:12.203 289 305 I ServiceThread: Enabled StrictMode logging for android.ui looper.
01-01 00:00:12.249 289 289 D BatteryStatsImpl: Reading daily items from /data/system/batterystats-daily.xml
01-01 00:00:12.259 289 307 E BluetoothAdapter: Bluetooth binder is null
01-01 00:00:12.272 289 307 E BatteryExternalStatsWorker: no controller energy info supplied for telephony
01-01 00:00:12.274 289 307 E KernelUidCpuFreqTimeReader: Failed to read /proc/uid_time_in_state: java.io.FileNotFoundException: /proc/uid_time_in_state (No such file or directory)
01-01 00:00:12.277 157 157 W /system/bin/hwservicemanager: getTransport: Cannot find entry android.hardware.power@1.0::IPower/default in either framework or device manifest.
01-01 00:00:12.278 289 307 D vndksupport: Loading /vendor/lib/hw/android.hardware.power@1.0-impl.so from current namespace instead of sphal namespace.
01-01 00:00:12.284 289 307 D vndksupport: Loading /vendor/lib/hw/power.default.so from current namespace instead of sphal namespace.
01-01 00:00:12.288 289 307 I PowerManagerService-JNI: Loaded power HAL service
01-01 00:00:12.357 157 157 W /system/bin/hwservicemanager: getTransport: Cannot find entry android.hardware.memtrack@1.0::IMemtrack/default in either framework or device manifest.
01-01 00:00:12.358 289 289 D vndksupport: Loading /vendor/lib/hw/android.hardware.memtrack@1.0-impl.so from current namespace instead of sphal namespace.
01-01 00:00:12.361 289 289 D vndksupport: Loading /vendor/lib/hw/memtrack.am57x.so from current namespace instead of sphal namespace.
01-01 00:00:12.362 289 289 D vndksupport: Loading /vendor/lib/hw/gralloc.am57x.so from current namespace instead of sphal namespace.
01-01 00:00:12.370 289 289 I AppOps : No existing app ops /data/system/appops.xml; starting empty
01-01 00:00:12.383 289 289 I IntentFirewall: Read new rules (A:0 B:0 S:0)
01-01 00:00:12.387 289 313 I ServiceThread: Enabled StrictMode logging for android.display looper.
01-01 00:00:12.388 289 289 W system_server: Failed to remove /dev/memcg/apps/uid_0/pid_118: Device or resource busy
01-01 00:00:12.388 289 289 W system_server: Failed to remove /dev/memcg/apps/uid_0/pid_160: Device or resource busy
01-01 00:00:12.388 289 289 W system_server: Failed to remove /dev/memcg/apps/uid_0/pid_166: Device or resource busy
01-01 00:00:12.388 289 289 W system_server: Failed to remove /dev/memcg/apps/uid_0/pid_167: Device or resource busy
01-01 00:00:12.388 289 289 W system_server: Failed to remove /dev/memcg/apps/uid_0/pid_193: Device or resource busy
01-01 00:00:12.388 289 289 W system_server: Failed to remove /dev/memcg/apps/uid_0/pid_195: Device or resource busy
01-01 00:00:12.388 289 289 W system_server: Failed to remove /dev/memcg/apps/uid_0/pid_197: Device or resource busy
01-01 00:00:12.388 289 289 W system_server: Failed to remove /dev/memcg/apps/uid_0/pid_206: Device or resource busy
01-01 00:00:12.388 289 289 W system_server: Failed to remove /dev/memcg/apps/uid_0/pid_212: Device or resource busy
01-01 00:00:12.389 289 289 W system_server: Failed to remove /dev/memcg/apps/uid_0/pid_218: Device or resource busy
01-01 00:00:12.389 289 289 W system_server: Failed to remove /dev/memcg/apps/uid_0: Device or resource busy
01-01 00:00:12.389 289 289 W system_server: Failed to remove /dev/memcg/apps/uid_1000/pid_156: Device or resource busy
01-01 00:00:12.389 289 289 W system_server: Failed to remove /dev/memcg/apps/uid_1000/pid_157: Device or resource busy
01-01 00:00:12.389 289 289 W system_server: Failed to remove /dev/memcg/apps/uid_1000/pid_158: Device or resource busy
01-01 00:00:12.389 289 289 W system_server: Failed to remove /dev/memcg/apps/uid_1000/pid_159: Device or resource busy
01-01 00:00:12.389 289 289 W system_server: Failed to remove /dev/memcg/apps/uid_1000/pid_185: Device or resource busy
01-01 00:00:12.389 289 289 W system_server: Failed to remove /dev/memcg/apps/uid_1000/pid_189: Device or resource busy
01-01 00:00:12.389 289 289 W system_server: Failed to remove /dev/memcg/apps/uid_1000/pid_190: Device or resource busy
01-01 00:00:12.389 289 289 W system_server: Failed to remove /dev/memcg/apps/uid_1000/pid_191: Device or resource busy
01-01 00:00:12.389 289 289 W system_server: Failed to remove /dev/memcg/apps/uid_1000/pid_196: Device or resource busy
01-01 00:00:12.389 289 289 W system_server: Failed to remove /dev/memcg/apps/uid_1000/pid_235: Device or resource busy
01-01 00:00:12.389 289 289 W system_server: Failed to remove /dev/memcg/apps/uid_1000: Device or resource busy
01-01 00:00:12.390 289 289 W system_server: Failed to remove /dev/memcg/apps/uid_1003/pid_266: Device or resource busy
01-01 00:00:12.390 289 289 W system_server: Failed to remove /dev/memcg/apps/uid_1003: Device or resource busy
01-01 00:00:12.390 289 289 W system_server: Failed to remove /dev/memcg/apps/uid_1010/pid_192: Device or resource busy
01-01 00:00:12.390 289 289 W system_server: Failed to remove /dev/memcg/apps/uid_1010/pid_219: Device or resource busy
01-01 00:00:12.390 289 289 W system_server: Failed to remove /dev/memcg/apps/uid_1010: Device or resource busy
01-01 00:00:12.390 289 289 W system_server: Failed to remove /dev/memcg/apps/uid_1013/pid_188: Device or resource busy
01-01 00:00:12.390 289 289 W system_server: Failed to remove /dev/memcg/apps/uid_1013/pid_214: Device or resource busy
01-01 00:00:12.390 289 289 W system_server: Failed to remove /dev/memcg/apps/uid_1013/pid_216: Device or resource busy
01-01 00:00:12.390 289 289 W system_server: Failed to remove /dev/memcg/apps/uid_1013/pid_217: Device or resource busy
01-01 00:00:12.390 289 289 W system_server: Failed to remove /dev/memcg/apps/uid_1013: Device or resource busy
01-01 00:00:12.390 289 289 W system_server: Failed to remove /dev/memcg/apps/uid_1017/pid_213: Device or resource busy
01-01 00:00:12.390 289 289 W system_server: Failed to remove /dev/memcg/apps/uid_1017: Device or resource busy
01-01 00:00:12.390 289 289 W system_server: Failed to remove /dev/memcg/apps/uid_1019/pid_211: Device or resource busy
01-01 00:00:12.390 289 289 W system_server: Failed to remove /dev/memcg/apps/uid_1019: Device or resource busy
01-01 00:00:12.391 289 289 W system_server: Failed to remove /dev/memcg/apps/uid_1036/pid_148: Device or resource busy
01-01 00:00:12.391 289 289 W system_server: Failed to remove /dev/memcg/apps/uid_1036: Device or resource busy
01-01 00:00:12.391 289 289 W system_server: Failed to remove /dev/memcg/apps/uid_1040/pid_215: Device or resource busy
01-01 00:00:12.391 289 289 W system_server: Failed to remove /dev/memcg/apps/uid_1040: Device or resource busy
01-01 00:00:12.391 289 289 W system_server: Failed to remove /dev/memcg/apps/uid_1041/pid_186: Device or resource busy
01-01 00:00:12.391 289 289 W system_server: Failed to remove /dev/memcg/apps/uid_1041/pid_209: Device or resource busy
01-01 00:00:12.391 289 289 W system_server: Failed to remove /dev/memcg/apps/uid_1041: Device or resource busy
01-01 00:00:12.391 289 289 W system_server: Failed to remove /dev/memcg/apps/uid_1046/pid_221: Device or resource busy
01-01 00:00:12.391 289 289 W system_server: Failed to remove /dev/memcg/apps/uid_1046: Device or resource busy
01-01 00:00:12.391 289 289 W system_server: Failed to remove /dev/memcg/apps/uid_1047/pid_187: Device or resource busy
01-01 00:00:12.391 289 289 W system_server: Failed to remove /dev/memcg/apps/uid_1047/pid_210: Device or resource busy
01-01 00:00:12.391 289 289 W system_server: Failed to remove /dev/memcg/apps/uid_1047: Device or resource busy
01-01 00:00:12.391 289 289 W system_server: Failed to remove /dev/memcg/apps/uid_1058/pid_248: Device or resource busy
01-01 00:00:12.391 289 289 W system_server: Failed to remove /dev/memcg/apps/uid_1058: Device or resource busy
01-01 00:00:12.392 289 289 W system_server: Failed to remove /dev/memcg/apps/uid_2000/pid_204: Device or resource busy
01-01 00:00:12.392 289 289 W system_server: Failed to remove /dev/memcg/apps/uid_2000: Device or resource busy
01-01 00:00:12.393 289 289 D AppOps : AppOpsService published
01-01 00:00:12.393 289 289 D SystemServerTiming: StartActivityManager took to complete: 250ms
01-01 00:00:12.393 289 289 I SystemServer: StartPowerManager
01-01 00:00:12.393 289 289 I SystemServiceManager: Starting com.android.server.power.PowerManagerService
01-01 00:00:12.401 289 315 I ServiceThread: Enabled StrictMode logging for PowerManagerService looper.
01-01 00:00:12.402 289 289 I libsuspend: Selected wakeup count
01-01 00:00:12.406 289 289 D SystemServerTiming: StartPowerManager took to complete: 13ms
01-01 00:00:12.407 289 289 I SystemServer: InitPowerManagement
01-01 00:00:12.412 289 289 D SystemServerTiming: InitPowerManagement took to complete: 5ms
01-01 00:00:12.412 289 289 I SystemServer: StartRecoverySystemService
01-01 00:00:12.412 289 289 I SystemServiceManager: Starting com.android.server.RecoverySystemService
01-01 00:00:12.414 289 289 D SystemServerTiming: StartRecoverySystemService took to complete: 2ms
01-01 00:00:12.415 289 289 V RescueParty: Disabled because of active USB connection
01-01 00:00:12.415 289 289 I SystemServer: StartLightsService
01-01 00:00:12.415 289 289 I SystemServiceManager: Starting com.android.server.lights.LightsService
01-01 00:00:12.415 289 289 D SystemServerTiming: StartLightsService took to complete: 0ms
01-01 00:00:12.415 289 289 I SystemServer: StartDisplayManager
01-01 00:00:12.415 289 289 I SystemServiceManager: Starting com.android.server.display.DisplayManagerService
01-01 00:00:12.417 289 289 D SystemServerTiming: StartDisplayManager took to complete: 2ms
01-01 00:00:12.417 289 289 I SystemServer: WaitForDisplay
01-01 00:00:12.418 289 289 I SystemServiceManager: Starting phase 100
01-01 00:00:12.423 289 313 I DisplayManagerService: Display device added: DisplayDeviceInfo{"Built-in Screen": uniqueId="local:0", 800 x 480, modeId 1, defaultModeId 1, supportedModes [{id=1, width=800, height=480, fps=60.000004}], colorMode 0, supportedColorModes [0], HdrCapabilities android.view.Display$HdrCapabilities@a69d6308, density 120, 150.0 x 150.0 dpi, appVsyncOff 7500000, presDeadline 12666666, touch INTERNAL, rotation 0, type BUILT_IN, state UNKNOWN, FLAG_DEFAULT_DISPLAY, FLAG_ROTATES_WITH_CONTENT, FLAG_SECURE, FLAG_SUPPORTS_PROTECTED_BUFFERS}
01-01 00:00:12.423 196 196 D SurfaceFlinger: Set power mode=2, type=0 flinger=0xb26d2000
01-01 00:00:12.423 196 196 D SurfaceFlinger: Screen type=0 is already mode=2
01-01 00:00:12.424 157 157 W /system/bin/hwservicemanager: getTransport: Cannot find entry android.hardware.light@2.0::ILight/default in either framework or device manifest.
01-01 00:00:12.425 289 313 E LightsService: Unable to get ILight interface.
01-01 00:00:12.425 289 289 D SystemServerTiming: WaitForDisplay took to complete: 8ms
01-01 00:00:12.425 289 313 I DisplayManagerService: Display device changed state: "Built-in Screen", ON
01-01 00:00:12.425 289 289 I SystemServer: StartPackageManagerService
01-01 00:00:12.460 289 289 D SELinuxMMAC: Using policy file /system/etc/selinux/plat_mac_permissions.xml
01-01 00:00:12.462 289 289 D SELinuxMMAC: Using policy file /vendor/etc/selinux/nonplat_mac_permissions.xml
01-01 00:00:12.527 289 289 W PackageManager: Wiping cache directory because the system partition changed.
01-01 00:00:12.552 289 289 W PackageManager: Failed to parse /system/framework/arm: Missing base APK in /system/framework/arm
01-01 00:00:12.553 289 289 W PackageManager: Failed to parse /system/framework/oat: Missing base APK in /system/framework/oat
01-01 00:00:12.654 289 326 W PackageParser: Ignoring duplicate uses-permissions/uses-permissions-sdk-m: android.permission.INSTALL_GRANT_RUNTIME_PERMISSIONS in package: com.android.shell at: Binary XML file line #106
01-01 00:00:12.751 289 325 W PackageParser: No actions in intent filter at /system/priv-app/Contacts/Contacts.apk Binary XML file line #443
01-01 00:00:12.799 289 324 I PackageParser: Parse times for '/system/priv-app/PackageInstaller': parse=107ms, update_cache=3 ms
01-01 00:00:12.817 218 234 E /system/bin/storaged: getService package_native failed
01-01 00:00:12.823 218 234 I /system/bin/storaged: storaged: Start
01-01 00:00:12.903 289 325 I PackageParser: Parse times for '/system/priv-app/Telecom': parse=106ms, update_cache=3 ms
01-01 00:00:13.011 289 326 I PackageParser: Parse times for '/system/priv-app/TeleService': parse=185ms, update_cache=9 ms
01-01 00:00:13.070 289 324 W PackageParser: Ignoring duplicate uses-permissions/uses-permissions-sdk-m: android.permission.CONFIGURE_WIFI_DISPLAY in package: com.android.systemui at: Binary XML file line #131
01-01 00:00:13.097 289 324 I PackageParser: Parse times for '/system/priv-app/SystemUI': parse=247ms, update_cache=6 ms
01-01 00:00:13.261 289 327 I PackageParser: Parse times for '/system/priv-app/Settings': parse=538ms, update_cache=30 ms
01-01 00:00:13.426 289 328 W PackageParser: Ignoring duplicate uses-permissions/uses-permissions-sdk-m: android.permission.CHANGE_WIFI_STATE in package: com.android.nfc at: Binary XML file line #47
01-01 00:00:13.426 289 328 W PackageParser: Ignoring duplicate uses-permissions/uses-permissions-sdk-m: android.permission.ACCESS_WIFI_STATE in package: com.android.nfc at: Binary XML file line #48
01-01 00:00:13.528 289 330 W PackageParser: Ignoring duplicate uses-permissions/uses-permissions-sdk-m: android.permission.READ_CONTACTS in package: com.android.bluetooth at: Binary XML file line #61
01-01 00:00:13.533 289 330 W PackageParser: No actions in intent filter at /system/app/Bluetooth/Bluetooth.apk Binary XML file line #225
01-01 00:00:13.607 289 328 I PackageParser: Parse times for '/system/app/LatinIME': parse=166ms, update_cache=2 ms
01-01 00:00:13.630 289 329 W PackageParser: Ignoring duplicate uses-permissions/uses-permissions-sdk-m: android.permission.WRITE_CONTACTS in package: com.android.email at: Binary XML file line #40
01-01 00:00:13.649 289 289 D PackageManager: No files in app dir /vendor/app
01-01 00:00:13.650 289 289 D PackageManager: No files in app dir /oem/app
01-01 00:00:13.651 289 289 I PackageManager: Finished scanning system apps. Time: 1124 ms, packageCount: 75 , timePerPackage: 14 , cached: 0
01-01 00:00:13.651 289 289 D PackageManager: No files in app dir /data/app
01-01 00:00:13.651 289 289 D PackageManager: No files in app dir /data/app-private
01-01 00:00:13.652 289 289 I PackageManager: Finished scanning non-system apps. Time: 1 ms, packageCount: 0 , timePerPackage: 0 , cached: 0
01-01 00:00:13.655 289 289 I PackageManager: Time to scan packages: 1.128 seconds
01-01 00:00:13.657 289 289 V PackageManager: reconcileAppsData for null u0 0x3 migrateAppData=true
01-01 00:00:13.665 212 229 I SELinux : SELinux: Loaded file_contexts
01-01 00:00:13.750 289 289 V PackageManager: reconcileAppsData finished 17 packages
01-01 00:00:13.760 289 333 D SystemServerInitThreadPool: Started executing prepareAppData
01-01 00:00:13.764 212 212 W installd: Ignoring /data/data/com.android.defcontainer/lib with unexpected GID 0 instead of 10014
01-01 00:00:13.764 212 212 W installd: Ignoring /data/data/com.android.inputmethod.latin/lib with unexpected GID 0 instead of 10050
01-01 00:00:13.787 212 212 W installd: Ignoring /data/data/com.android.cts.priv.ctsshim/lib with unexpected GID 0 instead of 10022
01-01 00:00:13.807 212 212 W installd: Ignoring /data/data/com.android.pacprocessor/lib with unexpected GID 0 instead of 10053
01-01 00:00:13.819 212 212 W installd: Ignoring /data/data/com.android.camera2/lib with unexpected GID 0 instead of 10042
01-01 00:00:13.819 289 289 E PackageManager: There should probably be a verifier, but, none were found
01-01 00:00:13.825 212 212 W installd: Ignoring /data/data/com.android.nfc/lib with unexpected GID 0 instead of 1027
01-01 00:00:13.834 289 289 D PackageManager: Ephemeral resolver not found with new action; try old one
01-01 00:00:13.834 289 289 D PackageManager: Ephemeral resolver NOT found; no matching intent filters
01-01 00:00:13.835 289 289 D PackageManager: Ephemeral installer not found with new action; try old one
01-01 00:00:13.835 289 289 D PackageManager: Clear ephemeral installer activity
01-01 00:00:13.836 212 212 W installd: Ignoring /data/data/com.android.printspooler/lib with unexpected GID 0 instead of 10031
01-01 00:00:13.842 212 212 W installd: Ignoring /data/data/com.android.webview/lib with unexpected GID 0 instead of 10028
01-01 00:00:13.845 212 212 W installd: Ignoring /data/data/com.android.bips/lib with unexpected GID 0 instead of 10051
01-01 00:00:13.850 212 212 W installd: Ignoring /data/data/com.android.gallery3d/lib with unexpected GID 0 instead of 10039
01-01 00:00:13.851 212 212 W installd: Ignoring /data/data/com.svox.pico/lib with unexpected GID 0 instead of 10040
01-01 00:00:13.856 212 212 W installd: Ignoring /data/data/jp.co.omronsoft.openwnn/lib with unexpected GID 0 instead of 10027
01-01 00:00:13.865 212 212 W installd: Ignoring /data/data/com.android.bluetooth/lib with unexpected GID 0 instead of 1002
01-01 00:00:13.871 212 212 W installd: Ignoring /data/user_de/0/com.android.defcontainer/lib with unexpected GID 0 instead of 10014
01-01 00:00:13.873 212 212 W installd: Ignoring /data/user_de/0/com.android.inputmethod.latin/lib with unexpected GID 0 instead of 10050
01-01 00:00:13.894 289 289 I zygote : Explicit concurrent copying GC freed 30114(1689KB) AllocSpace objects, 10(444KB) LOS objects, 42% free, 2MB/4MB, paused 56us total 48.238ms
01-01 00:00:13.896 289 289 D FallbackCategoryProvider: Found 1 fallback categories
01-01 00:00:13.896 212 212 W installd: Ignoring /data/user_de/0/com.android.bluetooth/lib with unexpected GID 0 instead of 1002
01-01 00:00:13.897 289 289 D SystemServerTiming: StartPackageManagerService took to complete: 1472ms
01-01 00:00:13.897 289 333 D SystemServerTimingAsync: AppDataFixup took to complete: 137ms
01-01 00:00:13.898 289 289 I SystemServer: StartOtaDexOptService
01-01 00:00:13.901 289 289 D OTADexopt: No upgrade, skipping A/B artifacts check.
01-01 00:00:13.901 289 289 D SystemServerTiming: StartOtaDexOptService took to complete: 3ms
01-01 00:00:13.901 289 289 I SystemServer: StartUserManagerService
01-01 00:00:13.901 289 289 I SystemServiceManager: Starting com.android.server.pm.UserManagerService$LifeCycle
01-01 00:00:13.902 289 289 D SystemServerTiming: StartUserManagerService took to complete: 1ms
01-01 00:00:13.902 289 289 I SystemServer: InitAttributerCache
01-01 00:00:13.902 289 289 D SystemServerTiming: InitAttributerCache took to complete: 0ms
01-01 00:00:13.902 289 289 I SystemServer: SetSystemProcess
01-01 00:00:13.921 195 195 I lowmemorykiller: ActivityManager connected
01-01 00:00:13.924 289 289 D SystemServerTiming: SetSystemProcess took to complete: 21ms
01-01 00:00:13.925 289 335 I ServiceThread: Enabled StrictMode logging for android.anim looper.
01-01 00:00:13.925 289 289 I SystemServer: StartOverlayManagerService
01-01 00:00:13.932 289 289 D SystemServerTiming: StartOverlayManagerService took to complete: 7ms
01-01 00:00:13.933 289 289 I SystemServer: StartDropBoxManager
01-01 00:00:13.933 289 336 D SystemServerInitThreadPool: Started executing Init OverlayManagerService
01-01 00:00:13.935 289 337 D SystemServerInitThreadPool: Started executing StartSensorService
01-01 00:00:13.935 289 337 D SensorService: nuSensorService starting...
01-01 00:00:13.935 157 157 W /system/bin/hwservicemanager: getTransport: Cannot find entry android.hardware.sensors@1.0::ISensors/default in either framework or device manifest.
01-01 00:00:13.936 289 289 I SystemServiceManager: Starting com.android.server.DropBoxManagerService
01-01 00:00:13.936 289 337 I SensorService: getService() unsuccessful, try again soon (remaining retry 9).
01-01 00:00:13.947 289 289 D SystemServerTiming: StartDropBoxManager took to complete: 14ms
01-01 00:00:13.947 289 289 I SystemServer: StartBatteryService
01-01 00:00:13.947 289 289 I SystemServiceManager: Starting com.android.server.BatteryService
01-01 00:00:13.962 289 289 D SystemServerTiming: StartBatteryService took to complete: 15ms
01-01 00:00:13.963 289 289 I SystemServer: StartUsageService
01-01 00:00:13.971 289 289 I SystemServiceManager: Starting com.android.server.usage.UsageStatsService
01-01 00:00:13.994 289 289 D SystemServerTiming: StartUsageService took to complete: 31ms
01-01 00:00:13.994 289 289 I SystemServer: StartWebViewUpdateService
01-01 00:00:13.996 289 289 I SystemServiceManager: Starting com.android.server.webkit.WebViewUpdateService
01-01 00:00:14.008 289 289 D SystemServerTiming: StartWebViewUpdateService took to complete: 14ms
01-01 00:00:14.009 289 289 I SystemServer: StartKeyAttestationApplicationIdProviderService
01-01 00:00:14.009 289 302 D SystemServerInitThreadPool: Started executing SecondaryZygotePreload
01-01 00:00:14.009 289 302 I SystemServer: SecondaryZygotePreload
01-01 00:00:14.019 289 289 D SystemServerTiming: StartKeyAttestationApplicationIdProviderService took to complete: 10ms
01-01 00:00:14.019 289 289 I SystemServer: StartKeyChainSystemService
01-01 00:00:14.019 289 289 I SystemServiceManager: Starting com.android.server.security.KeyChainSystemService
01-01 00:00:14.019 289 289 D SystemServerTiming: StartKeyChainSystemService took to complete: 0ms
01-01 00:00:14.019 289 289 I SystemServer: StartSchedulingPolicyService
01-01 00:00:14.020 289 302 I Zygote : Process: zygote socket zygote opened, supported ABIS: armeabi-v7a,armeabi
01-01 00:00:14.021 289 289 D SystemServerTiming: StartSchedulingPolicyService took to complete: 2ms
01-01 00:00:14.021 289 289 I SystemServer: StartTelecomLoaderService
01-01 00:00:14.023 289 289 I SystemServiceManager: Starting com.android.server.telecom.TelecomLoaderService
01-01 00:00:14.023 289 289 D SystemServerTiming: StartTelecomLoaderService took to complete: 2ms
01-01 00:00:14.023 289 289 I SystemServer: StartTelephonyRegistry
01-01 00:00:14.030 289 289 D SystemServerTiming: StartTelephonyRegistry took to complete: 7ms
01-01 00:00:14.030 289 289 I SystemServer: StartEntropyMixer
01-01 00:00:14.031 289 302 E SystemServer: Unable to preload default resources
01-01 00:00:14.031 289 302 D SystemServerTimingAsync: SecondaryZygotePreload took to complete: 22ms
01-01 00:00:14.031 289 302 D SystemServerInitThreadPool: Finished executing SecondaryZygotePreload
01-01 00:00:14.034 289 289 I EntropyMixer: Writing entropy...
01-01 00:00:14.036 157 157 W /system/bin/hwservicemanager: getTransport: Cannot find entry android.hardware.sensors@1.0::ISensors/default in either framework or device manifest.
01-01 00:00:14.037 289 337 I SensorService: getService() unsuccessful, try again soon (remaining retry 8).
01-01 00:00:14.046 289 289 D SystemServerTiming: StartEntropyMixer took to complete: 16ms
01-01 00:00:14.046 289 289 I SystemServer: StartAccountManagerService
01-01 00:00:14.048 289 289 I SystemServiceManager: Starting com.android.server.accounts.AccountManagerService$Lifecycle
01-01 00:00:14.071 289 289 D SystemServerTiming: StartAccountManagerService took to complete: 25ms
01-01 00:00:14.071 289 289 I SystemServer: StartContentService
01-01 00:00:14.079 289 289 I SystemServiceManager: Starting com.android.server.content.ContentService$Lifecycle
01-01 00:00:14.079 289 336 D SystemServerInitThreadPool: Finished executing Init OverlayManagerService
01-01 00:00:14.083 289 289 D SystemServerTiming: StartContentService took to complete: 12ms
01-01 00:00:14.083 289 289 I SystemServer: InstallSystemProviders
01-01 00:00:14.097 289 289 I zygote : The ClassLoaderContext is a special shared library.
01-01 00:00:14.126 289 289 I SettingsState: No settings state /data/system/users/0/settings_ssaid.xml
01-01 00:00:14.136 289 289 D SystemServerTiming: InstallSystemProviders took to complete: 53ms
01-01 00:00:14.136 289 289 I SystemServer: StartVibratorService
01-01 00:00:14.137 157 157 W /system/bin/hwservicemanager: getTransport: Cannot find entry android.hardware.vibrator@1.0::IVibrator/default in either framework or device manifest.
01-01 00:00:14.137 157 157 W /system/bin/hwservicemanager: getTransport: Cannot find entry android.hardware.sensors@1.0::ISensors/default in either framework or device manifest.
01-01 00:00:14.138 289 337 I SensorService: getService() unsuccessful, try again soon (remaining retry 7).
01-01 00:00:14.140 157 157 W /system/bin/hwservicemanager: getTransport: Cannot find entry android.hardware.vibrator@1.0::IVibrator/default in either framework or device manifest.
01-01 00:00:14.140 289 289 E VibratorService: vibratorOff command failed (1).
01-01 00:00:14.141 157 157 W /system/bin/hwservicemanager: getTransport: Cannot find entry android.hardware.vibrator@1.0::IVibrator/default in either framework or device manifest.
01-01 00:00:14.147 289 289 D SystemServerTiming: StartVibratorService took to complete: 11ms
01-01 00:00:14.147 289 289 I SystemServer: StartConsumerIrService
01-01 00:00:14.148 157 157 W /system/bin/hwservicemanager: getTransport: Cannot find entry android.hardware.ir@1.0::IConsumerIr/default in either framework or device manifest.
01-01 00:00:14.150 289 289 D SystemServerTiming: StartConsumerIrService took to complete: 3ms
01-01 00:00:14.150 289 289 I SystemServer: StartAlarmManagerService
01-01 00:00:14.150 289 289 I SystemServiceManager: Starting com.android.server.AlarmManagerService
01-01 00:00:14.154 289 289 W AlarmManagerService: no wall clock RTC found
01-01 00:00:14.154 289 289 D AlarmManagerService: Kernel timezone updated to 0 minutes west of GMT
01-01 00:00:14.154 289 289 I AlarmManager: Current time only 14154, advancing to build time 1563441819000
01-01 00:00:14.154 289 289 D AlarmManagerService: Setting time of day to sec=1563441819
07-18 09:23:39.000 289 289 W AlarmManagerService: Unable to set rtc to 1563441819: No such device
07-18 09:23:39.005 289 289 D SystemServerTiming: StartAlarmManagerService took to complete: 9ms
07-18 09:23:39.005 289 289 I SystemServer: InitWatchdog
07-18 09:23:39.005 289 289 D SystemServerTiming: InitWatchdog took to complete: 1ms
07-18 09:23:39.005 289 289 I SystemServer: StartInputManagerService
07-18 09:23:39.013 289 289 I InputManager: Initializing input manager, mUseDevInputEventForAudioJack=false
07-18 09:23:39.014 289 289 D SystemServerTiming: StartInputManagerService took to complete: 9ms
07-18 09:23:39.015 289 289 I SystemServer: StartWindowManagerService
07-18 09:23:39.082 289 333 D SystemServerTimingAsync: AppDataPrepare took to complete: 339ms
07-18 09:23:39.083 289 333 I PackageManager: Deferred reconcileAppsData finished 58 packages
07-18 09:23:39.083 289 333 D SystemServerInitThreadPool: Finished executing prepareAppData
07-18 09:23:39.084 157 157 W /system/bin/hwservicemanager: getTransport: Cannot find entry android.hardware.sensors@1.0::ISensors/default in either framework or device manifest.
07-18 09:23:39.084 289 337 I SensorService: getService() unsuccessful, try again soon (remaining retry 6).
07-18 09:23:39.185 157 157 W /system/bin/hwservicemanager: getTransport: Cannot find entry android.hardware.sensors@1.0::ISensors/default in either framework or device manifest.
07-18 09:23:39.185 289 337 I SensorService: getService() unsuccessful, try again soon (remaining retry 5).
07-18 09:23:39.286 157 157 W /system/bin/hwservicemanager: getTransport: Cannot find entry android.hardware.sensors@1.0::ISensors/default in either framework or device manifest.
07-18 09:23:39.286 289 337 I SensorService: getService() unsuccessful, try again soon (remaining retry 4).
07-18 09:23:39.387 157 157 W /system/bin/hwservicemanager: getTransport: Cannot find entry android.hardware.sensors@1.0::ISensors/default in either framework or device manifest.
07-18 09:23:39.388 289 337 I SensorService: getService() unsuccessful, try again soon (remaining retry 3).
07-18 09:23:39.488 157 157 W /system/bin/hwservicemanager: getTransport: Cannot find entry android.hardware.sensors@1.0::ISensors/default in either framework or device manifest.
07-18 09:23:39.489 289 337 I SensorService: getService() unsuccessful, try again soon (remaining retry 2).
07-18 09:23:39.589 157 157 W /system/bin/hwservicemanager: getTransport: Cannot find entry android.hardware.sensors@1.0::ISensors/default in either framework or device manifest.
07-18 09:23:39.590 289 337 I SensorService: getService() unsuccessful, try again soon (remaining retry 1).
07-18 09:23:39.690 157 157 W /system/bin/hwservicemanager: getTransport: Cannot find entry android.hardware.sensors@1.0::ISensors/default in either framework or device manifest.
07-18 09:23:39.691 289 337 E SensorService: Cannot connect to ISensors hidl service!
07-18 09:23:39.693 289 337 D SystemServerTimingAsync: StartSensorService took to complete: 912ms
07-18 09:23:39.693 289 337 D SystemServerInitThreadPool: Finished executing StartSensorService
07-18 09:23:39.762 289 313 I WindowManager: No existing display settings /data/system/display_settings.xml; starting empty
07-18 09:23:39.825 289 289 D SystemServerTiming: StartWindowManagerService took to complete: 811ms
07-18 09:23:39.825 289 289 I SystemServer: StartVrManagerService
07-18 09:23:39.825 289 289 I SystemServiceManager: Starting com.android.server.vr.VrManagerService
07-18 09:23:39.826 289 302 D SystemServerInitThreadPool: Started executing StartHidlServices
07-18 09:23:39.829 157 157 W /system/bin/hwservicemanager: getTransport: Cannot find entry android.hardware.vr@1.0::IVr/default in either framework or device manifest.
07-18 09:23:39.829 289 302 D SystemServerTimingAsync: StartHidlServices took to complete: 4ms
07-18 09:23:39.829 289 302 D SystemServerInitThreadPool: Finished executing StartHidlServices
07-18 09:23:39.830 289 289 W VrManagerService: init_native: Could not open IVr interface
07-18 09:23:39.831 289 289 D SystemServerTiming: StartVrManagerService took to complete: 5ms
07-18 09:23:39.831 289 289 I SystemServer: SetWindowManagerService
07-18 09:23:39.838 289 289 D SystemServerTiming: SetWindowManagerService took to complete: 8ms
07-18 09:23:39.838 289 289 I SystemServer: StartInputManager
07-18 09:23:39.838 289 289 I InputManager: Starting input manager
07-18 09:23:39.853 289 289 D SystemServerTiming: StartInputManager took to complete: 15ms
07-18 09:23:39.853 289 289 I SystemServer: DisplayManagerWindowManagerAndInputReady
07-18 09:23:39.853 289 289 D SystemServerTiming: DisplayManagerWindowManagerAndInputReady took to complete: 0ms
07-18 09:23:39.853 289 289 I SystemServer: No Bluetooth Service (Bluetooth Hardware Not Present)
07-18 09:23:39.853 289 289 I SystemServer: IpConnectivityMetrics
07-18 09:23:39.854 289 289 I SystemServiceManager: Starting com.android.server.connectivity.IpConnectivityMetrics
07-18 09:23:39.857 289 289 D SystemServerTiming: IpConnectivityMetrics took to complete: 4ms
07-18 09:23:39.857 289 289 I SystemServer: PinnerService
07-18 09:23:39.857 289 289 I SystemServiceManager: Starting com.android.server.PinnerService
07-18 09:23:39.859 289 289 D SystemServerTiming: PinnerService took to complete: 1ms
07-18 09:23:39.859 289 289 I SystemServer: StartInputMethodManagerLifecycle
07-18 09:23:39.859 289 289 I SystemServiceManager: Starting com.android.server.InputMethodManagerService$Lifecycle
07-18 09:23:39.876 289 289 D SystemServerTiming: StartInputMethodManagerLifecycle took to complete: 16ms
07-18 09:23:39.876 289 289 I SystemServer: StartAccessibilityManagerService
07-18 09:23:39.890 289 351 I EventHub: wakeMechanism=EPOLLWAKEUP, usingClockIoctl=true
07-18 09:23:39.890 289 351 I EventHub: New device: id=1, fd=101, path='/dev/input/event1', name='pixcir_tangoc', classes=0x14, configuration='/vendor/usr/idc/pixcir_tangoc.idc', keyLayout='', keyCharacterMap='', builtinKeyboard=false,
07-18 09:23:39.890 289 351 E EventHub: could not get driver version for /dev/input/mouse0, Not a typewriter
07-18 09:23:39.891 289 289 D SystemServerTiming: StartAccessibilityManagerService took to complete: 15ms
07-18 09:23:39.891 289 289 I SystemServer: MakeDisplayReady
07-18 09:23:39.902 289 289 I ActivityManager: Config changes=5df8 {1.0 ?mcc?mnc [en_US] ldltr sw640dp w1066dp h640dp 120dpi lrg long land ?uimode ?night -touch -keyb/v/h -nav/h appBounds=Rect(0, 0 - 800, 480) s.2}
07-18 09:23:39.906 289 289 I ActivityManager: Override config changes=40007dfc {1.0 ?mcc?mnc [en_US] ldltr sw640dp w1066dp h640dp 120dpi lrg long land ?uimode ?night -touch -keyb/v/h -nav/h appBounds=Rect(0, 0 - 800, 480) s.2} for displayId=0
07-18 09:23:39.927 289 289 I ActivityManager: Config changes=500 {1.0 ?mcc?mnc [en_US] ldltr sw640dp w1066dp h568dp 120dpi lrg land ?uimode ?night -touch -keyb/v/h -nav/h appBounds=Rect(0, 0 - 800, 444) s.3}
07-18 09:23:39.930 289 289 I ActivityManager: Override config changes=500 {1.0 ?mcc?mnc [en_US] ldltr sw640dp w1066dp h568dp 120dpi lrg land ?uimode ?night -touch -keyb/v/h -nav/h appBounds=Rect(0, 0 - 800, 444) s.3} for displayId=0
07-18 09:23:39.935 289 289 D SystemServerTiming: MakeDisplayReady took to complete: 44ms
07-18 09:23:39.935 289 289 I SystemServer: StartStorageManagerService
07-18 09:23:39.935 289 289 I SystemServiceManager: Starting com.android.server.StorageManagerService$Lifecycle
07-18 09:23:39.949 289 289 D SystemServerTiming: StartStorageManagerService took to complete: 13ms
07-18 09:23:39.949 289 289 I SystemServer: StartStorageStatsService
07-18 09:23:39.949 289 289 I SystemServiceManager: Starting com.android.server.usage.StorageStatsService$Lifecycle
07-18 09:23:39.950 289 352 D StorageManagerService: Thinking about init, mSystemReady=false, mDaemonConnected=true
07-18 09:23:39.950 289 352 D StorageManagerService: Thinking about reset, mSystemReady=false, mDaemonConnected=true
07-18 09:23:39.950 289 352 D StorageManagerService: Thinking about init, mSystemReady=false, mDaemonConnected=true
07-18 09:23:39.950 289 352 D StorageManagerService: Thinking about reset, mSystemReady=false, mDaemonConnected=true
07-18 09:23:39.950 289 352 D CryptdConnector: SND -> {1 cryptfs getfield SystemLocale}
07-18 09:23:39.956 289 289 D SystemServerTiming: StartStorageStatsService took to complete: 6ms
07-18 09:23:39.956 289 289 I SystemServer: StartUiModeManager
07-18 09:23:39.956 289 289 I SystemServiceManager: Starting com.android.server.UiModeManagerService
07-18 09:23:39.960 289 336 D SystemServerInitThreadPool: Started executing UiModeManager.onStart
07-18 09:23:39.961 289 289 D SystemServerTiming: StartUiModeManager took to complete: 6ms
07-18 09:23:39.961 289 289 I SystemServer: UpdatePackagesIfNeeded
07-18 09:23:39.961 289 336 I ActivityManager: Config changes=200 {1.0 ?mcc?mnc [en_US] ldltr sw640dp w1066dp h568dp 120dpi lrg land car -touch -keyb/v/h -nav/h appBounds=Rect(0, 0 - 800, 444) s.4}
07-18 09:23:39.961 289 289 D SystemServerTiming: UpdatePackagesIfNeeded took to complete: 0ms
07-18 09:23:39.961 289 289 I SystemServer: PerformFstrimIfNeeded
07-18 09:23:39.962 289 354 D CryptdConnector: RCV <- {200 1 -1}
07-18 09:23:39.964 289 289 D SystemServerTiming: PerformFstrimIfNeeded took to complete: 2ms
07-18 09:23:39.964 289 289 I SystemServer: StartLockSettingsService
07-18 09:23:39.965 289 352 W StorageManagerService: No primary storage mounted!
07-18 09:23:39.965 289 352 D VoldConnector: SND -> {1 asec list}
07-18 09:23:39.967 289 289 I SystemServiceManager: Starting com.android.server.locksettings.LockSettingsService$Lifecycle
07-18 09:23:39.968 289 353 D VoldConnector: RCV <- {200 1 asec operation succeeded}
07-18 09:23:39.968 289 336 I ActivityManager: Override config changes=200 {1.0 ?mcc?mnc [en_US] ldltr sw640dp w1066dp h568dp 120dpi lrg land car -touch -keyb/v/h -nav/h appBounds=Rect(0, 0 - 800, 444) s.4} for displayId=0
07-18 09:23:39.968 289 352 I PackageManager: No secure containers found
07-18 09:23:39.970 289 336 D SystemServerInitThreadPool: Finished executing UiModeManager.onStart
07-18 09:23:39.978 289 351 D EventHub: No input device configuration file found for device 'gpio_keys'.
07-18 09:23:39.989 289 289 D SystemServerTiming: StartLockSettingsService took to complete: 25ms
07-18 09:23:39.990 289 351 I EventHub: wakeMechanism=EPOLLWAKEUP, usingClockIoctl=true
07-18 09:23:39.990 289 351 I EventHub: New device: id=2, fd=108, path='/dev/input/event0', name='gpio_keys', classes=0x1, configuration='', keyLayout='/system/usr/keylayout/Generic.kl', keyCharacterMap='/system/usr/keychars/Generic.kcm', builtinKeyboard=false,
07-18 09:23:39.990 289 351 E EventHub: could not get driver version for /dev/input/mice, Not a typewriter
07-18 09:23:39.992 289 289 I system_server: Looking for service android.hardware.oemlock@1.0::IOemLock/default
07-18 09:23:39.993 157 157 W /system/bin/hwservicemanager: getTransport: Cannot find entry android.hardware.oemlock@1.0::IOemLock/default in either framework or device manifest.
07-18 09:23:39.993 289 289 I OemLock : OemLock HAL not present on device
07-18 09:23:39.993 289 289 I SystemServer: StartDeviceIdleController
07-18 09:23:39.996 289 289 I SystemServiceManager: Starting com.android.server.DeviceIdleController
07-18 09:23:40.055 289 351 I InputReader: Device added: id=-1, name='Virtual', sources=0x00000301
07-18 09:23:40.055 289 351 I InputReader: Device added: id=2, name='gpio_keys', sources=0x00000101
07-18 09:23:40.056 289 351 I InputReader: Touch device 'pixcir_tangoc' could not query the properties of its associated display. The device will be inoperable until the display size becomes available.
07-18 09:23:40.056 289 351 I InputReader: Device added: id=1, name='pixcir_tangoc', sources=0x00001002
07-18 09:23:40.056 289 351 I InputReader: Reconfiguring input devices. changes=0x00000004
07-18 09:23:40.056 289 351 I InputReader: Device reconfigured: id=1, name='pixcir_tangoc', size 800x480, orientation 0, mode 1, display id 0
07-18 09:23:40.057 289 350 I ActivityManager: Config changes=8 {1.0 ?mcc?mnc [en_US] ldltr sw640dp w1066dp h568dp 120dpi lrg land car finger -keyb/v/h -nav/h appBounds=Rect(0, 0 - 800, 444) s.5}
07-18 09:23:40.059 289 350 I ActivityManager: Override config changes=8 {1.0 ?mcc?mnc [en_US] ldltr sw640dp w1066dp h568dp 120dpi lrg land car finger -keyb/v/h -nav/h appBounds=Rect(0, 0 - 800, 444) s.5} for displayId=0
07-18 09:23:40.065 289 352 W StorageManagerService: No primary storage defined yet; hacking together a stub
07-18 09:23:40.065 289 352 W StorageManagerService: No primary storage defined yet; hacking together a stub
07-18 09:23:40.066 289 289 W SystemServiceManager: Service com.android.server.DeviceIdleController took 66 ms in onStart
07-18 09:23:40.066 289 289 D SystemServerTiming: StartDeviceIdleController took to complete: 72ms
07-18 09:23:40.066 289 289 I SystemServer: StartDevicePolicyManager
07-18 09:23:40.066 289 289 I SystemServiceManager: Starting com.android.server.devicepolicy.DevicePolicyManagerService$Lifecycle
07-18 09:23:40.066 289 352 W StorageManagerService: No primary storage mounted!
07-18 09:23:40.066 289 352 D VoldConnector: SND -> {2 asec list}
07-18 09:23:40.067 289 353 D VoldConnector: RCV <- {200 2 asec operation succeeded}
07-18 09:23:40.085 289 289 D SystemServerTiming: StartDevicePolicyManager took to complete: 20ms
07-18 09:23:40.085 289 289 I SystemServer: StartStatusBarManagerService
07-18 09:23:40.089 289 289 D SystemServerTiming: StartStatusBarManagerService took to complete: 3ms
07-18 09:23:40.089 289 289 I SystemServer: StartClipboardService
07-18 09:23:40.089 289 289 I SystemServiceManager: Starting com.android.server.clipboard.ClipboardService
07-18 09:23:40.090 289 289 D SystemServerTiming: StartClipboardService took to complete: 1ms
07-18 09:23:40.090 289 289 I SystemServer: StartNetworkManagementService
07-18 09:23:40.097 289 355 I NetworkManagement: onDaemonConnected()
07-18 09:23:40.099 289 289 D SystemServerTiming: StartNetworkManagementService took to complete: 8ms
07-18 09:23:40.099 289 289 I SystemServer: StartTextServicesManager
07-18 09:23:40.099 289 289 I SystemServiceManager: Starting com.android.server.TextServicesManagerService$Lifecycle
07-18 09:23:40.109 289 289 D SystemServerTiming: StartTextServicesManager took to complete: 10ms
07-18 09:23:40.109 289 289 I SystemServer: StartNetworkScoreService
07-18 09:23:40.111 289 289 D SystemServerTiming: StartNetworkScoreService took to complete: 3ms
07-18 09:23:40.111 289 289 I SystemServer: StartNetworkStatsService
07-18 09:23:40.125 289 289 D SystemServerTiming: StartNetworkStatsService took to complete: 13ms
07-18 09:23:40.125 289 289 I SystemServer: StartNetworkPolicyManagerService
07-18 09:23:40.128 289 358 I ServiceThread: Enabled StrictMode logging for NetworkPolicy.uid looper.
07-18 09:23:40.129 289 289 D SystemServerTiming: StartNetworkPolicyManagerService took to complete: 4ms
07-18 09:23:40.129 289 289 I SystemServer: StartWifi
07-18 09:23:40.195 289 289 I SystemServiceManager: Starting com.android.server.wifi.WifiService
07-18 09:23:40.279 289 289 D WifiApConfigStore: 2G band allowed channels are:1,6,11
07-18 09:23:40.348 289 361 E IpManager.wlan0: ERROR Failed to disable IPv6: java.lang.IllegalStateException: command '1 interface ipv6 wlan0 disable' failed with '400 1 Failed to change IPv6 state (No such file or directory)'
07-18 09:23:40.349 289 360 E HalDeviceManager: isSupported: called but mServiceManager is null!?
07-18 09:23:40.349 289 360 I WifiNative-wlan0: Vendor HAL not supported, Ignore stop...
07-18 09:23:40.349 289 360 D WificondControl: tearing down interfaces in wificond
07-18 09:23:40.350 166 182 D CommandListener: Clearing all IP addresses on wlan0
07-18 09:23:40.356 289 289 D WifiController: isAirplaneModeOn = false, isWifiEnabled = false, isScanningAvailable = false
07-18 09:23:40.358 289 289 I WifiService: getVerboseLoggingLevel uid=1000
07-18 09:23:40.359 289 289 E SupplicantStaIfaceHal: Can't call setDebugParams, ISupplicant is null
07-18 09:23:40.359 289 289 W WifiDiags: no ring buffers found
07-18 09:23:40.359 289 289 W WifiDiags: Failed to start packet fate monitoring
07-18 09:23:40.359 289 289 I WifiService: Registering wifi
07-18 09:23:40.360 289 289 D SystemServerTiming: StartWifi took to complete: 231ms
07-18 09:23:40.360 289 289 I SystemServer: StartWifiScanning
07-18 09:23:40.363 289 289 I SystemServiceManager: Starting com.android.server.wifi.scanner.WifiScanningService
07-18 09:23:40.364 289 289 I WifiScanningService: Creating wifiscanner
07-18 09:23:40.368 289 289 I WifiScanningService: Publishing wifiscanner
07-18 09:23:40.368 289 289 D SystemServerTiming: StartWifiScanning took to complete: 8ms
07-18 09:23:40.368 289 289 I SystemServer: StartWifiRtt
07-18 09:23:40.369 289 289 I SystemServiceManager: Starting com.android.server.wifi.RttService
07-18 09:23:40.370 289 289 I RttService: Creating rttmanager
07-18 09:23:40.370 289 289 I RttService: Starting rttmanager
07-18 09:23:40.371 289 289 D SystemServerTiming: StartWifiRtt took to complete: 2ms
07-18 09:23:40.371 289 289 I SystemServer: No Wi-Fi Aware Service (Aware support Not Present)
07-18 09:23:40.371 289 289 I SystemServer: StartWifiP2P
07-18 09:23:40.371 289 289 I SystemServiceManager: Starting com.android.server.wifi.p2p.WifiP2pService
07-18 09:23:40.380 289 289 I WifiP2pService: Registering wifip2p
07-18 09:23:40.380 289 289 D SystemServerTiming: StartWifiP2P took to complete: 10ms
07-18 09:23:40.380 289 289 I SystemServer: StartEthernet
07-18 09:23:40.381 289 289 I SystemServiceManager: Starting com.android.server.ethernet.EthernetService
07-18 09:23:40.381 289 289 I EthernetServiceImpl: Creating EthernetConfigStore
07-18 09:23:40.383 289 303 I UsageStatsService: Time changed in UsageStats by 1563441804 seconds
07-18 09:23:40.383 289 289 E IpConfigStore: Error opening configuration file: java.io.FileNotFoundException: /data/misc/ethernet/ipconfig.txt (No such file or directory)
07-18 09:23:40.383 289 289 W EthernetConfigStore: No Ethernet configuration found. Using default.
07-18 09:23:40.383 289 289 I EthernetServiceImpl: Read stored IP configuration: IP assignment: DHCP
07-18 09:23:40.383 289 289 I EthernetServiceImpl: Proxy settings: NONE
07-18 09:23:40.387 289 303 I UsageStatsService: User[0] Rollover scheduled @ 2019-07-19 09:23:40(1563528220383)
07-18 09:23:40.388 289 303 E AppIdleHistory: Unable to read app idle file for user 0
07-18 09:23:40.388 289 289 I EthernetService: Registering service ethernet
07-18 09:23:40.389 289 289 D SystemServerTiming: StartEthernet took to complete: 8ms
07-18 09:23:40.389 289 289 I SystemServer: StartConnectivityService
07-18 09:23:40.394 289 289 D ConnectivityService: ConnectivityService starting up
07-18 09:23:40.396 289 289 D ConnectivityService: wifiOnly=false
07-18 09:23:40.396 289 289 E ConnectivityService: Ignoring protectedNetwork 10
07-18 09:23:40.396 289 289 E ConnectivityService: Ignoring protectedNetwork 11
07-18 09:23:40.396 289 289 E ConnectivityService: Ignoring protectedNetwork 12
07-18 09:23:40.396 289 289 E ConnectivityService: Ignoring protectedNetwork 14
07-18 09:23:40.396 289 289 E ConnectivityService: Ignoring protectedNetwork 15
07-18 09:23:40.407 289 289 D SystemServerTiming: StartConnectivityService took to complete: 18ms
07-18 09:23:40.407 289 289 I SystemServer: StartNsdService
07-18 09:23:40.409 289 289 D NsdService: Network service discovery is enabled
07-18 09:23:40.410 289 289 D SystemServerTiming: StartNsdService took to complete: 3ms
07-18 09:23:40.410 289 289 I SystemServer: StartUpdateLockService
07-18 09:23:40.411 289 289 D SystemServerTiming: StartUpdateLockService took to complete: 1ms
07-18 09:23:40.411 289 289 I SystemServer: WaitForAsecScan
07-18 09:23:40.411 289 289 D SystemServerTiming: WaitForAsecScan took to complete: 0ms
07-18 09:23:40.411 289 289 I SystemServer: StartNotificationManager
07-18 09:23:40.412 289 289 I SystemServiceManager: Starting com.android.server.notification.NotificationManagerService
07-18 09:23:40.426 289 289 D ConditionProviders.SCP: new ScheduleConditionProvider()
07-18 09:23:40.429 289 289 D ZenLog : config: readXml,ZenModeConfig[user=0,allowCalls=true,allowRepeatCallers=false,allowMessages=false,allowCallsFrom=contacts,allowMessagesFrom=contacts,allowReminders=true,allowEvents=true,allowWhenScreenOff=true,allowWhenScreenOn=true,automaticRules={EVENTS_DEFAULT_RULE=ZenRule[enabled=false,snoozing=false,name=Event,zenMode=ZEN_MODE_ALARMS,conditionId=condition://android/event?userId=-10000&calendar=&reply=1,condition=Condition[id=condition://android/event?userId=-10000&calendar=&reply=1,summary=...,line1=...,line2=...,icon=0,state=STATE_FALSE,flags=2],component=ComponentInfo{android/com.android.server.notification.EventConditionProvider},id=EVENTS_DEFAULT_RULE,creationTime=1563441821299,enabler=null], SCHEDULED_DEFAULT_RULE_1=ZenRule[enabled=false,snoozing=false,name=Weeknight,zenMode=ZEN_MODE_ALARMS,conditionId=condition://android/schedule?days=1.2.3.4.5&start=22.0&end=7.0&exitAtAlarm=false,condition=Condition[id=condition://android/schedule?days=1.2.3.4.5&start=22.0&end=7.0&exitAtAlarm=false,summary=...,line1=...,line2=...,icon=0,state=STATE_FALSE,flags=2],component=ComponentInfo{android/com.android.server.notification.ScheduleConditionProvider},id=SCHEDULED_DEFAULT_RULE_1,creationTime=1563441821298,enabler=null], SCHEDULED_DEFAULT_RULE_2=ZenRule[enabled=false,snoozing=false,name=Weekend,zenMode=ZEN_MODE_ALARMS,conditionId=condition://android/schedule?days=6.7&start=23.30&end=10.0&exitAtAlarm=false,condition=Condition[id=condition://android/schedule?days=6.7&start=23.30&end=10.0&exitAtAlarm=false,summary=...,line1=...,line2=...,icon=0,state=STATE_FALSE,flags=2],component=ComponentInfo{android/com.android.server.notification.ScheduleConditionProvider},id=SCHEDULED_DEFAULT_RULE_2,creationTime=1563441821298,enabler=null]},manualRule=null],Diff[automaticRule[EVENTS_DEFAULT_RULE].condition:null->Condition[id=condition://android/event?userId=-10000&calendar=&reply=1,summary=...,line1=...,line2=...,icon=0,state=STATE_FALSE,flags=2],automaticRule[EVENTS_DEFAULT_RULE].creationTime:1563441820424->1563441821299,automaticRule[SCHEDULED_DEFAULT_RULE_1].condition:null->Condition[id=condition://android/schedule?days=1.2.3.4.5&start=22.0&end=7.0&exitAtAlarm=false,summary=...,line1=...,line2=...,icon=0,state=STATE_FALSE,flags=2],automaticRule[SCHEDULED_DEFAULT_RULE_1].creationTime:1563441820424->1563441821298,automaticRule[SCHEDULED_DEFAULT_RULE_2].condition:null->Condition[id=condition://android/schedule?days=6.7&start=23.30&end=10.0&exitAtAlarm=false,summary=...,line1=...,line2=...,icon=0,state=STATE_FALSE,flags=2],automaticRule[SCHEDULED_DEFAULT_RULE_2].creationTime:1563441820424->1563441821298]
07-18 09:23:40.430 289 289 I NotificationListeners: Read notification listener permissions from xml
07-18 09:23:40.430 289 289 I ConditionProviders: Read condition provider permissions from xml
07-18 09:23:40.430 289 289 I ConditionProviders: Read condition provider permissions from xml
07-18 09:23:40.431 289 289 D ZenLog : set_zen_mode: off,init
07-18 09:23:40.436 289 289 D SystemServerTiming: StartNotificationManager took to complete: 25ms
07-18 09:23:40.436 289 289 I SystemServer: StartDeviceMonitor
07-18 09:23:40.436 289 289 I SystemServiceManager: Starting com.android.server.storage.DeviceStorageMonitorService
07-18 09:23:40.438 289 289 D SystemServerTiming: StartDeviceMonitor took to complete: 2ms
07-18 09:23:40.439 289 289 I SystemServer: StartLocationManagerService
07-18 09:23:40.440 289 289 D SystemServerTiming: StartLocationManagerService took to complete: 2ms
07-18 09:23:40.440 289 289 I SystemServer: StartCountryDetectorService
07-18 09:23:40.441 289 289 D SystemServerTiming: StartCountryDetectorService took to complete: 0ms
07-18 09:23:40.441 289 289 I SystemServer: StartSearchManagerService
07-18 09:23:40.441 289 289 I SystemServiceManager: Starting com.android.server.search.SearchManagerService$Lifecycle
