07-18 09:23:41.440 440 440 I /system/bin/webview_zygote32: option[9]=-XX:HeapMinFree=512k
07-18 09:23:41.440 440 440 I /system/bin/webview_zygote32: option[10]=-XX:HeapMaxFree=8m
07-18 09:23:41.440 440 440 I /system/bin/webview_zygote32: option[11]=-XX:HeapTargetUtilization=0.75
07-18 09:23:41.440 440 440 I /system/bin/webview_zygote32: option[12]=-Xusejit:true
07-18 09:23:41.440 440 440 I /system/bin/webview_zygote32: option[13]=-Xjitsaveprofilinginfo
07-18 09:23:41.440 440 440 I /system/bin/webview_zygote32: option[14]=-agentlib:jdwp=transport=dt_android_adb,suspend=n,server=y
07-18 09:23:41.440 440 440 I /system/bin/webview_zygote32: option[15]=-Xlockprofthreshold:500
07-18 09:23:41.440 440 440 I /system/bin/webview_zygote32: option[16]=-Ximage-compiler-option
07-18 09:23:41.440 440 440 I /system/bin/webview_zygote32: option[17]=--runtime-arg
07-18 09:23:41.440 440 440 I /system/bin/webview_zygote32: option[18]=-Ximage-compiler-option
07-18 09:23:41.440 440 440 I /system/bin/webview_zygote32: option[19]=-Xms64m
07-18 09:23:41.440 440 440 I /system/bin/webview_zygote32: option[20]=-Ximage-compiler-option
07-18 09:23:41.440 440 440 I /system/bin/webview_zygote32: option[21]=--runtime-arg
07-18 09:23:41.440 440 440 I /system/bin/webview_zygote32: option[22]=-Ximage-compiler-option
07-18 09:23:41.440 440 440 I /system/bin/webview_zygote32: option[23]=-Xmx64m
07-18 09:23:41.440 440 440 I /system/bin/webview_zygote32: option[24]=-Ximage-compiler-option
07-18 09:23:41.441 440 440 I /system/bin/webview_zygote32: option[25]=--image-classes=/system/etc/preloaded-classes
07-18 09:23:41.441 440 440 I /system/bin/webview_zygote32: option[26]=-Ximage-compiler-option
07-18 09:23:41.441 440 440 I /system/bin/webview_zygote32: option[27]=--compiled-classes=/system/etc/compiled-classes
07-18 09:23:41.441 440 440 I /system/bin/webview_zygote32: option[28]=-Ximage-compiler-option
07-18 09:23:41.441 440 440 I /system/bin/webview_zygote32: option[29]=--dirty-image-objects=/system/etc/dirty-image-objects
07-18 09:23:41.441 440 440 I /system/bin/webview_zygote32: option[30]=-Xcompiler-option
07-18 09:23:41.441 440 440 I /system/bin/webview_zygote32: option[31]=--runtime-arg
07-18 09:23:41.441 440 440 I /system/bin/webview_zygote32: option[32]=-Xcompiler-option
07-18 09:23:41.441 440 440 I /system/bin/webview_zygote32: option[33]=-Xms64m
07-18 09:23:41.441 440 440 I /system/bin/webview_zygote32: option[34]=-Xcompiler-option
07-18 09:23:41.441 440 440 I /system/bin/webview_zygote32: option[35]=--runtime-arg
07-18 09:23:41.441 440 440 I /system/bin/webview_zygote32: option[36]=-Xcompiler-option
07-18 09:23:41.441 440 440 I /system/bin/webview_zygote32: option[37]=-Xmx512m
07-18 09:23:41.441 440 440 I /system/bin/webview_zygote32: option[38]=-Ximage-compiler-option
07-18 09:23:41.441 440 440 I /system/bin/webview_zygote32: option[39]=--instruction-set-variant=cortex-a15
07-18 09:23:41.441 440 440 I /system/bin/webview_zygote32: option[40]=-Xcompiler-option
07-18 09:23:41.441 440 440 I /system/bin/webview_zygote32: option[41]=--instruction-set-variant=cortex-a15
07-18 09:23:41.441 440 440 I /system/bin/webview_zygote32: option[42]=-Ximage-compiler-option
07-18 09:23:41.441 440 440 I /system/bin/webview_zygote32: option[43]=--instruction-set-features=default
07-18 09:23:41.441 440 440 I /system/bin/webview_zygote32: option[44]=-Xcompiler-option
07-18 09:23:41.441 440 440 I /system/bin/webview_zygote32: option[45]=--instruction-set-features=default
07-18 09:23:41.441 440 440 I /system/bin/webview_zygote32: option[46]=-Duser.locale=en-US
07-18 09:23:41.441 440 440 I /system/bin/webview_zygote32: option[47]=--cpu-abilist=armeabi-v7a,armeabi
07-18 09:23:41.441 440 440 I /system/bin/webview_zygote32: option[48]=-Xfingerprint:TI/full_am57xevm/am57xevm:8.1.0/OPM1.171019.021/root07171406:userdebug/test-keys
07-18 09:23:41.450 440 440 W /system/bin/webview_zygote32: Could not reserve sentinel fault page
07-18 09:23:41.455 289 289 I Telecom : SystemStateProvider: Registering car mode receiver: android.content.IntentFilter@3c4fbcb: TS.init@AAA
07-18 09:23:41.470 157 157 W /system/bin/hwservicemanager: getTransport: Cannot find entry android.hardware.media.omx@1.0::IOmx/default in either framework or device manifest.
07-18 09:23:41.470 217 238 I OMXClient: Treble IOmx obtained
07-18 09:23:41.470 289 553 I Telecom : BluetoothRouteManager: getBluetoothAudioConnectedDevice: no headset service available.
07-18 09:23:41.470 221 445 I OMXMaster: makeComponentInstance(OMX.TI.DUCATI1.VIDEO.DECODER) in omx@1.0-service process
07-18 09:23:41.471 221 445 D OMX_CORE_WRAPPER: TIOMX_GetHandle
07-18 09:23:41.471 221 445 D vndksupport: Loading /vendor/lib/hw/gralloc.am57x.so from current namespace instead of sphal namespace.
07-18 09:23:41.486 221 250 E OMXNodeInstance: getExtensionIndex(0xadfa2de0:TI.DUCATI1.DECODER, OMX.google.android.index.configureVideoTunnelMode) ERROR: UnsupportedIndex(0x8000101a)
07-18 09:23:41.486 221 250 W OMXNodeInstance: [0xadfa2de0:TI.DUCATI1.DECODER] component does not support metadata mode; using fallback
07-18 09:23:41.491 221 250 D OMX_CORE_WRAPPER: TIOMX_FreeHandle
07-18 09:23:41.495 157 157 W /system/bin/hwservicemanager: getTransport: Cannot find entry android.hardware.media.omx@1.0::IOmx/default in either framework or device manifest.
07-18 09:23:41.496 217 238 I OMXClient: Treble IOmx obtained
07-18 09:23:41.496 221 445 I OMXMaster: makeComponentInstance(OMX.google.mpeg4.decoder) in omx@1.0-service process
07-18 09:23:41.497 289 559 I Telecom : Logging.Events: Non-call EVENT: AUDIO_ROUTE, Entering state QuiescentEarpieceRoute
07-18 09:23:41.498 221 445 E OMXNodeInstance: getExtensionIndex(0xadfa2f00:google.mpeg4.decoder, OMX.google.android.index.configureVideoTunnelMode) ERROR: UnsupportedIndex(0x8000101a)
07-18 09:23:41.498 221 445 E OMXNodeInstance: getExtensionIndex(0xadfa2f00:google.mpeg4.decoder, OMX.google.android.index.enableAndroidNativeBuffers) ERROR: UnsupportedIndex(0x8000101a)
07-18 09:23:41.500 479 479 D TelephonyProvider: dbh.onOpen: ok, queried table=siminfo
07-18 09:23:41.501 479 479 D TelephonyProvider: dbh.onOpen: ok, queried table=carriers
07-18 09:23:41.504 157 157 W /system/bin/hwservicemanager: getTransport: Cannot find entry android.hardware.media.omx@1.0::IOmx/default in either framework or device manifest.
07-18 09:23:41.505 217 238 I OMXClient: Treble IOmx obtained
07-18 09:23:41.505 221 445 I OMXMaster: makeComponentInstance(OMX.google.vp8.decoder) in omx@1.0-service process
07-18 09:23:41.508 499 563 D OpenGLRenderer: HWUI GL Pipeline
07-18 09:23:41.513 221 445 E OMXNodeInstance: getExtensionIndex(0xadfa2f00:google.vp8.decoder, OMX.google.android.index.configureVideoTunnelMode) ERROR: UnsupportedIndex(0x8000101a)
07-18 09:23:41.513 221 445 E OMXNodeInstance: getExtensionIndex(0xadfa2f00:google.vp8.decoder, OMX.google.android.index.enableAndroidNativeBuffers) ERROR: UnsupportedIndex(0x8000101a)
07-18 09:23:41.523 157 157 W /system/bin/hwservicemanager: getTransport: Cannot find entry android.hardware.media.omx@1.0::IOmx/default in either framework or device manifest.
07-18 09:23:41.528 217 238 I OMXClient: Treble IOmx obtained
07-18 09:23:41.529 479 479 D CarrierProvider: onCreate
07-18 09:23:41.529 221 250 I OMXMaster: makeComponentInstance(OMX.google.vp9.decoder) in omx@1.0-service process
07-18 09:23:41.535 499 563 D vndksupport: Loading /vendor/lib/hw/gralloc.am57x.so from current namespace instead of sphal namespace.
07-18 09:23:41.553 499 563 D vndksupport: Loading /vendor/lib/hw/gralloc.am57x.so from current namespace instead of sphal namespace.
07-18 09:23:41.560 157 157 W /system/bin/hwservicemanager: getTransport: Cannot find entry android.hardware.configstore@1.0::ISurfaceFlingerConfigs/default in either framework or device manifest.
07-18 09:23:41.561 499 563 I com.android.settings: android::hardware::configstore::V1_0::ISurfaceFlingerConfigs::hasWideColorDisplay retrieved: 0
07-18 09:23:41.562 499 563 I OpenGLRenderer: Initialized EGL, version 1.4
07-18 09:23:41.562 499 563 D OpenGLRenderer: Swap behavior 1
07-18 09:23:41.562 499 563 W OpenGLRenderer: Failed to choose config with EGL_SWAP_BEHAVIOR_PRESERVED, retrying without...
07-18 09:23:41.562 499 563 D OpenGLRenderer: Swap behavior 0
07-18 09:23:41.572 221 250 E OMXNodeInstance: getExtensionIndex(0xadfa2f00:google.vp9.decoder, OMX.google.android.index.configureVideoTunnelMode) ERROR: UnsupportedIndex(0x8000101a)
07-18 09:23:41.572 221 250 E OMXNodeInstance: getExtensionIndex(0xadfa2f00:google.vp9.decoder, OMX.google.android.index.enableAndroidNativeBuffers) ERROR: UnsupportedIndex(0x8000101a)
07-18 09:23:41.574 157 157 W /system/bin/hwservicemanager: getTransport: Cannot find entry android.hardware.media.omx@1.0::IOmx/default in either framework or device manifest.
07-18 09:23:41.575 217 238 I OMXClient: Treble IOmx obtained
07-18 09:23:41.575 221 445 I OMXMaster: makeComponentInstance(OMX.TI.DUCATI1.VIDEO.H264E) in omx@1.0-service process
07-18 09:23:41.575 221 445 D OMX_CORE_WRAPPER: TIOMX_GetHandle
07-18 09:23:41.582 221 445 D OMX_H264_ENCODERUTILS: Initialize Audio Port Params
07-18 09:23:41.582 221 445 D OMX_H264_ENCODERUTILS: Initialize Video Port Params
07-18 09:23:41.582 221 445 D OMX_H264_ENCODERUTILS: Initialize Image Port Params
07-18 09:23:41.582 221 445 D OMX_H264_ENCODERUTILS: Initialize Other Port Params
07-18 09:23:41.582 221 445 D OMX_H264_ENCODERUTILS: Initialize Component Port Params
07-18 09:23:41.584 221 445 D OMX_H264_ENCODERUTILS: Update the default Port Params
07-18 09:23:41.584 221 445 D OMX_H264_ENCODERUTILS: SetH264AlgDefaultCreationParams
07-18 09:23:41.584 221 445 D OMX_H264_ENCODERUTILS: SetH264AlgDefaultDynamicParams
07-18 09:23:41.585 499 563 D vndksupport: Loading /vendor/lib/hw/android.hardware.graphics.mapper@2.0-impl.so from current namespace instead of sphal namespace.
07-18 09:23:41.586 499 563 D vndksupport: Loading /vendor/lib/hw/gralloc.am57x.so from current namespace instead of sphal namespace.
07-18 09:23:41.587 221 445 E OMX_H264_ENCODER: Failed check: OMX_ErrorNone == eError
07-18 09:23:41.587 221 445 E OMX_H264_ENCODER: Returning error: eError
07-18 09:23:41.588 221 445 D OMX_H264_ENCODER: In Default: Call to BASE GetConfig
07-18 09:23:41.588 221 445 E OMX_H264_ENCODER: Failed check: OMX_ErrorNone == eError
07-18 09:23:41.588 221 445 E OMX_H264_ENCODER: Returning error: eError
07-18 09:23:41.588 221 445 E OMXNodeInstance: getConfig(0xadfa2c00:TI.DUCATI1.H264E, ConfigAndroidIntraRefresh(0x6f60000a)) ERROR: UnsupportedIndex(0x8000101a)
07-18 09:23:41.589 221 445 D OMX_CORE_WRAPPER: TIOMX_FreeHandle
07-18 09:23:41.589 221 445 D OMX_H264_ENCODER: Call BaseComponent Deinit
07-18 09:23:41.592 289 304 W KeyguardServiceDelegate: onScreenTurningOn(): no keyguard service!
07-18 09:23:41.593 289 313 I ActivityManager: Displayed com.android.settings/.FallbackHome: +546ms
07-18 09:23:41.593 289 351 I InputReader: Reconfiguring input devices. changes=0x00000004
07-18 09:23:41.594 388 388 W InputAttributes: No editor info for this field. Bug?
07-18 09:23:41.594 221 445 D OMX_H264_ENCODER: DeInitialize DerToBase.PortProperties
07-18 09:23:41.594 221 445 D OMX_H264_ENCODER: Call Engine_Close
07-18 09:23:41.596 221 445 D OMX_H264_ENCODER: At the End of Component DeInit
07-18 09:23:41.600 157 157 W /system/bin/hwservicemanager: getTransport: Cannot find entry android.hardware.media.omx@1.0::IOmx/default in either framework or device manifest.
07-18 09:23:41.601 289 289 I Telecom : MissedCallNotifierImpl: Boot not yet complete -- call log db may not be available. Deferring loading until boot complete.: TS.init@AAA
07-18 09:23:41.602 289 289 E BluetoothAdapter: Bluetooth binder is null
07-18 09:23:41.605 289 289 I Telecom : Class: TelecomSystem.INSTANCE being set
07-18 09:23:41.605 289 289 E BluetoothAdapter: Bluetooth binder is null
07-18 09:23:41.606 217 238 I OMXClient: Treble IOmx obtained
07-18 09:23:41.607 221 250 I OMXMaster: makeComponentInstance(OMX.google.h264.encoder) in omx@1.0-service process
07-18 09:23:41.608 289 570 I Telecom : CallAudioModeStateMachine: Message received: null.: TS.init->CAMSM.pM_1@AAA
07-18 09:23:41.618 217 238 W OMXUtils: do not know color format 0x7f000789 = 2130708361
07-18 09:23:41.620 289 289 W ContextImpl: Calling a method in the system process without a qualified user: android.app.ContextImpl.startService:1476 com.android.server.content.SyncManager$13.run:722 android.os.Handler.handleCallback:790 android.os.Handler.dispatchMessage:99 android.os.Looper.loop:164
07-18 09:23:41.622 212 339 D installd: Found storage mount /dev/fuse at /mnt/runtime/default/emulated
07-18 09:23:41.626 157 157 W /system/bin/hwservicemanager: getTransport: Cannot find entry android.hardware.media.omx@1.0::IOmx/default in either framework or device manifest.
07-18 09:23:41.626 217 238 I OMXClient: Treble IOmx obtained
07-18 09:23:41.627 221 579 I OMXMaster: makeComponentInstance(OMX.google.h263.encoder) in omx@1.0-service process
07-18 09:23:41.635 221 579 I SoftMPEG4Encoder: Construct SoftMPEG4Encoder
07-18 09:23:41.636 217 238 W OMXUtils: do not know color format 0x7f000789 = 2130708361
07-18 09:23:41.637 221 250 E OMXNodeInstance: getConfig(0xadb240c0:google.h263.encoder, ConfigAndroidIntraRefresh(0x6f60000a)) ERROR: Undefined(0x80001001)
07-18 09:23:41.639 157 157 W /system/bin/hwservicemanager: getTransport: Cannot find entry android.hardware.media.omx@1.0::IOmx/default in either framework or device manifest.
07-18 09:23:41.640 217 238 I OMXClient: Treble IOmx obtained
07-18 09:23:41.640 221 579 I OMXMaster: makeComponentInstance(OMX.google.mpeg4.encoder) in omx@1.0-service process
07-18 09:23:41.641 221 579 I SoftMPEG4Encoder: Construct SoftMPEG4Encoder
07-18 09:23:41.642 217 238 W OMXUtils: do not know color format 0x7f000789 = 2130708361
07-18 09:23:41.643 221 579 E OMXNodeInstance: getConfig(0xadb24180:google.mpeg4.encoder, ConfigAndroidIntraRefresh(0x6f60000a)) ERROR: Undefined(0x80001001)
07-18 09:23:41.649 289 289 I zygote : The ClassLoaderContext is a special shared library.
07-18 09:23:41.650 157 157 W /system/bin/hwservicemanager: getTransport: Cannot find entry android.hardware.media.omx@1.0::IOmx/default in either framework or device manifest.
07-18 09:23:41.650 217 238 I OMXClient: Treble IOmx obtained
07-18 09:23:41.651 221 579 I OMXMaster: makeComponentInstance(OMX.google.vp8.encoder) in omx@1.0-service process
07-18 09:23:41.657 289 289 I zygote : The ClassLoaderContext is a special shared library.
07-18 09:23:41.665 217 238 W OMXUtils: do not know color format 0x7f000789 = 2130708361
07-18 09:23:41.665 221 579 E OMXNodeInstance: getConfig(0xadb24180:google.vp8.encoder, ConfigAndroidIntraRefresh(0x6f60000a)) ERROR: Undefined(0x80001001)
07-18 09:23:41.674 157 157 W /system/bin/hwservicemanager: getTransport: Cannot find entry android.hardware.media.omx@1.0::IOmx/default in either framework or device manifest.
07-18 09:23:41.675 217 238 I OMXClient: Treble IOmx obtained
07-18 09:23:41.675 221 579 I OMXMaster: makeComponentInstance(OMX.google.vp9.encoder) in omx@1.0-service process
07-18 09:23:41.677 217 238 W OMXUtils: do not know color format 0x7f000789 = 2130708361
07-18 09:23:41.678 221 579 E OMXNodeInstance: getConfig(0xadb24180:google.vp9.encoder, ConfigAndroidIntraRefresh(0x6f60000a)) ERROR: Undefined(0x80001001)
07-18 09:23:41.678 289 289 V WiredAccessoryManager: init()
07-18 09:23:41.682 395 395 D SystemUIBootTiming: StartServicesRecents took to complete: 262ms
07-18 09:23:41.688 157 157 W /system/bin/hwservicemanager: getTransport: Cannot find entry android.hardware.media.omx@1.0::IOmx/default in either framework or device manifest.
07-18 09:23:41.689 157 157 W /system/bin/hwservicemanager: getTransport: Cannot find entry android.hardware.media.omx@1.0::IOmx/default in either framework or device manifest.
07-18 09:23:41.690 289 431 I OMXClient: Treble IOmx obtained
07-18 09:23:41.690 395 555 I OMXClient: Treble IOmx obtained
07-18 09:23:41.690 221 250 I OMXMaster: makeComponentInstance(OMX.google.vorbis.decoder) in omx@1.0-service process
07-18 09:23:41.691 221 579 I OMXMaster: makeComponentInstance(OMX.google.vorbis.decoder) in omx@1.0-service process
07-18 09:23:41.692 221 250 E OMXNodeInstance: getConfig(0xadb24180:google.vorbis.decoder, ConfigAndroidVendorExtension(0x6f100004)) ERROR: Undefined(0x80001001)
07-18 09:23:41.693 221 250 E OMXNodeInstance: getConfig(0xadb240c0:google.vorbis.decoder, ConfigAndroidVendorExtension(0x6f100004)) ERROR: Undefined(0x80001001)
07-18 09:23:41.695 185 185 W /system/bin/hw/android.hidl.allocator@1.0-service: ashmem_create_region(32768) returning hidl_memory(0xace17800, 32768)
07-18 09:23:41.705 185 185 I chatty : uid=1000(system) allocator@1.0-s identical 7 lines
07-18 09:23:41.705 185 185 W /system/bin/hw/android.hidl.allocator@1.0-service: ashmem_create_region(32768) returning hidl_memory(0xace17800, 32768)
07-18 09:23:41.709 388 593 I LatinIME:LogUtils: Dictionary info: dictionary = UserHistoryDictionary.en_US ; version = 1563441821 ; date = ?
07-18 09:23:41.712 185 185 W /system/bin/hw/android.hidl.allocator@1.0-service: ashmem_create_region(32768) returning hidl_memory(0xace17800, 32768)
07-18 09:23:41.712 185 185 I chatty : uid=1000(system) allocator@1.0-s identical 1 line
07-18 09:23:41.712 185 185 W /system/bin/hw/android.hidl.allocator@1.0-service: ashmem_create_region(32768) returning hidl_memory(0xace17800, 32768)
07-18 09:23:41.713 479 479 I ImsResolver: Initializing cache and binding.
07-18 09:23:41.714 185 185 W /system/bin/hw/android.hidl.allocator@1.0-service: ashmem_create_region(32768) returning hidl_memory(0xace17800, 32768)
07-18 09:23:41.734 185 185 I chatty : uid=1000(system) allocator@1.0-s identical 6 lines
07-18 09:23:41.734 185 185 W /system/bin/hw/android.hidl.allocator@1.0-service: ashmem_create_region(32768) returning hidl_memory(0xace17800, 32768)
07-18 09:23:41.739 388 593 I LatinIME:LogUtils: Dictionary info: dictionary = userunigram.en_US ; version = 1563441821 ; date = ?
07-18 09:23:41.744 185 185 W /system/bin/hw/android.hidl.allocator@1.0-service: ashmem_create_region(32768) returning hidl_memory(0xace17800, 32768)
07-18 09:23:41.744 185 185 I chatty : uid=1000(system) allocator@1.0-s identical 2 lines
07-18 09:23:41.745 185 185 W /system/bin/hw/android.hidl.allocator@1.0-service: ashmem_create_region(32768) returning hidl_memory(0xace17800, 32768)
07-18 09:23:41.750 388 593 E ActivityThread: Failed to find provider info for user_dictionary
07-18 09:23:41.772 289 289 V NotificationListeners: enabling notification listener for 0: ComponentInfo{com.android.launcher3/com.android.launcher3.notification.NotificationListener}
07-18 09:23:41.772 289 289 V NotificationListeners: binding: Intent { act=android.service.notification.NotificationListenerService cmp=com.android.launcher3/.notification.NotificationListener (has extras) }
07-18 09:23:41.773 289 289 W ActivityManager: Unable to start service Intent { act=android.service.notification.NotificationListenerService cmp=com.android.launcher3/.notification.NotificationListener } U=0: not found
07-18 09:23:41.773 289 289 W NotificationListeners: Unable to bind notification listener service: Intent { act=android.service.notification.NotificationListenerService cmp=com.android.launcher3/.notification.NotificationListener (has extras) }
07-18 09:23:41.781 216 258 D MediaAnalyticsService: MediaAnalyticsService::newSummarizerSet
07-18 09:23:41.781 289 405 V NuMediaExtractor: setDataSource fd=167 (/system/media/audio/ui/KeypressStandard.ogg), offset=0, length=5837
07-18 09:23:41.788 289 405 V NuMediaExtractor: track of type 'audio/vorbis' does not publish bitrate
07-18 09:23:41.789 395 395 I vol.Events: writeEvent collection_started
07-18 09:23:41.790 186 273 W DeviceHAL: Device 0xb3def000 set_mic_mute: Function not implemented
07-18 09:23:41.790 186 186 W DeviceHAL: Device 0xb3183d80 set_mic_mute: Function not implemented
07-18 09:23:41.797 395 547 V NuMediaExtractor: setDataSource fd=36 (/system/media/audio/ui/Unlock.ogg), offset=0, length=7853
07-18 09:23:41.803 395 547 V NuMediaExtractor: track of type 'audio/vorbis' does not publish bitrate
07-18 09:23:41.807 157 157 W /system/bin/hwservicemanager: getTransport: Cannot find entry android.hardware.media.omx@1.0::IOmx/default in either framework or device manifest.
07-18 09:23:41.813 289 606 I OMXClient: Treble IOmx obtained
07-18 09:23:41.813 221 579 I OMXMaster: makeComponentInstance(OMX.google.vorbis.decoder) in omx@1.0-service process
07-18 09:23:41.815 157 157 W /system/bin/hwservicemanager: getTransport: Cannot find entry android.hardware.media.omx@1.0::IOmx/default in either framework or device manifest.
07-18 09:23:41.816 395 609 I OMXClient: Treble IOmx obtained
07-18 09:23:41.816 221 579 I OMXMaster: makeComponentInstance(OMX.google.vorbis.decoder) in omx@1.0-service process
07-18 09:23:41.818 221 579 E OMXNodeInstance: getConfig(0xadfa2ea0:google.vorbis.decoder, ConfigAndroidVendorExtension(0x6f100004)) ERROR: Undefined(0x80001001)
07-18 09:23:41.819 185 185 W /system/bin/hw/android.hidl.allocator@1.0-service: ashmem_create_region(32768) returning hidl_memory(0xace17800, 32768)
07-18 09:23:41.821 185 185 I chatty : uid=1000(system) allocator@1.0-s identical 3 lines
07-18 09:23:41.822 185 185 W /system/bin/hw/android.hidl.allocator@1.0-service: ashmem_create_region(32768) returning hidl_memory(0xace17800, 32768)
07-18 09:23:41.823 221 250 E OMXNodeInstance: getConfig(0xadb24180:google.vorbis.decoder, ConfigAndroidVendorExtension(0x6f100004)) ERROR: Undefined(0x80001001)
07-18 09:23:41.824 185 185 W /system/bin/hw/android.hidl.allocator@1.0-service: ashmem_create_region(32768) returning hidl_memory(0xace17800, 32768)
07-18 09:23:41.826 185 185 I chatty : uid=1000(system) allocator@1.0-s identical 4 lines
07-18 09:23:41.829 185 185 W /system/bin/hw/android.hidl.allocator@1.0-service: ashmem_create_region(32768) returning hidl_memory(0xace17800, 32768)
07-18 09:23:41.832 395 607 I vol.Events: writeEvent external_ringer_mode_changed normal
07-18 09:23:41.832 395 607 I vol.Events: writeEvent internal_ringer_mode_changed normal
07-18 09:23:41.833 185 185 W /system/bin/hw/android.hidl.allocator@1.0-service: ashmem_create_region(32768) returning hidl_memory(0xace17800, 32768)
07-18 09:23:41.838 185 185 I chatty : uid=1000(system) allocator@1.0-s identical 7 lines
07-18 09:23:41.839 185 185 W /system/bin/hw/android.hidl.allocator@1.0-service: ashmem_create_region(32768) returning hidl_memory(0xace17800, 32768)
07-18 09:23:41.839 289 289 D ConditionProviders.SCP: onSubscribe condition://android/schedule?days=1.2.3.4.5&start=22.0&end=7.0&exitAtAlarm=false
07-18 09:23:41.839 289 289 D ConditionProviders.SCP: setRegistered true
07-18 09:23:41.840 289 289 D ConditionProviders.SCP: notifyCondition condition://android/schedule?days=1.2.3.4.5&start=22.0&end=7.0&exitAtAlarm=false STATE_FALSE reason=!meetsSchedule
07-18 09:23:41.879 395 547 V NuMediaExtractor: setDataSource fd=37 (/system/media/audio/ui/Trusted.ogg), offset=0, length=5713
07-18 09:23:41.885 289 405 V NuMediaExtractor: setDataSource fd=168 (/system/media/audio/ui/KeypressSpacebar.ogg), offset=0, length=5952
07-18 09:23:41.887 395 547 V NuMediaExtractor: track of type 'audio/vorbis' does not publish bitrate
07-18 09:23:41.891 289 405 V NuMediaExtractor: track of type 'audio/vorbis' does not publish bitrate
07-18 09:23:41.899 157 157 W /system/bin/hwservicemanager: getTransport: Cannot find entry android.hardware.media.omx@1.0::IOmx/default in either framework or device manifest.
07-18 09:23:41.902 289 621 I OMXClient: Treble IOmx obtained
07-18 09:23:41.903 221 250 I OMXMaster: makeComponentInstance(OMX.google.vorbis.decoder) in omx@1.0-service process
07-18 09:23:41.904 221 250 E OMXNodeInstance: getConfig(0xadb24180:google.vorbis.decoder, ConfigAndroidVendorExtension(0x6f100004)) ERROR: Undefined(0x80001001)
07-18 09:23:41.905 185 185 W /system/bin/hw/android.hidl.allocator@1.0-service: ashmem_create_region(32768) returning hidl_memory(0xace17800, 32768)
07-18 09:23:41.906 289 289 D ConditionProviders.SCP: Scheduling evaluate for Thu Jul 18 22:00:00 GMT+00:00 2019 (1563487200000), in +12h36m18s161ms, now=Thu Jul 18 09:23:41 GMT+00:00 2019 (1563441821839)
07-18 09:23:41.907 289 289 D ConditionProviders.SCP: onSubscribe condition://android/schedule?days=6.7&start=23.30&end=10.0&exitAtAlarm=false
07-18 09:23:41.908 185 185 I chatty : uid=1000(system) allocator@1.0-s identical 6 lines
07-18 09:23:41.908 185 185 W /system/bin/hw/android.hidl.allocator@1.0-service: ashmem_create_region(32768) returning hidl_memory(0xace17800, 32768)
07-18 09:23:41.911 289 289 D ConditionProviders.SCP: notifyCondition condition://android/schedule?days=6.7&start=23.30&end=10.0&exitAtAlarm=false STATE_FALSE reason=!meetsSchedule
07-18 09:23:41.912 289 289 D ConditionProviders.SCP: notifyCondition condition://android/schedule?days=1.2.3.4.5&start=22.0&end=7.0&exitAtAlarm=false STATE_FALSE reason=!meetsSchedule
07-18 09:23:41.912 289 289 D ConditionProviders.SCP: Scheduling evaluate for Thu Jul 18 10:00:00 GMT+00:00 2019 (1563444000000), in +36m18s89ms, now=Thu Jul 18 09:23:41 GMT+00:00 2019 (1563441821911)
07-18 09:23:41.925 157 157 W /system/bin/hwservicemanager: getTransport: Cannot find entry android.hardware.media.omx@1.0::IOmx/default in either framework or device manifest.
07-18 09:23:41.926 395 620 I OMXClient: Treble IOmx obtained
07-18 09:23:41.927 221 250 I OMXMaster: makeComponentInstance(OMX.google.vorbis.decoder) in omx@1.0-service process
07-18 09:23:41.931 221 250 E OMXNodeInstance: getConfig(0xadfa2ea0:google.vorbis.decoder, ConfigAndroidVendorExtension(0x6f100004)) ERROR: Undefined(0x80001001)
07-18 09:23:41.933 185 185 W /system/bin/hw/android.hidl.allocator@1.0-service: ashmem_create_region(32768) returning hidl_memory(0xace17800, 32768)
07-18 09:23:41.938 185 185 I chatty : uid=1000(system) allocator@1.0-s identical 6 lines
07-18 09:23:41.939 185 185 W /system/bin/hw/android.hidl.allocator@1.0-service: ashmem_create_region(32768) returning hidl_memory(0xace17800, 32768)
07-18 09:23:41.945 388 593 I LatinIME:LogUtils: Dictionary info: dictionary = main:en ; version = 54 ; date = 1414726273
07-18 09:23:41.957 185 185 W /system/bin/hw/android.hidl.allocator@1.0-service: ashmem_create_region(32768) returning hidl_memory(0xace17800, 32768)
07-18 09:23:41.958 185 185 I chatty : uid=1000(system) allocator@1.0-s identical 2 lines
07-18 09:23:41.958 185 185 W /system/bin/hw/android.hidl.allocator@1.0-service: ashmem_create_region(32768) returning hidl_memory(0xace17800, 32768)
07-18 09:23:41.962 289 405 V NuMediaExtractor: setDataSource fd=169 (/system/media/audio/ui/KeypressDelete.ogg), offset=0, length=5832
07-18 09:23:41.967 289 373 E ActivityThread: Failed to find provider info for com.android.calendar
07-18 09:23:41.969 289 405 V NuMediaExtractor: track of type 'audio/vorbis' does not publish bitrate
07-18 09:23:41.972 289 373 E ActivityThread: Failed to find provider info for com.android.calendar
07-18 09:23:41.973 289 289 I Telecom : WiredHeadsetManager: ACTION_HEADSET_PLUG event, plugged in: false, : WHC.oADA@AAE
07-18 09:23:41.976 289 289 D MediaSessionService: Global priority session is changed from null to com.android.server.telecom/HeadsetMediaButton (userId=0)
07-18 09:23:41.986 289 303 I SyncManager: Got SyncJobService instance.
07-18 09:23:41.987 157 157 W /system/bin/hwservicemanager: getTransport: Cannot find entry android.hardware.media.omx@1.0::IOmx/default in either framework or device manifest.
07-18 09:23:41.987 289 636 I OMXClient: Treble IOmx obtained
07-18 09:23:41.988 221 250 I OMXMaster: makeComponentInstance(OMX.google.vorbis.decoder) in omx@1.0-service process
07-18 09:23:41.989 221 250 E OMXNodeInstance: getConfig(0xadfa2ea0:google.vorbis.decoder, ConfigAndroidVendorExtension(0x6f100004)) ERROR: Undefined(0x80001001)
07-18 09:23:41.990 185 185 W /system/bin/hw/android.hidl.allocator@1.0-service: ashmem_create_region(32768) returning hidl_memory(0xace17800, 32768)
07-18 09:23:41.994 185 185 I chatty : uid=1000(system) allocator@1.0-s identical 6 lines
07-18 09:23:41.994 185 185 W /system/bin/hw/android.hidl.allocator@1.0-service: ashmem_create_region(32768) returning hidl_memory(0xace17800, 32768)
07-18 09:23:42.005 289 289 I FusedLocation: engine started (com.android.location.fused)
07-18 09:23:42.030 289 405 V NuMediaExtractor: setDataSource fd=170 (/system/media/audio/ui/KeypressReturn.ogg), offset=0, length=6246
07-18 09:23:42.035 289 405 V NuMediaExtractor: track of type 'audio/vorbis' does not publish bitrate
07-18 09:23:42.040 157 157 W /system/bin/hwservicemanager: getTransport: Cannot find entry android.hardware.media.omx@1.0::IOmx/default in either framework or device manifest.
07-18 09:23:42.041 289 645 I OMXClient: Treble IOmx obtained
07-18 09:23:42.041 221 250 I OMXMaster: makeComponentInstance(OMX.google.vorbis.decoder) in omx@1.0-service process
07-18 09:23:42.043 221 250 E OMXNodeInstance: getConfig(0xadfa2ea0:google.vorbis.decoder, ConfigAndroidVendorExtension(0x6f100004)) ERROR: Undefined(0x80001001)
07-18 09:23:42.044 185 185 W /system/bin/hw/android.hidl.allocator@1.0-service: ashmem_create_region(32768) returning hidl_memory(0xace17800, 32768)
07-18 09:23:42.047 185 185 I chatty : uid=1000(system) allocator@1.0-s identical 6 lines
07-18 09:23:42.048 185 185 W /system/bin/hw/android.hidl.allocator@1.0-service: ashmem_create_region(32768) returning hidl_memory(0xace17800, 32768)
07-18 09:23:42.089 289 371 D NotificationSQLiteLog: Pruned event entries: 0
07-18 09:23:42.101 289 405 V NuMediaExtractor: setDataSource fd=171 (/system/media/audio/ui/KeypressInvalid.ogg), offset=0, length=9847
07-18 09:23:42.109 289 405 V NuMediaExtractor: track of type 'audio/vorbis' does not publish bitrate
07-18 09:23:42.112 157 157 W /system/bin/hwservicemanager: getTransport: Cannot find entry android.hardware.media.omx@1.0::IOmx/default in either framework or device manifest.
07-18 09:23:42.112 289 652 I OMXClient: Treble IOmx obtained
07-18 09:23:42.113 221 250 I OMXMaster: makeComponentInstance(OMX.google.vorbis.decoder) in omx@1.0-service process
07-18 09:23:42.114 221 250 E OMXNodeInstance: getConfig(0xadfa2ea0:google.vorbis.decoder, ConfigAndroidVendorExtension(0x6f100004)) ERROR: Undefined(0x80001001)
07-18 09:23:42.117 185 185 W /system/bin/hw/android.hidl.allocator@1.0-service: ashmem_create_region(32768) returning hidl_memory(0xace17800, 32768)
07-18 09:23:42.130 185 185 I chatty : uid=1000(system) allocator@1.0-s identical 10 lines
07-18 09:23:42.131 185 185 W /system/bin/hw/android.hidl.allocator@1.0-service: ashmem_create_region(32768) returning hidl_memory(0xace17800, 32768)
07-18 09:23:42.198 479 479 D PhoneSwitcherNetworkRequstListener: Registering NetworkFactory
07-18 09:23:42.198 289 367 D ConnectivityService: Got NetworkFactory Messenger for PhoneSwitcherNetworkRequstListener
07-18 09:23:42.209 395 607 I vol.Events: writeEvent level_changed STREAM_VOICE_CALL 4
07-18 09:23:42.210 395 607 I vol.Events: writeEvent level_changed STREAM_SYSTEM 5
07-18 09:23:42.212 395 607 I vol.Events: writeEvent level_changed STREAM_RING 5
07-18 09:23:42.213 395 607 I vol.Events: writeEvent level_changed STREAM_MUSIC 5
07-18 09:23:42.215 395 607 I vol.Events: writeEvent level_changed STREAM_ALARM 6
07-18 09:23:42.216 289 367 D ConnectivityService: Got NetworkFactory Messenger for TelephonyNetworkFactory[0]
07-18 09:23:42.219 395 607 I vol.Events: writeEvent level_changed STREAM_BLUETOOTH_SCO 7
07-18 09:23:42.232 479 660 E ActivityThread: Failed to find provider info for com.android.contacts
07-18 09:23:42.232 479 660 W CallerInfoCache: cursor is null
07-18 09:23:42.235 395 395 D SystemUIBootTiming: StartServicesVolumeUI took to complete: 553ms
07-18 09:23:42.243 479 479 D CarrierConfigLoader: CarrierConfigLoader has started
07-18 09:23:42.245 479 479 E BluetoothAdapter: Bluetooth binder is null
07-18 09:23:42.255 395 661 D OpenGLRenderer: HWUI GL Pipeline
07-18 09:23:42.264 479 479 I TelecomFramework: TtyManager: updateUiTtyMode -1 -> 0
07-18 09:23:42.265 395 395 D SystemUIBootTiming: StartServicesDivider took to complete: 30ms
07-18 09:23:42.269 479 479 D ImsResolver: maybeAddedImsService, packageName: null
07-18 09:23:42.274 289 450 I WifiService: getVerboseLoggingLevel uid=10020
07-18 09:23:42.279 289 450 I WifiService: getWifiServiceMessenger uid=10020
07-18 09:23:42.287 479 479 D ServiceStateProvider: subId=-2
07-18 09:23:42.304 479 479 D PhoneSwitcherNetworkRequstListener: got request NetworkRequest [ BACKGROUND_REQUEST id=2, [ Transports: CELLULAR Capabilities: INTERNET&NOT_RESTRICTED&TRUSTED&NOT_VPN] ] with score 0
07-18 09:23:42.304 479 479 D PhoneSwitcherNetworkRequstListener: got request NetworkRequest [ TRACK_DEFAULT id=5, [ Capabilities: INTERNET&NOT_RESTRICTED&TRUSTED&NOT_VPN] ] with score 0
07-18 09:23:42.304 479 479 D PhoneSwitcherNetworkRequstListener: got request NetworkRequest [ REQUEST id=1, [ Capabilities: INTERNET&NOT_RESTRICTED&TRUSTED&NOT_VPN] ] with score 0
07-18 09:23:42.304 479 479 D PhoneSwitcherNetworkRequstListener: got request NetworkRequest [ TRACK_DEFAULT id=3, [ Capabilities: INTERNET&NOT_RESTRICTED&TRUSTED&NOT_VPN] ] with score 0
07-18 09:23:42.305 479 479 D TelephonyDebugService: TelephonyDebugService()
07-18 09:23:42.306 479 479 D CarrierConfigLoader: mHandler: 12 phoneId: 0
07-18 09:23:42.310 479 479 E PhoneInterfaceManager: [PhoneIntfMgr] getIccId: No UICC
07-18 09:23:42.315 479 479 D OpenGLRenderer: HWUI GL Pipeline
07-18 09:23:42.320 289 450 W Telecom : : registerPhoneAccount not allowed on non-voice capable device.: TSI.rPA@AAQ
07-18 09:23:42.321 479 479 I TelecomFramework: AccountEntry: Registered phoneAccount: [[ ] PhoneAccount: ComponentInfo{com.android.phone/com.android.services.telephony.TelephonyConnectionService}, [e0184adedf913b076626646d3f52c3b49c39ad6d], UserHandle{0} Capabilities: CallProvider MultiUser PlaceEmerg SimSub Audio Routes: BESW Schemes: tel voicemail Extras: Bundle[{android.telecom.extra.SUPPORTS_VIDEO_CALLING_FALLBACK=false}] GroupId: [da39a3ee5e6b4b0d3255bfef95601890afd80709]] with handle: ComponentInfo{com.android.phone/com.android.services.telephony.TelephonyConnectionService}, [e0184adedf913b076626646d3f52c3b49c39ad6d], UserHandle{0}
07-18 09:23:42.321 479 479 I TelecomFramework: PstnIncomingCallNotifier: Registering: Handler (com.android.internal.telephony.GsmCdmaPhone) {7767e9a}
07-18 09:23:42.335 479 479 I TelecomFramework: PstnPhoneCapabilitiesNotifier: handleVideoCapabilitesChanged. Video capability - false
07-18 09:23:42.336 479 479 E PhoneInterfaceManager: [PhoneIntfMgr] getIccId: No UICC
07-18 09:23:42.340 289 450 W Telecom : : registerPhoneAccount not allowed on non-voice capable device.: TSI.rPA@AAc
07-18 09:23:42.345 289 450 W WallpaperManagerService: Cannot extract colors because wallpaper could not be read.
07-18 09:23:42.346 289 450 W WallpaperManagerService: Cannot extract colors because wallpaper could not be read.
07-18 09:23:42.353 395 395 D StatusBar: disable
07-18 09:23:42.354 289 301 I StatusBarManagerService: registerStatusBar bar=com.android.internal.statusbar.IStatusBar$Stub$Proxy@8f89b25
07-18 09:23:42.415 395 665 I SecurityController: could not bind to KeyChainService
07-18 09:23:42.443 395 395 I CameraManagerGlobal: Connecting to camera service
07-18 09:23:42.445 210 255 I CameraService: CameraService::connect call (PID -1 "cameraserver", camera ID 0) for HAL version default and Camera API version 1
07-18 09:23:42.447 217 217 D NuPlayerDriver: NuPlayerDriver(0xa7a27230) created, clientPid(210)
07-18 09:23:42.448 157 157 W /system/bin/hwservicemanager: getTransport: Cannot find entry android.hardware.media.omx@1.0::IOmx/default in either framework or device manifest.
07-18 09:23:42.454 217 669 D NuPlayerDriver: notifyListener_l(0xa7a27230), (1, 0, 0, -1), loop setting(0, 0)
07-18 09:23:42.455 217 217 D NuPlayerDriver: NuPlayerDriver(0xa7a27310) created, clientPid(210)
07-18 09:23:42.456 157 157 W /system/bin/hwservicemanager: getTransport: Cannot find entry android.hardware.media.omx@1.0::IOmx/default in either framework or device manifest.
07-18 09:23:42.461 217 671 D NuPlayerDriver: notifyListener_l(0xa7a27310), (1, 0, 0, -1), loop setting(0, 0)
07-18 09:23:42.462 217 217 D NuPlayerDriver: NuPlayerDriver(0xa7a275b0) created, clientPid(210)
07-18 09:23:42.463 157 157 W /system/bin/hwservicemanager: getTransport: Cannot find entry android.hardware.media.omx@1.0::IOmx/default in either framework or device manifest.
07-18 09:23:42.469 217 673 D NuPlayerDriver: notifyListener_l(0xa7a275b0), (1, 0, 0, -1), loop setting(0, 0)
07-18 09:23:42.470 210 255 I CameraHardwareInterface: Opening camera 0
07-18 09:23:42.470 187 253 I CamDev@1.0-impl: Opening camera 0
07-18 09:23:42.470 187 253 E CameraHal: (b3b77970) hardware/ti/dra7xx/camera/CameraHal_Module.cpp:634 camera_device_open - CameraHal_Module: ******************* 1 *******************
07-18 09:23:42.470 187 253 I CameraHal: (b3b77970) hardware/ti/dra7xx/camera/CameraHal_Module.cpp:638 camera_device_open - camera_device open
07-18 09:23:42.471 187 253 E CameraHal: (b3b77970) hardware/ti/dra7xx/camera/CameraHal.cpp:126 getSocFamily - '/sys/board_properties/soc/family' Not Available
07-18 09:23:42.471 187 253 E CameraHal: (b3b77970) hardware/ti/dra7xx/camera/CameraHal_Module.cpp:733 camera_device_open - Couldn't initialize camera instance
07-18 09:23:42.471 187 253 E CamDev@1.0-impl: Could not open camera 0: -19
07-18 09:23:42.471 210 255 E CameraHardwareInterface: initialize: openSession failed! Function not implemented (-38)
07-18 09:23:42.471 210 255 E CameraClient: initialize: Camera 0: unable to initialize device: Function not implemented (-38)
07-18 09:23:42.471 210 255 I CameraHardwareInterface: Destroying camera 0
07-18 09:23:42.471 210 255 E CameraService: connectHelper: Could not initialize client from HAL.
07-18 09:23:42.471 217 217 D NuPlayerDriver: reset(0xa7a27230) at state 4
07-18 09:23:42.471 217 217 D NuPlayerDriver: notifyListener_l(0xa7a27230), (8, 0, 0, -1), loop setting(0, 0)
07-18 09:23:42.471 217 669 D NuPlayerDriver: notifyResetComplete(0xa7a27230)
07-18 09:23:42.472 217 217 D NuPlayerDriver: reset(0xa7a27310) at state 4
07-18 09:23:42.472 217 217 D NuPlayerDriver: notifyListener_l(0xa7a27310), (8, 0, 0, -1), loop setting(0, 0)
07-18 09:23:42.472 217 671 D NuPlayerDriver: notifyResetComplete(0xa7a27310)
07-18 09:23:42.473 217 556 D NuPlayerDriver: reset(0xa7a275b0) at state 4
07-18 09:23:42.473 217 556 D NuPlayerDriver: notifyListener_l(0xa7a275b0), (8, 0, 0, -1), loop setting(0, 0)
07-18 09:23:42.473 217 673 D NuPlayerDriver: notifyResetComplete(0xa7a275b0)
07-18 09:23:42.474 210 255 I CameraService: disconnect: Disconnected client for camera 0 for PID 210
07-18 09:23:42.475 210 255 E CameraService: initializeShimMetadata: Error initializing shim metadata: Status(-8): '10: connectHelper:1399: Failed to initialize camera "0": Function not implemented (-38)'
07-18 09:23:42.481 395 395 E FlashlightController: Couldn't initialize.
07-18 09:23:42.481 395 395 E FlashlightController: android.hardware.camera2.CameraAccessException: CAMERA_ERROR (3): connectHelper:1399: Failed to initialize camera "0": Function not implemented (-38)
07-18 09:23:42.481 395 395 E FlashlightController: at android.hardware.camera2.CameraManager.throwAsPublicException(CameraManager.java:658)
07-18 09:23:42.481 395 395 E FlashlightController: at android.hardware.camera2.CameraManager.getCameraCharacteristics(CameraManager.java:245)
07-18 09:23:42.481 395 395 E FlashlightController: at com.android.systemui.statusbar.policy.FlashlightControllerImpl.getCameraId(FlashlightControllerImpl.java:146)
07-18 09:23:42.481 395 395 E FlashlightController: at com.android.systemui.statusbar.policy.FlashlightControllerImpl.tryInitCamera(FlashlightControllerImpl.java:72)
07-18 09:23:42.481 395 395 E FlashlightController: at com.android.systemui.statusbar.policy.FlashlightControllerImpl.(FlashlightControllerImpl.java:67)
07-18 09:23:42.481 395 395 E FlashlightController: at com.android.systemui.Dependency.lambda$-com_android_systemui_Dependency_9456(Dependency.java:193)
07-18 09:23:42.481 395 395 E FlashlightController: at com.android.systemui.-$Lambda$I2vXdvxuaXHgW_yDfz07zk_J_pA$2.$m$3(Unknown Source:4)
07-18 09:23:42.481 395 395 E FlashlightController: at com.android.systemui.-$Lambda$I2vXdvxuaXHgW_yDfz07zk_J_pA$2.createDependency(Unknown Source:26)
07-18 09:23:42.481 395 395 E FlashlightController: at com.android.systemui.Dependency.createDependency(Dependency.java:357)
07-18 09:23:42.481 395 395 E FlashlightController: at com.android.systemui.Dependency.getDependencyInner(Dependency.java:342)
07-18 09:23:42.481 395 395 E FlashlightController: at com.android.systemui.Dependency.getDependency(Dependency.java:331)
07-18 09:23:42.481 395 395 E FlashlightController: at com.android.systemui.Dependency.get(Dependency.java:403)
07-18 09:23:42.481 395 395 E FlashlightController: at com.android.systemui.statusbar.phone.KeyguardBottomAreaView.onFinishInflate(KeyguardBottomAreaView.java:255)
07-18 09:23:42.481 395 395 E FlashlightController: at android.view.LayoutInflater.rInflate(LayoutInflater.java:876)
07-18 09:23:42.481 395 395 E FlashlightController: at android.view.LayoutInflater.rInflateChildren(LayoutInflater.java:824)
07-18 09:23:42.481 395 395 E FlashlightController: at android.view.LayoutInflater.parseInclude(LayoutInflater.java:995)
07-18 09:23:42.481 395 395 E FlashlightController: at android.view.LayoutInflater.rInflate(LayoutInflater.java:859)
07-18 09:23:42.481 395 395 E FlashlightController: at android.view.LayoutInflater.rInflateChildren(LayoutInflater.java:824)
07-18 09:23:42.481 395 395 E FlashlightController: at android.view.LayoutInflater.parseInclude(LayoutInflater.java:995)
07-18 09:23:42.481 395 395 E FlashlightController: at android.view.LayoutInflater.rInflate(LayoutInflater.java:859)
07-18 09:23:42.481 395 395 E FlashlightController: at android.view.LayoutInflater.rInflateChildren(LayoutInflater.java:824)
07-18 09:23:42.481 395 395 E FlashlightController: at android.view.LayoutInflater.inflate(LayoutInflater.java:515)
07-18 09:23:42.481 395 395 E FlashlightController: at android.view.LayoutInflater.inflate(LayoutInflater.java:423)
07-18 09:23:42.481 395 395 E FlashlightController: at android.view.LayoutInflater.inflate(LayoutInflater.java:374)
07-18 09:23:42.481 395 395 E FlashlightController: at android.view.View.inflate(View.java:23239)
07-18 09:23:42.481 395 395 E FlashlightController: at com.android.systemui.statusbar.phone.StatusBar.inflateStatusBarWindow(StatusBar.java:1440)
07-18 09:23:42.481 395 395 E FlashlightController: at com.android.systemui.statusbar.phone.StatusBar.makeStatusBarView(StatusBar.java:1009)
07-18 09:23:42.481 395 395 E FlashlightController: at com.android.systemui.statusbar.phone.StatusBar.addStatusBarWindow(StatusBar.java:3664)
07-18 09:23:42.481 395 395 E FlashlightController: at com.android.systemui.statusbar.phone.StatusBar.createAndAddWindows(StatusBar.java:3660)
07-18 09:23:42.481 395 395 E FlashlightController: at com.android.systemui.statusbar.phone.StatusBar.start(StatusBar.java:889)
07-18 09:23:42.481 395 395 E FlashlightController: at com.android.systemui.SystemBars.createStatusBarFromConfig(SystemBars.java:71)
07-18 09:23:42.481 395 395 E FlashlightController: at com.android.systemui.SystemBars.start(SystemBars.java:42)
07-18 09:23:42.481 395 395 E FlashlightController: at com.android.systemui.SystemUIApplication.startServicesIfNeeded(SystemUIApplication.java:215)
07-18 09:23:42.481 395 395 E FlashlightController: at com.android.systemui.SystemUIApplication.startServicesIfNeeded(SystemUIApplication.java:164)
07-18 09:23:42.481 395 395 E FlashlightController: at com.android.systemui.SystemUIService.onCreate(SystemUIService.java:33)
07-18 09:23:42.481 395 395 E FlashlightController: at android.app.ActivityThread.handleCreateService(ActivityThread.java:3339)
07-18 09:23:42.481 395 395 E FlashlightController: at android.app.ActivityThread.-wrap4(Unknown Source:0)
07-18 09:23:42.481 395 395 E FlashlightController: at android.app.ActivityThread$H.handleMessage(ActivityThread.java:1677)
07-18 09:23:42.481 395 395 E FlashlightController: at android.os.Handler.dispatchMessage(Handler.java:106)
07-18 09:23:42.481 395 395 E FlashlightController: at android.os.Looper.loop(Looper.java:164)
07-18 09:23:42.481 395 395 E FlashlightController: at android.app.ActivityThread.main(ActivityThread.java:6494)
07-18 09:23:42.481 395 395 E FlashlightController: at java.lang.reflect.Method.invoke(Native Method)
07-18 09:23:42.481 395 395 E FlashlightController: at com.android.internal.os.RuntimeInit$MethodAndArgsCaller.run(RuntimeInit.java:438)
07-18 09:23:42.481 395 395 E FlashlightController: at com.android.internal.os.ZygoteInit.main(ZygoteInit.java:807)
07-18 09:23:42.481 395 395 E FlashlightController: Caused by: android.os.ServiceSpecificException: connectHelper:1399: Failed to initialize camera "0": Function not implemented (-38) (code 10)
07-18 09:23:42.481 395 395 E FlashlightController: at android.os.Parcel.readException(Parcel.java:2018)
07-18 09:23:42.481 395 395 E FlashlightController: at android.os.Parcel.readException(Parcel.java:1950)
07-18 09:23:42.481 395 395 E FlashlightController: at android.hardware.ICameraService$Stub$Proxy.getLegacyParameters(ICameraService.java:507)
07-18 09:23:42.481 395 395 E FlashlightController: at android.hardware.camera2.CameraManager.getCameraCharacteristics(CameraManager.java:233)
07-18 09:23:42.481 395 395 E FlashlightController: ... 42 more
07-18 09:23:42.486 395 395 I StatusBar: isKeyguardShowing() called before startKeyguard(), returning true
07-18 09:23:42.487 395 395 W StatusBar: isKeyguardSecure() called before startKeyguard(), returning false
07-18 09:23:42.487 395 395 W StatusBar: java.lang.Throwable
07-18 09:23:42.487 395 395 W StatusBar: at com.android.systemui.statusbar.phone.StatusBar.isKeyguardSecure(StatusBar.java:7551)
07-18 09:23:42.487 395 395 W StatusBar: at com.android.systemui.statusbar.phone.StatusBar.isCameraAllowedByAdmin(StatusBar.java:5436)
07-18 09:23:42.487 395 395 W StatusBar: at com.android.systemui.statusbar.phone.KeyguardBottomAreaView$DefaultRightButton.getIcon(KeyguardBottomAreaView.java:856)
07-18 09:23:42.487 395 395 W StatusBar: at com.android.systemui.statusbar.phone.KeyguardBottomAreaView.updateCameraVisibility(KeyguardBottomAreaView.java:382)
07-18 09:23:42.487 395 395 W StatusBar: at com.android.systemui.statusbar.phone.KeyguardBottomAreaView.setStatusBar(KeyguardBottomAreaView.java:351)
07-18 09:23:42.487 395 395 W StatusBar: at com.android.systemui.statusbar.phone.NotificationPanelView.setStatusBar(NotificationPanelView.java:252)
07-18 09:23:42.487 395 395 W StatusBar: at com.android.systemui.statusbar.phone.StatusBar.makeStatusBarView(StatusBar.java:1019)
07-18 09:23:42.487 395 395 W StatusBar: at com.android.systemui.statusbar.phone.StatusBar.addStatusBarWindow(StatusBar.java:3664)
07-18 09:23:42.487 395 395 W StatusBar: at com.android.systemui.statusbar.phone.StatusBar.createAndAddWindows(StatusBar.java:3660)
07-18 09:23:42.487 395 395 W StatusBar: at com.android.systemui.statusbar.phone.StatusBar.start(StatusBar.java:889)
07-18 09:23:42.487 395 395 W StatusBar: at com.android.systemui.SystemBars.createStatusBarFromConfig(SystemBars.java:71)
07-18 09:23:42.487 395 395 W StatusBar: at com.android.systemui.SystemBars.start(SystemBars.java:42)
07-18 09:23:42.487 395 395 W StatusBar: at com.android.systemui.SystemUIApplication.startServicesIfNeeded(SystemUIApplication.java:215)
07-18 09:23:42.487 395 395 W StatusBar: at com.android.systemui.SystemUIApplication.startServicesIfNeeded(SystemUIApplication.java:164)
07-18 09:23:42.487 395 395 W StatusBar: at com.android.systemui.SystemUIService.onCreate(SystemUIService.java:33)
07-18 09:23:42.487 395 395 W StatusBar: at android.app.ActivityThread.handleCreateService(ActivityThread.java:3339)
07-18 09:23:42.487 395 395 W StatusBar: at android.app.ActivityThread.-wrap4(Unknown Source:0)
07-18 09:23:42.487 395 395 W StatusBar: at android.app.ActivityThread$H.handleMessage(ActivityThread.java:1677)
07-18 09:23:42.487 395 395 W StatusBar: at android.os.Handler.dispatchMessage(Handler.java:106)
07-18 09:23:42.487 395 395 W StatusBar: at android.os.Looper.loop(Looper.java:164)
07-18 09:23:42.487 395 395 W StatusBar: at android.app.ActivityThread.main(ActivityThread.java:6494)
07-18 09:23:42.487 395 395 W StatusBar: at java.lang.reflect.Method.invoke(Native Method)
07-18 09:23:42.487 395 395 W StatusBar: at com.android.internal.os.RuntimeInit$MethodAndArgsCaller.run(RuntimeInit.java:438)
07-18 09:23:42.487 395 395 W StatusBar: at com.android.internal.os.ZygoteInit.main(ZygoteInit.java:807)
07-18 09:23:42.528 395 395 I StatusBar: isKeyguardShowing() called before startKeyguard(), returning true
07-18 09:23:42.528 395 395 W StatusBar: isKeyguardSecure() called before startKeyguard(), returning false
07-18 09:23:42.528 395 395 W StatusBar: java.lang.Throwable
07-18 09:23:42.528 395 395 W StatusBar: at com.android.systemui.statusbar.phone.StatusBar.isKeyguardSecure(StatusBar.java:7551)
07-18 09:23:42.528 395 395 W StatusBar: at com.android.systemui.statusbar.phone.StatusBar.isCameraAllowedByAdmin(StatusBar.java:5436)
07-18 09:23:42.528 395 395 W StatusBar: at com.android.systemui.statusbar.phone.KeyguardBottomAreaView$DefaultRightButton.getIcon(KeyguardBottomAreaView.java:856)
07-18 09:23:42.528 395 395 W StatusBar: at com.android.systemui.statusbar.phone.KeyguardBottomAreaView.updateCameraVisibility(KeyguardBottomAreaView.java:382)
07-18 09:23:42.528 395 395 W StatusBar: at com.android.systemui.statusbar.phone.KeyguardBottomAreaView.setUserSetupComplete(KeyguardBottomAreaView.java:360)
