04-01 08:46:41.609 617 617 D SystemServerTiming: MakeNetworkManagementServiceReady
04-01 08:46:41.610 617 713 D SystemServerTimingAsync: InitThreadPoolExec:WebViewFactoryPreparation
04-01 08:46:41.611 617 617 W NetworkManagement: setDataSaverMode(): already false
04-01 08:46:41.611 617 713 D SystemServerInitThreadPool: Started executing WebViewFactoryPreparation
04-01 08:46:41.611 617 713 I SystemServer: WebViewFactoryPreparation
04-01 08:46:41.611 617 713 D SystemServerTimingAsync: WebViewFactoryPreparation
04-01 08:46:41.612 455 483 I netd : firewallSetFirewallType(1) <0.02ms>
04-01 08:46:41.614 617 617 V SystemServerTiming: MakeNetworkManagementServiceReady took to complete: 4ms
04-01 08:46:41.614 617 617 D SystemServerTiming: MakeConnectivityServiceReady
04-01 08:46:41.617 617 672 W BatteryExternalStatsWorker: error reading modem stats:ERROR_PHONE_NOT_AVAILABLE
04-01 08:46:41.618 617 774 D PermissionMonitor: Monitoring
04-01 08:46:41.620 617 713 V GrammaticalInflectionUtils: AttributionSource: AttributionSource { uid = 1037, packageName = null, attributionTag = null, token = android.os.Binder@b163f50, deviceId = 0, next = null } does not have READ_SYSTEM_GRAMMATICAL_GENDER permission.
04-01 08:46:41.623 455 483 W netd : AIBinder_linkToDeath is being called with a non-null cookie and no onUnlink callback set. This might not be intended. AIBinder_DeathRecipient_setOnUnlinked should be called first.
04-01 08:46:41.623 455 483 W netd : AIBinder_linkToDeath is being called with a non-null cookie and no onUnlink callback set. This might not be intended. AIBinder_DeathRecipient_setOnUnlinked should be called first.
04-01 08:46:41.625 455 483 I netd : registerUnsolicitedEventListener() <3.78ms>
04-01 08:46:41.626 617 713 E AppOps : Bad call made by uid 1000. Package "android" does not belong to uid 1037.
04-01 08:46:41.627 617 713 E AppOps : Cannot checkOperation: non-application UID 1037
04-01 08:46:41.632 617 713 V SystemServerTimingAsync: WebViewFactoryPreparation took to complete: 20ms
04-01 08:46:41.633 617 713 D SystemServerInitThreadPool: Finished executing WebViewFactoryPreparation
04-01 08:46:41.633 617 713 V SystemServerTimingAsync: InitThreadPoolExec:WebViewFactoryPreparation took to complete: 22ms
04-01 08:46:41.652 617 756 D InetDiagMessage: Destroyed 0 sockets, proto=IPPROTO_TCP, family=AF_INET, states=14
04-01 08:46:41.656 617 756 D InetDiagMessage: Destroyed 0 sockets, proto=IPPROTO_TCP, family=AF_INET6, states=14
04-01 08:46:41.657 617 756 D InetDiagMessage: Destroyed live tcp sockets for uids={[10000, 2147483647]} exemptUids={} in 12ms
04-01 08:46:41.658 617 756 W NetworkPolicy: setRestrictBackgroundUL: already false
04-01 08:46:41.664 458 458 D Zygote : Forked child process 864
04-01 08:46:41.666 617 664 I ActivityManager: Start proc 864:WebViewLoader-arm64-v8a/1037 [android.webkit.WebViewLibraryLoader$RelroFileCreator] for
04-01 08:46:41.697 617 756 W BestClock: java.time.DateTimeException: Missing network time fix
04-01 08:46:41.704 617 756 D NetworkStatsObservers: Registering observer for RequestInfo from pid/uid:617/1000(android) for DataUsageRequest [ requestId=1, networkTemplate=NetworkTemplate: matchRule=MOBILE, matchSubscriberIds=[], matchWifiNetworkKeys=[], thresholdInBytes=0 ] accessLevel:3
04-01 08:46:41.708 846 846 D nativeloader: Configuring clns-shared-7 for other apk /system/system_ext/priv-app/SystemUI/SystemUI.apk. target_sdk_version=35, uses_libraries=, library_path=/system/system_ext/priv-app/SystemUI/lib/arm64:/system/lib64, permitted_path=/data:/mnt/expand:/data/user_de/0/com.android.systemui:/system/system_ext/priv-app/SystemUI:/system/lib64
04-01 08:46:41.708 617 756 D NetworkStatsObservers: Registering observer for RequestInfo from pid/uid:617/1000(android) for DataUsageRequest [ requestId=2, networkTemplate=NetworkTemplate: matchRule=WIFI, matchSubscriberIds=[], matchWifiNetworkKeys=[], thresholdInBytes=0 ] accessLevel:3
04-01 08:46:41.715 617 752 W BestClock: java.time.DateTimeException: Missing network time fix
04-01 08:46:41.717 864 864 I libc : SetHeapTaggingLevel: tag level set to 0
04-01 08:46:41.722 455 483 I netd : networkSetPermissionForUser(1, [1002, 10070, 20070]) <0.02ms>
04-01 08:46:41.723 455 483 I netd : networkSetPermissionForUser(2, [1000, 1001, 1073, 2000, 10019, 10051, 10060, 10092, 20019, 20051, 20060, 20092]) <0.07ms>
04-01 08:46:41.726 864 864 I WebViewLoader-a: Using CollectorTypeCMC GC.
04-01 08:46:41.729 846 846 D CompatChangeReporter: Compat change id reported: 202956589; UID 10070; state: ENABLED
04-01 08:46:41.734 864 864 E WebViewLoader-a: Not starting debugger since process cannot load the jdwp agent.
04-01 08:46:41.737 617 774 D PermissionMonitor: Users: 1, UidToNetworkPerm: 15
04-01 08:46:41.738 617 774 D ConnectivityService: NetReassign [no changes] [c 0] [a 0] [i 0]
04-01 08:46:41.739 617 774 I SatelliteAccessController: existing users: [UserHandle{0}]
04-01 08:46:41.739 617 774 I SatelliteAccessController: currentUser : role_sms_packages: 0 : []
04-01 08:46:41.739 617 774 I SatelliteAccessController: satellite_fallback_uid: {}
04-01 08:46:41.740 617 617 V SystemServerTiming: MakeConnectivityServiceReady took to complete: 126ms
04-01 08:46:41.740 617 617 D SystemServerTiming: MakeVpnManagerServiceReady
04-01 08:46:41.741 617 774 D ConnectivityService: NetReassign [no changes] [c 0] [a 0] [i 0]
04-01 08:46:41.751 864 864 D nativeloader: Load libframework-connectivity-tiramisu-jni.so using APEX ns com_android_tethering for caller /apex/com.android.tethering/javalib/framework-connectivity-t.jar: ok
04-01 08:46:41.754 455 483 I netd : tetherGetStats() -> {[]} <5.05ms>
04-01 08:46:41.758 617 752 W BestClock: java.time.DateTimeException: Missing network time fix
04-01 08:46:41.761 846 846 V GraphicsEnvironment: Currently set values for:
04-01 08:46:41.761 846 846 V GraphicsEnvironment: angle_gl_driver_selection_pkgs=[]
04-01 08:46:41.761 846 846 V GraphicsEnvironment: angle_gl_driver_selection_values=[]
04-01 08:46:41.761 846 846 V GraphicsEnvironment: Global.Settings values are invalid: number of packages: 0, number of values: 0
04-01 08:46:41.761 846 846 V GraphicsEnvironment: Neither updatable production driver nor prerelease driver is supported.
04-01 08:46:41.762 617 752 W BestClock: java.time.DateTimeException: Missing network time fix
04-01 08:46:41.783 455 483 I netd : tetherGetStats() -> {[]} <1.87ms>
04-01 08:46:41.784 617 797 W com.android.internal.protolog.LogcatOnlyProtoLogImpl: ProtoLog message not processed. Failed to log it to proto. Logging it below to logcat instead.
04-01 08:46:41.784 617 797 V WindowManager: Binding proc WebViewLoader-arm64-v8a with config {1.0 ?mcc0mnc [en_US] ldltr sw720dp w1280dp h720dp 240dpi xlrg long land -touch qwerty/v/v dpad/v winConfig={ mBounds=Rect(0, 0 - 1920, 1080) mAppBounds=Rect(0, 0 - 1920, 1080) mMaxBounds=Rect(0, 0 - 1920, 1080) mDisplayRotation=ROTATION_0 mWindowingMode=fullscreen mActivityType=undefined mAlwaysOnTop=undefined mRotation=ROTATION_0} s.6 fontWeightAdjustment=0}
04-01 08:46:41.785 617 797 D GameManagerService: User ID '0' does not have a Game Mode selected for package: 'android'
04-01 08:46:41.791 617 752 W BestClock: java.time.DateTimeException: Missing network time fix
04-01 08:46:41.792 617 617 V SystemServerTiming: MakeVpnManagerServiceReady took to complete: 52ms
04-01 08:46:41.792 617 617 D SystemServerTiming: MakeVcnManagementServiceReady
04-01 08:46:41.793 864 864 V WebViewLibraryLoader: RelroFileCreator (64bit = true), package: com.android.webview library: libwebviewchromium.so
04-01 08:46:41.798 617 752 W BroadcastLoopers: Found previously unknown looper Thread[NetworkStats,5,main]
04-01 08:46:41.801 617 645 D nativeloader: Load libartservice.so using ns clns-shared-7 from class loader (caller=/apex/com.android.art/javalib/service-art.jar): ok
04-01 08:46:41.803 864 864 D ApplicationLoaders: Returning zygote-cached class loader: /system_ext/framework/androidx.window.extensions.jar
04-01 08:46:41.809 617 774 D ConnectivityService: Got NetworkProvider Messenger for VcnNetworkProvider
04-01 08:46:41.810 617 774 D ConnectivityService: register offer from providerId 2 : NetworkOffer [ Provider Id (2) Score(Policies : TRANSPORT_PRIMARY&EVER_EVALUATED&IS_UNMETERED&EVER_VALIDATED&IS_VALIDATED ; KeepConnected : 0) Caps [ Transports: CELLULAR Capabilities: MMS&SUPL&DUN&FOTA&IMS&CBS&IA&RCS&XCAP&EIMS&INTERNET&NOT_RESTRICTED&TRUSTED&NOT_VPN&MCX&NOT_VCN_MANAGED&NOT_BANDWIDTH_CONSTRAINED UnderlyingNetworks: Null] Needed by []]
04-01 08:46:41.811 617 617 V SystemServerTiming: MakeVcnManagementServiceReady took to complete: 19ms
04-01 08:46:41.812 617 617 D SystemServerTiming: MakeNetworkPolicyServiceReady
04-01 08:46:41.812 617 774 D ConnectivityService: NetReassign [no changes] [c 0] [a 0] [i 0]
04-01 08:46:41.814 617 774 D ConnectivityService: NetReassign [no changes] [c 0] [a 0] [i 0]
04-01 08:46:41.816 617 617 V SystemServerTiming: MakeNetworkPolicyServiceReady took to complete: 4ms
04-01 08:46:41.816 617 617 D SystemServerTiming: PhaseThirdPartyAppsCanStart
04-01 08:46:41.817 617 617 I SystemServiceManager: Starting phase 600
04-01 08:46:41.817 617 617 D SystemServerTiming: OnBootPhase_600
04-01 08:46:41.817 617 617 D SystemServerTiming: OnBootPhase_600_com.android.server.security.FileIntegrityService
04-01 08:46:41.818 617 617 V SystemServerTiming: OnBootPhase_600_com.android.server.security.FileIntegrityService took to complete: 0ms
04-01 08:46:41.818 617 617 D SystemServerTiming: OnBootPhase_600_com.android.server.pm.Installer
04-01 08:46:41.818 617 617 V SystemServerTiming: OnBootPhase_600_com.android.server.pm.Installer took to complete: 0ms
04-01 08:46:41.818 617 617 D SystemServerTiming: OnBootPhase_600_com.android.server.os.DeviceIdentifiersPolicyService
04-01 08:46:41.819 617 617 V SystemServerTiming: OnBootPhase_600_com.android.server.os.DeviceIdentifiersPolicyService took to complete: 0ms
04-01 08:46:41.819 617 617 D SystemServerTiming: OnBootPhase_600_com.android.server.flags.FeatureFlagsService
04-01 08:46:41.819 617 617 V SystemServerTiming: OnBootPhase_600_com.android.server.flags.FeatureFlagsService took to complete: 0ms
04-01 08:46:41.819 617 617 D SystemServerTiming: OnBootPhase_600_com.android.server.uri.UriGrantsManagerService$Lifecycle
04-01 08:46:41.819 617 617 V SystemServerTiming: OnBootPhase_600_com.android.server.uri.UriGrantsManagerService$Lifecycle took to complete: 0ms
04-01 08:46:41.820 617 617 D SystemServerTiming: OnBootPhase_600_com.android.server.powerstats.PowerStatsService
04-01 08:46:41.820 846 846 I ProtoLogImpl: Setting up ProtoLogImpl with viewerConfigPath = /system_ext/etc/wmshell.protolog.pb
04-01 08:46:41.820 617 617 V SystemServerTiming: OnBootPhase_600_com.android.server.powerstats.PowerStatsService took to complete: 0ms
04-01 08:46:41.820 617 617 D SystemServerTiming: OnBootPhase_600_com.android.server.permission.access.AccessCheckingService
04-01 08:46:41.821 617 617 V SystemServerTiming: OnBootPhase_600_com.android.server.permission.access.AccessCheckingService took to complete: 0ms
04-01 08:46:41.821 617 617 D SystemServerTiming: OnBootPhase_600_com.android.server.wm.ActivityTaskManagerService$Lifecycle
04-01 08:46:41.821 617 617 V SystemServerTiming: OnBootPhase_600_com.android.server.wm.ActivityTaskManagerService$Lifecycle took to complete: 0ms
04-01 08:46:41.821 846 846 I ProtoLog: Unable to load log definitions: File /system_ext/etc/wmshell.protolog.json.gz not found.java.io.FileNotFoundException: /system_ext/etc/wmshell.protolog.json.gz: open failed: ENOENT (No such file or directory)
04-01 08:46:41.821 617 617 D SystemServerTiming: OnBootPhase_600_com.android.server.am.ActivityManagerService$Lifecycle
04-01 08:46:41.822 846 846 V WindowManagerShell: UNKNOWN MESSAGE (-776239364395549896) DisplayChangeController
04-01 08:46:41.822 846 846 V WindowManagerShell: UNKNOWN MESSAGE (-776239364395549896) DisplayController
04-01 08:46:41.822 846 846 V WindowManagerShell: UNKNOWN MESSAGE (-776239364395549896) DisplayInsetsController
04-01 08:46:41.823 846 846 V WindowManagerShell: UNKNOWN MESSAGE (-776239364395549896) DisplayImeController
04-01 08:46:41.823 846 846 V WindowManagerShell: UNKNOWN MESSAGE (-776239364395549896) ShellController
04-01 08:46:41.825 617 617 I ExplicitHealthCheckController: Explicit health checks enabled.
04-01 08:46:41.826 617 617 I PackageWatchdog: Syncing state, reason: health check state enabled
04-01 08:46:41.826 617 617 I PackageWatchdog: Not pruning observers, elapsed time: 0ms
04-01 08:46:41.827 617 617 I PackageWatchdog: Cancelling state sync, nothing to sync
04-01 08:46:41.828 617 662 I PackageWatchdog: Saving observer state to file
04-01 08:46:41.828 617 617 D ActivityManager: ThemeHomeDelay: Home launch is not delayable, skipping timeout creation
04-01 08:46:41.829 617 617 V SystemServerTiming: OnBootPhase_600_com.android.server.am.ActivityManagerService$Lifecycle took to complete: 7ms
04-01 08:46:41.829 617 617 D SystemServerTiming: OnBootPhase_600_com.android.server.pm.DataLoaderManagerService
04-01 08:46:41.830 617 617 V SystemServerTiming: OnBootPhase_600_com.android.server.pm.DataLoaderManagerService took to complete: 0ms
04-01 08:46:41.832 617 617 D SystemServerTiming: OnBootPhase_600_com.android.server.power.PowerManagerService
04-01 08:46:41.834 617 617 V SystemServerTiming: OnBootPhase_600_com.android.server.power.PowerManagerService took to complete: 2ms
04-01 08:46:41.834 617 617 D SystemServerTiming: OnBootPhase_600_com.android.server.power.ThermalManagerService
04-01 08:46:41.835 617 617 V SystemServerTiming: OnBootPhase_600_com.android.server.power.ThermalManagerService took to complete: 0ms
04-01 08:46:41.835 617 617 D SystemServerTiming: OnBootPhase_600_com.android.server.recoverysystem.RecoverySystemService$Lifecycle
04-01 08:46:41.835 617 617 V SystemServerTiming: OnBootPhase_600_com.android.server.recoverysystem.RecoverySystemService$Lifecycle took to complete: 0ms
04-01 08:46:41.835 617 617 D SystemServerTiming: OnBootPhase_600_com.android.server.lights.LightsService
04-01 08:46:41.835 617 617 V SystemServerTiming: OnBootPhase_600_com.android.server.lights.LightsService took to complete: 0ms
04-01 08:46:41.835 617 617 D SystemServerTiming: OnBootPhase_600_com.android.server.display.DisplayManagerService
04-01 08:46:41.835 617 617 V SystemServerTiming: OnBootPhase_600_com.android.server.display.DisplayManagerService took to complete: 0ms
04-01 08:46:41.835 617 617 D SystemServerTiming: OnBootPhase_600_com.android.server.pm.verify.domain.DomainVerificationService
04-01 08:46:41.835 617 617 V SystemServerTiming: OnBootPhase_600_com.android.server.pm.verify.domain.DomainVerificationService took to complete: 0ms
04-01 08:46:41.835 617 617 D SystemServerTiming: OnBootPhase_600_com.android.server.pm.PackageInstallerService$Lifecycle
04-01 08:46:41.835 617 617 V SystemServerTiming: OnBootPhase_600_com.android.server.pm.PackageInstallerService$Lifecycle took to complete: 0ms
04-01 08:46:41.835 617 617 D SystemServerTiming: OnBootPhase_600_com.android.server.pm.UserManagerService$LifeCycle
04-01 08:46:41.835 617 617 V SystemServerTiming: OnBootPhase_600_com.android.server.pm.UserManagerService$LifeCycle took to complete: 0ms
04-01 08:46:41.835 617 617 D SystemServerTiming: OnBootPhase_600_com.android.server.om.OverlayManagerService
04-01 08:46:41.835 617 617 V SystemServerTiming: OnBootPhase_600_com.android.server.om.OverlayManagerService took to complete: 0ms
04-01 08:46:41.835 617 617 D SystemServerTiming: OnBootPhase_600_com.android.server.resources.ResourcesManagerService
04-01 08:46:41.835 617 617 V SystemServerTiming: OnBootPhase_600_com.android.server.resources.ResourcesManagerService took to complete: 0ms
04-01 08:46:41.835 617 617 D SystemServerTiming: OnBootPhase_600_com.android.server.sensorprivacy.SensorPrivacyService
04-01 08:46:41.836 617 617 V SystemServerTiming: OnBootPhase_600_com.android.server.sensorprivacy.SensorPrivacyService took to complete: 0ms
04-01 08:46:41.836 617 617 D SystemServerTiming: OnBootPhase_600_com.android.server.sensors.SensorService
04-01 08:46:41.836 617 617 V SystemServerTiming: OnBootPhase_600_com.android.server.sensors.SensorService took to complete: 0ms
04-01 08:46:41.836 617 617 D SystemServerTiming: OnBootPhase_600_com.android.server.SystemConfigService
04-01 08:46:41.836 617 617 V SystemServerTiming: OnBootPhase_600_com.android.server.SystemConfigService took to complete: 0ms
04-01 08:46:41.836 617 617 D SystemServerTiming: OnBootPhase_600_com.android.server.BatteryService
04-01 08:46:41.836 617 617 V SystemServerTiming: OnBootPhase_600_com.android.server.BatteryService took to complete: 0ms
04-01 08:46:41.836 617 617 D SystemServerTiming: OnBootPhase_600_com.android.server.usage.UsageStatsService
04-01 08:46:41.836 617 617 V SystemServerTiming: OnBootPhase_600_com.android.server.usage.UsageStatsService took to complete: 0ms
04-01 08:46:41.836 617 617 D SystemServerTiming: OnBootPhase_600_com.android.server.webkit.WebViewUpdateService
04-01 08:46:41.836 617 617 V SystemServerTiming: OnBootPhase_600_com.android.server.webkit.WebViewUpdateService took to complete: 0ms
04-01 08:46:41.836 617 617 D SystemServerTiming: OnBootPhase_600_com.android.server.CachedDeviceStateService
04-01 08:46:41.836 617 617 V SystemServerTiming: OnBootPhase_600_com.android.server.CachedDeviceStateService took to complete: 0ms
04-01 08:46:41.836 617 617 D SystemServerTiming: OnBootPhase_600_com.android.server.BinderCallsStatsService$LifeCycle
04-01 08:46:41.836 617 617 V SystemServerTiming: OnBootPhase_600_com.android.server.BinderCallsStatsService$LifeCycle took to complete: 0ms
04-01 08:46:41.836 617 617 D SystemServerTiming: OnBootPhase_600_com.android.server.LooperStatsService$Lifecycle
04-01 08:46:41.836 617 617 V SystemServerTiming: OnBootPhase_600_com.android.server.LooperStatsService$Lifecycle took to complete: 0ms
04-01 08:46:41.836 617 617 D SystemServerTiming: OnBootPhase_600_com.android.server.rollback.RollbackManagerService
04-01 08:46:41.836 617 617 V SystemServerTiming: OnBootPhase_600_com.android.server.rollback.RollbackManagerService took to complete: 0ms
04-01 08:46:41.836 617 617 D SystemServerTiming: OnBootPhase_600_com.android.server.os.NativeTombstoneManagerService
04-01 08:46:41.836 617 617 V SystemServerTiming: OnBootPhase_600_com.android.server.os.NativeTombstoneManagerService took to complete: 0ms
04-01 08:46:41.836 617 617 D SystemServerTiming: OnBootPhase_600_com.android.server.os.BugreportManagerService
04-01 08:46:41.836 617 617 V SystemServerTiming: OnBootPhase_600_com.android.server.os.BugreportManagerService took to complete: 0ms
04-01 08:46:41.836 617 617 D SystemServerTiming: OnBootPhase_600_com.android.server.gpu.GpuService
04-01 08:46:41.836 617 617 V SystemServerTiming: OnBootPhase_600_com.android.server.gpu.GpuService took to complete: 0ms
04-01 08:46:41.836 617 617 D SystemServerTiming: OnBootPhase_600_com.android.server.security.rkp.RemoteProvisioningService
04-01 08:46:41.836 617 617 V SystemServerTiming: OnBootPhase_600_com.android.server.security.rkp.RemoteProvisioningService took to complete: 0ms
04-01 08:46:41.836 617 617 D SystemServerTiming: OnBootPhase_600_com.android.server.cpu.CpuMonitorService
04-01 08:46:41.836 617 617 V SystemServerTiming: OnBootPhase_600_com.android.server.cpu.CpuMonitorService took to complete: 0ms
04-01 08:46:41.836 617 617 D SystemServerTiming: OnBootPhase_600_com.android.server.security.KeyChainSystemService
04-01 08:46:41.836 617 617 V SystemServerTiming: OnBootPhase_600_com.android.server.security.KeyChainSystemService took to complete: 0ms
04-01 08:46:41.836 617 617 D SystemServerTiming: OnBootPhase_600_com.android.server.BinaryTransparencyService
04-01 08:46:41.836 617 617 V SystemServerTiming: OnBootPhase_600_com.android.server.BinaryTransparencyService took to complete: 0ms
04-01 08:46:41.836 617 617 D SystemServerTiming: OnBootPhase_600_com.android.server.accounts.AccountManagerService$Lifecycle
04-01 08:46:41.836 617 617 V SystemServerTiming: OnBootPhase_600_com.android.server.accounts.AccountManagerService$Lifecycle took to complete: 0ms
04-01 08:46:41.836 617 617 D SystemServerTiming: OnBootPhase_600_com.android.server.content.ContentService$Lifecycle
04-01 08:46:41.836 617 617 V SystemServerTiming: OnBootPhase_600_com.android.server.content.ContentService$Lifecycle took to complete: 0ms
04-01 08:46:41.836 617 617 D SystemServerTiming: OnBootPhase_600_com.android.server.deviceconfig.DeviceConfigInit$Lifecycle
04-01 08:46:41.836 617 617 V SystemServerTiming: OnBootPhase_600_com.android.server.deviceconfig.DeviceConfigInit$Lifecycle took to complete: 0ms
04-01 08:46:41.836 617 617 D SystemServerTiming: OnBootPhase_600_com.android.server.DropBoxManagerService
04-01 08:46:41.836 617 617 V SystemServerTiming: OnBootPhase_600_com.android.server.DropBoxManagerService took to complete: 0ms
04-01 08:46:41.836 617 617 D SystemServerTiming: OnBootPhase_600_com.android.ecm.EnhancedConfirmationService
04-01 08:46:41.836 617 617 V SystemServerTiming: OnBootPhase_600_com.android.ecm.EnhancedConfirmationService took to complete: 0ms
04-01 08:46:41.836 617 617 D SystemServerTiming: OnBootPhase_600_com.android.server.power.hint.HintManagerService
04-01 08:46:41.837 617 617 V SystemServerTiming: OnBootPhase_600_com.android.server.power.hint.HintManagerService took to complete: 0ms
04-01 08:46:41.837 617 617 D SystemServerTiming: OnBootPhase_600_com.android.role.RoleService
04-01 08:46:41.837 617 617 V SystemServerTiming: OnBootPhase_600_com.android.role.RoleService took to complete: 0ms
04-01 08:46:41.837 617 617 D SystemServerTiming: OnBootPhase_600_com.android.server.vibrator.VibratorManagerService$Lifecycle
04-01 08:46:41.837 617 617 V SystemServerTiming: OnBootPhase_600_com.android.server.vibrator.VibratorManagerService$Lifecycle took to complete: 0ms
04-01 08:46:41.837 617 617 D SystemServerTiming: OnBootPhase_600_com.android.server.alarm.AlarmManagerService
04-01 08:46:41.837 617 617 V SystemServerTiming: OnBootPhase_600_com.android.server.alarm.AlarmManagerService took to complete: 0ms
04-01 08:46:41.837 617 617 D SystemServerTiming: OnBootPhase_600_com.android.server.devicestate.DeviceStateManagerService
04-01 08:46:41.837 617 617 V SystemServerTiming: OnBootPhase_600_com.android.server.devicestate.DeviceStateManagerService took to complete: 0ms
04-01 08:46:41.837 617 617 D SystemServerTiming: OnBootPhase_600_com.android.server.camera.CameraServiceProxy
04-01 08:46:41.837 617 617 V SystemServerTiming: OnBootPhase_600_com.android.server.camera.CameraServiceProxy took to complete: 0ms
04-01 08:46:41.837 617 617 D SystemServerTiming: OnBootPhase_600_com.android.server.connectivity.IpConnectivityMetrics
04-01 08:46:41.837 617 617 V SystemServerTiming: OnBootPhase_600_com.android.server.connectivity.IpConnectivityMetrics took to complete: 0ms
04-01 08:46:41.837 617 617 D SystemServerTiming: OnBootPhase_600_com.android.server.net.watchlist.NetworkWatchlistService$Lifecycle
04-01 08:46:41.837 617 617 V SystemServerTiming: OnBootPhase_600_com.android.server.net.watchlist.NetworkWatchlistService$Lifecycle took to complete: 0ms
04-01 08:46:41.837 617 617 D SystemServerTiming: OnBootPhase_600_com.android.server.PinnerService
04-01 08:46:41.837 617 617 V SystemServerTiming: OnBootPhase_600_com.android.server.PinnerService took to complete: 0ms
04-01 08:46:41.837 617 617 D SystemServerTiming: OnBootPhase_600_com.android.server.integrity.AppIntegrityManagerService
04-01 08:46:41.837 617 617 V SystemServerTiming: OnBootPhase_600_com.android.server.integrity.AppIntegrityManagerService took to complete: 0ms
04-01 08:46:41.837 617 617 D SystemServerTiming: OnBootPhase_600_com.android.server.logcat.LogcatManagerService
04-01 08:46:41.837 617 617 V SystemServerTiming: OnBootPhase_600_com.android.server.logcat.LogcatManagerService took to complete: 0ms
04-01 08:46:41.837 617 617 D SystemServerTiming: OnBootPhase_600_com.android.server.inputmethod.InputMethodManagerService$Lifecycle
04-01 08:46:41.837 617 617 V SystemServerTiming: OnBootPhase_600_com.android.server.inputmethod.InputMethodManagerService$Lifecycle took to complete: 0ms
04-01 08:46:41.837 617 617 D SystemServerTiming: OnBootPhase_600_com.android.server.accessibility.AccessibilityManagerService$Lifecycle
04-01 08:46:41.843 617 617 V SystemServerTiming: OnBootPhase_600_com.android.server.accessibility.AccessibilityManagerService$Lifecycle took to complete: 6ms
04-01 08:46:41.845 617 617 D SystemServerTiming: OnBootPhase_600_com.android.server.StorageManagerService$Lifecycle
04-01 08:46:41.845 617 617 V SystemServerTiming: OnBootPhase_600_com.android.server.StorageManagerService$Lifecycle took to complete: 0ms
04-01 08:46:41.845 617 617 D SystemServerTiming: OnBootPhase_600_com.android.server.usage.StorageStatsService$Lifecycle
04-01 08:46:41.845 617 617 V SystemServerTiming: OnBootPhase_600_com.android.server.usage.StorageStatsService$Lifecycle took to complete: 0ms
04-01 08:46:41.845 617 617 D SystemServerTiming: OnBootPhase_600_com.android.server.UiModeManagerService
04-01 08:46:41.845 617 617 V SystemServerTiming: OnBootPhase_600_com.android.server.UiModeManagerService took to complete: 0ms
04-01 08:46:41.846 617 617 D SystemServerTiming: OnBootPhase_600_com.android.server.locales.LocaleManagerService
04-01 08:46:41.846 617 617 V SystemServerTiming: OnBootPhase_600_com.android.server.locales.LocaleManagerService took to complete: 0ms
04-01 08:46:41.846 617 617 D SystemServerTiming: OnBootPhase_600_com.android.server.grammaticalinflection.GrammaticalInflectionService
04-01 08:46:41.846 617 617 V SystemServerTiming: OnBootPhase_600_com.android.server.grammaticalinflection.GrammaticalInflectionService took to complete: 0ms
04-01 08:46:41.846 617 617 D SystemServerTiming: OnBootPhase_600_com.android.server.apphibernation.AppHibernationService
04-01 08:46:41.846 617 617 V SystemServerTiming: OnBootPhase_600_com.android.server.apphibernation.AppHibernationService took to complete: 0ms
04-01 08:46:41.846 617 617 D SystemServerTiming: OnBootPhase_600_com.android.server.locksettings.LockSettingsService$Lifecycle
04-01 08:46:41.849 617 617 V SystemServerTiming: OnBootPhase_600_com.android.server.locksettings.LockSettingsService$Lifecycle took to complete: 0ms
04-01 08:46:41.849 617 617 D SystemServerTiming: OnBootPhase_600_com.android.server.pdb.PersistentDataBlockService
04-01 08:46:41.849 617 617 V SystemServerTiming: OnBootPhase_600_com.android.server.pdb.PersistentDataBlockService took to complete: 0ms
04-01 08:46:41.849 617 617 D SystemServerTiming: OnBootPhase_600_com.android.server.testharness.TestHarnessModeService
04-01 08:46:41.849 617 617 V SystemServerTiming: OnBootPhase_600_com.android.server.testharness.TestHarnessModeService took to complete: 0ms
04-01 08:46:41.849 617 617 D SystemServerTiming: OnBootPhase_600_com.android.server.oemlock.OemLockService
04-01 08:46:41.849 617 617 V SystemServerTiming: OnBootPhase_600_com.android.server.oemlock.OemLockService took to complete: 0ms
04-01 08:46:41.849 617 617 D SystemServerTiming: OnBootPhase_600_com.android.server.DeviceIdleController
04-01 08:46:41.849 617 617 V SystemServerTiming: OnBootPhase_600_com.android.server.DeviceIdleController took to complete: 0ms
04-01 08:46:41.849 617 617 D SystemServerTiming: OnBootPhase_600_com.android.server.devicepolicy.DevicePolicyManagerService$Lifecycle
04-01 08:46:41.850 617 617 V SystemServerTiming: OnBootPhase_600_com.android.server.devicepolicy.DevicePolicyManagerService$Lifecycle took to complete: 0ms
04-01 08:46:41.850 617 617 D SystemServerTiming: OnBootPhase_600_com.android.server.texttospeech.TextToSpeechManagerService
04-01 08:46:41.851 617 617 V SystemServerTiming: OnBootPhase_600_com.android.server.texttospeech.TextToSpeechManagerService took to complete: 1ms
04-01 08:46:41.851 617 617 D SystemServerTiming: OnBootPhase_600_com.android.server.wearable.WearableSensingManagerService
04-01 08:46:41.851 617 617 V SystemServerTiming: OnBootPhase_600_com.android.server.wearable.WearableSensingManagerService took to complete: 0ms
04-01 08:46:41.851 617 617 D SystemServerTiming: OnBootPhase_600_com.android.server.ondeviceintelligence.OnDeviceIntelligenceManagerService
04-01 08:46:41.853 617 617 W OnDeviceIntelligenceManagerService: Couldn't pre-start remote ondeviceintelligence services.
04-01 08:46:41.853 617 617 W OnDeviceIntelligenceManagerService: java.lang.IllegalStateException: Remote service is not configured to complete the request
04-01 08:46:41.853 617 617 W OnDeviceIntelligenceManagerService: at com.android.server.ondeviceintelligence.OnDeviceIntelligenceManagerService.validateServiceElevated(OnDeviceIntelligenceManagerService.java:828)
04-01 08:46:41.853 617 617 W OnDeviceIntelligenceManagerService: at com.android.server.ondeviceintelligence.OnDeviceIntelligenceManagerService.lambda$ensureRemoteInferenceServiceInitialized$2(OnDeviceIntelligenceManagerService.java:622)
04-01 08:46:41.853 617 617 W OnDeviceIntelligenceManagerService: at com.android.server.ondeviceintelligence.OnDeviceIntelligenceManagerService.$r8$lambda$qWFNamOCjZtux7sLH__Vr5HGTvc(OnDeviceIntelligenceManagerService.java:0)
04-01 08:46:41.853 617 617 W OnDeviceIntelligenceManagerService: at com.android.server.ondeviceintelligence.OnDeviceIntelligenceManagerService$$ExternalSyntheticLambda4.runOrThrow(R8$$SyntheticClass:0)
04-01 08:46:41.853 617 617 W OnDeviceIntelligenceManagerService: at android.os.Binder.withCleanCallingIdentity(Binder.java:467)
04-01 08:46:41.853 617 617 W OnDeviceIntelligenceManagerService: at com.android.server.ondeviceintelligence.OnDeviceIntelligenceManagerService.ensureRemoteInferenceServiceInitialized(OnDeviceIntelligenceManagerService.java:622)
04-01 08:46:41.853 617 617 W OnDeviceIntelligenceManagerService: at com.android.server.ondeviceintelligence.OnDeviceIntelligenceManagerService.onBootPhase(OnDeviceIntelligenceManagerService.java:201)
04-01 08:46:41.853 617 617 W OnDeviceIntelligenceManagerService: at com.android.server.SystemServiceManager.startBootPhase(SystemServiceManager.java:318)
04-01 08:46:41.853 617 617 W OnDeviceIntelligenceManagerService: at com.android.server.SystemServer.lambda$startOtherServices$6(SystemServer.java:3245)
04-01 08:46:41.853 617 617 W OnDeviceIntelligenceManagerService: at com.android.server.SystemServer.$r8$lambda$R8_YVQM1rsXoSgswlNNq9SsFhyw(SystemServer.java:0)
04-01 08:46:41.853 617 617 W OnDeviceIntelligenceManagerService: at com.android.server.SystemServer$$ExternalSyntheticLambda6.run(R8$$SyntheticClass:0)
04-01 08:46:41.853 617 617 W OnDeviceIntelligenceManagerService: at com.android.server.am.ActivityManagerService.systemReady(ActivityManagerService.java:9004)
04-01 08:46:41.853 617 617 W OnDeviceIntelligenceManagerService: at com.android.server.SystemServer.startOtherServices(SystemServer.java:3097)
04-01 08:46:41.853 617 617 W OnDeviceIntelligenceManagerService: at com.android.server.SystemServer.run(SystemServer.java:948)
04-01 08:46:41.853 617 617 W OnDeviceIntelligenceManagerService: at com.android.server.SystemServer.main(SystemServer.java:669)
04-01 08:46:41.853 617 617 W OnDeviceIntelligenceManagerService: at java.lang.reflect.Method.invoke(Native Method)
04-01 08:46:41.853 617 617 W OnDeviceIntelligenceManagerService: at com.android.internal.os.RuntimeInit$MethodAndArgsCaller.run(RuntimeInit.java:591)
04-01 08:46:41.853 617 617 W OnDeviceIntelligenceManagerService: at com.android.internal.os.ZygoteInit.main(ZygoteInit.java:849)
04-01 08:46:41.853 617 617 V SystemServerTiming: OnBootPhase_600_com.android.server.ondeviceintelligence.OnDeviceIntelligenceManagerService took to complete: 2ms
04-01 08:46:41.853 617 617 D SystemServerTiming: OnBootPhase_600_com.android.server.speech.SpeechRecognitionManagerService
04-01 08:46:41.854 617 617 V SystemServerTiming: OnBootPhase_600_com.android.server.speech.SpeechRecognitionManagerService took to complete: 0ms
04-01 08:46:41.855 617 617 D SystemServerTiming: OnBootPhase_600_com.android.server.graphics.fonts.FontManagerService$Lifecycle
04-01 08:46:41.855 617 617 V SystemServerTiming: OnBootPhase_600_com.android.server.graphics.fonts.FontManagerService$Lifecycle took to complete: 0ms
04-01 08:46:41.855 617 617 D SystemServerTiming: OnBootPhase_600_com.android.server.textservices.TextServicesManagerService$Lifecycle
04-01 08:46:41.855 617 617 V SystemServerTiming: OnBootPhase_600_com.android.server.textservices.TextServicesManagerService$Lifecycle took to complete: 0ms
04-01 08:46:41.855 617 617 D SystemServerTiming: OnBootPhase_600_com.android.server.textclassifier.TextClassificationManagerService$Lifecycle
04-01 08:46:41.855 617 617 V SystemServerTiming: OnBootPhase_600_com.android.server.textclassifier.TextClassificationManagerService$Lifecycle took to complete: 0ms
04-01 08:46:41.855 617 617 D SystemServerTiming: OnBootPhase_600_com.android.server.NetworkScoreService$Lifecycle
04-01 08:46:41.856 617 617 V SystemServerTiming: OnBootPhase_600_com.android.server.NetworkScoreService$Lifecycle took to complete: 0ms
04-01 08:46:41.856 617 617 D SystemServerTiming: OnBootPhase_600_com.android.server.NetworkStatsServiceInitializer
04-01 08:46:41.856 617 617 V SystemServerTiming: OnBootPhase_600_com.android.server.NetworkStatsServiceInitializer took to complete: 0ms
04-01 08:46:41.856 617 617 D SystemServerTiming: OnBootPhase_600_com.android.server.wifi.WifiService
04-01 08:46:41.856 617 617 V SystemServerTiming: OnBootPhase_600_com.android.server.wifi.WifiService took to complete: 0ms
04-01 08:46:41.856 617 617 D SystemServerTiming: OnBootPhase_600_com.android.server.wifi.scanner.WifiScanningService
04-01 08:46:41.856 617 617 V SystemServerTiming: OnBootPhase_600_com.android.server.wifi.scanner.WifiScanningService took to complete: 0ms
04-01 08:46:41.856 617 617 D SystemServerTiming: OnBootPhase_600_com.android.server.wifi.p2p.WifiP2pService
04-01 08:46:41.856 617 617 V SystemServerTiming: OnBootPhase_600_com.android.server.wifi.p2p.WifiP2pService took to complete: 0ms
04-01 08:46:41.856 617 617 D SystemServerTiming: OnBootPhase_600_com.android.server.ConnectivityServiceInitializer
04-01 08:46:41.857 617 617 V SystemServerTiming: OnBootPhase_600_com.android.server.ConnectivityServiceInitializer took to complete: 0ms
04-01 08:46:41.857 617 617 D SystemServerTiming: OnBootPhase_600_com.android.server.notification.NotificationManagerService
04-01 08:46:41.863 864 864 D nativeloader: InitLlndkLibrariesProduct: libEGL.so:libGLESv1_CM.so:libGLESv2.so:libGLESv3.so:libRS.so:libandroid_net.so:libapexsupport.so:libbinder_ndk.so:libc.so:libcgrouprc.so:libclang_rt.asan-aarch64-android.so:libclang_rt.hwasan-aarch64-android.so:libcom.android.tethering.connectivity_native.so:libdl.so:libft2.so:liblog.so:libm.so:libmediandk.so:libnativewindow.so:libneuralnetworks.so:libselinux.so:libsync.so:libvendorsupport.so:libvndksupport.so:libvulkan.so
04-01 08:46:41.863 864 864 D nativeloader: Configuring product-clns-7 for unbundled product apk /system/product/app/webview/webview.apk. target_sdk_version=34, uses_libraries=, library_path=/system/product/app/webview/lib/arm64:/system/product/app/webview/webview.apk!/lib/arm64-v8a:/product/lib64:/system/product/lib64, permitted_path=/data:/mnt/expand:/product/lib64:/system/product/lib64
04-01 08:46:41.865 617 797 W PackageManager: Invalid dex load report. loadingPackageName=null, uid=1037
04-01 08:46:41.868 864 864 D nativeloader: InitVndkspLibrariesProduct: VNDK is deprecated with product
04-01 08:46:41.873 846 846 V WindowManagerShell: UNKNOWN MESSAGE (-776239364395549896) CompatUIController
04-01 08:46:41.880 846 846 V WindowManagerShell: UNKNOWN MESSAGE (-776239364395549896) TaskStackTransitionObserver
04-01 08:46:41.882 846 846 V WindowManagerShell: UNKNOWN MESSAGE (-776239364395549896) RecentTasksController
04-01 08:46:41.889 255 747 D PermissionCache: checking android.permission.ACCESS_SURFACE_FLINGER for uid=10070 => granted (1824 us)
04-01 08:46:41.891 617 617 V SystemServerTiming: OnBootPhase_600_com.android.server.notification.NotificationManagerService took to complete: 34ms
04-01 08:46:41.891 617 617 D SystemServerTiming: OnBootPhase_600_com.android.server.storage.DeviceStorageMonitorService
04-01 08:46:41.891 617 617 V SystemServerTiming: OnBootPhase_600_com.android.server.storage.DeviceStorageMonitorService took to complete: 0ms
04-01 08:46:41.891 617 617 D SystemServerTiming: OnBootPhase_600_com.android.server.timedetector.TimeDetectorService$Lifecycle
04-01 08:46:41.891 846 846 V WindowManagerShell: UNKNOWN MESSAGE (-776239364395549896) ShellTaskOrganizer
04-01 08:46:41.891 617 617 V SystemServerTiming: OnBootPhase_600_com.android.server.timedetector.TimeDetectorService$Lifecycle took to complete: 0ms
04-01 08:46:41.892 617 617 D SystemServerTiming: OnBootPhase_600_com.android.server.location.LocationManagerService$Lifecycle
04-01 08:46:41.895 617 617 W LocationManagerService: no network location provider found
04-01 08:46:41.898 536 578 I C2SoftVpxEnc: setting temporal layering 0 + 0
04-01 08:46:41.898 536 578 I mediaswcodec: missing struct descriptor #Param::CoreIndex(--1812) for field values of struct #Param::CoreIndex(F-11812)
04-01 08:46:41.900 846 846 D DesktopModeFlagsUtil: Toggle override initialized to: OVERRIDE_UNSET
04-01 08:46:41.904 617 617 I ServiceWatcher: [fused] chose new implementation 1000/com.android.location.fused/.FusedLocationService@0
04-01 08:46:41.907 617 617 E LocationManagerService: no geocoder provider found
04-01 08:46:41.908 617 617 E ActivityRecognitionHardware: activity_recognition HAL is deprecated. is_supported is effectively a no-op
04-01 08:46:41.909 617 617 E LocationManagerService: unable to bind ActivityRecognitionProxy
04-01 08:46:41.910 617 617 V SystemServerTiming: OnBootPhase_600_com.android.server.location.LocationManagerService$Lifecycle took to complete: 18ms
04-01 08:46:41.910 617 617 D SystemServerTiming: OnBootPhase_600_com.android.server.timezonedetector.TimeZoneDetectorService$Lifecycle
04-01 08:46:41.910 617 617 V SystemServerTiming: OnBootPhase_600_com.android.server.timezonedetector.TimeZoneDetectorService$Lifecycle took to complete: 0ms
04-01 08:46:41.910 617 617 D SystemServerTiming: OnBootPhase_600_com.android.server.location.altitude.AltitudeService$Lifecycle
04-01 08:46:41.910 617 617 V SystemServerTiming: OnBootPhase_600_com.android.server.location.altitude.AltitudeService$Lifecycle took to complete: 0ms
04-01 08:46:41.911 617 617 D SystemServerTiming: OnBootPhase_600_com.android.server.timezonedetector.location.LocationTimeZoneManagerService$Lifecycle
04-01 08:46:41.911 617 617 V SystemServerTiming: OnBootPhase_600_com.android.server.timezonedetector.location.LocationTimeZoneManagerService$Lifecycle took to complete: 0ms
04-01 08:46:41.912 617 617 D SystemServerTiming: OnBootPhase_600_com.android.server.search.SearchManagerService$Lifecycle
04-01 08:46:41.912 617 617 V SystemServerTiming: OnBootPhase_600_com.android.server.search.SearchManagerService$Lifecycle took to complete: 0ms
04-01 08:46:41.912 617 617 D SystemServerTiming: OnBootPhase_600_com.android.server.wallpaper.WallpaperManagerService$Lifecycle
04-01 08:46:41.914 617 617 D WallpaperManagerService: Wallpaper_switch-user-0
04-01 08:46:41.914 617 617 V WallpaperManagerService: bindWallpaperComponentLocked: componentName=ComponentInfo{com.android.systemui/com.android.systemui.wallpapers.ImageWallpaper}
04-01 08:46:41.914 617 617 D WallpaperManagerService: WPMS.bindWallpaperComponentLocked-ComponentInfo{com.android.systemui/com.android.systemui.wallpapers.ImageWallpaper}
04-01 08:46:41.921 256 272 E IMGAidlAllocator: isSupported:328 Invalid BufferDescriptorInfo
04-01 08:46:41.921 256 272 E IMGAidlAllocator: isSupported:329 width -> 320
04-01 08:46:41.921 256 272 E IMGAidlAllocator: isSupported:330 height -> 240
04-01 08:46:41.921 256 272 E IMGAidlAllocator: isSupported:331 format -> 54
04-01 08:46:41.921 256 272 E IMGAidlAllocator: isSupported:332 usage -> 0x0962
04-01 08:46:41.921 617 617 V WallpaperManagerService: WPMS.bindWallpaperComponentLocked-ComponentInfo{com.android.systemui/com.android.systemui.wallpapers.ImageWallpaper} took to complete: 6ms
04-01 08:46:41.921 617 617 V WallpaperManagerService: Wallpaper_switch-user-0 took to complete: 7ms
04-01 08:46:41.921 617 617 V SystemServerTiming: OnBootPhase_600_com.android.server.wallpaper.WallpaperManagerService$Lifecycle took to complete: 9ms
04-01 08:46:41.922 617 617 D SystemServerTiming: OnBootPhase_600_com.android.server.audio.AudioService$Lifecycle
04-01 08:46:41.922 617 617 V SystemServerTiming: OnBootPhase_600_com.android.server.audio.AudioService$Lifecycle took to complete: 0ms
04-01 08:46:41.922 617 617 D SystemServerTiming: OnBootPhase_600_com.android.server.soundtrigger_middleware.SoundTriggerMiddlewareService$Lifecycle
04-01 08:46:41.922 617 617 V SystemServerTiming: OnBootPhase_600_com.android.server.soundtrigger_middleware.SoundTriggerMiddlewareService$Lifecycle took to complete: 0ms
04-01 08:46:41.922 617 617 D SystemServerTiming: OnBootPhase_600_com.android.server.DockObserver
04-01 08:46:41.922 617 617 V SystemServerTiming: OnBootPhase_600_com.android.server.DockObserver took to complete: 0ms
04-01 08:46:41.922 617 617 D SystemServerTiming: OnBootPhase_600_com.android.server.adb.AdbService$Lifecycle
04-01 08:46:41.922 617 617 V SystemServerTiming: OnBootPhase_600_com.android.server.adb.AdbService$Lifecycle took to complete: 0ms
04-01 08:46:41.922 617 617 D SystemServerTiming: OnBootPhase_600_com.android.server.usb.UsbService$Lifecycle
04-01 08:46:41.922 617 617 V SystemServerTiming: OnBootPhase_600_com.android.server.usb.UsbService$Lifecycle took to complete: 0ms
04-01 08:46:41.922 617 617 D SystemServerTiming: OnBootPhase_600_com.android.server.SerialService$Lifecycle
04-01 08:46:41.922 617 617 V SystemServerTiming: OnBootPhase_600_com.android.server.SerialService$Lifecycle took to complete: 0ms
04-01 08:46:41.922 617 617 D SystemServerTiming: OnBootPhase_600_com.android.server.twilight.TwilightService
04-01 08:46:41.922 617 617 V SystemServerTiming: OnBootPhase_600_com.android.server.twilight.TwilightService took to complete: 0ms
04-01 08:46:41.922 617 617 D SystemServerTiming: OnBootPhase_600_com.android.server.display.color.ColorDisplayService
04-01 08:46:41.922 617 617 V SystemServerTiming: OnBootPhase_600_com.android.server.display.color.ColorDisplayService took to complete: 0ms
04-01 08:46:41.922 617 617 D SystemServerTiming: OnBootPhase_600_com.android.server.job.JobSchedulerService
04-01 08:46:41.936 617 617 V SystemServerTiming: OnBootPhase_600_com.android.server.job.JobSchedulerService took to complete: 13ms
04-01 08:46:41.937 617 617 D SystemServerTiming: OnBootPhase_600_com.android.server.soundtrigger.SoundTriggerService
04-01 08:46:41.938 617 617 D SoundTriggerService: onBootPhase: 600 : false
04-01 08:46:41.942 617 617 V SystemServerTiming: OnBootPhase_600_com.android.server.soundtrigger.SoundTriggerService took to complete: 4ms
04-01 08:46:41.942 536 578 I C2SoftVpxEnc: setting temporal layering 0 + 0
04-01 08:46:41.942 536 578 I mediaswcodec: missing struct descriptor #Param::CoreIndex(--1812) for field values of struct #Param::CoreIndex(F-11812)
04-01 08:46:41.945 617 617 D SystemServerTiming: OnBootPhase_600_com.android.server.trust.TrustManagerService
04-01 08:46:41.945 533 589 D MediaCodecsXmlParser: parsing /apex/com.android.media.swcodec/etc/media_codecs.xml...
04-01 08:46:41.947 533 589 D MediaCodecsXmlParser: disabling c2.android.gsm.decoder
04-01 08:46:41.949 533 589 D MediaCodecsXmlParser: disabling c2.android.mpeg2.decoder
04-01 08:46:41.950 533 589 D MediaCodecsXmlParser: disabling c2.android.av1.encoder
04-01 08:46:41.951 533 589 I MediaCodecsXmlParser: codec c2.android.av1.encoder enabled, device sdk 36 >= required 34
04-01 08:46:41.951 533 589 I MediaCodecsXmlParser: Did not find media_codecs_performance.xml in search path
04-01 08:46:41.952 533 589 D MediaCodecsXmlParser: parsing /vendor/etc/media_codecs_c2.xml...
04-01 08:46:41.952 846 846 V WindowManagerShell: UNKNOWN MESSAGE (-776239364395549896) OneHandedController
04-01 08:46:41.953 533 589 I MediaCodecsXmlParser: Did not find media_codecs_performance_c2.xml in search path
04-01 08:46:41.954 533 589 D MediaCodecsXmlParser: parsing /vendor/etc/media_codecs.xml...
04-01 08:46:41.955 533 589 D MediaCodecsXmlParser: parsing /vendor/etc/media_codecs_google_c2_audio.xml...
04-01 08:46:41.956 533 589 D MediaCodecsXmlParser: MediaCodec: cannot add existing codec: c2.android.mp3.decoder at line 19 of /vendor/etc/media_codecs_google_c2_audio.xml
04-01 08:46:41.956 533 589 D MediaCodecsXmlParser: MediaCodec: cannot add existing codec: c2.android.amrnb.decoder at line 25 of /vendor/etc/media_codecs_google_c2_audio.xml
04-01 08:46:41.957 533 589 D MediaCodecsXmlParser: MediaCodec: cannot add existing codec: c2.android.amrwb.decoder at line 31 of /vendor/etc/media_codecs_google_c2_audio.xml
04-01 08:46:41.957 533 589 D MediaCodecsXmlParser: MediaCodec: cannot add existing codec: c2.android.aac.decoder at line 37 of /vendor/etc/media_codecs_google_c2_audio.xml
04-01 08:46:41.957 533 589 D MediaCodecsXmlParser: MediaCodec: cannot add existing codec: c2.android.g711.alaw.decoder at line 43 of /vendor/etc/media_codecs_google_c2_audio.xml
04-01 08:46:41.957 533 589 D MediaCodecsXmlParser: MediaCodec: cannot add existing codec: c2.android.g711.mlaw.decoder at line 49 of /vendor/etc/media_codecs_google_c2_audio.xml
04-01 08:46:41.957 533 589 D MediaCodecsXmlParser: MediaCodec: cannot add existing codec: c2.android.vorbis.decoder at line 55 of /vendor/etc/media_codecs_google_c2_audio.xml
04-01 08:46:41.957 533 589 D MediaCodecsXmlParser: MediaCodec: cannot add existing codec: c2.android.opus.decoder at line 61 of /vendor/etc/media_codecs_google_c2_audio.xml
04-01 08:46:41.957 533 589 D MediaCodecsXmlParser: MediaCodec: cannot add existing codec: c2.android.raw.decoder at line 67 of /vendor/etc/media_codecs_google_c2_audio.xml
04-01 08:46:41.957 533 589 D MediaCodecsXmlParser: MediaCodec: cannot add existing codec: c2.android.flac.decoder at line 73 of /vendor/etc/media_codecs_google_c2_audio.xml
04-01 08:46:41.957 533 589 D MediaCodecsXmlParser: MediaCodec: cannot add existing codec: c2.android.aac.encoder at line 81 of /vendor/etc/media_codecs_google_c2_audio.xml
04-01 08:46:41.958 533 589 D MediaCodecsXmlParser: MediaCodec: cannot add existing codec: c2.android.amrnb.encoder at line 88 of /vendor/etc/media_codecs_google_c2_audio.xml
04-01 08:46:41.958 533 589 D MediaCodecsXmlParser: MediaCodec: cannot add existing codec: c2.android.amrwb.encoder at line 95 of /vendor/etc/media_codecs_google_c2_audio.xml
04-01 08:46:41.958 533 589 D MediaCodecsXmlParser: MediaCodec: cannot add existing codec: c2.android.flac.encoder at line 102 of /vendor/etc/media_codecs_google_c2_audio.xml
04-01 08:46:41.958 533 589 D MediaCodecsXmlParser: MediaCodec: cannot add existing codec: c2.android.opus.encoder at line 110 of /vendor/etc/media_codecs_google_c2_audio.xml
04-01 08:46:41.958 846 846 V WindowManagerShell: UNKNOWN MESSAGE (-776239364395549896) RootTaskDisplayAreaOrganizer
04-01 08:46:41.958 533 589 D MediaCodecsXmlParser: parsing /vendor/etc/media_codecs_google_c2_video.xml...
04-01 08:46:41.959 533 589 D MediaCodecsXmlParser: MediaCodec: cannot add existing codec: c2.android.mpeg4.decoder at line 19 of /vendor/etc/media_codecs_google_c2_video.xml
04-01 08:46:41.959 533 589 D MediaCodecsXmlParser: MediaCodec: cannot add existing codec: c2.android.h263.decoder at line 29 of /vendor/etc/media_codecs_google_c2_video.xml
04-01 08:46:41.959 533 589 D MediaCodecsXmlParser: MediaCodec: cannot add existing codec: c2.android.avc.decoder at line 38 of /vendor/etc/media_codecs_google_c2_video.xml
04-01 08:46:41.960 533 589 D MediaCodecsXmlParser: MediaCodec: cannot add existing codec: c2.android.hevc.decoder at line 49 of /vendor/etc/media_codecs_google_c2_video.xml
04-01 08:46:41.960 533 589 D MediaCodecsXmlParser: MediaCodec: cannot add existing codec: c2.android.vp8.decoder at line 60 of /vendor/etc/media_codecs_google_c2_video.xml
04-01 08:46:41.960 533 589 D MediaCodecsXmlParser: MediaCodec: cannot add existing codec: c2.android.vp9.decoder at line 70 of /vendor/etc/media_codecs_google_c2_video.xml
04-01 08:46:41.960 533 589 D MediaCodecsXmlParser: MediaCodec: cannot add existing codec: c2.android.av1.decoder at line 80 of /vendor/etc/media_codecs_google_c2_video.xml
04-01 08:46:41.960 533 589 D MediaCodecsXmlParser: MediaCodec: cannot add existing codec: c2.android.h263.encoder at line 101 of /vendor/etc/media_codecs_google_c2_video.xml
04-01 08:46:41.960 533 589 D MediaCodecsXmlParser: MediaCodec: cannot add existing codec: c2.android.avc.encoder at line 108 of /vendor/etc/media_codecs_google_c2_video.xml
04-01 08:46:41.960 533 589 D MediaCodecsXmlParser: MediaCodec: cannot add existing codec: c2.android.hevc.encoder at line 119 of /vendor/etc/media_codecs_google_c2_video.xml
04-01 08:46:41.960 533 589 D MediaCodecsXmlParser: MediaCodec: cannot add existing codec: c2.android.mpeg4.encoder at line 132 of /vendor/etc/media_codecs_google_c2_video.xml
04-01 08:46:41.960 533 589 D MediaCodecsXmlParser: MediaCodec: cannot add existing codec: c2.android.vp8.encoder at line 141 of /vendor/etc/media_codecs_google_c2_video.xml
04-01 08:46:41.961 533 589 D MediaCodecsXmlParser: MediaCodec: cannot add existing codec: c2.android.vp9.encoder at line 152 of /vendor/etc/media_codecs_google_c2_video.xml
04-01 08:46:41.961 533 589 D MediaCodecsXmlParser: parsing /vendor/etc/media_codecs_performance.xml...
04-01 08:46:41.963 533 589 I MediaCodecsXmlParser: Did not find media_codecs_shaping.xml in search path
04-01 08:46:41.963 533 589 I MediaCodecsXmlParser: Did not find media_codecs_shaping.xml in search path
04-01 08:46:41.967 846 846 V WindowManagerShell: UNKNOWN MESSAGE (-776239364395549896) DefaultTransitionHandler
