06-04 09:11:57.429 617 663 V SystemServerTimingAsync: ssm.onUnlockedUser-0_com.android.server.search.SearchManagerService$Lifecycle took to complete: 0ms
06-04 09:11:57.429 617 663 D SystemServerTimingAsync: ssm.onUnlockedUser-0_com.android.server.wallpaper.WallpaperManagerService$Lifecycle
06-04 09:11:57.429 617 663 V SystemServerTimingAsync: ssm.onUnlockedUser-0_com.android.server.wallpaper.WallpaperManagerService$Lifecycle took to complete: 0ms
06-04 09:11:57.429 617 663 D SystemServerTimingAsync: ssm.onUnlockedUser-0_com.android.server.audio.AudioService$Lifecycle
06-04 09:11:57.429 617 663 V SystemServerTimingAsync: ssm.onUnlockedUser-0_com.android.server.audio.AudioService$Lifecycle took to complete: 0ms
06-04 09:11:57.429 617 663 D SystemServerTimingAsync: ssm.onUnlockedUser-0_com.android.server.soundtrigger_middleware.SoundTriggerMiddlewareService$Lifecycle
06-04 09:11:57.429 617 663 V SystemServerTimingAsync: ssm.onUnlockedUser-0_com.android.server.soundtrigger_middleware.SoundTriggerMiddlewareService$Lifecycle took to complete: 0ms
06-04 09:11:57.429 617 663 D SystemServerTimingAsync: ssm.onUnlockedUser-0_com.android.server.DockObserver
06-04 09:11:57.429 617 663 V SystemServerTimingAsync: ssm.onUnlockedUser-0_com.android.server.DockObserver took to complete: 0ms
06-04 09:11:57.429 617 663 D SystemServerTimingAsync: ssm.onUnlockedUser-0_com.android.server.adb.AdbService$Lifecycle
06-04 09:11:57.430 617 663 V SystemServerTimingAsync: ssm.onUnlockedUser-0_com.android.server.adb.AdbService$Lifecycle took to complete: 0ms
06-04 09:11:57.430 617 663 D SystemServerTimingAsync: ssm.onUnlockedUser-0_com.android.server.usb.UsbService$Lifecycle
06-04 09:11:57.430 617 663 V SystemServerTimingAsync: ssm.onUnlockedUser-0_com.android.server.usb.UsbService$Lifecycle took to complete: 0ms
06-04 09:11:57.430 617 663 D SystemServerTimingAsync: ssm.onUnlockedUser-0_com.android.server.SerialService$Lifecycle
06-04 09:11:57.430 617 663 V SystemServerTimingAsync: ssm.onUnlockedUser-0_com.android.server.SerialService$Lifecycle took to complete: 0ms
06-04 09:11:57.430 617 663 D SystemServerTimingAsync: ssm.onUnlockedUser-0_com.android.server.twilight.TwilightService
06-04 09:11:57.430 617 663 V SystemServerTimingAsync: ssm.onUnlockedUser-0_com.android.server.twilight.TwilightService took to complete: 0ms
06-04 09:11:57.430 617 663 D SystemServerTimingAsync: ssm.onUnlockedUser-0_com.android.server.display.color.ColorDisplayService
06-04 09:11:57.430 617 663 V SystemServerTimingAsync: ssm.onUnlockedUser-0_com.android.server.display.color.ColorDisplayService took to complete: 0ms
06-04 09:11:57.430 617 663 D SystemServerTimingAsync: ssm.onUnlockedUser-0_com.android.server.job.JobSchedulerService
06-04 09:11:57.430 617 663 V SystemServerTimingAsync: ssm.onUnlockedUser-0_com.android.server.job.JobSchedulerService took to complete: 0ms
06-04 09:11:57.430 617 663 D SystemServerTimingAsync: ssm.onUnlockedUser-0_com.android.server.soundtrigger.SoundTriggerService
06-04 09:11:57.430 617 663 V SystemServerTimingAsync: ssm.onUnlockedUser-0_com.android.server.soundtrigger.SoundTriggerService took to complete: 0ms
06-04 09:11:57.430 617 663 D SystemServerTimingAsync: ssm.onUnlockedUser-0_com.android.server.trust.TrustManagerService
06-04 09:11:57.430 617 663 V SystemServerTimingAsync: ssm.onUnlockedUser-0_com.android.server.trust.TrustManagerService took to complete: 0ms
06-04 09:11:57.430 617 663 D SystemServerTimingAsync: ssm.onUnlockedUser-0_com.android.server.backup.BackupManagerService$Lifecycle
06-04 09:11:57.430 617 663 V SystemServerTimingAsync: ssm.onUnlockedUser-0_com.android.server.backup.BackupManagerService$Lifecycle took to complete: 0ms
06-04 09:11:57.430 617 663 D SystemServerTimingAsync: ssm.onUnlockedUser-0_com.android.server.appwidget.AppWidgetService
06-04 09:11:57.430 617 663 V SystemServerTimingAsync: ssm.onUnlockedUser-0_com.android.server.appwidget.AppWidgetService took to complete: 0ms
06-04 09:11:57.430 617 663 D SystemServerTimingAsync: ssm.onUnlockedUser-0_com.android.server.voiceinteraction.VoiceInteractionManagerService
06-04 09:11:57.430 617 663 V SystemServerTimingAsync: ssm.onUnlockedUser-0_com.android.server.voiceinteraction.VoiceInteractionManagerService took to complete: 0ms
06-04 09:11:57.430 617 663 D SystemServerTimingAsync: ssm.onUnlockedUser-0_com.android.server.GestureLauncherService
06-04 09:11:57.430 617 663 V SystemServerTimingAsync: ssm.onUnlockedUser-0_com.android.server.GestureLauncherService took to complete: 0ms
06-04 09:11:57.430 617 663 D SystemServerTimingAsync: ssm.onUnlockedUser-0_com.android.server.SensorNotificationService
06-04 09:11:57.430 617 663 V SystemServerTimingAsync: ssm.onUnlockedUser-0_com.android.server.SensorNotificationService took to complete: 0ms
06-04 09:11:57.430 617 663 D SystemServerTimingAsync: ssm.onUnlockedUser-0_com.android.server.emergency.EmergencyAffordanceService
06-04 09:11:57.430 617 663 V SystemServerTimingAsync: ssm.onUnlockedUser-0_com.android.server.emergency.EmergencyAffordanceService took to complete: 0ms
06-04 09:11:57.430 617 663 D SystemServerTimingAsync: ssm.onUnlockedUser-0_com.android.server.blob.BlobStoreManagerService
06-04 09:11:57.430 617 663 V SystemServerTimingAsync: ssm.onUnlockedUser-0_com.android.server.blob.BlobStoreManagerService took to complete: 0ms
06-04 09:11:57.430 617 663 D SystemServerTimingAsync: ssm.onUnlockedUser-0_com.android.server.dreams.DreamManagerService
06-04 09:11:57.430 617 663 V SystemServerTimingAsync: ssm.onUnlockedUser-0_com.android.server.dreams.DreamManagerService took to complete: 0ms
06-04 09:11:57.430 617 663 D SystemServerTimingAsync: ssm.onUnlockedUser-0_com.android.server.print.PrintManagerService
06-04 09:11:57.430 617 663 V SystemServerTimingAsync: ssm.onUnlockedUser-0_com.android.server.print.PrintManagerService took to complete: 0ms
06-04 09:11:57.430 617 663 D SystemServerTimingAsync: ssm.onUnlockedUser-0_com.android.server.security.AttestationVerificationManagerService
06-04 09:11:57.430 617 663 V SystemServerTimingAsync: ssm.onUnlockedUser-0_com.android.server.security.AttestationVerificationManagerService took to complete: 0ms
06-04 09:11:57.430 617 663 D SystemServerTimingAsync: ssm.onUnlockedUser-0_com.android.server.companion.CompanionDeviceManagerService
06-04 09:11:57.430 617 663 I CDM_CompanionDeviceManagerService: onUserUnlocked() user=0
06-04 09:11:57.430 617 663 V SystemServerTimingAsync: ssm.onUnlockedUser-0_com.android.server.companion.CompanionDeviceManagerService took to complete: 0ms
06-04 09:11:57.431 617 663 D SystemServerTimingAsync: ssm.onUnlockedUser-0_com.android.server.companion.virtual.VirtualDeviceManagerService
06-04 09:11:57.431 617 663 V SystemServerTimingAsync: ssm.onUnlockedUser-0_com.android.server.companion.virtual.VirtualDeviceManagerService took to complete: 0ms
06-04 09:11:57.431 617 663 D SystemServerTimingAsync: ssm.onUnlockedUser-0_com.android.server.restrictions.RestrictionsManagerService
06-04 09:11:57.432 617 663 V SystemServerTimingAsync: ssm.onUnlockedUser-0_com.android.server.restrictions.RestrictionsManagerService took to complete: 0ms
06-04 09:11:57.432 617 663 D SystemServerTimingAsync: ssm.onUnlockedUser-0_com.android.server.media.MediaSessionService
06-04 09:11:57.432 617 663 V SystemServerTimingAsync: ssm.onUnlockedUser-0_com.android.server.media.MediaSessionService took to complete: 0ms
06-04 09:11:57.432 617 663 D SystemServerTimingAsync: ssm.onUnlockedUser-0_com.android.server.biometrics.BiometricService
06-04 09:11:57.432 617 663 V SystemServerTimingAsync: ssm.onUnlockedUser-0_com.android.server.biometrics.BiometricService took to complete: 0ms
06-04 09:11:57.432 617 663 D SystemServerTimingAsync: ssm.onUnlockedUser-0_com.android.server.biometrics.AuthService
06-04 09:11:57.432 617 663 V SystemServerTimingAsync: ssm.onUnlockedUser-0_com.android.server.biometrics.AuthService took to complete: 0ms
06-04 09:11:57.432 617 663 D SystemServerTimingAsync: ssm.onUnlockedUser-0_com.android.server.adaptiveauth.AdaptiveAuthService
06-04 09:11:57.432 617 663 V SystemServerTimingAsync: ssm.onUnlockedUser-0_com.android.server.adaptiveauth.AdaptiveAuthService took to complete: 0ms
06-04 09:11:57.432 617 663 D SystemServerTimingAsync: ssm.onUnlockedUser-0_com.android.server.pm.ShortcutService$Lifecycle
06-04 09:11:57.432 617 663 V SystemServerTimingAsync: ssm.onUnlockedUser-0_com.android.server.pm.ShortcutService$Lifecycle took to complete: 0ms
06-04 09:11:57.432 617 663 D SystemServerTimingAsync: ssm.onUnlockedUser-0_com.android.server.pm.LauncherAppsService
06-04 09:11:57.432 617 663 V SystemServerTimingAsync: ssm.onUnlockedUser-0_com.android.server.pm.LauncherAppsService took to complete: 0ms
06-04 09:11:57.432 617 663 D SystemServerTimingAsync: ssm.onUnlockedUser-0_com.android.server.pm.CrossProfileAppsService
06-04 09:11:57.432 617 663 V SystemServerTimingAsync: ssm.onUnlockedUser-0_com.android.server.pm.CrossProfileAppsService took to complete: 0ms
06-04 09:11:57.432 617 663 D SystemServerTimingAsync: ssm.onUnlockedUser-0_com.android.server.people.PeopleService
06-04 09:11:57.434 617 917 W ActivityTaskManager: callingPackage for (uid=-1, pid=0) has no WPC
06-04 09:11:57.438 617 654 D GrammaticalInflection: User 0 doesn't have the grammatical gender file.
06-04 09:11:57.446 617 797 W com.android.internal.protolog.LogcatOnlyProtoLogImpl: ProtoLog message not processed. Failed to log it to proto. Logging it below to logcat instead.
06-04 09:11:57.446 617 797 V WindowManager: Binding proc com.android.providers.media.module with config {1.0 ?mcc0mnc [en_US] ldltr sw720dp w1280dp h720dp 240dpi xlrg long land -touch qwerty/v/v dpad/v winConfig={ mBounds=Rect(0, 0 - 1920, 1080) mAppBounds=Rect(0, 0 - 1920, 1080) mMaxBounds=Rect(0, 0 - 1920, 1080) mDisplayRotation=ROTATION_0 mWindowingMode=fullscreen mActivityType=undefined mAlwaysOnTop=undefined mRotation=ROTATION_0} s.6 fontWeightAdjustment=0}
06-04 09:11:57.450 617 705 I UsageStatsService: User[0] Flushing usage stats to disk
06-04 09:11:57.469 617 917 W OptProp : Cannot read opt property android.window.PROPERTY_COMPAT_ALLOW_RESIZEABLE_ACTIVITY_OVERRIDES
06-04 09:11:57.486 617 917 W OptProp : Cannot read opt property android.window.PROPERTY_COMPAT_ALLOW_MIN_ASPECT_RATIO_OVERRIDE
06-04 09:11:57.487 617 917 V GrammaticalInflectionUtils: AttributionSource: AttributionSource { uid = 10067, packageName = null, attributionTag = null, token = android.os.Binder@b163f50, deviceId = 0, next = null } does not have READ_SYSTEM_GRAMMATICAL_GENDER permission.
06-04 09:11:57.489 617 917 D CompatChangeReporter: Compat change id reported: 306666082; UID 10067; state: ENABLED
06-04 09:11:57.494 617 917 E CellBroadcastUtils: getDefaultCellBroadcastReceiverPackageName: no package found
06-04 09:11:57.518 617 917 W OptProp : Cannot read opt property android.window.PROPERTY_COMPAT_ALLOW_ORIENTATION_OVERRIDE
06-04 09:11:57.533 617 1257 D ConnectivityService: requestNetwork for uid/pid:1000/617 activeRequest: null callbackRequest: 31 [NetworkRequest [ REQUEST id=32, [ Capabilities: INTERNET&NOT_RESTRICTED&TRUSTED&NOT_VCN_MANAGED&NOT_BANDWIDTH_CONSTRAINED Uid: 1000 RequestorUid: 1000 RequestorPkg: android UnderlyingNetworks: Null] ]] callback flags: 0 order: 2147483647 isUidTracked: false declaredMethods: ALL
06-04 09:11:57.545 617 774 D ConnectivityService: NetReassign [32 : null → 100] [c 1] [a 0] [i 7]
06-04 09:11:57.546 617 758 D UntrustedWifiNetworkFactory: got request NetworkRequest [ REQUEST id=32, [ Capabilities: INTERNET&NOT_RESTRICTED&TRUSTED&NOT_VCN_MANAGED&NOT_BANDWIDTH_CONSTRAINED Uid: 1000 RequestorUid: 1000 RequestorPkg: android UnderlyingNetworks: Null] ]
06-04 09:11:57.546 617 758 D OemPaidWifiNetworkFactory: got request NetworkRequest [ REQUEST id=32, [ Capabilities: INTERNET&NOT_RESTRICTED&TRUSTED&NOT_VCN_MANAGED&NOT_BANDWIDTH_CONSTRAINED Uid: 1000 RequestorUid: 1000 RequestorPkg: android UnderlyingNetworks: Null] ]
06-04 09:11:57.546 617 758 D MultiInternetWifiNetworkFactory: got request NetworkRequest [ REQUEST id=32, [ Capabilities: INTERNET&NOT_RESTRICTED&TRUSTED&NOT_VCN_MANAGED&NOT_BANDWIDTH_CONSTRAINED Uid: 1000 RequestorUid: 1000 RequestorPkg: android UnderlyingNetworks: Null] ]
06-04 09:11:57.551 617 773 D EthernetNetworkFactory: eth0: onNetworkNeeded for request: NetworkRequest [ REQUEST id=32, [ Capabilities: INTERNET&NOT_RESTRICTED&TRUSTED&NOT_VCN_MANAGED&NOT_BANDWIDTH_CONSTRAINED Uid: 1000 RequestorUid: 1000 RequestorPkg: android UnderlyingNetworks: Null] ]
06-04 09:11:57.551 617 773 D EthernetNetworkFactory: IpClient already started
06-04 09:11:57.557 617 917 I ActivityTaskManager: START u0 {act=android.intent.action.MAIN cat=[android.intent.category.HOME] flg=0x10000100 cmp=com.android.launcher3/.uioverrides.QuickstepLauncher (has extras)} with LAUNCH_SINGLE_TASK from uid 0 (BAL_ALLOW_ALLOWLISTED_UID) result code=0
06-04 09:11:57.596 617 917 D CompatChangeReporter: Compat change id reported: 324203798; UID 10067; state: ENABLED
06-04 09:11:57.602 617 653 D AutofillUI: destroySaveUiUiThread(): already destroyed
06-04 09:11:57.602 617 645 D AutofillManagerServiceImpl: Reset component for user 0:null
06-04 09:11:57.634 617 797 W system_server: Long monitor contention with owner binder:617_8 (917) at int com.android.server.wm.ActivityStarter.execute()(ActivityStarter.java:834) waiters=2 in com.android.server.wm.ActivityTaskManagerInternal$PreBindInfo com.android.server.wm.ActivityTaskManagerService$LocalService.preBindApplication(com.android.server.wm.WindowProcessController, android.content.pm.ApplicationInfo) for 186ms
06-04 09:11:57.639 617 652 I AppWidgetServiceImpl: addWidgetLocked() AppWidgetId{2:Host{HostId{user:0, app:10067, hostId:1026, pkg:com.android.launcher3}}:Provider{ProviderId{user:0, app:10056, cmp:ComponentInfo{com.android.quicksearchbox/com.android.quicksearchbox.SearchWidgetProvider}}}}
06-04 09:11:57.642 617 652 I AppWidgetServiceImpl: Widget update scheduled on unlock AppWidgetId{2:Host{HostId{user:0, app:10067, hostId:1026, pkg:com.android.launcher3}}:Provider{ProviderId{user:0, app:10056, cmp:ComponentInfo{com.android.quicksearchbox/com.android.quicksearchbox.SearchWidgetProvider}}}}
06-04 09:11:57.643 617 1288 W system_server: Long monitor contention with owner binder:617_8 (917) at int com.android.server.wm.ActivityStarter.execute()(ActivityStarter.java:834) waiters=3 in void com.android.server.wm.TaskPersister.removeObsoleteFiles(android.util.ArraySet) for 191ms
06-04 09:11:57.645 617 647 W system_server: Long monitor contention with owner binder:617_8 (917) at int com.android.server.wm.ActivityStarter.execute()(ActivityStarter.java:834) waiters=1 in android.os.IBinder com.android.server.wm.WindowOrganizerController.startTransition(int, android.os.IBinder, android.window.WindowContainerTransaction) for 217ms
06-04 09:11:57.647 617 1288 E TaskPersister: File error accessing recents directory (directory doesn't exist?).
06-04 09:11:57.652 255 255 I BpBinder: onLastStrongRef automatically unlinking death recipients:
06-04 09:11:57.653 846 875 W Looper : Slow dispatch took 277ms wmshell.main h=android.os.Handler c=com.android.wm.shell.transition.Transitions$TransitionPlayerImpl$$ExternalSyntheticLambda1@7504466 m=0
06-04 09:11:57.653 846 875 W Looper : Slow delivery took 151ms wmshell.main h=android.os.Handler c=null m=10
06-04 09:11:57.654 1089 1290 D vulkan : searching for layers in '/system/lib64'
06-04 09:11:57.666 617 797 W ActivityManager: Slow operation: 251ms so far, now at attachApplicationLocked: immediately after bindApplication
06-04 09:11:57.666 617 797 W ActivityManager: Slow operation: 252ms so far, now at attachApplicationLocked: after updateLruProcessLocked
06-04 09:11:57.714 617 797 W ActivityManager: Slow operation: 300ms so far, now at attachApplicationLocked: after updateOomAdjLocked
06-04 09:11:57.730 617 1018 W system_server: Long monitor contention with owner binder:617_4 (797) at void com.android.server.am.ActivityManagerService.attachApplication(android.app.IApplicationThread, long)(ActivityManagerService.java:4801) waiters=0 in void com.android.server.am.ActivityManagerService.attachApplication(android.app.IApplicationThread, long) for 315ms
06-04 09:11:57.738 244 244 I hwservicemanager: getTransport: Cannot find entry android.hardware.configstore@1.0::ISurfaceFlingerConfigs/default in either framework or device VINTF manifest.
06-04 09:11:57.768 617 1018 W com.android.internal.protolog.LogcatOnlyProtoLogImpl: ProtoLog message not processed. Failed to log it to proto. Logging it below to logcat instead.
06-04 09:11:57.769 617 1018 V WindowManager: Binding proc com.android.printspooler with config {1.0 ?mcc0mnc [en_US] ldltr sw720dp w1280dp h720dp 240dpi xlrg long land -touch qwerty/v/v dpad/v winConfig={ mBounds=Rect(0, 0 - 1920, 1080) mAppBounds=Rect(0, 0 - 1920, 1080) mMaxBounds=Rect(0, 0 - 1920, 1080) mDisplayRotation=ROTATION_0 mWindowingMode=fullscreen mActivityType=undefined mAlwaysOnTop=undefined mRotation=ROTATION_0} s.6 fontWeightAdjustment=0}
06-04 09:11:57.811 617 663 W system_server: Long monitor contention with owner binder:617_4 (797) at void com.android.server.am.ActivityManagerService.attachApplication(android.app.IApplicationThread, long)(ActivityManagerService.java:4801) waiters=1 in android.content.Intent com.android.server.am.BroadcastController.registerReceiverWithFeatureTraced(android.app.IApplicationThread, java.lang.String, java.lang.String, java.lang.String, android.content.IIntentReceiver, android.content.IntentFilter, java.lang.String, int, int) for 373ms
06-04 09:11:57.812 846 853 I ndroid.systemui: JIT allocated 66KB for compiled code of java.lang.Object com.android.systemui.dagger.DaggerReferenceGlobalRootComponent$ReferenceSysUIComponentImpl$SwitchingProvider.get6()
06-04 09:11:57.813 846 853 I ndroid.systemui: Compiler allocated 8928KB to compile java.lang.Object com.android.systemui.dagger.DaggerReferenceGlobalRootComponent$ReferenceSysUIComponentImpl$SwitchingProvider.get6()
06-04 09:11:57.821 617 802 W system_server: Long monitor contention with owner binder:617_4 (797) at void com.android.server.am.ActivityManagerService.attachApplication(android.app.IApplicationThread, long)(ActivityManagerService.java:4801) waiters=2 in android.content.Intent com.android.server.am.BroadcastController.registerReceiverWithFeatureTraced(android.app.IApplicationThread, java.lang.String, java.lang.String, java.lang.String, android.content.IIntentReceiver, android.content.IntentFilter, java.lang.String, int, int) for 282ms
06-04 09:11:57.829 1089 1290 E ion : open /dev/ion failed: No such file or directory
06-04 09:11:57.836 1089 1089 D CompatChangeReporter: Compat change id reported: 279646685; UID 10067; state: ENABLED
06-04 09:11:57.877 533 1241 D CCodecBufferChannel: [c2.android.vorbis.decoder#676] buffers after EOS ignored (0 us)
06-04 09:11:57.882 617 617 W system_server: Long monitor contention with owner binder:617_4 (797) at void com.android.server.am.ActivityManagerService.attachApplication(android.app.IApplicationThread, long)(ActivityManagerService.java:4801) waiters=3 in int com.android.server.am.ActivityManagerService.bindServiceInstance(android.app.IApplicationThread, android.os.IBinder, android.content.Intent, java.lang.String, android.app.IServiceConnection, long, java.lang.String, boolean, int, java.lang.String, android.app.IApplicationThread, java.lang.String, int) for 209ms
06-04 09:11:57.888 533 1239 D AudioTrack: stop(8): called with 84672 frames delivered
06-04 09:11:57.898 617 1263 D nativeloader: Load libicing.so using ns clns-shared-7 from class loader (caller=/apex/com.android.appsearch/javalib/service-appsearch.jar): ok
06-04 09:11:57.901 243 243 I servicemanager: Caller(pid=1089,uid=10067,sid=u:r:priv_app:s0:c512,c768) Found android.hardware.graphics.allocator.IAllocator/default in device VINTF manifest.
06-04 09:11:57.914 243 243 I servicemanager: Caller(pid=1089,uid=10067,sid=u:r:priv_app:s0:c512,c768) Found android.hardware.graphics.allocator.IAllocator/default in device VINTF manifest.
06-04 09:11:57.918 243 243 I servicemanager: Caller(pid=1089,uid=10067,sid=u:r:priv_app:s0:c512,c768) Found mapper/powervr in device VINTF manifest.
06-04 09:11:57.923 1262 1262 D ApplicationLoaders: Returning zygote-cached class loader: /system_ext/framework/androidx.window.extensions.jar
06-04 09:11:57.924 1262 1262 D ApplicationLoaders: Returning zygote-cached class loader: /system_ext/framework/androidx.window.sidecar.jar
06-04 09:11:57.937 1 1 I init : Service 'dmesgd' (pid 1238) exited with status 0 oneshot service took 1.986000 seconds in background
06-04 09:11:57.937 1 1 I init : Sending signal 9 to service 'dmesgd' (pid 1238) process group...
06-04 09:11:57.938 1 1 I libprocessgroup: Removed cgroup /sys/fs/cgroup/uid_1086/pid_1238
06-04 09:11:57.964 846 875 W Looper : Drained
06-04 09:11:57.988 617 617 W Looper : Slow dispatch took 332ms main h=android.os.Handler c= m=1
06-04 09:11:58.002 846 875 E SingleInstanceRemoteListener: Failed remote call on null listener
06-04 09:11:58.002 617 652 I AppWidgetServiceImpl: Processing of handleUserUnlocked u0 took 637 ms
06-04 09:11:58.002 617 652 W Looper : Slow dispatch took 637ms android.fg h=android.os.Handler c=com.android.server.am.UserController$Injector$$ExternalSyntheticLambda1@f90ce00 m=0
06-04 09:11:58.014 617 663 W SystemServiceManager: Service com.android.server.people.PeopleService took 582 ms in onUnlockedUser-0
06-04 09:11:58.015 617 663 V SystemServerTimingAsync: ssm.onUnlockedUser-0_com.android.server.people.PeopleService took to complete: 582ms
06-04 09:11:58.044 617 652 D SystemServerTiming: broadcastIntent-0-android.intent.action.BOOT_COMPLETED
06-04 09:11:58.046 617 663 D SystemServerTimingAsync: ssm.onUnlockedUser-0_com.android.server.media.metrics.MediaMetricsManagerService
06-04 09:11:58.046 617 663 V SystemServerTimingAsync: ssm.onUnlockedUser-0_com.android.server.media.metrics.MediaMetricsManagerService took to complete: 0ms
06-04 09:11:58.046 617 663 D SystemServerTimingAsync: ssm.onUnlockedUser-0_com.android.server.pm.BackgroundInstallControlService
06-04 09:11:58.046 617 663 V SystemServerTimingAsync: ssm.onUnlockedUser-0_com.android.server.pm.BackgroundInstallControlService took to complete: 0ms
06-04 09:11:58.046 617 663 D SystemServerTimingAsync: ssm.onUnlockedUser-0_com.android.server.media.projection.MediaProjectionManagerService
06-04 09:11:58.046 617 663 V SystemServerTimingAsync: ssm.onUnlockedUser-0_com.android.server.media.projection.MediaProjectionManagerService took to complete: 0ms
06-04 09:11:58.046 617 663 D SystemServerTimingAsync: ssm.onUnlockedUser-0_com.android.server.slice.SliceManagerService$Lifecycle
06-04 09:11:58.046 617 663 V SystemServerTimingAsync: ssm.onUnlockedUser-0_com.android.server.slice.SliceManagerService$Lifecycle took to complete: 0ms
06-04 09:11:58.046 617 663 D SystemServerTimingAsync: ssm.onUnlockedUser-0_com.android.server.stats.StatsCompanion$Lifecycle
06-04 09:11:58.046 617 663 V SystemServerTimingAsync: ssm.onUnlockedUser-0_com.android.server.stats.StatsCompanion$Lifecycle took to complete: 0ms
06-04 09:11:58.047 617 663 D SystemServerTimingAsync: ssm.onUnlockedUser-0_com.android.server.scheduling.RebootReadinessManagerService$Lifecycle
06-04 09:11:58.047 617 663 V SystemServerTimingAsync: ssm.onUnlockedUser-0_com.android.server.scheduling.RebootReadinessManagerService$Lifecycle took to complete: 0ms
06-04 09:11:58.047 617 663 D SystemServerTimingAsync: ssm.onUnlockedUser-0_com.android.server.stats.pull.StatsPullAtomService
06-04 09:11:58.047 617 663 V SystemServerTimingAsync: ssm.onUnlockedUser-0_com.android.server.stats.pull.StatsPullAtomService took to complete: 0ms
06-04 09:11:58.056 455 482 I netd : tetherGetStats() -> {[]} <24.45ms>
06-04 09:11:58.065 846 875 E SingleInstanceRemoteListener: Failed remote call on null listener
06-04 09:11:58.047 617 663 D SystemServerTimingAsync: ssm.onUnlockedUser-0_com.android.server.stats.bootstrap.StatsBootstrapAtomService$Lifecycle
06-04 09:11:58.078 617 802 I BackupManagerService: isBackupEnabled() => false due to absent settings file
06-04 09:11:58.078 617 663 V SystemServerTimingAsync: ssm.onUnlockedUser-0_com.android.server.stats.bootstrap.StatsBootstrapAtomService$Lifecycle took to complete: 0ms
06-04 09:11:58.078 617 663 D SystemServerTimingAsync: ssm.onUnlockedUser-0_com.android.server.incident.IncidentCompanionService
06-04 09:11:58.078 617 663 V SystemServerTimingAsync: ssm.onUnlockedUser-0_com.android.server.incident.IncidentCompanionService took to complete: 0ms
06-04 09:11:58.078 617 663 D SystemServerTimingAsync: ssm.onUnlockedUser-0_com.android.server.sdksandbox.SdkSandboxManagerService$Lifecycle
06-04 09:11:58.078 617 802 D BackupManagerService: user:0 readBackupEnableState enabled:false
06-04 09:11:58.079 617 802 I BackupManagerService: [UserID:0] Backup enabled => false
06-04 09:11:58.083 617 663 V SystemServerTimingAsync: ssm.onUnlockedUser-0_com.android.server.sdksandbox.SdkSandboxManagerService$Lifecycle took to complete: 0ms
06-04 09:11:58.083 617 663 D SystemServerTimingAsync: ssm.onUnlockedUser-0_com.android.server.adservices.AdServicesManagerService$Lifecycle
06-04 09:11:58.083 617 663 V SystemServerTimingAsync: ssm.onUnlockedUser-0_com.android.server.adservices.AdServicesManagerService$Lifecycle took to complete: 0ms
06-04 09:11:58.083 617 663 D SystemServerTimingAsync: ssm.onUnlockedUser-0_com.android.server.ondevicepersonalization.OnDevicePersonalizationSystemService$Lifecycle
06-04 09:11:58.083 617 663 V SystemServerTimingAsync: ssm.onUnlockedUser-0_com.android.server.ondevicepersonalization.OnDevicePersonalizationSystemService$Lifecycle took to complete: 0ms
06-04 09:11:58.083 617 663 D SystemServerTimingAsync: ssm.onUnlockedUser-0_android.os.profiling.ProfilingService$Lifecycle
06-04 09:11:58.083 617 663 V SystemServerTimingAsync: ssm.onUnlockedUser-0_android.os.profiling.ProfilingService$Lifecycle took to complete: 0ms
06-04 09:11:58.083 617 663 D SystemServerTimingAsync: ssm.onUnlockedUser-0_com.android.server.autofill.AutofillManagerService
06-04 09:11:58.083 617 663 V SystemServerTimingAsync: ssm.onUnlockedUser-0_com.android.server.autofill.AutofillManagerService took to complete: 0ms
06-04 09:11:58.083 617 663 D SystemServerTimingAsync: ssm.onUnlockedUser-0_com.android.server.clipboard.ClipboardService
06-04 09:11:58.083 617 663 V SystemServerTimingAsync: ssm.onUnlockedUser-0_com.android.server.clipboard.ClipboardService took to complete: 0ms
06-04 09:11:58.083 617 663 D SystemServerTimingAsync: ssm.onUnlockedUser-0_com.android.server.appbinding.AppBindingService$Lifecycle
06-04 09:11:58.083 617 663 V SystemServerTimingAsync: ssm.onUnlockedUser-0_com.android.server.appbinding.AppBindingService$Lifecycle took to complete: 0ms
06-04 09:11:58.084 617 663 D SystemServerTimingAsync: ssm.onUnlockedUser-0_com.android.server.tracing.TracingServiceProxy
06-04 09:11:58.084 617 663 V SystemServerTimingAsync: ssm.onUnlockedUser-0_com.android.server.tracing.TracingServiceProxy took to complete: 0ms
06-04 09:11:58.084 617 663 D SystemServerTimingAsync: ssm.onUnlockedUser-0_com.android.server.policy.PermissionPolicyService
06-04 09:11:58.084 617 663 V SystemServerTimingAsync: ssm.onUnlockedUser-0_com.android.server.policy.PermissionPolicyService took to complete: 0ms
06-04 09:11:58.084 617 663 D SystemServerTimingAsync: ssm.onUnlockedUser-0_com.android.server.pm.StagingManager$Lifecycle
06-04 09:11:58.084 617 663 V SystemServerTimingAsync: ssm.onUnlockedUser-0_com.android.server.pm.StagingManager$Lifecycle took to complete: 0ms
06-04 09:11:58.084 617 663 D SystemServerTimingAsync: ssm.onUnlockedUser-0_com.android.server.app.GameManagerService$Lifecycle
06-04 09:11:58.084 617 663 V SystemServerTimingAsync: ssm.onUnlockedUser-0_com.android.server.app.GameManagerService$Lifecycle took to complete: 0ms
06-04 09:11:58.084 617 663 D SystemServerTimingAsync: ssm.onUnlockedUser-0_com.android.safetycenter.SafetyCenterService
06-04 09:11:58.084 617 663 V SystemServerTimingAsync: ssm.onUnlockedUser-0_com.android.safetycenter.SafetyCenterService took to complete: 0ms
06-04 09:11:58.084 617 663 D SystemServerTimingAsync: ssm.onUnlockedUser-0_com.android.server.appsearch.AppSearchModule$Lifecycle
06-04 09:11:58.084 617 663 V SystemServerTimingAsync: ssm.onUnlockedUser-0_com.android.server.appsearch.AppSearchModule$Lifecycle took to complete: 0ms
06-04 09:11:58.084 617 663 D SystemServerTimingAsync: ssm.onUnlockedUser-0_com.android.server.compos.IsolatedCompilationService
06-04 09:11:58.084 617 663 V SystemServerTimingAsync: ssm.onUnlockedUser-0_com.android.server.compos.IsolatedCompilationService took to complete: 0ms
06-04 09:11:58.084 617 663 D SystemServerTimingAsync: ssm.onUnlockedUser-0_com.android.server.media.MediaCommunicationService
06-04 09:11:58.084 617 663 V SystemServerTimingAsync: ssm.onUnlockedUser-0_com.android.server.media.MediaCommunicationService took to complete: 0ms
06-04 09:11:58.084 617 663 D SystemServerTimingAsync: ssm.onUnlockedUser-0_com.android.server.compat.overrides.AppCompatOverridesService$Lifecycle
06-04 09:11:58.084 617 663 V SystemServerTimingAsync: ssm.onUnlockedUser-0_com.android.server.compat.overrides.AppCompatOverridesService$Lifecycle took to complete: 0ms
06-04 09:11:58.084 617 663 D SystemServerTimingAsync: ssm.onUnlockedUser-0_com.android.server.healthconnect.HealthConnectManagerService
06-04 09:11:58.084 617 663 D HealthConnectManagerService: switchToSetupForUser: UserHandle{0}
06-04 09:11:58.084 617 663 D HealthConnectBackupRestore: Performing user switch operations.
06-04 09:11:58.096 536 843 D BufferPoolAccessor2.0: evictor expired: 2, evicted: 0
06-04 09:11:58.098 617 663 V SystemServerTimingAsync: ssm.onUnlockedUser-0_com.android.server.healthconnect.HealthConnectManagerService took to complete: 13ms
06-04 09:11:58.098 617 663 D SystemServerTimingAsync: ssm.onUnlockedUser-0_com.android.server.devicelock.DeviceLockService
06-04 09:11:58.098 617 663 D DeviceLockService: onUserUnlocked: 0
06-04 09:11:58.099 617 663 V SystemServerTimingAsync: ssm.onUnlockedUser-0_com.android.server.devicelock.DeviceLockService took to complete: 1ms
06-04 09:11:58.099 617 663 D SystemServerTimingAsync: ssm.onUnlockedUser-0_com.android.server.SensitiveContentProtectionManagerService
06-04 09:11:58.099 617 663 V SystemServerTimingAsync: ssm.onUnlockedUser-0_com.android.server.SensitiveContentProtectionManagerService took to complete: 0ms
06-04 09:11:58.099 617 663 D SystemServerTimingAsync: ssm.onUnlockedUser-0_com.android.system.virtualmachine.VirtualizationSystemService
06-04 09:11:58.099 617 663 V SystemServerTimingAsync: ssm.onUnlockedUser-0_com.android.system.virtualmachine.VirtualizationSystemService took to complete: 0ms
06-04 09:11:58.099 617 663 V SystemServerTimingAsync: ssm.UnlockedUser-0 took to complete: 790ms
06-04 09:11:58.102 617 654 I DropBoxManagerService: add tag=system_server_strictmode isTagEnabled=true flags=0x2
06-04 09:11:58.109 617 652 V SystemServerTiming: broadcastIntent-0-android.intent.action.BOOT_COMPLETED took to complete: 64ms
06-04 09:11:58.110 617 652 W Looper : Slow delivery took 821ms android.fg h=android.os.Handler c=com.android.server.am.UserController$$ExternalSyntheticLambda18@ce5192e m=0
06-04 09:11:58.110 617 652 W Looper : Slow dispatch took 107ms android.fg h=android.os.Handler c=com.android.server.am.UserController$$ExternalSyntheticLambda18@ce5192e m=0
06-04 09:11:58.113 846 1157 D BufferPoolAccessor2.0: bufferpool2 0xb400007d7fe4dd78 : 0(0 size) total buffers - 0(0 size) used buffers - 2/7 (recycle/alloc) - 5/38 (fetch/transfer)
06-04 09:11:58.113 846 1157 D BufferPoolAccessor2.0: bufferpool2 0xb400007d7fe573c8 : 0(0 size) total buffers - 0(0 size) used buffers - 2/7 (recycle/alloc) - 5/36 (fetch/transfer)
06-04 09:11:58.113 846 1157 D BufferPoolAccessor2.0: evictor expired: 2, evicted: 2
06-04 09:11:58.134 617 663 V GrammaticalInflectionUtils: AttributionSource: AttributionSource { uid = 10056, packageName = null, attributionTag = null, token = android.os.Binder@b163f50, deviceId = 0, next = null } does not have READ_SYSTEM_GRAMMATICAL_GENDER permission.
06-04 09:11:58.137 617 663 D CompatChangeReporter: Compat change id reported: 135754954; UID 10056; state: ENABLED
06-04 09:11:58.139 1262 1262 D nativeloader: Configuring clns-shared-7 for other apk /apex/com.android.mediaprovider/priv-app/MediaProvider@AP4A.250105.002.A1/MediaProvider.apk. target_sdk_version=35, uses_libraries=, library_path=/apex/com.android.mediaprovider/priv-app/MediaProvider@AP4A.250105.002.A1/lib/arm64:/apex/com.android.mediaprovider/priv-app/MediaProvider@AP4A.250105.002.A1/MediaProvider.apk!/lib/arm64-v8a:/system/lib64, permitted_path=/data:/mnt/expand:/data/user/0/com.android.providers.media.module:/apex/com.android.mediaprovider/priv-app/MediaProvider@AP4A.250105.002.A1:/system/lib64
06-04 09:11:58.143 617 1305 I DeviceLockServiceImpl: User unlocked reported for: UserHandle{0}
06-04 09:11:58.144 1262 1262 D nativeloader: InitApexLibraries:
06-04 09:11:58.144 1262 1262 D nativeloader: com_android_adservices: libhpke_jni.so:libtflite_support_classifiers_native.so
06-04 09:11:58.144 1262 1262 D nativeloader: com_android_appsearch: libicing.so
06-04 09:11:58.144 1262 1262 D nativeloader: com_android_art: libartservice.so
06-04 09:11:58.144 1262 1262 D nativeloader: com_android_btservices: libbluetooth_jni.so
06-04 09:11:58.144 1262 1262 D nativeloader: com_android_conscrypt: libjavacrypto.so
06-04 09:11:58.144 1262 1262 D nativeloader: com_android_extservices: libtflite_support_classifiers_native.so
06-04 09:11:58.144 1262 1262 D nativeloader: com_android_mediaprovider: libpdfclient.so
06-04 09:11:58.144 1262 1262 D nativeloader: com_android_nfcservices: libnfc_nci_jni.so
06-04 09:11:58.144 1262 1262 D nativeloader: com_android_ondevicepersonalization: libfcp_cpp_dep_jni.so:libfcp_hpke_jni.so
06-04 09:11:58.144 1262 1262 D nativeloader: com_android_os_statsd: libstats_jni.so
06-04 09:11:58.144 1262 1262 D nativeloader: com_android_tethering: libandroid_net_connectivity_com_android_net_module_util_jni.so:libcrypto.so:libframework-connectivity-jni.so:libframework-connectivity-tiramisu-jni.so:libmainlinecronet.126.0.6423.0.so:libservice-connectivity.so:libservice-thread-jni.so:libssl.so
06-04 09:11:58.144 1262 1262 D nativeloader: com_android_uwb: libuwb_uci_jni_rust.so
06-04 09:11:58.144 1262 1262 D nativeloader: com_android_virt: libvirtualizationservice_jni.so:libvirtualmachine_jni.so
06-04 09:11:58.144 617 664 D CompatChangeReporter: Compat change id reported: 143937733; UID 10056; state: ENABLED
06-04 09:11:58.147 617 652 W Looper : Drained
06-04 09:11:58.178 1262 1262 D CompatChangeReporter: Compat change id reported: 202956589; UID 10094; state: ENABLED
06-04 09:11:58.183 1268 1268 D nativeloader: Configuring clns-shared-7 for other apk /system/app/PrintSpooler/PrintSpooler.apk. target_sdk_version=35, uses_libraries=, library_path=/system/app/PrintSpooler/lib/arm64:/system/app/PrintSpooler/PrintSpooler.apk!/lib/arm64-v8a:/system/lib64, permitted_path=/data:/mnt/expand:/data/user/0/com.android.printspooler:/system/app/PrintSpooler:/system/lib64
06-04 09:11:58.187 458 458 D Zygote : Forked child process 1307
06-04 09:11:58.202 1268 1268 D CompatChangeReporter: Compat change id reported: 202956589; UID 10040; state: ENABLED
06-04 09:11:58.210 617 664 W ActivityManager: Slow operation: 74ms so far, now at startProcess: returned from zygote!
06-04 09:11:58.211 455 482 I netd : tetherGetStats() -> {[]} <35.44ms>
06-04 09:11:58.218 617 664 W ActivityManager: Slow operation: 82ms so far, now at startProcess: done updating battery stats
06-04 09:11:58.218 617 664 W ActivityManager: Slow operation: 82ms so far, now at startProcess: building log message
06-04 09:11:58.218 617 664 I ActivityManager: Start proc 1307:com.android.quicksearchbox/u0a56 for broadcast {com.android.quicksearchbox/com.android.quicksearchbox.SearchWidgetProvider}
06-04 09:11:58.219 617 664 W ActivityManager: Slow operation: 82ms so far, now at startProcess: starting to update pids map
06-04 09:11:58.219 617 664 W ActivityManager: Slow operation: 83ms so far, now at startProcess: done updating pids map
06-04 09:11:58.226 1262 1262 V GraphicsEnvironment: Currently set values for:
06-04 09:11:58.226 1262 1262 V GraphicsEnvironment: angle_gl_driver_selection_pkgs=[]
06-04 09:11:58.226 1262 1262 V GraphicsEnvironment: angle_gl_driver_selection_values=[]
06-04 09:11:58.226 1262 1262 V GraphicsEnvironment: Global.Settings values are invalid: number of packages: 0, number of values: 0
06-04 09:11:58.226 1262 1262 V GraphicsEnvironment: Neither updatable production driver nor prerelease driver is supported.
06-04 09:11:58.244 455 482 I netd : bandwidthSetGlobalAlert(2097152) <10.63ms>
06-04 09:11:58.252 1268 1268 V GraphicsEnvironment: Currently set values for:
06-04 09:11:58.253 1268 1268 V GraphicsEnvironment: angle_gl_driver_selection_pkgs=[]
06-04 09:11:58.253 1268 1268 V GraphicsEnvironment: angle_gl_driver_selection_values=[]
06-04 09:11:58.253 1268 1268 V GraphicsEnvironment: Global.Settings values are invalid: number of packages: 0, number of values: 0
06-04 09:11:58.253 1268 1268 V GraphicsEnvironment: Neither updatable production driver nor prerelease driver is supported.
06-04 09:11:58.278 1307 1307 I .quicksearchbox: Using CollectorTypeCMC GC.
06-04 09:11:58.298 1307 1307 E .quicksearchbox: Not starting debugger since process cannot load the jdwp agent.
06-04 09:11:58.310 617 1304 I HealthConnectBackupRestore: Attempt to schedule download timeout job with state: 0
06-04 09:11:58.311 617 1304 I HealthConnectBackupRestore: Attempt to schedule staging timeout job with state: 0
06-04 09:11:58.331 617 1304 I HealthConnectBackupRestore: Attempt to schedule merging timeout job with state: 0
06-04 09:11:58.348 1307 1307 D nativeloader: Load libframework-connectivity-tiramisu-jni.so using APEX ns com_android_tethering for caller /apex/com.android.tethering/javalib/framework-connectivity-t.jar: ok
06-04 09:11:58.349 1089 1089 V Launcher: LauncherAppState initiated
06-04 09:11:58.380 617 652 I ServiceWatcher: [TrustManagerService] chose new implementation null
06-04 09:11:58.402 617 617 V NotificationManagerService.NotificationAssistants: disabling notification assistant for user 0: ComponentInfo{android.ext.services/android.ext.services.notification.Assistant}
06-04 09:11:58.408 617 617 D NotificationManagerService.NotificationListeners: Removing active service ComponentInfo{android.ext.services/android.ext.services.notification.Assistant}
06-04 09:11:58.414 617 617 V NotificationManagerService.NotificationAssistants: enabling notification assistant for 0: ComponentInfo{android.ext.services/android.ext.services.notification.Assistant}
06-04 09:11:58.417 617 617 V NotificationManagerService.NotificationAssistants: binding: Intent { act=android.service.notification.NotificationAssistantService cmp=android.ext.services/.notification.Assistant (has extras) }
06-04 09:11:58.473 617 917 W com.android.internal.protolog.LogcatOnlyProtoLogImpl: ProtoLog message not processed. Failed to log it to proto. Logging it below to logcat instead.
06-04 09:11:58.476 617 917 V WindowManager: Binding proc com.android.quicksearchbox with config {1.0 ?mcc0mnc [en_US] ldltr sw720dp w1280dp h720dp 240dpi xlrg long land -touch qwerty/v/v dpad/v winConfig={ mBounds=Rect(0, 0 - 1920, 1080) mAppBounds=Rect(0, 0 - 1920, 1080) mMaxBounds=Rect(0, 0 - 1920, 1080) mDisplayRotation=ROTATION_0 mWindowingMode=fullscreen mActivityType=undefined mAlwaysOnTop=undefined mRotation=ROTATION_0} s.6 fontWeightAdjustment=0}
06-04 09:11:58.479 617 617 I AccountManagerService: User 0 is unlocked - opening CE database
06-04 09:11:58.497 617 917 W ActivityManager: Slow operation: 51ms so far, now at attachApplicationLocked: after updateOomAdjLocked
06-04 09:11:58.548 1262 1262 D nativeloader: Load /apex/com.android.mediaprovider/priv-app/MediaProvider@AP4A.250105.002.A1/MediaProvider.apk!/lib/arm64-v8a/libfuse_jni.so using ns clns-shared-7 from class loader (caller=/apex/com.android.mediaprovider/priv-app/MediaProvider@AP4A.250105.002.A1/MediaProvider.apk): ok
06-04 09:11:58.550 498 582 D audioserver: logFgsApiEnd: FGS Logger Transaction failed, -129
06-04 09:11:58.551 484 484 D AHAL_Stream: updateMetadataCommon
06-04 09:11:58.553 846 1198 D RingtonePlayer: onCompletion() abandoning AudioFocus
06-04 09:11:58.556 498 572 I APM::AudioPolicyEngine: getDevicesForStrategyInt no device found for strategy 7
06-04 09:11:58.562 498 572 W APM::AudioPolicyEngine: getDevicesForStrategyInt unknown strategy: 10
06-04 09:11:58.562 498 572 I APM::AudioPolicyEngine: getDevicesForStrategyInt no device found for strategy 10
06-04 09:11:58.589 617 797 I MediaFocusControl: abandonAudioFocus() from uid/pid 10070/846 clientId=android.media.AudioManager@6ec8780 callingPack=com.android.systemui
06-04 09:11:58.597 617 617 W Looper : Slow dispatch took 153ms main h=android.app.ActivityThread$H c=android.app.LoadedApk$ReceiverDispatcher$Args$$ExternalSyntheticLambda0@9ea5443 m=0
06-04 09:11:58.604 617 617 V NotificationManagerService.NotificationAssistants: 0 notification assistant service connected: ComponentInfo{android.ext.services/android.ext.services.notification.Assistant}
06-04 09:11:58.610 1089 1089 D CompatChangeReporter: Compat change id reported: 63938206; UID 10067; state: ENABLED
06-04 09:11:58.652 1307 1307 D nativeloader: InitLlndkLibrariesProduct: libEGL.so:libGLESv1_CM.so:libGLESv2.so:libGLESv3.so:libRS.so:libandroid_net.so:libapexsupport.so:libbinder_ndk.so:libc.so:libcgrouprc.so:libclang_rt.asan-aarch64-android.so:libclang_rt.hwasan-aarch64-android.so:libcom.android.tethering.connectivity_native.so:libdl.so:libft2.so:liblog.so:libm.so:libmediandk.so:libnativewindow.so:libneuralnetworks.so:libselinux.so:libsync.so:libvendorsupport.so:libvndksupport.so:libvulkan.so
06-04 09:11:58.653 1307 1307 D nativeloader: Configuring product-clns-7 for unbundled product apk /system/product/app/QuickSearchBox/QuickSearchBox.apk. target_sdk_version=30, uses_libraries=, library_path=/system/product/app/QuickSearchBox/lib/arm64:/product/lib64:/system/product/lib64, permitted_path=/data:/mnt/expand:/data/user/0/com.android.quicksearchbox:/product/lib64:/system/product/lib64
06-04 09:11:58.656 1307 1307 D nativeloader: InitVndkspLibrariesProduct: VNDK is deprecated with product
06-04 09:11:58.667 1262 1262 V MediaProvider: Attached media from com.android.providers.media.module
06-04 09:11:58.694 846 1198 D RingtonePlayer: onCompletion queue size=0
06-04 09:11:58.697 846 1198 D RingtonePlayer: in onCompletion quitting looper Looper (Thread-9, tid 80) {5563bce}
06-04 09:11:58.715 1307 1307 V GraphicsEnvironment: Currently set values for:
06-04 09:11:58.715 1307 1307 V GraphicsEnvironment: angle_gl_driver_selection_pkgs=[]
06-04 09:11:58.715 1307 1307 V GraphicsEnvironment: angle_gl_driver_selection_values=[]
06-04 09:11:58.715 1307 1307 V GraphicsEnvironment: Global.Settings values are invalid: number of packages: 0, number of values: 0
06-04 09:11:58.716 1307 1307 V GraphicsEnvironment: Neither updatable production driver nor prerelease driver is supported.
06-04 09:11:58.717 1262 1262 D nativeloader: Load libdrmframework_jni.so using system ns (caller=/system/framework/framework.jar): ok
06-04 09:11:58.718 846 1198 I NotificationPlayer: About to release MediaPlayer piid:183 due to onCompletion
06-04 09:11:58.719 846 1198 V MediaPlayer: resetDrmState: mDrmInfo=null mDrmProvisioningThread=null mPrepareDrmInProgress=false mActiveDrmScheme=false
06-04 09:11:58.719 846 1198 V MediaPlayer: cleanDrmObj: mDrmObj=null mDrmSessionId=null
06-04 09:11:58.722 533 974 D NuPlayerDriver: reset(0xb4000075da661290) at state 6
06-04 09:11:58.740 533 1241 I hw-BpHwBinder: onLastStrongRef automatically unlinking death recipients
06-04 09:11:58.744 536 898 I hw-BpHwBinder: onLastStrongRef automatically unlinking death recipients
06-04 09:11:58.744 536 898 I hw-BpHwBinder: onLastStrongRef automatically unlinking death recipients
06-04 09:11:58.747 536 898 D BufferPoolAccessor2.0: Destruction - bufferpool2 0xb400007aa224dda8 cached: 0/0M, 0/0% in use; allocs: 0, 0% recycled; transfers: 0, 0% unfetched
06-04 09:11:58.747 846 846 I ndroid.systemui: IncrementDisableThreadFlip blocked for 11.005ms
06-04 09:11:58.753 533 1219 D NuPlayerDriver: notifyResetComplete(0xb4000075da661290)
06-04 09:11:58.755 533 974 W AMessage: failed to post message as target looper for handler 0 is gone.
06-04 09:11:58.786 617 662 W MagnificationConnectionManager: requestConnection duplicated request: connect=false, mConnectionState=DISCONNECTED
06-04 09:11:58.805 498 517 D audioserver: logFgsApiEnd: FGS Logger Transaction failed, -129
06-04 09:11:58.876 617 663 V GrammaticalInflectionUtils: AttributionSource: AttributionSource { uid = 10045, packageName = null, attributionTag = null, token = android.os.Binder@b163f50, deviceId = 0, next = null } does not have READ_SYSTEM_GRAMMATICAL_GENDER permission.
06-04 09:11:58.945 1262 1262 V PickerDatabaseHelper: onConfigure() for picker.db
06-04 09:11:58.948 458 458 D Zygote : Forked child process 1330
06-04 09:11:58.950 617 664 W ActivityManager: Slow operation: 73ms so far, now at startProcess: returned from zygote!
06-04 09:11:58.963 617 664 W ActivityManager: Slow operation: 86ms so far, now at startProcess: done updating battery stats
06-04 09:11:58.964 617 664 W ActivityManager: Slow operation: 86ms so far, now at startProcess: building log message
06-04 09:11:58.964 617 664 I ActivityManager: Start proc 1330:com.android.traceur/u0a45 for broadcast {com.android.traceur/com.android.traceur.Receiver}
06-04 09:11:58.964 617 664 W ActivityManager: Slow operation: 87ms so far, now at startProcess: starting to update pids map
06-04 09:11:58.967 617 664 W ActivityManager: Slow operation: 90ms so far, now at startProcess: done updating pids map
06-04 09:11:59.021 458 458 D Zygote : Forked child process 1334
06-04 09:11:59.022 1330 1330 I android.traceur: Using CollectorTypeCMC GC.
06-04 09:11:59.042 617 797 I AppWidgetServiceImpl: getInstalledProvidersForProfiles() 0
06-04 09:11:59.049 1330 1330 E android.traceur: Not starting debugger since process cannot load the jdwp agent.
06-04 09:11:59.053 617 647 I AppWidgetServiceImpl: getAppWidgetIds() 0
06-04 09:11:59.060 617 664 W ActivityManager: Slow operation: 132ms so far, now at startProcess: returned from zygote!
06-04 09:11:59.060 1334 1334 I ndroid.keychain: Using CollectorTypeCMC GC.
06-04 09:11:59.067 617 664 W ActivityManager: Slow operation: 139ms so far, now at startProcess: done updating battery stats
06-04 09:11:59.075 617 664 W ActivityManager: Slow operation: 147ms so far, now at startProcess: building log message
06-04 09:11:59.076 617 664 I ActivityManager: Start proc 1334:com.android.keychain/1000 for service {com.android.keychain/com.android.keychain.KeyChainService}
06-04 09:11:59.077 617 664 W ActivityManager: Slow operation: 149ms so far, now at startProcess: starting to update pids map
06-04 09:11:59.082 1334 1334 E ndroid.keychain: Not starting debugger since process cannot load the jdwp agent.
06-04 09:11:59.088 617 797 I AppWidgetServiceImpl: notifyProviderInheritance() 0
06-04 09:11:59.099 617 664 W ActivityManager: Slow operation: 163ms so far, now at startProcess: done updating pids map
06-04 09:11:59.099 536 843 D BufferPoolAccessor2.0: bufferpool2 0xb400007aa2246a08 : 0(0 size) total buffers - 0(0 size) used buffers - 13/16 (recycle/alloc) - 3/15 (fetch/transfer)
06-04 09:11:59.099 536 843 D BufferPoolAccessor2.0: bufferpool2 0xb400007aa224f718 : 0(0 size) total buffers - 0(0 size) used buffers - 4/7 (recycle/alloc) - 3/6 (fetch/transfer)
06-04 09:11:59.099 536 843 D BufferPoolAccessor2.0: bufferpool2 0xb400007aa2246c58 : 0(0 size) total buffers - 0(0 size) used buffers - 14/17 (recycle/alloc) - 3/16 (fetch/transfer)
06-04 09:11:59.099 536 843 D BufferPoolAccessor2.0: evictor expired: 4, evicted: 3
06-04 09:11:59.102 1330 1330 D nativeloader: Load libframework-connectivity-tiramisu-jni.so using APEX ns com_android_tethering for caller /apex/com.android.tethering/javalib/framework-connectivity-t.jar: ok
06-04 09:11:59.114 846 1157 D BufferPoolAccessor2.0: bufferpool2 0xb400007d7fe57178 : 0(0 size) total buffers - 0(0 size) used buffers - 2/7 (recycle/alloc) - 5/18 (fetch/transfer)
06-04 09:11:59.114 846 1157 D BufferPoolAccessor2.0: evictor expired: 1, evicted: 1
06-04 09:11:59.142 1089 1089 D CompatChangeReporter: Compat change id reported: 303326708; UID 10067; state: ENABLED
06-04 09:11:59.152 1089 1089 E RecyclerView: Cannot scroll to position a LayoutManager set. Call setLayoutManager with a non-null argument.
06-04 09:11:59.166 1089 1089 D AlphabeticalAppsList: Clearing FastScrollerSections.
06-04 09:11:59.167 1089 1089 D AlphabeticalAppsList: Adding apps with sections. HasPrivateApps: true
06-04 09:11:59.169 1089 1089 E RecyclerView: Cannot scroll to position a LayoutManager set. Call setLayoutManager with a non-null argument.
06-04 09:11:59.180 1262 1262 D PickerSyncLockManager: Trying to acquire lock com.android.providers.media.photopicker.sync.CloseableReentrantLock@235eb6e[Unlocked]. Lock Name = CLOUD_PROVIDER_LOCK. Threads that may be waiting to acquire this lock = []
06-04 09:11:59.180 1262 1262 D CloseableReentrantLock: Successfully acquired lock com.android.providers.media.photopicker.sync.CloseableReentrantLock@235eb6e[Locked by thread main]. Lock Name = CLOUD_PROVIDER_LOCK. Threads that may be waiting to acquire this lock = []
06-04 09:11:59.182 1334 1334 D nativeloader: Load libframework-connectivity-tiramisu-jni.so using APEX ns com_android_tethering for caller /apex/com.android.tethering/javalib/framework-connectivity-t.jar: ok
