01-01 00:00:40.810 617 617 W UserSystemPackageInstaller: com.android.theme.icon.taperedrect is allowlisted but not present.
01-01 00:00:40.810 617 617 W UserSystemPackageInstaller: com.android.theme.icon_pack.rounded.android is allowlisted but not present.
01-01 00:00:40.810 617 617 W UserSystemPackageInstaller: com.android.internal.systemui.onehanded.gestural is allowlisted but not present.
01-01 00:00:40.810 617 617 W UserSystemPackageInstaller: com.android.theme.icon_pack.victor.systemui is allowlisted but not present.
01-01 00:00:40.810 617 617 W UserSystemPackageInstaller: com.android.theme.icon_pack.circular.themepicker is allowlisted but not present.
01-01 00:00:40.810 617 617 W UserSystemPackageInstaller: com.android.avatarpicker is allowlisted but not present.
01-01 00:00:40.811 617 617 W UserSystemPackageInstaller: com.android.theme.color.tangerine is allowlisted but not present.
01-01 00:00:40.811 617 617 W UserSystemPackageInstaller: com.android.theme.color.aquamarine is allowlisted but not present.
01-01 00:00:40.811 617 617 W UserSystemPackageInstaller: com.android.theme.color.black is allowlisted but not present.
01-01 00:00:40.811 617 617 W UserSystemPackageInstaller: com.android.theme.color.green is allowlisted but not present.
01-01 00:00:40.811 617 617 W UserSystemPackageInstaller: com.android.theme.color.ocean is allowlisted but not present.
01-01 00:00:40.811 617 617 W UserSystemPackageInstaller: com.android.theme.color.space is allowlisted but not present.
01-01 00:00:40.811 617 617 W UserSystemPackageInstaller: com.android.theme.icon_pack.rounded.launcher is allowlisted but not present.
01-01 00:00:40.811 617 617 W UserSystemPackageInstaller: com.android.theme.icon_pack.kai.settings is allowlisted but not present.
01-01 00:00:40.811 617 617 W UserSystemPackageInstaller: com.android.internal.systemui.navbar.twobutton is allowlisted but not present.
01-01 00:00:40.811 617 617 W UserSystemPackageInstaller: com.android.theme.icon_pack.sam.settings is allowlisted but not present.
01-01 00:00:40.811 617 617 W UserSystemPackageInstaller: com.android.internal.systemui.navbar.gestural_extra_wide_back is allowlisted but not present.
01-01 00:00:40.811 617 617 W UserSystemPackageInstaller: com.android.theme.icon_pack.kai.themepicker is allowlisted but not present.
01-01 00:00:40.811 617 617 W UserSystemPackageInstaller: com.android.theme.icon_pack.victor.launcher is allowlisted but not present.
01-01 00:00:40.811 617 617 W UserSystemPackageInstaller: com.android.theme.icon_pack.filled.settings is allowlisted but not present.
01-01 00:00:40.811 617 617 W UserSystemPackageInstaller: com.android.theme.icon_pack.kai.systemui is allowlisted but not present.
01-01 00:00:40.812 617 617 W UserSystemPackageInstaller: com.android.theme.icon_pack.circular.settings is allowlisted but not present.
01-01 00:00:40.812 617 617 W UserSystemPackageInstaller: com.android.theme.icon_pack.sam.systemui is allowlisted but not present.
01-01 00:00:40.814 617 617 W UserSystemPackageInstaller: com.android.theme.icon.teardrop is allowlisted but not present.
01-01 00:00:40.814 617 617 W UserSystemPackageInstaller: com.android.theme.icon_pack.rounded.themepicker is allowlisted but not present.
01-01 00:00:40.814 617 617 W UserSystemPackageInstaller: com.android.theme.icon_pack.filled.systemui is allowlisted but not present.
01-01 00:00:40.814 617 617 W UserSystemPackageInstaller: com.android.theme.icon_pack.sam.android is allowlisted but not present.
01-01 00:00:40.814 617 617 W UserSystemPackageInstaller: com.android.theme.icon_pack.filled.android is allowlisted but not present.
01-01 00:00:40.814 617 617 W UserSystemPackageInstaller: com.android.theme.icon_pack.circular.systemui is allowlisted but not present.
01-01 00:00:40.814 617 617 W UserSystemPackageInstaller: com.android.theme.icon_pack.kai.android is allowlisted but not present.
01-01 00:00:40.814 617 617 W UserSystemPackageInstaller: com.android.theme.icon_pack.kai.launcher is allowlisted but not present.
01-01 00:00:40.814 617 617 W UserSystemPackageInstaller: com.android.theme.icon_pack.sam.launcher is allowlisted but not present.
01-01 00:00:40.814 617 617 W UserSystemPackageInstaller: com.android.theme.icon.squircle is allowlisted but not present.
01-01 00:00:40.814 617 617 W UserSystemPackageInstaller: com.android.theme.icon_pack.victor.android is allowlisted but not present.
01-01 00:00:40.814 617 617 W UserSystemPackageInstaller: com.android.theme.color.palette is allowlisted but not present.
01-01 00:00:40.814 617 617 W UserSystemPackageInstaller: com.android.theme.icon_pack.filled.launcher is allowlisted but not present.
01-01 00:00:40.814 617 617 W UserSystemPackageInstaller: com.android.theme.color.carbon is allowlisted but not present.
01-01 00:00:40.814 617 617 W UserSystemPackageInstaller: com.android.theme.icon_pack.circular.launcher is allowlisted but not present.
01-01 00:00:40.814 617 617 W UserSystemPackageInstaller: com.android.theme.icon_pack.filled.themepicker is allowlisted but not present.
01-01 00:00:40.814 617 617 W UserSystemPackageInstaller: com.android.theme.icon_pack.victor.themepicker is allowlisted but not present.
01-01 00:00:40.814 617 617 W UserSystemPackageInstaller: com.android.theme.color.orchid is allowlisted but not present.
01-01 00:00:40.814 617 617 W UserSystemPackageInstaller: com.android.theme.color.purple is allowlisted but not present.
01-01 00:00:40.814 617 617 W UserSystemPackageInstaller: com.android.theme.icon_pack.sam.themepicker is allowlisted but not present.
01-01 00:00:40.814 617 617 W UserSystemPackageInstaller: com.android.theme.icon.roundedrect is allowlisted but not present.
01-01 00:00:40.814 617 617 W UserSystemPackageInstaller: com.android.internal.systemui.navbar.gestural_narrow_back is allowlisted but not present.
01-01 00:00:40.814 617 617 W UserSystemPackageInstaller: com.android.theme.icon_pack.rounded.settings is allowlisted but not present.
01-01 00:00:40.814 617 617 W UserSystemPackageInstaller: com.android.theme.icon_pack.circular.android is allowlisted but not present.
01-01 00:00:40.818 617 617 I Watchdog: Resuming HandlerChecker: main thread for reason: packagemanagermain. Pause count: 0
01-01 00:00:40.819 617 617 V SystemServerTiming: StartPackageManagerService took to complete: 4127ms
01-01 00:00:40.820 617 617 D SystemServerTiming: DexUseManagerLocal
01-01 00:00:40.851 617 617 V SystemServerTiming: DexUseManagerLocal took to complete: 32ms
01-01 00:00:40.852 617 617 D SystemServerTiming: StartOtaDexOptService
01-01 00:00:40.852 617 617 I Watchdog: Pausing HandlerChecker: main thread for reason: moveab. Pause count: 1
01-01 00:00:40.855 617 617 D OTADexopt: No upgrade, skipping A/B artifacts check.
01-01 00:00:40.855 617 617 I Watchdog: Resuming HandlerChecker: main thread for reason: moveab. Pause count: 0
01-01 00:00:40.855 617 617 V SystemServerTiming: StartOtaDexOptService took to complete: 2ms
01-01 00:00:40.855 617 617 D SystemServerTiming: StartUserManagerService
01-01 00:00:40.855 617 617 I SystemServiceManager: Starting com.android.server.pm.UserManagerService$LifeCycle
01-01 00:00:40.855 498 498 W ServiceManagerCppClient: Waited one second for activity (is service started? Number of threads started in the threadpool: 16. Are binder threads started and available?)
01-01 00:00:40.858 243 243 I servicemanager: Caller(pid=498,uid=1041,sid=u:r:audioserver:s0) Since 'activity' could not be found trying to start it as a lazy AIDL service. (if it's not configured to be a lazy service, it may be stuck starting or still starting).
01-01 00:00:40.858 617 617 V SystemServerTiming: StartUserManagerService took to complete: 4ms
01-01 00:00:40.858 617 617 D SystemServerTiming: InitAttributerCache
01-01 00:00:40.858 617 617 V SystemServerTiming: InitAttributerCache took to complete: 0ms
01-01 00:00:40.859 617 617 D SystemServerTiming: SetSystemProcess
01-01 00:00:40.871 243 699 W libc : Unable to set property "ctl.interface_start" to "aidl/activity": PROP_ERROR_HANDLE_CONTROL_MESSAGE (0x20)
01-01 00:00:40.860 1 1 E init : Control message: Could not find 'aidl/activity' for ctl.interface_start from pid: 243 (/system/bin/servicemanager)
01-01 00:00:40.867 243 243 I BpBinder: onLastStrongRef automatically unlinking death recipients:
01-01 00:00:40.873 699 699 I servicemanager: Caller(pid=498,uid=1041,sid=u:r:audioserver:s0) Tried to start aidl service activity as a lazy service, but was unable to. Usually this happens when a service is not installed, but if the service is intended to be used as a lazy service, then it may be configured incorrectly.
01-01 00:00:40.875 617 646 V HistoricalRegistry: Interaction before persistence initialized
01-01 00:00:40.879 243 243 I servicemanager: Caller(pid=498,uid=1041,sid=u:r:audioserver:s0) Since 'sensor_privacy' could not be found trying to start it as a lazy AIDL service. (if it's not configured to be a lazy service, it may be stuck starting or still starting).
01-01 00:00:40.880 1 1 E init : Control message: Could not find 'aidl/sensor_privacy' for ctl.interface_start from pid: 243 (/system/bin/servicemanager)
01-01 00:00:40.888 617 617 D ActivityManager: StatsPullAtomService not ready yet
01-01 00:00:40.892 243 700 W libc : Unable to set property "ctl.interface_start" to "aidl/sensor_privacy": PROP_ERROR_HANDLE_CONTROL_MESSAGE (0x20)
01-01 00:00:40.895 700 700 I servicemanager: Caller(pid=498,uid=1041,sid=u:r:audioserver:s0) Tried to start aidl service sensor_privacy as a lazy service, but was unable to. Usually this happens when a service is not installed, but if the service is intended to be used as a lazy service, then it may be configured incorrectly.
01-01 00:00:40.897 242 242 I lowmemorykiller: lmkd data connection established
01-01 00:00:40.898 617 665 I ActivityManager: Connection with lmkd established
01-01 00:00:40.901 617 617 D ActivityManager: StatsPullAtomService not ready yet
01-01 00:00:40.905 617 617 V SystemServerTiming: SetSystemProcess took to complete: 46ms
01-01 00:00:40.909 617 617 D SystemServerTiming: InitWatchdog
01-01 00:00:40.910 617 617 V SystemServerTiming: InitWatchdog took to complete: 2ms
01-01 00:00:40.934 617 617 D SystemServerTiming: StartOverlayManagerService
01-01 00:00:40.937 617 697 V SystemServerTimingAsync: AppDataFixup took to complete: 218ms
01-01 00:00:40.938 617 697 W PackageManager: Skipping preparing app data for com.android.configinfrastructure
01-01 00:00:40.938 617 697 W PackageManager: Skipping preparing app data for com.android.appsearch
01-01 00:00:40.938 617 697 W PackageManager: Skipping preparing app data for com.android.hardware.boot
01-01 00:00:40.939 617 697 W PackageManager: Skipping preparing app data for com.android.hardware.power
01-01 00:00:40.939 617 697 W PackageManager: Skipping preparing app data for com.google.cf.health.storage
01-01 00:00:40.939 617 697 W PackageManager: Skipping preparing app data for com.android.hardware.usb.generic
01-01 00:00:40.939 617 697 W PackageManager: Skipping preparing app data for com.android.adservices
01-01 00:00:40.939 617 697 W PackageManager: Skipping preparing app data for com.android.scheduling
01-01 00:00:40.939 617 697 W PackageManager: Skipping preparing app data for com.android.permission
01-01 00:00:40.939 617 697 W PackageManager: Skipping preparing app data for com.android.profiling
01-01 00:00:40.940 617 697 W PackageManager: Skipping preparing app data for com.android.art
01-01 00:00:40.940 617 697 W PackageManager: Skipping preparing app data for com.android.uwb
01-01 00:00:40.940 617 697 W PackageManager: Skipping preparing app data for com.android.tethering
01-01 00:00:40.940 617 697 W PackageManager: Skipping preparing app data for com.android.btservices
01-01 00:00:40.940 617 697 W PackageManager: Skipping preparing app data for com.android.media.swcodec
01-01 00:00:40.940 617 697 W PackageManager: Skipping preparing app data for com.android.conscrypt
01-01 00:00:40.940 617 697 W PackageManager: Skipping preparing app data for com.android.adbd
01-01 00:00:40.940 617 697 W PackageManager: Skipping preparing app data for com.android.i18n
01-01 00:00:40.940 617 697 W PackageManager: Skipping preparing app data for com.android.rkpd
01-01 00:00:40.940 617 697 W PackageManager: Skipping preparing app data for com.android.virt
01-01 00:00:40.940 617 697 W PackageManager: Skipping preparing app data for com.android.wifi
01-01 00:00:40.941 617 697 W PackageManager: Skipping preparing app data for com.android.runtime
01-01 00:00:40.941 617 697 W PackageManager: Skipping preparing app data for com.android.devicelock
01-01 00:00:40.941 617 697 W PackageManager: Skipping preparing app data for com.android.apex.cts.shim
01-01 00:00:40.941 617 697 W PackageManager: Skipping preparing app data for com.android.compos
01-01 00:00:40.941 617 697 W PackageManager: Skipping preparing app data for com.android.neuralnetworks
01-01 00:00:40.941 617 697 W PackageManager: Skipping preparing app data for com.android.healthfitness
01-01 00:00:40.941 617 697 W PackageManager: Skipping preparing app data for com.android.hardware.cas
01-01 00:00:40.942 617 697 W PackageManager: Skipping preparing app data for com.android.hardware.thermal.ti
01-01 00:00:40.942 617 697 W PackageManager: Skipping preparing app data for com.android.resolv
01-01 00:00:40.942 617 697 W PackageManager: Skipping preparing app data for com.android.sdkext
01-01 00:00:40.943 617 697 W PackageManager: Skipping preparing app data for com.android.tzdata
01-01 00:00:40.943 617 697 W PackageManager: Skipping preparing app data for com.android.os.statsd
01-01 00:00:40.943 617 697 W PackageManager: Skipping preparing app data for com.android.hardware.camera.libcamera
01-01 00:00:40.943 617 697 W PackageManager: Skipping preparing app data for com.android.extservices
01-01 00:00:40.943 617 697 W PackageManager: Skipping preparing app data for com.android.hardware.drm.clearkey
01-01 00:00:40.944 617 697 W PackageManager: Skipping preparing app data for com.android.hardware.audio.ti
01-01 00:00:40.944 617 697 W PackageManager: Skipping preparing app data for com.android.ipsec
01-01 00:00:40.944 617 697 W PackageManager: Skipping preparing app data for com.android.media
01-01 00:00:40.944 617 697 W PackageManager: Skipping preparing app data for com.android.sdksandbox
01-01 00:00:40.945 617 697 W PackageManager: Skipping preparing app data for com.google.cf.health
01-01 00:00:40.945 617 697 W PackageManager: Skipping preparing app data for com.android.mediaprovider
01-01 00:00:40.945 617 697 W PackageManager: Skipping preparing app data for com.android.nfcservices
01-01 00:00:40.945 617 697 W PackageManager: Skipping preparing app data for com.android.ondevicepersonalization
01-01 00:00:40.948 617 617 I OverlayManager: Updating overlays for starting user 0
01-01 00:00:40.956 1 1 I init : service 'idmap2d' requested start, but it is already running (flags: 4)
01-01 00:00:40.956 1 1 I init : Control message: Processed ctl.start for 'idmap2d' from pid: 617 (system_server)
01-01 00:00:41.036 617 617 V SystemServerTiming: StartOverlayManagerService took to complete: 101ms
01-01 00:00:41.036 617 617 D SystemServerTiming: StartResourcesManagerService
01-01 00:00:41.039 617 617 V SystemServerTiming: StartResourcesManagerService took to complete: 3ms
01-01 00:00:41.039 617 617 D SystemServerTiming: StartSensorPrivacyService
01-01 00:00:41.048 617 652 W ActivityTaskManager: Skip updateConfiguration because mWindowManager isn't set
01-01 00:00:41.050 617 652 I ProtoLogImpl: Setting up ProtoLogImpl with viewerConfigPath = /etc/core.protolog.pb
01-01 00:00:41.101 617 652 I ProtoLog: Loaded 763 log definitions from /system/etc/protolog.conf.json.gz
01-01 00:00:41.104 617 652 W BroadcastLoopers: Found previously unknown looper Thread[android.fg,5,main]
01-01 00:00:41.109 617 617 V SystemServerTiming: StartSensorPrivacyService took to complete: 70ms
01-01 00:00:41.109 617 617 D SystemServerTiming: StartSensorService
01-01 00:00:41.109 617 617 I SystemServiceManager: Starting com.android.server.sensors.SensorService
01-01 00:00:41.111 617 617 V SystemServerTiming: StartSensorService took to complete: 3ms
01-01 00:00:41.112 243 243 I BpBinder: onLastStrongRef automatically unlinking death recipients:
01-01 00:00:41.111 617 617 V SystemServerTiming: startBootstrapServices took to complete: 5171ms
01-01 00:00:41.111 617 617 D SystemServerTiming: startCoreServices
01-01 00:00:41.113 617 702 D SystemServerTimingAsync: InitThreadPoolExec:StartNativeSensorService
01-01 00:00:41.113 617 702 D SystemServerInitThreadPool: Started executing StartNativeSensorService
01-01 00:00:41.113 617 702 D SystemServerTimingAsync: StartNativeSensorService
01-01 00:00:41.113 498 498 D audioserver: main: AudioPolicy created
01-01 00:00:41.113 617 617 D SystemServerTiming: StartSystemConfigService
01-01 00:00:41.114 617 617 I SystemServiceManager: Starting com.android.server.SystemConfigService
01-01 00:00:41.115 498 498 D DeviceHalAidl: [default] getMmapPolicyInfos
01-01 00:00:41.115 484 484 D AHAL_Module: getMmapPolicyInfos: default: mmap policy type DEFAULT
01-01 00:00:41.115 498 498 D DeviceHalAidl: [r_submix] getMmapPolicyInfos
01-01 00:00:41.117 484 484 D AHAL_Module: getMmapPolicyInfos: r_submix: mmap policy type DEFAULT
01-01 00:00:41.118 498 498 D DeviceHalAidl: [bluetooth] getMmapPolicyInfos
01-01 00:00:41.118 484 484 D AHAL_Module: getMmapPolicyInfos: bluetooth: mmap policy type DEFAULT
01-01 00:00:41.119 498 498 D audioserver: main: Do not init aaudio service, status 0, policy info size 3
01-01 00:00:41.119 498 498 I audioserver: main: initialization done in 13205.635 ms, joining thread pool
01-01 00:00:41.120 532 568 W AudioAnalytics: onAudioServerStart: (key=audio.policy) AudioPolicy ctor, loadTimeMs:11808.902344
01-01 00:00:41.121 617 702 D SensorService: nuSensorService starting...
01-01 00:00:41.121 617 617 V SystemServerTiming: StartSystemConfigService took to complete: 7ms
01-01 00:00:41.121 617 617 D SystemServerTiming: StartBatteryService
01-01 00:00:41.123 617 617 I SystemServiceManager: Starting com.android.server.BatteryService
01-01 00:00:41.126 243 243 I servicemanager: Caller(pid=617,uid=1000,sid=u:r:system_server:s0) Could not find android.hardware.sensors.ISensors/default in the VINTF manifest. No alternative instances declared in VINTF.
01-01 00:00:41.126 244 244 I hwservicemanager: getTransport: Cannot find entry android.hardware.sensors@2.1::ISensors/default in either framework or device VINTF manifest.
01-01 00:00:41.128 244 244 I hwservicemanager: getTransport: Cannot find entry android.hardware.sensors@2.0::ISensors/default in either framework or device VINTF manifest.
01-01 00:00:41.129 244 244 I hwservicemanager: getTransport: Cannot find entry android.hardware.sensors@1.0::ISensors/default in either framework or device VINTF manifest.
01-01 00:00:41.132 617 702 V SystemServerTimingAsync: StartNativeSensorService took to complete: 20ms
01-01 00:00:41.133 617 702 D SystemServerInitThreadPool: Finished executing StartNativeSensorService
01-01 00:00:41.133 617 702 V SystemServerTimingAsync: InitThreadPoolExec:StartNativeSensorService took to complete: 20ms
01-01 00:00:41.138 243 243 I servicemanager: Caller(pid=617,uid=1000,sid=u:r:system_server:s0) Found android.hardware.health.IHealth/default in device VINTF manifest.
01-01 00:00:41.144 617 617 I HealthServiceWrapperAidl: health: HealthServiceWrapper listening to AIDL HAL
01-01 00:00:41.143 496 496 W healthd : battery none chg=
01-01 00:00:41.152 617 617 I BatteryService: health: Waited 4ms and received the update.
01-01 00:00:41.155 617 617 V SystemServerTiming: StartBatteryService took to complete: 34ms
01-01 00:00:41.155 617 617 D SystemServerTiming: StartUsageService
01-01 00:00:41.156 617 617 I SystemServiceManager: Starting com.android.server.usage.UsageStatsService
01-01 00:00:41.173 617 617 V SystemServerTiming: StartUsageService took to complete: 18ms
01-01 00:00:41.174 617 617 D SystemServerTiming: StartWebViewUpdateService
01-01 00:00:41.174 617 617 I SystemServiceManager: Starting com.android.server.webkit.WebViewUpdateService
01-01 00:00:41.180 617 617 V SystemServerTiming: StartWebViewUpdateService took to complete: 7ms
01-01 00:00:41.181 617 617 D SystemServerTiming: StartCachedDeviceStateService
01-01 00:00:41.182 617 617 I SystemServiceManager: Starting com.android.server.CachedDeviceStateService
01-01 00:00:41.183 617 617 V SystemServerTiming: StartCachedDeviceStateService took to complete: 1ms
01-01 00:00:41.183 617 617 D SystemServerTiming: StartBinderCallsStatsService
01-01 00:00:41.183 617 617 I SystemServiceManager: Starting com.android.server.BinderCallsStatsService$LifeCycle
01-01 00:00:41.186 617 617 V SystemServerTiming: StartBinderCallsStatsService took to complete: 3ms
01-01 00:00:41.186 617 617 D SystemServerTiming: StartLooperStatsService
01-01 00:00:41.186 617 617 I SystemServiceManager: Starting com.android.server.LooperStatsService$Lifecycle
01-01 00:00:41.188 617 617 V SystemServerTiming: StartLooperStatsService took to complete: 3ms
01-01 00:00:41.189 617 617 D SystemServerTiming: StartRollbackManagerService
01-01 00:00:41.189 617 617 I SystemServiceManager: Starting com.android.server.rollback.RollbackManagerService
01-01 00:00:41.194 525 525 D installd: Found quota mount /dev/block/dm-49 at /data
01-01 00:00:41.196 525 525 D installd: Found quota mount /dev/block/dm-49 at /data/user/0
01-01 00:00:41.202 617 617 I PackageWatchdog: Syncing state, reason: added new observer
01-01 00:00:41.202 617 617 I PackageWatchdog: Not pruning observers, elapsed time: 0ms
01-01 00:00:41.202 617 617 I PackageWatchdog: Cancelling state sync, nothing to sync
01-01 00:00:41.203 617 662 I PackageWatchdog: Saving observer state to file
01-01 00:00:41.212 617 617 V SystemServerTiming: StartRollbackManagerService took to complete: 23ms
01-01 00:00:41.212 617 617 D SystemServerTiming: StartNativeTombstoneManagerService
01-01 00:00:41.212 617 617 I SystemServiceManager: Starting com.android.server.os.NativeTombstoneManagerService
01-01 00:00:41.215 617 617 V SystemServerTiming: StartNativeTombstoneManagerService took to complete: 3ms
01-01 00:00:41.215 617 617 D SystemServerTiming: StartBugreportManagerService
01-01 00:00:41.215 617 617 I SystemServiceManager: Starting com.android.server.os.BugreportManagerService
01-01 00:00:41.218 617 617 V SystemServerTiming: StartBugreportManagerService took to complete: 3ms
01-01 00:00:41.219 617 617 D SystemServerTiming: GpuService
01-01 00:00:41.219 617 617 I SystemServiceManager: Starting com.android.server.gpu.GpuService
01-01 00:00:41.219 617 617 V SystemServerTiming: GpuService took to complete: 0ms
01-01 00:00:41.219 617 617 D SystemServerTiming: StartRemoteProvisioningService
01-01 00:00:41.220 617 617 I SystemServiceManager: Starting com.android.server.security.rkp.RemoteProvisioningService
01-01 00:00:41.222 617 617 V SystemServerTiming: StartRemoteProvisioningService took to complete: 2ms
01-01 00:00:41.222 617 617 D SystemServerTiming: CpuMonitorService
01-01 00:00:41.223 617 617 I SystemServiceManager: Starting com.android.server.cpu.CpuMonitorService
01-01 00:00:41.244 617 617 I CpuMonitorService: Starting debug monitoring
01-01 00:00:41.244 617 617 V SystemServerTiming: CpuMonitorService took to complete: 22ms
01-01 00:00:41.244 617 617 V SystemServerTiming: startCoreServices took to complete: 133ms
01-01 00:00:41.245 617 617 D SystemServerTiming: startOtherServices
01-01 00:00:41.245 617 712 W CpuMonitorService: Skipping reading from device and returning the last read CpuInfos. Last read was 12 ms ago, min read interval is 500 ms
01-01 00:00:41.246 617 617 D SystemServerTiming: StartKeyAttestationApplicationIdProviderService
01-01 00:00:41.247 617 713 D SystemServerTimingAsync: InitThreadPoolExec:SecondaryZygotePreload
01-01 00:00:41.247 617 713 D SystemServerInitThreadPool: Started executing SecondaryZygotePreload
01-01 00:00:41.247 617 713 I SystemServer: SecondaryZygotePreload
01-01 00:00:41.247 617 713 D SystemServerTimingAsync: SecondaryZygotePreload
01-01 00:00:41.247 617 713 V SystemServerTimingAsync: SecondaryZygotePreload took to complete: 0ms
01-01 00:00:41.247 617 713 D SystemServerInitThreadPool: Finished executing SecondaryZygotePreload
01-01 00:00:41.247 617 713 V SystemServerTimingAsync: InitThreadPoolExec:SecondaryZygotePreload took to complete: 0ms
01-01 00:00:41.249 617 617 V SystemServerTiming: StartKeyAttestationApplicationIdProviderService took to complete: 2ms
01-01 00:00:41.249 617 617 D SystemServerTiming: StartKeyChainSystemService
01-01 00:00:41.249 617 617 I SystemServiceManager: Starting com.android.server.security.KeyChainSystemService
01-01 00:00:41.251 617 617 V SystemServerTiming: StartKeyChainSystemService took to complete: 3ms
01-01 00:00:41.251 617 617 D SystemServerTiming: StartBinaryTransparencyService
01-01 00:00:41.252 617 617 I SystemServiceManager: Starting com.android.server.BinaryTransparencyService
01-01 00:00:41.255 617 617 I TransparencyService: Started BinaryTransparencyService
01-01 00:00:41.256 617 617 V SystemServerTiming: StartBinaryTransparencyService took to complete: 4ms
01-01 00:00:41.256 617 617 D SystemServerTiming: StartSchedulingPolicyService
01-01 00:00:41.258 617 659 D SystemServerTimingAsync: InitThreadPoolExec:SchedulingPolicyService.
01-01 00:00:41.258 617 659 D SystemServerInitThreadPool: Started executing SchedulingPolicyService.
01-01 00:00:41.259 617 617 V SystemServerTiming: StartSchedulingPolicyService took to complete: 3ms
01-01 00:00:41.260 617 617 D SystemServerTiming: StartTelephonyRegistry
01-01 00:00:41.264 617 617 V SystemServerTiming: StartTelephonyRegistry took to complete: 5ms
01-01 00:00:41.265 617 617 D SystemServerTiming: StartEntropyMixer
01-01 00:00:41.268 617 617 I EntropyMixer: Loaded existing seed file
01-01 00:00:41.272 617 659 I SchedulingPolicyService: Moving 536 back to group default
01-01 00:00:41.274 617 617 I EntropyMixer: Updated seed file
01-01 00:00:41.275 617 617 V SystemServerTiming: StartEntropyMixer took to complete: 10ms
01-01 00:00:41.275 617 617 D SystemServerTiming: StartAccountManagerService
01-01 00:00:41.276 617 617 I SystemServiceManager: Starting com.android.server.accounts.AccountManagerService$Lifecycle
01-01 00:00:41.289 617 617 V SystemServerTiming: StartAccountManagerService took to complete: 13ms
01-01 00:00:41.289 617 617 D SystemServerTiming: StartContentService
01-01 00:00:41.289 617 617 I SystemServiceManager: Starting com.android.server.content.ContentService$Lifecycle
01-01 00:00:41.294 617 617 V SystemServerTiming: StartContentService took to complete: 4ms
01-01 00:00:41.294 617 617 D SystemServerTiming: InstallSystemProviders
01-01 00:00:41.306 617 659 D SystemServerInitThreadPool: Finished executing SchedulingPolicyService.
01-01 00:00:41.306 617 659 V SystemServerTimingAsync: InitThreadPoolExec:SchedulingPolicyService. took to complete: 48ms
01-01 00:00:41.318 617 617 D nativeloader: Configuring clns-shared-16 for other apk /system/priv-app/SettingsProvider/SettingsProvider.apk. target_sdk_version=35, uses_libraries=, library_path=/system/priv-app/SettingsProvider/lib/arm64:/system/priv-app/SettingsProvider/SettingsProvider.apk!/lib/arm64-v8a:/system/lib64, permitted_path=/data:/mnt/expand:/data/user_de/0/com.android.providers.settings:/system/priv-app/SettingsProvider:/system/lib64
01-01 00:00:41.368 617 697 V SystemServerTimingAsync: AppDataPrepare took to complete: 430ms
01-01 00:00:41.368 617 697 I PackageManager: Deferred reconcileAppsData finished 143 packages
01-01 00:00:41.368 617 697 D SystemServerInitThreadPool: Finished executing prepareAppData
01-01 00:00:41.368 617 697 V SystemServerTimingAsync: InitThreadPoolExec:prepareAppData took to complete: 650ms
01-01 00:00:41.372 617 617 W SettingsState: No settings state /data/system/users/0/settings_config.xml
01-01 00:00:41.447 617 617 E SettingsState: failed to read protobuf
01-01 00:00:41.447 617 617 E SettingsState: java.io.FileNotFoundException: /system_ext/etc/aconfig_flags.pb: open failed: ENOENT (No such file or directory)
01-01 00:00:41.447 617 617 E SettingsState: at libcore.io.IoBridge.open(IoBridge.java:574)
01-01 00:00:41.447 617 617 E SettingsState: at java.io.FileInputStream.(FileInputStream.java:179)
01-01 00:00:41.447 617 617 E SettingsState: at java.io.FileInputStream.(FileInputStream.java:133)
01-01 00:00:41.447 617 617 E SettingsState: at com.android.providers.settings.SettingsState.loadAconfigDefaultValuesLocked(SettingsState.java:639)
01-01 00:00:41.447 617 617 E SettingsState: at com.android.providers.settings.SettingsState.(SettingsState.java:386)
01-01 00:00:41.447 617 617 E SettingsState: at com.android.providers.settings.SettingsProvider$SettingsRegistry.ensureSettingsStateLocked(SettingsProvider.java:3211)
01-01 00:00:41.447 617 617 E SettingsState: at com.android.providers.settings.SettingsProvider$SettingsRegistry.ensureSettingsForUserLocked(SettingsProvider.java:3175)
01-01 00:00:41.447 617 617 E SettingsState: at com.android.providers.settings.SettingsProvider.onCreate(SettingsProvider.java:416)
01-01 00:00:41.447 617 617 E SettingsState: at android.content.ContentProvider.attachInfo(ContentProvider.java:2649)
01-01 00:00:41.447 617 617 E SettingsState: at android.content.ContentProvider.attachInfo(ContentProvider.java:2618)
01-01 00:00:41.447 617 617 E SettingsState: at android.app.ActivityThread.installProvider(ActivityThread.java:8374)
01-01 00:00:41.447 617 617 E SettingsState: at android.app.ActivityThread.installContentProviders(ActivityThread.java:7889)
01-01 00:00:41.447 617 617 E SettingsState: at android.app.ActivityThread.installSystemProviders(ActivityThread.java:8557)
01-01 00:00:41.447 617 617 E SettingsState: at com.android.server.am.ContentProviderHelper.installSystemProviders(ContentProviderHelper.java:1370)
01-01 00:00:41.447 617 617 E SettingsState: at com.android.server.SystemServer.startOtherServices(SystemServer.java:1581)
01-01 00:00:41.447 617 617 E SettingsState: at com.android.server.SystemServer.run(SystemServer.java:948)
01-01 00:00:41.447 617 617 E SettingsState: at com.android.server.SystemServer.main(SystemServer.java:669)
01-01 00:00:41.447 617 617 E SettingsState: at java.lang.reflect.Method.invoke(Native Method)
01-01 00:00:41.447 617 617 E SettingsState: at com.android.internal.os.RuntimeInit$MethodAndArgsCaller.run(RuntimeInit.java:591)
01-01 00:00:41.447 617 617 E SettingsState: at com.android.internal.os.ZygoteInit.main(ZygoteInit.java:849)
01-01 00:00:41.447 617 617 E SettingsState: Caused by: android.system.ErrnoException: open failed: ENOENT (No such file or directory)
01-01 00:00:41.447 617 617 E SettingsState: at libcore.io.Linux.open(Native Method)
01-01 00:00:41.447 617 617 E SettingsState: at libcore.io.ForwardingOs.open(ForwardingOs.java:563)
01-01 00:00:41.447 617 617 E SettingsState: at libcore.io.BlockGuardOs.open(BlockGuardOs.java:274)
01-01 00:00:41.447 617 617 E SettingsState: at libcore.io.IoBridge.open(IoBridge.java:560)
01-01 00:00:41.447 617 617 E SettingsState: ... 19 more
01-01 00:00:41.449 617 617 E SettingsState: failed to read protobuf
01-01 00:00:41.449 617 617 E SettingsState: java.io.FileNotFoundException: /product/etc/aconfig_flags.pb: open failed: ENOENT (No such file or directory)
01-01 00:00:41.449 617 617 E SettingsState: at libcore.io.IoBridge.open(IoBridge.java:574)
01-01 00:00:41.449 617 617 E SettingsState: at java.io.FileInputStream.(FileInputStream.java:179)
01-01 00:00:41.449 617 617 E SettingsState: at java.io.FileInputStream.(FileInputStream.java:133)
01-01 00:00:41.449 617 617 E SettingsState: at com.android.providers.settings.SettingsState.loadAconfigDefaultValuesLocked(SettingsState.java:639)
01-01 00:00:41.449 617 617 E SettingsState: at com.android.providers.settings.SettingsState.(SettingsState.java:386)
01-01 00:00:41.449 617 617 E SettingsState: at com.android.providers.settings.SettingsProvider$SettingsRegistry.ensureSettingsStateLocked(SettingsProvider.java:3211)
01-01 00:00:41.449 617 617 E SettingsState: at com.android.providers.settings.SettingsProvider$SettingsRegistry.ensureSettingsForUserLocked(SettingsProvider.java:3175)
01-01 00:00:41.449 617 617 E SettingsState: at com.android.providers.settings.SettingsProvider.onCreate(SettingsProvider.java:416)
01-01 00:00:41.449 617 617 E SettingsState: at android.content.ContentProvider.attachInfo(ContentProvider.java:2649)
01-01 00:00:41.449 617 617 E SettingsState: at android.content.ContentProvider.attachInfo(ContentProvider.java:2618)
01-01 00:00:41.449 617 617 E SettingsState: at android.app.ActivityThread.installProvider(ActivityThread.java:8374)
01-01 00:00:41.449 617 617 E SettingsState: at android.app.ActivityThread.installContentProviders(ActivityThread.java:7889)
01-01 00:00:41.449 617 617 E SettingsState: at android.app.ActivityThread.installSystemProviders(ActivityThread.java:8557)
01-01 00:00:41.449 617 617 E SettingsState: at com.android.server.am.ContentProviderHelper.installSystemProviders(ContentProviderHelper.java:1370)
01-01 00:00:41.449 617 617 E SettingsState: at com.android.server.SystemServer.startOtherServices(SystemServer.java:1581)
01-01 00:00:41.449 617 617 E SettingsState: at com.android.server.SystemServer.run(SystemServer.java:948)
01-01 00:00:41.449 617 617 E SettingsState: at com.android.server.SystemServer.main(SystemServer.java:669)
01-01 00:00:41.449 617 617 E SettingsState: at java.lang.reflect.Method.invoke(Native Method)
01-01 00:00:41.449 617 617 E SettingsState: at com.android.internal.os.RuntimeInit$MethodAndArgsCaller.run(RuntimeInit.java:591)
01-01 00:00:41.449 617 617 E SettingsState: at com.android.internal.os.ZygoteInit.main(ZygoteInit.java:849)
01-01 00:00:41.449 617 617 E SettingsState: Caused by: android.system.ErrnoException: open failed: ENOENT (No such file or directory)
01-01 00:00:41.449 617 617 E SettingsState: at libcore.io.Linux.open(Native Method)
01-01 00:00:41.449 617 617 E SettingsState: at libcore.io.ForwardingOs.open(ForwardingOs.java:563)
01-01 00:00:41.449 617 617 E SettingsState: at libcore.io.BlockGuardOs.open(BlockGuardOs.java:274)
01-01 00:00:41.449 617 617 E SettingsState: at libcore.io.IoBridge.open(IoBridge.java:560)
01-01 00:00:41.449 617 617 E SettingsState: ... 19 more
01-01 00:00:41.479 617 617 W SettingsState: No settings state /data/system/users/0/settings_ssaid.xml
01-01 00:00:41.506 617 617 D nativeloader: Configuring clns-shared-17 for other apk /system/priv-app/Telecom/Telecom.apk. target_sdk_version=35, uses_libraries=, library_path=/system/priv-app/Telecom/lib/arm64:/system/priv-app/Telecom/Telecom.apk!/lib/arm64-v8a:/system/lib64, permitted_path=/data:/mnt/expand:/data/user_de/0/com.android.server.telecom:/system/priv-app/Telecom:/system/lib64
01-01 00:00:41.521 617 617 D OomAdjuster: Not killing cached processes
01-01 00:00:41.579 617 617 D ActivityManager: Freezer timeout set to 10000
01-01 00:00:41.579 617 617 D ActivityManager: Freezer exemption set to false
01-01 00:00:41.580 617 663 D ActivityManager: Freezer enabled
01-01 00:00:41.580 617 663 D ActivityManager: freezer override set to false
01-01 00:00:41.582 617 617 I SystemServiceManager: Starting com.android.server.deviceconfig.DeviceConfigInit$Lifecycle
01-01 00:00:41.584 617 617 I DeviceConfig: Bootstrap values not found
01-01 00:00:41.585 617 617 V SystemServerTiming: InstallSystemProviders took to complete: 290ms
01-01 00:00:41.585 617 617 D SystemServerTiming: StartDropBoxManager
01-01 00:00:41.585 617 617 I SystemServiceManager: Starting com.android.server.DropBoxManagerService
01-01 00:00:41.588 617 617 V SystemServerTiming: StartDropBoxManager took to complete: 3ms
01-01 00:00:41.588 617 617 D SystemServerTiming: StartEnhancedConfirmationService
01-01 00:00:41.589 617 617 I SystemServiceManager: Starting com.android.ecm.EnhancedConfirmationService
01-01 00:00:41.592 617 617 V SystemServerTiming: StartEnhancedConfirmationService took to complete: 4ms
01-01 00:00:41.592 617 617 D SystemServerTiming: StartHintManager
01-01 00:00:41.593 617 617 I SystemServiceManager: Starting com.android.server.power.hint.HintManagerService
01-01 00:00:41.600 243 243 I servicemanager: Caller(pid=617,uid=1000,sid=u:r:system_server:s0) Found android.hardware.power.IPower/default in device VINTF manifest.
01-01 00:00:41.611 617 617 V SystemServerTiming: StartHintManager took to complete: 19ms
01-01 00:00:41.611 617 617 D SystemServerTiming: StartRoleManagerService
01-01 00:00:41.613 617 617 I SystemServiceManager: Starting com.android.role.RoleService
01-01 00:00:41.623 617 617 V SystemServerTiming: StartRoleManagerService took to complete: 11ms
01-01 00:00:41.623 617 617 D SystemServerTiming: StartVibratorManagerService
01-01 00:00:41.623 617 617 I SystemServiceManager: Starting com.android.server.vibrator.VibratorManagerService$Lifecycle
01-01 00:00:41.635 244 244 I hwservicemanager: getTransport: Cannot find entry android.hardware.vibrator@1.0::IVibrator/default in either framework or device VINTF manifest.
01-01 00:00:41.635 243 243 I servicemanager: Caller(pid=617,uid=1000,sid=u:r:system_server:s0) Could not find android.hardware.vibrator.IVibratorManager/default in the VINTF manifest. No alternative instances declared in VINTF.
01-01 00:00:41.636 243 243 I servicemanager: Caller(pid=617,uid=1000,sid=u:r:system_server:s0) Could not find android.hardware.vibrator.IVibrator/default in the VINTF manifest. No alternative instances declared in VINTF.
01-01 00:00:41.644 617 617 V SystemServerTiming: StartVibratorManagerService took to complete: 21ms
01-01 00:00:41.644 617 617 D SystemServerTiming: StartDynamicSystemService
01-01 00:00:41.644 243 243 I servicemanager: Caller(pid=617,uid=1000,sid=u:r:system_server:s0) Found android.frameworks.vibrator.IVibratorControlService/default in framework VINTF manifest.
01-01 00:00:41.645 243 243 I servicemanager: Caller(pid=617,uid=1000,sid=u:r:system_server:s0) Found android.frameworks.vibrator.IVibratorControlService/default in framework VINTF manifest.
01-01 00:00:41.646 617 617 V SystemServerTiming: StartDynamicSystemService took to complete: 2ms
01-01 00:00:41.647 617 617 D SystemServerTiming: StartAlarmManagerService
01-01 00:00:41.647 617 617 I SystemServiceManager: Starting com.android.server.alarm.AlarmManagerService
01-01 00:00:41.659 617 617 D nativeloader: Load /system/lib64/libalarm_jni.so using ns default for caller /system/framework/services.jar in same partition (is_bridged=0): ok
01-01 00:00:41.664 617 617 I SystemClockTime: Current time only 41664, advancing to build time 1743497198000
01-01 00:00:41.664 617 617 D SystemClockTime: Setting time of day to sec=1743497198
04-01 08:46:38.007 617 617 V SystemServerTiming: StartAlarmManagerService took to complete: 25ms
04-01 08:46:38.007 617 617 D SystemServerTiming: StartInputManagerService
04-01 08:46:38.015 617 617 D inputflinger: Creating InputFlingerRust
04-01 08:46:38.015 617 617 E system_server: Class descriptors 'com.android.server.inputflinger.IInputFlingerRust' match during associateClass, but they are different class objects (0xb400007ddfe23f50 vs 0xb400007ddfe6c7f0). Class descriptor collision?
04-01 08:46:38.019 617 617 I InputTracer: InputTracer initialized for data source: android.input.inputevent
04-01 08:46:38.022 457 464 I ServiceManagerCppClient: Waiting for service 'statscompanion' on '/dev/binder'...
04-01 08:46:38.023 617 617 D inputflinger: Creating InputFilter
04-01 08:46:38.023 617 617 E system_server: Class descriptors 'com.android.server.inputflinger.IInputFilter' match during associateClass, but they are different class objects (0xb400007ddfe230b0 vs 0xb400007ddfe64ff0). Class descriptor collision?
04-01 08:46:38.038 617 617 I InputManager: Initializing input manager, mUseDevInputEventForAudioJack=false
04-01 08:46:38.039 617 617 V SystemServerTiming: StartInputManagerService took to complete: 32ms
04-01 08:46:38.039 617 617 D SystemServerTiming: DeviceStateManagerService
04-01 08:46:38.040 617 617 I SystemServiceManager: Starting com.android.server.devicestate.DeviceStateManagerService
04-01 08:46:38.048 617 617 E DeviceStateManagerService: Cannot notify device state info change before the initial state has been committed.
04-01 08:46:38.049 617 617 I DeviceStateManagerService: Cannot notify device state info change when pending state is present.
04-01 08:46:38.053 617 617 V SystemServerTiming: DeviceStateManagerService took to complete: 14ms
04-01 08:46:38.053 617 617 D SystemServerTiming: StartCameraServiceProxy
04-01 08:46:38.054 617 617 I SystemServiceManager: Starting com.android.server.camera.CameraServiceProxy
04-01 08:46:38.075 617 617 V SystemServerTiming: StartCameraServiceProxy took to complete: 22ms
04-01 08:46:38.076 617 617 D SystemServerTiming: StartWindowManagerService
04-01 08:46:38.076 617 617 I SystemServiceManager: Starting phase 200
04-01 08:46:38.076 617 617 D SystemServerTiming: OnBootPhase_200
04-01 08:46:38.076 617 617 D SystemServerTiming: OnBootPhase_200_com.android.server.security.FileIntegrityService
04-01 08:46:38.076 617 617 V SystemServerTiming: OnBootPhase_200_com.android.server.security.FileIntegrityService took to complete: 0ms
04-01 08:46:38.076 617 617 D SystemServerTiming: OnBootPhase_200_com.android.server.pm.Installer
04-01 08:46:38.076 617 617 V SystemServerTiming: OnBootPhase_200_com.android.server.pm.Installer took to complete: 0ms
04-01 08:46:38.076 617 617 D SystemServerTiming: OnBootPhase_200_com.android.server.os.DeviceIdentifiersPolicyService
04-01 08:46:38.076 617 617 V SystemServerTiming: OnBootPhase_200_com.android.server.os.DeviceIdentifiersPolicyService took to complete: 0ms
04-01 08:46:38.076 617 617 D SystemServerTiming: OnBootPhase_200_com.android.server.flags.FeatureFlagsService
04-01 08:46:38.077 617 617 V SystemServerTiming: OnBootPhase_200_com.android.server.flags.FeatureFlagsService took to complete: 1ms
04-01 08:46:38.077 617 617 D SystemServerTiming: OnBootPhase_200_com.android.server.uri.UriGrantsManagerService$Lifecycle
04-01 08:46:38.077 617 617 V SystemServerTiming: OnBootPhase_200_com.android.server.uri.UriGrantsManagerService$Lifecycle took to complete: 0ms
04-01 08:46:38.077 617 617 D SystemServerTiming: OnBootPhase_200_com.android.server.powerstats.PowerStatsService
04-01 08:46:38.077 617 617 V SystemServerTiming: OnBootPhase_200_com.android.server.powerstats.PowerStatsService took to complete: 0ms
04-01 08:46:38.077 617 617 D SystemServerTiming: OnBootPhase_200_com.android.server.permission.access.AccessCheckingService
04-01 08:46:38.077 617 617 V SystemServerTiming: OnBootPhase_200_com.android.server.permission.access.AccessCheckingService took to complete: 0ms
04-01 08:46:38.077 617 617 D SystemServerTiming: OnBootPhase_200_com.android.server.wm.ActivityTaskManagerService$Lifecycle
04-01 08:46:38.077 617 617 V SystemServerTiming: OnBootPhase_200_com.android.server.wm.ActivityTaskManagerService$Lifecycle took to complete: 0ms
04-01 08:46:38.077 617 617 D SystemServerTiming: OnBootPhase_200_com.android.server.am.ActivityManagerService$Lifecycle
04-01 08:46:38.077 617 617 V SystemServerTiming: OnBootPhase_200_com.android.server.am.ActivityManagerService$Lifecycle took to complete: 0ms
04-01 08:46:38.077 617 617 D SystemServerTiming: OnBootPhase_200_com.android.server.pm.DataLoaderManagerService
04-01 08:46:38.077 617 617 V SystemServerTiming: OnBootPhase_200_com.android.server.pm.DataLoaderManagerService took to complete: 0ms
04-01 08:46:38.077 617 617 D SystemServerTiming: OnBootPhase_200_com.android.server.power.PowerManagerService
04-01 08:46:38.077 617 617 V SystemServerTiming: OnBootPhase_200_com.android.server.power.PowerManagerService took to complete: 0ms
04-01 08:46:38.077 617 617 D SystemServerTiming: OnBootPhase_200_com.android.server.power.ThermalManagerService
04-01 08:46:38.077 617 617 V SystemServerTiming: OnBootPhase_200_com.android.server.power.ThermalManagerService took to complete: 0ms
04-01 08:46:38.077 617 617 D SystemServerTiming: OnBootPhase_200_com.android.server.recoverysystem.RecoverySystemService$Lifecycle
04-01 08:46:38.077 617 617 V SystemServerTiming: OnBootPhase_200_com.android.server.recoverysystem.RecoverySystemService$Lifecycle took to complete: 0ms
04-01 08:46:38.077 617 617 D SystemServerTiming: OnBootPhase_200_com.android.server.lights.LightsService
04-01 08:46:38.077 617 617 V SystemServerTiming: OnBootPhase_200_com.android.server.lights.LightsService took to complete: 0ms
04-01 08:46:38.077 617 617 D SystemServerTiming: OnBootPhase_200_com.android.server.display.DisplayManagerService
04-01 08:46:38.077 617 617 V SystemServerTiming: OnBootPhase_200_com.android.server.display.DisplayManagerService took to complete: 0ms
04-01 08:46:38.077 617 617 D SystemServerTiming: OnBootPhase_200_com.android.server.pm.verify.domain.DomainVerificationService
04-01 08:46:38.078 617 617 V SystemServerTiming: OnBootPhase_200_com.android.server.pm.verify.domain.DomainVerificationService took to complete: 0ms
04-01 08:46:38.078 617 617 D SystemServerTiming: OnBootPhase_200_com.android.server.pm.PackageInstallerService$Lifecycle
04-01 08:46:38.078 617 617 V SystemServerTiming: OnBootPhase_200_com.android.server.pm.PackageInstallerService$Lifecycle took to complete: 0ms
04-01 08:46:38.078 617 617 D SystemServerTiming: OnBootPhase_200_com.android.server.pm.UserManagerService$LifeCycle
04-01 08:46:38.078 617 617 V SystemServerTiming: OnBootPhase_200_com.android.server.pm.UserManagerService$LifeCycle took to complete: 0ms
04-01 08:46:38.078 617 617 D SystemServerTiming: OnBootPhase_200_com.android.server.om.OverlayManagerService
04-01 08:46:38.078 617 617 V SystemServerTiming: OnBootPhase_200_com.android.server.om.OverlayManagerService took to complete: 0ms
04-01 08:46:38.078 617 617 D SystemServerTiming: OnBootPhase_200_com.android.server.resources.ResourcesManagerService
04-01 08:46:38.078 617 617 V SystemServerTiming: OnBootPhase_200_com.android.server.resources.ResourcesManagerService took to complete: 0ms
04-01 08:46:38.078 617 617 D SystemServerTiming: OnBootPhase_200_com.android.server.sensorprivacy.SensorPrivacyService
04-01 08:46:38.078 617 617 V SystemServerTiming: OnBootPhase_200_com.android.server.sensorprivacy.SensorPrivacyService took to complete: 0ms
04-01 08:46:38.078 617 617 D SystemServerTiming: OnBootPhase_200_com.android.server.sensors.SensorService
04-01 08:46:38.078 617 617 V SystemServerTiming: OnBootPhase_200_com.android.server.sensors.SensorService took to complete: 0ms
04-01 08:46:38.078 617 617 D SystemServerTiming: OnBootPhase_200_com.android.server.SystemConfigService
04-01 08:46:38.078 617 617 V SystemServerTiming: OnBootPhase_200_com.android.server.SystemConfigService took to complete: 0ms
04-01 08:46:38.078 617 617 D SystemServerTiming: OnBootPhase_200_com.android.server.BatteryService
04-01 08:46:38.078 617 617 V SystemServerTiming: OnBootPhase_200_com.android.server.BatteryService took to complete: 0ms
04-01 08:46:38.078 617 617 D SystemServerTiming: OnBootPhase_200_com.android.server.usage.UsageStatsService
04-01 08:46:38.078 617 617 V SystemServerTiming: OnBootPhase_200_com.android.server.usage.UsageStatsService took to complete: 0ms
04-01 08:46:38.078 617 617 D SystemServerTiming: OnBootPhase_200_com.android.server.webkit.WebViewUpdateService
04-01 08:46:38.078 617 617 V SystemServerTiming: OnBootPhase_200_com.android.server.webkit.WebViewUpdateService took to complete: 0ms
04-01 08:46:38.078 617 617 D SystemServerTiming: OnBootPhase_200_com.android.server.CachedDeviceStateService
04-01 08:46:38.078 617 617 V SystemServerTiming: OnBootPhase_200_com.android.server.CachedDeviceStateService took to complete: 0ms
04-01 08:46:38.078 617 617 D SystemServerTiming: OnBootPhase_200_com.android.server.BinderCallsStatsService$LifeCycle
04-01 08:46:38.078 617 617 V SystemServerTiming: OnBootPhase_200_com.android.server.BinderCallsStatsService$LifeCycle took to complete: 0ms
04-01 08:46:38.078 617 617 D SystemServerTiming: OnBootPhase_200_com.android.server.LooperStatsService$Lifecycle
04-01 08:46:38.078 617 617 V SystemServerTiming: OnBootPhase_200_com.android.server.LooperStatsService$Lifecycle took to complete: 0ms
04-01 08:46:38.078 617 617 D SystemServerTiming: OnBootPhase_200_com.android.server.rollback.RollbackManagerService
04-01 08:46:38.078 617 617 V SystemServerTiming: OnBootPhase_200_com.android.server.rollback.RollbackManagerService took to complete: 0ms
04-01 08:46:38.078 617 617 D SystemServerTiming: OnBootPhase_200_com.android.server.os.NativeTombstoneManagerService
04-01 08:46:38.078 617 617 V SystemServerTiming: OnBootPhase_200_com.android.server.os.NativeTombstoneManagerService took to complete: 0ms
04-01 08:46:38.078 617 617 D SystemServerTiming: OnBootPhase_200_com.android.server.os.BugreportManagerService
04-01 08:46:38.079 617 617 V SystemServerTiming: OnBootPhase_200_com.android.server.os.BugreportManagerService took to complete: 0ms
04-01 08:46:38.079 617 617 D SystemServerTiming: OnBootPhase_200_com.android.server.gpu.GpuService
04-01 08:46:38.079 617 617 V SystemServerTiming: OnBootPhase_200_com.android.server.gpu.GpuService took to complete: 0ms
04-01 08:46:38.079 617 617 D SystemServerTiming: OnBootPhase_200_com.android.server.security.rkp.RemoteProvisioningService
04-01 08:46:38.079 617 617 V SystemServerTiming: OnBootPhase_200_com.android.server.security.rkp.RemoteProvisioningService took to complete: 0ms
04-01 08:46:38.079 617 617 D SystemServerTiming: OnBootPhase_200_com.android.server.cpu.CpuMonitorService
04-01 08:46:38.079 617 617 V SystemServerTiming: OnBootPhase_200_com.android.server.cpu.CpuMonitorService took to complete: 0ms
04-01 08:46:38.079 617 617 D SystemServerTiming: OnBootPhase_200_com.android.server.security.KeyChainSystemService
