04-01 08:46:40.540 617 617 V SystemServerTiming: OnBootPhase_500_com.android.ecm.EnhancedConfirmationService took to complete: 0ms
04-01 08:46:40.540 617 617 D SystemServerTiming: OnBootPhase_500_com.android.server.power.hint.HintManagerService
04-01 08:46:40.541 617 617 V HintManagerService: Initializing HintManager service...
04-01 08:46:40.541 617 617 V HistoricalRegistry: Interaction before persistence initialized
04-01 08:46:40.542 617 617 V SystemServerTiming: OnBootPhase_500_com.android.server.power.hint.HintManagerService took to complete: 1ms
04-01 08:46:40.542 617 617 D SystemServerTiming: OnBootPhase_500_com.android.role.RoleService
04-01 08:46:40.542 617 617 V SystemServerTiming: OnBootPhase_500_com.android.role.RoleService took to complete: 0ms
04-01 08:46:40.542 617 617 D SystemServerTiming: OnBootPhase_500_com.android.server.vibrator.VibratorManagerService$Lifecycle
04-01 08:46:40.542 617 617 V VibratorManagerService: Initializing VibratorManager service...
04-01 08:46:40.547 617 617 V HistoricalRegistry: Interaction before persistence initialized
04-01 08:46:40.589 617 617 V VibratorManagerService: VibratorManager service initialized
04-01 08:46:40.589 617 617 V SystemServerTiming: OnBootPhase_500_com.android.server.vibrator.VibratorManagerService$Lifecycle took to complete: 47ms
04-01 08:46:40.589 617 617 D SystemServerTiming: OnBootPhase_500_com.android.server.alarm.AlarmManagerService
04-01 08:46:40.591 498 498 D DeviceHalAidl: [default] setParameters: parameters: "screen_state=on"
04-01 08:46:40.592 484 484 D AHAL_Module: updateScreenState: default: 1
04-01 08:46:40.592 498 498 D DeviceHalAidl: [r_submix] setParameters: parameters: "screen_state=on"
04-01 08:46:40.593 484 484 D AHAL_Module: updateScreenState: r_submix: 1
04-01 08:46:40.593 498 498 D DeviceHalAidl: [bluetooth] setParameters: parameters: "screen_state=on"
04-01 08:46:40.593 484 484 D AHAL_Module: updateScreenState: bluetooth: 1
04-01 08:46:40.595 498 498 D DeviceHalAidl: [default] setParameters: parameters: "screen_state=on"
04-01 08:46:40.595 617 617 V SystemServerTiming: OnBootPhase_500_com.android.server.alarm.AlarmManagerService took to complete: 6ms
04-01 08:46:40.595 484 484 D AHAL_Module: updateScreenState: default: 1
04-01 08:46:40.596 617 617 D SystemServerTiming: OnBootPhase_500_com.android.server.devicestate.DeviceStateManagerService
04-01 08:46:40.596 498 498 D DeviceHalAidl: [r_submix] setParameters: parameters: "screen_state=on"
04-01 08:46:40.596 617 617 V SystemServerTiming: OnBootPhase_500_com.android.server.devicestate.DeviceStateManagerService took to complete: 0ms
04-01 08:46:40.596 617 617 D SystemServerTiming: OnBootPhase_500_com.android.server.camera.CameraServiceProxy
04-01 08:46:40.596 617 617 V SystemServerTiming: OnBootPhase_500_com.android.server.camera.CameraServiceProxy took to complete: 0ms
04-01 08:46:40.596 617 617 D SystemServerTiming: OnBootPhase_500_com.android.server.connectivity.IpConnectivityMetrics
04-01 08:46:40.597 484 484 D AHAL_Module: updateScreenState: r_submix: 1
04-01 08:46:40.597 498 498 D DeviceHalAidl: [bluetooth] setParameters: parameters: "screen_state=on"
04-01 08:46:40.598 484 484 D AHAL_Module: updateScreenState: bluetooth: 1
04-01 08:46:40.599 617 774 D ConnectivityService: NetReassign [no changes] [c 0] [a 0] [i 0]
04-01 08:46:40.601 617 617 V SystemServerTiming: OnBootPhase_500_com.android.server.connectivity.IpConnectivityMetrics took to complete: 6ms
04-01 08:46:40.602 617 617 D SystemServerTiming: OnBootPhase_500_com.android.server.net.watchlist.NetworkWatchlistService$Lifecycle
04-01 08:46:40.602 617 617 V SystemServerTiming: OnBootPhase_500_com.android.server.net.watchlist.NetworkWatchlistService$Lifecycle took to complete: 0ms
04-01 08:46:40.602 617 617 D SystemServerTiming: OnBootPhase_500_com.android.server.PinnerService
04-01 08:46:40.602 617 617 V SystemServerTiming: OnBootPhase_500_com.android.server.PinnerService took to complete: 0ms
04-01 08:46:40.602 617 617 D SystemServerTiming: OnBootPhase_500_com.android.server.integrity.AppIntegrityManagerService
04-01 08:46:40.602 617 617 V SystemServerTiming: OnBootPhase_500_com.android.server.integrity.AppIntegrityManagerService took to complete: 0ms
04-01 08:46:40.602 617 617 D SystemServerTiming: OnBootPhase_500_com.android.server.logcat.LogcatManagerService
04-01 08:46:40.602 617 617 V SystemServerTiming: OnBootPhase_500_com.android.server.logcat.LogcatManagerService took to complete: 0ms
04-01 08:46:40.602 617 617 D SystemServerTiming: OnBootPhase_500_com.android.server.inputmethod.InputMethodManagerService$Lifecycle
04-01 08:46:40.602 617 617 V SystemServerTiming: OnBootPhase_500_com.android.server.inputmethod.InputMethodManagerService$Lifecycle took to complete: 0ms
04-01 08:46:40.602 617 617 D SystemServerTiming: OnBootPhase_500_com.android.server.accessibility.AccessibilityManagerService$Lifecycle
04-01 08:46:40.602 617 617 V SystemServerTiming: OnBootPhase_500_com.android.server.accessibility.AccessibilityManagerService$Lifecycle took to complete: 0ms
04-01 08:46:40.602 617 617 D SystemServerTiming: OnBootPhase_500_com.android.server.StorageManagerService$Lifecycle
04-01 08:46:40.604 617 617 V SystemServerTiming: OnBootPhase_500_com.android.server.StorageManagerService$Lifecycle took to complete: 2ms
04-01 08:46:40.604 617 617 D SystemServerTiming: OnBootPhase_500_com.android.server.usage.StorageStatsService$Lifecycle
04-01 08:46:40.604 617 617 V SystemServerTiming: OnBootPhase_500_com.android.server.usage.StorageStatsService$Lifecycle took to complete: 0ms
04-01 08:46:40.604 617 617 D SystemServerTiming: OnBootPhase_500_com.android.server.UiModeManagerService
04-01 08:46:40.609 617 617 I ActivityTaskManager: Config changes=200 {1.0 ?mcc0mnc [en_US] ldltr sw720dp w1280dp h720dp 240dpi xlrg long land -touch qwerty/v/v dpad/v winConfig={ mBounds=Rect(0, 0 - 1920, 1080) mAppBounds=Rect(0, 0 - 1920, 1080) mMaxBounds=Rect(0, 0 - 1920, 1080) mDisplayRotation=ROTATION_0 mWindowingMode=fullscreen mActivityType=undefined mAlwaysOnTop=undefined mRotation=ROTATION_0} s.4 ?fontWeightAdjustment}
04-01 08:46:40.613 617 617 I WindowManager: Override config changes=200 {1.0 ?mcc0mnc [en_US] ldltr sw720dp w1280dp h720dp 240dpi xlrg long land -touch qwerty/v/v dpad/v winConfig={ mBounds=Rect(0, 0 - 1920, 1080) mAppBounds=Rect(0, 0 - 1920, 1080) mMaxBounds=Rect(0, 0 - 1920, 1080) mDisplayRotation=ROTATION_0 mWindowingMode=fullscreen mActivityType=undefined mAlwaysOnTop=undefined mRotation=ROTATION_0} s.4 ?fontWeightAdjustment} for displayId=0
04-01 08:46:40.616 617 617 V SystemServerTiming: OnBootPhase_500_com.android.server.UiModeManagerService took to complete: 12ms
04-01 08:46:40.616 617 617 D SystemServerTiming: OnBootPhase_500_com.android.server.locales.LocaleManagerService
04-01 08:46:40.616 617 617 V SystemServerTiming: OnBootPhase_500_com.android.server.locales.LocaleManagerService took to complete: 0ms
04-01 08:46:40.616 617 617 D SystemServerTiming: OnBootPhase_500_com.android.server.grammaticalinflection.GrammaticalInflectionService
04-01 08:46:40.616 617 617 V SystemServerTiming: OnBootPhase_500_com.android.server.grammaticalinflection.GrammaticalInflectionService took to complete: 0ms
04-01 08:46:40.616 617 617 D SystemServerTiming: OnBootPhase_500_com.android.server.apphibernation.AppHibernationService
04-01 08:46:40.618 617 617 V SystemServerTiming: OnBootPhase_500_com.android.server.apphibernation.AppHibernationService took to complete: 2ms
04-01 08:46:40.618 617 617 D SystemServerTiming: OnBootPhase_500_com.android.server.locksettings.LockSettingsService$Lifecycle
04-01 08:46:40.618 617 617 V SystemServerTiming: OnBootPhase_500_com.android.server.locksettings.LockSettingsService$Lifecycle took to complete: 0ms
04-01 08:46:40.618 617 617 D SystemServerTiming: OnBootPhase_500_com.android.server.pdb.PersistentDataBlockService
04-01 08:46:40.619 617 617 V SystemServerTiming: OnBootPhase_500_com.android.server.pdb.PersistentDataBlockService took to complete: 1ms
04-01 08:46:40.619 617 617 D SystemServerTiming: OnBootPhase_500_com.android.server.testharness.TestHarnessModeService
04-01 08:46:40.619 617 617 D TestHarnessModeService: Setting up test harness mode
04-01 08:46:40.619 617 617 D TestHarnessModeService: Getting PersistentDataBlockManagerInternal from LocalServices
04-01 08:46:40.629 617 617 V SystemServerTiming: OnBootPhase_500_com.android.server.testharness.TestHarnessModeService took to complete: 10ms
04-01 08:46:40.629 617 617 D SystemServerTiming: OnBootPhase_500_com.android.server.oemlock.OemLockService
04-01 08:46:40.629 617 617 V SystemServerTiming: OnBootPhase_500_com.android.server.oemlock.OemLockService took to complete: 0ms
04-01 08:46:40.629 617 617 D SystemServerTiming: OnBootPhase_500_com.android.server.DeviceIdleController
04-01 08:46:40.636 617 617 V HistoricalRegistry: Interaction before persistence initialized
04-01 08:46:40.642 617 617 V SystemServerTiming: OnBootPhase_500_com.android.server.DeviceIdleController took to complete: 13ms
04-01 08:46:40.642 617 617 D SystemServerTiming: OnBootPhase_500_com.android.server.devicepolicy.DevicePolicyManagerService$Lifecycle
04-01 08:46:40.644 617 617 V SystemServerTiming: OnBootPhase_500_com.android.server.devicepolicy.DevicePolicyManagerService$Lifecycle took to complete: 2ms
04-01 08:46:40.644 617 617 D SystemServerTiming: OnBootPhase_500_com.android.server.texttospeech.TextToSpeechManagerService
04-01 08:46:40.644 617 617 V SystemServerTiming: OnBootPhase_500_com.android.server.texttospeech.TextToSpeechManagerService took to complete: 0ms
04-01 08:46:40.644 617 617 D SystemServerTiming: OnBootPhase_500_com.android.server.wearable.WearableSensingManagerService
04-01 08:46:40.645 617 617 V SystemServerTiming: OnBootPhase_500_com.android.server.wearable.WearableSensingManagerService took to complete: 2ms
04-01 08:46:40.645 617 617 D SystemServerTiming: OnBootPhase_500_com.android.server.ondeviceintelligence.OnDeviceIntelligenceManagerService
04-01 08:46:40.647 617 617 V SystemServerTiming: OnBootPhase_500_com.android.server.ondeviceintelligence.OnDeviceIntelligenceManagerService took to complete: 1ms
04-01 08:46:40.647 617 617 D SystemServerTiming: OnBootPhase_500_com.android.server.speech.SpeechRecognitionManagerService
04-01 08:46:40.647 617 617 V SystemServerTiming: OnBootPhase_500_com.android.server.speech.SpeechRecognitionManagerService took to complete: 0ms
04-01 08:46:40.647 617 617 D SystemServerTiming: OnBootPhase_500_com.android.server.graphics.fonts.FontManagerService$Lifecycle
04-01 08:46:40.647 617 617 V SystemServerTiming: OnBootPhase_500_com.android.server.graphics.fonts.FontManagerService$Lifecycle took to complete: 0ms
04-01 08:46:40.647 617 617 D SystemServerTiming: OnBootPhase_500_com.android.server.textservices.TextServicesManagerService$Lifecycle
04-01 08:46:40.647 617 617 V SystemServerTiming: OnBootPhase_500_com.android.server.textservices.TextServicesManagerService$Lifecycle took to complete: 0ms
04-01 08:46:40.647 617 617 D SystemServerTiming: OnBootPhase_500_com.android.server.textclassifier.TextClassificationManagerService$Lifecycle
04-01 08:46:40.647 617 617 V SystemServerTiming: OnBootPhase_500_com.android.server.textclassifier.TextClassificationManagerService$Lifecycle took to complete: 0ms
04-01 08:46:40.647 617 617 D SystemServerTiming: OnBootPhase_500_com.android.server.NetworkScoreService$Lifecycle
04-01 08:46:40.649 617 617 V SystemServerTiming: OnBootPhase_500_com.android.server.NetworkScoreService$Lifecycle took to complete: 1ms
04-01 08:46:40.649 617 617 D SystemServerTiming: OnBootPhase_500_com.android.server.NetworkStatsServiceInitializer
04-01 08:46:40.649 617 617 V SystemServerTiming: OnBootPhase_500_com.android.server.NetworkStatsServiceInitializer took to complete: 0ms
04-01 08:46:40.649 617 617 D SystemServerTiming: OnBootPhase_500_com.android.server.wifi.WifiService
04-01 08:46:40.649 617 617 V SystemServerTiming: OnBootPhase_500_com.android.server.wifi.WifiService took to complete: 1ms
04-01 08:46:40.650 617 617 D SystemServerTiming: OnBootPhase_500_com.android.server.wifi.scanner.WifiScanningService
04-01 08:46:40.650 617 617 I WifiScanningService: Starting wifiscanner
04-01 08:46:40.651 617 617 V SystemServerTiming: OnBootPhase_500_com.android.server.wifi.scanner.WifiScanningService took to complete: 1ms
04-01 08:46:40.651 617 617 D SystemServerTiming: OnBootPhase_500_com.android.server.wifi.p2p.WifiP2pService
04-01 08:46:40.653 455 483 I netd : registerUnsolicitedEventListener(interface:0xb4000078b47f45b0) <0.07ms>
04-01 08:46:40.654 617 617 V SystemServerTiming: OnBootPhase_500_com.android.server.wifi.p2p.WifiP2pService took to complete: 3ms
04-01 08:46:40.654 617 617 D SystemServerTiming: OnBootPhase_500_com.android.server.ConnectivityServiceInitializer
04-01 08:46:40.654 617 617 I EthernetServiceImpl: Starting Ethernet service
04-01 08:46:40.658 617 774 D ConnectivityService: Got NetworkProvider Messenger for EthernetNetworkFactory
04-01 08:46:40.658 617 617 V SystemServerTiming: OnBootPhase_500_com.android.server.ConnectivityServiceInitializer took to complete: 5ms
04-01 08:46:40.659 617 617 D SystemServerTiming: OnBootPhase_500_com.android.server.notification.NotificationManagerService
04-01 08:46:40.659 617 768 I WifiContext: Got resolveInfos for com.android.server.wifi.intent.action.SERVICE_WIFI_RESOURCES_APK: [ResolveInfo{e4ae0a4 com.android.wifi.resources/android.app.Activity m=0x108000 userHandle=UserHandle{0}}]
04-01 08:46:40.659 617 768 I WifiContext: Found Wifi Resources APK at: com.android.wifi.resources
04-01 08:46:40.661 455 483 I netd : interfaceGetList() -> {[ifb0, ip6_vti0, eth1, ip6gre0, tunl0, sit0, gretap0, erspan0, ifb1, lo, eth0, gre0, dummy0, ip6tnl0, ip_vti0]} <0.32ms>
04-01 08:46:40.662 617 773 I EthernetTracker: maybeTrackInterface: eth1
04-01 08:46:40.664 455 483 I netd : interfaceGetCfg(eth1) -> {InterfaceConfigurationParcel{ifName: eth1, hwAddr: d6:f5:cc:fc:28:ef, ipv4Addr: 0.0.0.0, prefixLength: 0, flags: [down, broadcast, multicast]}} <1.32ms>
04-01 08:46:40.667 455 483 I netd : interfaceGetCfg(eth1) -> {InterfaceConfigurationParcel{ifName: eth1, hwAddr: d6:f5:cc:fc:28:ef, ipv4Addr: 0.0.0.0, prefixLength: 0, flags: [down, broadcast, multicast]}} <0.54ms>
04-01 08:46:40.670 617 617 V SystemServerTiming: OnBootPhase_500_com.android.server.notification.NotificationManagerService took to complete: 11ms
04-01 08:46:40.670 617 617 D SystemServerTiming: OnBootPhase_500_com.android.server.storage.DeviceStorageMonitorService
04-01 08:46:40.670 617 617 V SystemServerTiming: OnBootPhase_500_com.android.server.storage.DeviceStorageMonitorService took to complete: 0ms
04-01 08:46:40.670 617 617 D SystemServerTiming: OnBootPhase_500_com.android.server.timedetector.TimeDetectorService$Lifecycle
04-01 08:46:40.670 617 617 V SystemServerTiming: OnBootPhase_500_com.android.server.timedetector.TimeDetectorService$Lifecycle took to complete: 0ms
04-01 08:46:40.670 617 617 D SystemServerTiming: OnBootPhase_500_com.android.server.location.LocationManagerService$Lifecycle
04-01 08:46:40.673 617 758 D WifiConfigStore: Reading from all stores completed in 22 ms.
04-01 08:46:40.674 617 758 W WifiConfigManager: No stored networks found.
04-01 08:46:40.675 617 758 W BroadcastLoopers: Found previously unknown looper Thread[WifiHandlerThread,5,main]
04-01 08:46:40.676 617 617 V HistoricalRegistry: Interaction before persistence initialized
04-01 08:46:40.678 617 758 I WifiInjector: enableVerboseLogging false hal false
04-01 08:46:40.679 617 758 D WifiNative: enableVerboseLogging false hal false
04-01 08:46:40.679 617 758 E SupplicantStaIfaceHalAidlImpl: Can't call setDebugParams, ISupplicant is null
04-01 08:46:40.682 483 483 I : am65-cpsw-nuss 8000000.ethernet eth1: PHY [8000f00.mdio:01] driver [Generic PHY] (irq=POLL)
04-01 08:46:40.682 483 483 I : am65-cpsw-nuss 8000000.ethernet eth1: configuring for phy/rgmii-rxid link mode
04-01 08:46:40.681 617 758 I WifiService: WifiService starting up with Wi-Fi enabled
04-01 08:46:40.683 617 617 V SystemServerTiming: OnBootPhase_500_com.android.server.location.LocationManagerService$Lifecycle took to complete: 13ms
04-01 08:46:40.683 617 617 D SystemServerTiming: OnBootPhase_500_com.android.server.timezonedetector.TimeZoneDetectorService$Lifecycle
04-01 08:46:40.683 617 617 V SystemServerTiming: OnBootPhase_500_com.android.server.timezonedetector.TimeZoneDetectorService$Lifecycle took to complete: 0ms
04-01 08:46:40.683 617 617 D SystemServerTiming: OnBootPhase_500_com.android.server.location.altitude.AltitudeService$Lifecycle
04-01 08:46:40.683 617 617 V SystemServerTiming: OnBootPhase_500_com.android.server.location.altitude.AltitudeService$Lifecycle took to complete: 0ms
04-01 08:46:40.683 617 617 D SystemServerTiming: OnBootPhase_500_com.android.server.timezonedetector.location.LocationTimeZoneManagerService$Lifecycle
04-01 08:46:40.684 617 617 V SystemServerTiming: OnBootPhase_500_com.android.server.timezonedetector.location.LocationTimeZoneManagerService$Lifecycle took to complete: 1ms
04-01 08:46:40.684 617 617 D SystemServerTiming: OnBootPhase_500_com.android.server.search.SearchManagerService$Lifecycle
04-01 08:46:40.684 617 617 V SystemServerTiming: OnBootPhase_500_com.android.server.search.SearchManagerService$Lifecycle took to complete: 0ms
04-01 08:46:40.684 617 617 D SystemServerTiming: OnBootPhase_500_com.android.server.wallpaper.WallpaperManagerService$Lifecycle
04-01 08:46:40.685 617 617 V SystemServerTiming: OnBootPhase_500_com.android.server.wallpaper.WallpaperManagerService$Lifecycle took to complete: 1ms
04-01 08:46:40.685 617 617 D SystemServerTiming: OnBootPhase_500_com.android.server.audio.AudioService$Lifecycle
04-01 08:46:40.685 617 617 V SystemServerTiming: OnBootPhase_500_com.android.server.audio.AudioService$Lifecycle took to complete: 0ms
04-01 08:46:40.685 617 617 D SystemServerTiming: OnBootPhase_500_com.android.server.soundtrigger_middleware.SoundTriggerMiddlewareService$Lifecycle
04-01 08:46:40.685 617 617 V SystemServerTiming: OnBootPhase_500_com.android.server.soundtrigger_middleware.SoundTriggerMiddlewareService$Lifecycle took to complete: 0ms
04-01 08:46:40.685 617 617 D SystemServerTiming: OnBootPhase_500_com.android.server.DockObserver
04-01 08:46:40.686 617 617 V SystemServerTiming: OnBootPhase_500_com.android.server.DockObserver took to complete: 0ms
04-01 08:46:40.686 617 617 D SystemServerTiming: OnBootPhase_500_com.android.server.adb.AdbService$Lifecycle
04-01 08:46:40.686 617 617 V SystemServerTiming: OnBootPhase_500_com.android.server.adb.AdbService$Lifecycle took to complete: 0ms
04-01 08:46:40.686 617 617 D SystemServerTiming: OnBootPhase_500_com.android.server.usb.UsbService$Lifecycle
04-01 08:46:40.686 617 617 V SystemServerTiming: OnBootPhase_500_com.android.server.usb.UsbService$Lifecycle took to complete: 0ms
04-01 08:46:40.686 617 617 D SystemServerTiming: OnBootPhase_500_com.android.server.SerialService$Lifecycle
04-01 08:46:40.686 617 617 V SystemServerTiming: OnBootPhase_500_com.android.server.SerialService$Lifecycle took to complete: 0ms
04-01 08:46:40.686 617 617 D SystemServerTiming: OnBootPhase_500_com.android.server.twilight.TwilightService
04-01 08:46:40.686 617 617 V SystemServerTiming: OnBootPhase_500_com.android.server.twilight.TwilightService took to complete: 0ms
04-01 08:46:40.686 617 617 D SystemServerTiming: OnBootPhase_500_com.android.server.display.color.ColorDisplayService
04-01 08:46:40.686 617 617 V SystemServerTiming: OnBootPhase_500_com.android.server.display.color.ColorDisplayService took to complete: 0ms
04-01 08:46:40.686 617 617 D SystemServerTiming: OnBootPhase_500_com.android.server.job.JobSchedulerService
04-01 08:46:40.688 455 483 I netd : interfaceSetCfg(InterfaceConfigurationParcel{ifName: eth1, hwAddr: d6:f5:cc:fc:28:ef, ipv4Addr: 0.0.0.0, prefixLength: 0, flags: [broadcast, multicast, up]}) <20.15ms>
04-01 08:46:40.693 617 773 D EthernetTracker: Tracking interface in client mode: eth1
04-01 08:46:40.694 617 773 D EthernetNetworkFactory: addInterface, iface: eth1, capabilities: [ Transports: ETHERNET Capabilities: NOT_METERED&INTERNET&NOT_RESTRICTED&TRUSTED&NOT_VPN&NOT_ROAMING&NOT_CONGESTED&NOT_SUSPENDED&NOT_VCN_MANAGED&NOT_BANDWIDTH_CONSTRAINED LinkUpBandwidth>=100000Kbps LinkDnBandwidth>=100000Kbps Specifier: UnderlyingNetworks: Null]
04-01 08:46:40.695 617 773 I EthernetTracker: maybeTrackInterface: eth0
04-01 08:46:40.696 455 483 I netd : interfaceGetCfg(eth0) -> {InterfaceConfigurationParcel{ifName: eth0, hwAddr: c0:d6:0a:f9:6a:e3, ipv4Addr: 0.0.0.0, prefixLength: 0, flags: [down, broadcast, multicast]}} <0.43ms>
04-01 08:46:40.686 164 164 E ueventd : LoadWithAliases was unable to load of:Nethernet-phyT(null), tried: of:Nethernet_phyT(null)
04-01 08:46:40.698 455 483 I netd : interfaceGetCfg(eth0) -> {InterfaceConfigurationParcel{ifName: eth0, hwAddr: c0:d6:0a:f9:6a:e3, ipv4Addr: 0.0.0.0, prefixLength: 0, flags: [down, broadcast, multicast]}} <0.54ms>
04-01 08:46:40.703 617 758 D WifiController: isAirplaneModeOn = false, isWifiEnabled = true, isScanningAvailable = false, isLocationModeActive = true, isSatelliteModeOn = false
04-01 08:46:40.704 617 758 D WifiActiveModeWarden: Starting primary ClientModeManager in connect mode
04-01 08:46:40.708 483 483 I : am65-cpsw-nuss 8000000.ethernet eth0: PHY [8000f00.mdio:00] driver [Generic PHY] (irq=POLL)
04-01 08:46:40.708 483 483 I : am65-cpsw-nuss 8000000.ethernet eth0: configuring for phy/rgmii-rxid link mode
04-01 08:46:40.711 164 164 E ueventd : LoadWithAliases was unable to load of:Nethernet-phyT(null), tried: of:Nethernet_phyT(null)
04-01 08:46:40.709 617 758 E WifiHal : Cannot call registerEventCallback because mWifiHal is null
04-01 08:46:40.710 617 758 D WifiNl80211Manager: tearing down interfaces in wificond
04-01 08:46:40.715 455 483 I netd : interfaceSetCfg(InterfaceConfigurationParcel{ifName: eth0, hwAddr: c0:d6:0a:f9:6a:e3, ipv4Addr: 0.0.0.0, prefixLength: 0, flags: [broadcast, multicast, up]}) <14.56ms>
04-01 08:46:40.716 617 773 D EthernetTracker: Tracking interface in client mode: eth0
04-01 08:46:40.716 617 773 D EthernetNetworkFactory: addInterface, iface: eth0, capabilities: [ Transports: ETHERNET Capabilities: NOT_METERED&INTERNET&NOT_RESTRICTED&TRUSTED&NOT_VPN&NOT_ROAMING&NOT_CONGESTED&NOT_SUSPENDED&NOT_VCN_MANAGED&NOT_BANDWIDTH_CONSTRAINED LinkUpBandwidth>=100000Kbps LinkDnBandwidth>=100000Kbps Specifier: UnderlyingNetworks: Null]
04-01 08:46:40.719 617 773 I EthernetTracker: interfaceLinkStateChanged, iface: eth1, up: false
04-01 08:46:40.719 617 773 D EthernetNetworkFactory: updateInterfaceLinkState, iface: eth1, up: false
04-01 08:46:40.720 617 758 D WifiAdaptConnObserver: Adaptive connectivity status initialized to: true
04-01 08:46:40.720 617 773 I EthernetTracker: interfaceLinkStateChanged, iface: eth0, up: false
04-01 08:46:40.720 617 758 D WifiController: EnabledState.enter()
04-01 08:46:40.721 617 773 D EthernetNetworkFactory: updateInterfaceLinkState, iface: eth0, up: false
04-01 08:46:40.721 617 758 D WifiClientModeManager[35753:unknown]: entering IdleState
04-01 08:46:40.725 617 758 E WifiHal : Cannot call isSupported because mWifiHal is null
04-01 08:46:40.726 617 758 I WifiNative: Vendor Hal not supported, ignoring start.
04-01 08:46:40.727 617 758 E WifiHal : Cannot call isSupported because mWifiHal is null
04-01 08:46:40.728 617 758 I WifiNative: Vendor Hal not supported, ignoring createStaIface.
04-01 08:46:40.729 617 758 D WifiNl80211Manager: Setting up interface for client mode: wlan0
04-01 08:46:40.730 535 535 E wificond: Can't get wlan0 index: No such device
04-01 08:46:40.730 535 535 E wificond: Failed to get wiphy index
04-01 08:46:40.730 617 758 E WifiNl80211Manager: Could not get IClientInterface instance from wificond
04-01 08:46:40.730 617 758 E WifiNative: Failed to setup iface in wificond=wlan0
04-01 08:46:40.731 617 758 E WifiHal : Cannot call isSupported because mWifiHal is null
04-01 08:46:40.732 617 758 I WifiNative: Vendor Hal not supported, ignoring removeStaIface.
04-01 08:46:40.732 617 758 E WifiNative: Failed to unregister network observer on Iface:{Name=wlan0,Id=0,Type=STA_SCAN}
04-01 08:46:40.732 617 758 E WifiNl80211Manager: No valid wificond client interface handler for iface=wlan0
04-01 08:46:40.732 617 758 E WifiNative: Failed to teardown iface in wificond on Iface:{Name=wlan0,Id=0,Type=STA_SCAN}
04-01 08:46:40.732 617 758 D WifiNl80211Manager: tearing down interfaces in wificond
04-01 08:46:40.733 617 758 E WifiHal : Cannot call isSupported because mWifiHal is null
04-01 08:46:40.734 617 758 I WifiNative: Vendor Hal not supported, ignoring stop.
04-01 08:46:40.735 617 758 E WifiHal : Cannot call isInitializationComplete because mWifiHal is null
04-01 08:46:40.735 617 758 I WifiNative: Successfully torn down Iface:{Name=wlan0,Id=0,Type=STA_SCAN}
04-01 08:46:40.735 617 758 I WifiNative: Successfully initiated teardown for iface=wlan0
04-01 08:46:40.736 617 758 E WifiClientModeManager[35753:unknown]: Failed to create ClientInterface. Sit in Idle
04-01 08:46:40.737 617 758 E WifiActiveModeWarden: ClientModeManager start failed!ConcreteClientModeManager{id=35753 iface=null role=null}
04-01 08:46:40.738 617 758 D WifiScanRequestProxy: Sending scan available broadcast: false
04-01 08:46:40.741 617 768 I WifiScanningService: Received a request to disable scanning, UID = 1000
04-01 08:46:40.741 617 758 I WifiScanRequestProxy: Scanning is disabled
04-01 08:46:40.742 617 768 I WifiScanningService: wifi driver unloaded
04-01 08:46:40.743 617 758 I WifiCountryCode: No active mode, call onDriverCountryCodeChanged with Null
04-01 08:46:40.744 617 758 D WifiController: STA disabled, return to DisabledState.
04-01 08:46:40.744 617 758 D WifiController: EnabledState.exit()
04-01 08:46:40.744 617 758 D WifiController: DisabledState.enter()
04-01 08:46:40.761 617 617 V HistoricalRegistry: Interaction before persistence initialized
04-01 08:46:40.763 617 617 W SystemServiceManager: Service com.android.server.job.JobSchedulerService took 77 ms in onBootPhase
04-01 08:46:40.763 617 617 V SystemServerTiming: OnBootPhase_500_com.android.server.job.JobSchedulerService took to complete: 77ms
04-01 08:46:40.763 617 617 D SystemServerTiming: OnBootPhase_500_com.android.server.soundtrigger.SoundTriggerService
04-01 08:46:40.763 617 617 D SoundTriggerService: onBootPhase: 500 : false
04-01 08:46:40.764 617 617 V SystemServerTiming: OnBootPhase_500_com.android.server.soundtrigger.SoundTriggerService took to complete: 1ms
04-01 08:46:40.764 617 617 D SystemServerTiming: OnBootPhase_500_com.android.server.trust.TrustManagerService
04-01 08:46:40.768 617 617 E SystemServiceRegistry: No service published for: fingerprint
04-01 08:46:40.768 617 617 E SystemServiceRegistry: android.os.ServiceManager$ServiceNotFoundException: No service published for: fingerprint
04-01 08:46:40.768 617 617 E SystemServiceRegistry: at android.os.ServiceManager.getServiceOrThrow(ServiceManager.java:203)
04-01 08:46:40.768 617 617 E SystemServiceRegistry: at android.app.SystemServiceRegistry$72.createService(SystemServiceRegistry.java:997)
04-01 08:46:40.768 617 617 E SystemServiceRegistry: at android.app.SystemServiceRegistry$72.createService(SystemServiceRegistry.java:992)
04-01 08:46:40.768 617 617 E SystemServiceRegistry: at android.app.SystemServiceRegistry$CachedServiceFetcher.getService(SystemServiceRegistry.java:2300)
04-01 08:46:40.768 617 617 E SystemServiceRegistry: at android.app.SystemServiceRegistry.getSystemService(SystemServiceRegistry.java:1875)
04-01 08:46:40.768 617 617 E SystemServiceRegistry: at android.app.ContextImpl.getSystemService(ContextImpl.java:2293)
04-01 08:46:40.768 617 617 E SystemServiceRegistry: at android.content.Context.getSystemService(Context.java:4554)
04-01 08:46:40.768 617 617 E SystemServiceRegistry: at com.android.server.trust.TrustManagerService.onBootPhase(TrustManagerService.java:344)
04-01 08:46:40.768 617 617 E SystemServiceRegistry: at com.android.server.SystemServiceManager.startBootPhase(SystemServiceManager.java:318)
04-01 08:46:40.768 617 617 E SystemServiceRegistry: at com.android.server.SystemServer.startOtherServices(SystemServer.java:2918)
04-01 08:46:40.768 617 617 E SystemServiceRegistry: at com.android.server.SystemServer.run(SystemServer.java:948)
04-01 08:46:40.768 617 617 E SystemServiceRegistry: at com.android.server.SystemServer.main(SystemServer.java:669)
04-01 08:46:40.768 617 617 E SystemServiceRegistry: at java.lang.reflect.Method.invoke(Native Method)
04-01 08:46:40.768 617 617 E SystemServiceRegistry: at com.android.internal.os.RuntimeInit$MethodAndArgsCaller.run(RuntimeInit.java:591)
04-01 08:46:40.768 617 617 E SystemServiceRegistry: at com.android.internal.os.ZygoteInit.main(ZygoteInit.java:849)
04-01 08:46:40.769 617 617 E SystemServiceRegistry: Manager wrapper not available: fingerprint
04-01 08:46:40.771 617 617 E SystemServiceRegistry: No service published for: face
04-01 08:46:40.771 617 617 E SystemServiceRegistry: android.os.ServiceManager$ServiceNotFoundException: No service published for: face
04-01 08:46:40.771 617 617 E SystemServiceRegistry: at android.os.ServiceManager.getServiceOrThrow(ServiceManager.java:203)
04-01 08:46:40.771 617 617 E SystemServiceRegistry: at android.app.SystemServiceRegistry$73.createService(SystemServiceRegistry.java:1012)
04-01 08:46:40.771 617 617 E SystemServiceRegistry: at android.app.SystemServiceRegistry$73.createService(SystemServiceRegistry.java:1006)
04-01 08:46:40.771 617 617 E SystemServiceRegistry: at android.app.SystemServiceRegistry$CachedServiceFetcher.getService(SystemServiceRegistry.java:2300)
04-01 08:46:40.771 617 617 E SystemServiceRegistry: at android.app.SystemServiceRegistry.getSystemService(SystemServiceRegistry.java:1875)
04-01 08:46:40.771 617 617 E SystemServiceRegistry: at android.app.ContextImpl.getSystemService(ContextImpl.java:2293)
04-01 08:46:40.771 617 617 E SystemServiceRegistry: at android.content.Context.getSystemService(Context.java:4554)
04-01 08:46:40.771 617 617 E SystemServiceRegistry: at com.android.server.trust.TrustManagerService.onBootPhase(TrustManagerService.java:345)
04-01 08:46:40.771 617 617 E SystemServiceRegistry: at com.android.server.SystemServiceManager.startBootPhase(SystemServiceManager.java:318)
04-01 08:46:40.771 617 617 E SystemServiceRegistry: at com.android.server.SystemServer.startOtherServices(SystemServer.java:2918)
04-01 08:46:40.771 617 617 E SystemServiceRegistry: at com.android.server.SystemServer.run(SystemServer.java:948)
04-01 08:46:40.771 617 617 E SystemServiceRegistry: at com.android.server.SystemServer.main(SystemServer.java:669)
04-01 08:46:40.771 617 617 E SystemServiceRegistry: at java.lang.reflect.Method.invoke(Native Method)
04-01 08:46:40.771 617 617 E SystemServiceRegistry: at com.android.internal.os.RuntimeInit$MethodAndArgsCaller.run(RuntimeInit.java:591)
04-01 08:46:40.771 617 617 E SystemServiceRegistry: at com.android.internal.os.ZygoteInit.main(ZygoteInit.java:849)
04-01 08:46:40.772 617 617 E SystemServiceRegistry: Manager wrapper not available: face
04-01 08:46:40.773 617 617 V SystemServerTiming: OnBootPhase_500_com.android.server.trust.TrustManagerService took to complete: 9ms
04-01 08:46:40.773 617 617 D SystemServerTiming: OnBootPhase_500_com.android.server.backup.BackupManagerService$Lifecycle
04-01 08:46:40.773 617 617 V SystemServerTiming: OnBootPhase_500_com.android.server.backup.BackupManagerService$Lifecycle took to complete: 0ms
04-01 08:46:40.773 617 617 D SystemServerTiming: OnBootPhase_500_com.android.server.appwidget.AppWidgetService
04-01 08:46:40.773 617 617 V SystemServerTiming: OnBootPhase_500_com.android.server.appwidget.AppWidgetService took to complete: 0ms
04-01 08:46:40.773 617 617 D SystemServerTiming: OnBootPhase_500_com.android.server.voiceinteraction.VoiceInteractionManagerService
04-01 08:46:40.774 617 617 V SystemServerTiming: OnBootPhase_500_com.android.server.voiceinteraction.VoiceInteractionManagerService took to complete: 1ms
04-01 08:46:40.774 617 617 D SystemServerTiming: OnBootPhase_500_com.android.server.GestureLauncherService
04-01 08:46:40.774 617 617 V SystemServerTiming: OnBootPhase_500_com.android.server.GestureLauncherService took to complete: 0ms
04-01 08:46:40.774 617 617 D SystemServerTiming: OnBootPhase_500_com.android.server.SensorNotificationService
04-01 08:46:40.774 617 617 V SystemServerTiming: OnBootPhase_500_com.android.server.SensorNotificationService took to complete: 0ms
04-01 08:46:40.774 617 617 D SystemServerTiming: OnBootPhase_500_com.android.server.emergency.EmergencyAffordanceService
04-01 08:46:40.774 617 617 V SystemServerTiming: OnBootPhase_500_com.android.server.emergency.EmergencyAffordanceService took to complete: 0ms
04-01 08:46:40.774 617 617 D SystemServerTiming: OnBootPhase_500_com.android.server.blob.BlobStoreManagerService
04-01 08:46:40.774 617 617 V SystemServerTiming: OnBootPhase_500_com.android.server.blob.BlobStoreManagerService took to complete: 0ms
04-01 08:46:40.774 617 617 D SystemServerTiming: OnBootPhase_500_com.android.server.dreams.DreamManagerService
04-01 08:46:40.774 617 617 V SystemServerTiming: OnBootPhase_500_com.android.server.dreams.DreamManagerService took to complete: 0ms
04-01 08:46:40.774 617 617 D SystemServerTiming: OnBootPhase_500_com.android.server.print.PrintManagerService
04-01 08:46:40.774 617 617 V SystemServerTiming: OnBootPhase_500_com.android.server.print.PrintManagerService took to complete: 0ms
04-01 08:46:40.774 617 617 D SystemServerTiming: OnBootPhase_500_com.android.server.security.AttestationVerificationManagerService
04-01 08:46:40.774 617 617 V SystemServerTiming: OnBootPhase_500_com.android.server.security.AttestationVerificationManagerService took to complete: 0ms
04-01 08:46:40.774 617 617 D SystemServerTiming: OnBootPhase_500_com.android.server.companion.CompanionDeviceManagerService
04-01 08:46:40.774 617 617 V SystemServerTiming: OnBootPhase_500_com.android.server.companion.CompanionDeviceManagerService took to complete: 0ms
04-01 08:46:40.774 617 617 D SystemServerTiming: OnBootPhase_500_com.android.server.companion.virtual.VirtualDeviceManagerService
04-01 08:46:40.774 617 617 V SystemServerTiming: OnBootPhase_500_com.android.server.companion.virtual.VirtualDeviceManagerService took to complete: 0ms
04-01 08:46:40.774 617 617 D SystemServerTiming: OnBootPhase_500_com.android.server.restrictions.RestrictionsManagerService
04-01 08:46:40.774 617 617 V SystemServerTiming: OnBootPhase_500_com.android.server.restrictions.RestrictionsManagerService took to complete: 0ms
04-01 08:46:40.774 617 617 D SystemServerTiming: OnBootPhase_500_com.android.server.media.MediaSessionService
04-01 08:46:40.775 617 617 V SystemServerTiming: OnBootPhase_500_com.android.server.media.MediaSessionService took to complete: 0ms
04-01 08:46:40.775 617 617 D SystemServerTiming: OnBootPhase_500_com.android.server.biometrics.BiometricService
04-01 08:46:40.775 617 617 V SystemServerTiming: OnBootPhase_500_com.android.server.biometrics.BiometricService took to complete: 0ms
04-01 08:46:40.775 617 617 D SystemServerTiming: OnBootPhase_500_com.android.server.biometrics.AuthService
04-01 08:46:40.775 617 617 V SystemServerTiming: OnBootPhase_500_com.android.server.biometrics.AuthService took to complete: 0ms
04-01 08:46:40.775 617 617 D SystemServerTiming: OnBootPhase_500_com.android.server.adaptiveauth.AdaptiveAuthService
04-01 08:46:40.777 617 617 V SystemServerTiming: OnBootPhase_500_com.android.server.adaptiveauth.AdaptiveAuthService took to complete: 2ms
04-01 08:46:40.777 617 617 D SystemServerTiming: OnBootPhase_500_com.android.server.pm.ShortcutService$Lifecycle
04-01 08:46:40.777 617 617 D ShortcutService: onBootPhase: 500
04-01 08:46:40.777 617 617 V SystemServerTiming: OnBootPhase_500_com.android.server.pm.ShortcutService$Lifecycle took to complete: 0ms
04-01 08:46:40.777 617 617 D SystemServerTiming: OnBootPhase_500_com.android.server.pm.LauncherAppsService
04-01 08:46:40.777 617 617 V SystemServerTiming: OnBootPhase_500_com.android.server.pm.LauncherAppsService took to complete: 0ms
04-01 08:46:40.777 617 617 D SystemServerTiming: OnBootPhase_500_com.android.server.pm.CrossProfileAppsService
04-01 08:46:40.777 617 617 V SystemServerTiming: OnBootPhase_500_com.android.server.pm.CrossProfileAppsService took to complete: 0ms
04-01 08:46:40.777 617 617 D SystemServerTiming: OnBootPhase_500_com.android.server.people.PeopleService
04-01 08:46:40.777 617 617 V SystemServerTiming: OnBootPhase_500_com.android.server.people.PeopleService took to complete: 0ms
04-01 08:46:40.777 617 617 D SystemServerTiming: OnBootPhase_500_com.android.server.media.metrics.MediaMetricsManagerService
04-01 08:46:40.777 617 617 V SystemServerTiming: OnBootPhase_500_com.android.server.media.metrics.MediaMetricsManagerService took to complete: 0ms
04-01 08:46:40.777 617 617 D SystemServerTiming: OnBootPhase_500_com.android.server.pm.BackgroundInstallControlService
04-01 08:46:40.777 617 617 V SystemServerTiming: OnBootPhase_500_com.android.server.pm.BackgroundInstallControlService took to complete: 0ms
04-01 08:46:40.777 617 617 D SystemServerTiming: OnBootPhase_500_com.android.server.media.projection.MediaProjectionManagerService
04-01 08:46:40.777 617 617 V SystemServerTiming: OnBootPhase_500_com.android.server.media.projection.MediaProjectionManagerService took to complete: 0ms
04-01 08:46:40.777 617 617 D SystemServerTiming: OnBootPhase_500_com.android.server.slice.SliceManagerService$Lifecycle
04-01 08:46:40.777 617 617 V SystemServerTiming: OnBootPhase_500_com.android.server.slice.SliceManagerService$Lifecycle took to complete: 0ms
04-01 08:46:40.777 617 617 D SystemServerTiming: OnBootPhase_500_com.android.server.stats.StatsCompanion$Lifecycle
04-01 08:46:40.777 617 617 V SystemServerTiming: OnBootPhase_500_com.android.server.stats.StatsCompanion$Lifecycle took to complete: 0ms
04-01 08:46:40.777 617 617 D SystemServerTiming: OnBootPhase_500_com.android.server.scheduling.RebootReadinessManagerService$Lifecycle
04-01 08:46:40.777 617 617 V SystemServerTiming: OnBootPhase_500_com.android.server.scheduling.RebootReadinessManagerService$Lifecycle took to complete: 0ms
04-01 08:46:40.777 617 617 D SystemServerTiming: OnBootPhase_500_com.android.server.stats.pull.StatsPullAtomService
04-01 08:46:40.778 617 617 V SystemServerTiming: OnBootPhase_500_com.android.server.stats.pull.StatsPullAtomService took to complete: 0ms
04-01 08:46:40.778 617 617 D SystemServerTiming: OnBootPhase_500_com.android.server.stats.bootstrap.StatsBootstrapAtomService$Lifecycle
04-01 08:46:40.778 617 617 V SystemServerTiming: OnBootPhase_500_com.android.server.stats.bootstrap.StatsBootstrapAtomService$Lifecycle took to complete: 0ms
04-01 08:46:40.778 617 617 D SystemServerTiming: OnBootPhase_500_com.android.server.incident.IncidentCompanionService
04-01 08:46:40.778 617 617 V SystemServerTiming: OnBootPhase_500_com.android.server.incident.IncidentCompanionService took to complete: 0ms
04-01 08:46:40.778 617 617 D SystemServerTiming: OnBootPhase_500_com.android.server.sdksandbox.SdkSandboxManagerService$Lifecycle
04-01 08:46:40.778 617 617 V SystemServerTiming: OnBootPhase_500_com.android.server.sdksandbox.SdkSandboxManagerService$Lifecycle took to complete: 0ms
04-01 08:46:40.778 617 617 D SystemServerTiming: OnBootPhase_500_com.android.server.adservices.AdServicesManagerService$Lifecycle
04-01 08:46:40.778 617 617 V SystemServerTiming: OnBootPhase_500_com.android.server.adservices.AdServicesManagerService$Lifecycle took to complete: 0ms
04-01 08:46:40.778 617 617 D SystemServerTiming: OnBootPhase_500_com.android.server.ondevicepersonalization.OnDevicePersonalizationSystemService$Lifecycle
04-01 08:46:40.778 617 617 V SystemServerTiming: OnBootPhase_500_com.android.server.ondevicepersonalization.OnDevicePersonalizationSystemService$Lifecycle took to complete: 0ms
04-01 08:46:40.778 617 617 D SystemServerTiming: OnBootPhase_500_android.os.profiling.ProfilingService$Lifecycle
04-01 08:46:40.778 617 617 V SystemServerTiming: OnBootPhase_500_android.os.profiling.ProfilingService$Lifecycle took to complete: 0ms
04-01 08:46:40.778 617 617 D SystemServerTiming: OnBootPhase_500_com.android.server.autofill.AutofillManagerService
04-01 08:46:40.778 617 617 V SystemServerTiming: OnBootPhase_500_com.android.server.autofill.AutofillManagerService took to complete: 0ms
04-01 08:46:40.778 617 617 D SystemServerTiming: OnBootPhase_500_com.android.server.clipboard.ClipboardService
04-01 08:46:40.778 617 617 V SystemServerTiming: OnBootPhase_500_com.android.server.clipboard.ClipboardService took to complete: 0ms
04-01 08:46:40.778 617 617 D SystemServerTiming: OnBootPhase_500_com.android.server.appbinding.AppBindingService$Lifecycle
04-01 08:46:40.778 617 617 V SystemServerTiming: OnBootPhase_500_com.android.server.appbinding.AppBindingService$Lifecycle took to complete: 0ms
04-01 08:46:40.778 617 617 D SystemServerTiming: OnBootPhase_500_com.android.server.tracing.TracingServiceProxy
04-01 08:46:40.778 617 617 V SystemServerTiming: OnBootPhase_500_com.android.server.tracing.TracingServiceProxy took to complete: 0ms
04-01 08:46:40.778 617 617 V SystemServerTiming: OnBootPhase_500 took to complete: 399ms
04-01 08:46:40.778 617 617 V SystemServerTiming: StartBootPhaseSystemServicesReady took to complete: 400ms
04-01 08:46:40.778 617 617 D SystemServerTiming: MakeWindowManagerServiceReady
04-01 08:46:40.784 617 617 V SystemServerTiming: MakeWindowManagerServiceReady took to complete: 5ms
04-01 08:46:40.784 617 617 D SystemServerTiming: RegisterLogMteState
04-01 08:46:40.785 617 617 V SystemServerTiming: RegisterLogMteState took to complete: 0ms
04-01 08:46:40.787 243 243 I servicemanager: Caller(pid=617,uid=1000,sid=u:r:system_server:s0) Found android.hardware.health.IHealth/default in device VINTF manifest.
04-01 08:46:40.788 617 682 D BrightnessThermalClamper: Thermal status observer already started
04-01 08:46:40.789 617 617 D SystemServerTiming: StartPermissionPolicyService
04-01 08:46:40.790 617 617 I SystemServiceManager: Starting com.android.server.policy.PermissionPolicyService
04-01 08:46:40.791 617 662 I HealthServiceWrapperAidl: health: HealthServiceWrapper listening to AIDL HAL
04-01 08:46:40.794 617 662 D StatsPullAtomService: Registering pullers with statsd
04-01 08:46:40.799 617 774 D ConnectivityService: NetReassign [no changes] [c 0] [a 0] [i 0]
04-01 08:46:40.800 617 662 I StatsPullAtomService: register thermal listener successfully
04-01 08:46:40.805 617 617 V SystemServerTiming: StartPermissionPolicyService took to complete: 15ms
04-01 08:46:40.805 617 617 D SystemServerTiming: MakePackageManagerServiceReady
04-01 08:46:40.812 617 617 E UserManagerService: Auto-lock preference updated but private space user not found
04-01 08:46:40.817 617 617 I AS.AudioService: registerAudioPolicy for android.media.audiopolicy.AudioPolicy$1@151f2e4 u/pid:1000/617 with config:reg:32:ap:0
04-01 08:46:40.820 617 617 V HistoricalRegistry: Interaction before persistence initialized
04-01 08:46:40.820 617 617 V HistoricalRegistry: Interaction before persistence initialized
04-01 08:46:40.828 617 617 V UserDataPreparer: Found /data/user_de/0 with serial number 0
04-01 08:46:40.828 617 617 V UserDataPreparer: Found /data/user/0 with serial number 0
04-01 08:46:40.829 617 617 V UserDataPreparer: Found /data/system_de/0 with serial number 0
04-01 08:46:40.829 617 617 V UserDataPreparer: Found /data/system_ce/0 with serial number 0
04-01 08:46:40.829 617 617 V UserDataPreparer: Found /data/misc_ce/0 with serial number 0
04-01 08:46:40.839 617 617 V StagingManagerTiming: restoreSessions took to complete: 3ms
04-01 08:46:40.840 435 435 I apexd : getSessions() received by ApexService
04-01 08:46:40.841 617 617 V SystemServerTiming: MakePackageManagerServiceReady took to complete: 36ms
04-01 08:46:40.844 617 617 D SystemServerTiming: MakeDisplayManagerServiceReady
04-01 08:46:40.852 255 255 I RefreshRateSelector: Display 4620250385849718784 policy changed
04-01 08:46:40.852 255 255 I RefreshRateSelector: Previous: {defaultModeId=0, allowGroupSwitching=false, primaryRanges={physical=[0.00 Hz, 340282346638528859811704183484516925440.00 Hz], render=[0.00 Hz, 340282346638528859811704183484516925440.00 Hz]}, appRequestRanges={physical=[0.00 Hz, 340282346638528859811704183484516925440.00 Hz], render=[0.00 Hz, 340282346638528859811704183484516925440.00 Hz]} idleScreenConfig=nullptr}
04-01 08:46:40.852 255 255 I RefreshRateSelector: Current: DisplayManagerPolicy{defaultModeId=0, allowGroupSwitching=false, primaryRanges={physical=[0.00 Hz, inf Hz], render=[0.00 Hz, 60.00 Hz]}, appRequestRanges={physical=[0.00 Hz, inf Hz], render=[0.00 Hz, inf Hz]} idleScreenConfig=nullptr}
04-01 08:46:40.852 255 255 I RefreshRateSelector: 0 mode changes were performed under the previous policy
04-01 08:46:40.852 255 255 D DisplayModeController: setDesiredMode 4620250385849718784 {mode={fps=60.00 Hz, modePtr={id=0, vsyncRate=60.00 Hz, peakRefreshRate=60.00 Hz}}, emitEvent=true, force=false}
04-01 08:46:40.857 617 617 I BrightnessSynchronizer: Initial brightness readings: 102(int), 0.39763778(float)
04-01 08:46:40.860 617 617 V SystemServerTiming: MakeDisplayManagerServiceReady took to complete: 16ms
04-01 08:46:40.860 617 617 D SystemServerTiming: StartDeviceSpecificServices
04-01 08:46:40.860 617 617 V SystemServerTiming: StartDeviceSpecificServices took to complete: 0ms
04-01 08:46:40.860 617 617 D SystemServerTiming: GameManagerService
04-01 08:46:40.860 617 617 I SystemServiceManager: Starting com.android.server.app.GameManagerService$Lifecycle
04-01 08:46:40.864 617 617 V HistoricalRegistry: Interaction before persistence initialized
04-01 08:46:40.868 617 617 V SystemServerTiming: GameManagerService took to complete: 8ms
04-01 08:46:40.868 617 617 D SystemServerTiming: StartBootPhaseDeviceSpecificServicesReady
04-01 08:46:40.868 617 617 I SystemServiceManager: Starting phase 520
04-01 08:46:40.868 617 617 D SystemServerTiming: OnBootPhase_520
04-01 08:46:40.868 617 617 D SystemServerTiming: OnBootPhase_520_com.android.server.security.FileIntegrityService
04-01 08:46:40.868 617 617 V SystemServerTiming: OnBootPhase_520_com.android.server.security.FileIntegrityService took to complete: 0ms
04-01 08:46:40.868 617 617 D SystemServerTiming: OnBootPhase_520_com.android.server.pm.Installer
04-01 08:46:40.868 617 617 V SystemServerTiming: OnBootPhase_520_com.android.server.pm.Installer took to complete: 0ms
04-01 08:46:40.868 617 617 D SystemServerTiming: OnBootPhase_520_com.android.server.os.DeviceIdentifiersPolicyService
04-01 08:46:40.868 617 617 V SystemServerTiming: OnBootPhase_520_com.android.server.os.DeviceIdentifiersPolicyService took to complete: 0ms
04-01 08:46:40.868 617 617 D SystemServerTiming: OnBootPhase_520_com.android.server.flags.FeatureFlagsService
04-01 08:46:40.869 617 617 V SystemServerTiming: OnBootPhase_520_com.android.server.flags.FeatureFlagsService took to complete: 0ms
04-01 08:46:40.869 617 617 D SystemServerTiming: OnBootPhase_520_com.android.server.uri.UriGrantsManagerService$Lifecycle
04-01 08:46:40.869 617 617 V SystemServerTiming: OnBootPhase_520_com.android.server.uri.UriGrantsManagerService$Lifecycle took to complete: 0ms
04-01 08:46:40.869 617 617 D SystemServerTiming: OnBootPhase_520_com.android.server.powerstats.PowerStatsService
04-01 08:46:40.869 617 617 V SystemServerTiming: OnBootPhase_520_com.android.server.powerstats.PowerStatsService took to complete: 0ms
04-01 08:46:40.869 617 617 D SystemServerTiming: OnBootPhase_520_com.android.server.permission.access.AccessCheckingService
04-01 08:46:40.869 617 617 V SystemServerTiming: OnBootPhase_520_com.android.server.permission.access.AccessCheckingService took to complete: 0ms
04-01 08:46:40.869 617 617 D SystemServerTiming: OnBootPhase_520_com.android.server.wm.ActivityTaskManagerService$Lifecycle
04-01 08:46:40.869 617 617 V SystemServerTiming: OnBootPhase_520_com.android.server.wm.ActivityTaskManagerService$Lifecycle took to complete: 0ms
04-01 08:46:40.869 617 617 D SystemServerTiming: OnBootPhase_520_com.android.server.am.ActivityManagerService$Lifecycle
04-01 08:46:40.869 617 617 V SystemServerTiming: OnBootPhase_520_com.android.server.am.ActivityManagerService$Lifecycle took to complete: 0ms
04-01 08:46:40.869 617 617 D SystemServerTiming: OnBootPhase_520_com.android.server.pm.DataLoaderManagerService
04-01 08:46:40.869 617 617 V SystemServerTiming: OnBootPhase_520_com.android.server.pm.DataLoaderManagerService took to complete: 0ms
04-01 08:46:40.869 617 617 D SystemServerTiming: OnBootPhase_520_com.android.server.power.PowerManagerService
04-01 08:46:40.869 617 617 V SystemServerTiming: OnBootPhase_520_com.android.server.power.PowerManagerService took to complete: 0ms
04-01 08:46:40.869 617 617 D SystemServerTiming: OnBootPhase_520_com.android.server.power.ThermalManagerService
04-01 08:46:40.869 617 617 V SystemServerTiming: OnBootPhase_520_com.android.server.power.ThermalManagerService took to complete: 0ms
04-01 08:46:40.869 617 617 D SystemServerTiming: OnBootPhase_520_com.android.server.recoverysystem.RecoverySystemService$Lifecycle
04-01 08:46:40.869 617 617 V SystemServerTiming: OnBootPhase_520_com.android.server.recoverysystem.RecoverySystemService$Lifecycle took to complete: 0ms
04-01 08:46:40.869 617 617 D SystemServerTiming: OnBootPhase_520_com.android.server.lights.LightsService
04-01 08:46:40.869 617 617 V SystemServerTiming: OnBootPhase_520_com.android.server.lights.LightsService took to complete: 0ms
04-01 08:46:40.869 617 617 D SystemServerTiming: OnBootPhase_520_com.android.server.display.DisplayManagerService
04-01 08:46:40.869 617 617 V SystemServerTiming: OnBootPhase_520_com.android.server.display.DisplayManagerService took to complete: 0ms
