01-01 00:00:18.807 253 253 I F2FS-fs (dm-49): recover_data: ino = 11af (i_size: recover) recovered = 1, err = 0
01-01 00:00:18.807 253 253 I F2FS-fs (dm-49): recover_inode: ino = 8bd, name = , inline = 21
01-01 00:00:18.807 253 253 I F2FS-fs (dm-49): recover_data: ino = 8bd (i_size: recover) recovered = 0, err = 0
01-01 00:00:18.807 253 253 I F2FS-fs (dm-49): recover_inode: ino = 11c6, name = , inline = 21
01-01 00:00:18.808 253 253 I F2FS-fs (dm-49): recover_dentry: ino = 11c6, name = , dir = b8, err = 0
01-01 00:00:18.808 253 253 I F2FS-fs (dm-49): recover_data: ino = 11c6 (i_size: recover) recovered = 23, err = 0
01-01 00:00:18.808 253 253 I F2FS-fs (dm-49): recover_inode: ino = 11c7, name = , inline = 21
01-01 00:00:18.809 253 253 I F2FS-fs (dm-49): recover_dentry: ino = 11c7, name = , dir = b8, err = 0
01-01 00:00:18.809 253 253 I F2FS-fs (dm-49): recover_data: ino = 11c7 (i_size: recover) recovered = 23, err = 0
01-01 00:00:18.809 253 253 I F2FS-fs (dm-49): recover_inode: ino = 11c8, name = , inline = 21
01-01 00:00:18.809 253 253 I F2FS-fs (dm-49): recover_dentry: ino = 11c8, name = , dir = fc, err = 0
01-01 00:00:18.809 253 253 I F2FS-fs (dm-49): recover_data: ino = 11c8 (i_size: recover) recovered = 20, err = 0
01-01 00:00:18.809 253 253 I F2FS-fs (dm-49): recover_inode: ino = 11c9, name = , inline = 21
01-01 00:00:18.810 253 253 I F2FS-fs (dm-49): recover_dentry: ino = 11c9, name = , dir = fc, err = 0
01-01 00:00:18.810 253 253 I F2FS-fs (dm-49): recover_data: ino = 11c9 (i_size: recover) recovered = 20, err = 0
01-01 00:00:18.810 253 253 I F2FS-fs (dm-49): recover_inode: ino = 11ca, name = , inline = 21
01-01 00:00:18.811 253 253 I F2FS-fs (dm-49): recover_dentry: ino = 11ca, name = , dir = 5a0, err = 0
01-01 00:00:18.811 253 253 I F2FS-fs (dm-49): recover_data: ino = 11ca (i_size: recover) recovered = 1, err = 0
01-01 00:00:18.811 253 253 I F2FS-fs (dm-49): recover_inode: ino = 11cb, name = , inline = 21
01-01 00:00:18.812 253 253 I F2FS-fs (dm-49): recover_dentry: ino = 11cb, name = , dir = 5a0, err = 0
01-01 00:00:18.812 253 253 I F2FS-fs (dm-49): recover_data: ino = 11cb (i_size: recover) recovered = 1, err = 0
01-01 00:00:18.817 253 253 I F2FS-fs (dm-49): checkpoint: version = 2314150e
01-01 00:00:18.817 253 253 I F2FS-fs (dm-49): Mounted with checkpoint version = 2314150e
01-01 00:00:18.818 255 255 I SurfaceFlinger: Enter boot animation
01-01 00:00:18.823 253 253 I vold : [libfs_mgr] __mount(source=/dev/block/mapper/userdata,target=/data,type=f2fs)=0: Success
01-01 00:00:18.824 253 253 D vold : Mounted /data
01-01 00:00:18.839 1 1 I init : Command 'mount_all --late' action=late-fs (/vendor/etc/init/hw/init.am62p.rc:93) took 773ms and succeeded
01-01 00:00:18.857 243 293 W libc : Unable to set property "ctl.interface_start" to "aidl/SurfaceFlingerAIDL": PROP_ERROR_HANDLE_CONTROL_MESSAGE (0x20)
01-01 00:00:18.844 1 1 E init : Control message: Could not find 'aidl/SurfaceFlingerAIDL' for ctl.interface_start from pid: 243 (/system/bin/servicemanager)
01-01 00:00:18.859 293 293 I servicemanager: Caller(pid=254,uid=1003,sid=u:r:bootanim:s0) Tried to start aidl service SurfaceFlingerAIDL as a lazy service, but was unable to. Usually this happens when a service is not installed, but if the service is intended to be used as a lazy service, then it may be configured incorrectly.
01-01 00:00:18.860 1 1 I init : processing action (post-fs-data) from (/system/etc/init/hw/init.rc:698)
01-01 00:00:18.860 1 1 I init : starting service 'exec 4 (/system/bin/vdc checkpoint prepareCheckpoint)'...
01-01 00:00:18.885 243 298 W libc : Unable to set property "ctl.interface_start" to "aidl/android.system.keystore2.IKeystoreService/default": PROP_ERROR_HANDLE_CONTROL_MESSAGE (0x20)
01-01 00:00:18.869 1 1 I init : ... started service 'exec 4 (/system/bin/vdc checkpoint prepareCheckpoint)' has pid 337
01-01 00:00:18.869 1 1 I init : SVC_EXEC service 'exec 4 (/system/bin/vdc checkpoint prepareCheckpoint)' pid 337 (uid 1000 gid 1000+0 context default) started; waiting...
01-01 00:00:18.869 1 1 E init : Control message: Could not find 'aidl/android.system.keystore2.IKeystoreService/default' for ctl.interface_start from pid: 243 (/system/bin/servicemanager)
01-01 00:00:18.887 1 1 I init : service 'bootanim' requested start, but it is already running (flags: 134)
01-01 00:00:18.887 1 1 I init : Control message: Processed ctl.start for 'bootanim' from pid: 255 (/system/bin/surfaceflinger)
01-01 00:00:18.888 298 298 I servicemanager: Caller(pid=253,uid=0,sid=u:r:vold:s0) Tried to start aidl service android.system.keystore2.IKeystoreService/default as a lazy service, but was unable to. Usually this happens when a service is not installed, but if the service is intended to be used as a lazy service, then it may be configured incorrectly.
01-01 00:00:18.923 253 253 I Checkpoint: cp_prepareCheckpoint called
01-01 00:00:18.929 1 1 I init : Service 'exec 4 (/system/bin/vdc checkpoint prepareCheckpoint)' (pid 337) exited with status 0 waiting took 0.063000 seconds
01-01 00:00:18.929 1 1 I init : Sending signal 9 to service 'exec 4 (/system/bin/vdc checkpoint prepareCheckpoint)' (pid 337) process group...
01-01 00:00:18.929 1 1 I libprocessgroup: Removed cgroup /sys/fs/cgroup/uid_1000/pid_337
01-01 00:00:18.933 1 1 I init : starting service 'exec 5 (/system/bin/vdc --wait cryptfs enablefilecrypto)'...
01-01 00:00:18.941 1 1 I init : ... started service 'exec 5 (/system/bin/vdc --wait cryptfs enablefilecrypto)' has pid 339
01-01 00:00:18.942 1 1 I init : SVC_EXEC service 'exec 5 (/system/bin/vdc --wait cryptfs enablefilecrypto)' pid 339 (uid 0 gid 0+0 context default) started; waiting...
01-01 00:00:18.977 253 253 I vold : fscrypt_initialize_systemwide_keys
01-01 00:00:18.979 339 339 D vdc : Waited 0ms for vold
01-01 00:00:18.979 253 253 D vold : Key exists, using: /data/unencrypted/key
01-01 00:00:18.992 253 253 D vold : Installed fscrypt key with ref 742e57d9a5412a3fa561732f30d1ef00 to /data
01-01 00:00:18.995 253 253 I vold : Wrote system DE key reference to:/data/unencrypted/ref
01-01 00:00:18.995 253 253 D vold : Generating standard storage key
01-01 00:00:18.996 253 253 D vold : Installed fscrypt key with ref 6b9bbedbc2664e93ebcf915554f3fd96 to /data
01-01 00:00:18.997 253 253 I vold : Wrote per boot key reference to:/data/unencrypted/per_boot_ref
01-01 00:00:19.003 1 1 I init : Service 'exec 5 (/system/bin/vdc --wait cryptfs enablefilecrypto)' (pid 339) exited with status 0 waiting took 0.064000 seconds
01-01 00:00:19.003 1 1 I init : Sending signal 9 to service 'exec 5 (/system/bin/vdc --wait cryptfs enablefilecrypto)' (pid 339) process group...
01-01 00:00:19.004 1 1 I libprocessgroup: Removed cgroup /sys/fs/cgroup/uid_0/pid_339
01-01 00:00:19.005 1 1 I init : Verified that /data/bootchart has the encryption policy 742e57d9a5412a3fa561732f30d1ef00 v2 modes 1/4 flags 0x2
01-01 00:00:19.006 1 1 I fscrypt : AES-256-CTS-CBC using implementation "cts-cbc-aes-ce"
01-01 00:00:19.007 1 1 I fscrypt : AES-256-XTS using implementation "xts-aes-ce"
01-01 00:00:19.009 1 1 I init : Verified that /data/vendor has the encryption policy 742e57d9a5412a3fa561732f30d1ef00 v2 modes 1/4 flags 0x2
01-01 00:00:19.011 1 1 I init : Verified that /data/anr has the encryption policy 742e57d9a5412a3fa561732f30d1ef00 v2 modes 1/4 flags 0x2
01-01 00:00:19.013 1 1 I init : Verified that /data/tombstones has the encryption policy 742e57d9a5412a3fa561732f30d1ef00 v2 modes 1/4 flags 0x2
01-01 00:00:19.015 1 1 I init : starting service 'tombstoned'...
01-01 00:00:19.016 1 1 I init : Created socket '/dev/socket/tombstoned_crash', mode 666, user 1000, group 1000
01-01 00:00:19.016 1 1 I init : Created socket '/dev/socket/tombstoned_intercept', mode 666, user 1000, group 1000
01-01 00:00:19.017 1 1 I init : Created socket '/dev/socket/tombstoned_java_trace', mode 666, user 1000, group 1000
01-01 00:00:19.028 1 1 I init : ... started service 'tombstoned' has pid 341
01-01 00:00:19.029 1 1 I init : Switched to default mount namespace
01-01 00:00:19.030 1 1 I init : Verified that /data/misc has the encryption policy 742e57d9a5412a3fa561732f30d1ef00 v2 modes 1/4 flags 0x2
01-01 00:00:19.036 1 1 I init : starting service 'exec 6 (/system/bin/vdc keymaster earlyBootEnded)'...
01-01 00:00:19.044 1 1 I init : ... started service 'exec 6 (/system/bin/vdc keymaster earlyBootEnded)' has pid 342
01-01 00:00:19.045 1 1 I init : SVC_EXEC service 'exec 6 (/system/bin/vdc keymaster earlyBootEnded)' pid 342 (uid 1000 gid 1000+0 context default) started; waiting...
01-01 00:00:19.056 341 341 I tombstoned: tombstoned successfully initialized
01-01 00:00:19.083 253 253 I incfs : Initial API level of the device: 35
01-01 00:00:19.083 253 253 I incfs : ro.incremental.enable: on
01-01 00:00:19.083 253 253 I incfs : isFsAvailable: true
01-01 00:00:19.083 253 253 I incfs : isFsAvailable: true
01-01 00:00:19.084 253 253 I incfs : IncFs_Features: v2
01-01 00:00:19.085 281 300 I keystore2: system/security/keystore2/src/maintenance.rs:387 - earlyBootEnded()
01-01 00:00:19.086 281 300 I keystore2: system/security/keystore2/src/maintenance.rs:193 - In early_boot_ended.
01-01 00:00:19.108 281 300 I keystore2: system/security/keystore2/src/globals.rs:77 - Touching Keystore 2.0 database for this first time since boot.
01-01 00:00:19.109 281 300 I keystore2: system/security/keystore2/src/globals.rs:78 - Calling cleanup leftovers.
01-01 00:00:19.110 281 300 I keystore2: system/security/keystore2/src/boot_level_keys.rs:57 - ro.keystore.boot_level_key.strategy not set, inferring from installed KM instances
01-01 00:00:19.110 281 300 I keystore2: system/security/keystore2/src/boot_level_keys.rs:115 - In get_level_zero_key: security_level=r#TRUSTED_ENVIRONMENT, deny_later_strategy=EarlyBootOnly
01-01 00:00:19.115 281 300 E keystore2: system/security/keystore2/src/boot_level_keys.rs:149 - In get_level_zero_key: required param absent KeyParameter { tag: r#EARLY_BOOT_ONLY, value: BoolValue(true) }
01-01 00:00:19.126 281 300 I keystore2: system/security/keystore2/src/super_key.rs:305 - Starting boot level watcher.
01-01 00:00:19.127 281 344 I keystore2: system/security/keystore2/src/super_key.rs:337 - Read keystore.boot_level value 30
01-01 00:00:19.128 282 282 W OpteeKeymaster_ipc: Response contained error code: Feature is not implemented
01-01 00:00:19.128 281 344 I keystore2: system/security/keystore2/src/super_key.rs:337 - Read keystore.boot_level value 30
01-01 00:00:19.128 282 282 E optee_keymaster_hal: Cmd 116 returned error: -100
01-01 00:00:19.129 281 300 E keystore2: system/security/keystore2/src/maintenance.rs:177 - Call to earlyBootEnded failed for security level TRUSTED_ENVIRONMENT: system/security/keystore2/src/maintenance.rs:150: calling earlyBootEnded.
01-01 00:00:19.129 281 300 E keystore2: system/security/keystore2/src/error.rs:174 - system/security/keystore2/src/maintenance.rs:150: calling earlyBootEnded
01-01 00:00:19.129 281 300 E keystore2:
01-01 00:00:19.129 281 300 E keystore2: Caused by:
01-01 00:00:19.129 281 300 E keystore2: Error::Km(r#UNIMPLEMENTED)
01-01 00:00:19.129 253 253 E vold : keystore2 Keystore earlyBootEnded returned service specific error: -100
01-01 00:00:19.153 253 253 E vold : keystore2 Keystore earlyBootEnded returned service specific error: -100
01-01 00:00:19.166 1 1 I init : Service 'exec 6 (/system/bin/vdc keymaster earlyBootEnded)' (pid 342) exited with status 0 waiting took 0.124000 seconds
01-01 00:00:19.166 1 1 I init : Sending signal 9 to service 'exec 6 (/system/bin/vdc keymaster earlyBootEnded)' (pid 342) process group...
01-01 00:00:19.166 1 1 I libprocessgroup: Removed cgroup /sys/fs/cgroup/uid_1000/pid_342
01-01 00:00:19.168 1 1 I init : Verified that /data/property has the encryption policy 742e57d9a5412a3fa561732f30d1ef00 v2 modes 1/4 flags 0x2
01-01 00:00:19.170 161 161 I init : Wait for property 'ro.persistent_properties.ready=true' took 2ms
01-01 00:00:19.171 1 1 I init : service 'logd' requested start, but it is already running (flags: 4)
01-01 00:00:19.171 1 1 I init : starting service 'logd-reinit'...
01-01 00:00:19.180 1 1 I init : ... started service 'logd-reinit' has pid 345
01-01 00:00:19.180 1 1 I init : Not setting encryption policy on: /data/apex
01-01 00:00:19.183 1 1 I init : Verified that /data/apex/decompressed has the encryption policy 742e57d9a5412a3fa561732f30d1ef00 v2 modes 1/4 flags 0x2
01-01 00:00:19.186 1 1 I init : Verified that /data/app-staging has the encryption policy 742e57d9a5412a3fa561732f30d1ef00 v2 modes 1/4 flags 0x2
01-01 00:00:19.187 1 1 I init : Verified that /data/apex/ota_reserved has the encryption policy 742e57d9a5412a3fa561732f30d1ef00 v2 modes 1/4 flags 0x2
01-01 00:00:19.188 1 1 I init : starting service 'apexd'...
01-01 00:00:19.198 1 1 I init : ... started service 'apexd' has pid 346
01-01 00:00:19.223 261 261 I logd : logd reinit
01-01 00:00:19.234 261 261 E logd : FrameworkListener: read() failed (Connection reset by peer)
01-01 00:00:19.234 1 1 I init : Service 'logd-reinit' (pid 345) exited with status 0 oneshot service took 0.057000 seconds in background
01-01 00:00:19.242 1 1 I init : Sending signal 9 to service 'logd-reinit' (pid 345) process group...
01-01 00:00:19.242 1 1 I libprocessgroup: Removed cgroup /sys/fs/cgroup/uid_1036/pid_345
01-01 00:00:19.250 1 1 I init : Verified that /data/local has the encryption policy 742e57d9a5412a3fa561732f30d1ef00 v2 modes 1/4 flags 0x2
01-01 00:00:19.257 346 346 I apexd : Started. subcommand = (null)
01-01 00:00:19.261 346 346 I apexd : Scanning /system/apex for pre-installed ApexFiles
01-01 00:00:19.262 346 346 I apexd : Found pre-installed APEX /system/apex/com.android.art.apex
01-01 00:00:19.264 346 346 I apexd : Found pre-installed APEX /system/apex/com.android.virt.apex
01-01 00:00:19.265 346 346 I apexd : Found pre-installed APEX /system/apex/com.android.os.statsd.apex
01-01 00:00:19.266 346 346 I apexd : Found pre-installed APEX /system/apex/com.android.sdkext.apex
01-01 00:00:19.267 346 346 I apexd : Found pre-installed APEX /system/apex/com.android.resolv.apex
01-01 00:00:19.268 346 346 I apexd : Found pre-installed APEX /system/apex/com.android.tzdata.apex
01-01 00:00:19.269 346 346 I apexd : Found pre-installed APEX /system/apex/com.android.scheduling.apex
01-01 00:00:19.270 346 346 I apexd : Found pre-installed APEX /system/apex/com.android.i18n.apex
01-01 00:00:19.272 346 346 I apexd : Found pre-installed APEX /system/apex/com.android.ipsec.apex
01-01 00:00:19.273 346 346 I apexd : Found pre-installed APEX /system/apex/com.android.permission.apex
01-01 00:00:19.275 346 346 I apexd : Found pre-installed APEX /system/apex/com.android.configinfrastructure.apex
01-01 00:00:19.275 346 346 I apexd : Found pre-installed APEX /system/apex/com.android.profiling.apex
01-01 00:00:19.276 1 1 I init : starting service 'exec 7 (/bin/rm -rf /data/misc/virtualizationservice)'...
01-01 00:00:19.276 346 346 I apexd : Found pre-installed APEX /system/apex/com.android.extservices.apex
01-01 00:00:19.277 346 346 I apexd : Found pre-installed APEX /system/apex/com.android.tethering.apex
01-01 00:00:19.279 346 346 I apexd : Found pre-installed APEX /system/apex/com.android.uwb.apex
01-01 00:00:19.280 346 346 I apexd : Found pre-installed APEX /system/apex/com.android.media.apex
01-01 00:00:19.281 346 346 I apexd : Found pre-installed APEX /system/apex/com.android.runtime.apex
01-01 00:00:19.282 346 346 I apexd : Found pre-installed APEX /system/apex/com.android.neuralnetworks.apex
01-01 00:00:19.283 346 346 I apexd : Found pre-installed APEX /system/apex/com.android.mediaprovider.apex
01-01 00:00:19.284 346 346 I apexd : Found pre-installed APEX /system/apex/com.android.appsearch.apex
01-01 00:00:19.284 346 346 I apexd : Found pre-installed APEX /system/apex/com.android.apex.cts.shim.apex
01-01 00:00:19.285 346 346 I apexd : Found pre-installed APEX /system/apex/com.android.adbd.apex
01-01 00:00:19.286 346 346 I apexd : Found pre-installed APEX /system/apex/com.android.devicelock.apex
01-01 00:00:19.287 1 1 I init : ... started service 'exec 7 (/bin/rm -rf /data/misc/virtualizationservice)' has pid 347
01-01 00:00:19.287 1 1 I init : SVC_EXEC service 'exec 7 (/bin/rm -rf /data/misc/virtualizationservice)' pid 347 (uid 1081 gid 1000+0 context default) started; waiting...
01-01 00:00:19.287 346 346 I apexd : Found pre-installed APEX /system/apex/com.android.media.swcodec.apex
01-01 00:00:19.288 346 346 I apexd : Found pre-installed APEX /system/apex/com.android.wifi.apex
01-01 00:00:19.289 346 346 I apexd : Found pre-installed APEX /system/apex/com.android.conscrypt.apex
01-01 00:00:19.290 346 346 I apexd : Found pre-installed APEX /system/apex/com.android.ondevicepersonalization.apex
01-01 00:00:19.291 346 346 I apexd : Found pre-installed APEX /system/apex/com.android.nfcservices.apex
01-01 00:00:19.292 346 346 I apexd : Found pre-installed APEX /system/apex/com.android.healthfitness.apex
01-01 00:00:19.293 346 346 I apexd : Found pre-installed APEX /system/apex/com.android.btservices.apex
01-01 00:00:19.294 346 346 I apexd : Found pre-installed APEX /system/apex/com.android.adservices.apex
01-01 00:00:19.295 346 346 I apexd : Found pre-installed APEX /system/apex/com.android.rkpd.apex
01-01 00:00:19.295 346 346 I apexd : Scanning /system_ext/apex for pre-installed ApexFiles
01-01 00:00:19.296 346 346 I apexd : Found pre-installed APEX /system_ext/apex/com.android.compos.apex
01-01 00:00:19.297 346 346 I apexd : Scanning /product/apex for pre-installed ApexFiles
01-01 00:00:19.297 346 346 W apexd : /product/apex does not exist. Skipping
01-01 00:00:19.297 346 346 I apexd : Scanning /vendor/apex for pre-installed ApexFiles
01-01 00:00:19.297 346 346 I apexd : Found pre-installed APEX /vendor/apex/com.android.hardware.cas.apex
01-01 00:00:19.298 346 346 I apexd : Found pre-installed APEX /vendor/apex/com.android.hardware.boot.apex
01-01 00:00:19.299 346 346 I apexd : Found pre-installed APEX /vendor/apex/com.android.hardware.camera.libcamera.apex
01-01 00:00:19.300 346 346 I apexd : Found pre-installed APEX /vendor/apex/com.android.hardware.thermal.ti.apex
01-01 00:00:19.301 346 346 I apexd : Found pre-installed APEX /vendor/apex/com.google.cf.health.apex
01-01 00:00:19.301 346 346 I apexd : Found pre-installed APEX /vendor/apex/com.android.hardware.usb.generic.apex
01-01 00:00:19.302 346 346 I apexd : Found pre-installed APEX /vendor/apex/com.android.hardware.audio.ti.apex
01-01 00:00:19.303 346 346 I apexd : Found pre-installed APEX /vendor/apex/com.android.hardware.power.apex
01-01 00:00:19.304 346 346 I apexd : Found pre-installed APEX /vendor/apex/com.google.cf.health.storage.apex
01-01 00:00:19.305 346 346 I apexd : Found pre-installed APEX /vendor/apex/com.android.hardware.drm.clearkey.apex
01-01 00:00:19.305 346 346 I apexd : Scanning /odm/apex for pre-installed ApexFiles
01-01 00:00:19.305 346 346 W apexd : /odm/apex does not exist. Skipping
01-01 00:00:19.306 346 346 I apexd : No block apex metadata partition found, not adding block apexes
01-01 00:00:19.306 346 346 I apexd : Populating APEX database from mounts...
01-01 00:00:19.307 346 346 I apexd : 0 packages restored.
01-01 00:00:19.307 346 346 I apexd : Marking APEXd as starting
01-01 00:00:19.311 346 346 I apexd : Scanning /metadata/apex/sessions looking for sessions to be activated.
01-01 00:00:19.311 346 346 I apexd : Scanning /data/apex/active for data ApexFiles
01-01 00:00:19.311 346 346 I apexd : Selecting APEX for activation
01-01 00:00:19.314 350 350 I loop4 : detected capacity change from 0 to 70504
01-01 00:00:19.314 352 352 I loop5 : detected capacity change from 0 to 8520
01-01 00:00:19.315 349 349 I loop6 : detected capacity change from 0 to 10208
01-01 00:00:19.316 353 353 I loop7 : detected capacity change from 0 to 1208
01-01 00:00:19.318 348 348 I loop8 : detected capacity change from 0 to 1576
01-01 00:00:19.326 354 354 I loop9 : detected capacity change from 0 to 536
01-01 00:00:19.327 351 351 I loop10 : detected capacity change from 0 to 536
01-01 00:00:19.331 356 356 I loop11 : detected capacity change from 0 to 156328
01-01 00:00:19.335 355 355 I loop12 : detected capacity change from 0 to 1640
01-01 00:00:19.336 372 372 I loop13 : detected capacity change from 0 to 18272
01-01 00:00:19.336 360 360 I loop14 : detected capacity change from 0 to 6648
01-01 00:00:19.337 357 357 I loop15 : detected capacity change from 0 to 1648
01-01 00:00:19.343 1 1 I init : Service 'exec 7 (/bin/rm -rf /data/misc/virtualizationservice)' (pid 347) exited with status 1 waiting took 0.061000 seconds
01-01 00:00:19.343 1 1 I init : Sending signal 9 to service 'exec 7 (/bin/rm -rf /data/misc/virtualizationservice)' (pid 347) process group...
01-01 00:00:19.349 1 1 I libprocessgroup: Removed cgroup /sys/fs/cgroup/uid_1081/pid_347
01-01 00:00:19.350 1 1 I init : Not setting encryption policy on: /data/preloads
01-01 00:00:19.350 361 361 I loop16 : detected capacity change from 0 to 48832
01-01 00:00:19.350 358 358 I loop17 : detected capacity change from 0 to 9424
01-01 00:00:19.353 1 1 I init : Verified that /data/app-private has the encryption policy 742e57d9a5412a3fa561732f30d1ef00 v2 modes 1/4 flags 0x2
01-01 00:00:19.354 365 365 I loop18 : detected capacity change from 0 to 4984
01-01 00:00:19.354 1 1 I init : Verified that /data/app-ephemeral has the encryption policy 742e57d9a5412a3fa561732f30d1ef00 v2 modes 1/4 flags 0x2
01-01 00:00:19.355 1 1 I init : Verified that /data/app-asec has the encryption policy 742e57d9a5412a3fa561732f30d1ef00 v2 modes 1/4 flags 0x2
01-01 00:00:19.356 1 1 I init : Verified that /data/app-lib has the encryption policy 742e57d9a5412a3fa561732f30d1ef00 v2 modes 1/4 flags 0x2
01-01 00:00:19.357 364 364 I loop19 : detected capacity change from 0 to 3896
01-01 00:00:19.357 359 359 I loop20 : detected capacity change from 0 to 904
01-01 00:00:19.360 1 1 I init : Verified that /data/app has the encryption policy 742e57d9a5412a3fa561732f30d1ef00 v2 modes 1/4 flags 0x2
01-01 00:00:19.361 1 1 I init : Verified that /data/app-metadata has the encryption policy 742e57d9a5412a3fa561732f30d1ef00 v2 modes 1/4 flags 0x2
01-01 00:00:19.361 1 1 I init : Verified that /data/fonts has the encryption policy 742e57d9a5412a3fa561732f30d1ef00 v2 modes 1/4 flags 0x2
01-01 00:00:19.363 362 362 I loop21 : detected capacity change from 0 to 9264
01-01 00:00:19.368 349 349 I EXT4-fs (loop6): mounted filesystem 7d1522e1-9dfa-5edb-a43e-98e3a4d20250 ro without journal. Quota mode: none.
01-01 00:00:19.368 349 349 I apexd : Successfully mounted package /system/apex/com.android.neuralnetworks.apex on /apex/com.android.neuralnetworks@352090000 duration=53
01-01 00:00:19.368 371 371 I loop22 : detected capacity change from 0 to 8736
01-01 00:00:19.371 1 1 I init : Verified that /data/dalvik-cache has the encryption policy 742e57d9a5412a3fa561732f30d1ef00 v2 modes 1/4 flags 0x2
01-01 00:00:19.373 353 353 I EXT4-fs (loop7): mounted filesystem 7d1522e1-9dfa-5edb-a43e-98e3a4d20250 ro without journal. Quota mode: none.
01-01 00:00:19.373 353 353 I apexd : Successfully mounted package /system/apex/com.android.configinfrastructure.apex on /apex/com.android.configinfrastructure@352090000 duration=57
01-01 00:00:19.373 1 1 I init : Verified that /data/ota has the encryption policy 742e57d9a5412a3fa561732f30d1ef00 v2 modes 1/4 flags 0x2
01-01 00:00:19.373 368 368 I loop23 : detected capacity change from 0 to 35232
01-01 00:00:19.374 366 366 I loop24 : detected capacity change from 0 to 15576
01-01 00:00:19.374 1 1 I init : Verified that /data/ota_package has the encryption policy 742e57d9a5412a3fa561732f30d1ef00 v2 modes 1/4 flags 0x2
01-01 00:00:19.375 1 1 I init : Verified that /data/resource-cache has the encryption policy 742e57d9a5412a3fa561732f30d1ef00 v2 modes 1/4 flags 0x2
01-01 00:00:19.376 1 1 I init : Not setting encryption policy on: /data/lost+found
01-01 00:00:19.378 370 370 I loop25 : detected capacity change from 0 to 51448
01-01 00:00:19.379 1 1 I init : Verified that /data/drm has the encryption policy 742e57d9a5412a3fa561732f30d1ef00 v2 modes 1/4 flags 0x2
01-01 00:00:19.381 374 374 I loop26 : detected capacity change from 0 to 1288
01-01 00:00:19.382 352 352 I EXT4-fs (loop5): mounted filesystem 7d1522e1-9dfa-5edb-a43e-98e3a4d20250 ro without journal. Quota mode: none.
01-01 00:00:19.383 352 352 I apexd : Successfully mounted package /system/apex/com.android.resolv.apex on /apex/com.android.resolv@352090000 duration=68
01-01 00:00:19.384 1 1 I init : Verified that /data/mediadrm has the encryption policy 742e57d9a5412a3fa561732f30d1ef00 v2 modes 1/4 flags 0x2
01-01 00:00:19.385 1 1 I init : Verified that /data/nfc has the encryption policy 742e57d9a5412a3fa561732f30d1ef00 v2 modes 1/4 flags 0x2
01-01 00:00:19.387 354 354 I EXT4-fs (loop9): mounted filesystem 7d1522e1-9dfa-5edb-a43e-98e3a4d20250 ro without journal. Quota mode: none.
01-01 00:00:19.388 354 354 I apexd : Successfully mounted package /vendor/apex/com.android.hardware.cas.apex on /apex/com.android.hardware.cas@1 duration=68
01-01 00:00:19.392 367 367 I loop27 : detected capacity change from 0 to 536
01-01 00:00:19.393 1 1 I init : Verified that /data/backup has the encryption policy 742e57d9a5412a3fa561732f30d1ef00 v2 modes 1/4 flags 0x2
01-01 00:00:19.397 1 1 I init : Verified that /data/ss has the encryption policy 742e57d9a5412a3fa561732f30d1ef00 v2 modes 1/4 flags 0x2
01-01 00:00:19.397 1 1 I init : Verified that /data/system has the encryption policy 742e57d9a5412a3fa561732f30d1ef00 v2 modes 1/4 flags 0x2
01-01 00:00:19.398 372 372 I EXT4-fs (loop13): mounted filesystem 7d1522e1-9dfa-5edb-a43e-98e3a4d20250 ro without journal. Quota mode: none.
01-01 00:00:19.399 372 372 I apexd : Successfully mounted package /system/apex/com.android.wifi.apex on /apex/com.android.wifi@352090000 duration=63
01-01 00:00:19.399 369 369 I loop28 : detected capacity change from 0 to 12472
01-01 00:00:19.401 356 356 I EXT4-fs (loop11): mounted filesystem 7d1522e1-9dfa-5edb-a43e-98e3a4d20250 ro without journal. Quota mode: none.
01-01 00:00:19.401 356 356 I apexd : Successfully mounted package /system/apex/com.android.virt.apex on /apex/com.android.virt@2 duration=79
01-01 00:00:19.408 348 348 I EXT4-fs (loop8): mounted filesystem 7d1522e1-9dfa-5edb-a43e-98e3a4d20250 ro without journal. Quota mode: none.
01-01 00:00:19.408 348 348 I apexd : Successfully mounted package /system/apex/com.android.sdkext.apex on /apex/com.android.sdkext@352090000 duration=95
01-01 00:00:19.415 350 350 I EXT4-fs (loop4): mounted filesystem 7d1522e1-9dfa-5edb-a43e-98e3a4d20250 ro without journal. Quota mode: none.
01-01 00:00:19.416 350 350 I apexd : Successfully mounted package /system/apex/com.android.i18n.apex on /apex/com.android.i18n@1 duration=102
01-01 00:00:19.416 351 351 I EXT4-fs (loop10): mounted filesystem 7d1522e1-9dfa-5edb-a43e-98e3a4d20250 ro without journal. Quota mode: none.
01-01 00:00:19.416 351 351 I apexd : Successfully mounted package /system/apex/com.android.scheduling.apex on /apex/com.android.scheduling@352090000 duration=96
01-01 00:00:19.418 358 358 I EXT4-fs (loop17): mounted filesystem 7d1522e1-9dfa-5edb-a43e-98e3a4d20250 ro without journal. Quota mode: none.
01-01 00:00:19.419 358 358 I apexd : Successfully mounted package /system/apex/com.android.conscrypt.apex on /apex/com.android.conscrypt@352090000 duration=96
01-01 00:00:19.421 366 366 I EXT4-fs (loop24): mounted filesystem 7d1522e1-9dfa-5edb-a43e-98e3a4d20250 ro without journal. Quota mode: none.
01-01 00:00:19.421 366 366 I apexd : Successfully mounted package /system/apex/com.android.runtime.apex on /apex/com.android.runtime@1 duration=90
01-01 00:00:19.422 357 357 I EXT4-fs (loop15): mounted filesystem 7d1522e1-9dfa-5edb-a43e-98e3a4d20250 ro without journal. Quota mode: none.
01-01 00:00:19.422 357 357 I apexd : Successfully mounted package /system/apex/com.android.tzdata.apex on /apex/com.android.tzdata@352090000 duration=100
01-01 00:00:19.427 359 359 I EXT4-fs (loop20): mounted filesystem 7d1522e1-9dfa-5edb-a43e-98e3a4d20250 ro without journal. Quota mode: none.
01-01 00:00:19.427 355 355 I EXT4-fs (loop12): mounted filesystem 7d1522e1-9dfa-5edb-a43e-98e3a4d20250 ro without journal. Quota mode: none.
01-01 00:00:19.427 362 362 I EXT4-fs (loop21): mounted filesystem 7d1522e1-9dfa-5edb-a43e-98e3a4d20250 ro without journal. Quota mode: none.
01-01 00:00:19.427 355 355 I apexd : Successfully mounted package /system/apex/com.android.ipsec.apex on /apex/com.android.ipsec@352090000 duration=105
01-01 00:00:19.427 359 359 I apexd : Successfully mounted package /vendor/apex/com.google.cf.health.apex on /apex/com.google.cf.health@1 duration=104
01-01 00:00:19.427 362 362 I apexd : Successfully mounted package /system/apex/com.android.appsearch.apex on /apex/com.android.appsearch@352090000 duration=102
01-01 00:00:19.428 360 360 I EXT4-fs (loop14): mounted filesystem 7d1522e1-9dfa-5edb-a43e-98e3a4d20250 ro without journal. Quota mode: none.
01-01 00:00:19.428 360 360 I apexd : Successfully mounted package /system/system_ext/apex/com.android.compos.apex on /apex/com.android.compos@2 duration=106
01-01 00:00:19.432 1 1 I selinux : SELinux: Skipping restorecon on directory(/data/system/shutdown-checkpoints)
01-01 00:00:19.432 1 1 I init : Not setting encryption policy on: /data/media
01-01 00:00:19.433 1 1 I init : Not setting encryption policy on: /data/misc_ce
01-01 00:00:19.434 375 375 I loop29 : detected capacity change from 0 to 46560
01-01 00:00:19.437 361 361 I EXT4-fs (loop16): mounted filesystem 7d1522e1-9dfa-5edb-a43e-98e3a4d20250 ro without journal. Quota mode: none.
01-01 00:00:19.438 361 361 I apexd : Successfully mounted package /system/apex/com.android.permission.apex on /apex/com.android.permission@352090000 duration=115
01-01 00:00:19.438 376 376 I loop30 : detected capacity change from 0 to 12840
01-01 00:00:19.443 371 371 I EXT4-fs (loop22): mounted filesystem 7d1522e1-9dfa-5edb-a43e-98e3a4d20250 ro without journal. Quota mode: none.
01-01 00:00:19.443 371 371 I apexd : Successfully mounted package /system/apex/com.android.uwb.apex on /apex/com.android.uwb@352090000 duration=116
01-01 00:00:19.444 373 373 I loop31 : detected capacity change from 0 to 60160
01-01 00:00:19.445 377 377 I loop32 : detected capacity change from 0 to 44720
01-01 00:00:19.447 378 378 I loop33 : detected capacity change from 0 to 29432
01-01 00:00:19.448 379 379 I loop34 : detected capacity change from 0 to 28616
01-01 00:00:19.451 381 381 I loop35 : detected capacity change from 0 to 880
01-01 00:00:19.451 1 1 I init : Not setting encryption policy on: /data/misc_de
01-01 00:00:19.452 364 364 I EXT4-fs (loop19): mounted filesystem 7d1522e1-9dfa-5edb-a43e-98e3a4d20250 ro without journal. Quota mode: none.
01-01 00:00:19.452 365 365 I EXT4-fs (loop18): mounted filesystem 7d1522e1-9dfa-5edb-a43e-98e3a4d20250 ro without journal. Quota mode: none.
01-01 00:00:19.453 1 1 I init : Not setting encryption policy on: /data/system_ce
01-01 00:00:19.453 365 365 I apexd : Successfully mounted package /vendor/apex/com.android.hardware.usb.generic.apex on /apex/com.android.hardware.usb.generic@1 duration=128
01-01 00:00:19.454 1 1 I init : Not setting encryption policy on: /data/system_de
01-01 00:00:19.454 364 364 I apexd : Successfully mounted package /vendor/apex/com.android.hardware.drm.clearkey.apex on /apex/com.android.hardware.drm.clearkey@1 duration=128
01-01 00:00:19.454 383 383 I loop36 : detected capacity change from 0 to 12128
01-01 00:00:19.454 380 380 I loop37 : detected capacity change from 0 to 7040
01-01 00:00:19.455 1 1 I init : Not setting encryption policy on: /data/user
01-01 00:00:19.456 1 1 I init : Not setting encryption policy on: /data/user_de
01-01 00:00:19.457 1 1 I init : Not setting encryption policy on: /data/vendor_ce
01-01 00:00:19.458 1 1 I init : Not setting encryption policy on: /data/vendor_de
01-01 00:00:19.461 382 382 I loop38 : detected capacity change from 0 to 2680
01-01 00:00:19.462 1 1 I init : Not setting encryption policy on: /data/storage_area
01-01 00:00:19.462 374 374 I EXT4-fs (loop26): mounted filesystem 7d1522e1-9dfa-5edb-a43e-98e3a4d20250 ro without journal. Quota mode: none.
01-01 00:00:19.463 374 374 I apexd : Successfully mounted package /system/apex/com.android.profiling.apex on /apex/com.android.profiling@352090000 duration=132
01-01 00:00:19.463 363 363 I loop39 : detected capacity change from 0 to 55776
01-01 00:00:19.464 1 1 I init : starting service 'exec 8 (/system/bin/chattr +F /data/media)'...
01-01 00:00:19.465 385 385 I loop40 : detected capacity change from 0 to 976
01-01 00:00:19.465 367 367 I EXT4-fs (loop27): mounted filesystem 7d1522e1-9dfa-5edb-a43e-98e3a4d20250 ro without journal. Quota mode: none.
01-01 00:00:19.465 367 367 I apexd : Successfully mounted package /system/apex/com.android.apex.cts.shim.apex on /apex/com.android.apex.cts.shim@1 duration=134
01-01 00:00:19.470 386 386 I loop41 : detected capacity change from 0 to 12976
01-01 00:00:19.471 384 384 I loop42 : detected capacity change from 0 to 22176
01-01 00:00:19.471 370 370 I EXT4-fs (loop25): mounted filesystem 7d1522e1-9dfa-5edb-a43e-98e3a4d20250 ro without journal. Quota mode: none.
01-01 00:00:19.472 370 370 I apexd : Successfully mounted package /system/apex/com.android.extservices.apex on /apex/com.android.extservices@352090000 duration=141
01-01 00:00:19.494 368 368 I EXT4-fs (loop23): mounted filesystem 7d1522e1-9dfa-5edb-a43e-98e3a4d20250 ro without journal. Quota mode: none.
01-01 00:00:19.495 368 368 I apexd : Successfully mounted package /system/apex/com.android.tethering.apex on /apex/com.android.tethering@352090000 duration=168
01-01 00:00:19.497 375 375 I EXT4-fs (loop29): mounted filesystem 7d1522e1-9dfa-5edb-a43e-98e3a4d20250 ro without journal. Quota mode: none.
01-01 00:00:19.497 375 375 I apexd : Successfully mounted package /system/apex/com.android.adservices.apex on /apex/com.android.adservices@352090000 duration=165
01-01 00:00:19.499 369 369 I EXT4-fs (loop28): mounted filesystem 7d1522e1-9dfa-5edb-a43e-98e3a4d20250 ro without journal. Quota mode: none.
01-01 00:00:19.499 369 369 I apexd : Successfully mounted package /system/apex/com.android.devicelock.apex on /apex/com.android.devicelock@1 duration=168
01-01 00:00:19.502 378 378 I EXT4-fs (loop33): mounted filesystem 7d1522e1-9dfa-5edb-a43e-98e3a4d20250 ro without journal. Quota mode: none.
01-01 00:00:19.502 378 378 I apexd : Successfully mounted package /system/apex/com.android.ondevicepersonalization.apex on /apex/com.android.ondevicepersonalization@352090000 duration=165
01-01 00:00:19.502 389 389 I loop43 : detected capacity change from 0 to 720
01-01 00:00:19.506 1 1 I init : ... started service 'exec 8 (/system/bin/chattr +F /data/media)' has pid 415
01-01 00:00:19.506 1 1 I init : SVC_EXEC service 'exec 8 (/system/bin/chattr +F /data/media)' pid 415 (uid 1023 gid 1023+0 context default) started; waiting...
01-01 00:00:19.509 388 388 I loop44 : detected capacity change from 0 to 13720
01-01 00:00:19.509 387 387 I loop45 : detected capacity change from 0 to 47104
01-01 00:00:19.510 390 390 I loop46 : detected capacity change from 0 to 3640
01-01 00:00:19.513 379 379 I EXT4-fs (loop34): mounted filesystem 7d1522e1-9dfa-5edb-a43e-98e3a4d20250 ro without journal. Quota mode: none.
01-01 00:00:19.513 379 379 I apexd : Successfully mounted package /system/apex/com.android.healthfitness.apex on /apex/com.android.healthfitness@352090000 duration=175
01-01 00:00:19.515 381 381 I EXT4-fs (loop35): mounted filesystem 7d1522e1-9dfa-5edb-a43e-98e3a4d20250 ro without journal. Quota mode: none.
01-01 00:00:19.515 381 381 I apexd : Successfully mounted package /vendor/apex/com.android.hardware.boot.apex on /apex/com.android.hardware.boot@1 duration=177
01-01 00:00:19.516 382 382 I EXT4-fs (loop38): mounted filesystem 7d1522e1-9dfa-5edb-a43e-98e3a4d20250 ro without journal. Quota mode: none.
01-01 00:00:19.516 382 382 I apexd : Successfully mounted package /system/apex/com.android.rkpd.apex on /apex/com.android.rkpd@352090000 duration=177
01-01 00:00:19.520 377 377 I EXT4-fs (loop32): mounted filesystem 7d1522e1-9dfa-5edb-a43e-98e3a4d20250 ro without journal. Quota mode: none.
01-01 00:00:19.521 377 377 I apexd : Successfully mounted package /system/apex/com.android.btservices.apex on /apex/com.android.btservices@352090000 duration=184
01-01 00:00:19.523 376 376 I EXT4-fs (loop30): mounted filesystem 7d1522e1-9dfa-5edb-a43e-98e3a4d20250 ro without journal. Quota mode: none.
01-01 00:00:19.523 376 376 I apexd : Successfully mounted package /system/apex/com.android.adbd.apex on /apex/com.android.adbd@352090000 duration=191
01-01 00:00:19.527 380 380 I EXT4-fs (loop37): mounted filesystem 7d1522e1-9dfa-5edb-a43e-98e3a4d20250 ro without journal. Quota mode: none.
01-01 00:00:19.527 380 380 I apexd : Successfully mounted package /system/apex/com.android.os.statsd.apex on /apex/com.android.os.statsd@352090000 duration=188
01-01 00:00:19.530 385 385 I EXT4-fs (loop40): mounted filesystem 7d1522e1-9dfa-5edb-a43e-98e3a4d20250 ro without journal. Quota mode: none.
01-01 00:00:19.530 385 385 I apexd : Successfully mounted package /vendor/apex/com.android.hardware.thermal.ti.apex on /apex/com.android.hardware.thermal.ti@1 duration=190
01-01 00:00:19.534 373 373 I EXT4-fs (loop31): mounted filesystem 7d1522e1-9dfa-5edb-a43e-98e3a4d20250 ro without journal. Quota mode: none.
01-01 00:00:19.534 373 373 I apexd : Successfully mounted package /system/apex/com.android.media.swcodec.apex on /apex/com.android.media.swcodec@352090000 duration=200
01-01 00:00:19.538 384 384 I EXT4-fs (loop42): mounted filesystem 7d1522e1-9dfa-5edb-a43e-98e3a4d20250 ro without journal. Quota mode: none.
01-01 00:00:19.539 384 384 I apexd : Successfully mounted package /vendor/apex/com.android.hardware.audio.ti.apex on /apex/com.android.hardware.audio.ti@1 duration=198
01-01 00:00:19.541 383 383 I EXT4-fs (loop36): mounted filesystem 7d1522e1-9dfa-5edb-a43e-98e3a4d20250 ro without journal. Quota mode: none.
01-01 00:00:19.541 383 383 I apexd : Successfully mounted package /system/apex/com.android.media.apex on /apex/com.android.media@352090000 duration=202
01-01 00:00:19.542 363 363 I EXT4-fs (loop39): mounted filesystem 7d1522e1-9dfa-5edb-a43e-98e3a4d20250 ro without journal. Quota mode: none.
01-01 00:00:19.543 363 363 I apexd : Successfully mounted package /system/apex/com.android.art.apex on /apex/com.android.art@352090000 duration=220
01-01 00:00:19.545 386 386 I EXT4-fs (loop41): mounted filesystem 7d1522e1-9dfa-5edb-a43e-98e3a4d20250 ro without journal. Quota mode: none.
01-01 00:00:19.546 386 386 I apexd : Successfully mounted package /vendor/apex/com.android.hardware.camera.libcamera.apex on /apex/com.android.hardware.camera.libcamera@1 duration=205
01-01 00:00:19.554 389 389 I EXT4-fs (loop43): mounted filesystem 7d1522e1-9dfa-5edb-a43e-98e3a4d20250 ro without journal. Quota mode: none.
01-01 00:00:19.554 389 389 I apexd : Successfully mounted package /vendor/apex/com.google.cf.health.storage.apex on /apex/com.google.cf.health.storage@1 duration=212
01-01 00:00:19.556 390 390 I EXT4-fs (loop46): mounted filesystem 7d1522e1-9dfa-5edb-a43e-98e3a4d20250 ro without journal. Quota mode: none.
01-01 00:00:19.556 390 390 I apexd : Successfully mounted package /vendor/apex/com.android.hardware.power.apex on /apex/com.android.hardware.power@1 duration=214
01-01 00:00:19.558 1 1 I init : Service 'exec 8 (/system/bin/chattr +F /data/media)' (pid 415) exited with status 0 waiting took 0.074000 seconds
01-01 00:00:19.558 1 1 I init : Sending signal 9 to service 'exec 8 (/system/bin/chattr +F /data/media)' (pid 415) process group...
01-01 00:00:19.559 1 1 I libprocessgroup: Removed cgroup /sys/fs/cgroup/uid_1023/pid_415
01-01 00:00:19.563 387 387 I EXT4-fs (loop45): mounted filesystem 7d1522e1-9dfa-5edb-a43e-98e3a4d20250 ro without journal. Quota mode: none.
01-01 00:00:19.563 387 387 I apexd : Successfully mounted package /system/apex/com.android.mediaprovider.apex on /apex/com.android.mediaprovider@352090000 duration=221
01-01 00:00:19.568 388 388 I EXT4-fs (loop44): mounted filesystem 7d1522e1-9dfa-5edb-a43e-98e3a4d20250 ro without journal. Quota mode: none.
01-01 00:00:19.568 388 388 I apexd : Successfully mounted package /system/apex/com.android.nfcservices.apex on /apex/com.android.nfcservices@352090000 duration=227
01-01 00:00:19.571 346 346 I apexd : Activated 43 packages.
01-01 00:00:19.571 346 346 I apexd : OnStart done, duration=264
01-01 00:00:19.571 346 346 I AidlLazyServiceRegistrar: Registering service apexservice
01-01 00:00:19.613 1 1 I init : Verified that /data/cache has the encryption policy 742e57d9a5412a3fa561732f30d1ef00 v2 modes 1/4 flags 0x2
01-01 00:00:19.617 1 1 I init : Verified that /data/rollback has the encryption policy 742e57d9a5412a3fa561732f30d1ef00 v2 modes 1/4 flags 0x2
01-01 00:00:19.618 1 1 I init : Verified that /data/rollback-observer has the encryption policy 742e57d9a5412a3fa561732f30d1ef00 v2 modes 1/4 flags 0x2
01-01 00:00:19.619 1 1 I init : Verified that /data/rollback-history has the encryption policy 742e57d9a5412a3fa561732f30d1ef00 v2 modes 1/4 flags 0x2
01-01 00:00:19.620 1 1 I init : Verified that /data/incremental has the encryption policy 742e57d9a5412a3fa561732f30d1ef00 v2 modes 1/4 flags 0x2
01-01 00:00:19.674 346 346 I SELinux : SELinux: Loaded file context from:
01-01 00:00:19.674 346 346 I SELinux : /system/etc/selinux/plat_file_contexts
01-01 00:00:19.674 346 346 I SELinux : /system_ext/etc/selinux/system_ext_file_contexts
01-01 00:00:19.675 346 346 I SELinux : /product/etc/selinux/product_file_contexts
01-01 00:00:19.675 346 346 I SELinux : /vendor/etc/selinux/vendor_file_contexts
01-01 00:00:19.683 346 346 I apexd : Marking APEXd as activated
01-01 00:00:19.684 162 162 I init : Wait for property 'apexd.status=activated' took 58ms
01-01 00:00:19.753 1 1 I init : Parsing file /apex/com.android.adbd/etc/init.rc...
01-01 00:00:19.755 1 1 I init : Parsing file /apex/com.android.art/etc/init.rc...
01-01 00:00:19.756 1 1 I init : Parsing file /apex/com.android.compos/etc/init.rc...
01-01 00:00:19.757 1 1 I init : Parsing file /apex/com.android.hardware.audio.ti/etc/android.hardware.audio.service-aidl.ti.rc...
01-01 00:00:19.758 1 1 I init : Parsing file /apex/com.android.hardware.camera.libcamera/etc/android.hardware.camera.libcamera.rc...
01-01 00:00:19.759 1 1 I init : Parsing file /apex/com.android.hardware.cas/etc/cas-default.rc...
01-01 00:00:19.760 1 1 I init : Parsing file /apex/com.android.hardware.drm.clearkey/etc/android.hardware.drm-service.clearkey.apex.rc...
01-01 00:00:19.761 1 1 I init : Parsing file /apex/com.android.hardware.power/etc/com.android.hardware.power.rc...
01-01 00:00:19.761 1 1 I init : Parsing file /apex/com.android.hardware.thermal.ti/etc/android.hardware.thermal.ti.rc...
01-01 00:00:19.762 1 1 I init : Parsing file /apex/com.android.hardware.usb.generic/etc/android.hardware.usb.generic.rc...
01-01 00:00:19.763 1 1 I init : Parsing file /apex/com.android.media.swcodec/etc/mediaswcodec.32rc...
01-01 00:00:19.764 1 1 I init : Parsing file /apex/com.android.media/etc/mediatranscoding.32rc...
01-01 00:00:19.765 1 1 I init : Parsing file /apex/com.android.os.statsd/etc/init.rc...
01-01 00:00:19.766 1 1 I init : Parsing file /apex/com.android.sdkext/etc/derive_classpath.rc...
01-01 00:00:19.767 1 1 I init : Parsing file /apex/com.android.sdkext/etc/derive_sdk.rc...
01-01 00:00:19.768 1 1 I init : Parsing file /apex/com.android.tethering/etc/netbpfload.35rc...
01-01 00:00:19.769 1 1 I init : Parsing file /apex/com.android.tethering/etc/ot-daemon.34rc...
01-01 00:00:19.770 1 1 I init : Parsing file /apex/com.android.virt/etc/vfio_handler.rc...
01-01 00:00:19.771 1 1 I init : Parsing file /apex/com.android.virt/etc/virtualizationservice.rc...
01-01 00:00:19.772 1 1 I init : Parsing file /apex/com.google.cf.health.storage/etc/android.hardware.health.storage-service.cuttlefish.rc...
01-01 00:00:19.773 1 1 I init : Parsing file /apex/com.google.cf.health/etc/android.hardware.health-service.cuttlefish.rc...
01-01 00:00:19.990 1 1 I init : linkerconfig generated /linkerconfig with mounted APEX modules info
01-01 00:00:19.990 1 1 I init : Command 'perform_apex_config' action=post-fs-data (/system/etc/init/hw/init.rc:1052) took 305ms and succeeded
01-01 00:00:19.991 1 1 I init : starting service 'aconfigd-mainline-init'...
01-01 00:00:20.005 1 1 I init : ... started service 'aconfigd-mainline-init' has pid 438
01-01 00:00:20.005 1 1 I init : SVC_EXEC service 'aconfigd-mainline-init' pid 438 (uid 1000 gid 1000+0 context default) started; waiting...
01-01 00:00:20.041 1 1 I init : Service 'aconfigd-mainline-init' (pid 438) exited with status 0 waiting took 0.044000 seconds
01-01 00:00:20.041 1 1 I init : Sending signal 9 to service 'aconfigd-mainline-init' (pid 438) process group...
01-01 00:00:20.041 1 1 I libprocessgroup: Removed cgroup /sys/fs/cgroup/uid_1000/pid_438
01-01 00:00:20.043 1 1 I init : starting service 'aconfigd'...
01-01 00:00:20.044 1 1 I init : Created socket '/dev/socket/aconfigd', mode 666, user 1000, group 1000
01-01 00:00:20.053 1 1 I init : ... started service 'aconfigd' has pid 439
01-01 00:00:20.056 1 1 I init : starting service 'derive_sdk'...
01-01 00:00:20.065 1 1 I init : ... started service 'derive_sdk' has pid 440
01-01 00:00:20.065 1 1 I init : SVC_EXEC service 'derive_sdk' pid 440 (uid 9999 gid 9999+0 context default) started; waiting...
01-01 00:00:20.093 1 1 I init : Service 'aconfigd' (pid 439) exited with status 0 oneshot service took 0.044000 seconds in background
01-01 00:00:20.093 1 1 I init : Sending signal 9 to service 'aconfigd' (pid 439) process group...
01-01 00:00:20.094 1 1 I libprocessgroup: Removed cgroup /sys/fs/cgroup/uid_1000/pid_439
01-01 00:00:20.101 440 440 I derive_sdk: Read version 15 from 7
01-01 00:00:20.102 440 440 I derive_sdk: Read version 15 from 6
01-01 00:00:20.103 440 440 I derive_sdk: Read version 15 from 5
01-01 00:00:20.103 440 440 I derive_sdk: Read version 15 from 16
01-01 00:00:20.104 440 440 I derive_sdk: Read version 15 from 13
01-01 00:00:20.105 440 440 I derive_sdk: Read version 15 from 3
01-01 00:00:20.106 440 440 I derive_sdk: Read version 15 from 2
01-01 00:00:20.107 440 440 I derive_sdk: Read version 15 from 1
01-01 00:00:20.108 440 440 I derive_sdk: Read version 15 from 4
01-01 00:00:20.109 440 440 I derive_sdk: Read version 15 from 8
01-01 00:00:20.110 440 440 I derive_sdk: Read version 15 from 14
01-01 00:00:20.110 440 440 I derive_sdk: Read version 15 from 9
01-01 00:00:20.111 440 440 I derive_sdk: Read version 15 from 10
01-01 00:00:20.112 440 440 I derive_sdk: Read version 15 from 12
01-01 00:00:20.113 440 440 I derive_sdk: Read version 15 from 15
01-01 00:00:20.114 440 440 I derive_sdk: Read version 15 from 11
01-01 00:00:20.114 440 440 I derive_sdk: extension r version is 15
01-01 00:00:20.115 440 440 I derive_sdk: extension s version is 15
01-01 00:00:20.116 440 440 I derive_sdk: extension t version is 15
01-01 00:00:20.116 440 440 I derive_sdk: extension u version is 15
01-01 00:00:20.117 440 440 I derive_sdk: extension v version is 15
01-01 00:00:20.118 440 440 I derive_sdk: extension ad_services version is 15
01-01 00:00:20.123 1 1 I init : Service 'derive_sdk' (pid 440) exited with status 0 waiting took 0.062000 seconds
01-01 00:00:20.123 1 1 I init : Sending signal 9 to service 'derive_sdk' (pid 440) process group...
01-01 00:00:20.123 1 1 I libprocessgroup: Removed cgroup /sys/fs/cgroup/uid_9999/pid_440
01-01 00:00:20.125 1 1 I init : starting service 'exec 9 (/system/bin/vdc --wait cryptfs init_user0)'...
01-01 00:00:20.132 1 1 I init : ... started service 'exec 9 (/system/bin/vdc --wait cryptfs init_user0)' has pid 441
01-01 00:00:20.132 1 1 I init : SVC_EXEC service 'exec 9 (/system/bin/vdc --wait cryptfs init_user0)' pid 441 (uid 0 gid 0+0 context default) started; waiting...
01-01 00:00:20.178 253 253 D vold : fscrypt_init_user0
01-01 00:00:20.178 253 253 D vold : Preparing: /data/misc/vold/user_keys
01-01 00:00:20.179 441 441 D vdc : Waited 0ms for vold
01-01 00:00:20.186 253 253 D vold : Preparing: /data/misc/vold/user_keys/ce
01-01 00:00:20.188 253 253 D vold : Preparing: /data/misc/vold/user_keys/de
01-01 00:00:20.202 253 253 D vold : Installed fscrypt key with ref 5ccc217180e27c98dd75e21d94edf59c to /data
01-01 00:00:20.202 253 253 D vold : Installed de key for user 0
01-01 00:00:20.203 253 253 D vold : Preparing: /data/data
01-01 00:00:20.207 253 253 D vold : Preparing: /data/user/0
01-01 00:00:20.209 253 253 D vold : Preparing: /data/media/obb
01-01 00:00:20.211 253 253 D vold : fscrypt_prepare_user_storage for volume null, user 0, flags 1
01-01 00:00:20.211 253 253 D vold : Preparing: /data/system/users/0
01-01 00:00:20.212 253 253 D vold : Preparing: /data/misc/profiles/cur/0
01-01 00:00:20.214 253 253 D vold : Preparing: /data/system_de/0
01-01 00:00:20.215 253 253 I vold : Verified that /data/system_de/0 has the encryption policy 5ccc217180e27c98dd75e21d94edf59c v2 modes 1/4 flags 0x2
01-01 00:00:20.216 253 253 D vold : Preparing: /data/vendor_de/0
01-01 00:00:20.217 253 253 I vold : Verified that /data/vendor_de/0 has the encryption policy 5ccc217180e27c98dd75e21d94edf59c v2 modes 1/4 flags 0x2
01-01 00:00:20.218 253 253 D vold : Preparing: /data/misc_de/0
01-01 00:00:20.219 253 253 I vold : Verified that /data/misc_de/0 has the encryption policy 5ccc217180e27c98dd75e21d94edf59c v2 modes 1/4 flags 0x2
01-01 00:00:20.220 253 253 D vold : Preparing: /data/user_de/0
01-01 00:00:20.221 253 253 I vold : Verified that /data/user_de/0 has the encryption policy 5ccc217180e27c98dd75e21d94edf59c v2 modes 1/4 flags 0x2
01-01 00:00:20.221 253 253 D vold : /system/bin/vold_prepare_subdirs
01-01 00:00:20.221 253 253 D vold : prepare
01-01 00:00:20.221 253 253 D vold :
01-01 00:00:20.221 253 253 D vold : 0
