06-04 09:11:56.885 617 663 V SystemServerTimingAsync: ssm.onUnlockingUser-0_com.android.server.GestureLauncherService took to complete: 0ms
06-04 09:11:56.885 617 663 D SystemServerTimingAsync: ssm.onUnlockingUser-0_com.android.server.SensorNotificationService
06-04 09:11:56.886 617 663 V SystemServerTimingAsync: ssm.onUnlockingUser-0_com.android.server.SensorNotificationService took to complete: 0ms
06-04 09:11:56.886 617 663 D SystemServerTimingAsync: ssm.onUnlockingUser-0_com.android.server.emergency.EmergencyAffordanceService
06-04 09:11:56.886 617 663 V SystemServerTimingAsync: ssm.onUnlockingUser-0_com.android.server.emergency.EmergencyAffordanceService took to complete: 0ms
06-04 09:11:56.886 617 663 D SystemServerTimingAsync: ssm.onUnlockingUser-0_com.android.server.blob.BlobStoreManagerService
06-04 09:11:56.886 617 663 V SystemServerTimingAsync: ssm.onUnlockingUser-0_com.android.server.blob.BlobStoreManagerService took to complete: 0ms
06-04 09:11:56.886 617 663 D SystemServerTimingAsync: ssm.onUnlockingUser-0_com.android.server.dreams.DreamManagerService
06-04 09:11:56.886 617 663 V SystemServerTimingAsync: ssm.onUnlockingUser-0_com.android.server.dreams.DreamManagerService took to complete: 0ms
06-04 09:11:56.886 617 663 D SystemServerTimingAsync: ssm.onUnlockingUser-0_com.android.server.print.PrintManagerService
06-04 09:11:56.887 617 663 V SystemServerTimingAsync: ssm.onUnlockingUser-0_com.android.server.print.PrintManagerService took to complete: 0ms
06-04 09:11:56.887 617 663 D SystemServerTimingAsync: ssm.onUnlockingUser-0_com.android.server.security.AttestationVerificationManagerService
06-04 09:11:56.888 617 663 V SystemServerTimingAsync: ssm.onUnlockingUser-0_com.android.server.security.AttestationVerificationManagerService took to complete: 0ms
06-04 09:11:56.888 617 663 D SystemServerTimingAsync: ssm.onUnlockingUser-0_com.android.server.companion.CompanionDeviceManagerService
06-04 09:11:56.888 617 663 D CDM_CompanionDeviceManagerService: onUserUnlocking...
06-04 09:11:56.888 617 663 V SystemServerTimingAsync: ssm.onUnlockingUser-0_com.android.server.companion.CompanionDeviceManagerService took to complete: 0ms
06-04 09:11:56.888 617 663 D SystemServerTimingAsync: ssm.onUnlockingUser-0_com.android.server.companion.virtual.VirtualDeviceManagerService
06-04 09:11:56.888 617 663 V SystemServerTimingAsync: ssm.onUnlockingUser-0_com.android.server.companion.virtual.VirtualDeviceManagerService took to complete: 0ms
06-04 09:11:56.888 617 663 D SystemServerTimingAsync: ssm.onUnlockingUser-0_com.android.server.restrictions.RestrictionsManagerService
06-04 09:11:56.888 617 663 V SystemServerTimingAsync: ssm.onUnlockingUser-0_com.android.server.restrictions.RestrictionsManagerService took to complete: 0ms
06-04 09:11:56.888 617 663 D SystemServerTimingAsync: ssm.onUnlockingUser-0_com.android.server.media.MediaSessionService
06-04 09:11:56.888 617 663 V SystemServerTimingAsync: ssm.onUnlockingUser-0_com.android.server.media.MediaSessionService took to complete: 0ms
06-04 09:11:56.888 617 663 D SystemServerTimingAsync: ssm.onUnlockingUser-0_com.android.server.biometrics.BiometricService
06-04 09:11:56.888 617 663 V SystemServerTimingAsync: ssm.onUnlockingUser-0_com.android.server.biometrics.BiometricService took to complete: 0ms
06-04 09:11:56.888 617 663 D SystemServerTimingAsync: ssm.onUnlockingUser-0_com.android.server.biometrics.AuthService
06-04 09:11:56.888 617 663 V SystemServerTimingAsync: ssm.onUnlockingUser-0_com.android.server.biometrics.AuthService took to complete: 0ms
06-04 09:11:56.888 617 663 D SystemServerTimingAsync: ssm.onUnlockingUser-0_com.android.server.adaptiveauth.AdaptiveAuthService
06-04 09:11:56.888 617 663 V SystemServerTimingAsync: ssm.onUnlockingUser-0_com.android.server.adaptiveauth.AdaptiveAuthService took to complete: 0ms
06-04 09:11:56.888 617 663 D SystemServerTimingAsync: ssm.onUnlockingUser-0_com.android.server.pm.ShortcutService$Lifecycle
06-04 09:11:56.888 617 663 D ShortcutService: handleUnlockUser: userId=0
06-04 09:11:56.900 617 663 V SystemServerTimingAsync: ssm.onUnlockingUser-0_com.android.server.pm.ShortcutService$Lifecycle took to complete: 12ms
06-04 09:11:56.900 617 663 D SystemServerTimingAsync: ssm.onUnlockingUser-0_com.android.server.pm.LauncherAppsService
06-04 09:11:56.900 617 663 V SystemServerTimingAsync: ssm.onUnlockingUser-0_com.android.server.pm.LauncherAppsService took to complete: 0ms
06-04 09:11:56.900 617 663 D SystemServerTimingAsync: ssm.onUnlockingUser-0_com.android.server.pm.CrossProfileAppsService
06-04 09:11:56.900 617 663 V SystemServerTimingAsync: ssm.onUnlockingUser-0_com.android.server.pm.CrossProfileAppsService took to complete: 0ms
06-04 09:11:56.900 617 663 D SystemServerTimingAsync: ssm.onUnlockingUser-0_com.android.server.people.PeopleService
06-04 09:11:56.901 617 663 V SystemServerTimingAsync: ssm.onUnlockingUser-0_com.android.server.people.PeopleService took to complete: 0ms
06-04 09:11:56.901 617 663 D SystemServerTimingAsync: ssm.onUnlockingUser-0_com.android.server.media.metrics.MediaMetricsManagerService
06-04 09:11:56.901 617 663 V SystemServerTimingAsync: ssm.onUnlockingUser-0_com.android.server.media.metrics.MediaMetricsManagerService took to complete: 0ms
06-04 09:11:56.901 617 663 D SystemServerTimingAsync: ssm.onUnlockingUser-0_com.android.server.pm.BackgroundInstallControlService
06-04 09:11:56.901 617 663 V SystemServerTimingAsync: ssm.onUnlockingUser-0_com.android.server.pm.BackgroundInstallControlService took to complete: 0ms
06-04 09:11:56.901 617 663 D SystemServerTimingAsync: ssm.onUnlockingUser-0_com.android.server.media.projection.MediaProjectionManagerService
06-04 09:11:56.901 617 663 V SystemServerTimingAsync: ssm.onUnlockingUser-0_com.android.server.media.projection.MediaProjectionManagerService took to complete: 0ms
06-04 09:11:56.901 617 663 D SystemServerTimingAsync: ssm.onUnlockingUser-0_com.android.server.slice.SliceManagerService$Lifecycle
06-04 09:11:56.901 617 663 V SystemServerTimingAsync: ssm.onUnlockingUser-0_com.android.server.slice.SliceManagerService$Lifecycle took to complete: 0ms
06-04 09:11:56.901 617 663 D SystemServerTimingAsync: ssm.onUnlockingUser-0_com.android.server.stats.StatsCompanion$Lifecycle
06-04 09:11:56.901 617 663 V SystemServerTimingAsync: ssm.onUnlockingUser-0_com.android.server.stats.StatsCompanion$Lifecycle took to complete: 0ms
06-04 09:11:56.901 617 663 D SystemServerTimingAsync: ssm.onUnlockingUser-0_com.android.server.scheduling.RebootReadinessManagerService$Lifecycle
06-04 09:11:56.901 617 663 V SystemServerTimingAsync: ssm.onUnlockingUser-0_com.android.server.scheduling.RebootReadinessManagerService$Lifecycle took to complete: 0ms
06-04 09:11:56.901 617 663 D SystemServerTimingAsync: ssm.onUnlockingUser-0_com.android.server.stats.pull.StatsPullAtomService
06-04 09:11:56.901 617 663 V SystemServerTimingAsync: ssm.onUnlockingUser-0_com.android.server.stats.pull.StatsPullAtomService took to complete: 0ms
06-04 09:11:56.901 617 663 D SystemServerTimingAsync: ssm.onUnlockingUser-0_com.android.server.stats.bootstrap.StatsBootstrapAtomService$Lifecycle
06-04 09:11:56.901 617 663 V SystemServerTimingAsync: ssm.onUnlockingUser-0_com.android.server.stats.bootstrap.StatsBootstrapAtomService$Lifecycle took to complete: 0ms
06-04 09:11:56.901 617 663 D SystemServerTimingAsync: ssm.onUnlockingUser-0_com.android.server.incident.IncidentCompanionService
06-04 09:11:56.901 617 663 V SystemServerTimingAsync: ssm.onUnlockingUser-0_com.android.server.incident.IncidentCompanionService took to complete: 0ms
06-04 09:11:56.901 617 663 D SystemServerTimingAsync: ssm.onUnlockingUser-0_com.android.server.sdksandbox.SdkSandboxManagerService$Lifecycle
06-04 09:11:56.901 617 663 I SdkSandboxManager: onUserUnlocking 0
06-04 09:11:56.902 617 663 V SystemServerTimingAsync: ssm.onUnlockingUser-0_com.android.server.sdksandbox.SdkSandboxManagerService$Lifecycle took to complete: 1ms
06-04 09:11:56.902 617 663 D SystemServerTimingAsync: ssm.onUnlockingUser-0_com.android.server.adservices.AdServicesManagerService$Lifecycle
06-04 09:11:56.902 617 663 V SystemServerTimingAsync: ssm.onUnlockingUser-0_com.android.server.adservices.AdServicesManagerService$Lifecycle took to complete: 0ms
06-04 09:11:56.902 617 663 D SystemServerTimingAsync: ssm.onUnlockingUser-0_com.android.server.ondevicepersonalization.OnDevicePersonalizationSystemService$Lifecycle
06-04 09:11:56.902 617 663 V SystemServerTimingAsync: ssm.onUnlockingUser-0_com.android.server.ondevicepersonalization.OnDevicePersonalizationSystemService$Lifecycle took to complete: 0ms
06-04 09:11:56.902 617 663 D SystemServerTimingAsync: ssm.onUnlockingUser-0_android.os.profiling.ProfilingService$Lifecycle
06-04 09:11:56.902 617 663 V SystemServerTimingAsync: ssm.onUnlockingUser-0_android.os.profiling.ProfilingService$Lifecycle took to complete: 0ms
06-04 09:11:56.902 617 663 D SystemServerTimingAsync: ssm.onUnlockingUser-0_com.android.server.autofill.AutofillManagerService
06-04 09:11:56.904 617 758 D WifiConfigStore: Writing to stores completed in 50 ms.
06-04 09:11:56.904 617 1256 D ShortcutService: Loading from /data/system_ce/0/shortcut_service/shortcuts.xml
06-04 09:11:56.904 617 735 V GrammaticalInflectionUtils: AttributionSource: AttributionSource { uid = 10094, packageName = null, attributionTag = null, token = android.os.Binder@b163f50, deviceId = 0, next = null } does not have READ_SYSTEM_GRAMMATICAL_GENDER permission.
06-04 09:11:56.905 617 735 D CompatChangeReporter: Compat change id reported: 151861875; UID 10094; state: ENABLED
06-04 09:11:56.907 617 653 D AutofillUI: destroySaveUiUiThread(): already destroyed
06-04 09:11:56.920 617 663 D AutofillManagerServiceImpl: Reset component for user 0:null
06-04 09:11:56.920 617 663 D FieldClassificationStrategy: reset(): service is not bound. Do nothing.
06-04 09:11:56.921 617 802 I BackupManagerService: Starting service for user: 0
06-04 09:11:56.921 617 663 V SystemServerTimingAsync: ssm.onUnlockingUser-0_com.android.server.autofill.AutofillManagerService took to complete: 19ms
06-04 09:11:56.921 617 663 D SystemServerTimingAsync: ssm.onUnlockingUser-0_com.android.server.clipboard.ClipboardService
06-04 09:11:56.921 617 663 V SystemServerTimingAsync: ssm.onUnlockingUser-0_com.android.server.clipboard.ClipboardService took to complete: 0ms
06-04 09:11:56.921 617 663 D SystemServerTimingAsync: ssm.onUnlockingUser-0_com.android.server.appbinding.AppBindingService$Lifecycle
06-04 09:11:56.921 617 663 W AppBindingService: [Default SMS app] u0 Target package not found
06-04 09:11:56.922 617 663 V SystemServerTimingAsync: ssm.onUnlockingUser-0_com.android.server.appbinding.AppBindingService$Lifecycle took to complete: 0ms
06-04 09:11:56.922 617 663 D SystemServerTimingAsync: ssm.onUnlockingUser-0_com.android.server.tracing.TracingServiceProxy
06-04 09:11:56.929 617 802 V BackupManagerService: [UserID:0] Starting with transport com.android.localtransport/.LocalTransport
06-04 09:11:56.933 617 802 D BackupManagerService: [UserID:0] Started thread backup-0
06-04 09:11:56.933 617 758 D WakeupConfigStoreData: WifiWake user data has been read
06-04 09:11:56.934 617 1256 D ShortcutService: depth=1 type=2 name=user
06-04 09:11:56.938 617 663 V SystemServerTimingAsync: ssm.onUnlockingUser-0_com.android.server.tracing.TracingServiceProxy took to complete: 16ms
06-04 09:11:56.938 617 663 D SystemServerTimingAsync: ssm.onUnlockingUser-0_com.android.server.policy.PermissionPolicyService
06-04 09:11:56.938 617 663 V SystemServerTimingAsync: ssm.onUnlockingUser-0_com.android.server.policy.PermissionPolicyService took to complete: 0ms
06-04 09:11:56.938 617 663 D SystemServerTimingAsync: ssm.onUnlockingUser-0_com.android.server.pm.StagingManager$Lifecycle
06-04 09:11:56.938 617 663 V SystemServerTimingAsync: ssm.onUnlockingUser-0_com.android.server.pm.StagingManager$Lifecycle took to complete: 0ms
06-04 09:11:56.939 617 663 D SystemServerTimingAsync: ssm.onUnlockingUser-0_com.android.server.app.GameManagerService$Lifecycle
06-04 09:11:56.939 617 663 V SystemServerTimingAsync: ssm.onUnlockingUser-0_com.android.server.app.GameManagerService$Lifecycle took to complete: 0ms
06-04 09:11:56.939 617 663 D SystemServerTimingAsync: ssm.onUnlockingUser-0_com.android.safetycenter.SafetyCenterService
06-04 09:11:56.939 617 663 V SystemServerTimingAsync: ssm.onUnlockingUser-0_com.android.safetycenter.SafetyCenterService took to complete: 0ms
06-04 09:11:56.939 617 663 D SystemServerTimingAsync: ssm.onUnlockingUser-0_com.android.server.appsearch.AppSearchModule$Lifecycle
06-04 09:11:56.952 617 735 I StorageUserConnection: Bound to the ExternalStorageService for user 0
06-04 09:11:56.953 617 758 D WifiConfigStore: Reading from user stores completed in 47 ms.
06-04 09:11:56.955 617 662 V WallpaperManagerService: Wallpaper_selinux_restorecon-0 took to complete: 75ms
06-04 09:11:56.978 458 458 D Zygote : Forked child process 1262
06-04 09:11:56.992 455 482 I netd : tetherGetStats() -> {[]} <28.92ms>
06-04 09:11:57.019 617 758 D WifiConfigStore: Writing to stores completed in 21 ms.
06-04 09:11:57.022 617 1263 I AppSearchUserInstanceMa: Creating new AppSearch instance at: /data/system_ce/0/appsearch/icing
06-04 09:11:57.023 617 662 V GrammaticalInflectionUtils: AttributionSource: AttributionSource { uid = 10040, packageName = null, attributionTag = null, token = android.os.Binder@b163f50, deviceId = 0, next = null } does not have READ_SYSTEM_GRAMMATICAL_GENDER permission.
06-04 09:11:57.023 617 662 D CompatChangeReporter: Compat change id reported: 151861875; UID 10040; state: ENABLED
06-04 09:11:57.025 617 663 W SystemServiceManager: Service com.android.server.appsearch.AppSearchModule$Lifecycle took 85 ms in onUnlockingUser-0
06-04 09:11:57.025 617 663 V SystemServerTimingAsync: ssm.onUnlockingUser-0_com.android.server.appsearch.AppSearchModule$Lifecycle took to complete: 86ms
06-04 09:11:57.025 617 663 D SystemServerTimingAsync: ssm.onUnlockingUser-0_com.android.server.compos.IsolatedCompilationService
06-04 09:11:57.025 617 663 V SystemServerTimingAsync: ssm.onUnlockingUser-0_com.android.server.compos.IsolatedCompilationService took to complete: 0ms
06-04 09:11:57.025 617 663 D SystemServerTimingAsync: ssm.onUnlockingUser-0_com.android.server.media.MediaCommunicationService
06-04 09:11:57.025 617 663 V SystemServerTimingAsync: ssm.onUnlockingUser-0_com.android.server.media.MediaCommunicationService took to complete: 0ms
06-04 09:11:57.025 617 663 D SystemServerTimingAsync: ssm.onUnlockingUser-0_com.android.server.compat.overrides.AppCompatOverridesService$Lifecycle
06-04 09:11:57.025 617 663 V SystemServerTimingAsync: ssm.onUnlockingUser-0_com.android.server.compat.overrides.AppCompatOverridesService$Lifecycle took to complete: 0ms
06-04 09:11:57.025 617 663 D SystemServerTimingAsync: ssm.onUnlockingUser-0_com.android.server.healthconnect.HealthConnectManagerService
06-04 09:11:57.025 617 663 V SystemServerTimingAsync: ssm.onUnlockingUser-0_com.android.server.healthconnect.HealthConnectManagerService took to complete: 0ms
06-04 09:11:57.025 617 663 D SystemServerTimingAsync: ssm.onUnlockingUser-0_com.android.server.devicelock.DeviceLockService
06-04 09:11:57.025 617 663 D DeviceLockService: onUserUnlocking: 0
06-04 09:11:57.025 617 663 V SystemServerTimingAsync: ssm.onUnlockingUser-0_com.android.server.devicelock.DeviceLockService took to complete: 0ms
06-04 09:11:57.025 617 663 D SystemServerTimingAsync: ssm.onUnlockingUser-0_com.android.server.SensitiveContentProtectionManagerService
06-04 09:11:57.025 617 663 V SystemServerTimingAsync: ssm.onUnlockingUser-0_com.android.server.SensitiveContentProtectionManagerService took to complete: 0ms
06-04 09:11:57.025 617 663 D SystemServerTimingAsync: ssm.onUnlockingUser-0_com.android.system.virtualmachine.VirtualizationSystemService
06-04 09:11:57.025 617 663 V SystemServerTimingAsync: ssm.onUnlockingUser-0_com.android.system.virtualmachine.VirtualizationSystemService took to complete: 0ms
06-04 09:11:57.025 617 663 V SystemServerTimingAsync: ssm.UnlockingUser-0 took to complete: 340ms
06-04 09:11:57.026 617 802 E BackupPasswordManager: Unable to read backup pw version
06-04 09:11:57.032 617 802 E BackupPasswordManager: Unable to read saved backup pw hash
06-04 09:11:57.036 617 1256 D ShortcutService: depth=1 type=2 name=package
06-04 09:11:57.036 617 663 D SystemServerTiming: finishUserUnlocked-0
06-04 09:11:57.037 617 663 I ActivityManager: User 0 state changed from RUNNING_UNLOCKING to RUNNING_UNLOCKED
06-04 09:11:57.042 617 664 W ActivityManager: Slow operation: 137ms so far, now at startProcess: returned from zygote!
06-04 09:11:57.047 617 663 V SystemServerTiming: SystemUserUnlock took to complete: 2000ms
06-04 09:11:57.052 617 664 W ActivityManager: Slow operation: 147ms so far, now at startProcess: done updating battery stats
06-04 09:11:57.055 617 1256 D ShortcutService: depth=3 type=2 name=intent
06-04 09:11:57.062 617 652 I TaskPersister: Loaded persisted task ids for user 0
06-04 09:11:57.069 617 664 I Watchdog: Interesting Java process com.android.providers.media.module started. Pid 1262
06-04 09:11:57.069 617 664 W ActivityManager: Slow operation: 164ms so far, now at startProcess: building log message
06-04 09:11:57.069 617 664 I ActivityManager: Start proc 1262:com.android.providers.media.module/u0a94 for service {com.android.providers.media.module/com.android.providers.media.fuse.ExternalStorageServiceImpl}
06-04 09:11:57.069 617 664 W ActivityManager: Slow operation: 164ms so far, now at startProcess: starting to update pids map
06-04 09:11:57.077 617 664 W ActivityManager: Slow operation: 171ms so far, now at startProcess: done updating pids map
06-04 09:11:57.077 617 664 W ActivityManager: Slow operation: 53ms so far, now at startProcess: asking zygote to start proc
06-04 09:11:57.082 617 1256 D ShortcutService: depth=1 type=2 name=package
06-04 09:11:57.084 617 1256 D ShortcutService: depth=3 type=2 name=intent
06-04 09:11:57.086 617 802 V BackupManagerService: [UserID:0] No ancestral data
06-04 09:11:57.099 617 663 V ContentProviderHelper: Installing ContentProviderInfo{name=com.android.launcher3 className=com.android.quickstep.LauncherSearchIndexablesProvider}
06-04 09:11:57.101 617 663 V ContentProviderHelper: Installing ContentProviderInfo{name=com.android.launcher3.overview.fileprovider className=androidx.core.content.FileProvider}
06-04 09:11:57.103 617 663 V ContentProviderHelper: Installing ContentProviderInfo{name=com.android.launcher3.settings className=com.android.launcher3.LauncherProvider}
06-04 09:11:57.104 617 663 V ContentProviderHelper: Installing ContentProviderInfo{name=com.android.launcher3.grid_control className=com.android.launcher3.graphics.GridCustomizationsProvider}
06-04 09:11:57.106 617 1256 D ShortcutService: depth=1 type=2 name=package
06-04 09:11:57.108 617 1256 D ShortcutService: depth=3 type=2 name=intent
06-04 09:11:57.117 617 1256 D ShortcutService: depth=3 type=2 name=intent
06-04 09:11:57.137 458 458 D Zygote : Forked child process 1268
06-04 09:11:57.137 617 664 W ActivityManager: Slow operation: 113ms so far, now at startProcess: returned from zygote!
06-04 09:11:57.144 617 664 W ActivityManager: Slow operation: 120ms so far, now at startProcess: done updating battery stats
06-04 09:11:57.144 617 664 W ActivityManager: Slow operation: 120ms so far, now at startProcess: building log message
06-04 09:11:57.145 617 664 I ActivityManager: Start proc 1268:com.android.printspooler/u0a40 for service {com.android.printspooler/com.android.printspooler.model.PrintSpoolerService}
06-04 09:11:57.146 617 1256 D ShortcutService: checkPackageChanges() ownerUserId=0
06-04 09:11:57.153 617 1256 D ShortcutService: rescan updated package userId=0 last scanned=1749028106923
06-04 09:11:57.153 617 1256 D ShortcutService: forUpdatedPackages for userId=0, lastScanTime=1749028106923 afterOta=false
06-04 09:11:57.161 617 664 W ActivityManager: Slow operation: 136ms so far, now at startProcess: starting to update pids map
06-04 09:11:57.161 617 664 W ActivityManager: Slow operation: 137ms so far, now at startProcess: done updating pids map
06-04 09:11:57.162 617 663 D SystemServerTiming: broadcastIntent-0-android.intent.action.USER_UNLOCKED
06-04 09:11:57.162 617 663 W BroadcastLoopers: Found previously unknown looper Thread[ActivityManager,5,main]
06-04 09:11:57.177 617 663 V SystemServerTiming: broadcastIntent-0-android.intent.action.USER_UNLOCKED took to complete: 15ms
06-04 09:11:57.180 617 663 I ActivityManager: Posting BOOT_COMPLETED user #0
06-04 09:11:57.181 617 663 V SystemServerTiming: finishUserUnlocked-0 took to complete: 145ms
06-04 09:11:57.203 617 652 I ActivityTaskManager: Restoring recents for user 0
06-04 09:11:57.209 969 969 D FallbackHome: User unlocked and real home found; let's go!
06-04 09:11:57.214 1262 1262 I rs.media.module: Using CollectorTypeCMC GC.
06-04 09:11:57.219 617 654 I DropBoxManagerService: add tag=system_server_strictmode isTagEnabled=true flags=0x2
06-04 09:11:57.232 1268 1268 I id.printspooler: Using CollectorTypeCMC GC.
06-04 09:11:57.232 1262 1262 E rs.media.module: Not starting debugger since process cannot load the jdwp agent.
06-04 09:11:57.241 617 1257 V BackupManagerConstants: getKeyValueBackupIntervalMilliseconds(...) returns 14400000
06-04 09:11:57.265 1268 1268 E id.printspooler: Not starting debugger since process cannot load the jdwp agent.
06-04 09:11:57.278 1262 1262 D nativeloader: Load libframework-connectivity-tiramisu-jni.so using APEX ns com_android_tethering for caller /apex/com.android.tethering/javalib/framework-connectivity-t.jar: ok
06-04 09:11:57.299 1268 1268 D nativeloader: Load libframework-connectivity-tiramisu-jni.so using APEX ns com_android_tethering for caller /apex/com.android.tethering/javalib/framework-connectivity-t.jar: ok
06-04 09:11:57.303 617 1257 V BackupManagerConstants: getKeyValueBackupFuzzMilliseconds(...) returns 600000
06-04 09:11:57.303 617 1257 V BackupManagerConstants: getKeyValueBackupRequiredNetworkType(...) returns 1
06-04 09:11:57.303 617 1257 V BackupManagerConstants: getKeyValueBackupRequireCharging(...) returns true
06-04 09:11:57.303 617 1257 V KeyValueBackupJob: Scheduling k/v pass in 240 minutes
06-04 09:11:57.307 617 1256 D ShortcutService: Scheduling to save for userId=0
06-04 09:11:57.309 617 663 D SystemServerTimingAsync: ssm.UnlockedUser-0
06-04 09:11:57.309 617 663 I SystemServiceManager: Calling onUnlockedUser 0
06-04 09:11:57.309 617 663 D SystemServerTimingAsync: ssm.onUnlockedUser-0_com.android.server.security.FileIntegrityService
06-04 09:11:57.309 617 663 V SystemServerTimingAsync: ssm.onUnlockedUser-0_com.android.server.security.FileIntegrityService took to complete: 0ms
06-04 09:11:57.309 617 663 D SystemServerTimingAsync: ssm.onUnlockedUser-0_com.android.server.pm.Installer
06-04 09:11:57.310 617 663 V SystemServerTimingAsync: ssm.onUnlockedUser-0_com.android.server.pm.Installer took to complete: 0ms
06-04 09:11:57.310 617 663 D SystemServerTimingAsync: ssm.onUnlockedUser-0_com.android.server.os.DeviceIdentifiersPolicyService
06-04 09:11:57.310 617 663 V SystemServerTimingAsync: ssm.onUnlockedUser-0_com.android.server.os.DeviceIdentifiersPolicyService took to complete: 0ms
06-04 09:11:57.310 617 663 D SystemServerTimingAsync: ssm.onUnlockedUser-0_com.android.server.flags.FeatureFlagsService
06-04 09:11:57.310 617 663 V SystemServerTimingAsync: ssm.onUnlockedUser-0_com.android.server.flags.FeatureFlagsService took to complete: 0ms
06-04 09:11:57.310 617 663 D SystemServerTimingAsync: ssm.onUnlockedUser-0_com.android.server.uri.UriGrantsManagerService$Lifecycle
06-04 09:11:57.310 617 663 V SystemServerTimingAsync: ssm.onUnlockedUser-0_com.android.server.uri.UriGrantsManagerService$Lifecycle took to complete: 0ms
06-04 09:11:57.310 617 663 D SystemServerTimingAsync: ssm.onUnlockedUser-0_com.android.server.powerstats.PowerStatsService
06-04 09:11:57.310 617 663 V SystemServerTimingAsync: ssm.onUnlockedUser-0_com.android.server.powerstats.PowerStatsService took to complete: 0ms
06-04 09:11:57.310 617 663 D SystemServerTimingAsync: ssm.onUnlockedUser-0_com.android.server.permission.access.AccessCheckingService
06-04 09:11:57.310 617 663 V SystemServerTimingAsync: ssm.onUnlockedUser-0_com.android.server.permission.access.AccessCheckingService took to complete: 0ms
06-04 09:11:57.310 617 663 D SystemServerTimingAsync: ssm.onUnlockedUser-0_com.android.server.wm.ActivityTaskManagerService$Lifecycle
06-04 09:11:57.328 617 1263 W system_server: Core platform API violation: Llibcore/io/Memory;->pokeByte(JB)V from Lcom/android/server/appsearch/protobuf/UnsafeUtil; using reflection
06-04 09:11:57.329 617 1263 W system_server: Core platform API violation: Llibcore/io/Memory;->peekByte(J)B from Lcom/android/server/appsearch/protobuf/UnsafeUtil; using reflection
06-04 09:11:57.331 617 663 I LaunchParamsPersister: Didn't find launch param folder for user 0
06-04 09:11:57.334 617 705 I UsageStatsService: User[0] Rollover scheduled @ 2025-06-05 06:10:00(1749103800829)
06-04 09:11:57.335 617 705 I UsageStatsService: Time changed in by 1749028262 seconds
06-04 09:11:57.338 617 663 V SystemServerTimingAsync: ssm.onUnlockedUser-0_com.android.server.wm.ActivityTaskManagerService$Lifecycle took to complete: 27ms
06-04 09:11:57.338 617 663 D SystemServerTimingAsync: ssm.onUnlockedUser-0_com.android.server.am.ActivityManagerService$Lifecycle
06-04 09:11:57.338 617 663 V SystemServerTimingAsync: ssm.onUnlockedUser-0_com.android.server.am.ActivityManagerService$Lifecycle took to complete: 0ms
06-04 09:11:57.338 617 663 D SystemServerTimingAsync: ssm.onUnlockedUser-0_com.android.server.pm.DataLoaderManagerService
06-04 09:11:57.338 617 663 V SystemServerTimingAsync: ssm.onUnlockedUser-0_com.android.server.pm.DataLoaderManagerService took to complete: 0ms
06-04 09:11:57.338 617 663 D SystemServerTimingAsync: ssm.onUnlockedUser-0_com.android.server.power.PowerManagerService
06-04 09:11:57.338 617 663 V SystemServerTimingAsync: ssm.onUnlockedUser-0_com.android.server.power.PowerManagerService took to complete: 0ms
06-04 09:11:57.338 617 663 D SystemServerTimingAsync: ssm.onUnlockedUser-0_com.android.server.power.ThermalManagerService
06-04 09:11:57.338 617 663 V SystemServerTimingAsync: ssm.onUnlockedUser-0_com.android.server.power.ThermalManagerService took to complete: 0ms
06-04 09:11:57.338 617 663 D SystemServerTimingAsync: ssm.onUnlockedUser-0_com.android.server.recoverysystem.RecoverySystemService$Lifecycle
06-04 09:11:57.338 617 663 V SystemServerTimingAsync: ssm.onUnlockedUser-0_com.android.server.recoverysystem.RecoverySystemService$Lifecycle took to complete: 0ms
06-04 09:11:57.338 617 663 D SystemServerTimingAsync: ssm.onUnlockedUser-0_com.android.server.lights.LightsService
06-04 09:11:57.338 617 663 V SystemServerTimingAsync: ssm.onUnlockedUser-0_com.android.server.lights.LightsService took to complete: 0ms
06-04 09:11:57.338 617 663 D SystemServerTimingAsync: ssm.onUnlockedUser-0_com.android.server.display.DisplayManagerService
06-04 09:11:57.338 617 663 V SystemServerTimingAsync: ssm.onUnlockedUser-0_com.android.server.display.DisplayManagerService took to complete: 0ms
06-04 09:11:57.338 617 663 D SystemServerTimingAsync: ssm.onUnlockedUser-0_com.android.server.pm.verify.domain.DomainVerificationService
06-04 09:11:57.339 617 663 V SystemServerTimingAsync: ssm.onUnlockedUser-0_com.android.server.pm.verify.domain.DomainVerificationService took to complete: 1ms
06-04 09:11:57.339 617 663 D SystemServerTimingAsync: ssm.onUnlockedUser-0_com.android.server.pm.PackageInstallerService$Lifecycle
06-04 09:11:57.339 617 663 V SystemServerTimingAsync: ssm.onUnlockedUser-0_com.android.server.pm.PackageInstallerService$Lifecycle took to complete: 0ms
06-04 09:11:57.339 617 663 D SystemServerTimingAsync: ssm.onUnlockedUser-0_com.android.server.pm.UserManagerService$LifeCycle
06-04 09:11:57.339 617 663 V SystemServerTimingAsync: ssm.onUnlockedUser-0_com.android.server.pm.UserManagerService$LifeCycle took to complete: 0ms
06-04 09:11:57.339 617 663 D SystemServerTimingAsync: ssm.onUnlockedUser-0_com.android.server.om.OverlayManagerService
06-04 09:11:57.340 617 663 V SystemServerTimingAsync: ssm.onUnlockedUser-0_com.android.server.om.OverlayManagerService took to complete: 0ms
06-04 09:11:57.340 617 663 D SystemServerTimingAsync: ssm.onUnlockedUser-0_com.android.server.resources.ResourcesManagerService
06-04 09:11:57.340 617 663 V SystemServerTimingAsync: ssm.onUnlockedUser-0_com.android.server.resources.ResourcesManagerService took to complete: 0ms
06-04 09:11:57.340 617 663 D SystemServerTimingAsync: ssm.onUnlockedUser-0_com.android.server.sensorprivacy.SensorPrivacyService
06-04 09:11:57.340 617 663 V SystemServerTimingAsync: ssm.onUnlockedUser-0_com.android.server.sensorprivacy.SensorPrivacyService took to complete: 0ms
06-04 09:11:57.340 617 663 D SystemServerTimingAsync: ssm.onUnlockedUser-0_com.android.server.sensors.SensorService
06-04 09:11:57.340 617 663 V SystemServerTimingAsync: ssm.onUnlockedUser-0_com.android.server.sensors.SensorService took to complete: 0ms
06-04 09:11:57.340 617 663 D SystemServerTimingAsync: ssm.onUnlockedUser-0_com.android.server.SystemConfigService
06-04 09:11:57.340 617 663 V SystemServerTimingAsync: ssm.onUnlockedUser-0_com.android.server.SystemConfigService took to complete: 0ms
06-04 09:11:57.340 617 663 D SystemServerTimingAsync: ssm.onUnlockedUser-0_com.android.server.BatteryService
06-04 09:11:57.340 617 663 V SystemServerTimingAsync: ssm.onUnlockedUser-0_com.android.server.BatteryService took to complete: 0ms
06-04 09:11:57.340 617 663 D SystemServerTimingAsync: ssm.onUnlockedUser-0_com.android.server.usage.UsageStatsService
06-04 09:11:57.340 617 663 V SystemServerTimingAsync: ssm.onUnlockedUser-0_com.android.server.usage.UsageStatsService took to complete: 0ms
06-04 09:11:57.340 617 663 D SystemServerTimingAsync: ssm.onUnlockedUser-0_com.android.server.webkit.WebViewUpdateService
06-04 09:11:57.340 617 663 V SystemServerTimingAsync: ssm.onUnlockedUser-0_com.android.server.webkit.WebViewUpdateService took to complete: 0ms
06-04 09:11:57.340 617 663 D SystemServerTimingAsync: ssm.onUnlockedUser-0_com.android.server.CachedDeviceStateService
06-04 09:11:57.340 617 663 V SystemServerTimingAsync: ssm.onUnlockedUser-0_com.android.server.CachedDeviceStateService took to complete: 0ms
06-04 09:11:57.340 617 663 D SystemServerTimingAsync: ssm.onUnlockedUser-0_com.android.server.BinderCallsStatsService$LifeCycle
06-04 09:11:57.340 617 663 V SystemServerTimingAsync: ssm.onUnlockedUser-0_com.android.server.BinderCallsStatsService$LifeCycle took to complete: 0ms
06-04 09:11:57.340 617 663 D SystemServerTimingAsync: ssm.onUnlockedUser-0_com.android.server.LooperStatsService$Lifecycle
06-04 09:11:57.340 617 663 V SystemServerTimingAsync: ssm.onUnlockedUser-0_com.android.server.LooperStatsService$Lifecycle took to complete: 0ms
06-04 09:11:57.340 617 663 D SystemServerTimingAsync: ssm.onUnlockedUser-0_com.android.server.rollback.RollbackManagerService
06-04 09:11:57.340 617 663 V SystemServerTimingAsync: ssm.onUnlockedUser-0_com.android.server.rollback.RollbackManagerService took to complete: 0ms
06-04 09:11:57.340 617 663 D SystemServerTimingAsync: ssm.onUnlockedUser-0_com.android.server.os.NativeTombstoneManagerService
06-04 09:11:57.340 617 663 V SystemServerTimingAsync: ssm.onUnlockedUser-0_com.android.server.os.NativeTombstoneManagerService took to complete: 0ms
06-04 09:11:57.340 617 663 D SystemServerTimingAsync: ssm.onUnlockedUser-0_com.android.server.os.BugreportManagerService
06-04 09:11:57.340 617 663 V SystemServerTimingAsync: ssm.onUnlockedUser-0_com.android.server.os.BugreportManagerService took to complete: 0ms
06-04 09:11:57.340 617 663 D SystemServerTimingAsync: ssm.onUnlockedUser-0_com.android.server.gpu.GpuService
06-04 09:11:57.340 617 663 V SystemServerTimingAsync: ssm.onUnlockedUser-0_com.android.server.gpu.GpuService took to complete: 0ms
06-04 09:11:57.340 617 663 D SystemServerTimingAsync: ssm.onUnlockedUser-0_com.android.server.security.rkp.RemoteProvisioningService
06-04 09:11:57.340 617 663 V SystemServerTimingAsync: ssm.onUnlockedUser-0_com.android.server.security.rkp.RemoteProvisioningService took to complete: 0ms
06-04 09:11:57.340 617 663 D SystemServerTimingAsync: ssm.onUnlockedUser-0_com.android.server.cpu.CpuMonitorService
06-04 09:11:57.340 617 663 V SystemServerTimingAsync: ssm.onUnlockedUser-0_com.android.server.cpu.CpuMonitorService took to complete: 0ms
06-04 09:11:57.340 617 663 D SystemServerTimingAsync: ssm.onUnlockedUser-0_com.android.server.security.KeyChainSystemService
06-04 09:11:57.340 617 663 V SystemServerTimingAsync: ssm.onUnlockedUser-0_com.android.server.security.KeyChainSystemService took to complete: 0ms
06-04 09:11:57.340 617 663 D SystemServerTimingAsync: ssm.onUnlockedUser-0_com.android.server.BinaryTransparencyService
06-04 09:11:57.340 617 663 V SystemServerTimingAsync: ssm.onUnlockedUser-0_com.android.server.BinaryTransparencyService took to complete: 0ms
06-04 09:11:57.340 617 663 D SystemServerTimingAsync: ssm.onUnlockedUser-0_com.android.server.accounts.AccountManagerService$Lifecycle
06-04 09:11:57.340 617 663 V SystemServerTimingAsync: ssm.onUnlockedUser-0_com.android.server.accounts.AccountManagerService$Lifecycle took to complete: 0ms
06-04 09:11:57.341 617 663 D SystemServerTimingAsync: ssm.onUnlockedUser-0_com.android.server.content.ContentService$Lifecycle
06-04 09:11:57.341 617 663 V SystemServerTimingAsync: ssm.onUnlockedUser-0_com.android.server.content.ContentService$Lifecycle took to complete: 0ms
06-04 09:11:57.341 617 663 D SystemServerTimingAsync: ssm.onUnlockedUser-0_com.android.server.deviceconfig.DeviceConfigInit$Lifecycle
06-04 09:11:57.341 617 663 V SystemServerTimingAsync: ssm.onUnlockedUser-0_com.android.server.deviceconfig.DeviceConfigInit$Lifecycle took to complete: 0ms
06-04 09:11:57.341 617 663 D SystemServerTimingAsync: ssm.onUnlockedUser-0_com.android.server.DropBoxManagerService
06-04 09:11:57.341 617 663 V SystemServerTimingAsync: ssm.onUnlockedUser-0_com.android.server.DropBoxManagerService took to complete: 0ms
06-04 09:11:57.341 617 663 D SystemServerTimingAsync: ssm.onUnlockedUser-0_com.android.ecm.EnhancedConfirmationService
06-04 09:11:57.341 617 663 V SystemServerTimingAsync: ssm.onUnlockedUser-0_com.android.ecm.EnhancedConfirmationService took to complete: 0ms
06-04 09:11:57.341 617 663 D SystemServerTimingAsync: ssm.onUnlockedUser-0_com.android.server.power.hint.HintManagerService
06-04 09:11:57.341 617 663 V SystemServerTimingAsync: ssm.onUnlockedUser-0_com.android.server.power.hint.HintManagerService took to complete: 0ms
06-04 09:11:57.341 617 663 D SystemServerTimingAsync: ssm.onUnlockedUser-0_com.android.role.RoleService
06-04 09:11:57.341 617 663 V SystemServerTimingAsync: ssm.onUnlockedUser-0_com.android.role.RoleService took to complete: 0ms
06-04 09:11:57.341 617 663 D SystemServerTimingAsync: ssm.onUnlockedUser-0_com.android.server.vibrator.VibratorManagerService$Lifecycle
06-04 09:11:57.341 617 663 V SystemServerTimingAsync: ssm.onUnlockedUser-0_com.android.server.vibrator.VibratorManagerService$Lifecycle took to complete: 0ms
06-04 09:11:57.341 617 663 D SystemServerTimingAsync: ssm.onUnlockedUser-0_com.android.server.alarm.AlarmManagerService
06-04 09:11:57.341 617 663 V SystemServerTimingAsync: ssm.onUnlockedUser-0_com.android.server.alarm.AlarmManagerService took to complete: 0ms
06-04 09:11:57.341 617 663 D SystemServerTimingAsync: ssm.onUnlockedUser-0_com.android.server.devicestate.DeviceStateManagerService
06-04 09:11:57.341 617 663 V SystemServerTimingAsync: ssm.onUnlockedUser-0_com.android.server.devicestate.DeviceStateManagerService took to complete: 0ms
06-04 09:11:57.341 617 663 D SystemServerTimingAsync: ssm.onUnlockedUser-0_com.android.server.camera.CameraServiceProxy
06-04 09:11:57.341 617 663 V SystemServerTimingAsync: ssm.onUnlockedUser-0_com.android.server.camera.CameraServiceProxy took to complete: 0ms
06-04 09:11:57.341 617 663 D SystemServerTimingAsync: ssm.onUnlockedUser-0_com.android.server.connectivity.IpConnectivityMetrics
06-04 09:11:57.341 617 663 V SystemServerTimingAsync: ssm.onUnlockedUser-0_com.android.server.connectivity.IpConnectivityMetrics took to complete: 0ms
06-04 09:11:57.341 617 663 D SystemServerTimingAsync: ssm.onUnlockedUser-0_com.android.server.net.watchlist.NetworkWatchlistService$Lifecycle
06-04 09:11:57.341 617 663 V SystemServerTimingAsync: ssm.onUnlockedUser-0_com.android.server.net.watchlist.NetworkWatchlistService$Lifecycle took to complete: 0ms
06-04 09:11:57.341 617 663 D SystemServerTimingAsync: ssm.onUnlockedUser-0_com.android.server.PinnerService
06-04 09:11:57.341 617 663 V SystemServerTimingAsync: ssm.onUnlockedUser-0_com.android.server.PinnerService took to complete: 0ms
06-04 09:11:57.341 617 663 D SystemServerTimingAsync: ssm.onUnlockedUser-0_com.android.server.integrity.AppIntegrityManagerService
06-04 09:11:57.341 617 663 V SystemServerTimingAsync: ssm.onUnlockedUser-0_com.android.server.integrity.AppIntegrityManagerService took to complete: 0ms
06-04 09:11:57.341 617 663 D SystemServerTimingAsync: ssm.onUnlockedUser-0_com.android.server.logcat.LogcatManagerService
06-04 09:11:57.341 617 663 V SystemServerTimingAsync: ssm.onUnlockedUser-0_com.android.server.logcat.LogcatManagerService took to complete: 0ms
06-04 09:11:57.341 617 663 D SystemServerTimingAsync: ssm.onUnlockedUser-0_com.android.server.inputmethod.InputMethodManagerService$Lifecycle
06-04 09:11:57.341 617 663 V SystemServerTimingAsync: ssm.onUnlockedUser-0_com.android.server.inputmethod.InputMethodManagerService$Lifecycle took to complete: 0ms
06-04 09:11:57.341 617 663 D SystemServerTimingAsync: ssm.onUnlockedUser-0_com.android.server.accessibility.AccessibilityManagerService$Lifecycle
06-04 09:11:57.341 617 663 V SystemServerTimingAsync: ssm.onUnlockedUser-0_com.android.server.accessibility.AccessibilityManagerService$Lifecycle took to complete: 0ms
06-04 09:11:57.341 617 663 D SystemServerTimingAsync: ssm.onUnlockedUser-0_com.android.server.StorageManagerService$Lifecycle
06-04 09:11:57.341 617 663 V SystemServerTimingAsync: ssm.onUnlockedUser-0_com.android.server.StorageManagerService$Lifecycle took to complete: 0ms
06-04 09:11:57.341 617 663 D SystemServerTimingAsync: ssm.onUnlockedUser-0_com.android.server.usage.StorageStatsService$Lifecycle
06-04 09:11:57.341 617 663 V SystemServerTimingAsync: ssm.onUnlockedUser-0_com.android.server.usage.StorageStatsService$Lifecycle took to complete: 0ms
06-04 09:11:57.342 617 663 D SystemServerTimingAsync: ssm.onUnlockedUser-0_com.android.server.UiModeManagerService
06-04 09:11:57.342 617 663 V SystemServerTimingAsync: ssm.onUnlockedUser-0_com.android.server.UiModeManagerService took to complete: 0ms
06-04 09:11:57.342 617 663 D SystemServerTimingAsync: ssm.onUnlockedUser-0_com.android.server.locales.LocaleManagerService
06-04 09:11:57.342 617 663 V SystemServerTimingAsync: ssm.onUnlockedUser-0_com.android.server.locales.LocaleManagerService took to complete: 0ms
06-04 09:11:57.342 617 663 D SystemServerTimingAsync: ssm.onUnlockedUser-0_com.android.server.grammaticalinflection.GrammaticalInflectionService
06-04 09:11:57.365 617 652 V PackageConfigPersister: loadPackages: empty list files from /data/system_ce/0/package_configs
06-04 09:11:57.365 617 652 W Looper : Slow dispatch took 322ms android.fg h=android.os.Handler c=com.android.server.am.UserController$$ExternalSyntheticLambda6@ca3ddb1 m=0
06-04 09:11:57.395 846 875 V WindowManagerShell: UNKNOWN MESSAGE (319134872409225255) 3 android.os.BinderProxy@f84c0ea TransitionRequestInfo { type = CLOSE, triggerTask = TaskInfo{userId=0 taskId=2 effectiveUid=1000 displayId=0 isRunning=false baseIntent=Intent { act=android.intent.action.MAIN cat=[android.intent.category.HOME] flg=0x10800100 cmp=com.android.settings/.FallbackHome } baseActivity=null topActivity=null origActivity=null realActivity=ComponentInfo{com.android.settings/com.android.settings.FallbackHome} numActivities=0 lastActiveTime=38647 supportsMultiWindow=true resizeMode=0 isResizeable=false minWidth=-1 minHeight=-1 defaultMinSize=220 token=WCT{android.window.IWindowContainerToken$Stub$Proxy@d499fdb} topActivityType=2 pictureInPictureParams=null shouldDockBigOverlays=false launchIntoPipHostTaskId=-1 lastParentTaskIdBeforePip=-1 displayCutoutSafeInsets=Rect(0, 0 - 0, 0) topActivityInfo=null launchCookies=[] positionInParent=Point(0, 0) parentTaskId=-1 isFocused=true isVisible=true isVisibleRequested=true isSleeping=false locusId=null displayAreaFeatureId=1 isTopActivityTransparent=false isTopActivityStyleFloating=false lastNonFullscreenBounds=Rect(680, 41 - 1240, 1039) capturedLink=null capturedLinkTimestamp=0 appCompatTaskInfo=AppCompatTaskInfo { topActivityInSizeCompat=false eligibleForLetterboxEducation= false isLetterboxEducationEnabled= false isLetterboxDoubleTapEnabled= false eligibleForUserAspectRatioButton= false topActivityBoundsLetterboxed= false isFromLetterboxDoubleTap= false topActivityLetterboxVerticalPosition= -1 topActivityLetterboxHorizontalPosition= -1 topActivityLetterboxWidth=-1 topActivityLetterboxHeight=-1 topActivityLetterboxAppWidth=-1 topActivityLetterboxAppHeight=-1 isUserFullscreenOverrideEnabled=false isSystemFullscreenOverrideEnabled=false hasMinAspectRatioOverride=false cameraCompatTaskInfo=CameraCompatTaskInfo { freeformCameraCompatMode=inactive}}}, pipTask = null, remoteTransition = null, displayChange = null, flags = 0, debugId = 3 }
06-04 09:11:57.416 617 663 W SystemServiceManager: Service com.android.server.grammaticalinflection.GrammaticalInflectionService took 74 ms in onUnlockedUser-0
06-04 09:11:57.416 617 663 V SystemServerTimingAsync: ssm.onUnlockedUser-0_com.android.server.grammaticalinflection.GrammaticalInflectionService took to complete: 74ms
06-04 09:11:57.416 617 663 D SystemServerTimingAsync: ssm.onUnlockedUser-0_com.android.server.apphibernation.AppHibernationService
06-04 09:11:57.416 617 663 V SystemServerTimingAsync: ssm.onUnlockedUser-0_com.android.server.apphibernation.AppHibernationService took to complete: 0ms
06-04 09:11:57.416 617 663 D SystemServerTimingAsync: ssm.onUnlockedUser-0_com.android.server.locksettings.LockSettingsService$Lifecycle
06-04 09:11:57.416 617 663 V SystemServerTimingAsync: ssm.onUnlockedUser-0_com.android.server.locksettings.LockSettingsService$Lifecycle took to complete: 0ms
06-04 09:11:57.416 617 663 D SystemServerTimingAsync: ssm.onUnlockedUser-0_com.android.server.pdb.PersistentDataBlockService
06-04 09:11:57.416 617 663 V SystemServerTimingAsync: ssm.onUnlockedUser-0_com.android.server.pdb.PersistentDataBlockService took to complete: 0ms
06-04 09:11:57.416 617 663 D SystemServerTimingAsync: ssm.onUnlockedUser-0_com.android.server.testharness.TestHarnessModeService
06-04 09:11:57.416 617 663 V SystemServerTimingAsync: ssm.onUnlockedUser-0_com.android.server.testharness.TestHarnessModeService took to complete: 0ms
06-04 09:11:57.416 617 663 D SystemServerTimingAsync: ssm.onUnlockedUser-0_com.android.server.oemlock.OemLockService
06-04 09:11:57.416 617 663 V SystemServerTimingAsync: ssm.onUnlockedUser-0_com.android.server.oemlock.OemLockService took to complete: 0ms
06-04 09:11:57.416 617 663 D SystemServerTimingAsync: ssm.onUnlockedUser-0_com.android.server.DeviceIdleController
06-04 09:11:57.416 617 663 V SystemServerTimingAsync: ssm.onUnlockedUser-0_com.android.server.DeviceIdleController took to complete: 0ms
06-04 09:11:57.416 617 663 D SystemServerTimingAsync: ssm.onUnlockedUser-0_com.android.server.devicepolicy.DevicePolicyManagerService$Lifecycle
06-04 09:11:57.416 617 663 V SystemServerTimingAsync: ssm.onUnlockedUser-0_com.android.server.devicepolicy.DevicePolicyManagerService$Lifecycle took to complete: 0ms
06-04 09:11:57.417 617 663 D SystemServerTimingAsync: ssm.onUnlockedUser-0_com.android.server.texttospeech.TextToSpeechManagerService
06-04 09:11:57.417 617 663 V SystemServerTimingAsync: ssm.onUnlockedUser-0_com.android.server.texttospeech.TextToSpeechManagerService took to complete: 0ms
06-04 09:11:57.417 617 663 D SystemServerTimingAsync: ssm.onUnlockedUser-0_com.android.server.wearable.WearableSensingManagerService
06-04 09:11:57.421 617 663 V SystemServerTimingAsync: ssm.onUnlockedUser-0_com.android.server.wearable.WearableSensingManagerService took to complete: 5ms
06-04 09:11:57.421 617 663 D SystemServerTimingAsync: ssm.onUnlockedUser-0_com.android.server.ondeviceintelligence.OnDeviceIntelligenceManagerService
06-04 09:11:57.421 617 663 V SystemServerTimingAsync: ssm.onUnlockedUser-0_com.android.server.ondeviceintelligence.OnDeviceIntelligenceManagerService took to complete: 0ms
06-04 09:11:57.421 617 663 D SystemServerTimingAsync: ssm.onUnlockedUser-0_com.android.server.speech.SpeechRecognitionManagerService
06-04 09:11:57.421 617 663 V SystemServerTimingAsync: ssm.onUnlockedUser-0_com.android.server.speech.SpeechRecognitionManagerService took to complete: 0ms
06-04 09:11:57.421 617 663 D SystemServerTimingAsync: ssm.onUnlockedUser-0_com.android.server.graphics.fonts.FontManagerService$Lifecycle
06-04 09:11:57.421 617 663 V SystemServerTimingAsync: ssm.onUnlockedUser-0_com.android.server.graphics.fonts.FontManagerService$Lifecycle took to complete: 0ms
06-04 09:11:57.421 617 663 D SystemServerTimingAsync: ssm.onUnlockedUser-0_com.android.server.textservices.TextServicesManagerService$Lifecycle
06-04 09:11:57.421 617 663 V SystemServerTimingAsync: ssm.onUnlockedUser-0_com.android.server.textservices.TextServicesManagerService$Lifecycle took to complete: 0ms
06-04 09:11:57.421 617 663 D SystemServerTimingAsync: ssm.onUnlockedUser-0_com.android.server.textclassifier.TextClassificationManagerService$Lifecycle
06-04 09:11:57.421 617 663 V SystemServerTimingAsync: ssm.onUnlockedUser-0_com.android.server.textclassifier.TextClassificationManagerService$Lifecycle took to complete: 0ms
06-04 09:11:57.421 617 663 D SystemServerTimingAsync: ssm.onUnlockedUser-0_com.android.server.NetworkScoreService$Lifecycle
06-04 09:11:57.421 617 663 V SystemServerTimingAsync: ssm.onUnlockedUser-0_com.android.server.NetworkScoreService$Lifecycle took to complete: 0ms
06-04 09:11:57.421 617 663 D SystemServerTimingAsync: ssm.onUnlockedUser-0_com.android.server.NetworkStatsServiceInitializer
06-04 09:11:57.421 617 663 V SystemServerTimingAsync: ssm.onUnlockedUser-0_com.android.server.NetworkStatsServiceInitializer took to complete: 0ms
06-04 09:11:57.421 617 663 D SystemServerTimingAsync: ssm.onUnlockedUser-0_com.android.server.wifi.WifiService
06-04 09:11:57.421 617 663 V SystemServerTimingAsync: ssm.onUnlockedUser-0_com.android.server.wifi.WifiService took to complete: 0ms
06-04 09:11:57.421 617 663 D SystemServerTimingAsync: ssm.onUnlockedUser-0_com.android.server.wifi.scanner.WifiScanningService
06-04 09:11:57.421 617 663 V SystemServerTimingAsync: ssm.onUnlockedUser-0_com.android.server.wifi.scanner.WifiScanningService took to complete: 0ms
06-04 09:11:57.421 617 663 D SystemServerTimingAsync: ssm.onUnlockedUser-0_com.android.server.wifi.p2p.WifiP2pService
06-04 09:11:57.421 617 663 V SystemServerTimingAsync: ssm.onUnlockedUser-0_com.android.server.wifi.p2p.WifiP2pService took to complete: 0ms
06-04 09:11:57.421 617 663 D SystemServerTimingAsync: ssm.onUnlockedUser-0_com.android.server.ConnectivityServiceInitializer
06-04 09:11:57.421 617 663 V SystemServerTimingAsync: ssm.onUnlockedUser-0_com.android.server.ConnectivityServiceInitializer took to complete: 0ms
06-04 09:11:57.421 617 663 D SystemServerTimingAsync: ssm.onUnlockedUser-0_com.android.server.notification.NotificationManagerService
06-04 09:11:57.428 617 617 I NotificationHistory: Attempted to unlock gone/disabled user 0
06-04 09:11:57.429 617 663 V SystemServerTimingAsync: ssm.onUnlockedUser-0_com.android.server.notification.NotificationManagerService took to complete: 8ms
06-04 09:11:57.429 617 663 D SystemServerTimingAsync: ssm.onUnlockedUser-0_com.android.server.storage.DeviceStorageMonitorService
06-04 09:11:57.429 617 663 V SystemServerTimingAsync: ssm.onUnlockedUser-0_com.android.server.storage.DeviceStorageMonitorService took to complete: 0ms
06-04 09:11:57.429 617 663 D SystemServerTimingAsync: ssm.onUnlockedUser-0_com.android.server.timedetector.TimeDetectorService$Lifecycle
06-04 09:11:57.429 617 663 V SystemServerTimingAsync: ssm.onUnlockedUser-0_com.android.server.timedetector.TimeDetectorService$Lifecycle took to complete: 0ms
06-04 09:11:57.429 617 663 D SystemServerTimingAsync: ssm.onUnlockedUser-0_com.android.server.location.LocationManagerService$Lifecycle
06-04 09:11:57.429 617 663 V SystemServerTimingAsync: ssm.onUnlockedUser-0_com.android.server.location.LocationManagerService$Lifecycle took to complete: 0ms
06-04 09:11:57.429 617 663 D SystemServerTimingAsync: ssm.onUnlockedUser-0_com.android.server.timezonedetector.TimeZoneDetectorService$Lifecycle
06-04 09:11:57.429 617 663 V SystemServerTimingAsync: ssm.onUnlockedUser-0_com.android.server.timezonedetector.TimeZoneDetectorService$Lifecycle took to complete: 0ms
06-04 09:11:57.429 617 663 D SystemServerTimingAsync: ssm.onUnlockedUser-0_com.android.server.location.altitude.AltitudeService$Lifecycle
06-04 09:11:57.429 617 663 V SystemServerTimingAsync: ssm.onUnlockedUser-0_com.android.server.location.altitude.AltitudeService$Lifecycle took to complete: 0ms
06-04 09:11:57.429 617 663 D SystemServerTimingAsync: ssm.onUnlockedUser-0_com.android.server.timezonedetector.location.LocationTimeZoneManagerService$Lifecycle
06-04 09:11:57.429 617 663 V SystemServerTimingAsync: ssm.onUnlockedUser-0_com.android.server.timezonedetector.location.LocationTimeZoneManagerService$Lifecycle took to complete: 0ms
06-04 09:11:57.429 617 663 D SystemServerTimingAsync: ssm.onUnlockedUser-0_com.android.server.search.SearchManagerService$Lifecycle
