04-01 08:46:45.281 617 905 D DisplayManagerService: possibleInfos={DisplayInfo{"Built-in Screen", displayId 0, displayGroupId 0, FLAG_SECURE, FLAG_SUPPORTS_PROTECTED_BUFFERS, FLAG_TRUSTED, real 1920 x 1080, largest app 1920 x 1920, smallest app 1080 x 1080, appVsyncOff 1000000, presDeadline 16666667, mode 1, renderFrameRate 60.0, defaultMode 1, userPreferredModeId -1, supportedModes [{id=1, width=1920, height=1080, fps=60.0, vsync=60.0, synthetic=false, alternativeRefreshRates=[], supportedHdrTypes=[]}, {id=2, width=1920, height=1080, fps=59.940205, vsync=59.940205, synthetic=false, alternativeRefreshRates=[], supportedHdrTypes=[]}, {id=3, width=1920, height=1080, fps=50.0, vsync=50.0, synthetic=false, alternativeRefreshRates=[], supportedHdrTypes=[]}, {id=4, width=1680, height=1050, fps=59.883255, vsync=59.883255, synthetic=false, alternativeRefreshRates=[], supportedHdrTypes=[]}, {id=5, width=1400, height=1050, fps=59.94777, vsync=59.94777, synthetic=false, alternativeRefreshRates=[], supportedHdrTypes=[]}, {id=6, width=1600, height=900, fps=60.0, vsync=60.0, synthetic=false, alternativeRefreshRates=[], supportedHdrTypes=[]}, {id=7, width=1280, height=1024, fps=75.02467, vsync=75.02467, synthetic=false, alternativeRefreshRates=[], supportedHdrTypes=[]}, {id=8, width=1280, height=1024, fps=60.01974, vsync=60.01974, synthetic=false, alternativeRefreshRates=[], supportedHdrTypes=[]}, {id=9, width=1440, height=900, fps=59.901463, vsync=59.901463, synthetic=false, alternativeRefreshRates=[], supportedHdrTypes=[]}, {id=10, width=1280, height=800, fps=59.90955, vsync=59.90955, synthetic=false, alternativeRefreshRates=[], supportedHdrTypes=[]}, {id=11, width=1152, height=864, fps=75.0, vsync=75.0, synthetic=false, alternativeRefreshRates=[], supportedHdrTypes=[]}, {id=12, width=1280, height=720, fps=60.0, vsync=60.0, synthetic=false, alternativeRefreshRates=[], supportedHdrTypes=[]}, {id=13, width=1280, height=720, fps=59.940205, vsync=59.940205, synthetic=false, alternativeRefreshRates=[], supportedHdrTypes=[]}, {id=14, width=1280, height=720, fps=50.0, vsync=50.0, synthetic=false, alternativeRefreshRates=[], supportedHdrTypes=[]}, {id=15, width=1024, height=768, fps=75.02858, vsync=75.02858, synthetic=false, alternativeRefreshRates=[], supportedHdrTypes=[]}, {id=16, width=1024, height=768, fps=60.00384, vsync=60.00384, synthetic=false, alternativeRefreshRates=[], supportedHdrTypes=[]}, {id=17, width=800, height=600, fps=75.0, vsync=75.0, synthetic=false, alternativeRefreshRates=[], supportedHdrTypes=[]}, {id=18, width=800, height=600, fps=60.316544, vsync=60.316544, synthetic=false, alternativeRefreshRates=[], supportedHdrTypes=[]}, {id=19, width=720, height=576, fps=50.0, vsync=50.0, synthetic=false, alternativeRefreshRates=[], supportedHdrTypes=[]}, {id=20, width=720, height=480, fps=60.0, vsync=60.0, synthetic=false, alternativeRefreshRates=[], supportedHdrTypes=[]}, {id=21, width=720, height=480, fps=59.940063, vsync=59.940063, synthetic=false, alternativeRefreshRates=[], supportedHdrTypes=[]}, {id=22, width=640, height=480, fps=75.0, vsync=75.0, synthetic=false, alternativeRefreshRates=[], supportedHdrTypes=[]}, {id=23, width=640, height=480, fps=60.0, vsync=60.0, synthetic=false, alternativeRefreshRates=[], supportedHdrTypes=[]}, {id=24, width=640, height=480, fps=59.94048, vsync=59.94048, synthetic=false, alternativeRefreshRates=[], supportedHdrTypes=[]}, {id=25, width=720, height=400, fps=70.08167, vsync=70.08167, synthetic=false, alternativeRefreshRates=[], supportedHdrTypes=[]}], appsSupportedModes [{id=1, width=1920, height=1080, fps=60.0, vsync=60.0, synthetic=false, alternativeRefreshRates=[], supportedHdrTypes=[]}, {id=2, width=1920, height=1080, fps=59.940205, vsync=59.940205, synthetic=false, alternativeRefreshRates=[], supportedHdrTypes=[]}, {id=3, width=1920, height=1080, fps=50.0, vsync=50.0, synthetic=false, alternativeRefreshRates=[], supportedHdrTypes=[]}, {id=4, width=1680, height=1050, fps=59.883255, vsync=59.883255, synthetic=false, alternativeRefreshRates=[], supportedHdrTypes=[]}, {id=5, width=1400
04-01 08:46:45.288 1089 1089 D DesktopModeFlagsUtil: Toggle override initialized to: OVERRIDE_UNSET
04-01 08:46:45.294 846 985 E ion : open /dev/ion failed: No such file or directory
04-01 08:46:45.315 1089 1089 I DisplayController: (CTOR) perDisplayBounds: {CachedDisplayInfo{size=Point(1920, 1080), cutout=DisplayCutout{insets=Rect(0, 0 - 0, 0) waterfall=Insets{left=0, top=0, right=0, bottom=0} boundingRect={Bounds=[Rect(0, 0 - 0, 0), Rect(0, 0 - 0, 0), Rect(0, 0 - 0, 0), Rect(0, 0 - 0, 0)]} cutoutPathParserInfo={CutoutPathParserInfo{displayWidth=0 displayHeight=0 physicalDisplayWidth=0 physicalDisplayHeight=0 density={0.0} cutoutSpec={} rotation={0} scale={0.0} physicalPixelDisplaySizeRatio={0.0}}} sideOverrides=null}, rotation=0}=[WindowBounds{bounds=Rect(0, 0 - 1920, 1080), insets=Rect(0, 36 - 0, 0), availableSize=Point(1920, 1044), rotationHint=0}, WindowBounds{bounds=Rect(0, 0 - 1080, 1920), insets=Rect(0, 36 - 0, 0), availableSize=Point(1080, 1884), rotationHint=1}, WindowBounds{bounds=Rect(0, 0 - 1920, 1080), insets=Rect(0, 36 - 0, 0), availableSize=Point(1920, 1044), rotationHint=2}, WindowBounds{bounds=Rect(0, 0 - 1080, 1920), insets=Rect(0, 36 - 0, 0), availableSize=Point(1080, 1884), rotationHint=3}]}
04-01 08:46:45.316 846 1080 D WallpaperService: reportEngineShown: shouldWait=false
04-01 08:46:45.370 938 1100 D DhcpClient: Scheduling expiry in 86399s
04-01 08:46:45.380 617 773 I ConnectivityService: Update score for net 100 : +IS_UNMETERED
04-01 08:46:45.387 617 773 D ConnectivityService: registerNetworkAgent NetworkAgentInfo{network{100} handle{432902426637} ni{Ethernet CONNECTING extra: c0:d6:0a:f9:6a:e3} created=2025-04-01T08:46:45.384Z Score(Policies : IS_UNMETERED ; KeepConnected : 0) lp{{InterfaceName: eth0 LinkAddresses: [ fe80::6f1d:e7c6:c9c4:a6c8/64,192.168.2.76/24 ] DnsAddresses: [ /192.168.2.1 ] Domains: alphionsee.in MTU: 0 ServerAddress: /192.168.2.1 TcpBufferSizes: 524288,1048576,3145728,524288,1048576,2097152 Routes: [ fe80::/64 -> :: eth0 mtu 0,192.168.2.0/24 -> 0.0.0.0 eth0 mtu 0,0.0.0.0/0 -> 192.168.2.1 eth0 mtu 0 ]}} nc{[ Transports: ETHERNET Capabilities: NOT_METERED&INTERNET&NOT_RESTRICTED&TRUSTED&NOT_VPN&NOT_ROAMING&NOT_CONGESTED&NOT_SUSPENDED&NOT_VCN_MANAGED&NOT_BANDWIDTH_CONSTRAINED LinkUpBandwidth>=100000Kbps LinkDnBandwidth>=100000Kbps Specifier: UnderlyingNetworks: Null]} factorySerialNumber=1}
04-01 08:46:45.390 846 846 D ZenModeController: Added callback class com.android.systemui.wmshell.BubblesManager$2
04-01 08:46:45.398 1089 1089 D b/254119092: registering component callbacks from constructor.
04-01 08:46:45.405 1089 1089 D b/254119092: TaskbarManager created
04-01 08:46:45.405 1089 1089 D b/254119092: mActivity and mContext agree taskbarIsPresent=false
04-01 08:46:45.406 1089 1089 D b/254119092: destroyExistingTaskbar: null
04-01 08:46:45.406 1089 1089 D b/254119092: mActivity and mContext agree taskbarIsPresent=false
04-01 08:46:45.406 1089 1089 D b/254119092: recreateTaskbar: isTaskbarEnabled=false [dp != null (i.e. mUserUnlocked)]=false FLAG_HIDE_NAVBAR_WINDOW=false dp.isTaskbarPresent=null
04-01 08:46:45.406 1089 1089 D b/254119092: mActivity and mContext agree taskbarIsPresent=false
04-01 08:46:45.411 846 913 W SNPC : Error adding emergency assistance package to exemption
04-01 08:46:45.411 846 913 W SNPC : java.lang.IllegalStateException: isEmergencyAssistanceEnabled() is false or device not voice capable.
04-01 08:46:45.411 846 913 W SNPC : at android.telephony.TelephonyManager.getEmergencyAssistancePackageName(TelephonyManager.java:15089)
04-01 08:46:45.411 846 913 W SNPC : at com.android.systemui.statusbar.policy.SensitiveNotificationProtectionControllerImpl$$ExternalSyntheticLambda1.run(go/retraceme af44648a6e7a5b48e34493d7411b9ae84b8425fee49a02e67ed8e34b6fd5500c:47)
04-01 08:46:45.411 846 913 W SNPC : at android.os.Handler.handleCallback(Handler.java:991)
04-01 08:46:45.411 846 913 W SNPC : at android.os.Handler.dispatchMessage(Handler.java:102)
04-01 08:46:45.411 846 913 W SNPC : at android.os.Looper.loopOnce(Looper.java:232)
04-01 08:46:45.411 846 913 W SNPC : at android.os.Looper.loop(Looper.java:317)
04-01 08:46:45.411 846 913 W SNPC : at android.os.HandlerThread.run(HandlerThread.java:85)
04-01 08:46:45.415 846 846 W ConstraintSet: Unknown attribute 0x39 0
04-01 08:46:45.419 846 846 W ConstraintSet: Unknown attribute 0x39 0
04-01 08:46:45.420 846 846 W ConstraintSet: Unknown attribute 0x39 0
04-01 08:46:45.420 1089 1089 D TouchInteractionService: disposeEventHandlers: Reason: Initializing input monitor due to: onNavigationModeChanged()
04-01 08:46:45.425 455 483 I netd : getFwmarkForNetwork(100) -> {MarkMaskParcel{mark: 100, mask: 65535}} <0.01ms>
04-01 08:46:45.426 1089 1089 D TouchInteractionService: Touch service connected: user=0
04-01 08:46:45.430 1089 1089 D TouchInteractionService: Touch service connected: user=0
04-01 08:46:45.435 1089 1089 D TISBindHelper: TIS service connected
04-01 08:46:45.458 617 774 D ConnectivityService: [100 ETHERNET] EVENT_NETWORK_INFO_CHANGED, going from CONNECTING to CONNECTING
04-01 08:46:45.459 617 774 D ConnectivityService: [100 ETHERNET] EVENT_NETWORK_INFO_CHANGED, going from CONNECTING to CONNECTED
04-01 08:46:45.461 455 483 I netd : networkCreate(NativeNetworkConfig{netId: 100, networkType: PHYSICAL, permission: 0, secure: false, vpnType: -1, excludeLocalRoutes: false}) <0.08ms>
04-01 08:46:45.466 938 1115 D NetworkMonitor/100: checkAndRenewResourceConfig: update captive portal https urls to [https://www.google.com/generate_204]
04-01 08:46:45.467 455 483 I netd : createNetworkCache(100) <3.77ms>
04-01 08:46:45.468 938 1115 D NetworkMonitor/100: checkAndRenewResourceConfig: update captive portal http urls to [http://connectivitycheck.gstatic.com/generate_204]
04-01 08:46:45.471 455 483 I netd : setNetworkAllowlist([NativeUidRangeConfig{netId: 100, uidRanges: [UidRangeParcel{start: 0, stop: 99999}], subPriority: 0}]) <0.02ms>
04-01 08:46:45.475 617 774 W DnsManager: updatePrivateDns(100, PrivateDnsConfig{opportunistic:/[], dohName=, dohIps=[], dohPath=, dohPort=-1})
04-01 08:46:45.475 938 1115 D NetworkMonitor/100: checkAndRenewResourceConfig: update captive portal fallback urls to[http://www.google.com/gen_204, http://play.googleapis.com/generate_204]
04-01 08:46:45.478 617 774 D ConnectivityService: Setting DNS servers for network 100 to [/192.168.2.1]
04-01 08:46:45.481 938 1115 D NetworkMonitor: Starting on network 100 with capport HTTPS URL [https://www.google.com/generate_204] and HTTP URL [http://connectivitycheck.gstatic.com/generate_204]
04-01 08:46:45.484 617 774 D DnsManager: sendDnsConfigurationForNetwork(ResolverParamsParcel{netId: 100, sampleValiditySeconds: 1800, successThreshold: 25, minSamples: 8, maxSamples: 64, baseTimeoutMsec: 0, retryCount: 0, servers: [192.168.2.1], domains: [alphionsee.in], tlsName: , tlsServers: [192.168.2.1], tlsFingerprints: [], caCertificate: , tlsConnectTimeoutMs: 0, resolverOptions: null, transportTypes: [3], meteredNetwork: false, dohParams: null, interfaceNames: [eth0]})
04-01 08:46:45.485 455 483 I resolv : setDoh: No suitable DoH server found
04-01 08:46:45.485 455 1116 W resolv : Validating DnsTlsServer {192.168.2.1/} with mark 0xf0064
04-01 08:46:45.485 455 483 I resolv : resolv_set_nameservers: netid = 100, addr = 192.168.2.1
04-01 08:46:45.485 455 483 I netd : setResolverConfiguration(ResolverParamsParcel{netId: 100, sampleValiditySeconds: 1800, successThreshold: 25, minSamples: 8, maxSamples: 64, baseTimeoutMsec: 0, retryCount: 0, servers: [192.168.2.1], domains: [alphionsee.in], tlsName: , tlsServers: [192.168.2.1], tlsFingerprints: [], caCertificate: , tlsConnectTimeoutMs: 0, resolverOptions: (null), transportTypes: [3], meteredNetwork: false, dohParams: (null), interfaceNames: [eth0]}) <1.07ms>
04-01 08:46:45.487 617 774 W BroadcastLoopers: Found previously unknown looper Thread[ConnectivityServiceThread,5,main]
04-01 08:46:45.489 455 1116 I resolv : Connecting to {192.168.2.1/} with mark 0xf0064
04-01 08:46:45.490 455 1116 W resolv : Socket failed to connect, errno=101: Network is unreachable
04-01 08:46:45.493 455 1116 W resolv : TCP Handshake failed: 101
04-01 08:46:45.494 455 1116 W resolv : query failed
04-01 08:46:45.494 455 1116 W resolv : validateDnsTlsServer returned 0 for {192.168.2.1/}
04-01 08:46:45.495 455 1116 W resolv : Validation failed
04-01 08:46:45.506 617 774 D ConnectivityService: Adding iface eth0 to network 100
04-01 08:46:45.514 455 483 I netd : networkAddInterface(100, eth0) <6.37ms>
04-01 08:46:45.521 455 483 I netd : networkAddRouteParcel(100, RouteInfoParcel{destination: fe80::/64, ifName: eth0, nextHop: , mtu: 0}) <1.72ms>
04-01 08:46:45.523 455 483 I netd : networkAddRouteParcel(100, RouteInfoParcel{destination: 192.168.2.0/24, ifName: eth0, nextHop: , mtu: 0}) <1.43ms>
04-01 08:46:45.525 455 483 I netd : networkAddRouteParcel(100, RouteInfoParcel{destination: 0.0.0.0/0, ifName: eth0, nextHop: 192.168.2.1, mtu: 0}) <0.84ms>
04-01 08:46:45.525 617 774 D ConnectivityService: Setting DNS servers for network 100 to [/192.168.2.1]
04-01 08:46:45.526 617 774 D DnsManager: sendDnsConfigurationForNetwork(ResolverParamsParcel{netId: 100, sampleValiditySeconds: 1800, successThreshold: 25, minSamples: 8, maxSamples: 64, baseTimeoutMsec: 0, retryCount: 0, servers: [192.168.2.1], domains: [alphionsee.in], tlsName: , tlsServers: [192.168.2.1], tlsFingerprints: [], caCertificate: , tlsConnectTimeoutMs: 0, resolverOptions: null, transportTypes: [3], meteredNetwork: false, dohParams: null, interfaceNames: [eth0]})
04-01 08:46:45.527 455 483 I resolv : setDoh: No suitable DoH server found
04-01 08:46:45.528 455 1118 W resolv : Validating DnsTlsServer {192.168.2.1/} with mark 0xf0064
04-01 08:46:45.528 455 1118 I resolv : Connecting to {192.168.2.1/} with mark 0xf0064
04-01 08:46:45.528 455 483 I netd : setResolverConfiguration(ResolverParamsParcel{netId: 100, sampleValiditySeconds: 1800, successThreshold: 25, minSamples: 8, maxSamples: 64, baseTimeoutMsec: 0, retryCount: 0, servers: [192.168.2.1], domains: [alphionsee.in], tlsName: , tlsServers: [192.168.2.1], tlsFingerprints: [], caCertificate: , tlsConnectTimeoutMs: 0, resolverOptions: (null), transportTypes: [3], meteredNetwork: false, dohParams: (null), interfaceNames: [eth0]}) <1.08ms>
04-01 08:46:45.533 455 1118 I resolv : SSL_connect returned -1 with mark 0xf0064
04-01 08:46:45.533 455 1118 W resolv : SSL_connect ssl error =5, mark 0xf0064: Connection refused
04-01 08:46:45.533 455 1118 W resolv : TLS Handshake failed
04-01 08:46:45.534 455 1118 W resolv : query failed
04-01 08:46:45.534 455 1118 W resolv : validateDnsTlsServer returned 0 for {192.168.2.1/}
04-01 08:46:45.535 455 1118 W resolv : Validation failed
04-01 08:46:45.538 455 483 I netd : setProcSysNet(4, 2, eth0, retrans_time_ms, 750) <0.20ms>
04-01 08:46:45.539 455 483 I netd : setProcSysNet(4, 2, eth0, ucast_solicit, 10) <0.19ms>
04-01 08:46:45.540 455 483 I netd : setProcSysNet(6, 2, eth0, retrans_time_ms, 750) <0.23ms>
04-01 08:46:45.541 455 483 I netd : setProcSysNet(6, 2, eth0, ucast_solicit, 10) <0.16ms>
04-01 08:46:45.544 617 774 W BestClock: java.time.DateTimeException: Missing network time fix
04-01 08:46:45.575 455 483 I netd : tetherGetStats() -> {[]} <1.76ms>
04-01 08:46:45.577 617 774 W BestClock: java.time.DateTimeException: Missing network time fix
04-01 08:46:45.580 846 846 I StatusBarIconController: Ignoring removal of (mobile). It should be controlled elsewhere
04-01 08:46:45.581 846 846 I StatusBarIconController: Ignoring removal of (wifi). It should be controlled elsewhere
04-01 08:46:45.584 617 774 D ConnectivityService: Switching to new default network for: uid/pid:1000/617 activeRequest: 1 callbackRequest: 1 [NetworkRequest [ REQUEST id=1, [ Capabilities: INTERNET&NOT_RESTRICTED&TRUSTED&NOT_VPN&NOT_VCN_MANAGED&NOT_BANDWIDTH_CONSTRAINED RequestorUid: 1000 RequestorPkg: android UnderlyingNetworks: Null] ]] callback flags: 1 order: 2147483647 isUidTracked: false declaredMethods: NONE using NetworkAgentInfo{network{100} handle{432902426637} ni{Ethernet CONNECTED extra: c0:d6:0a:f9:6a:e3} created=2025-04-01T08:46:45.384Z Score(Policies : IS_UNMETERED ; KeepConnected : 0) created 40515 lp{{InterfaceName: eth0 LinkAddresses: [ fe80::6f1d:e7c6:c9c4:a6c8/64,192.168.2.76/24 ] DnsAddresses: [ /192.168.2.1 ] Domains: alphionsee.in MTU: 0 ServerAddress: /192.168.2.1 TcpBufferSizes: 524288,1048576,3145728,524288,1048576,2097152 Routes: [ fe80::/64 -> :: eth0 mtu 0,192.168.2.0/24 -> 0.0.0.0 eth0 mtu 0,0.0.0.0/0 -> 192.168.2.1 eth0 mtu 0 ]}} nc{[ Transports: ETHERNET Capabilities: NOT_METERED&INTERNET&NOT_RESTRICTED&TRUSTED&NOT_VPN&NOT_ROAMING&FOREGROUND&NOT_CONGESTED&NOT_SUSPENDED&NOT_VCN_MANAGED&NOT_BANDWIDTH_CONSTRAINED LinkUpBandwidth>=100000Kbps LinkDnBandwidth>=100000Kbps Specifier: UnderlyingNetworks: Null]} factorySerialNumber=1}
04-01 08:46:45.585 455 483 I netd : networkSetDefault(100) <0.53ms>
04-01 08:46:45.586 455 482 I netd : setTcpRWmemorySize(524288 1048576 3145728, 524288 1048576 2097152) <0.21ms>
04-01 08:46:45.591 617 774 W BestClock: java.time.DateTimeException: Missing network time fix
04-01 08:46:45.597 938 1121 D TrafficStats: tagSocket(114) with statsTag=0xffffff81, statsUid=-1
04-01 08:46:45.597 938 1120 D TrafficStats: tagSocket(113) with statsTag=0xffffff81, statsUid=-1
04-01 08:46:45.601 938 1120 D TrafficStats: tagSocket(113) with statsTag=0xffffff81, statsUid=-1
04-01 08:46:45.601 938 1121 D TrafficStats: tagSocket(115) with statsTag=0xffffff81, statsUid=-1
04-01 08:46:45.609 455 1122 I resolv : ResNSendHandler::run: 0 / {100 983140 100 983140 1073 1}
04-01 08:46:45.610 455 1123 I resolv : ResNSendHandler::run: 0 / {100 983140 100 983140 1073 1}
04-01 08:46:45.615 455 1122 I resolv : res_nsend: used send_dg 48 terrno: 0
04-01 08:46:45.616 455 1123 I resolv : res_nsend: used send_dg 63 terrno: 0
04-01 08:46:45.622 938 938 D TrafficStats: tagSocket(113) with statsTag=0xffffffff, statsUid=-1
04-01 08:46:45.624 455 482 I netd : tetherGetStats() -> {[]} <2.31ms>
04-01 08:46:45.628 617 774 W BestClock: java.time.DateTimeException: Missing network time fix
04-01 08:46:45.636 617 805 D NetworkTimeUpdateService: New default network 100; checking time.
04-01 08:46:45.638 938 938 D TrafficStats: tagSocket(113) with statsTag=0xffffffff, statsUid=-1
04-01 08:46:45.640 938 1120 D NetworkMonitor/100: PROBE_DNS www.google.com 44ms OK 142.251.223.4
04-01 08:46:45.646 455 1125 I resolv : GetAddrInfoHandler::run: {100 983140 100 983140 1000 1}
04-01 08:46:45.651 938 1008 D UpstreamNetworkMonitor: New default Internet network: 100
04-01 08:46:45.652 455 1127 I resolv : res_nmkquery: (QUERY, IN, A)
04-01 08:46:45.654 617 774 D ConnectivityService: Sending CONNECTED broadcast for type 9 [100 ETHERNET] isDefaultNetwork=true
04-01 08:46:45.655 617 774 W ContextImpl: Calling a method in the system process without a qualified user: android.app.ContextImpl.sendStickyBroadcast:1698 android.net.connectivity.com.android.server.ConnectivityService.sendStickyBroadcast:4006 android.net.connectivity.com.android.server.ConnectivityService.sendGeneralBroadcast:3976 android.net.connectivity.com.android.server.ConnectivityService.sendConnectedBroadcast:3949 android.net.connectivity.com.android.server.ConnectivityService.sendLegacyNetworkBroadcast:11859
04-01 08:46:45.658 455 1127 I resolv : res_nsend: used send_dg 98 terrno: 0
04-01 08:46:45.658 455 1127 I resolv : doQuery: rcode=0, ancount=4, return value=98
04-01 08:46:45.659 617 756 W BestClock: java.time.DateTimeException: Missing network time fix
04-01 08:46:45.666 617 774 D ConnectivityService: NetReassign [14 : null → 100, 7 : null → 100, 23 : null → 100, 20 : null → 100, 1 : null → 100, 19 : null → 100, 16 : null → 100] [c 1] [a 80] [i 3]
04-01 08:46:45.669 617 756 W BestClock: java.time.DateTimeException: Missing network time fix
04-01 08:46:45.674 617 617 I SyncManager: Loaded persisted syncs: 0 periodic syncs, 0 oneshot syncs, 0 total system server jobs, JobStats: FirstLoad: 6/3/0 LastSave: -1/-1/-1
04-01 08:46:45.680 617 805 D TrafficStats: tagSocket(431) with statsTag=0xffffff41, statsUid=-1
04-01 08:46:45.682 617 917 D ConnectivityService: requestNetwork for uid/pid:10070/846 activeRequest: null callbackRequest: 26 [NetworkRequest [ REQUEST id=27, [ Capabilities: INTERNET&NOT_RESTRICTED&TRUSTED&NOT_VCN_MANAGED&NOT_BANDWIDTH_CONSTRAINED Uid: 10070 RequestorUid: 10070 RequestorPkg: com.android.systemui UnderlyingNetworks: Null] ]] callback flags: 1 order: 2147483647 isUidTracked: false declaredMethods: ALL
04-01 08:46:45.685 846 846 V WifiManager: registerTrafficStateCallback: callback=com.android.systemui.statusbar.connectivity.WifiSignalController$WifiTrafficStateCallback@dcfdba1, executor=android.os.HandlerExecutor@6620e8e
04-01 08:46:45.686 617 774 D ConnectivityService: NetReassign [no changes] [c 0] [a 0] [i 1]
04-01 08:46:45.688 617 774 D ConnectivityService: NetReassign [27 : null → 100] [c 0] [a 2] [i 0]
04-01 08:46:45.689 617 773 D EthernetNetworkFactory: eth0: onNetworkNeeded for request: NetworkRequest [ REQUEST id=27, [ Capabilities: INTERNET&NOT_RESTRICTED&TRUSTED&NOT_VCN_MANAGED&NOT_BANDWIDTH_CONSTRAINED Uid: 10070 RequestorUid: 10070 RequestorPkg: com.android.systemui UnderlyingNetworks: Null] ]
04-01 08:46:45.689 617 773 D EthernetNetworkFactory: IpClient already started
04-01 08:46:45.690 617 756 W BestClock: java.time.DateTimeException: Missing network time fix
04-01 08:46:45.692 938 1121 D NetworkMonitor/100: PROBE_DNS connectivitycheck.gstatic.com 95ms OK 142.251.43.35
04-01 08:46:45.693 617 756 W BestClock: java.time.DateTimeException: Missing network time fix
04-01 08:46:45.696 846 846 V WifiManager: registerScanResultsCallback: callback=com.android.systemui.statusbar.connectivity.NetworkControllerImpl$5@61e0587, executor=androidx.emoji2.text.ConcurrencyHelpers$$ExternalSyntheticLambda0@de1acb4
04-01 08:46:45.699 617 654 I DropBoxManagerService: add tag=system_app_strictmode isTagEnabled=true flags=0x2
04-01 08:46:45.700 617 645 D ConnectivityService: requestNetwork for uid/pid:10070/846 activeRequest: null callbackRequest: 28 [NetworkRequest [ REQUEST id=29, [ Capabilities: INTERNET&NOT_RESTRICTED&TRUSTED&NOT_VCN_MANAGED&NOT_BANDWIDTH_CONSTRAINED Uid: 10070 RequestorUid: 10070 RequestorPkg: com.android.systemui UnderlyingNetworks: Null] ]] callback flags: 1 order: 2147483647 isUidTracked: false declaredMethods: ALL
04-01 08:46:45.708 617 774 D ConnectivityService: NetReassign [29 : null → 100] [c 0] [a 3] [i 1]
04-01 08:46:45.712 617 773 D EthernetNetworkFactory: eth0: onNetworkNeeded for request: NetworkRequest [ REQUEST id=29, [ Capabilities: INTERNET&NOT_RESTRICTED&TRUSTED&NOT_VCN_MANAGED&NOT_BANDWIDTH_CONSTRAINED Uid: 10070 RequestorUid: 10070 RequestorPkg: com.android.systemui UnderlyingNetworks: Null] ]
04-01 08:46:45.712 617 773 D EthernetNetworkFactory: IpClient already started
04-01 08:46:45.716 455 1128 I resolv : GetAddrInfoHandler::run: {100 983140 100 983140 1073 1}
04-01 08:46:45.718 455 1129 I resolv : GetAddrInfoHandler::run: {100 983140 100 983140 1073 1}
04-01 08:46:45.718 455 1130 I resolv : res_nmkquery: (QUERY, IN, A)
04-01 08:46:45.718 455 1130 I resolv : resolv_cache_lookup: FOUND IN CACHE entry=0xb4000078947ed7b0
04-01 08:46:45.719 455 1130 I resolv : doQuery: rcode=0, ancount=1, return value=63
04-01 08:46:45.720 455 1131 I resolv : res_nmkquery: (QUERY, IN, A)
04-01 08:46:45.720 455 1131 I resolv : resolv_cache_lookup: FOUND IN CACHE entry=0xb4000079247ee900
04-01 08:46:45.720 455 1131 I resolv : doQuery: rcode=0, ancount=1, return value=48
04-01 08:46:45.723 938 1121 D TrafficStats: tagSocket(113) with statsTag=0xffffff81, statsUid=-1
04-01 08:46:45.726 938 1120 D TrafficStats: tagSocket(114) with statsTag=0xffffff81, statsUid=-1
04-01 08:46:45.735 617 805 D SntpClient: round trip: 43ms, clock offset: 5531106094ms
04-01 08:46:45.738 617 805 W AlarmManager: Unrecognized alarm listener com.android.server.timedetector.NetworkTimeUpdateService$ScheduledRefreshAlarmListener@cc7dbba
04-01 08:46:45.743 617 652 D SystemClockTime: Setting time of day to sec=1749028311
06-04 09:11:51.845 617 617 D DevicePolicyManager: updateSystemUpdateFreezePeriodsRecord
06-04 09:11:51.846 938 1121 D NetworkMonitor/100: PROBE_HTTP http://connectivitycheck.gstatic.com/generate_204 time=49ms ret=204 request={Connection=[close], User-Agent=[Mozilla/5.0 (X11; Linux x86_64) AppleWebKit/537.36 (KHTML, like Gecko) Chrome/60.0.3112.32 Safari/537.36]} headers={null=[HTTP/1.1 204 No Content], Connection=[close], Content-Length=[0], Cross-Origin-Resource-Policy=[cross-origin], Date=[Wed, 04 Jun 2025 09:11:51 GMT], X-Android-Received-Millis=[1749028311845], X-Android-Response-Source=[NETWORK 204], X-Android-Selected-Protocol=[http/1.1], X-Android-Sent-Millis=[1749028311831]}
06-04 09:11:51.847 617 617 I JobScheduler: RTC now valid; recalculating persisted job windows
06-04 09:11:51.852 969 969 D BootBroadcastReceiver: refresh job and clear data from action=android.intent.action.TIME_SET
06-04 09:11:51.860 969 1036 D DatabaseUtils: clear data after current time = 1749028311854
06-04 09:11:51.886 846 950 D BiometricsRepositoryImpl: isFaceAuthSupportedInCurrentPosture value changed to: true
06-04 09:11:51.892 846 939 D BiometricsRepositoryImpl: currentUser authFlags changed, new value: AuthenticationFlags(userId=0, flag=1)
06-04 09:11:51.894 846 950 D BiometricsRepositoryImpl: isFaceAuthSupportedInCurrentPosture value changed to: true
06-04 09:11:51.902 846 937 D BiometricsRepositoryImpl: isFaceAuthSupportedInCurrentPosture value changed to: true
06-04 09:11:51.904 846 950 D BiometricsRepositoryImpl: isFaceAuthSupportedInCurrentPosture value changed to: true
06-04 09:11:51.914 846 925 D BiometricsRepositoryImpl: currentUser authFlags changed, new value: AuthenticationFlags(userId=0, flag=1)
06-04 09:11:51.932 617 617 W SyncManager: Clock is valid now.
06-04 09:11:51.932 617 617 D ConditionProviders.SCP: onReceive android.intent.action.TIME_SET
06-04 09:11:51.946 455 482 I netd : tetherGetStats() -> {[]} <5.08ms>
06-04 09:11:51.948 1043 1043 I PermissionEventCleanupJobService: Job already scheduled.
06-04 09:11:51.954 617 653 W Looper : Slow dispatch took 115ms android.ui h=com.android.server.am.ActivityManagerService$UiHandler c=null m=68
06-04 09:11:51.958 1043 1043 D PermissionStorageTimeChangeReceiver: Time changed by 208 seconds
06-04 09:11:51.960 1043 1043 D PermissionStorageTimeChangeReceiver: systemTimeSnapshot set to 1749028311958
06-04 09:11:51.961 617 617 D ConditionProviders.SCP: evaluateSubscriptionLocked cal=ScheduleCalendar[mDays={1, 2, 3, 4, 5, 6, 7}, mSchedule=ScheduleInfo{days=[1, 2, 3, 4, 5, 6, 7], startHour=22, startMinute=0, endHour=7, endMinute=0, exitAtAlarm=true, nextAlarm=Thu Jan 01 00:00:00 GMT 1970 (0)}], now=Wed Jun 04 09:11:51 GMT 2025 (1749028311932), nextUserAlarmTime=Thu Jan 01 00:00:00 GMT 1970 (0)
06-04 09:11:51.961 617 617 D ConditionProviders.SCP: notifyCondition condition://android/schedule?days=1.2.3.4.5.6.7&start=22.0&end=7.0&exitAtAlarm=true STATE_FALSE reason=!meetsSchedule
06-04 09:11:51.965 1043 1043 D PermissionStorageTimeChangeReceiver: realtimeSnapshot set to 40919
06-04 09:11:51.972 617 617 D ConditionProviders.SCP: Scheduling evaluate for Wed Jun 04 22:00:00 GMT 2025 (1749074400000), in +12h48m8s68ms, now=Wed Jun 04 09:11:51 GMT 2025 (1749028311932)
06-04 09:11:51.973 617 617 D ConditionProviders.SCP: onReceive ScheduleConditionProvider.EVALUATE
06-04 09:11:51.975 617 617 D ConditionProviders.SCP: evaluateSubscriptionLocked cal=ScheduleCalendar[mDays={1, 2, 3, 4, 5, 6, 7}, mSchedule=ScheduleInfo{days=[1, 2, 3, 4, 5, 6, 7], startHour=22, startMinute=0, endHour=7, endMinute=0, exitAtAlarm=true, nextAlarm=Thu Jan 01 00:00:00 GMT 1970 (0)}], now=Wed Jun 04 09:11:51 GMT 2025 (1749028311974), nextUserAlarmTime=Thu Jan 01 00:00:00 GMT 1970 (0)
06-04 09:11:51.976 617 617 D ConditionProviders.SCP: notifyCondition condition://android/schedule?days=1.2.3.4.5.6.7&start=22.0&end=7.0&exitAtAlarm=true STATE_FALSE reason=!meetsSchedule
06-04 09:11:51.980 617 617 D ConditionProviders.SCP: Scheduling evaluate for Wed Jun 04 22:00:00 GMT 2025 (1749074400000), in +12h48m8s26ms, now=Wed Jun 04 09:11:51 GMT 2025 (1749028311974)
06-04 09:11:51.984 846 846 E EdgeBackGestureHandler: No resource found for gesture-blocking activities
06-04 09:11:51.985 846 846 D NavigationModeController: getCurrentUserContext: contextUser=0 currentUser=0
06-04 09:11:51.990 969 1036 D PeriodicJobManager: schedule next alarm job at Jun 04, 2025, 10:00:00
06-04 09:11:51.993 846 846 D NavigationModeController: getCurrentInteractionMode: mode=0 contextUser=0
06-04 09:11:51.996 969 969 D CompatChangeReporter: Compat change id reported: 63938206; UID 1000; state: ENABLED
06-04 09:11:51.997 846 846 D NavigationModeController: getCurrentInteractionMode: mode=0 contextUser=0
06-04 09:11:52.027 617 782 W ActivityThread: Failed to find provider info for com.android.calendar (user not unlocked)
06-04 09:11:52.029 617 782 W ActivityThread: Failed to find provider info for com.android.calendar (user not unlocked)
06-04 09:11:52.038 617 782 W ActivityThread: Failed to find provider info for com.android.calendar (user not unlocked)
06-04 09:11:52.039 617 782 W ActivityThread: Failed to find provider info for com.android.calendar (user not unlocked)
06-04 09:11:52.045 617 807 W HWUI : file_version mismatch! expected 1 got 0
06-04 09:11:52.054 846 846 D BiometricsRepositoryImpl: currentUser authFlags changed, new value: AuthenticationFlags(userId=0, flag=1)
06-04 09:11:52.082 938 1100 D IpClient/eth0: addressUpdated: fe80::6f1d:e7c6:c9c4:a6c8/64 on ifindex 14 flags 0x00000880 scope 253
06-04 09:11:52.088 938 1100 D IpClient/eth0: routeUpdated: ::/0 -> fe80::9267:17ff:fe4a:f279 eth0 mtu 0
06-04 09:11:52.089 938 1100 D IpClient/eth0: routeUpdated: 2001:4490:4c19:b920::/64 -> fe80::9267:17ff:fe4a:f279 eth0 mtu 0
06-04 09:11:52.090 938 1100 D IpClient/eth0: routeUpdated: 2001:4490:4c19:b920::/64 -> :: eth0 mtu 0
06-04 09:11:52.098 938 1100 D IpClient/eth0: addressUpdated: 2001:4490:4c19:b920:ad1:a21e:9222:24cd/64 on ifindex 14 flags 0x00000944 scope 0
06-04 09:11:52.101 938 1100 D IpClient/eth0: addressUpdated: 2001:4490:4c19:b920:eb16:ee51:35b7:269f/64 on ifindex 14 flags 0x00000045 scope 0
06-04 09:11:52.106 938 1120 D NetworkMonitor/100: PROBE_HTTPS https://www.google.com/generate_204 time=307ms ret=204 request={Connection=[close], User-Agent=[Mozilla/5.0 (X11; Linux x86_64) AppleWebKit/537.36 (KHTML, like Gecko) Chrome/60.0.3112.32 Safari/537.36]} headers={null=[HTTP/1.1 204 No Content], Alt-Svc=[h3=":443"; ma=2592000,h3-29=":443"; ma=2592000], Connection=[close], Content-Length=[0], Cross-Origin-Resource-Policy=[cross-origin], Date=[Wed, 04 Jun 2025 09:11:52 GMT], X-Android-Received-Millis=[1749028312104], X-Android-Response-Source=[NETWORK 204], X-Android-Selected-Protocol=[http/1.1], X-Android-Sent-Millis=[1749028312080]}
06-04 09:11:52.110 617 617 D CompatChangeReporter: Compat change id reported: 311208629; UID 1000; state: ENABLED
06-04 09:11:52.128 938 1119 D NetworkMonitor/100: isCaptivePortal: isSuccessful()=true isPortal()=false RedirectUrl=null isPartialConnectivity()=false Time=450ms
06-04 09:11:52.129 617 807 W HWUI : file_version mismatch! expected 1 got 0
06-04 09:11:52.157 617 774 I ConnectivityService: Update score for net 100 : +EVER_EVALUATED
06-04 09:11:52.157 617 774 D ConnectivityService: [100 ETHERNET] validation passed
06-04 09:11:52.159 617 774 I ConnectivityService: Update capabilities for net 100 : +VALIDATED
06-04 09:11:52.160 617 774 I ConnectivityService: Update score for net 100 : +EVER_VALIDATED+IS_VALIDATED
06-04 09:11:52.165 617 774 D ConnectivityService: NetReassign [no changes] [c 1] [a 0] [i 1]
06-04 09:11:52.173 617 774 D ConnectivityService: Setting DNS servers for network 100 to [/192.168.2.1]
06-04 09:11:52.174 617 774 D DnsManager: sendDnsConfigurationForNetwork(ResolverParamsParcel{netId: 100, sampleValiditySeconds: 1800, successThreshold: 25, minSamples: 8, maxSamples: 64, baseTimeoutMsec: 0, retryCount: 0, servers: [192.168.2.1], domains: [alphionsee.in], tlsName: , tlsServers: [192.168.2.1], tlsFingerprints: [], caCertificate: , tlsConnectTimeoutMs: 0, resolverOptions: null, transportTypes: [3], meteredNetwork: false, dohParams: null, interfaceNames: [eth0]})
06-04 09:11:52.176 455 482 I resolv : setDoh: No suitable DoH server found
06-04 09:11:52.177 455 482 I netd : setResolverConfiguration(ResolverParamsParcel{netId: 100, sampleValiditySeconds: 1800, successThreshold: 25, minSamples: 8, maxSamples: 64, baseTimeoutMsec: 0, retryCount: 0, servers: [192.168.2.1], domains: [alphionsee.in], tlsName: , tlsServers: [192.168.2.1], tlsFingerprints: [], caCertificate: , tlsConnectTimeoutMs: 0, resolverOptions: (null), transportTypes: [3], meteredNetwork: false, dohParams: (null), interfaceNames: [eth0]}) <0.94ms>
06-04 09:11:52.178 455 1142 W resolv : Validating DnsTlsServer {192.168.2.1/} with mark 0xf0064
06-04 09:11:52.179 455 1142 I resolv : Connecting to {192.168.2.1/} with mark 0xf0064
06-04 09:11:52.180 455 1142 I resolv : SSL_connect returned -1 with mark 0xf0064
06-04 09:11:52.180 455 1142 I resolv : SSL_connect returned -1 with mark 0xf0064
06-04 09:11:52.181 455 1142 W resolv : SSL_connect ssl error =5, mark 0xf0064: Connection refused
06-04 09:11:52.181 455 1142 W resolv : TLS Handshake failed
06-04 09:11:52.181 455 1142 W resolv : query failed
06-04 09:11:52.181 455 1142 W resolv : validateDnsTlsServer returned 0 for {192.168.2.1/}
06-04 09:11:52.182 455 1142 W resolv : Validation failed
06-04 09:11:52.183 617 774 W ContextImpl: Calling a method in the system process without a qualified user: android.app.ContextImpl.sendStickyBroadcast:1698 android.net.connectivity.com.android.server.ConnectivityService.sendStickyBroadcast:4006 android.net.connectivity.com.android.server.ConnectivityService.sendGeneralBroadcast:3976 android.net.connectivity.com.android.server.ConnectivityService.sendInetConditionBroadcast:3953 android.net.connectivity.com.android.server.ConnectivityService.updateInetCondition:11511
06-04 09:11:52.187 969 1036 D BatteryUsageContentProvider: getLastFullChargeTimestamp() in 171/ms
06-04 09:11:52.194 969 1036 D DatabaseUtils: getLastFullChargeTime() lastFullChargeTime=Jun 04, 2025, 06:57:20 in 204/ms
06-04 09:11:52.194 969 1036 D DatabaseUtils: getBatteryEvents for timestamp: 1749020240057
06-04 09:11:52.196 969 1036 D BatteryUsageContentProvider: getQueryBatteryEventTypes from uri: content://com.android.settings.battery.usage.provider/BatteryEvent?timestamp=1749020240057&batteryEventType=3%2C4
06-04 09:11:52.198 969 1036 D BatteryUsageContentProvider: getQueryTimestamp from uri: content://com.android.settings.battery.usage.provider/BatteryEvent?timestamp=1749020240057&batteryEventType=3%2C4
06-04 09:11:52.201 969 1036 W BatteryUsageContentProvider: getBatteryEvents() in 2/ms
06-04 09:11:52.205 969 1036 D DatabaseUtils: getBatteryEvents size=1 in 10/ms
06-04 09:11:52.233 617 640 I system_server: Compiler allocated 4962KB to compile int com.android.server.am.BroadcastController.broadcastIntentLockedTraced(com.android.server.am.ProcessRecord, java.lang.String, java.lang.String, android.content.Intent, java.lang.String, com.android.server.am.ProcessRecord, android.content.IIntentReceiver, int, java.lang.String, android.os.Bundle, java.lang.String[], java.lang.String[], java.lang.String[], int, android.app.BroadcastOptions, boolean, boolean, int, int, int, int, int, android.app.BackgroundStartPrivileges, int[], java.util.function.BiFunction, com.android.server.am.BroadcastSentEventRecord)
06-04 09:11:52.267 455 482 E netd : Error adding route 2001:4490:4c19:b920::/64 -> (null) eth0 to table 1014: File exists
06-04 09:11:52.268 455 482 I netd : networkAddRouteParcel(100, RouteInfoParcel{destination: 2001:4490:4c19:b920::/64, ifName: eth0, nextHop: , mtu: 0}) <1.72ms>
06-04 09:11:52.270 455 482 E netd : Error adding route ::/0 -> fe80::9267:17ff:fe4a:f279 eth0 to table 1014: File exists
06-04 09:11:52.270 455 482 I netd : networkAddRouteParcel(100, RouteInfoParcel{destination: ::/0, ifName: eth0, nextHop: fe80::9267:17ff:fe4a:f279, mtu: 0}) <0.80ms>
06-04 09:11:52.271 455 482 E netd : Error adding route 2001:4490:4c19:b920::/64 -> fe80::9267:17ff:fe4a:f279 eth0 to table 1014: File exists
06-04 09:11:52.272 455 482 I netd : networkAddRouteParcel(100, RouteInfoParcel{destination: 2001:4490:4c19:b920::/64, ifName: eth0, nextHop: fe80::9267:17ff:fe4a:f279, mtu: 0}) <0.69ms>
06-04 09:11:52.276 455 482 I netd : setProcSysNet(4, 2, eth0, retrans_time_ms, 750) <0.68ms>
06-04 09:11:52.279 455 482 I netd : setProcSysNet(4, 2, eth0, ucast_solicit, 10) <0.37ms>
06-04 09:11:52.281 455 482 I netd : setProcSysNet(6, 2, eth0, retrans_time_ms, 750) <0.44ms>
06-04 09:11:52.282 455 482 I netd : setProcSysNet(6, 2, eth0, ucast_solicit, 10) <0.63ms>
06-04 09:11:52.368 846 846 D NavigationModeController: getCurrentInteractionMode: mode=0 contextUser=0
06-04 09:11:52.370 846 846 D NavigationModeController: getCurrentInteractionMode: mode=0 contextUser=0
06-04 09:11:52.435 846 846 V SystemUIBootTiming: StartServices com.android.systemui.accessibility.SystemActions took to complete: 1631ms
06-04 09:11:52.435 846 846 W SystemUIService: Initialization of com.android.systemui.accessibility.SystemActions took 5531107717 ms
06-04 09:11:52.438 846 846 V SystemUIBootTiming: StartServices com.android.systemui.back.domain.interactor.BackActionInteractor took to complete: 3ms
06-04 09:11:52.441 846 846 V SystemUIBootTiming: StartServices com.android.systemui.biometrics.AuthController took to complete: 3ms
06-04 09:11:52.442 938 1100 D DhcpClient: Received packet: c0:d6:0a:f9:6a:e3 OFFER, ip /192.168.1.120, netmask /255.255.255.0, DNS servers: /218.248.112.1 /218.248.112.65 , gateways [/192.168.1.1], lease time 86400, domain null
06-04 09:11:52.445 846 846 V SystemUIBootTiming: StartServices com.android.systemui.biometrics.AuthRippleController took to complete: 4ms
06-04 09:11:52.450 846 846 V SystemUIBootTiming: StartServices com.android.systemui.biometrics.BiometricNotificationService took to complete: 5ms
06-04 09:11:52.455 846 846 V SystemUIBootTiming: StartServices com.android.systemui.biometrics.ui.binder.SideFpsOverlayViewBinder took to complete: 5ms
06-04 09:11:52.457 846 846 D BouncerMessageAuditLogger: bouncerMessage: BouncerMessageModel(message=null, secondaryMessage=null)
06-04 09:11:52.458 846 846 V SystemUIBootTiming: StartServices com.android.systemui.bouncer.domain.interactor.BouncerMessageAuditLogger took to complete: 3ms
06-04 09:11:52.467 846 846 V SystemUIBootTiming: StartServices com.android.systemui.bouncer.log.BouncerLoggerStartable took to complete: 8ms
06-04 09:11:52.467 846 846 V SystemUIBootTiming: StartServices com.android.systemui.broadcast.BroadcastDispatcherStartable took to complete: 0ms
06-04 09:11:52.476 846 846 V SystemUIBootTiming: StartServices com.android.systemui.classifier.FalsingCoreStartable took to complete: 9ms
06-04 09:11:52.482 846 846 V SystemUIBootTiming: StartServices com.android.systemui.clipboardoverlay.ClipboardListener took to complete: 6ms
06-04 09:11:52.484 846 846 V SystemUIBootTiming: StartServices com.android.systemui.communal.CommunalBackupRestoreStartable took to complete: 2ms
06-04 09:11:52.485 846 846 V SystemUIBootTiming: StartServices com.android.systemui.communal.CommunalDreamStartable took to complete: 1ms
06-04 09:11:52.486 846 846 V SystemUIBootTiming: StartServices com.android.systemui.communal.CommunalMetricsStartable took to complete: 1ms
06-04 09:11:52.487 846 846 V SystemUIBootTiming: StartServices com.android.systemui.communal.CommunalOngoingContentStartable took to complete: 1ms
06-04 09:11:52.498 617 774 D ConnectivityService: NetReassign [no changes] [c 0] [a 0] [i 1]
06-04 09:11:52.520 846 846 I vol.Events: writeEvent collection_started
06-04 09:11:52.527 617 647 I MR2ServiceImpl: registerManager | callerUid: 10070, callerPid: 846, callerPackage: com.android.systemui, targetPackageName: null, targetUserId: UserHandle{0}, hasMediaRoutingControl: false
06-04 09:11:52.554 846 846 D vol.VolumeDialogImpl: initDialog: called!
06-04 09:11:52.561 846 846 D CompatChangeReporter: Compat change id reported: 309578419; UID 10070; state: ENABLED
06-04 09:11:52.656 846 1148 I vol.Events: writeEvent level_changed STREAM_VOICE_CALL 3
06-04 09:11:52.660 846 1148 I vol.Events: writeEvent level_changed STREAM_SYSTEM 5
06-04 09:11:52.666 846 1148 I vol.Events: writeEvent level_changed STREAM_RING 5
06-04 09:11:52.672 846 1148 I vol.Events: writeEvent level_changed STREAM_MUSIC 5
06-04 09:11:52.676 846 1148 I vol.Events: writeEvent level_changed STREAM_ALARM 6
06-04 09:11:52.682 846 1148 I vol.Events: writeEvent external_ringer_mode_changed unknown
06-04 09:11:52.684 846 1148 I vol.Events: writeEvent zen_mode_config_changed [disallowAlarms=false disallowMedia=false disallowSystem=true disallowRinger=false]
06-04 09:11:52.707 846 846 I TetheringManager: registerTetheringEventCallback:com.android.systemui
06-04 09:11:52.708 846 846 I TetheringManager: registerTetheringEventCallback caller:com.android.systemui
06-04 09:11:52.712 846 846 E BluetoothAdapter: Bluetooth service is null
06-04 09:11:52.772 846 846 V SystemUIBootTiming: StartServices com.android.systemui.communal.CommunalSceneStartable took to complete: 284ms
06-04 09:11:52.775 846 846 V SystemUIBootTiming: StartServices com.android.systemui.communal.domain.interactor.CommunalSceneTransitionInteractor took to complete: 3ms
06-04 09:11:52.777 846 846 V SystemUIBootTiming: StartServices com.android.systemui.communal.log.CommunalLoggerStartable took to complete: 1ms
06-04 09:11:52.782 846 846 V SystemUIBootTiming: StartServices com.android.systemui.communal.widgets.CommunalAppWidgetHostStartable took to complete: 5ms
06-04 09:11:52.790 846 846 V SystemUIBootTiming: StartServices com.android.systemui.controls.start.ControlsStartable took to complete: 7ms
06-04 09:11:52.790 846 846 V SystemUIBootTiming: StartServices com.android.systemui.deviceentry.domain.interactor.DeviceEntryFaceAuthInteractor took to complete: 0ms
06-04 09:11:52.792 846 846 V SystemUIBootTiming: StartServices com.android.systemui.deviceentry.ui.binder.LiftToRunFaceAuthBinder took to complete: 1ms
06-04 09:11:52.797 846 846 D enabledDisplayIds: newValue: [0]
06-04 09:11:52.798 846 846 D ignoredDisplayIds: newValue: []
06-04 09:11:52.798 846 846 V SystemUIBootTiming: StartServices com.android.systemui.display.ui.viewmodel.ConnectingDisplayViewModel took to complete: 6ms
06-04 09:11:52.807 846 925 D DisplayRepository: getInitialConnectedDisplays: [0]
06-04 09:11:52.810 846 950 D connectedDisplayIds: newValue: [0]
06-04 09:11:52.822 846 846 V SystemUIBootTiming: StartServices com.android.systemui.dreams.AssistantAttentionMonitor took to complete: 23ms
06-04 09:11:52.825 846 846 V SystemUIBootTiming: StartServices com.android.systemui.dreams.DreamMonitor took to complete: 2ms
06-04 09:11:52.827 846 846 V SystemUIBootTiming: StartServices com.android.systemui.dreams.homecontrols.HomeControlsDreamStartable took to complete: 2ms
06-04 09:11:52.827 846 846 V SystemUIBootTiming: StartServices com.android.systemui.education.domain.interactor.ContextualEducationInteractor took to complete: 0ms
06-04 09:11:52.828 846 846 V SystemUIBootTiming: StartServices com.android.systemui.education.domain.interactor.KeyboardTouchpadEduInteractor took to complete: 0ms
06-04 09:11:52.828 846 846 V SystemUIBootTiming: StartServices com.android.systemui.education.ui.view.ContextualEduUiCoordinator took to complete: 0ms
06-04 09:11:52.828 938 1100 D IpClient/eth0: addressUpdated: 2001:4490:4c19:b920:eb16:ee51:35b7:269f/64 on ifindex 14 flags 0x00000001 scope 0
06-04 09:11:52.833 938 1100 D IpClient/eth0: addressUpdated: 2001:4490:4c19:b920:ad1:a21e:9222:24cd/64 on ifindex 14 flags 0x00000900 scope 0
06-04 09:11:52.838 846 846 V SystemUIBootTiming: StartServices com.android.systemui.flags.FeatureFlagsDebugStartable took to complete: 10ms
06-04 09:11:52.842 846 846 V SystemUIBootTiming: StartServices com.android.systemui.flags.FlagDependencies took to complete: 4ms
06-04 09:11:52.855 846 846 V SystemUIBootTiming: StartServices com.android.systemui.globalactions.GlobalActionsComponent took to complete: 12ms
06-04 09:11:52.855 846 846 V SystemUIBootTiming: StartServices com.android.systemui.inputdevice.tutorial.KeyboardTouchpadTutorialCoreStartable took to complete: 0ms
06-04 09:11:52.859 846 846 V SystemUIBootTiming: StartServices com.android.systemui.keyboard.KeyboardUI took to complete: 3ms
06-04 09:11:52.878 846 846 V SystemUIBootTiming: StartServices com.android.systemui.keyboard.PhysicalKeyboardCoreStartable took to complete: 19ms
06-04 09:11:52.878 846 846 V SystemUIBootTiming: StartServices com.android.systemui.keyboard.shortcut.data.repository.ShortcutHelperStateRepository took to complete: 0ms
06-04 09:11:52.878 846 846 V SystemUIBootTiming: StartServices com.android.systemui.keyboard.shortcut.ui.ShortcutHelperActivityStarter took to complete: 0ms
06-04 09:11:52.891 846 846 V SystemUIBootTiming: StartServices com.android.systemui.keyguard.KeyguardViewConfigurator took to complete: 13ms
06-04 09:11:52.900 846 1012 D KeyguardViewMediator: updateActivityLockScreenState(false, false, setupLocked - keyguard service enabled)
06-04 09:11:52.923 846 846 V SystemUIBootTiming: StartServices com.android.systemui.keyguard.KeyguardViewMediator took to complete: 32ms
06-04 09:11:52.924 846 846 D ResourceTrimmer: Resource trimmer registered.
06-04 09:11:52.926 846 846 V SystemUIBootTiming: StartServices com.android.systemui.keyguard.ResourceTrimmer took to complete: 2ms
06-04 09:11:52.939 846 1152 D MediaCodecList: codecHandlesFormat: no format, so no extra checks
06-04 09:11:52.939 846 1151 D MediaCodecList: codecHandlesFormat: no format, so no extra checks
06-04 09:11:52.945 846 846 D CompatChangeReporter: Compat change id reported: 303742236; UID 10070; state: ENABLED
06-04 09:11:52.947 846 1154 D CCodec : allocate(c2.android.vorbis.decoder)
06-04 09:11:52.950 846 1153 D CCodec : allocate(c2.android.vorbis.decoder)
06-04 09:11:52.954 846 1154 I Codec2Client: Available Codec2 services: "default" "software"
06-04 09:11:52.961 846 1153 I CCodec : setting up 'default' as default (vendor) store
06-04 09:11:52.961 846 1154 I CCodec : setting up 'default' as default (vendor) store
06-04 09:11:52.969 476 882 I ComponentStore: createComponent(): Invalid component name: c2.android.vorbis.decoder
06-04 09:11:52.971 476 476 I ComponentStore: createComponent(): Invalid component name: c2.android.vorbis.decoder
06-04 09:11:52.988 846 846 V SystemUIBootTiming: StartServices com.android.systemui.keyguard.data.quickaffordance.MuteQuickAffordanceCoreStartable took to complete: 62ms
06-04 09:11:52.996 846 1154 I CCodec : Created component [c2.android.vorbis.decoder]
06-04 09:11:53.000 846 1153 I CCodec : Created component [c2.android.vorbis.decoder]
06-04 09:11:53.002 846 846 V SystemUIBootTiming: StartServices com.android.systemui.keyguard.domain.interactor.KeyguardBlueprintInteractor took to complete: 13ms
06-04 09:11:53.003 846 1153 D CCodecConfig: read media type: audio/vorbis
06-04 09:11:53.005 846 1154 D CCodecConfig: read media type: audio/vorbis
06-04 09:11:53.009 846 846 D BiometricsRepositoryImpl: currentUser authFlags changed, new value: AuthenticationFlags(userId=0, flag=1)
06-04 09:11:53.028 846 1153 D ReflectedParamUpdater: extent() != 1 for single value type: algo.buffers.max-count.values
06-04 09:11:53.030 846 1154 D ReflectedParamUpdater: extent() != 1 for single value type: algo.buffers.max-count.values
06-04 09:11:53.030 846 1153 D ReflectedParamUpdater: extent() != 1 for single value type: output.subscribed-indices.values
06-04 09:11:53.032 846 1153 D ReflectedParamUpdater: extent() != 1 for single value type: input.buffers.allocator-ids.values
06-04 09:11:53.033 846 1153 D ReflectedParamUpdater: extent() != 1 for single value type: output.buffers.allocator-ids.values
06-04 09:11:53.034 846 1154 D ReflectedParamUpdater: extent() != 1 for single value type: output.subscribed-indices.values
06-04 09:11:53.034 846 1153 D ReflectedParamUpdater: extent() != 1 for single value type: algo.buffers.allocator-ids.values
06-04 09:11:53.035 846 1154 D ReflectedParamUpdater: extent() != 1 for single value type: input.buffers.allocator-ids.values
06-04 09:11:53.036 846 1153 D ReflectedParamUpdater: extent() != 1 for single value type: output.buffers.pool-ids.values
06-04 09:11:53.037 846 1153 D ReflectedParamUpdater: extent() != 1 for single value type: algo.buffers.pool-ids.values
06-04 09:11:53.037 846 846 D KeyguardTransitionCoreStartable: Started com.android.systemui.keyguard.domain.interactor.FromAlternateBouncerTransitionInteractor@5c3ca13
06-04 09:11:53.038 846 1154 D ReflectedParamUpdater: extent() != 1 for single value type: output.buffers.allocator-ids.values
06-04 09:11:53.039 846 1154 D ReflectedParamUpdater: extent() != 1 for single value type: algo.buffers.allocator-ids.values
06-04 09:11:53.040 846 1154 D ReflectedParamUpdater: extent() != 1 for single value type: output.buffers.pool-ids.values
06-04 09:11:53.041 846 1154 D ReflectedParamUpdater: extent() != 1 for single value type: algo.buffers.pool-ids.values
06-04 09:11:53.045 846 846 D KeyguardTransitionCoreStartable: Started com.android.systemui.keyguard.domain.interactor.FromGlanceableHubTransitionInteractor@9a10450
06-04 09:11:53.047 846 846 D KeyguardTransitionCoreStartable: Started com.android.systemui.keyguard.domain.interactor.FromDozingTransitionInteractor@ef0d102
06-04 09:11:53.047 846 1153 I CCodecConfig: query failed after returning 8 values (BAD_INDEX)
06-04 09:11:53.047 846 1153 D CCodecConfig: c2 config diff is Dict {
