01-01 00:00:27.197 469 469 I ExtCamUtils: loadFromCfg: no minimum stream size specified
01-01 00:00:27.197 469 469 I ExtCamUtils: loadFromCfg: no sensor orientation specified
01-01 00:00:27.197 469 469 I ExtCamUtils: loadFromCfg: external camera cfg loaded: maxJpgBufSize 3145728, num video buffers 4, num still buffers 2, orientation 0
01-01 00:00:27.198 469 469 I ExtCamUtils: loadFromCfg: fpsLimitList: 640x480@30.000000
01-01 00:00:27.198 469 469 I ExtCamUtils: loadFromCfg: fpsLimitList: 1280x720@15.000000
01-01 00:00:27.198 469 469 I ExtCamUtils: loadFromCfg: fpsLimitList: 1920x1080@10.000000
01-01 00:00:27.198 469 469 I ExtCamUtils: loadFromCfg: minStreamSize: 0x0
01-01 00:00:27.200 469 507 W ExtCamPrvdr: deviceAdded device /dev/video0 does not support VIDEO_CAPTURE
01-01 00:00:27.201 469 507 W ExtCamPrvdr: deviceAdded device /dev/video1 does not support VIDEO_CAPTURE
01-01 00:00:27.221 243 243 I servicemanager: Caller(pid=469,uid=1047,sid=u:r:hal_camera_default:s0) Found android.hardware.camera.provider.ICameraProvider/external/0 in device VINTF manifest.
01-01 00:00:27.439 458 458 D AndroidRuntime: >>>>>> START com.android.internal.os.ZygoteInit uid 0 <<<<<<
01-01 00:00:27.522 476 476 D android.hardware.media.c2@1.0-service-v4l2: Service starting...
01-01 00:00:27.525 476 476 W android.hardware.media.c2@1.2-service-v4l2-64: libminijail[476]: failed to get path of fd 4: No such file or directory
01-01 00:00:27.526 476 476 W android.hardware.media.c2@1.2-service-v4l2-64: libminijail[476]: allowing syscall: connect
01-01 00:00:27.526 476 476 W android.hardware.media.c2@1.2-service-v4l2-64: libminijail[476]: allowing syscall: fcntl
01-01 00:00:27.526 476 476 W android.hardware.media.c2@1.2-service-v4l2-64: libminijail[476]: allowing syscall: sendto
01-01 00:00:27.526 476 476 W android.hardware.media.c2@1.2-service-v4l2-64: libminijail[476]: allowing syscall: socket
01-01 00:00:27.526 476 476 W android.hardware.media.c2@1.2-service-v4l2-64: libminijail[476]: allowing syscall: writev
01-01 00:00:27.527 476 476 W android.hardware.media.c2@1.2-service-v4l2-64: libminijail[476]: compile_file: (75): syscall munmap redefined here
01-01 00:00:27.527 476 476 W android.hardware.media.c2@1.2-service-v4l2-64: libminijail[476]: compile_file: (39): previous definition here
01-01 00:00:27.528 476 476 W android.hardware.media.c2@1.2-service-v4l2-64: libminijail[476]: logging seccomp filter failures
01-01 00:00:27.530 476 476 D android.hardware.media.c2@1.0-service-v4l2: Instantiating Codec2's V4L2 IComponentStore service...
01-01 00:00:27.534 476 476 E Codec2-FilterWrapper: plugin not OK: -19
01-01 00:00:27.539 476 476 I HidlServiceManagement: Registered android.hardware.media.c2@1.2::IComponentStore/default
01-01 00:00:27.539 476 476 I HidlServiceManagement: Removing namespace from process name android.hardware.media.c2@1.2-service-v4l2-64 to c2@1.2-service-v4l2-64.
01-01 00:00:27.540 476 476 I android.hardware.media.c2@1.0-service-v4l2: Codec2's IComponentStore service created.
01-01 00:00:27.656 485 485 D android.hardware.audio.effect.service-aidl.ti: config_file_path effect lib path /apex/com.android.hardware.audio.ti/etc/audio_effects_config.xml
01-01 00:00:27.656 485 485 D android.hardware.audio.effect.service-aidl.ti: config_file_path: Unable to resolve config file path in APEX
01-01 00:00:27.657 485 485 D android.hardware.audio.effect.service-aidl.ti: main: start factory with configFile:/vendor/etc/audio_effects_config.xml
01-01 00:00:27.690 485 485 D AHAL_EffectConfig: resolveLibrary effect lib path /apex/com.android.hardware.audio.ti/lib64/soundfx/libbundleaidl_ti.so
01-01 00:00:27.698 485 485 D AHAL_EffectConfig: parseLibrary bundle : /apex/com.android.hardware.audio.ti/lib64/soundfx/libbundleaidl_ti.so
01-01 00:00:27.699 485 485 D AHAL_EffectConfig: resolveLibrary effect lib path /apex/com.android.hardware.audio.ti/lib64/soundfx/libvisualizeraidl_ti.so
01-01 00:00:27.699 485 485 D AHAL_EffectConfig: parseLibrary visualizer : /apex/com.android.hardware.audio.ti/lib64/soundfx/libvisualizeraidl_ti.so
01-01 00:00:27.699 485 485 D AHAL_EffectConfig: EffectConfig successfully parsed /vendor/etc/audio_effects_config.xml, skipping 0 element(s)
01-01 00:00:27.700 485 485 D AHAL_EffectFactory: Factory with config file: /vendor/etc/audio_effects_config.xml
01-01 00:00:27.700 485 485 W AHAL_EffectFactory: createIdentityWithConfig loading lib /apex/com.android.hardware.audio.ti/lib64/soundfx/libbundleaidl_ti.so: typeUuid 0bed4300-ddd6-11db-8f34-0002a5d5c51b
01-01 00:00:27.700 485 485 W AHAL_EffectFactory: implUuid ce772f20-847d-11df-bb17-0002a5d5c51b proxyUuid null
01-01 00:00:27.742 1 1 I init : Service 'exec 15 (/system/bin/profcollectctl reset)' (pid 504) exited with status 0 oneshot service took 0.714000 seconds in background
01-01 00:00:27.742 1 1 I init : Sending signal 9 to service 'exec 15 (/system/bin/profcollectctl reset)' (pid 504) process group...
01-01 00:00:27.743 1 1 I libprocessgroup: Removed cgroup /sys/fs/cgroup/uid_0/pid_504
01-01 00:00:27.792 1 1 I init : Service 'boringssl_self_test_apex64' (pid 505) exited with status 0 waiting took 0.677000 seconds
01-01 00:00:27.792 1 1 I init : Sending signal 9 to service 'boringssl_self_test_apex64' (pid 505) process group...
01-01 00:00:27.793 1 1 I libprocessgroup: Removed cgroup /sys/fs/cgroup/uid_9999/pid_505
01-01 00:00:27.800 485 485 D AHAL_EffectFactory: openEffectLibrary dlopen lib: /apex/com.android.hardware.audio.ti/lib64/soundfx/libbundleaidl_ti.so
01-01 00:00:27.800 485 485 D AHAL_EffectFactory: impl:ce772f20-847d-11df-bb17-0002a5d5c51b
01-01 00:00:27.800 485 485 D AHAL_EffectFactory: handle:0xd1c19485ff52f8f5
01-01 00:00:27.800 485 485 W AHAL_EffectFactory: createIdentityWithConfig loading lib /apex/com.android.hardware.audio.ti/lib64/soundfx/libvisualizeraidl_ti.so: typeUuid e46b26a0-dddd-11db-8afd-0002a5d5c51b
01-01 00:00:27.800 485 485 W AHAL_EffectFactory: implUuid d069d9e0-8329-11df-9168-0002a5d5c51b proxyUuid null
01-01 00:00:27.800 1 1 I init : processing action (ro.persistent_properties.ready=true) from (/system/etc/init/atrace.rc:407)
01-01 00:00:27.800 1 1 I init : processing action (init.svc.audioserver=running) from (/system/etc/init/audioserver.rc:37)
01-01 00:00:27.800 1 1 I init : Command 'start vendor.audio-hal' action=init.svc.audioserver=running (/system/etc/init/audioserver.rc:38) took 0ms and failed: service vendor.audio-hal not found
01-01 00:00:27.800 1 1 I init : service 'vendor.audio-hal-aidl' requested start, but it is already running (flags: 4)
01-01 00:00:27.800 1 1 I init : service 'vendor.audio-effect-hal-aidl' requested start, but it is already running (flags: 4)
01-01 00:00:27.800 1 1 I init : Command 'start vendor.audio-hal-4-0-msd' action=init.svc.audioserver=running (/system/etc/init/audioserver.rc:41) took 0ms and failed: service vendor.audio-hal-4-0-msd not found
01-01 00:00:27.800 1 1 I init : Command 'start audio_proxy_service' action=init.svc.audioserver=running (/system/etc/init/audioserver.rc:42) took 0ms and failed: service audio_proxy_service not found
01-01 00:00:27.800 1 1 I init : processing action (ro.persistent_properties.ready=true) from (/system/etc/init/bootstat.rc:57)
01-01 00:00:27.802 1 1 I init : processing action (ro.persistent_properties.ready=true) from (/system/etc/init/bootstat.rc:61)
01-01 00:00:27.802 1 1 I init : starting service 'exec 16 (/system/bin/bootstat --set_system_boot_reason)'...
01-01 00:00:27.818 1 1 I init : ... started service 'exec 16 (/system/bin/bootstat --set_system_boot_reason)' has pid 515
01-01 00:00:27.818 1 1 I init : processing action (bootreceiver.enable=1 && ro.product.cpu.abilist64=*) from (/system/etc/init/dmesgd.rc:7)
01-01 00:00:27.826 1 1 I init : processing action (persist.heapprofd.enable= && traced.lazy.heapprofd=) from (/system/etc/init/heapprofd.rc:49)
01-01 00:00:27.826 485 485 D AHAL_EffectFactory: openEffectLibrary dlopen lib: /apex/com.android.hardware.audio.ti/lib64/soundfx/libvisualizeraidl_ti.so
01-01 00:00:27.826 485 485 D AHAL_EffectFactory: impl:d069d9e0-8329-11df-9168-0002a5d5c51b
01-01 00:00:27.826 485 485 D AHAL_EffectFactory: handle:0x27b457e03dafb0b7
01-01 00:00:27.828 1 1 I init : processing action (kcmdline.binder=*) from (/system/etc/init/kcmdlinectrl.rc:20)
01-01 00:00:27.828 1 1 I init : start_waiting_for_property("kcmdline.loaded", "1"): already set
01-01 00:00:27.829 1 1 I init : starting service 'exec 17 (/system/bin/kcmdlinectrl store binder c)'...
01-01 00:00:27.832 243 243 I servicemanager: Caller(pid=485,uid=1041,sid=u:r:hal_audio_default:s0) Found android.hardware.audio.effect.IFactory/default in device VINTF manifest.
01-01 00:00:27.834 485 485 D android.hardware.audio.effect.service-aidl.ti: main: effectFactory: android.hardware.audio.effect.IFactory/default start
01-01 00:00:27.840 1 1 I init : ... started service 'exec 17 (/system/bin/kcmdlinectrl store binder c)' has pid 516
01-01 00:00:27.840 1 1 I init : SVC_EXEC service 'exec 17 (/system/bin/kcmdlinectrl store binder c)' pid 516 (uid 0 gid 0+0 context default) started; waiting...
01-01 00:00:27.883 498 498 I FastMixerState: sMaxFastTracks = 8
01-01 00:00:27.907 516 516 I kcmdlinectrl: [libfstab] Using Android DT directory /proc/device-tree/firmware/android/
01-01 00:00:27.913 498 498 D audioserver: main: starting
01-01 00:00:27.915 498 498 V MediaUtils: physMem: 7510867968
01-01 00:00:27.915 498 498 V MediaUtils: requested limit: 536870912
01-01 00:00:27.916 498 498 I libc : malloc_limit: Allocation limit enabled, max size 536870912 bytes
01-01 00:00:27.917 515 515 I bootstat: Service started: /system/bin/bootstat --set_system_boot_reason
01-01 00:00:27.919 515 515 I bootstat: Canonical boot reason: reboot
01-01 00:00:27.919 515 515 I bootstat: Canonical boot reason: reboot
01-01 00:00:27.921 498 498 D audio_utils::mutex: get_enable_flag: mutex_priority_inheritance: true
01-01 00:00:27.923 515 515 E bootstat: Failed to read /metadata/bootstat/persist.sys.boot.reason: No such file or directory
01-01 00:00:27.923 515 515 I bootstat: Value of persist.sys.boot.reason :
01-01 00:00:27.923 515 515 I bootstat: Normalized last reboot reason : reboot
01-01 00:00:27.925 515 515 E bootstat: Failed to unlink /metadata/bootstat/persist.sys.boot.reason: No such file or directory
01-01 00:00:27.925 498 498 I FactoryHal: hasAidlHalService android.hardware.audio.core.IModule/default: true, version AudioHalVersion{type: AIDL, major: 1, minor: 0}
01-01 00:00:27.926 243 243 I servicemanager: Caller(pid=498,uid=1041,sid=u:r:audioserver:s0) Found android.hardware.audio.core.IModule/default in device VINTF manifest.
01-01 00:00:27.926 498 498 I FactoryHal: hasAidlHalService android.hardware.audio.effect.IFactory/default: true, version AudioHalVersion{type: AIDL, major: 1, minor: 0}
01-01 00:00:27.928 243 243 I servicemanager: Caller(pid=498,uid=1041,sid=u:r:audioserver:s0) Found android.hardware.audio.effect.IFactory/default in device VINTF manifest.
01-01 00:00:27.931 1 1 I init : Service 'exec 16 (/system/bin/bootstat --set_system_boot_reason)' (pid 515) exited with status 0 oneshot service took 0.121000 seconds in background
01-01 00:00:27.931 1 1 I init : Sending signal 9 to service 'exec 16 (/system/bin/bootstat --set_system_boot_reason)' (pid 515) process group...
01-01 00:00:27.931 1 1 I libprocessgroup: Removed cgroup /sys/fs/cgroup/uid_1000/pid_515
01-01 00:00:27.979 243 243 I servicemanager: Caller(pid=498,uid=1041,sid=u:r:audioserver:s0) Since 'android.hardware.audio.core.IConfig/default' could not be found trying to start it as a lazy AIDL service. (if it's not configured to be a lazy service, it may be stuck starting or still starting).
01-01 00:00:27.999 243 519 W libc : Unable to set property "ctl.interface_start" to "aidl/android.hardware.audio.core.IConfig/default": PROP_ERROR_HANDLE_CONTROL_MESSAGE (0x20)
01-01 00:00:27.984 1 1 E init : Control message: Could not find 'aidl/android.hardware.audio.core.IConfig/default' for ctl.interface_start from pid: 243 (/system/bin/servicemanager)
01-01 00:00:28.002 519 519 I servicemanager: Caller(pid=498,uid=1041,sid=u:r:audioserver:s0) Tried to start aidl service android.hardware.audio.core.IConfig/default as a lazy service, but was unable to. Usually this happens when a service is not installed, but if the service is intended to be used as a lazy service, then it may be configured incorrectly.
01-01 00:00:28.032 1 1 I init : Service 'exec 17 (/system/bin/kcmdlinectrl store binder c)' (pid 516) exited with status 0 waiting took 0.196000 seconds
01-01 00:00:28.032 1 1 I init : Sending signal 9 to service 'exec 17 (/system/bin/kcmdlinectrl store binder c)' (pid 516) process group...
01-01 00:00:28.033 1 1 I libprocessgroup: Removed cgroup /sys/fs/cgroup/uid_0/pid_516
01-01 00:00:28.033 1 1 I init : processing action (ro.debuggable=1) from (/system/etc/init/llkd-debuggable.rc:1)
01-01 00:00:28.038 458 458 I AndroidRuntime: Using default boot image
01-01 00:00:28.038 458 458 I AndroidRuntime: Leaving lock profiling enabled
01-01 00:00:28.036 1 1 I init : processing action (ro.debuggable=*) from (/system/etc/init/llkd.rc:2)
01-01 00:00:28.039 1 1 I init : processing action (persist.logd.logpersistd=logcatd) from (/system/etc/init/logcatd.rc:25)
01-01 00:00:28.040 1 1 I init : processing action (debug.atrace.user_initiated= && persist.traced.enable=1) from (/system/etc/init/perfetto.rc:47)
01-01 00:00:28.041 1 1 I init : starting service 'traced_probes'...
01-01 00:00:28.048 458 458 I zygote64: option[0]=-Xzygote
01-01 00:00:28.048 458 458 I zygote64: option[1]=-Xdeny-art-apex-data-files
01-01 00:00:28.048 458 458 I zygote64: option[2]=exit
01-01 00:00:28.048 458 458 I zygote64: option[3]=vfprintf
01-01 00:00:28.048 458 458 I zygote64: option[4]=sensitiveThread
01-01 00:00:28.048 458 458 I zygote64: option[5]=-verbose:gc
01-01 00:00:28.048 458 458 I zygote64: option[6]=-XX:PerfettoHprof=true
01-01 00:00:28.049 458 458 I zygote64: option[7]=-XX:PerfettoJavaHeapStackProf=true
01-01 00:00:28.049 458 458 I zygote64: option[8]=-Xprimaryzygote
01-01 00:00:28.049 458 458 I zygote64: option[9]=-Xms16m
01-01 00:00:28.049 458 458 I zygote64: option[10]=-Xmx512m
01-01 00:00:28.049 458 458 I zygote64: option[11]=-XX:HeapGrowthLimit=192m
01-01 00:00:28.049 458 458 I zygote64: option[12]=-XX:HeapMinFree=512k
01-01 00:00:28.049 458 458 I zygote64: option[13]=-XX:HeapMaxFree=8m
01-01 00:00:28.049 458 458 I zygote64: option[14]=-XX:HeapTargetUtilization=0.75
01-01 00:00:28.049 458 458 I zygote64: option[15]=-Xusejit:true
01-01 00:00:28.049 458 458 I zygote64: option[16]=-Xjitsaveprofilinginfo
01-01 00:00:28.049 458 458 I zygote64: option[17]=-XMadviseWillNeedVdexFileSize:104857600
01-01 00:00:28.049 458 458 I zygote64: option[18]=-XMadviseWillNeedOdexFileSize:104857600
01-01 00:00:28.049 458 458 I zygote64: option[19]=-XMadviseWillNeedArtFileSize:4294967295
01-01 00:00:28.049 458 458 I zygote64: option[20]=-XjdwpOptions:suspend=n,server=y
01-01 00:00:28.049 458 458 I zygote64: option[21]=-XjdwpProvider:default
01-01 00:00:28.049 458 458 I zygote64: option[22]=-Xopaque-jni-ids:swapable
01-01 00:00:28.049 458 458 I zygote64: option[23]=-Xlockprofthreshold:500
01-01 00:00:28.049 458 458 I zygote64: option[24]=-Xcompiler-option
01-01 00:00:28.049 458 458 I zygote64: option[25]=--instruction-set-variant=cortex-a53
01-01 00:00:28.049 458 458 I zygote64: option[26]=-Xcompiler-option
01-01 00:00:28.049 458 458 I zygote64: option[27]=--instruction-set-features=default
01-01 00:00:28.049 458 458 I zygote64: option[28]=-Xcompiler-option
01-01 00:00:28.049 458 458 I zygote64: option[29]=--generate-mini-debug-info
01-01 00:00:28.049 458 458 I zygote64: option[30]=-Ximage-compiler-option
01-01 00:00:28.049 458 458 I zygote64: option[31]=--runtime-arg
01-01 00:00:28.049 458 458 I zygote64: option[32]=-Ximage-compiler-option
01-01 00:00:28.049 458 458 I zygote64: option[33]=-Xms64m
01-01 00:00:28.049 458 458 I zygote64: option[34]=-Ximage-compiler-option
01-01 00:00:28.049 458 458 I zygote64: option[35]=--runtime-arg
01-01 00:00:28.049 458 458 I zygote64: option[36]=-Ximage-compiler-option
01-01 00:00:28.049 458 458 I zygote64: option[37]=-Xmx64m
01-01 00:00:28.049 458 458 I zygote64: option[38]=-Ximage-compiler-option
01-01 00:00:28.049 458 458 I zygote64: option[39]=--dirty-image-objects=/system/etc/dirty-image-objects
01-01 00:00:28.049 458 458 I zygote64: option[40]=-Ximage-compiler-option
01-01 00:00:28.049 458 458 I zygote64: option[41]=--instruction-set-variant=cortex-a53
01-01 00:00:28.049 458 458 I zygote64: option[42]=-Ximage-compiler-option
01-01 00:00:28.049 458 458 I zygote64: option[43]=--instruction-set-features=default
01-01 00:00:28.049 458 458 I zygote64: option[44]=-Ximage-compiler-option
01-01 00:00:28.049 458 458 I zygote64: option[45]=--generate-mini-debug-info
01-01 00:00:28.049 458 458 I zygote64: option[46]=-Duser.locale=en-US
01-01 00:00:28.050 458 458 I zygote64: option[47]=--cpu-abilist=arm64-v8a
01-01 00:00:28.050 458 458 I zygote64: option[48]=-Xcore-platform-api-policy:just-warn
01-01 00:00:28.050 458 458 I zygote64: option[49]=-Xfingerprint:TI/am62p/am62p:15/AP4A.250105.002.A1/eng.root:userdebug/test-keys
01-01 00:00:28.060 1 1 I init : ... started service 'traced_probes' has pid 520
01-01 00:00:28.060 1 1 I init : processing action (persist.traced.enable=1) from (/system/etc/init/perfetto.rc:50)
01-01 00:00:28.063 458 458 W zygote64: ART APEX data files are untrusted.
01-01 00:00:28.064 458 458 I zygote64: Core platform API reporting enabled, enforcing=false
01-01 00:00:28.067 458 458 I zygote64: Using CollectorTypeCMC GC.
01-01 00:00:28.067 1 1 I init : starting service 'traced'...
01-01 00:00:28.068 1 1 I init : Created socket '/dev/socket/traced_consumer', mode 666, user 0, group 0
01-01 00:00:28.075 1 1 I init : Created socket '/dev/socket/traced_producer', mode 666, user 0, group 0
01-01 00:00:28.103 1 1 I init : ... started service 'traced' has pid 521
01-01 00:00:28.103 1 1 I init : service 'traced_probes' requested start, but it is already running (flags: 132)
01-01 00:00:28.103 1 1 I init : processing action (ro.persistent_properties.ready=true) from (/system/etc/init/perfetto.rc:119)
01-01 00:00:28.104 1 1 I init : processing action (persist.debug.perfetto.persistent_sysui_tracing_for_bugreport=) from (/system/etc/init/perfetto.rc:178)
01-01 00:00:28.105 1 1 I init : processing action (persist.traced_perf.enable= && sys.init.perf_lsm_hooks=1 && traced.lazy.traced_perf=) from (/system/etc/init/traced_perf.rc:43)
01-01 00:00:28.110 1 1 I init : processing action (ro.boot.slot_suffix=*) from (/system/etc/init/update_engine.rc:9)
01-01 00:00:28.110 1 1 I init : processing action (nonencrypted) from (/system/etc/init/hw/init.rc:1257)
01-01 00:00:28.110 1 1 I init : service 'zygote' requested start, but it is already running (flags: 36)
01-01 00:00:28.111 1 1 I init : starting service 'cameraserver'...
01-01 00:00:28.112 484 484 I AHAL_Main: Init for Audio AIDL HAL
01-01 00:00:28.140 1 1 I init : ... started service 'cameraserver' has pid 522
01-01 00:00:28.141 1 1 I init : starting service 'idmap2d'...
01-01 00:00:28.156 1 1 I init : ... started service 'idmap2d' has pid 523
01-01 00:00:28.157 1 1 I init : starting service 'incidentd'...
01-01 00:00:28.176 1 1 I init : ... started service 'incidentd' has pid 524
01-01 00:00:28.177 1 1 I init : starting service 'installd'...
01-01 00:00:28.188 520 520 I perfetto: probes.cc:104 Starting /system/bin/traced_probes service
01-01 00:00:28.198 1 1 I init : ... started service 'installd' has pid 525
01-01 00:00:28.199 1 1 I init : starting service 'mediaextractor'...
01-01 00:00:28.214 521 521 W perfetto: service.cc:232 Started traced, listening on /dev/socket/traced_producer /dev/socket/traced_consumer
01-01 00:00:28.221 520 520 I perfetto: probes_producer.cc:332 Connected to the service
01-01 00:00:28.229 1 1 I init : ... started service 'mediaextractor' has pid 528
01-01 00:00:28.229 1 1 I init : starting service 'mediametrics'...
01-01 00:00:28.241 1 1 I init : ... started service 'mediametrics' has pid 532
01-01 00:00:28.242 1 1 I init : starting service 'media'...
01-01 00:00:28.257 1 1 I init : ... started service 'media' has pid 533
01-01 00:00:28.257 1 1 I init : service 'netd' requested start, but it is already running (flags: 4)
01-01 00:00:28.258 1 1 I init : starting service 'storaged'...
01-01 00:00:28.259 1 1 I init : Could not open file '/d/mmc0/mmc0:0001/ext_csd': Failed to open file '/d/mmc0/mmc0:0001/ext_csd': Permission denied
01-01 00:00:28.282 1 1 I init : ... started service 'storaged' has pid 534
01-01 00:00:28.283 1 1 I init : starting service 'wificond'...
01-01 00:00:28.308 525 525 I installd: installd firing up
01-01 00:00:28.312 1 1 I init : ... started service 'wificond' has pid 535
01-01 00:00:28.318 1 1 I init : starting service 'media.swcodec'...
01-01 00:00:28.331 523 523 I idmap2d : Starting
01-01 00:00:28.342 1 1 I init : ... started service 'media.swcodec' has pid 536
01-01 00:00:28.342 1 1 I init : service 'statsd' requested start, but it is already running (flags: 4)
01-01 00:00:28.342 1 1 I init : Command 'class_start main' action=nonencrypted (/system/etc/init/hw/init.rc:1258) took 232ms and succeeded
01-01 00:00:28.345 1 1 I init : starting service 'gatekeeperd'...
01-01 00:00:28.360 1 1 I init : ... started service 'gatekeeperd' has pid 539
01-01 00:00:28.360 1 1 I init : service 'traced' requested start, but it is already running (flags: 132)
01-01 00:00:28.361 1 1 I init : service 'traced_probes' requested start, but it is already running (flags: 132)
01-01 00:00:28.361 1 1 I init : starting service 'update_engine'...
01-01 00:00:28.370 244 244 I hwservicemanager: getTransport: Cannot find entry android.hardware.atrace@1.0::IAtraceDevice/default in either framework or device VINTF manifest.
01-01 00:00:28.380 1 1 I init : ... started service 'update_engine' has pid 540
01-01 00:00:28.380 1 1 I init : starting service 'usbd'...
01-01 00:00:28.407 1 1 I init : ... started service 'usbd' has pid 543
01-01 00:00:28.407 1 1 I init : Command 'class_start late_start' action=nonencrypted (/system/etc/init/hw/init.rc:1259) took 64ms and succeeded
01-01 00:00:28.408 1 1 I init : processing action (load_persist_props_action) from (/system/etc/init/flags_health_check.rc:1)
01-01 00:00:28.412 1 1 I init : Verified that /data/server_configurable_flags has the encryption policy 742e57d9a5412a3fa561732f30d1ef00 v2 modes 1/4 flags 0x2
01-01 00:00:28.413 1 1 I init : starting service 'exec 18 (/system/bin/flags_health_check BOOT_FAILURE)'...
01-01 00:00:28.448 1 1 I init : ... started service 'exec 18 (/system/bin/flags_health_check BOOT_FAILURE)' has pid 544
01-01 00:00:28.448 1 1 I init : SVC_EXEC service 'exec 18 (/system/bin/flags_health_check BOOT_FAILURE)' pid 544 (uid 1000 gid 1000+0 context default) started; waiting...
01-01 00:00:28.455 535 535 I wificond: wificond is starting up...
01-01 00:00:28.471 243 243 I servicemanager: Caller(pid=535,uid=1010,sid=u:r:wificond:s0) Could not find android.hardware.net.nlinterceptor.IInterceptor/default in the VINTF manifest. No alternative instances declared in VINTF.
01-01 00:00:28.477 535 535 E wificond: Received error message: No such file or directory
01-01 00:00:28.477 535 535 E wificond: Failed to get NL80211 family info
01-01 00:00:28.477 535 535 E wificond: Failed to start netlink manager
01-01 00:00:28.478 535 535 E wificond: Received error message: No such file or directory
01-01 00:00:28.478 535 535 E wificond: Failed to get NL80211 family info
01-01 00:00:28.496 543 543 I usbd : persistent prop is adb
01-01 00:00:28.509 1 1 I init : starting service 'adbd'...
01-01 00:00:28.510 1 1 I init : Created socket '/dev/socket/adbd', mode 660, user 1000, group 1000
01-01 00:00:28.506 544 544 I flags_health_check: ServerConfigurableFlagsReset reset_mode value: 0
01-01 00:00:28.508 544 544 I flags_health_check: ServerConfigurableFlagsReset attempted boot count is under threshold, skipping reset.
01-01 00:00:28.546 486 486 I android.hardware.camera.provider-V1-libcamera-service: LibcameraProvider libcamera service is starting.
01-01 00:00:28.569 539 539 I gatekeeperd: Starting gatekeeperd...
01-01 00:00:28.584 243 243 I servicemanager: Caller(pid=539,uid=1000,sid=u:r:gatekeeperd:s0) Could not find android.hardware.gatekeeper.IGatekeeper/default in the VINTF manifest. No alternative instances declared in VINTF.
01-01 00:00:28.593 243 243 I servicemanager: Caller(pid=484,uid=1041,sid=u:r:hal_audio_default:s0) Found android.hardware.audio.core.IConfig/default in device VINTF manifest.
01-01 00:00:28.595 243 243 I servicemanager: Caller(pid=484,uid=1041,sid=u:r:hal_audio_default:s0) Found android.hardware.audio.core.IModule/default in device VINTF manifest.
01-01 00:00:28.597 243 243 I servicemanager: Caller(pid=484,uid=1041,sid=u:r:hal_audio_default:s0) Could not find android.hardware.audio.core.IModule/usb in the VINTF manifest. VINTF declared instances: bluetooth, default, r_submix.
01-01 00:00:28.595 484 484 E AHAL_Main: createModule: failed to register service for "android.hardware.audio.core.IModule/usb"
01-01 00:00:28.597 244 244 I hwservicemanager: Since android.hardware.gatekeeper@1.0::IGatekeeper/default is not registered, trying to start it as a lazy HAL (if it's not configured to be a lazy HAL, it may be stuck starting or still starting).
01-01 00:00:28.604 243 243 I BpBinder: onLastStrongRef automatically unlinking death recipients:
01-01 00:00:28.609 244 244 I hwservicemanager: Since android.hardware.gatekeeper@1.0::IGatekeeper/default is not registered, trying to start it as a lazy HAL (if it's not configured to be a lazy HAL, it may be stuck starting or still starting).
01-01 00:00:28.610 539 539 I HidlServiceManagement: getService: Trying again for android.hardware.gatekeeper@1.0::IGatekeeper/default...
01-01 00:00:28.629 243 243 I servicemanager: Caller(pid=484,uid=1041,sid=u:r:hal_audio_default:s0) Found android.hardware.audio.core.IModule/r_submix in device VINTF manifest.
01-01 00:00:28.631 243 243 I servicemanager: Caller(pid=484,uid=1041,sid=u:r:hal_audio_default:s0) Found android.hardware.bluetooth.audio.IBluetoothAudioProviderFactory/default in device VINTF manifest.
01-01 00:00:28.633 486 486 W libcamera: WARN IPAManager ipa_manager.cpp:154 No IPA found in '/vendor/lib64/libcamera'
01-01 00:00:28.633 243 243 I servicemanager: Caller(pid=484,uid=1041,sid=u:r:hal_audio_default:s0) Found android.hardware.audio.core.IModule/bluetooth in device VINTF manifest.
01-01 00:00:28.639 1 1 I init : ... started service 'adbd' has pid 547
01-01 00:00:28.639 1 1 I init : Control message: Processed ctl.start for 'adbd' from pid: 543 (/system/bin/usbd)
01-01 00:00:28.640 1 1 I init : starting service 'vendor.gatekeeper-1-0-optee'...
01-01 00:00:28.650 243 243 I servicemanager: Caller(pid=543,uid=0,sid=u:r:usbd:s0) Found android.hardware.usb.gadget.IUsbGadget/default in device VINTF manifest.
01-01 00:00:28.656 543 543 I usbd : Usb AIDL HAL found.
01-01 00:00:28.658 495 495 I libusbconfigfs: setCurrentUsbFunctions None
01-01 00:00:28.659 495 495 I libusbconfigfs: Gadget cannot be pulled down
01-01 00:00:28.659 495 495 I android.hardware.usb.gadget-service.generic: mMonitor not running
01-01 00:00:28.659 495 495 I android.hardware.usb.gadget-service.generic: Returned from tearDown gadget
01-01 00:00:28.669 1 1 I init : ... started service 'vendor.gatekeeper-1-0-optee' has pid 553
01-01 00:00:28.669 1 1 I init : Control message: Processed ctl.interface_start for 'android.hardware.gatekeeper@1.0::IGatekeeper/default' from pid: 244 (/system/system_ext/bin/hwservicemanager)
01-01 00:00:28.669 1 1 I init : Service 'exec 18 (/system/bin/flags_health_check BOOT_FAILURE)' (pid 544) exited with status 0 waiting took 0.243000 seconds
01-01 00:00:28.669 1 1 I init : Sending signal 9 to service 'exec 18 (/system/bin/flags_health_check BOOT_FAILURE)' (pid 544) process group...
01-01 00:00:28.670 1 1 I libprocessgroup: Removed cgroup /sys/fs/cgroup/uid_1000/pid_544
01-01 00:00:28.671 1 1 I init : Service 'usbd' (pid 543) exited with status 0 oneshot service took 0.276000 seconds in background
01-01 00:00:28.671 1 1 I init : Sending signal 9 to service 'usbd' (pid 543) process group...
01-01 00:00:28.672 1 1 I libprocessgroup: Removed cgroup /sys/fs/cgroup/uid_0/pid_543
01-01 00:00:28.675 1 1 I init : service 'vendor.gatekeeper-1-0-optee' requested start, but it is already running (flags: 132)
01-01 00:00:28.675 1 1 I init : Control message: Processed ctl.interface_start for 'android.hardware.gatekeeper@1.0::IGatekeeper/default' from pid: 244 (/system/system_ext/bin/hwservicemanager)
01-01 00:00:28.675 1 1 I init : processing action (load_persist_props_action) from (/system/etc/init/logcatd.rc:29)
01-01 00:00:28.676 243 243 I servicemanager: Caller(pid=498,uid=1041,sid=u:r:audioserver:s0) Found android.hardware.audio.effect.IFactory/default in device VINTF manifest.
01-01 00:00:28.680 1 1 I init : processing action (llk.enable=0) from (/system/etc/init/llkd.rc:12)
01-01 00:00:28.683 1 1 I init : processing action (khungtask.enable=1) from (/system/etc/init/llkd.rc:18)
01-01 00:00:28.677 486 486 I LibcameraProvider: Loaded "libcamera camera HALv3 module" camera module
01-01 00:00:28.686 1 1 I init : processing action (llk.enable=0) from (/system/etc/init/llkd.rc:12)
01-01 00:00:28.689 498 498 I FactoryHal: hasAidlHalService android.hardware.audio.effect.IFactory/default: true, version AudioHalVersion{type: AIDL, major: 1, minor: 0}
01-01 00:00:28.703 498 498 I FactoryHal: hasAidlHalService android.hardware.audio.core.IModule/default: true, version AudioHalVersion{type: AIDL, major: 1, minor: 0}
01-01 00:00:28.704 242 242 I lowmemorykiller: lmkd data connection established
01-01 00:00:28.692 1 1 I init : processing action (khungtask.enable=0) from (/system/etc/init/llkd.rc:21)
01-01 00:00:28.692 243 243 I servicemanager: Caller(pid=498,uid=1041,sid=u:r:audioserver:s0) Found android.hardware.audio.core.IModule/default in device VINTF manifest.
01-01 00:00:28.693 1 1 I init : processing action (logd.logpersistd=logcatd && logd.logpersistd.enable=true) from (/system/etc/init/logcatd.rc:32)
01-01 00:00:28.694 1 1 I init : starting service 'logcatd'...
01-01 00:00:28.712 1 1 I init : ... started service 'logcatd' has pid 554
01-01 00:00:28.713 1 1 I init : processing action (init.svc.media=*) from (/system/etc/init/mediaserver.rc:1)
01-01 00:00:28.720 243 243 I servicemanager: Caller(pid=486,uid=1047,sid=u:r:hal_camera_default:s0) Found android.hardware.camera.provider.ICameraProvider/libcamera/0 in device VINTF manifest.
01-01 00:00:28.721 1 1 I init : processing action (logd.logpersistd=logcatd && logd.logpersistd.enable=true) from (/system/etc/init/logcatd.rc:32)
01-01 00:00:28.721 1 1 I init : service 'logcatd' requested start, but it is already running (flags: 132)
01-01 00:00:28.722 1 1 I init : processing action (khungtask.enable=true) from (/system/etc/init/llkd.rc:25)
01-01 00:00:28.729 1 1 I init : processing action (khungtask.enable=false) from (/system/etc/init/llkd.rc:31)
01-01 00:00:28.760 495 495 I libusbconfigfs: setCurrentUsbFunctions Adb
01-01 00:00:28.761 495 495 I libusbconfigfs: Service started
01-01 00:00:28.769 495 495 I android.hardware.usb.gadget-service.generic: Usb Gadget setcurrent functions called successfully
01-01 00:00:28.807 498 498 I EffectsFactoryHalAidl: EffectsFactoryHalAidl with 2 nonProxyEffects and 0 proxyEffects
01-01 00:00:28.817 528 528 I main_extractorservice: enable media.extractor memory limits
01-01 00:00:28.818 528 528 V MediaUtils: physMem: 7510867968
01-01 00:00:28.818 528 528 V MediaUtils: requested limit: 1502173580
01-01 00:00:28.819 528 528 I libc : malloc_limit: Allocation limit enabled, max size 1502173580 bytes
01-01 00:00:28.829 498 498 W BatteryNotifier: batterystats service unavailable!
01-01 00:00:28.832 528 528 W mediaextractor: Could not read additional policy file '/vendor/etc/seccomp_policy/mediaextractor.policy'
01-01 00:00:28.834 528 528 W mediaextractor: libminijail[528]: failed to get path of fd 4: No such file or directory
01-01 00:00:28.834 528 528 W mediaextractor: libminijail[528]: allowing syscall: connect
01-01 00:00:28.834 528 528 W mediaextractor: libminijail[528]: allowing syscall: fcntl
01-01 00:00:28.834 528 528 W mediaextractor: libminijail[528]: allowing syscall: sendto
01-01 00:00:28.834 528 528 W mediaextractor: libminijail[528]: allowing syscall: socket
01-01 00:00:28.834 528 528 W mediaextractor: libminijail[528]: allowing syscall: writev
01-01 00:00:28.835 528 528 W mediaextractor: libminijail[528]: compile_file: (42): syscall readlinkat redefined here
01-01 00:00:28.835 528 528 W mediaextractor: libminijail[528]: compile_file: (38): previous definition here
01-01 00:00:28.836 498 498 I ServiceManagerCppClient: Waiting for service 'media.metrics' on '/dev/binder'...
01-01 00:00:28.845 528 528 W mediaextractor: libminijail[528]: compile_file: /apex/com.android.media/etc/seccomp_policy/crash_dump.arm64.policy(1): syscall read redefined here
01-01 00:00:28.846 540 540 I update_engine: [INFO:main.cc(55)] Using temp dir /data/misc/update_engine/tmp
01-01 00:00:28.848 540 540 I update_engine: [INFO:main.cc(64)] A/B Update Engine starting
01-01 00:00:28.848 528 528 W mediaextractor: libminijail[528]: compile_file: (18): previous definition here
01-01 00:00:28.848 528 528 W mediaextractor: libminijail[528]: compile_file: /apex/com.android.media/etc/seccomp_policy/crash_dump.arm64.policy(2): syscall write redefined here
01-01 00:00:28.849 528 528 W mediaextractor: libminijail[528]: compile_file: (6): previous definition here
01-01 00:00:28.849 528 528 W mediaextractor: libminijail[528]: compile_file: /apex/com.android.media/etc/seccomp_policy/crash_dump.arm64.policy(3): syscall exit redefined here
01-01 00:00:28.849 528 528 W mediaextractor: libminijail[528]: compile_file: (27): previous definition here
01-01 00:00:28.849 528 528 W mediaextractor: libminijail[528]: compile_file: /apex/com.android.media/etc/seccomp_policy/crash_dump.arm64.policy(4): syscall rt_sigreturn redefined here
01-01 00:00:28.849 528 528 W mediaextractor: libminijail[528]: compile_file: (29): previous definition here
01-01 00:00:28.849 528 528 W mediaextractor: libminijail[528]: compile_file: /apex/com.android.media/etc/seccomp_policy/crash_dump.arm64.policy(5): syscall exit_group redefined here
01-01 00:00:28.849 528 528 W mediaextractor: libminijail[528]: compile_file: (28): previous definition here
01-01 00:00:28.849 528 528 W mediaextractor: libminijail[528]: compile_file: /apex/com.android.media/etc/seccomp_policy/crash_dump.arm64.policy(8): syscall futex redefined here
01-01 00:00:28.849 528 528 W mediaextractor: libminijail[528]: compile_file: (4): previous definition here
01-01 00:00:28.850 528 528 W mediaextractor: libminijail[528]: compile_file: /apex/com.android.media/etc/seccomp_policy/crash_dump.arm64.policy(9): syscall getrandom redefined here
01-01 00:00:28.850 528 528 W mediaextractor: libminijail[528]: compile_file: (32): previous definition here
01-01 00:00:28.850 528 528 W mediaextractor: libminijail[528]: compile_file: /apex/com.android.media/etc/seccomp_policy/crash_dump.arm64.policy(14): syscall openat redefined here
01-01 00:00:28.850 528 528 W mediaextractor: libminijail[528]: compile_file: (12): previous definition here
01-01 00:00:28.850 528 528 W mediaextractor: libminijail[528]: compile_file: /apex/com.android.media/etc/seccomp_policy/crash_dump.arm64.policy(15): syscall dup redefined here
01-01 00:00:28.850 528 528 W mediaextractor: libminijail[528]: compile_file: (9): previous definition here
01-01 00:00:28.850 528 528 W mediaextractor: libminijail[528]: compile_file: /apex/com.android.media/etc/seccomp_policy/crash_dump.arm64.policy(16): syscall close redefined here
01-01 00:00:28.850 528 528 W mediaextractor: libminijail[528]: compile_file: (8): previous definition here
01-01 00:00:28.850 528 528 W mediaextractor: libminijail[528]: compile_file: /apex/com.android.media/etc/seccomp_policy/crash_dump.arm64.policy(17): syscall lseek redefined here
01-01 00:00:28.850 528 528 W mediaextractor: libminijail[528]: compile_file: (23): previous definition here
01-01 00:00:28.851 528 528 W mediaextractor: libminijail[528]: compile_file: /apex/com.android.media/etc/seccomp_policy/crash_dump.arm64.policy(18): syscall getdents64 redefined here
01-01 00:00:28.851 528 528 W mediaextractor: libminijail[528]: compile_file: (41): previous definition here
01-01 00:00:28.851 528 528 W mediaextractor: libminijail[528]: compile_file: /apex/com.android.media/etc/seccomp_policy/crash_dump.arm64.policy(19): syscall faccessat redefined here
01-01 00:00:28.851 528 528 W mediaextractor: libminijail[528]: compile_file: (25): previous definition here
01-01 00:00:28.851 528 528 W mediaextractor: libminijail[528]: compile_file: /apex/com.android.media/etc/seccomp_policy/crash_dump.arm64.policy(22): syscall setsockopt redefined here
01-01 00:00:28.851 528 528 W mediaextractor: libminijail[528]: compile_file: (56): previous definition here
01-01 00:00:28.851 528 528 W mediaextractor: libminijail[528]: compile_file: /apex/com.android.media/etc/seccomp_policy/crash_dump.arm64.policy(29): syscall prctl redefined here
01-01 00:00:28.851 528 528 W mediaextractor: libminijail[528]: compile_file: (5): previous definition here
01-01 00:00:28.852 528 528 W mediaextractor: libminijail[528]: compile_file: /apex/com.android.media/etc/seccomp_policy/crash_dump.arm64.policy(30): syscall madvise redefined here
01-01 00:00:28.852 528 528 W mediaextractor: libminijail[528]: compile_file: (14): previous definition here
01-01 00:00:28.852 528 528 W mediaextractor: libminijail[528]: compile_file: /apex/com.android.media/etc/seccomp_policy/crash_dump.arm64.policy(31): syscall mprotect redefined here
01-01 00:00:28.852 528 528 W mediaextractor: libminijail[528]: compile_file: (13): previous definition here
01-01 00:00:28.853 528 528 W mediaextractor: libminijail[528]: compile_file: /apex/com.android.media/etc/seccomp_policy/crash_dump.arm64.policy(32): syscall munmap redefined here
01-01 00:00:28.853 528 528 W mediaextractor: libminijail[528]: compile_file: (11): previous definition here
01-01 00:00:28.854 528 528 W mediaextractor: libminijail[528]: compile_file: /apex/com.android.media/etc/seccomp_policy/crash_dump.arm64.policy(33): syscall getuid redefined here
01-01 00:00:28.854 528 528 W mediaextractor: libminijail[528]: compile_file: (15): previous definition here
01-01 00:00:28.855 528 528 W mediaextractor: libminijail[528]: compile_file: /apex/com.android.media/etc/seccomp_policy/crash_dump.arm64.policy(34): syscall fstat redefined here
01-01 00:00:28.855 528 528 W mediaextractor: libminijail[528]: compile_file: (16): previous definition here
01-01 00:00:28.855 528 528 W mediaextractor: libminijail[528]: compile_file: /apex/com.android.media/etc/seccomp_policy/crash_dump.arm64.policy(35): syscall mmap redefined here
01-01 00:00:28.855 528 528 W mediaextractor: libminijail[528]: compile_file: (10): previous definition here
01-01 00:00:28.857 553 553 D android.hardware.gatekeeper@1.0-service.optee: Checking gk connection to optee_os
01-01 00:00:28.858 528 528 W mediaextractor: libminijail[528]: logging seccomp filter failures
01-01 00:00:28.881 547 547 I adbd : persist.adb.watchdog set to ''
01-01 00:00:28.888 547 547 I adbd : persist.sys.test_harness set to ''
01-01 00:00:28.889 547 547 I adbd : adb watchdog timeout set to 600 seconds
01-01 00:00:28.887 243 243 I servicemanager: Caller(pid=540,uid=0,sid=u:r:update_engine:s0) Found android.hardware.boot.IBootControl/default in device VINTF manifest.
01-01 00:00:28.890 540 540 I update_engine: [INFO:BootControlClient.cpp(338)] Using AIDL version of IBootControl
01-01 00:00:28.894 540 540 I update_engine: [INFO:boot_control_android.cc(64)] Loaded boot control hal.
01-01 00:00:28.899 547 547 I adbd : adbd started
01-01 00:00:28.901 547 560 I adbd : Waiting for persist.adb.tls_server.enable=1
01-01 00:00:28.902 540 540 I update_engine: [INFO:daemon_state_android.cc(44)] Booted in dev mode.
01-01 00:00:28.902 547 562 I adbd : opening control endpoint /dev/usb-ffs/adb/ep0
01-01 00:00:28.903 495 556 I libusbconfigfs: event=1 on fd=8
01-01 00:00:28.913 534 534 I ServiceManagerCppClient: Waiting for service 'package_native' on '/dev/binder'...
01-01 00:00:28.904 562 562 I : read descriptors
01-01 00:00:28.904 562 562 W : bcdVersion must be 0x0100, stored in Little Endian order. Userspace driver should be fixed, accepting 0x0001 for compatibility.
01-01 00:00:28.904 562 562 W : bcdVersion must be 0x0100, stored in Little Endian order. Userspace driver should be fixed, accepting 0x0001 for compatibility.
01-01 00:00:28.904 562 562 I : read strings
01-01 00:00:28.905 556 556 W : bcdVersion must be 0x0100, stored in Little Endian order. Userspace driver should be fixed, accepting 0x0001 for compatibility.
01-01 00:00:28.905 556 556 W : bcdVersion must be 0x0100, stored in Little Endian order. Userspace driver should be fixed, accepting 0x0001 for compatibility.
01-01 00:00:28.909 243 243 I servicemanager: Caller(pid=534,uid=0,sid=u:r:storaged:s0) Found android.hardware.health.IHealth/default in device VINTF manifest.
01-01 00:00:28.915 547 562 I adbd : UsbFfsConnection constructed
01-01 00:00:28.916 495 556 I libusbconfigfs: GADGET pulled up
01-01 00:00:28.917 540 540 E update_engine: [ERROR:update_attempter_android.cc(1071)] prefs_->GetInt64(kPrefsPreviousSlot, &previous_slot) failed.
01-01 00:00:28.919 495 556 I libusbconfigfs: event=1 on fd=8
01-01 00:00:28.919 540 540 I update_engine: [INFO:update_attempter_android.cc(224)] OTAResult::NOT_ATTEMPTED
01-01 00:00:28.920 547 565 I adbd : UsbFfs-monitor thread spawned
01-01 00:00:28.920 495 556 I libusbconfigfs: event=1 on fd=8
01-01 00:00:28.920 547 565 I adbd : USB event: FUNCTIONFS_BIND
01-01 00:00:28.940 540 540 I update_engine: [INFO:update_attempter_android.cc(964)] Clearing update complete marker.
01-01 00:00:28.941 540 540 I update_engine: [INFO:update_attempter_android.cc(1443)] Scheduling CleanupPreviousUpdateAction.
01-01 00:00:28.942 540 540 I update_engine: [INFO:action_processor.cc(51)] ActionProcessor: starting CleanupPreviousUpdateAction
01-01 00:00:28.943 540 540 I update_engine: [INFO:cleanup_previous_update_action.cc(151)] Starting/resuming CleanupPreviousUpdateAction
01-01 00:00:28.954 553 553 D OpteeGateKeeper: getConnected 47 connected_ = 1
01-01 00:00:28.954 553 553 I android.hardware.gatekeeper@1.0-service.optee: Loading...
01-01 00:00:28.980 259 259 I logd : logdr: UID=1036 GID=1007 PID=554 b tail=0 logMask=bf pid=0 start=0ns deadline=0ns
01-01 00:00:28.991 553 553 I HidlServiceManagement: Registered android.hardware.gatekeeper@1.0::IGatekeeper/default
01-01 00:00:28.992 553 553 I HidlServiceManagement: Removing namespace from process name android.hardware.gatekeeper@1.0-service.optee to gatekeeper@1.0-service.optee.
01-01 00:00:28.999 244 244 I hw-BpHwBinder: onLastStrongRef automatically unlinking death recipients
01-01 00:00:29.160 532 532 V MediaUtils: physMem: 7510867968
01-01 00:00:29.161 532 532 V MediaUtils: requested limit: 134217728
01-01 00:00:29.181 532 532 I libc : malloc_limit: Allocation limit enabled, max size 134217728 bytes
01-01 00:00:29.184 532 532 D AudioPowerUsage: AudioPowerUsage
01-01 00:00:29.184 532 532 D AudioAnalytics: AudioAnalytics
01-01 00:00:29.184 532 532 D MediaMetricsService: MediaMetricsService
01-01 00:00:29.206 528 528 I MediaExtractorFactory: plugin directory not present (/system/lib64/extractors)
01-01 00:00:29.206 528 528 I MediaExtractorFactory: plugin directory not present (/system_ext/lib64/extractors)
01-01 00:00:29.286 498 498 I ServiceManagerCppClient: Waiting for service 'media.metrics' on '/dev/binder' successful after waiting 449ms
01-01 00:00:29.297 532 568 I ServiceManagerCppClient: Waiting for service 'package_native' on '/dev/binder'...
01-01 00:00:29.303 498 498 D audioserver: main: AudioFlinger created
01-01 00:00:29.304 498 570 D AudioSystem: getService: waiting for media.audio_policy
01-01 00:00:29.314 484 484 W AHAL_ApmXmlConverter: Audio policy config does not have section, using default
01-01 00:00:29.315 484 484 D AHAL_Config: getSurroundSoundConfig: returning SurroundSoundConfig{formatFamilies: [SurroundFormatFamily{primaryFormat: AudioFormatDescription{type: DEFAULT, pcm: DEFAULT, encoding: audio/ac3}, subFormats: []}, SurroundFormatFamily{primaryFormat: AudioFormatDescription{type: DEFAULT, pcm: DEFAULT, encoding: audio/eac3}, subFormats: []}, SurroundFormatFamily{primaryFormat: AudioFormatDescription{type: DEFAULT, pcm: DEFAULT, encoding: audio/vnd.dts}, subFormats: []}, SurroundFormatFamily{primaryFormat: AudioFormatDescription{type: DEFAULT, pcm: DEFAULT, encoding: audio/vnd.dts.hd}, subFormats: []}, SurroundFormatFamily{primaryFormat: AudioFormatDescription{type: DEFAULT, pcm: DEFAULT, encoding: audio/vnd.dts.hd;profile=dtsma}, subFormats: []}, SurroundFormatFamily{primaryFormat: AudioFormatDescription{type: DEFAULT, pcm: DEFAULT, encoding: audio/vnd.dts.uhd;profile=p1}, subFormats: []}, SurroundFormatFamily{primaryFormat: AudioFormatDescription{type: DEFAULT, pcm: DEFAULT, encoding: audio/vnd.dts.uhd;profile=p2}, subFormats: []}, SurroundFormatFamily{primaryFormat: AudioFormatDescription{type: DEFAULT, pcm: DEFAULT, encoding: audio/vnd.dolby.mlp}, subFormats: []}, SurroundFormatFamily{primaryFormat: AudioFormatDescription{type: DEFAULT, pcm: DEFAULT, encoding: audio/eac3-joc}, subFormats: []}, SurroundFormatFamily{primaryFormat: AudioFormatDescription{type: DEFAULT, pcm: DEFAULT, encoding: audio/mp4a.40.02}, subFormats: [AudioFormatDescription{type: DEFAULT, pcm: DEFAULT, encoding: audio/mp4a.40.05}, AudioFormatDescription{type: DEFAULT, pcm: DEFAULT, encoding: audio/mp4a.40.29}, AudioFormatDescription{type: DEFAULT, pcm: DEFAULT, encoding: audio/mp4a.40.39}, AudioFormatDescription{type: DEFAULT, pcm: DEFAULT, encoding: audio/mp4a.40.42}]}, SurroundFormatFamily{primaryFormat: AudioFormatDescription{type: DEFAULT, pcm: DEFAULT, encoding: audio/ac4}, subFormats: []}]}
01-01 00:00:29.316 484 484 I AHAL_Config: getEngineConfig: No audio configuration files found
01-01 00:00:29.317 484 484 D AHAL_Config: getEngineConfig: number of strategies parsed: 0, default strategy: -1, number of volume groups parsed: 14
01-01 00:00:29.336 484 484 D AHAL_ModulePrimary: getTelephony: returning instance of ITelephony: 0xb400007bb5340a90
01-01 00:00:29.338 484 484 D AHAL_Module: getBluetooth: default: returning null
01-01 00:00:29.340 484 484 D AHAL_Module: getBluetoothA2dp: default: returning null
01-01 00:00:29.342 484 484 D AHAL_Module: getBluetoothLe: default: returning null
01-01 00:00:29.344 484 484 D audio_utils::mutex: get_enable_flag: mutex_priority_inheritance: true
01-01 00:00:29.346 547 565 I adbd : USB event: FUNCTIONFS_ENABLE
01-01 00:00:29.346 547 573 I adbd : UsbFfs-worker thread spawned
01-01 00:00:29.348 495 556 I libusbconfigfs: event=1 on fd=8
01-01 00:00:29.350 484 484 D AHAL_Module: getSoundDose: default: returning instance of ISoundDose: 0xb400007b452e24b0
01-01 00:00:29.358 498 498 I DeviceHalAidl: [default] getSoundDoseInterface: using audio AIDL HAL sound dose interface
01-01 00:00:29.379 484 484 D AHAL_SoundDose: registerSoundDoseCallback: Registered sound dose callback
01-01 00:00:29.379 498 498 D DeviceHalAidl: [default] initCheck
01-01 00:00:29.389 484 484 D AHAL_Module: getAudioPorts: default: returning 4 ports
01-01 00:00:29.390 498 498 I Hal2AidlMapper: [default] initialize: default port ids: input 2, output 1
01-01 00:00:29.395 536 536 I mediaswcodec: media swcodec service starting
01-01 00:00:29.402 536 536 W mediaswcodec: Could not read additional policy file '/vendor/etc/seccomp_policy/mediaswcodec.policy'
01-01 00:00:29.403 536 536 W mediaswcodec: libminijail[536]: failed to get path of fd 4: No such file or directory
01-01 00:00:29.403 536 536 W mediaswcodec: libminijail[536]: allowing syscall: connect
01-01 00:00:29.404 536 536 W mediaswcodec: libminijail[536]: allowing syscall: fcntl
01-01 00:00:29.404 536 536 W mediaswcodec: libminijail[536]: allowing syscall: sendto
01-01 00:00:29.405 536 536 W mediaswcodec: libminijail[536]: allowing syscall: socket
01-01 00:00:29.405 536 536 W mediaswcodec: libminijail[536]: allowing syscall: writev
01-01 00:00:29.407 536 536 W mediaswcodec: libminijail[536]: compile_file: (75): syscall munmap redefined here
01-01 00:00:29.407 536 536 W mediaswcodec: libminijail[536]: compile_file: (39): previous definition here
01-01 00:00:29.411 536 536 W mediaswcodec: libminijail[536]: logging seccomp filter failures
01-01 00:00:29.413 484 484 D AHAL_Module: getAudioRoutes: default: returning 2 routes
01-01 00:00:29.414 484 484 D AHAL_Module: getAudioPortConfigs: default: returning 0 port configs
01-01 00:00:29.415 484 484 D AHAL_Module: getAudioPatches: default: returning 0 patches
01-01 00:00:29.416 498 498 D DeviceHalAidl: [default] getMasterVolume
01-01 00:00:29.418 536 536 I CodecServiceRegistrant: Creating software Codec2 service...
01-01 00:00:29.419 536 536 D C2Store : Default ION heapmask = -1
01-01 00:00:29.419 536 536 D C2Store : Default ION flags = 0
01-01 00:00:29.419 536 536 D C2Store : Default ION align = 0
01-01 00:00:29.420 484 484 D AHAL_Module: getMasterVolume: default: returning 1
01-01 00:00:29.421 498 498 D DeviceHalAidl: [default] getMasterMute
01-01 00:00:29.424 484 484 D AHAL_Module: getMasterMute: default: returning 0
01-01 00:00:29.424 498 498 D DeviceHalAidl: [default] setMasterVolume: volume 1.000000
01-01 00:00:29.426 243 243 I servicemanager: Caller(pid=536,uid=1046,sid=u:r:mediaswcodec:s0) Found android.hardware.media.c2.IComponentStore/software in framework VINTF manifest.
01-01 00:00:29.426 484 484 D AHAL_Module: setMasterVolume: default: 1
