01-01 00:00:29.796 484 484 D AHAL_Stream: close: joining the worker thread...
01-01 00:00:29.796 484 591 D AHAL_Stream: cycle: received command Command{halReservedExit: 971584582} in reader
01-01 00:00:29.796 484 591 D AHAL_StreamRemoteSubmix: shutdown: pipe destroyed
01-01 00:00:29.797 484 484 D AHAL_Stream: close: worker thread joined
01-01 00:00:29.802 522 522 W cameraserver: AIBinder_linkToDeath is being called with a non-null cookie and no onUnlink callback set. This might not be intended. AIBinder_DeathRecipient_setOnUnlinked should be called first.
01-01 00:00:29.802 522 522 W BpBinder: Linking to death on android.hardware.camera.provider.ICameraProvider but there are no threads (yet?) listening to incoming transactions. See ProcessState::startThreadPool and ProcessState::setThreadPoolMaxThreadCount. Generally you should setup the binder threadpool before other initialization steps.
01-01 00:00:29.804 522 522 I CameraProviderManager: Camera provider android.hardware.camera.provider.ICameraProvider/external/0 ready with 0 camera devices
01-01 00:00:29.806 498 498 I APM::AudioPolicyEngine: getDevicesForStrategyInt no device found for strategy 7
01-01 00:00:29.806 498 498 W APM::AudioPolicyEngine: getDevicesForStrategyInt unknown strategy: 10
01-01 00:00:29.806 498 498 I APM::AudioPolicyEngine: getDevicesForStrategyInt no device found for strategy 10
01-01 00:00:29.808 498 498 I FactoryHal: hasAidlHalService android.hardware.audio.effect.IFactory/default: true, version AudioHalVersion{type: AIDL, major: 1, minor: 0}
01-01 00:00:29.809 243 243 I servicemanager: Caller(pid=498,uid=1041,sid=u:r:audioserver:s0) Found android.hardware.audio.effect.IFactory/default in device VINTF manifest.
01-01 00:00:29.811 498 498 I FactoryHal: hasAidlHalService android.hardware.audio.core.IModule/default: true, version AudioHalVersion{type: AIDL, major: 1, minor: 0}
01-01 00:00:29.812 243 243 I servicemanager: Caller(pid=498,uid=1041,sid=u:r:audioserver:s0) Found android.hardware.audio.core.IModule/default in device VINTF manifest.
01-01 00:00:29.815 522 522 I cameraserver: Connecting to new camera provider: android.hardware.camera.provider.ICameraProvider/libcamera/0, isRemote? 1
01-01 00:00:29.817 522 522 W cameraserver: AIBinder_linkToDeath is being called with a non-null cookie and no onUnlink callback set. This might not be intended. AIBinder_DeathRecipient_setOnUnlinked should be called first.
01-01 00:00:29.817 522 522 W BpBinder: Linking to death on android.hardware.camera.provider.ICameraProvider but there are no threads (yet?) listening to incoming transactions. See ProcessState::startThreadPool and ProcessState::setThreadPoolMaxThreadCount. Generally you should setup the binder threadpool before other initialization steps.
01-01 00:00:29.818 486 486 D LibcameraProvider: notifyDeviceStateChange: New device state: 0x0
01-01 00:00:29.819 486 486 I CamComm1.0-CamModule: notifyDeviceStateChange: calling notify_device_state_change with state 0
01-01 00:00:29.820 522 522 I CameraProviderManager: Camera provider android.hardware.camera.provider.ICameraProvider/libcamera/0 ready with 0 camera devices
01-01 00:00:29.822 498 498 I EffectsFactoryHalAidl: EffectsFactoryHalAidl with 2 nonProxyEffects and 0 proxyEffects
01-01 00:00:29.822 498 498 E AudioPolicyEffects: loadAudioEffectConfig_ll Null processings with 0 skipped elements
01-01 00:00:29.822 498 498 W AudioPolicyEffects: Failed to query effect configuration, fallback to load .conf
01-01 00:00:29.826 243 243 I servicemanager: Caller(pid=498,uid=1041,sid=u:r:audioserver:s0) Since 'activity' could not be found trying to start it as a lazy AIDL service. (if it's not configured to be a lazy service, it may be stuck starting or still starting).
01-01 00:00:29.832 522 522 D CameraProviderManager: tryGetService: AIDL Camera provider HAL 'android.hardware.camera.provider.ICameraProvider/virtual/0' is not actually available
01-01 00:00:29.832 522 522 W CameraProviderManager: tryToInitializeAidlProviderLocked: AIDL Camera provider HAL 'android.hardware.camera.provider.ICameraProvider/virtual/0' is not actually available
01-01 00:00:29.845 243 594 W libc : Unable to set property "ctl.interface_start" to "aidl/activity": PROP_ERROR_HANDLE_CONTROL_MESSAGE (0x20)
01-01 00:00:29.832 1 1 E init : Control message: Could not find 'aidl/activity' for ctl.interface_start from pid: 243 (/system/bin/servicemanager)
01-01 00:00:29.847 594 594 I servicemanager: Caller(pid=498,uid=1041,sid=u:r:audioserver:s0) Tried to start aidl service activity as a lazy service, but was unable to. Usually this happens when a service is not installed, but if the service is intended to be used as a lazy service, then it may be configured incorrectly.
01-01 00:00:29.856 244 244 I hwservicemanager: getTransport: Cannot find entry android.frameworks.cameraservice.service@2.2::ICameraService/default in either framework or device VINTF manifest.
01-01 00:00:29.856 522 522 E HidlServiceManagement: Service android.frameworks.cameraservice.service@2.2::ICameraService/default must be in VINTF manifest in order to register/get.
01-01 00:00:29.857 522 522 W CameraService: onFirstRef: Did not register default android.frameworks.cameraservice.service@2.2
01-01 00:00:29.860 243 243 I servicemanager: Caller(pid=522,uid=1047,sid=u:r:cameraserver:s0) Found android.frameworks.cameraservice.service.ICameraService/default in framework VINTF manifest.
01-01 00:00:29.862 243 243 I servicemanager: Caller(pid=522,uid=1047,sid=u:r:cameraserver:s0) Found android.frameworks.cameraservice.service.ICameraService/default in framework VINTF manifest.
01-01 00:00:29.862 522 522 I CameraService: CameraService pinged cameraservice proxy
01-01 00:00:29.863 522 522 I cameraserver: ServiceManager: 0xb400007673e07710 done instantiate
01-01 00:00:29.864 522 522 W CameraProviderManager: addAidlProviderLocked: Camera provider HAL with name 'android.hardware.camera.provider.ICameraProvider/external/0' already registered
01-01 00:00:29.865 522 522 W CameraProviderManager: addAidlProviderLocked: Camera provider HAL with name 'android.hardware.camera.provider.ICameraProvider/libcamera/0' already registered
01-01 00:00:30.063 458 458 I zygote64: Initializing ART runtime metrics
01-01 00:00:30.084 458 458 D nativeloader: InitDefaultPublicLibraries for_preload=1: libandroid.so:libaaudio.so:libamidi.so:libbinder_ndk.so:libc.so:libcamera2ndk.so:libdl.so:libEGL.so:libGLESv1_CM.so:libGLESv2.so:libGLESv3.so:libicu.so:libicui18n.so:libicuuc.so:libjnigraphics.so:liblog.so:libmediandk.so:libm.so:libnativehelper.so:libnativewindow.so:libOpenMAXAL.so:libOpenSLES.so:libRS.so:libstdc++.so:libsync.so:libvulkan.so:libwebviewchromium_plat_support.so:libz.so
01-01 00:00:30.305 498 570 D AudioSystem: getService: waiting for media.audio_policy
01-01 00:00:30.307 458 458 D nativeloader: Load libicu_jni.so using APEX ns com_android_art for caller /apex/com.android.art/javalib/core-oj.jar: ok
01-01 00:00:30.348 458 458 D zygote64: u_setTimeZoneFilesDirectory("/apex/com.android.tzdata/etc/tz/versioned/8/icu") succeeded.
01-01 00:00:30.372 458 458 D zygote64: I18n APEX ICU file found: /apex/com.android.i18n/etc/icu/icudt75l.dat
01-01 00:00:30.394 458 458 D nativeloader: Load libjavacore.so using APEX ns com_android_art for caller /apex/com.android.art/javalib/core-oj.jar: ok
01-01 00:00:30.412 458 458 D nativeloader: Load libopenjdk.so using APEX ns com_android_art for caller /apex/com.android.art/javalib/core-oj.jar: ok
01-01 00:00:30.523 458 458 I zygote64: Using memfd for future sealing
01-01 00:00:30.568 547 547 I adbd : UsbFfs: already offline
01-01 00:00:30.568 547 547 I adbd : authentication not required
01-01 00:00:30.832 498 498 W ServiceManagerCppClient: Waited one second for activity (is service started? Number of threads started in the threadpool: 16. Are binder threads started and available?)
01-01 00:00:30.835 243 243 I servicemanager: Caller(pid=498,uid=1041,sid=u:r:audioserver:s0) Since 'activity' could not be found trying to start it as a lazy AIDL service. (if it's not configured to be a lazy service, it may be stuck starting or still starting).
01-01 00:00:30.850 243 603 W libc : Unable to set property "ctl.interface_start" to "aidl/activity": PROP_ERROR_HANDLE_CONTROL_MESSAGE (0x20)
01-01 00:00:30.839 1 1 E init : Control message: Could not find 'aidl/activity' for ctl.interface_start from pid: 243 (/system/bin/servicemanager)
01-01 00:00:30.853 603 603 I servicemanager: Caller(pid=498,uid=1041,sid=u:r:audioserver:s0) Tried to start aidl service activity as a lazy service, but was unable to. Usually this happens when a service is not installed, but if the service is intended to be used as a lazy service, then it may be configured incorrectly.
01-01 00:00:30.928 458 458 D nativeloader: Load libstats_jni.so using APEX ns com_android_os_statsd for caller /apex/com.android.os.statsd/javalib/framework-statsd.jar: ok
01-01 00:00:30.930 458 458 D Zygote : begin preload
01-01 00:00:30.931 458 458 I Zygote : Calling ZygoteHooks.beginPreload()
01-01 00:00:31.133 458 597 I zygote64: Background verification of 156 classes from boot classpath took 338.272ms
01-01 00:00:31.289 458 458 V Zygote64Timing: BeginPreload took to complete: 358ms
01-01 00:00:31.290 458 458 I Zygote : Preloading classes...
01-01 00:00:31.293 458 458 W Zygote : Class not found for preloading: android.accounts.AccountManager$AmsTask$Response-IA
01-01 00:00:31.294 458 458 W Zygote : Class not found for preloading: android.animation.AnimationHandler$MyFrameCallbackProvider-IA
01-01 00:00:31.295 458 458 W Zygote : Class not found for preloading: android.animation.AnimatorInflater$PathDataEvaluator-IA
01-01 00:00:31.296 458 458 W Zygote : Class not found for preloading: android.animation.AnimatorSet$SeekState-IA
01-01 00:00:31.299 458 458 W Zygote : Class not found for preloading: android.animation.PathKeyframes$SimpleKeyframes-IA
01-01 00:00:31.299 458 458 W Zygote : Class not found for preloading: android.animation.StateListAnimator$Tuple-IA
01-01 00:00:31.301 458 458 W Zygote : Class not found for preloading: android.app.Activity$ManagedDialog-IA
01-01 00:00:31.302 458 458 W Zygote : Class not found for preloading: android.app.ActivityClient$ActivityClientControllerSingleton-IA
01-01 00:00:31.303 458 458 W Zygote : Class not found for preloading: android.app.ActivityManager$RecentTaskInfo-IA
01-01 00:00:31.303 458 458 W Zygote : Class not found for preloading: android.app.ActivityManager$RunningAppProcessInfo-IA
01-01 00:00:31.304 458 458 W Zygote : Class not found for preloading: android.app.ActivityManager$RunningServiceInfo-IA
01-01 00:00:31.304 458 458 W Zygote : Class not found for preloading: android.app.ActivityManager$RunningTaskInfo-IA
01-01 00:00:31.305 458 458 W Zygote : Class not found for preloading: android.app.ActivityManager$TaskDescription-IA
01-01 00:00:31.307 458 458 W Zygote : Class not found for preloading: android.app.ActivityThread$ApplicationThread-IA
01-01 00:00:31.308 458 458 W Zygote : Class not found for preloading: android.app.ActivityThread$Idler-IA
01-01 00:00:31.310 498 570 D AudioSystem: getService: waiting for media.audio_policy
01-01 00:00:31.324 458 458 W Zygote : Class not found for preloading: android.app.ApplicationLoaders$CachedClassLoader-IA
01-01 00:00:31.343 458 458 W Zygote : Class not found for preloading: android.app.ICompatCameraControlCallback
01-01 00:00:31.351 458 458 W Zygote : Class not found for preloading: android.app.LoadedApk$ServiceDispatcher$ConnectionInfo-IA
01-01 00:00:31.352 458 458 W Zygote : Class not found for preloading: android.app.LoadedApk$WarningContextClassLoader-IA
01-01 00:00:31.353 458 458 W Zygote : Class not found for preloading: android.app.Notification$Action-IA
01-01 00:00:31.353 458 458 W Zygote : Class not found for preloading: android.app.Notification$BubbleMetadata-IA
01-01 00:00:31.356 458 458 W Zygote : Class not found for preloading: android.app.Notification$StandardTemplateParams-IA
01-01 00:00:31.360 458 458 W Zygote : Class not found for preloading: android.app.PendingIntent$$ExternalSyntheticLambda3
01-01 00:00:31.361 458 458 W Zygote : Class not found for preloading: android.app.Person$Builder-IA
01-01 00:00:31.364 458 458 W Zygote : Class not found for preloading: android.app.ResourcesManager$ActivityResource-IA
01-01 00:00:31.365 458 458 W Zygote : Class not found for preloading: android.app.ResourcesManager$ActivityResources-IA
01-01 00:00:31.366 458 458 W Zygote : Class not found for preloading: android.app.ResourcesManager$UpdateHandler-IA
01-01 00:00:31.367 458 458 W Zygote : Class not found for preloading: android.app.SharedPreferencesImpl$MemoryCommitResult-IA
01-01 00:00:31.371 259 259 I logd : logdr: UID=2000 GID=2000 PID=604 b tail=0 logMask=99 pid=0 start=0ns deadline=0ns
01-01 00:00:31.456 458 458 W Zygote : Class not found for preloading: android.app.UiModeManager$OnProjectionStateChangedListenerResourceManager-IA
01-01 00:00:31.466 458 458 W Zygote : Class not found for preloading: android.app.backup.BackupAgent$BackupServiceBinder-IA
01-01 00:00:31.467 458 458 W Zygote : Class not found for preloading: android.app.backup.BackupHelperDispatcher$Header-IA
01-01 00:00:31.471 458 458 W Zygote : Class not found for preloading: android.app.job.JobInfo$TriggerContentUri-IA
01-01 00:00:31.477 458 458 W Zygote : Class not found for preloading: android.app.servertransaction.ObjectPool
01-01 00:00:31.477 458 458 W Zygote : Class not found for preloading: android.app.servertransaction.ObjectPoolItem
01-01 00:00:31.488 458 458 W Zygote : Class not found for preloading: android.content.AbstractThreadedSyncAdapter$ISyncAdapterImpl-IA
01-01 00:00:31.489 458 458 W Zygote : Class not found for preloading: android.content.AbstractThreadedSyncAdapter$SyncThread-IA
01-01 00:00:31.494 458 458 W Zygote : Class not found for preloading: android.content.ClipData$Item-IA
01-01 00:00:31.499 458 458 W Zygote : Class not found for preloading: android.content.ContentProviderClient$NotRespondingRunnable-IA
01-01 00:00:31.500 458 458 W Zygote : Class not found for preloading: android.content.ContentProviderOperation$Builder-IA
01-01 00:00:31.502 458 458 W Zygote : Class not found for preloading: android.content.ContentResolver$ResultListener-IA
01-01 00:00:31.502 458 458 W Zygote : Class not found for preloading: android.content.ContentResolver$StringResultListener-IA
01-01 00:00:31.537 458 458 D nativeloader: Load libjavacrypto.so using APEX ns com_android_conscrypt for caller /apex/com.android.conscrypt/javalib/conscrypt.jar: ok
01-01 00:00:31.587 458 458 W Zygote : Class not found for preloading: android.content.pm.LauncherApps$CallbackMessageHandler$CallbackInfo-IA
01-01 00:00:31.593 458 458 W Zygote : Class not found for preloading: android.content.pm.PackageParser$Activity-IA
01-01 00:00:31.594 458 458 W Zygote : Class not found for preloading: android.content.pm.PackageParser$Permission-IA
01-01 00:00:31.595 458 458 W Zygote : Class not found for preloading: android.content.pm.PackageParser$Provider-IA
01-01 00:00:31.595 458 458 W Zygote : Class not found for preloading: android.content.pm.PackageParser$Service-IA
01-01 00:00:31.611 458 458 W Zygote : Class not found for preloading: android.content.res.AssetManager$AssetInputStream-IA
01-01 00:00:31.617 458 458 W Zygote : Class not found for preloading: android.content.res.Resources$Theme-IA
01-01 00:00:31.618 458 458 W Zygote : Class not found for preloading: android.content.res.ResourcesImpl$LookupStack-IA
01-01 00:00:31.622 458 458 W Zygote : Class not found for preloading: android.database.sqlite.SQLiteConnection$Operation-IA
01-01 00:00:31.631 458 458 W Zygote : Class not found for preloading: android.database.sqlite.SQLiteConnectionPool$ConnectionWaiter-IA
01-01 00:00:31.632 458 458 W Zygote : Class not found for preloading: android.database.sqlite.SQLiteDatabase$OpenParams-IA
01-01 00:00:31.635 458 458 W Zygote : Class not found for preloading: android.database.sqlite.SQLiteSession$Transaction-IA
01-01 00:00:31.636 458 458 W Zygote : Class not found for preloading: android.ddm.DdmHandleAppName$Names-IA
01-01 00:00:31.639 458 458 W Zygote : Class not found for preloading: android.graphics.ColorSpace$Rgb-IA
01-01 00:00:31.643 458 458 W Zygote : Class not found for preloading: android.graphics.HardwareRenderer$FrameRenderRequest-IA
01-01 00:00:31.644 458 458 W Zygote : Class not found for preloading: android.graphics.ImageDecoder$ImageInfo-IA
01-01 00:00:31.645 458 458 W Zygote : Class not found for preloading: android.graphics.ImageDecoder$Source-IA
01-01 00:00:31.653 458 458 I Typeface: Preloading /system/fonts/Roboto-Regular.ttf
01-01 00:00:31.654 458 458 I Typeface: Preloading /system/fonts/RobotoStatic-Regular.ttf
01-01 00:00:31.655 458 458 I SystemFonts: Loading font config from /system/etc/fonts.xml
01-01 00:00:31.841 498 498 W ServiceManagerCppClient: Waited one second for activity (is service started? Number of threads started in the threadpool: 16. Are binder threads started and available?)
01-01 00:00:31.846 458 458 W Zygote : Class not found for preloading: android.graphics.drawable.AnimatedStateListDrawable$Transition-IA
01-01 00:00:31.847 458 458 W Zygote : Class not found for preloading: android.graphics.drawable.DrawableContainer$BlockInvalidateCallback-IA
01-01 00:00:31.844 243 243 I servicemanager: Caller(pid=498,uid=1041,sid=u:r:audioserver:s0) Since 'activity' could not be found trying to start it as a lazy AIDL service. (if it's not configured to be a lazy service, it may be stuck starting or still starting).
01-01 00:00:31.846 1 1 E init : Control message: Could not find 'aidl/activity' for ctl.interface_start from pid: 243 (/system/bin/servicemanager)
01-01 00:00:31.852 458 458 W Zygote : Class not found for preloading: android.graphics.text.LineBreaker$Result-IA
01-01 00:00:31.858 243 607 W libc : Unable to set property "ctl.interface_start" to "aidl/activity": PROP_ERROR_HANDLE_CONTROL_MESSAGE (0x20)
01-01 00:00:31.860 607 607 I servicemanager: Caller(pid=498,uid=1041,sid=u:r:audioserver:s0) Tried to start aidl service activity as a lazy service, but was unable to. Usually this happens when a service is not installed, but if the service is intended to be used as a lazy service, then it may be configured incorrectly.
01-01 00:00:31.866 458 458 W Zygote : Class not found for preloading: android.hardware.camera2.CameraCharacteristics$9
01-01 00:00:31.868 458 458 W Zygote : Class not found for preloading: android.hardware.camera2.CaptureRequest$3
01-01 00:00:31.869 458 458 W Zygote : Class not found for preloading: android.hardware.camera2.CaptureResult$4
01-01 00:00:31.876 458 458 W Zygote : Class not found for preloading: android.hardware.devicestate.DeviceStateManagerGlobal$DeviceStateManagerCallback-IA
01-01 00:00:31.878 458 458 W Zygote : Class not found for preloading: android.hardware.display.DisplayManager$WeakDisplayCache-IA
01-01 00:00:31.879 458 458 W Zygote : Class not found for preloading: android.hardware.display.DisplayManagerGlobal$DisplayManagerCallback-IA
01-01 00:00:31.885 458 458 W Zygote : Class not found for preloading: android.hardware.input.InputManagerGlobal$InputDevicesChangedListener-IA
01-01 00:00:31.886 458 458 E ActivityRecognitionHardware: activity_recognition HAL is deprecated. class_init is effectively a no-op
01-01 00:00:31.922 458 458 W Zygote : Class not found for preloading: android.icu.impl.ICUCurrencyMetaInfo$CurrencyCollector-IA
01-01 00:00:31.924 458 458 W Zygote : Class not found for preloading: android.icu.impl.ICUResourceBundle$Loader-IA
01-01 00:00:31.981 458 458 W Zygote : Class not found for preloading: android.icu.impl.TextTrieMap$Node-IA
01-01 00:00:31.983 458 458 W Zygote : Class not found for preloading: android.icu.impl.TimeZoneNamesImpl$ZNamesLoader-IA
01-01 00:00:32.163 458 458 W Zygote : Class not found for preloading: android.icu.impl.number.PatternStringParser$ParsedPatternInfo-IA
01-01 00:00:32.261 458 458 W Zygote : Class not found for preloading: android.icu.text.DateFormatSymbols$AospExtendedDateFormatSymbols-IA
01-01 00:00:32.262 458 458 W Zygote : Class not found for preloading: android.icu.text.DateTimePatternGenerator$AppendItemFormatsSink-IA
01-01 00:00:32.262 458 458 W Zygote : Class not found for preloading: android.icu.text.DateTimePatternGenerator$AppendItemNamesSink-IA
01-01 00:00:32.263 458 458 W Zygote : Class not found for preloading: android.icu.text.DateTimePatternGenerator$DateTimeMatcher-IA
01-01 00:00:32.264 458 458 W Zygote : Class not found for preloading: android.icu.text.DateTimePatternGenerator$DistanceInfo-IA
01-01 00:00:32.265 458 458 W Zygote : Class not found for preloading: android.icu.text.DateTimePatternGenerator$SkeletonFields-IA
01-01 00:00:32.266 458 458 W Zygote : Class not found for preloading: android.icu.text.Edits$Iterator-IA
01-01 00:00:32.281 458 458 W Zygote : Class not found for preloading: android.icu.text.PluralRules$RuleList-IA
01-01 00:00:32.284 458 458 W Zygote : Class not found for preloading: android.icu.text.RuleBasedCollator$CollationBuffer-IA
01-01 00:00:32.307 458 458 W Zygote : Class not found for preloading: android.icu.util.Calendar$FormatConfiguration-IA
01-01 00:00:32.309 458 458 W Zygote : Class not found for preloading: android.icu.util.CodePointTrie$Data-IA
01-01 00:00:32.310 458 458 W Zygote : Class not found for preloading: android.icu.util.CodePointTrie$Fast-IA
01-01 00:00:32.311 458 458 W Zygote : Class not found for preloading: android.icu.util.CodePointTrie$Small-IA
01-01 00:00:32.311 498 570 D AudioSystem: getService: waiting for media.audio_policy
01-01 00:00:32.342 458 458 W Zygote : Class not found for preloading: android.icu.util.MutableCodePointTrie$MixedBlocks-IA
01-01 00:00:32.348 458 458 W Zygote : Class not found for preloading: android.location.Location$BearingDistanceCache-IA
01-01 00:00:32.350 458 458 W Zygote : Class not found for preloading: android.media.AudioManager$DevRoleListeners-IA
01-01 00:00:32.351 458 458 W Zygote : Class not found for preloading: android.media.AudioManager$OnAmPortUpdateListener-IA
01-01 00:00:32.352 458 458 W Zygote : Class not found for preloading: android.media.AudioManager$SafeWaitObject-IA
01-01 00:00:32.413 458 598 I zygote64: Background concurrent mark compact GC freed 9365KB AllocSpace bytes, 22(516KB) LOS objects, 49% free, 7329KB/14MB, paused 2.464ms,2.985ms total 172.591ms
01-01 00:00:32.470 458 458 D nativeloader: Load libmedia_jni.so using system ns (caller=/system/framework/framework.jar!classes2.dex): ok
01-01 00:00:32.471 458 458 D MtpDeviceJNI: register_android_mtp_MtpDevice
01-01 00:00:32.481 535 535 E wificond: Failed to poll netlink fd:10time out, sequence is 3
01-01 00:00:32.482 535 535 E wificond: NL80211_CMD_GET_PROTOCOL_FEATURES failed
01-01 00:00:32.482 535 535 E wificond: Received error message: No such file or directory
01-01 00:00:32.482 535 535 E wificond: Failed to get NL80211 family info
01-01 00:00:32.488 244 244 I hwservicemanager: getTransport: Cannot find entry android.system.wifi.keystore@1.0::IKeystore/default in either framework or device VINTF manifest.
01-01 00:00:32.489 535 535 E HidlServiceManagement: Service android.system.wifi.keystore@1.0::IKeystore/default must be in VINTF manifest in order to register/get.
01-01 00:00:32.490 535 535 I wificond: Did not register wifi keystore HIDL HAL service: -2147483648
01-01 00:00:32.492 458 458 W Zygote : Class not found for preloading: android.media.MediaCodec$BufferMap$CodecBuffer-IA
01-01 00:00:32.493 458 458 W Zygote : Class not found for preloading: android.media.MediaCodec$BufferMap-IA
01-01 00:00:32.501 458 458 W Zygote : Class not found for preloading: android.media.MediaPlayer$DrmInfo-IA
01-01 00:00:32.516 458 458 D nativeloader: Load libsoundpool.so using system ns (caller=/system/framework/framework.jar!classes2.dex): ok
01-01 00:00:32.524 458 458 D nativeloader: Load libaudioeffect_jni.so using system ns (caller=/system/framework/framework.jar!classes2.dex): ok
01-01 00:00:32.527 458 458 W Zygote : Class not found for preloading: android.media.browse.MediaBrowser$MediaServiceConnection-IA
01-01 00:00:32.530 458 458 W Zygote : Class not found for preloading: android.media.session.MediaController$TransportControls-IA
01-01 00:00:32.533 458 458 W Zygote : Class not found for preloading: android.media.session.MediaSessionManager$OnMediaKeyEventDispatchedListenerStub-IA
01-01 00:00:32.533 458 458 W Zygote : Class not found for preloading: android.media.session.MediaSessionManager$OnMediaKeyEventSessionChangedListenerStub-IA
01-01 00:00:32.534 458 458 W Zygote : Class not found for preloading: android.media.session.MediaSessionManager$RemoteSessionCallbackStub-IA
01-01 00:00:32.537 458 458 W Zygote : Class not found for preloading: android.media.session.PlaybackState$CustomAction-IA
01-01 00:00:32.547 458 458 W Zygote : Class not found for preloading: android.net.Uri$AbstractHierarchicalUri-IA
01-01 00:00:32.548 458 458 W Zygote : Class not found for preloading: android.net.Uri$HierarchicalUri-IA
01-01 00:00:32.549 458 458 W Zygote : Class not found for preloading: android.net.Uri$OpaqueUri-IA
01-01 00:00:32.550 458 458 W Zygote : Class not found for preloading: android.net.Uri$StringUri-IA
01-01 00:00:32.568 255 269 D RenderEngine: Shader cache generated 120 shaders in 14122.574219 ms
01-01 00:00:32.571 458 458 D nativeloader: Load librtp_jni.so using system ns (caller=/system/framework/voip-common.jar): ok
01-01 00:00:32.572 458 458 I zygote64: Thread[1,tid=458,Native,Thread*=0xb400007d2fe22380,peer=0x14001d98,"main"] recursive attempt to load library "librtp_jni.so"
01-01 00:00:32.583 458 458 W Zygote : Class not found for preloading: android.os.AsyncTask$WorkerRunnable-IA
01-01 00:00:32.595 458 458 W Zygote : Class not found for preloading: android.os.CancellationSignal$Transport-IA
01-01 00:00:32.596 458 458 W Zygote : Class not found for preloading: android.os.Debug$MemoryInfo-IA
01-01 00:00:32.598 458 458 W Zygote : Class not found for preloading: android.os.Handler$MessengerImpl-IA
01-01 00:00:32.605 458 458 W Zygote : Class not found for preloading: android.os.SharedMemory$Closer-IA
01-01 00:00:32.606 458 458 W Zygote : Class not found for preloading: android.os.SharedMemory$MemoryRegistration-IA
01-01 00:00:32.606 458 458 W Zygote : Class not found for preloading: android.os.SharedMemory$Unmapper-IA
01-01 00:00:32.607 458 458 W Zygote : Class not found for preloading: android.os.StrictMode$AndroidCloseGuardReporter-IA
01-01 00:00:32.608 458 458 W Zygote : Class not found for preloading: android.os.StrictMode$ThreadPolicy-IA
01-01 00:00:32.608 458 458 W Zygote : Class not found for preloading: android.os.StrictMode$ThreadSpanState-IA
01-01 00:00:32.609 458 458 W Zygote : Class not found for preloading: android.os.StrictMode$UnsafeIntentStrictModeCallback-IA
01-01 00:00:32.609 458 458 W Zygote : Class not found for preloading: android.os.StrictMode$VmPolicy-IA
01-01 00:00:32.610 458 458 W Zygote : Class not found for preloading: android.os.SystemProperties$Handle-IA
01-01 00:00:32.620 458 458 D nativeloader: Load libvintf_jni.so using system ns (caller=/system/framework/framework.jar!classes3.dex): ok
01-01 00:00:32.628 458 458 W Zygote : Class not found for preloading: android.os.storage.StorageManager$ObbActionListener-IA
01-01 00:00:32.647 458 458 W Zygote : Class not found for preloading: android.permission.PermissionManager$SplitPermissionInfo-IA
01-01 00:00:32.709 458 458 D nativeloader: Load librs_jni.so using system ns (caller=/system/framework/framework.jar!classes3.dex): ok
01-01 00:00:32.719 458 458 W Zygote : Class not found for preloading: android.security.keystore2.AndroidKeyStoreAuthenticatedAESCipherSpi$AdditionalAuthenticationDataStream-IA
01-01 00:00:32.720 458 458 W Zygote : Class not found for preloading: android.security.keystore2.AndroidKeyStoreAuthenticatedAESCipherSpi$BufferAllOutputUntilDoFinalStreamer-IA
01-01 00:00:32.727 458 458 W Zygote : Class not found for preloading: android.service.media.MediaBrowserService$ServiceBinder-IA
01-01 00:00:32.728 458 458 W Zygote : Class not found for preloading: android.service.media.MediaBrowserService$ServiceState-IA
01-01 00:00:32.729 458 458 W Zygote : Class not found for preloading: android.service.notification.ConditionProviderService$H-IA
01-01 00:00:32.729 458 458 W Zygote : Class not found for preloading: android.service.notification.ConditionProviderService$Provider-IA
01-01 00:00:32.730 458 458 W Zygote : Class not found for preloading: android.service.notification.NotificationListenerService$RankingMap-IA
01-01 00:00:32.740 458 458 W Zygote : Class not found for preloading: android.speech.tts.TextToSpeech$Connection$SetupConnectionAsyncTask-IA
01-01 00:00:32.741 458 458 W Zygote : Class not found for preloading: android.speech.tts.TextToSpeech$Connection-IA
01-01 00:00:32.741 458 458 W Zygote : Class not found for preloading: android.speech.tts.TextToSpeech$DirectConnection-IA
01-01 00:00:32.742 458 458 W Zygote : Class not found for preloading: android.speech.tts.TextToSpeech$SystemConnection-IA
01-01 00:00:32.760 458 458 W Zygote : Class not found for preloading: android.sysprop.InitProperties
01-01 00:00:32.771 458 458 W Zygote : Class not found for preloading: android.telephony.LocationAccessPolicy$LocationPermissionQuery-IA
01-01 00:00:32.790 458 458 W Zygote : Class not found for preloading: android.text.HtmlToSpannedConverter$Big-IA
01-01 00:00:32.790 458 458 W Zygote : Class not found for preloading: android.text.HtmlToSpannedConverter$Blockquote-IA
01-01 00:00:32.791 458 458 W Zygote : Class not found for preloading: android.text.HtmlToSpannedConverter$Bold-IA
01-01 00:00:32.791 458 458 W Zygote : Class not found for preloading: android.text.HtmlToSpannedConverter$Bullet-IA
01-01 00:00:32.792 458 458 W Zygote : Class not found for preloading: android.text.HtmlToSpannedConverter$Italic-IA
01-01 00:00:32.792 458 458 W Zygote : Class not found for preloading: android.text.HtmlToSpannedConverter$Monospace-IA
01-01 00:00:32.793 458 458 W Zygote : Class not found for preloading: android.text.HtmlToSpannedConverter$Small-IA
01-01 00:00:32.793 458 458 W Zygote : Class not found for preloading: android.text.HtmlToSpannedConverter$Strikethrough-IA
01-01 00:00:32.793 458 458 W Zygote : Class not found for preloading: android.text.HtmlToSpannedConverter$Sub-IA
01-01 00:00:32.794 458 458 W Zygote : Class not found for preloading: android.text.HtmlToSpannedConverter$Super-IA
01-01 00:00:32.794 458 458 W Zygote : Class not found for preloading: android.text.HtmlToSpannedConverter$Underline-IA
01-01 00:00:32.795 458 458 W Zygote : Class not found for preloading: android.text.TextLine$DecorationInfo-IA
01-01 00:00:32.804 458 458 W Zygote : Class not found for preloading: android.transition.Visibility$VisibilityInfo-IA
01-01 00:00:32.826 458 458 W Zygote : Class not found for preloading: android.view.Choreographer$CallbackQueue-IA
01-01 00:00:32.827 458 458 W Zygote : Class not found for preloading: android.view.Choreographer$CallbackRecord-IA
01-01 00:00:32.829 458 458 W Zygote : Class not found for preloading: android.view.Display$HdrCapabilities-IA
01-01 00:00:32.829 458 458 W Zygote : Class not found for preloading: android.view.Display$Mode-IA
01-01 00:00:32.830 458 458 W Zygote : Class not found for preloading: android.view.DisplayAddress$Physical-IA
01-01 00:00:32.831 458 458 W Zygote : Class not found for preloading: android.view.DisplayCutout$Bounds-IA
01-01 00:00:32.834 458 458 W Zygote : Class not found for preloading: android.view.HandwritingInitiator$State-IA
01-01 00:00:32.836 458 458 W Zygote : Class not found for preloading: android.view.IRecentsAnimationController$Stub$Proxy
01-01 00:00:32.836 458 458 W Zygote : Class not found for preloading: android.view.IRecentsAnimationController$Stub
01-01 00:00:32.836 458 458 W Zygote : Class not found for preloading: android.view.IRecentsAnimationController
01-01 00:00:32.837 458 458 W Zygote : Class not found for preloading: android.view.IRecentsAnimationRunner$Stub$Proxy
01-01 00:00:32.838 458 458 W Zygote : Class not found for preloading: android.view.IRecentsAnimationRunner$Stub
01-01 00:00:32.838 458 458 W Zygote : Class not found for preloading: android.view.IRecentsAnimationRunner
01-01 00:00:32.840 458 458 W Zygote : Class not found for preloading: android.view.InputDevice$MotionRange-IA
01-01 00:00:32.842 458 458 W Zygote : Class not found for preloading: android.view.InsetsController$$ExternalSyntheticLambda12
01-01 00:00:32.843 498 498 W ServiceManagerCppClient: Waited one second for activity (is service started? Number of threads started in the threadpool: 16. Are binder threads started and available?)
01-01 00:00:32.849 458 458 W Zygote : Class not found for preloading: android.view.Surface$CompatibleCanvas-IA
01-01 00:00:32.850 458 458 W Zygote : Class not found for preloading: android.view.SurfaceControlRegistry$DefaultReporter-IA
01-01 00:00:32.850 458 458 W Zygote : Class not found for preloading: android.view.SurfaceControlRegistry$NoOpRegistry-IA
01-01 00:00:32.851 458 458 W Zygote : Class not found for preloading: android.view.SurfaceView$2
01-01 00:00:32.851 458 458 W Zygote : Class not found for preloading: android.view.SurfaceView$SyncBufferTransactionCallback-IA
01-01 00:00:32.851 458 458 W Zygote : Class not found for preloading: android.view.SyncRtSurfaceTransactionApplier$SurfaceParams-IA
01-01 00:00:32.852 458 458 W Zygote : Class not found for preloading: android.view.ThreadedRenderer$WebViewOverlayProvider-IA
01-01 00:00:32.853 458 458 W Zygote : Class not found for preloading: android.view.View$CheckForLongPress-IA
01-01 00:00:32.853 458 458 W Zygote : Class not found for preloading: android.view.View$CheckForTap-IA
01-01 00:00:32.854 458 458 W Zygote : Class not found for preloading: android.view.View$ForegroundInfo-IA
01-01 00:00:32.854 458 458 W Zygote : Class not found for preloading: android.view.View$PerformClick-IA
01-01 00:00:32.855 458 458 W Zygote : Class not found for preloading: android.view.View$TooltipInfo-IA
01-01 00:00:32.855 458 458 W Zygote : Class not found for preloading: android.view.View$UnsetPressedState-IA
01-01 00:00:32.856 458 458 W Zygote : Class not found for preloading: android.view.View$VisibilityChangeForAutofillHandler-IA
01-01 00:00:32.857 458 458 W Zygote : Class not found for preloading: android.view.ViewPropertyAnimator$AnimatorEventListener-IA
01-01 00:00:32.845 243 243 I servicemanager: Caller(pid=498,uid=1041,sid=u:r:audioserver:s0) Since 'activity' could not be found trying to start it as a lazy AIDL service. (if it's not configured to be a lazy service, it may be stuck starting or still starting).
01-01 00:00:32.847 1 1 E init : Control message: Could not find 'aidl/activity' for ctl.interface_start from pid: 243 (/system/bin/servicemanager)
01-01 00:00:32.858 458 458 W Zygote : Class not found for preloading: android.view.ViewRootImpl$QueuedInputEvent-IA
01-01 00:00:32.859 243 608 W libc : Unable to set property "ctl.interface_start" to "aidl/activity": PROP_ERROR_HANDLE_CONTROL_MESSAGE (0x20)
01-01 00:00:32.859 458 458 W Zygote : Class not found for preloading: android.view.ViewRootImpl$UnhandledKeyManager-IA
01-01 00:00:32.862 608 608 I servicemanager: Caller(pid=498,uid=1041,sid=u:r:audioserver:s0) Tried to start aidl service activity as a lazy service, but was unable to. Usually this happens when a service is not installed, but if the service is intended to be used as a lazy service, then it may be configured incorrectly.
01-01 00:00:32.870 458 458 W Zygote : Class not found for preloading: android.view.WindowManagerGlobal$TrustedPresentationListener-IA
01-01 00:00:32.872 458 458 W Zygote : Class not found for preloading: android.view.accessibility.AccessibilityManager$MyCallback-IA
01-01 00:00:32.876 458 458 W Zygote : Class not found for preloading: android.view.animation.AnimationUtils$AnimationState-IA
01-01 00:00:32.881 458 458 W Zygote : Class not found for preloading: android.view.autofill.AutofillManager$AugmentedAutofillManagerClient-IA
01-01 00:00:32.882 458 458 W Zygote : Class not found for preloading: android.view.autofill.AutofillManager$AutofillManagerClient-IA
01-01 00:00:32.884 458 458 W Zygote : Class not found for preloading: android.view.contentcapture.ContentCaptureManager$LocalDataShareAdapterResourceManager-IA
01-01 00:00:32.886 458 458 W Zygote : Class not found for preloading: android.view.contentcapture.MainContentCaptureSession$$ExternalSyntheticLambda10
01-01 00:00:32.887 458 458 W Zygote : Class not found for preloading: android.view.contentcapture.MainContentCaptureSession$$ExternalSyntheticLambda11
01-01 00:00:32.887 458 458 W Zygote : Class not found for preloading: android.view.contentcapture.MainContentCaptureSession$$ExternalSyntheticLambda12
01-01 00:00:32.887 458 458 W Zygote : Class not found for preloading: android.view.contentcapture.MainContentCaptureSession$$ExternalSyntheticLambda13
01-01 00:00:32.888 458 458 W Zygote : Class not found for preloading: android.view.contentcapture.MainContentCaptureSession$$ExternalSyntheticLambda8
01-01 00:00:32.889 458 458 W Zygote : Class not found for preloading: android.view.contentcapture.MainContentCaptureSession$$ExternalSyntheticLambda9
01-01 00:00:32.893 458 458 W Zygote : Class not found for preloading: android.view.inputmethod.ImeTracker$ImeJankTracker-IA
01-01 00:00:32.894 458 458 W Zygote : Class not found for preloading: android.view.inputmethod.ImeTracker$ImeLatencyTracker-IA
01-01 00:00:32.894 458 458 W Zygote : Class not found for preloading: android.view.inputmethod.ImeTracker$Token-IA
01-01 00:00:32.895 458 458 W Zygote : Class not found for preloading: android.view.inputmethod.InputMethodManager$DelegateImpl-IA
01-01 00:00:32.896 458 458 W Zygote : Class not found for preloading: android.view.inputmethod.InputMethodManager$PendingEvent-IA
01-01 00:00:32.899 458 458 W Zygote : Class not found for preloading: android.view.textclassifier.ConversationActions$Message-IA
01-01 00:00:32.901 458 458 W Zygote : Class not found for preloading: android.view.textclassifier.SystemTextClassifier$ResponseReceiver-IA
01-01 00:00:32.903 458 458 W Zygote : Class not found for preloading: android.view.textclassifier.TextClassifier$EntityConfig-IA
01-01 00:00:32.911 458 458 W Zygote : Class not found for preloading: android.view.textclassifier.TextClassifierEvent$ConversationActionsEvent-IA
01-01 00:00:32.911 458 458 W Zygote : Class not found for preloading: android.view.textclassifier.TextClassifierEvent$LanguageDetectionEvent-IA
01-01 00:00:32.912 458 458 W Zygote : Class not found for preloading: android.view.textclassifier.TextClassifierEvent$TextLinkifyEvent-IA
01-01 00:00:32.912 458 458 W Zygote : Class not found for preloading: android.view.textclassifier.TextClassifierEvent$TextSelectionEvent-IA
01-01 00:00:32.914 458 458 W Zygote : Class not found for preloading: android.view.textservice.SpellCheckerSession$SpellCheckerSessionParams-IA
01-01 00:00:32.922 458 458 W Zygote : Class not found for preloading: android.widget.AbsListView$CheckForKeyLongPress-IA
01-01 00:00:32.923 458 458 W Zygote : Class not found for preloading: android.widget.AbsListView$CheckForTap-IA
01-01 00:00:32.923 458 458 W Zygote : Class not found for preloading: android.widget.AbsListView$DeviceConfigChangeListener-IA
01-01 00:00:32.924 458 458 W Zygote : Class not found for preloading: android.widget.AbsListView$PerformClick-IA
01-01 00:00:32.925 458 458 W Zygote : Class not found for preloading: android.widget.AbsListView$WindowRunnnable-IA
01-01 00:00:32.926 458 458 W Zygote : Class not found for preloading: android.widget.AutoCompleteTextView$DropDownItemClickListener-IA
01-01 00:00:32.927 458 458 W Zygote : Class not found for preloading: android.widget.AutoCompleteTextView$MyWatcher-IA
01-01 00:00:32.927 458 458 W Zygote : Class not found for preloading: android.widget.AutoCompleteTextView$PassThroughClickListener-IA
01-01 00:00:32.928 458 458 W Zygote : Class not found for preloading: android.widget.Editor$AccessibilitySmartActions-IA
01-01 00:00:32.929 458 458 W Zygote : Class not found for preloading: android.widget.Editor$Blink-IA
01-01 00:00:32.930 458 458 W Zygote : Class not found for preloading: android.widget.Editor$CursorAnchorInfoNotifier-IA
01-01 00:00:32.930 458 458 W Zygote : Class not found for preloading: android.widget.Editor$EasyEditPopupWindow-IA
01-01 00:00:32.930 458 458 W Zygote : Class not found for preloading: android.widget.Editor$HandleView-IA
01-01 00:00:32.931 458 458 W Zygote : Class not found for preloading: android.widget.Editor$PositionListener-IA
01-01 00:00:32.932 458 458 W Zygote : Class not found for preloading: android.widget.Editor$ProcessTextIntentActionsHandler-IA
01-01 00:00:32.932 458 458 W Zygote : Class not found for preloading: android.widget.Editor$SpanController-IA
01-01 00:00:32.932 458 458 W Zygote : Class not found for preloading: android.widget.Editor$SuggestionHelper$SuggestionSpanComparator-IA
01-01 00:00:32.933 458 458 W Zygote : Class not found for preloading: android.widget.Editor$SuggestionHelper-IA
01-01 00:00:32.934 458 458 W Zygote : Class not found for preloading: android.widget.Filter$ResultsHandler-IA
01-01 00:00:32.935 458 458 W Zygote : Class not found for preloading: android.widget.GridLayout$Axis-IA
01-01 00:00:32.935 458 458 W Zygote : Class not found for preloading: android.widget.GridLayout$PackedMap-IA
01-01 00:00:32.936 458 458 W Zygote : Class not found for preloading: android.widget.ListPopupWindow$ListSelectorHider-IA
01-01 00:00:32.937 458 458 W Zygote : Class not found for preloading: android.widget.ListPopupWindow$PopupDataSetObserver-IA
01-01 00:00:32.937 458 458 W Zygote : Class not found for preloading: android.widget.ListPopupWindow$PopupScrollListener-IA
01-01 00:00:32.937 458 458 W Zygote : Class not found for preloading: android.widget.ListPopupWindow$PopupTouchInterceptor-IA
01-01 00:00:32.938 458 458 W Zygote : Class not found for preloading: android.widget.ListPopupWindow$ResizePopupRunnable-IA
01-01 00:00:32.938 458 458 W Zygote : Class not found for preloading: android.widget.ListView$ArrowScrollFocusResult-IA
01-01 00:00:32.939 458 458 W Zygote : Class not found for preloading: android.widget.ListView$FocusSelector-IA
01-01 00:00:32.940 458 458 W Zygote : Class not found for preloading: android.widget.ProgressBar$ProgressTintInfo-IA
01-01 00:00:32.940 458 458 W Zygote : Class not found for preloading: android.widget.ProgressBar$RefreshProgressRunnable-IA
01-01 00:00:32.941 458 458 W Zygote : Class not found for preloading: android.widget.ProgressBar$SavedState-IA
01-01 00:00:32.944 458 458 W Zygote : Class not found for preloading: android.widget.RelativeLayout$DependencyGraph-IA
01-01 00:00:32.944 458 458 W Zygote : Class not found for preloading: android.widget.RemoteViews$Action-IA
01-01 00:00:32.949 458 458 W Zygote : Class not found for preloading: android.widget.SelectionActionModeHelper$SelectionTracker$LogAbandonRunnable-IA
01-01 00:00:32.950 458 458 W Zygote : Class not found for preloading: android.widget.SpellChecker$SpellParser-IA
01-01 00:00:32.951 458 458 W Zygote : Class not found for preloading: android.widget.Spinner$DialogPopup-IA
01-01 00:00:32.953 458 458 W Zygote : Class not found for preloading: android.widget.TextView$ChangeWatcher-IA
01-01 00:00:32.954 458 458 W Zygote : Class not found for preloading: android.widget.TextView$SavedState-IA
01-01 00:00:32.954 458 458 W Zygote : Class not found for preloading: android.widget.TextView$TextAppearanceAttributes-IA
01-01 00:00:32.955 458 458 W Zygote : Class not found for preloading: android.widget.TextViewOnReceiveContentListener$InputConnectionInfo-IA
01-01 00:00:32.958 458 458 W Zygote : Class not found for preloading: android.widget.Toast$CallbackBinder-IA
01-01 00:00:32.961 458 458 W Zygote : Class not found for preloading: android.window.ImeOnBackInvokedDispatcher$$ExternalSyntheticLambda0
01-01 00:00:32.963 458 458 W Zygote : Class not found for preloading: android.window.SurfaceSyncGroup$ISurfaceSyncGroupImpl-IA
01-01 00:00:32.965 458 458 W Zygote : Class not found for preloading: android.window.WindowOnBackInvokedDispatcher$OnBackInvokedCallbackWrapper$CallbackRef
01-01 00:00:32.972 458 458 W zygote64: Core platform API violation: Llibcore/io/Memory;->peekLong(JZ)J from Lcom/android/framework/protobuf/UnsafeUtil; using reflection
01-01 00:00:32.972 458 458 W zygote64: Core platform API violation: Llibcore/io/Memory;->pokeLong(JJZ)V from Lcom/android/framework/protobuf/UnsafeUtil; using reflection
01-01 00:00:32.972 458 458 W zygote64: Core platform API violation: Llibcore/io/Memory;->pokeInt(JIZ)V from Lcom/android/framework/protobuf/UnsafeUtil; using reflection
01-01 00:00:32.972 458 458 W zygote64: Core platform API violation: Llibcore/io/Memory;->peekInt(JZ)I from Lcom/android/framework/protobuf/UnsafeUtil; using reflection
01-01 00:00:32.972 458 458 W zygote64: Core platform API violation: Llibcore/io/Memory;->pokeByte(JB)V from Lcom/android/framework/protobuf/UnsafeUtil; using reflection
01-01 00:00:32.973 458 458 W zygote64: Core platform API violation: Llibcore/io/Memory;->peekByte(J)B from Lcom/android/framework/protobuf/UnsafeUtil; using reflection
01-01 00:00:32.973 458 458 W zygote64: Core platform API violation: Llibcore/io/Memory;->pokeByteArray(J[BII)V from Lcom/android/framework/protobuf/UnsafeUtil; using reflection
01-01 00:00:32.973 458 458 W zygote64: Core platform API violation: Llibcore/io/Memory;->peekByteArray(J[BII)V from Lcom/android/framework/protobuf/UnsafeUtil; using reflection
01-01 00:00:33.044 458 458 W Zygote : Class not found for preloading: com.android.internal.jank.InteractionJankMonitor$TrackerResult-IA
01-01 00:00:33.046 458 458 W Zygote : Class not found for preloading: com.android.internal.os.BinderDeathDispatcher$RecipientsInfo-IA
01-01 00:00:33.051 458 458 W Zygote : Class not found for preloading: com.android.internal.os.LooperStats$DispatchSession-IA
01-01 00:00:33.054 458 458 W Zygote : Class not found for preloading: com.android.internal.os.RuntimeInit$LoggingHandler-IA
01-01 00:00:33.057 458 458 W Zygote : Class not found for preloading: com.android.internal.policy.PhoneWindow$PanelFeatureState$SavedState-IA
01-01 00:00:33.119 458 458 W OverlayConfig: partition_order.xml does not exist.
01-01 00:00:33.312 498 570 D AudioSystem: getService: waiting for media.audio_policy
01-01 00:00:33.459 458 458 D nativeloader: Load libframework-connectivity-jni.so using APEX ns com_android_tethering for caller /apex/com.android.tethering/javalib/framework-connectivity.jar: ok
01-01 00:00:33.463 458 458 W Zygote : Class not found for preloading: com.android.internal.util.FastPrintWriter$DummyWriter-IA
01-01 00:00:33.465 458 458 W Zygote : Class not found for preloading: com.android.internal.util.LatencyTracker$FrameworkStatsLogEvent-IA
01-01 00:00:33.466 458 458 W Zygote : Class not found for preloading: com.android.internal.util.StateMachine$LogRecords-IA
01-01 00:00:33.467 458 458 W Zygote : Class not found for preloading: com.android.internal.util.StateMachine$SmHandler$HaltingState-IA
01-01 00:00:33.467 458 458 W Zygote : Class not found for preloading: com.android.internal.util.StateMachine$SmHandler$QuittingState-IA
01-01 00:00:33.467 458 458 W Zygote : Class not found for preloading: com.android.internal.util.StateMachine$SmHandler-IA
01-01 00:00:33.468 458 458 W Zygote : Class not found for preloading: com.android.internal.util.TraceBuffer$ProtoOutputStreamProvider-IA
01-01 00:00:33.492 458 458 W Zygote : Class not found for preloading: com.android.org.bouncycastle.crypto.Mac
01-01 00:00:33.500 458 458 W Zygote : Class not found for preloading: com.android.window.flags.FeatureFlags
01-01 00:00:33.500 458 458 W Zygote : Class not found for preloading: com.android.window.flags.FeatureFlagsImpl
01-01 00:00:33.500 458 458 W Zygote : Class not found for preloading: com.android.window.flags.Flags
01-01 00:00:33.502 458 458 W Zygote : Class not found for preloading: dalvik.system.DexFile$OptimizationInfo-IA
01-01 00:00:33.515 458 458 W Zygote : Class not found for preloading: java.io.ObjectStreamClass$EntryFuture-IA
01-01 00:00:33.518 458 458 W Zygote : Class not found for preloading: java.lang.String$CaseInsensitiveComparator-IA
01-01 00:00:33.519 458 458 W Zygote : Class not found for preloading: java.lang.ThreadLocal$ThreadLocalMap-IA
01-01 00:00:33.519 458 458 W Zygote : Class not found for preloading: java.lang.Throwable$PrintStreamOrWriter-IA
01-01 00:00:33.522 458 458 W Zygote : Class not found for preloading: java.lang.invoke.MethodType$ConcurrentWeakInternSet$WeakEntry
01-01 00:00:33.522 458 458 W Zygote : Class not found for preloading: java.lang.invoke.MethodType$ConcurrentWeakInternSet
01-01 00:00:33.523 458 458 W Zygote : Class not found for preloading: java.lang.ref.FinalizerReference$Sentinel-IA
01-01 00:00:33.524 458 458 W Zygote : Class not found for preloading: java.lang.reflect.Proxy$KeyFactory-IA
01-01 00:00:33.525 458 458 W Zygote : Class not found for preloading: java.lang.reflect.Proxy$ProxyClassFactory-IA
01-01 00:00:33.526 458 458 W Zygote : Class not found for preloading: java.net.Inet6Address$Inet6AddressHolder-IA
01-01 00:00:33.527 458 458 W Zygote : Class not found for preloading: java.net.InetSocketAddress$InetSocketAddressHolder-IA
01-01 00:00:33.531 458 458 W Zygote : Class not found for preloading: java.security.Provider$Service-IA
01-01 00:00:33.531 458 458 W Zygote : Class not found for preloading: java.security.Provider$ServiceKey-IA
01-01 00:00:33.534 458 458 W Zygote : Class not found for preloading: java.text.FieldPosition$Delegate-IA
01-01 00:00:33.537 458 458 W Zygote : Class not found for preloading: java.time.format.DateTimeFormatterBuilder$PrefixTree$CI-IA
