01-01 00:00:11.303 98 98 I usb 1-1.1: Product: USB Optical Mouse
01-01 00:00:11.303 98 98 I usb 1-1.1: Manufacturer: Logitech
01-01 00:00:11.352 98 98 I input : Logitech USB Optical Mouse as /devices/platform/bus@f0000/f910000.usb/31100000.usb/xhci-hcd.0.auto/usb1/1-1/1-1.1/1-1.1:1.0/0003:046D:C077.0001/input/input0
01-01 00:00:11.353 98 98 I hid-generic 0003: 046D:C077.0001: input,hidraw0: USB HID v1.11 Mouse [Logitech USB Optical Mouse] on usb-xhci-hcd.0.auto-1.1/input0
01-01 00:00:11.575 98 98 I usb 1-1.2: new low-speed USB device number 4 using xhci-hcd
01-01 00:00:11.680 98 98 I usb 1-1.2: New USB device found, idVendor=1a2c, idProduct=212a, bcdDevice= 1.10
01-01 00:00:11.681 98 98 I usb 1-1.2: New USB device strings: Mfr=1, Product=2, SerialNumber=0
01-01 00:00:11.681 98 98 I usb 1-1.2: Product: USB Keyboard
01-01 00:00:11.681 98 98 I usb 1-1.2: Manufacturer: SEMICO
01-01 00:00:11.769 98 98 I input : SEMICO USB Keyboard as /devices/platform/bus@f0000/f910000.usb/31100000.usb/xhci-hcd.0.auto/usb1/1-1/1-1.2/1-1.2:1.0/0003:1A2C:212A.0002/input/input1
01-01 00:00:11.828 98 98 I hid-generic 0003: 1A2C:212A.0002: input,hidraw1: USB HID v1.10 Keyboard [SEMICO USB Keyboard] on usb-xhci-hcd.0.auto-1.2/input0
01-01 00:00:11.832 98 98 I input : SEMICO USB Keyboard Consumer Control as /devices/platform/bus@f0000/f910000.usb/31100000.usb/xhci-hcd.0.auto/usb1/1-1/1-1.2/1-1.2:1.1/0003:1A2C:212A.0003/input/input2
01-01 00:00:11.832 98 98 I input : SEMICO USB Keyboard System Control as /devices/platform/bus@f0000/f910000.usb/31100000.usb/xhci-hcd.0.auto/usb1/1-1/1-1.2/1-1.2:1.1/0003:1A2C:212A.0003/input/input3
01-01 00:00:11.832 98 98 I hid-generic 0003: 1A2C:212A.0003: input,hidraw2: USB HID v1.10 Device [SEMICO USB Keyboard] on usb-xhci-hcd.0.auto-1.2/input1
01-01 00:00:12.044 49 49 I sdhci-am654 fa00000.mmc: Power on failed
01-01 00:00:12.075 49 49 I mmc1 : SDHCI controller on fa00000.mmc [fa00000.mmc] using ADMA 64-bit
01-01 00:00:13.574 1 1 E init : /system/bin/secilc: linker: Warning: failed to find generated linker configuration from "/linkerconfig/ld.config.txt"
01-01 00:00:13.587 1 1 E init : /system/bin/secilc: WARNING: linker: Warning: failed to find generated linker configuration from "/linkerconfig/ld.config.txt"
01-01 00:00:13.604 1 1 I init : Loading SELinux policy
01-01 00:00:13.637 1 1 I SELinux : Permission bpf in class capability2 not defined in policy.
01-01 00:00:13.637 1 1 I SELinux : Permission checkpoint_restore in class capability2 not defined in policy.
01-01 00:00:13.637 1 1 I SELinux : Permission bpf in class cap2_userns not defined in policy.
01-01 00:00:13.637 1 1 I SELinux : Permission checkpoint_restore in class cap2_userns not defined in policy.
01-01 00:00:13.637 1 1 I SELinux : the above unknown classes and permissions will be denied
01-01 00:00:13.646 1 1 I SELinux : policy capability network_peer_controls=1
01-01 00:00:13.646 1 1 I SELinux : policy capability open_perms=1
01-01 00:00:13.646 1 1 I SELinux : policy capability extended_socket_class=1
01-01 00:00:13.646 1 1 I SELinux : policy capability always_check_network=0
01-01 00:00:13.646 1 1 I SELinux : policy capability cgroup_seclabel=0
01-01 00:00:13.646 1 1 I SELinux : policy capability nnp_nosuid_transition=1
01-01 00:00:13.646 1 1 I SELinux : policy capability genfs_seclabel_symlinks=0
01-01 00:00:13.646 1 1 I SELinux : policy capability ioctl_skip_cloexec=0
01-01 00:00:13.684 241 241 W auditd : type=1403 audit(0.0:2): auid=4294967295 ses=4294967295 lsm=selinux res=1
01-01 00:00:13.684 241 241 W auditd : type=1404 audit(0.0:3): enforcing=1 old_enforcing=0 auid=4294967295 ses=4294967295 enabled=1 old-enabled=1 lsm=selinux res=1
01-01 00:00:13.698 1 1 I selinux : SELinux: Loaded file context from:
01-01 00:00:13.698 1 1 I selinux : /system/etc/selinux/plat_file_contexts
01-01 00:00:13.698 1 1 I selinux : /system_ext/etc/selinux/system_ext_file_contexts
01-01 00:00:13.698 1 1 I selinux : /product/etc/selinux/product_file_contexts
01-01 00:00:13.698 1 1 I selinux : /vendor/etc/selinux/vendor_file_contexts
01-01 00:00:13.740 1 1 I init : init second stage started!
01-01 00:00:13.782 1 1 I selinux : SELinux: Loaded file context from:
01-01 00:00:13.782 1 1 I selinux : /system/etc/selinux/plat_file_contexts
01-01 00:00:13.782 1 1 I selinux : /system_ext/etc/selinux/system_ext_file_contexts
01-01 00:00:13.782 1 1 I selinux : /product/etc/selinux/product_file_contexts
01-01 00:00:13.782 1 1 I selinux : /vendor/etc/selinux/vendor_file_contexts
01-01 00:00:13.852 1 1 I init : [libfstab] Using Android DT directory /proc/device-tree/firmware/android/
01-01 00:00:13.870 1 1 I init : Setting product property ro.product.brand to 'TI' (from ro.product.product.brand)
01-01 00:00:13.870 1 1 I init : Setting product property ro.product.device to 'am62p' (from ro.product.product.device)
01-01 00:00:13.870 1 1 I init : Setting product property ro.product.manufacturer to 'TexasInstruments' (from ro.product.product.manufacturer)
01-01 00:00:13.870 1 1 I init : Setting product property ro.product.model to 'AOSP on AM62P EVM' (from ro.product.product.model)
01-01 00:00:13.870 1 1 I init : Setting product property ro.product.name to 'am62p' (from ro.product.product.name)
01-01 00:00:13.870 1 1 I init : Setting property 'ro.build.fingerprint' to 'TI/am62p/am62p:15/AP4A.250105.002.A1/eng.root:userdebug/test-keys'
01-01 00:00:13.870 1 1 I init : Setting property 'ro.product.cpu.abilist' to 'arm64-v8a'
01-01 00:00:13.871 1 1 I init : Setting property 'ro.product.cpu.abilist32' to ''
01-01 00:00:13.871 1 1 I init : Setting property 'ro.product.cpu.abilist64' to 'arm64-v8a'
01-01 00:00:13.876 1 1 I selinux : SELinux: Loaded file context from:
01-01 00:00:13.876 1 1 I selinux : /system/etc/selinux/plat_file_contexts
01-01 00:00:13.876 1 1 I selinux : /system_ext/etc/selinux/system_ext_file_contexts
01-01 00:00:13.876 1 1 I selinux : /product/etc/selinux/product_file_contexts
01-01 00:00:13.876 1 1 I selinux : /vendor/etc/selinux/vendor_file_contexts
01-01 00:00:13.876 1 1 I init : Running restorecon...
01-01 00:00:13.919 1 1 I init : Created socket '/dev/socket/property_service_for_system', mode 660, user 0, group 1000
01-01 00:00:13.920 1 1 I init : Created socket '/dev/socket/property_service', mode 666, user 0, group 0
01-01 00:00:13.922 1 1 I init : [libfs_mgr] vendor overlay: vndk version not defined
01-01 00:00:13.926 1 1 I init : SetupMountNamespaces done
01-01 00:00:13.930 1 1 I init : Forked subcontext for 'u:r:vendor_init:s0' with pid 163
01-01 00:00:13.932 1 1 I init : Parsing file /system/etc/init/hw/init.rc...
01-01 00:00:13.934 1 1 I init : Added '/init.environ.rc' to import list
01-01 00:00:13.934 1 1 I init : Added '/system/etc/init/hw/init.usb.rc' to import list
01-01 00:00:13.934 1 1 I init : Added '/init.am62p.rc' to import list
01-01 00:00:13.934 1 1 I init : Added '/vendor/etc/init/hw/init.am62p.rc' to import list
01-01 00:00:13.934 1 1 I init : Added '/system/etc/init/hw/init.usb.configfs.rc' to import list
01-01 00:00:13.934 1 1 I init : Added '/system/etc/init/hw/init.zygote64.rc' to import list
01-01 00:00:13.936 1 1 I init : Added '/system/etc/init/hw/init.boringssl.zygote64.rc' to import list
01-01 00:00:13.939 1 1 I init : Parsing file /init.environ.rc...
01-01 00:00:13.940 1 1 I init : Parsing file /system/etc/init/hw/init.usb.rc...
01-01 00:00:13.942 1 1 I init : Parsing file /init.am62p.rc...
01-01 00:00:13.942 1 1 I init : Unable to read config file '/init.am62p.rc': open() failed: No such file or directory
01-01 00:00:13.943 1 1 I init : Parsing file /vendor/etc/init/hw/init.am62p.rc...
01-01 00:00:13.945 1 1 I init : Parsing file /system/etc/init/hw/init.usb.configfs.rc...
01-01 00:00:13.947 1 1 I init : Parsing file /system/etc/init/hw/init.zygote64.rc...
01-01 00:00:13.948 1 1 I init : Parsing file /system/etc/init/hw/init.boringssl.zygote64.rc...
01-01 00:00:13.949 1 1 I init : Parsing directory /system/etc/init...
01-01 00:00:13.949 1 1 I init : Parsing file /system/etc/init/UprobeStats.rc...
01-01 00:00:13.950 1 1 I init : Parsing file /system/etc/init/aconfigd.rc...
01-01 00:00:13.951 1 1 I init : Parsing file /system/etc/init/android.system.suspend-service.rc...
01-01 00:00:13.951 1 1 I init : Parsing file /system/etc/init/apexd.rc...
01-01 00:00:13.952 1 1 I init : Parsing file /system/etc/init/atrace.rc...
01-01 00:00:13.956 1 1 I init : Parsing file /system/etc/init/atrace_userdebug.rc...
01-01 00:00:13.957 1 1 I init : Parsing file /system/etc/init/audioserver.rc...
01-01 00:00:13.958 1 1 I init : Parsing file /system/etc/init/blank_screen.rc...
01-01 00:00:13.958 1 1 I init : Parsing file /system/etc/init/bootanim.rc...
01-01 00:00:13.959 1 1 I init : Parsing file /system/etc/init/bootstat-debug.rc...
01-01 00:00:13.960 1 1 I init : Parsing file /system/etc/init/bootstat.rc...
01-01 00:00:13.961 1 1 I init : Parsing file /system/etc/init/cameraserver.rc...
01-01 00:00:13.961 1 1 I init : Parsing file /system/etc/init/clean_scratch_files.rc...
01-01 00:00:13.962 1 1 I init : Parsing file /system/etc/init/cppreopts.rc...
01-01 00:00:13.962 1 1 I init : Parsing file /system/etc/init/credstore.rc...
01-01 00:00:13.963 1 1 I init : Parsing file /system/etc/init/dmesgd.rc...
01-01 00:00:13.964 1 1 I init : Parsing file /system/etc/init/drmserver.rc...
01-01 00:00:13.967 1 1 I init : Parsing file /system/etc/init/dumpstate.rc...
01-01 00:00:13.968 1 1 I init : Parsing file /system/etc/init/flags_health_check.rc...
01-01 00:00:13.969 1 1 I init : Parsing file /system/etc/init/gatekeeperd.rc...
01-01 00:00:13.970 1 1 I init : Parsing file /system/etc/init/gpuservice.rc...
01-01 00:00:13.971 1 1 I init : Parsing file /system/etc/init/gsid.rc...
01-01 00:00:13.971 1 1 I init : Parsing file /system/etc/init/heapprofd.rc...
01-01 00:00:13.972 1 1 I init : Parsing file /system/etc/init/idmap2d.rc...
01-01 00:00:13.973 1 1 I init : Parsing file /system/etc/init/incidentd.rc...
01-01 00:00:13.973 1 1 I init : Parsing file /system/etc/init/init-debug.rc...
01-01 00:00:13.974 1 1 I init : Parsing file /system/etc/init/installd.rc...
01-01 00:00:13.975 1 1 I init : Parsing file /system/etc/init/kcmdlinectrl.rc...
01-01 00:00:13.976 1 1 I init : Parsing file /system/etc/init/keystore2.rc...
01-01 00:00:13.977 1 1 I init : Parsing file /system/etc/init/llkd-debuggable.rc...
01-01 00:00:13.978 1 1 I init : Parsing file /system/etc/init/llkd.rc...
01-01 00:00:13.978 1 1 I init : Parsing file /system/etc/init/lmkd.rc...
01-01 00:00:13.979 1 1 I init : Parsing file /system/etc/init/logcatd.rc...
01-01 00:00:13.980 1 1 I init : Parsing file /system/etc/init/logd.rc...
01-01 00:00:13.981 1 1 I init : Parsing file /system/etc/init/logtagd.rc...
01-01 00:00:13.982 1 1 I init : Parsing file /system/etc/init/lpdumpd.rc...
01-01 00:00:13.982 1 1 I init : Parsing file /system/etc/init/mdnsd.rc...
01-01 00:00:13.983 1 1 I init : Parsing file /system/etc/init/mediaextractor.rc...
01-01 00:00:13.984 1 1 I init : Parsing file /system/etc/init/mediametrics.rc...
01-01 00:00:13.984 1 1 I init : Parsing file /system/etc/init/mediaserver.rc...
01-01 00:00:13.985 1 1 I init : Parsing file /system/etc/init/misctrl.rc...
01-01 00:00:13.986 1 1 I init : Parsing file /system/etc/init/mtectrl.rc...
01-01 00:00:13.986 1 1 I init : Parsing file /system/etc/init/netbpfload.rc...
01-01 00:00:13.987 1 1 I init : Parsing file /system/etc/init/netd.rc...
01-01 00:00:13.988 1 1 I init : Parsing file /system/etc/init/odsign.rc...
01-01 00:00:13.988 1 1 I init : Parsing file /system/etc/init/otapreopt.rc...
01-01 00:00:13.989 1 1 I init : Parsing file /system/etc/init/perfetto.rc...
01-01 00:00:13.990 1 1 I init : Parsing file /system/etc/init/prng_seeder.rc...
01-01 00:00:13.990 1 1 I init : Parsing file /system/etc/init/profcollectd.rc...
01-01 00:00:13.991 1 1 I init : Parsing file /system/etc/init/recovery-persist.rc...
01-01 00:00:13.991 1 1 I init : Parsing file /system/etc/init/recovery-refresh.rc...
01-01 00:00:13.992 1 1 I init : Parsing file /system/etc/init/rss_hwm_reset.rc...
01-01 00:00:13.992 1 1 I init : Parsing file /system/etc/init/servicemanager.rc...
01-01 00:00:13.993 1 1 I init : Parsing file /system/etc/init/simpleperf.rc...
01-01 00:00:13.993 1 1 I init : Parsing file /system/etc/init/snapuserd.rc...
01-01 00:00:13.994 1 1 I init : Parsing file /system/etc/init/storaged.rc...
01-01 00:00:13.994 1 1 I init : Parsing file /system/etc/init/surfaceflinger.rc...
01-01 00:00:13.994 1 1 I init : Parsing file /system/etc/init/tombstoned.rc...
01-01 00:00:13.995 1 1 I init : Parsing file /system/etc/init/traced_perf.rc...
01-01 00:00:13.996 1 1 I init : Parsing file /system/etc/init/uncrypt.rc...
01-01 00:00:13.996 1 1 I init : Parsing file /system/etc/init/update_engine.rc...
01-01 00:00:13.997 1 1 I init : Parsing file /system/etc/init/update_verifier.rc...
01-01 00:00:13.997 1 1 I init : Parsing file /system/etc/init/usbd.rc...
01-01 00:00:13.997 1 1 I init : Parsing file /system/etc/init/virtual_camera.hal.rc...
01-01 00:00:13.998 1 1 I init : Parsing file /system/etc/init/vold.rc...
01-01 00:00:13.998 1 1 I init : Parsing file /system/etc/init/wifi.rc...
01-01 00:00:13.999 1 1 I init : Parsing file /system/etc/init/wificond.rc...
01-01 00:00:14.000 1 1 I init : Parsing directory /system_ext/etc/init...
01-01 00:00:14.000 1 1 I init : Parsing file /system_ext/etc/init/android.hidl.allocator@1.0-service.rc...
01-01 00:00:14.001 1 1 I init : Parsing file /system_ext/etc/init/hwservicemanager.rc...
01-01 00:00:14.001 1 1 I init : Parsing directory /vendor/etc/init...
01-01 00:00:14.001 1 1 I init : Parsing file /vendor/etc/init/android.hardware.camera.provider-V1-external-service.rc...
01-01 00:00:14.002 1 1 I init : Parsing file /vendor/etc/init/android.hardware.gatekeeper@1.0-service.optee.rc...
01-01 00:00:14.002 1 1 I init : Parsing file /vendor/etc/init/android.hardware.graphics.allocator.aidl-service.img.rc...
01-01 00:00:14.003 1 1 I init : Parsing file /vendor/etc/init/android.hardware.lights.rc...
01-01 00:00:14.003 1 1 I init : Parsing file /vendor/etc/init/android.hardware.media.c2@1.2-service-v4l2-64.rc...
01-01 00:00:14.004 1 1 I init : Parsing file /vendor/etc/init/android.hardware.security.keymint-service.optee.rc...
01-01 00:00:14.004 1 1 I init : Parsing file /vendor/etc/init/android.hardware.wifi.supplicant-service.rc...
01-01 00:00:14.005 1 1 I init : Parsing file /vendor/etc/init/boringssl_self_test.rc...
01-01 00:00:14.005 1 1 I init : Added '/vendor/etc/boringssl_self_test.zygote64.rc' to import list
01-01 00:00:14.005 1 1 I init : Parsing file /vendor/etc/boringssl_self_test.zygote64.rc...
01-01 00:00:14.006 1 1 I init : Parsing file /vendor/etc/init/dumpstate-default.rc...
01-01 00:00:14.006 1 1 I init : Parsing file /vendor/etc/init/hostapd.android.rc...
01-01 00:00:14.007 1 1 I init : Parsing file /vendor/etc/init/hwc3-drm.rc...
01-01 00:00:14.008 1 1 I init : Parsing file /vendor/etc/init/init.am62p.usb.rc...
01-01 00:00:14.009 1 1 I init : Parsing file /vendor/etc/init/init.optee.rc...
01-01 00:00:14.009 1 1 I init : Parsing file /vendor/etc/init/memtrack-default.rc...
01-01 00:00:14.010 1 1 I init : Parsing file /odm/etc/init...
01-01 00:00:14.010 1 1 I init : Unable to read config file '/odm/etc/init': open() failed: No such file or directory
01-01 00:00:14.010 1 1 I init : Parsing file /product/etc/init...
01-01 00:00:14.010 1 1 I init : Unable to read config file '/product/etc/init': open() failed: No such file or directory
01-01 00:00:14.012 1 1 I init : processing action (SetupCgroups) from (:0)
01-01 00:00:14.025 1 1 I init : processing action (SetKptrRestrict) from (:0)
01-01 00:00:14.026 1 1 I init : processing action (TestPerfEventSelinux) from (:0)
01-01 00:00:14.027 1 1 I init : processing action (early-init) from (/system/etc/init/hw/init.rc:15)
01-01 00:00:14.030 1 1 I init : Command 'mkdir /acct/uid' action=early-init (/system/etc/init/hw/init.rc:30) took 0ms and failed: mkdir() failed on /acct/uid: Read-only file system
01-01 00:00:14.038 1 1 I init : starting service 'ueventd'...
01-01 00:00:14.054 1 1 I init : ... started service 'ueventd' has pid 164
01-01 00:00:14.056 1 1 I init : starting service 'apexd-bootstrap'...
01-01 00:00:14.065 1 1 I init : ... started service 'apexd-bootstrap' has pid 165
01-01 00:00:14.065 1 1 I init : SVC_EXEC service 'apexd-bootstrap' pid 165 (uid 0 gid 1000+0 context default) started; waiting...
01-01 00:00:14.099 164 164 I ueventd : ueventd started!
01-01 00:00:14.105 164 164 I selinux : SELinux: Loaded file context from:
01-01 00:00:14.105 164 164 I selinux : /system/etc/selinux/plat_file_contexts
01-01 00:00:14.105 164 164 I selinux : /system_ext/etc/selinux/system_ext_file_contexts
01-01 00:00:14.105 164 164 I selinux : /product/etc/selinux/product_file_contexts
01-01 00:00:14.105 164 164 I selinux : /vendor/etc/selinux/vendor_file_contexts
01-01 00:00:14.106 164 164 I ueventd : Parsing file /system/etc/ueventd.rc...
01-01 00:00:14.106 164 164 I ueventd : Added '/vendor/etc/ueventd.rc' to import list
01-01 00:00:14.106 164 164 I ueventd : Added '/odm/etc/ueventd.rc' to import list
01-01 00:00:14.107 164 164 I ueventd : Parsing file /vendor/etc/ueventd.rc...
01-01 00:00:14.109 164 164 I ueventd : Parsing file /odm/etc/ueventd.rc...
01-01 00:00:14.109 164 164 I ueventd : Unable to read config file '/odm/etc/ueventd.rc': open() failed: No such file or directory
01-01 00:00:14.166 165 165 I apexd : Started. subcommand = --bootstrap
01-01 00:00:14.168 165 165 E cutils-trace: Error opening trace file: No such file or directory (2)
01-01 00:00:14.177 165 165 I apexd-bootstrap: Scanning /system/apex for pre-installed ApexFiles
01-01 00:00:14.178 165 165 I apexd-bootstrap: Found pre-installed APEX /system/apex/com.android.art.apex
01-01 00:00:14.182 165 165 I apexd-bootstrap: Found pre-installed APEX /system/apex/com.android.virt.apex
01-01 00:00:14.186 165 165 I apexd-bootstrap: Found pre-installed APEX /system/apex/com.android.os.statsd.apex
01-01 00:00:14.189 165 165 I apexd-bootstrap: Found pre-installed APEX /system/apex/com.android.sdkext.apex
01-01 00:00:14.192 165 165 I apexd-bootstrap: Found pre-installed APEX /system/apex/com.android.resolv.apex
01-01 00:00:14.195 165 165 I apexd-bootstrap: Found pre-installed APEX /system/apex/com.android.tzdata.apex
01-01 00:00:14.199 165 165 I apexd-bootstrap: Found pre-installed APEX /system/apex/com.android.scheduling.apex
01-01 00:00:14.201 165 165 I apexd-bootstrap: Found pre-installed APEX /system/apex/com.android.i18n.apex
01-01 00:00:14.205 165 165 I apexd-bootstrap: Found pre-installed APEX /system/apex/com.android.ipsec.apex
01-01 00:00:14.207 165 165 I apexd-bootstrap: Found pre-installed APEX /system/apex/com.android.permission.apex
01-01 00:00:14.210 165 165 I apexd-bootstrap: Found pre-installed APEX /system/apex/com.android.configinfrastructure.apex
01-01 00:00:14.213 165 165 I apexd-bootstrap: Found pre-installed APEX /system/apex/com.android.profiling.apex
01-01 00:00:14.216 165 165 I apexd-bootstrap: Found pre-installed APEX /system/apex/com.android.extservices.apex
01-01 00:00:14.219 165 165 I apexd-bootstrap: Found pre-installed APEX /system/apex/com.android.tethering.apex
01-01 00:00:14.222 165 165 I apexd-bootstrap: Found pre-installed APEX /system/apex/com.android.uwb.apex
01-01 00:00:14.225 165 165 I apexd-bootstrap: Found pre-installed APEX /system/apex/com.android.media.apex
01-01 00:00:14.228 165 165 I apexd-bootstrap: Found pre-installed APEX /system/apex/com.android.runtime.apex
01-01 00:00:14.231 165 165 I apexd-bootstrap: Found pre-installed APEX /system/apex/com.android.neuralnetworks.apex
01-01 00:00:14.234 165 165 I apexd-bootstrap: Found pre-installed APEX /system/apex/com.android.mediaprovider.apex
01-01 00:00:14.237 165 165 I apexd-bootstrap: Found pre-installed APEX /system/apex/com.android.appsearch.apex
01-01 00:00:14.240 165 165 I apexd-bootstrap: Found pre-installed APEX /system/apex/com.android.apex.cts.shim.apex
01-01 00:00:14.243 165 165 I apexd-bootstrap: Found pre-installed APEX /system/apex/com.android.adbd.apex
01-01 00:00:14.246 165 165 I apexd-bootstrap: Found pre-installed APEX /system/apex/com.android.devicelock.apex
01-01 00:00:14.249 165 165 I apexd-bootstrap: Found pre-installed APEX /system/apex/com.android.media.swcodec.apex
01-01 00:00:14.251 165 165 I apexd-bootstrap: Found pre-installed APEX /system/apex/com.android.wifi.apex
01-01 00:00:14.254 165 165 I apexd-bootstrap: Found pre-installed APEX /system/apex/com.android.conscrypt.apex
01-01 00:00:14.257 165 165 I apexd-bootstrap: Found pre-installed APEX /system/apex/com.android.ondevicepersonalization.apex
01-01 00:00:14.260 165 165 I apexd-bootstrap: Found pre-installed APEX /system/apex/com.android.nfcservices.apex
01-01 00:00:14.263 165 165 I apexd-bootstrap: Found pre-installed APEX /system/apex/com.android.healthfitness.apex
01-01 00:00:14.265 165 165 I apexd-bootstrap: Found pre-installed APEX /system/apex/com.android.btservices.apex
01-01 00:00:14.268 165 165 I apexd-bootstrap: Found pre-installed APEX /system/apex/com.android.adservices.apex
01-01 00:00:14.271 165 165 I apexd-bootstrap: Found pre-installed APEX /system/apex/com.android.rkpd.apex
01-01 00:00:14.274 165 165 I apexd-bootstrap: Scanning /system_ext/apex for pre-installed ApexFiles
01-01 00:00:14.275 165 165 I apexd-bootstrap: Found pre-installed APEX /system_ext/apex/com.android.compos.apex
01-01 00:00:14.278 165 165 I apexd-bootstrap: Scanning /product/apex for pre-installed ApexFiles
01-01 00:00:14.278 165 165 W apexd-bootstrap: /product/apex does not exist. Skipping
01-01 00:00:14.278 165 165 I apexd-bootstrap: Scanning /vendor/apex for pre-installed ApexFiles
01-01 00:00:14.279 165 165 I apexd-bootstrap: Found pre-installed APEX /vendor/apex/com.android.hardware.cas.apex
01-01 00:00:14.282 165 165 I apexd-bootstrap: Found pre-installed APEX /vendor/apex/com.android.hardware.boot.apex
01-01 00:00:14.285 165 165 I apexd-bootstrap: Found pre-installed APEX /vendor/apex/com.android.hardware.camera.libcamera.apex
01-01 00:00:14.288 165 165 I apexd-bootstrap: Found pre-installed APEX /vendor/apex/com.android.hardware.thermal.ti.apex
01-01 00:00:14.291 165 165 I apexd-bootstrap: Found pre-installed APEX /vendor/apex/com.google.cf.health.apex
01-01 00:00:14.294 165 165 I apexd-bootstrap: Found pre-installed APEX /vendor/apex/com.android.hardware.usb.generic.apex
01-01 00:00:14.297 165 165 I apexd-bootstrap: Found pre-installed APEX /vendor/apex/com.android.hardware.audio.ti.apex
01-01 00:00:14.299 165 165 I apexd-bootstrap: Found pre-installed APEX /vendor/apex/com.android.hardware.power.apex
01-01 00:00:14.302 165 165 I apexd-bootstrap: Found pre-installed APEX /vendor/apex/com.google.cf.health.storage.apex
01-01 00:00:14.305 165 165 I apexd-bootstrap: Found pre-installed APEX /vendor/apex/com.android.hardware.drm.clearkey.apex
01-01 00:00:14.308 165 165 I apexd-bootstrap: Scanning /odm/apex for pre-installed ApexFiles
01-01 00:00:14.308 165 165 W apexd-bootstrap: /odm/apex does not exist. Skipping
01-01 00:00:14.308 165 165 I apexd-bootstrap: Found bootstrap APEX /vendor/apex/com.android.hardware.boot.apex
01-01 00:00:14.308 165 165 I apexd-bootstrap: Found bootstrap APEX /system/apex/com.android.runtime.apex
01-01 00:00:14.308 165 165 I apexd-bootstrap: Found bootstrap APEX /system/apex/com.android.tzdata.apex
01-01 00:00:14.308 165 165 I apexd-bootstrap: Found bootstrap APEX /system/apex/com.android.i18n.apex
01-01 00:00:14.308 165 165 I apexd-bootstrap: Need to pre-allocate 47 loop devices for 43 APEX packages
01-01 00:00:14.308 165 165 I apexd-bootstrap: No block apex metadata partition found, not adding block apexes
01-01 00:00:14.316 166 166 E ueventd : LoadWithAliases was unable to load platform:ti-cpufreq, tried: platform:ti_cpufreq
01-01 00:00:14.318 167 167 E ueventd : LoadWithAliases was unable to load platform:reg-dummy, tried: platform:reg_dummy
01-01 00:00:14.322 168 168 E ueventd : LoadWithAliases was unable to load of:Nregulator-4T(null)Cregulator-fixed, tried: of:Nregulator_4T(null)Cregulator_fixed
01-01 00:00:14.323 168 168 E ueventd : LoadWithAliases was unable to load platform:icc-debugfs-client, tried: platform:icc_debugfs_client
01-01 00:00:14.325 168 168 E ueventd : LoadWithAliases was unable to load of:NledsT(null)Cgpio-leds, tried: of:NledsT(null)Cgpio_leds
01-01 00:00:14.326 168 168 E ueventd : LoadWithAliases was unable to load of:NsramT(null)Cmmio-sram, tried: of:NsramT(null)Cmmio_sram
01-01 00:00:14.329 168 168 I ueventd : Loading module /vendor/lib/modules/syscon-clk.ko with args ''
01-01 00:00:14.330 169 169 I ueventd : Loading module /vendor/lib/modules/tee.ko with args ''
01-01 00:00:14.332 166 166 E ueventd : LoadWithAliases was unable to load of:Nl2-cache0T(null)Ccache, tried: of:Nl2_cache0T(null)Ccache
01-01 00:00:14.334 166 166 E ueventd : LoadWithAliases was unable to load of:Nregulator-0T(null)Cregulator-fixed, tried: of:Nregulator_0T(null)Cregulator_fixed
01-01 00:00:14.335 166 166 E ueventd : LoadWithAliases was unable to load platform:Fixed MDIO bus, tried: platform:Fixed MDIO bus
01-01 00:00:14.337 166 166 E ueventd : LoadWithAliases was unable to load of:NtimerT(null)Cti,am654-timer, tried: of:NtimerT(null)Cti,am654_timer
01-01 00:00:14.338 167 167 E ueventd : LoadWithAliases was unable to load of:Nregulator-2T(null)Cregulator-fixed, tried: of:Nregulator_2T(null)Cregulator_fixed
01-01 00:00:14.341 167 167 E ueventd : LoadWithAliases was unable to load of:NtimerT(null)Cti,am654-timer, tried: of:NtimerT(null)Cti,am654_timer
01-01 00:00:14.342 167 167 E ueventd : LoadWithAliases was unable to load of:NbusT(null)Csimple-bus, tried: of:NbusT(null)Csimple_bus
01-01 00:00:14.344 167 167 I ueventd : Loading module /vendor/lib/modules/omap-mailbox.ko with args ''
01-01 00:00:14.346 167 167 E ueventd : LoadWithAliases was unable to load mmc:block, tried: mmc:block
01-01 00:00:14.350 169 169 I ueventd : Loading module /vendor/lib/modules/optee.ko with args ''
01-01 00:00:14.376 166 166 I ueventd : Loading module /vendor/lib/modules/phy-gmii-sel.ko with args ''
01-01 00:00:14.386 168 168 I ueventd : Loading module /vendor/lib/modules/sdhci_am654.ko with args ''
01-01 00:00:14.401 169 169 E ueventd : LoadWithAliases was unable to load of:NpsciT(null)Carm,psci-1.0, tried: of:NpsciT(null)Carm,psci_1.0
01-01 00:00:14.402 167 167 I ueventd : Loading module /vendor/lib/modules/gpio-davinci.ko with args ''
01-01 00:00:14.404 167 167 I ueventd : Loading module /vendor/lib/modules/ti_sci.ko with args ''
01-01 00:00:14.412 167 167 I ueventd : Loading module /vendor/lib/modules/wave5.ko with args ''
01-01 00:00:14.420 169 169 E ueventd : LoadWithAliases was unable to load platform:snd-soc-dummy, tried: platform:snd_soc_dummy
01-01 00:00:14.471 168 168 E ueventd : LoadWithAliases was unable to load of:NtimerT(null)Cti,am654-timer, tried: of:NtimerT(null)Cti,am654_timer
01-01 00:00:14.478 169 169 E ueventd : LoadWithAliases was unable to load of:NbusT(null)Csimple-bus, tried: of:NbusT(null)Csimple_bus
01-01 00:00:14.479 166 166 I ueventd : Loading module /vendor/lib/modules/rti_wdt.ko with args ''
01-01 00:00:14.491 166 166 I ueventd : Loading module /vendor/lib/modules/spi-cadence-quadspi.ko with args ''
01-01 00:00:14.494 168 168 I ueventd : Loading module /vendor/lib/modules/gpio-davinci.ko with args ''
01-01 00:00:14.495 168 168 I ueventd : Loading module /vendor/lib/modules/ti_sci.ko with args ''
01-01 00:00:14.495 168 168 I ueventd : Loading module /vendor/lib/modules/reset-ti-sci.ko with args ''
01-01 00:00:14.502 169 169 I ueventd : Loading module /vendor/lib/modules/gpio-davinci.ko with args ''
01-01 00:00:14.515 168 168 I ueventd : Loading module /vendor/lib/modules/mux-core.ko with args ''
01-01 00:00:14.515 167 167 E vdec 30210000.video-codec: OPP table not found in device tree
01-01 00:00:14.525 169 169 E ueventd : LoadWithAliases was unable to load of:Ndss-oldi-io-ctrlT(null)Csyscon, tried: of:Ndss_oldi_io_ctrlT(null)Csyscon
01-01 00:00:14.543 168 168 I ueventd : Loading module /vendor/lib/modules/i2c-omap.ko with args ''
01-01 00:00:14.545 169 169 I ueventd : Loading module /vendor/lib/modules/rti_wdt.ko with args ''
01-01 00:00:14.547 168 168 I ueventd : Loading module /vendor/lib/modules/gpio-pca953x.ko with args ''
01-01 00:00:14.547 167 167 I vdec 30210000.video-codec: Added wave5 driver with caps: 'ENCODE' 'DECODE'
01-01 00:00:14.547 167 167 I vdec 30210000.video-codec: Product Code: 0x521c
01-01 00:00:14.547 167 167 I vdec 30210000.video-codec: Firmware Revision: 291549
01-01 00:00:14.547 166 166 I ueventd : Loaded kernel module /vendor/lib/modules/spi-cadence-quadspi.ko
01-01 00:00:14.548 167 167 I ueventd : Loaded kernel module /vendor/lib/modules/wave5.ko
01-01 00:00:14.550 166 166 I ueventd : Loading module /vendor/lib/modules/gpio-davinci.ko with args ''
01-01 00:00:14.551 167 167 I ueventd : Loading module /vendor/lib/modules/snd-soc-hdmi-codec.ko with args ''
01-01 00:00:14.552 166 166 I ueventd : Loading module /vendor/lib/modules/ti_sci.ko with args ''
01-01 00:00:14.552 166 166 I ueventd : Loading module /vendor/lib/modules/sci-clk.ko with args ''
01-01 00:00:14.552 168 168 I ueventd : Loading module /vendor/lib/modules/snd-soc-tlv320aic3x.ko with args ''
01-01 00:00:14.553 167 167 I ueventd : Loaded kernel module /vendor/lib/modules/snd-soc-hdmi-codec.ko
01-01 00:00:14.556 168 168 I ueventd : Loaded kernel module /vendor/lib/modules/snd-soc-tlv320aic3x.ko
01-01 00:00:14.556 168 168 I ueventd : Loading module /vendor/lib/modules/snd-soc-tlv320aic3x-i2c.ko with args ''
01-01 00:00:14.557 167 167 I ueventd : Loading module /vendor/lib/modules/dwc3-am62.ko with args ''
01-01 00:00:14.557 166 166 I ueventd : Loading module /vendor/lib/modules/i2c-mux.ko with args ''
01-01 00:00:14.558 168 168 W tlv320aic3x 2-001b: supply IOVDD not found, using dummy regulator
01-01 00:00:14.558 168 168 W tlv320aic3x 2-001b: supply DVDD not found, using dummy regulator
01-01 00:00:14.558 168 168 W tlv320aic3x 2-001b: supply AVDD not found, using dummy regulator
01-01 00:00:14.558 168 168 W tlv320aic3x 2-001b: supply DRVDD not found, using dummy regulator
01-01 00:00:14.558 168 168 W tlv320aic3x 2-001b: Invalid supply voltage(s) AVDD: -22, DVDD: -22
01-01 00:00:14.559 168 168 I ueventd : Loaded kernel module /vendor/lib/modules/snd-soc-tlv320aic3x-i2c.ko
01-01 00:00:14.561 167 167 I ueventd : Loading module /vendor/lib/modules/irq-ti-sci-inta.ko with args ''
01-01 00:00:14.562 168 168 I ueventd : Loading module /vendor/lib/modules/irq-ti-sci-intr.ko with args ''
01-01 00:00:14.562 166 166 I ueventd : Loading module /vendor/lib/modules/sii902x.ko with args ''
01-01 00:00:14.566 167 167 E ueventd : LoadWithAliases was unable to load of:NtimerT(null)Cti,am654-timer, tried: of:NtimerT(null)Cti,am654_timer
01-01 00:00:14.566 168 168 E ueventd : LoadWithAliases was unable to load of:Ndma-controllerT(null)Cti,am64-dmss-bcdma, tried: of:Ndma_controllerT(null)Cti,am64_dmss_bcdma
01-01 00:00:14.567 166 166 E ueventd : LoadWithAliases was unable to load of:NtimerT(null)Cti,am654-timer, tried: of:NtimerT(null)Cti,am654_timer
01-01 00:00:14.569 168 168 I ueventd : Loading module /vendor/lib/modules/pps_core.ko with args ''
01-01 00:00:14.579 168 168 I pps_core: LinuxPPS API ver. 1 registered
01-01 00:00:14.580 167 167 E ueventd : LoadWithAliases was unable to load of:NbusT(null)Csimple-bus, tried: of:NbusT(null)Csimple_bus
01-01 00:00:14.582 167 167 I ueventd : Loading module /vendor/lib/modules/ti_k3_r5_remoteproc.ko with args ''
01-01 00:00:14.593 169 169 I ueventd : Loading module /vendor/lib/modules/omap-mailbox.ko with args ''
01-01 00:00:14.595 166 166 E ueventd : LoadWithAliases was unable to load of:Ndma-controllerT(null)Cti,am64-dmss-pktdma, tried: of:Ndma_controllerT(null)Cti,am64_dmss_pktdma
01-01 00:00:14.597 166 166 I ueventd : Loading module /vendor/lib/modules/ti-msgmgr.ko with args ''
01-01 00:00:14.605 168 168 I pps_core: Software ver. 5.3.6 - Copyright 2005-2007 Rodolfo Giometti
01-01 00:00:14.607 166 166 E ueventd : LoadWithAliases was unable to load of:NwatchdogT(null)Cti,j7-rti-wdt, tried: of:NwatchdogT(null)Cti,j7_rti_wdt
01-01 00:00:14.609 166 166 E ueventd : LoadWithAliases was unable to load of:NtimerT(null)Cti,am654-timer, tried: of:NtimerT(null)Cti,am654_timer
01-01 00:00:14.610 166 166 E ueventd : LoadWithAliases was unable to load of:NpinctrlT(null)Cpinctrl-single, tried: of:NpinctrlT(null)Cpinctrl_single
01-01 00:00:14.613 166 166 I ueventd : Loading module /vendor/lib/modules/irq-ti-sci-intr.ko with args ''
01-01 00:00:14.615 166 166 I ueventd : Loading module /vendor/lib/modules/omap-mailbox.ko with args ''
01-01 00:00:14.617 166 166 I ueventd : Loading module /vendor/lib/modules/8250_omap.ko with args ''
01-01 00:00:14.617 169 169 E ueventd : LoadWithAliases was unable to load of:NbusT(null)Csimple-bus, tried: of:NbusT(null)Csimple_bus
01-01 00:00:14.620 169 169 I ueventd : Loading module /vendor/lib/modules/ti_sci.ko with args ''
01-01 00:00:14.621 169 169 I ueventd : Loading module /vendor/lib/modules/ti_sci_pm_domains.ko with args ''
01-01 00:00:14.631 168 168 I ueventd : Loaded kernel module /vendor/lib/modules/pps_core.ko
01-01 00:00:14.634 169 169 I ueventd : Loading module /vendor/lib/modules/gpio-pca953x.ko with args ''
01-01 00:00:14.636 169 169 E ueventd : LoadWithAliases was unable to load of:NtimerT(null)Cti,am654-timer, tried: of:NtimerT(null)Cti,am654_timer
01-01 00:00:14.637 169 169 E ueventd : LoadWithAliases was unable to load of:NusbT(null)Csnps,dwc3, tried: of:NusbT(null)Csnps,dwc3
01-01 00:00:14.639 169 169 E ueventd : LoadWithAliases was unable to load of:NbusT(null)Csimple-bus, tried: of:NbusT(null)Csimple_bus
01-01 00:00:14.641 169 169 I ueventd : Loading module /vendor/lib/modules/pvrsrvkm_am62p.ko with args ''
01-01 00:00:14.713 167 167 I platform 79000000.r5f: configured R5F for remoteproc mode
01-01 00:00:14.714 167 167 I platform 79000000.r5f: assigned reserved memory node mcu-r5fss-dma-memory-region@9b800000
01-01 00:00:14.714 167 167 I remoteproc0: 79000000.r5f is available
01-01 00:00:14.715 168 168 I ueventd : Loading module /vendor/lib/modules/ptp.ko with args ''
01-01 00:00:14.718 166 166 E ueventd : LoadWithAliases was unable to load of:NtimerT(null)Cti,am654-timer, tried: of:NtimerT(null)Cti,am654_timer
01-01 00:00:14.718 168 168 I : PTP clock support registered
01-01 00:00:14.730 83 83 I remoteproc0: powering up 79000000.r5f
01-01 00:00:14.730 83 83 I remoteproc0: Booting fw image am62p-mcu-r5f0_0-fw, size 58344
01-01 00:00:14.731 168 168 I ueventd : Loaded kernel module /vendor/lib/modules/ptp.ko
01-01 00:00:14.732 168 168 I ueventd : Loading module /vendor/lib/modules/k3-cppi-desc-pool.ko with args ''
01-01 00:00:14.733 83 83 I rproc-virtio.3.auto: assigned reserved memory node mcu-r5fss-dma-memory-region@9b800000
01-01 00:00:14.734 83 83 I rproc-virtio.3.auto: registered virtio0 (type 7)
01-01 00:00:14.734 83 83 I remoteproc0: remote processor 79000000.r5f is now up
01-01 00:00:14.734 166 166 I ueventd : Loading module /vendor/lib/modules/tps6598x.ko with args ''
01-01 00:00:14.734 169 169 W pvrsrvkm_am62p: loading out-of-tree module taints kernel.
01-01 00:00:14.734 168 168 I ueventd : Loaded kernel module /vendor/lib/modules/k3-cppi-desc-pool.ko
01-01 00:00:14.735 167 167 W platform 78000000.r5f: R5F core may have been powered on by a different host, programmed state (0) != actual state (1)
01-01 00:00:14.735 167 167 I platform 78000000.r5f: configured R5F for IPC-only mode
01-01 00:00:14.736 167 167 I platform 78000000.r5f: assigned reserved memory node r5f-dma-memory@9c800000
01-01 00:00:14.736 168 168 I ueventd : Loading module /vendor/lib/modules/k3-ringacc.ko with args ''
01-01 00:00:14.736 167 167 I remoteproc1: 78000000.r5f is available
01-01 00:00:14.736 167 167 I remoteproc1: attaching to 78000000.r5f
01-01 00:00:14.737 167 167 I rproc-virtio.4.auto: assigned reserved memory node r5f-dma-memory@9c800000
01-01 00:00:14.737 167 167 I rproc-virtio.4.auto: registered virtio1 (type 7)
01-01 00:00:14.737 167 167 I remoteproc1: remote processor 78000000.r5f is now attached
01-01 00:00:14.738 167 167 I ueventd : Loaded kernel module /vendor/lib/modules/ti_k3_r5_remoteproc.ko
01-01 00:00:14.738 168 168 I ueventd : Loading module /vendor/lib/modules/k3-psil-lib.ko with args ''
01-01 00:00:14.740 167 167 E ueventd : LoadWithAliases was unable to load of:NmailboxT(null)Cti,am64-mailbox, tried: of:NmailboxT(null)Cti,am64_mailbox
01-01 00:00:14.741 168 168 I ueventd : Loading module /vendor/lib/modules/k3-udma.ko with args ''
01-01 00:00:14.741 166 166 I ueventd : Loading module /vendor/lib/modules/omap_hwspinlock.ko with args ''
01-01 00:00:14.755 166 166 E ueventd : LoadWithAliases was unable to load of:NbusT(null)Csimple-bus, tried: of:NbusT(null)Csimple_bus
01-01 00:00:14.756 168 168 I ueventd : Loading module /vendor/lib/modules/k3-udma-glue.ko with args ''
01-01 00:00:14.756 167 167 I ueventd : Loading module /vendor/lib/modules/drm_dma_helper.ko with args ''
01-01 00:00:14.758 169 169 I PVR_K : 169: Device: fd80000.gpu
01-01 00:00:14.759 168 168 I ueventd : Loading module /vendor/lib/modules/am65-cpts.ko with args ''
01-01 00:00:14.759 169 169 I PVR_K : 169: Read BVNC 36.53.104.796 from HW device registers
01-01 00:00:14.759 169 169 I PVR_K : 169: RGX Device registered BVNC 36.53.104.796 with 1 core in the system
01-01 00:00:14.760 169 169 I : [drm] Initialized pvr 24.2.6643903 20170530 for fd80000.gpu on minor 1
01-01 00:00:14.761 169 169 I ueventd : Loaded kernel module /vendor/lib/modules/pvrsrvkm_am62p.ko
01-01 00:00:14.763 169 169 E ueventd : LoadWithAliases was unable to load of:NpinctrlT(null)Cti,am654-padconfCpinctrl-single, tried: of:NpinctrlT(null)Cti,am654_padconfCpinctrl_single
01-01 00:00:14.768 169 169 E ueventd : LoadWithAliases was unable to load of:NesmT(null)Cti,j721e-esm, tried: of:NesmT(null)Cti,j721e_esm
01-01 00:00:14.769 166 166 E ueventd : LoadWithAliases was unable to load of:NsysconT(null)Cti,am62-opp-efuse-tableCsyscon, tried: of:NsysconT(null)Cti,am62_opp_efuse_tableCsyscon
01-01 00:00:14.770 166 166 I ueventd : Loading module /vendor/lib/modules/rtc-ti-k3.ko with args ''
01-01 00:00:14.783 166 166 E ueventd : LoadWithAliases was unable to load platform:alarmtimer, tried: platform:alarmtimer
01-01 00:00:14.794 167 167 I ueventd : Loading module /vendor/lib/modules/tidss.ko with args ''
01-01 00:00:14.799 169 169 E ueventd : LoadWithAliases was unable to load of:NwatchdogT(null)Cti,j7-rti-wdt, tried: of:NwatchdogT(null)Cti,j7_rti_wdt
01-01 00:00:14.802 169 169 I ueventd : Loading module /vendor/lib/modules/snd-soc-ti-edma.ko with args ''
01-01 00:00:14.810 166 166 E ueventd : LoadWithAliases was unable to load of:NesmT(null)Cti,j721e-esm, tried: of:NesmT(null)Cti,j721e_esm
01-01 00:00:14.820 169 169 I ueventd : Loaded kernel module /vendor/lib/modules/snd-soc-ti-edma.ko
01-01 00:00:14.820 168 168 I ueventd : Loaded kernel module /vendor/lib/modules/am65-cpts.ko
01-01 00:00:14.821 168 168 I ueventd : Loading module /vendor/lib/modules/ti-am65-cpsw-nuss.ko with args ''
01-01 00:00:14.822 167 167 E ueventd : LoadWithAliases was unable to load of:NbusT(null)Csimple-bus, tried: of:NbusT(null)Csimple_bus
01-01 00:00:14.825 167 167 E ueventd : LoadWithAliases was unable to load of:Ninterrupt-controllerT(null)Cti,sci-inta, tried: of:Ninterrupt_controllerT(null)Cti,sci_inta
01-01 00:00:14.828 167 167 I ueventd : Loading module /vendor/lib/modules/rti_wdt.ko with args ''
01-01 00:00:14.831 167 167 I ueventd : Loading module /vendor/lib/modules/mux-core.ko with args ''
01-01 00:00:14.831 167 167 I ueventd : Loading module /vendor/lib/modules/i2c-omap.ko with args ''
01-01 00:00:14.832 166 166 E ueventd : LoadWithAliases was unable to load platform:xhci-hcd, tried: platform:xhci_hcd
01-01 00:00:14.834 167 167 I ueventd : Loading module /vendor/lib/modules/k3_j72xx_bandgap.ko with args ''
01-01 00:00:14.844 169 169 I ueventd : Loading module /vendor/lib/modules/snd-soc-ti-udma.ko with args ''
01-01 00:00:14.855 166 166 E ueventd : LoadWithAliases was unable to load usb:v046DpC077d7200dc00dsc00dp00ic03isc01ip02in00, tried: usb:v046DpC077d7200dc00dsc00dp00ic03isc01ip02in00
01-01 00:00:14.856 167 167 E ueventd : LoadWithAliases was unable to load of:NsysconT(null)Cti,am62-usb-phy-ctrlCsyscon, tried: of:NsysconT(null)Cti,am62_usb_phy_ctrlCsyscon
01-01 00:00:14.858 167 167 I ueventd : Loading module /vendor/lib/modules/tps6594-core.ko with args ''
01-01 00:00:14.908 169 169 I ueventd : Loaded kernel module /vendor/lib/modules/snd-soc-ti-udma.ko
01-01 00:00:14.909 167 167 I ueventd : Loaded kernel module /vendor/lib/modules/tps6594-core.ko
01-01 00:00:14.909 167 167 I ueventd : Loading module /vendor/lib/modules/tps6594-i2c.ko with args ''
01-01 00:00:14.909 169 169 I ueventd : Loading module /vendor/lib/modules/snd-soc-ti-sdma.ko with args ''
01-01 00:00:14.911 169 169 I ueventd : Loaded kernel module /vendor/lib/modules/snd-soc-ti-sdma.ko
01-01 00:00:14.911 166 166 E ueventd : LoadWithAliases was unable to load hid:b0003g0001v00001A2Cp0000212A, tried: hid:b0003g0001v00001A2Cp0000212A
01-01 00:00:14.911 169 169 I ueventd : Loading module /vendor/lib/modules/snd-soc-davinci-mcasp.ko with args ''
01-01 00:00:14.926 166 166 E ueventd : LoadWithAliases was unable to load input:b0003v1A2Cp212Ae0110-e0,1,4,11,14,k71,72,73,74,75,77,79,7A,7B,7C,7D,7E,7F,80,81,82,83,84,85,86,87,88,89,8A,B7,B8,B9,BA,BB,BC,BD,BE,BF,C0,C1,C2,F0,ram4,l0,1,2,sfw, tried: input:b0003v1A2Cp212Ae0110_e0,1,4,11,14,k71,72,73,74,75,77,79,7A,7B,7C,7D,7E,7F,80,81,82,83,84,85,86,87,88,89,8A,B7,B8,B9,BA,BB,BC,BD,BE,BF,C0,C1,C2,F0,ram4,l0,1,2,sfw
01-01 00:00:14.931 169 169 I ueventd : Loaded kernel module /vendor/lib/modules/snd-soc-davinci-mcasp.ko
01-01 00:00:14.962 168 168 I davinci_mdio 8000f00.mdio: davinci mdio revision 17.7, bus freq 1000000
01-01 00:00:14.964 168 168 I davinci_mdio 8000f00.mdio: phy[0]: device 8000f00.mdio:00, driver unknown
01-01 00:00:14.964 168 168 I davinci_mdio 8000f00.mdio: phy[1]: device 8000f00.mdio:01, driver unknown
01-01 00:00:14.964 168 168 I am65-cpsw-nuss 8000000.ethernet: initializing am65 cpsw nuss version 0x6BA01903, cpsw version 0x6BA81903 Ports: 3 quirks:00000006
01-01 00:00:14.964 168 168 I am65-cpsw-nuss 8000000.ethernet: initialized cpsw ale version 1.5
01-01 00:00:14.964 168 168 I am65-cpsw-nuss 8000000.ethernet: ALE Table size 512
01-01 00:00:14.965 166 166 E ueventd : LoadWithAliases was unable to load of:Ntimer-cl0-cpu0T(null)Carm,armv8-timer, tried: of:Ntimer_cl0_cpu0T(null)Carm,armv8_timer
01-01 00:00:14.965 168 168 I am65-cpsw-nuss 8000000.ethernet: CPTS ver 0x4e8a010d, freq:500000000, add_val:1 pps:0
01-01 00:00:14.966 169 169 E ueventd : LoadWithAliases was unable to load of:NchipidT(null)Cti,am654-chipid, tried: of:NchipidT(null)Cti,am654_chipid
01-01 00:00:14.968 169 169 E ueventd : LoadWithAliases was unable to load of:NsysconT(null)Cti,am62-usb-phy-ctrlCsyscon, tried: of:NsysconT(null)Cti,am62_usb_phy_ctrlCsyscon
01-01 00:00:14.972 169 169 I ueventd : Loading module /vendor/lib/modules/mux-core.ko with args ''
01-01 00:00:14.973 169 169 I ueventd : Loading module /vendor/lib/modules/i2c-omap.ko with args ''
01-01 00:00:14.975 169 169 E ueventd : LoadWithAliases was unable to load of:Ntarget-moduleT(null)Cti,sysc-omap2Cti,sysc, tried: of:Ntarget_moduleT(null)Cti,sysc_omap2Cti,sysc
01-01 00:00:14.976 169 169 E ueventd : LoadWithAliases was unable to load of:NusbT(null)Csnps,dwc3, tried: of:NusbT(null)Csnps,dwc3
01-01 00:00:14.979 167 167 I ueventd : Loaded kernel module /vendor/lib/modules/tps6594-i2c.ko
01-01 00:00:14.981 166 166 E ueventd : LoadWithAliases was unable to load of:Nregulator-1T(null)Cregulator-fixed, tried: of:Nregulator_1T(null)Cregulator_fixed
01-01 00:00:14.981 169 169 E ueventd : LoadWithAliases was unable to load usb:v1A2Cp212Ad0110dc00dsc00dp00ic03isc01ip02in01, tried: usb:v1A2Cp212Ad0110dc00dsc00dp00ic03isc01ip02in01
01-01 00:00:14.981 166 166 E ueventd : LoadWithAliases was unable to load platform:serial8250, tried: platform:serial8250
01-01 00:00:14.983 169 169 E ueventd : LoadWithAliases was unable to load input:b0003v1A2Cp212Ae0110-e0,1,2,3,4,k71,72,73,74,77,80,82,83,85,86,87,88,89,8A,8B,8C,8E,90,96,98,9B,9C,9E,9F,A1,A3,A4,A5,A6,A7,A8,A9,AB,AC,AD,AE,B1,B2,B5,CE,CF,D0,D1,D2,D4,D8,D9,DB,E0,E1,E4,E5,E6,EA,EB,F0,F1,F4,100,161,162,166,16A,16E,172,174,176,177,178,179,17A,17B,17C,17D,17F,180,182,183,185,188,189,18C,18D,18E,18F,190,191,192,193,195,197,198,199,19A,19C,1A0,1A1,1A2,1A3,1A4,1A5,1A6,1A7,1A8,1A9,1AA,1AB,1AC,1AD,1AE,1AF,1B0,1B1,1B7,1BA,240,241,242,243,244,245,246,247,249,24A,24B,24C,24D,250,251,r6,C,a20,m4,lsfw, tried: input:b0003v1A2Cp212Ae0110_e0,1,2,3,4,k71,72,73,74,77,80,82,83,85,86,87,88,89,8A,8B,8C,8E,90,96,98,9B,9C,9E,9F,A1,A3,A4,A5,A6,A7,A8,A9,AB,AC,AD,AE,B1,B2,B5,CE,CF,D0,D1,D2,D4,D8,D9,DB,E0,E1,E4,E5,E6,EA,EB,F0,F1,F4,100,161,162,166,16A,16E,172,174,176,177,178,179,17A,17B,17C,17D,17F,180,182,183,185,188,189,18C,18D,18E,18F,190,191,192,193,195,197,198,199,19A,19C,1A0,1A1,1A2,1A3,1A4,1A5,1A6,1A7,1A8,1A9,1
01-01 00:00:14.983 169 169 E ueventd : **previous message missing 115 bytes** 1091-byte message too long for printk
01-01 00:00:14.983 169 169 E ueventd : LoadWithAliases was unable to load hid:b0003g0001v00001A2Cp0000212A, tried: hid:b0003g0001v00001A2Cp0000212A
01-01 00:00:14.984 169 169 E ueventd : LoadWithAliases was unable to load usb:v1D6Bp0002d0606dc09dsc00dp01ic09isc00ip00in00, tried: usb:v1D6Bp0002d0606dc09dsc00dp01ic09isc00ip00in00
01-01 00:00:14.985 166 166 I ueventd : Loading module /vendor/lib/modules/cpufreq-dt.ko with args ''
01-01 00:00:14.987 169 169 I ueventd : Loading module /vendor/lib/modules/snd-soc-simple-card-utils.ko with args ''
01-01 00:00:15.021 169 169 I ueventd : Loaded kernel module /vendor/lib/modules/snd-soc-simple-card-utils.ko
01-01 00:00:15.033 167 167 E ueventd : LoadWithAliases was unable to load of:NusbT(null)Cti,am62-usb, tried: of:NusbT(null)Cti,am62_usb
01-01 00:00:15.045 169 169 I ueventd : Loading module /vendor/lib/modules/snd-soc-simple-card.ko with args ''
01-01 00:00:15.063 167 167 E ueventd : LoadWithAliases was unable to load hid:b0003g0001v0000046Dp0000C077, tried: hid:b0003g0001v0000046Dp0000C077
01-01 00:00:15.157 166 166 I cpufreq : cpufreq_online: CPU0: Running at unlisted initial frequency: 1200000 KHz, changing to: 1250000 KHz
01-01 00:00:15.157 166 166 I ueventd : Loaded kernel module /vendor/lib/modules/cpufreq-dt.ko
01-01 00:00:15.169 167 167 E ueventd : LoadWithAliases was unable to load input:b0003v1A2Cp212Ae0110-e0,1,4,k74,8E,8F,ram4,lsfw, tried: input:b0003v1A2Cp212Ae0110_e0,1,4,k74,8E,8F,ram4,lsfw
01-01 00:00:15.184 166 166 E ueventd : LoadWithAliases was unable to load cpu:type:aarch64:feature:,0000,0001,0002,0003,0004,0005,0006,0007,000B
01-01 00:00:15.198 167 167 E ueventd : LoadWithAliases was unable to load of:Nopp-tableT(null)Coperating-points-v2-ti-cpu, tried: of:Nopp_tableT(null)Coperating_points_v2_ti_cpu
01-01 00:00:15.205 166 166 E ueventd : , tried: cpu:type:aarch64:feature:,0000,0001,0002,0003,0004,0005,0006,0007,000B
01-01 00:00:15.221 167 167 E ueventd : LoadWithAliases was unable to load of:NpmuT(null)Carm,cortex-a53-pmu, tried: of:NpmuT(null)Carm,cortex_a53_pmu
01-01 00:00:15.234 166 166 E ueventd :
01-01 00:00:15.247 167 167 E ueventd : LoadWithAliases was unable to load cpu:type:aarch64:feature:,0000,0001,0002,0003,0004,0005,0006,0007,000B
01-01 00:00:15.298 167 167 E ueventd : , tried: cpu:type:aarch64:feature:,0000,0001,0002,0003,0004,0005,0006,0007,000B
01-01 00:00:15.308 167 167 E ueventd :
01-01 00:00:15.311 169 169 I ueventd : Loaded kernel module /vendor/lib/modules/snd-soc-simple-card.ko
01-01 00:00:15.316 169 169 E ueventd : LoadWithAliases was unable to load cpu:type:aarch64:feature:,0000,0001,0002,0003,0004,0005,0006,0007,000B
01-01 00:00:15.328 169 169 E ueventd : , tried: cpu:type:aarch64:feature:,0000,0001,0002,0003,0004,0005,0006,0007,000B
01-01 00:00:15.338 169 169 E ueventd :
01-01 00:00:15.345 168 168 I am65-cpsw-nuss 8000000.ethernet: set new flow-id-base 19
01-01 00:00:15.350 165 165 I apexd-bootstrap: wait for '/dev/loop-control' took 1041ms
01-01 00:00:15.350 168 168 I ueventd : Loaded kernel module /vendor/lib/modules/ti-am65-cpsw-nuss.ko
01-01 00:00:15.352 168 168 E ueventd : LoadWithAliases was unable to load of:NmmcT(null)Cti,am62-sdhci, tried: of:NmmcT(null)Cti,am62_sdhci
01-01 00:00:15.365 168 168 E ueventd : LoadWithAliases was unable to load of:NsramT(null)Cmmio-sram, tried: of:NsramT(null)Cmmio_sram
01-01 00:00:15.378 168 168 E ueventd : LoadWithAliases was unable to load of:NgpioT(null)Cti,am64-gpioCti,keystone-gpio, tried: of:NgpioT(null)Cti,am64_gpioCti,keystone_gpio
01-01 00:00:15.378 165 165 I apexd-bootstrap: Found 16 idle loopback devices that were pre-allocated by kernel. Allocated 31 more.
01-01 00:00:15.395 168 168 E ueventd : LoadWithAliases was unable to load of:NgpioT(null)Cti,am64-gpioCti,keystone-gpio, tried: of:NgpioT(null)Cti,am64_gpioCti,keystone_gpio
01-01 00:00:15.413 168 168 E ueventd : LoadWithAliases was unable to load of:Ndma-controllerT(null)Cti,am62a-dmss-bcdma-csirx, tried: of:Ndma_controllerT(null)Cti,am62a_dmss_bcdma_csirx
01-01 00:00:15.427 230 230 I loop0 : detected capacity change from 0 to 15576
01-01 00:00:15.429 229 229 I loop1 : detected capacity change from 0 to 880
01-01 00:00:15.429 231 231 I loop2 : detected capacity change from 0 to 1648
01-01 00:00:15.431 232 232 W apexd-bootstrap: Loopback device 3 not ready. Waiting 50ms...: No such file or directory
01-01 00:00:15.431 168 168 E ueventd : LoadWithAliases was unable to load of:Ni2cT(null)Cti,am64-i2cCti,omap4-i2c, tried: of:Ni2cT(null)Cti,am64_i2cCti,omap4_i2c
01-01 00:00:15.446 168 168 I ueventd : Loading module /vendor/lib/modules/sa2ul.ko with args ''
