06-04 09:11:59.205 1262 1262 D PickerSyncController: Cloud-Media-in-Photo-Picker feature is disabled during PickerSyncController construction.
06-04 09:11:59.205 1262 1262 D PickerSyncLockManager: Trying to acquire lock com.android.providers.media.photopicker.sync.CloseableReentrantLock@235eb6e[Locked by thread main]. Lock Name = CLOUD_PROVIDER_LOCK. Threads that may be waiting to acquire this lock = []
06-04 09:11:59.205 1262 1262 D CloseableReentrantLock: Successfully acquired lock com.android.providers.media.photopicker.sync.CloseableReentrantLock@235eb6e[Locked by thread main]. Lock Name = CLOUD_PROVIDER_LOCK. Threads that may be waiting to acquire this lock = []
06-04 09:11:59.205 1262 1262 D PickerSyncLockManager: Trying to acquire lock com.android.providers.media.photopicker.sync.CloseableReentrantLock@235eb6e[Locked by thread main]. Lock Name = CLOUD_PROVIDER_LOCK. Threads that may be waiting to acquire this lock = []
06-04 09:11:59.205 1262 1262 D CloseableReentrantLock: Successfully acquired lock com.android.providers.media.photopicker.sync.CloseableReentrantLock@235eb6e[Locked by thread main]. Lock Name = CLOUD_PROVIDER_LOCK. Threads that may be waiting to acquire this lock = []
06-04 09:11:59.205 1262 1262 D CloseableReentrantLock: Successfully released lock com.android.providers.media.photopicker.sync.CloseableReentrantLock@235eb6e[Locked by thread main]. Lock Name = CLOUD_PROVIDER_LOCK. Threads that may be waiting to acquire this lock = []
06-04 09:11:59.217 617 645 I AppWidgetServiceImpl: startListening() 0
06-04 09:11:59.219 617 647 I AppWidgetServiceImpl: updateAppWidgetIds() 0
06-04 09:11:59.221 617 647 I AppWidgetServiceImpl: Widget update received AppWidgetId{2:Host{HostId{user:0, app:10067, hostId:1026, pkg:com.android.launcher3}}:Provider{ProviderId{user:0, app:10056, cmp:ComponentInfo{com.android.quicksearchbox/com.android.quicksearchbox.SearchWidgetProvider}}}}
06-04 09:11:59.224 617 803 D AppWidgetServiceImpl: Trying to notify widget update for package com.android.quicksearchbox with widget id: 2
06-04 09:11:59.239 846 854 I ndroid.systemui: Background concurrent mark compact GC freed 8806KB AllocSpace bytes, 12(296KB) LOS objects, 49% free, 10MB/21MB, paused 50.512ms,92.731ms total 1.616s
06-04 09:11:59.246 1262 1262 D PickerSyncController: Updated cloud provider to: null
06-04 09:11:59.246 1262 1262 D PickerSyncController: Ignoring cache media info for null authority with bundle: null
06-04 09:11:59.260 1262 1262 D PickerNotificationSender: Sending a notification for available providers update
06-04 09:11:59.269 1262 1262 D CloseableReentrantLock: Successfully released lock com.android.providers.media.photopicker.sync.CloseableReentrantLock@235eb6e[Locked by thread main]. Lock Name = CLOUD_PROVIDER_LOCK. Threads that may be waiting to acquire this lock = []
06-04 09:11:59.269 1262 1262 D CloseableReentrantLock: Successfully released lock com.android.providers.media.photopicker.sync.CloseableReentrantLock@235eb6e[Unlocked]. Lock Name = CLOUD_PROVIDER_LOCK. Threads that may be waiting to acquire this lock = []
06-04 09:11:59.288 846 856 W ndroid.systemui: ApkAssets: Deleting an ApkAssets object ' and /system/system_ext/priv-app/Launcher3QuickStep/Launcher3QuickStep.apk' with 1 weak references
06-04 09:11:59.300 1262 1262 I WorkManagerInitializer: Work manager not initialised. Attempting to initialise.
06-04 09:11:59.318 617 1354 I AppWidgetServiceImpl: getInstalledProvidersForProfiles() 0
06-04 09:11:59.321 617 907 I AppWidgetServiceImpl: getInstalledProvidersForProfiles() 0
06-04 09:11:59.322 617 617 W Looper : Slow dispatch took 128ms main h=com.android.server.pm.UserManagerService$MainHandler c=null m=1
06-04 09:11:59.329 1089 1089 D b/267448330: provider: ComponentInfo{com.android.quicksearchbox/com.android.quicksearchbox.SearchWidgetProvider}, paddedSizes: [621.3333x108.0, 621.3333x108.0, 1045.3334x101.333336, 1045.3334x101.333336], getMinMaxSizes: Rect(621, 101 - 1045, 108)
06-04 09:11:59.329 617 647 I AppWidgetServiceImpl: notifyProviderInheritance() 0
06-04 09:11:59.330 617 907 I AppWidgetServiceImpl: getAppWidgetInfo() 0
06-04 09:11:59.332 617 797 W ActivityManager: Slow operation: 140ms so far, now at attachApplicationLocked: before bindApplication
06-04 09:11:59.332 617 797 W com.android.internal.protolog.LogcatOnlyProtoLogImpl: ProtoLog message not processed. Failed to log it to proto. Logging it below to logcat instead.
06-04 09:11:59.332 617 797 V WindowManager: Binding proc com.android.traceur with config {1.0 ?mcc0mnc [en_US] ldltr sw720dp w1280dp h720dp 240dpi xlrg long land -touch qwerty/v/v dpad/v winConfig={ mBounds=Rect(0, 0 - 1920, 1080) mAppBounds=Rect(0, 0 - 1920, 1080) mMaxBounds=Rect(0, 0 - 1920, 1080) mDisplayRotation=ROTATION_0 mWindowingMode=fullscreen mActivityType=undefined mAlwaysOnTop=undefined mRotation=ROTATION_0} s.6 fontWeightAdjustment=0}
06-04 09:11:59.333 617 797 W ActivityManager: Slow operation: 141ms so far, now at attachApplicationLocked: immediately before bindApplication
06-04 09:11:59.360 617 907 I AppWidgetServiceImpl: getAppWidgetViews() 0
06-04 09:11:59.388 617 797 W ActivityManager: Slow operation: 182ms so far, now at attachApplicationLocked: immediately after bindApplication
06-04 09:11:59.388 617 797 W ActivityManager: Slow operation: 196ms so far, now at attachApplicationLocked: after updateLruProcessLocked
06-04 09:11:59.410 617 797 W ActivityManager: Slow operation: 217ms so far, now at attachApplicationLocked: after updateOomAdjLocked
06-04 09:11:59.435 617 907 I AppWidgetServiceImpl: getAppWidgetOptions() 0
06-04 09:11:59.445 617 906 W system_server: Long monitor contention with owner binder:617_4 (797) at void com.android.server.am.ActivityManagerService.attachApplication(android.app.IApplicationThread, long)(ActivityManagerService.java:4801) waiters=1 in void com.android.server.am.BroadcastController.finishReceiver(android.os.IBinder, int, java.lang.String, android.os.Bundle, boolean, int) for 217ms
06-04 09:11:59.447 1089 1089 D CellLayout: Adding view to ShortcutsAndWidgetsContainer: com.android.launcher3.qsb.QsbContainerView{fc79b5f V.E...... ......I. 0,0-0,0 #7f0902b9 app:id/search_container_workspace}
06-04 09:11:59.449 617 645 W system_server: Long monitor contention with owner binder:617_4 (797) at void com.android.server.am.ActivityManagerService.attachApplication(android.app.IApplicationThread, long)(ActivityManagerService.java:4801) waiters=2 in void com.android.server.am.ActivityManagerService.attachApplication(android.app.IApplicationThread, long) for 217ms
06-04 09:11:59.451 617 645 W com.android.internal.protolog.LogcatOnlyProtoLogImpl: ProtoLog message not processed. Failed to log it to proto. Logging it below to logcat instead.
06-04 09:11:59.451 617 645 V WindowManager: Binding proc com.android.keychain with config {0.0 ?mcc0mnc ?localeList ?layoutDir ?swdp ?wdp ?hdp ?density ?lsize ?long ?ldr ?wideColorGamut ?orien ?uimode ?night ?touch ?keyb/?/? ?nav/? winConfig={ mBounds=Rect(0, 0 - 0, 0) mAppBounds=null mMaxBounds=Rect(0, 0 - 0, 0) mDisplayRotation=undefined mWindowingMode=undefined mActivityType=undefined mAlwaysOnTop=undefined mRotation=undefined} ?fontWeightAdjustment}
06-04 09:11:59.451 617 645 D CompatChangeReporter: Compat change id reported: 151861875; UID 1000; state: ENABLED
06-04 09:11:59.468 1330 1330 D CompatChangeReporter: Compat change id reported: 242716250; UID 10045; state: ENABLED
06-04 09:11:59.481 617 641 I system_server: Background concurrent mark compact GC freed 12MB AllocSpace bytes, 40(2184KB) LOS objects, 49% free, 15MB/30MB, paused 6.547ms,36.267ms total 1.657s
06-04 09:11:59.485 1330 1330 D CompatChangeReporter: Compat change id reported: 3400644; UID 10045; state: ENABLED
06-04 09:11:59.514 617 642 I BpBinder: onLastStrongRef automatically unlinking death recipients:
06-04 09:11:59.528 1262 1262 D WM-PackageManagerHelper: Skipping component enablement for androidx.work.impl.background.systemjob.SystemJobService
06-04 09:11:59.530 1330 1330 D ApplicationLoaders: Returning zygote-cached class loader: /system_ext/framework/androidx.window.extensions.jar
06-04 09:11:59.530 1330 1330 D ApplicationLoaders: Returning zygote-cached class loader: /system_ext/framework/androidx.window.sidecar.jar
06-04 09:11:59.532 1089 1089 I OverviewComponentObserver: updateOverviewTargets: mIsHomeDisabled=false, isDefaultHomeNull=false, mIsDefaultHome=true
06-04 09:11:59.536 1262 1262 D WM-Schedulers: Created SystemJobScheduler and enabled SystemJobService
06-04 09:11:59.545 1089 1089 D OverviewActionsView: updateActionButtonsVisibility() called: showSingleTaskActions = [true], showGroupActions = [false]
06-04 09:11:59.546 455 482 I netd : tetherGetStats() -> {[]} <50.89ms>
06-04 09:11:59.556 1262 1357 D WM-ForceStopRunnable: The default process name was not specified.
06-04 09:11:59.573 1262 1357 D WM-ForceStopRunnable: Performing cleanup operations.
06-04 09:11:59.587 617 643 W system_server: ApkAssets: Deleting an ApkAssets object ' and /system/product/app/LatinIME/LatinIME.apk' with 1 weak references
06-04 09:11:59.589 617 643 W system_server: ApkAssets: Deleting an ApkAssets object ' and /system/priv-app/BuiltInPrintService/BuiltInPrintService.apk' with 1 weak references
06-04 09:11:59.599 617 643 W system_server: ApkAssets: Deleting an ApkAssets object ' and /apex/com.android.devicelock/priv-app/DeviceLockController@AP4A.250105.002.A1/DeviceLockController.apk' with 1 weak references
06-04 09:11:59.649 1330 1330 D nativeloader: Configuring clns-shared-7 for other apk /system/app/Traceur/Traceur.apk. target_sdk_version=34, uses_libraries=, library_path=/system/app/Traceur/lib/arm64:/system/lib64, permitted_path=/data:/mnt/expand:/data/user/0/com.android.traceur:/system/app/Traceur:/system/lib64
06-04 09:11:59.649 846 846 W DepthController: Invalid qs expansion
06-04 09:11:59.650 617 645 I AppWidgetServiceImpl: startListening() 0
06-04 09:11:59.659 1262 1262 D SyncWorkManager: EndlessWorker has been enqueued
06-04 09:11:59.668 501 509 I GpuWork : Initialized!
06-04 09:11:59.682 1089 1089 D CompatChangeReporter: Compat change id reported: 309578419; UID 10067; state: ENABLED
06-04 09:11:59.704 1334 1334 D nativeloader: Configuring clns-shared-7 for other apk /system/app/KeyChain/KeyChain.apk. target_sdk_version=35, uses_libraries=, library_path=/system/app/KeyChain/lib/arm64:/system/app/KeyChain/KeyChain.apk!/lib/arm64-v8a:/system/lib64, permitted_path=/data:/mnt/expand:/data/user/0/com.android.keychain:/system/app/KeyChain:/system/lib64
06-04 09:11:59.711 1089 1089 D OverviewActionsView: updateActionButtonsVisibility() called: showSingleTaskActions = [true], showGroupActions = [false]
06-04 09:11:59.714 617 1263 E AppSearchIcing: document-store.cc:528: Inconsistent element size, expected 8, actual 0Failed to initialize DocumentIdMapper
06-04 09:11:59.714 617 1263 W AppSearchIcing: document-store.cc:458: Couldn't find derived files or failed to initialize them, regenerating derived files for DocumentStore.
06-04 09:11:59.735 846 846 D ThemeOverlayController: Boot colors: [WallpaperColors: ff394875 ff3b3a48 ff243f59 ff574b3a ff3e342e ff262124 ffcccccd ffbab6b2 ffc5c4c3 h: 6]
06-04 09:11:59.764 1262 1262 D nativeloader: Load /apex/com.android.mediaprovider/priv-app/MediaProvider@AP4A.250105.002.A1/MediaProvider.apk!/lib/arm64-v8a/libleveldb_jni.so using ns clns-shared-7 from class loader (caller=/apex/com.android.mediaprovider/priv-app/MediaProvider@AP4A.250105.002.A1/MediaProvider.apk): ok
06-04 09:11:59.798 1089 1089 D TestEventsEmitterProduction: Event sent LAUNCHER_ON_CREATE
06-04 09:11:59.812 1089 1089 I ViewCaptureFactory: instantiating SettingsAwareViewCapture
06-04 09:11:59.821 1330 1330 V GraphicsEnvironment: Currently set values for:
06-04 09:11:59.822 1330 1330 V GraphicsEnvironment: angle_gl_driver_selection_pkgs=[]
06-04 09:11:59.822 1330 1330 V GraphicsEnvironment: angle_gl_driver_selection_values=[]
06-04 09:11:59.822 1330 1330 V GraphicsEnvironment: Global.Settings values are invalid: number of packages: 0, number of values: 0
06-04 09:11:59.822 1330 1330 V GraphicsEnvironment: Neither updatable production driver nor prerelease driver is supported.
06-04 09:11:59.847 1262 1357 D WM-SystemJobScheduler: Reconciling jobs
06-04 09:11:59.856 1334 1334 D CompatChangeReporter: Compat change id reported: 202956589; UID 1000; state: ENABLED
06-04 09:11:59.881 244 244 I hwservicemanager: getTransport: Cannot find entry android.hardware.configstore@1.0::ISurfaceFlingerConfigs/default in either framework or device VINTF manifest.
06-04 09:11:59.892 1089 1089 D CompatChangeReporter: Compat change id reported: 349153669; UID 10067; state: ENABLED
06-04 09:11:59.896 1089 1089 W HWUI : Unknown dataspace 0
06-04 09:11:59.933 1334 1334 V GraphicsEnvironment: Currently set values for:
06-04 09:11:59.933 1334 1334 V GraphicsEnvironment: angle_gl_driver_selection_pkgs=[]
06-04 09:11:59.933 1334 1334 V GraphicsEnvironment: angle_gl_driver_selection_values=[]
06-04 09:11:59.933 1334 1334 V GraphicsEnvironment: Global.Settings values are invalid: number of packages: 0, number of values: 0
06-04 09:11:59.934 1334 1334 V GraphicsEnvironment: Neither updatable production driver nor prerelease driver is supported.
06-04 09:11:59.958 1262 1357 D WM-ForceStopRunnable: Found unfinished work, scheduling it.
06-04 09:11:59.967 1089 1089 D TouchInteractionService: onUserUnlocked: userId=0
06-04 09:11:59.984 617 797 D OomAdjuster: Not killing cached processes
06-04 09:12:00.009 617 917 D WallpaperManagerService: WPMS.saveSettingsLocked-0
06-04 09:12:00.010 1089 1089 I OverviewComponentObserver: updateOverviewTargets: mIsHomeDisabled=false, isDefaultHomeNull=false, mIsDefaultHome=true
06-04 09:12:00.032 1262 1357 D CompatChangeReporter: Compat change id reported: 311402873; UID 10094; state: ENABLED
06-04 09:12:00.032 1262 1357 D CompatChangeReporter: Compat change id reported: 323349338; UID 10094; state: ENABLED
06-04 09:12:00.033 1262 1357 D WM-SystemJobScheduler: Scheduling work ID 6e768a21-96ab-4a63-834c-03bba1a9a784Job ID 0
06-04 09:12:00.037 617 797 D CompatChangeReporter: Compat change id reported: 311402873; UID 10094; state: ENABLED
06-04 09:12:00.044 617 797 D CompatChangeReporter: Compat change id reported: 323349338; UID 10094; state: ENABLED
06-04 09:12:00.055 617 1263 E AppSearchIcing: usage-store.cc:62: Inconsistent element size, expected 24, actual 0Failed to initialize usage_score_cache
06-04 09:12:00.055 617 1263 E AppSearchIcing: document-store.cc:472: Failed to regenerate derived files for DocumentStore
06-04 09:12:00.071 617 917 V WallpaperManagerService: WPMS.saveSettingsLocked-0 took to complete: 49ms
06-04 09:12:00.081 617 1263 W AppSearchIcing: icing-search-engine.cc:328: Error: 13, Message: Inconsistent element size, expected 24, actual 0
06-04 09:12:00.082 1330 1330 I Traceur : Received BOOT_COMPLETE
06-04 09:12:00.097 617 797 D CompatChangeReporter: Compat change id reported: 161145287; UID 10045; state: ENABLED
06-04 09:12:00.125 846 846 D ThemeOverlayController: fetched overlays. accent: android.content.om.FabricatedOverlay@f73c90d neutral: android.content.om.FabricatedOverlay@89cc0c2 dynamic: android.content.om.FabricatedOverlay@5855ed3
06-04 09:12:00.126 846 846 D ThemeOverlayController: updateThemeOverlays. Setting: null
06-04 09:12:00.134 1262 1262 D MediaCodecList: codecHandlesFormat: no format, so no extra checks
06-04 09:12:00.141 617 1263 E AppSearchImpl: Error initializing, resetting IcingSearchEngine.
06-04 09:12:00.141 617 1263 E AppSearchImpl: android.app.appsearch.exceptions.AppSearchException: Inconsistent element size, expected 24, actual 0
06-04 09:12:00.141 617 1263 E AppSearchImpl: at com.android.server.appsearch.external.localstorage.AppSearchImpl.checkCodeOneOf(AppSearchImpl.java:2738)
06-04 09:12:00.141 617 1263 E AppSearchImpl: at com.android.server.appsearch.external.localstorage.AppSearchImpl.checkSuccess(AppSearchImpl.java:2713)
06-04 09:12:00.141 617 1263 E AppSearchImpl: at com.android.server.appsearch.external.localstorage.AppSearchImpl.(AppSearchImpl.java:344)
06-04 09:12:00.141 617 1263 E AppSearchImpl: at com.android.server.appsearch.external.localstorage.AppSearchImpl.create(AppSearchImpl.java:272)
06-04 09:12:00.141 617 1263 E AppSearchImpl: at com.android.server.appsearch.AppSearchUserInstanceManager.createUserInstance(AppSearchUserInstanceManager.java:230)
06-04 09:12:00.141 617 1263 E AppSearchImpl: at com.android.server.appsearch.AppSearchUserInstanceManager.getOrCreateUserInstance(AppSearchUserInstanceManager.java:102)
06-04 09:12:00.141 617 1263 E AppSearchImpl: at com.android.server.appsearch.AppSearchManagerService.lambda$onUserUnlocking$1(AppSearchManagerService.java:365)
06-04 09:12:00.141 617 1263 E AppSearchImpl: at com.android.server.appsearch.AppSearchManagerService.$r8$lambda$7li-QUZvrsDk5ZvsFzpgCXuGV7s(AppSearchManagerService.java:0)
06-04 09:12:00.141 617 1263 E AppSearchImpl: at com.android.server.appsearch.AppSearchManagerService$$ExternalSyntheticLambda3.run(R8$$SyntheticClass:0)
06-04 09:12:00.141 617 1263 E AppSearchImpl: at java.util.concurrent.ThreadPoolExecutor.runWorker(ThreadPoolExecutor.java:1145)
06-04 09:12:00.141 617 1263 E AppSearchImpl: at java.util.concurrent.ThreadPoolExecutor$Worker.run(ThreadPoolExecutor.java:644)
06-04 09:12:00.141 617 1263 E AppSearchImpl: at java.lang.Thread.run(Thread.java:1117)
06-04 09:12:00.148 1262 1262 D MediaCodecList: codecHandlesFormat: no format, so no extra checks
06-04 09:12:00.195 1262 1369 D CCodec : allocate(c2.v4l2.hevc.decoder)
06-04 09:12:00.206 458 458 D Zygote : Forked child process 1371
06-04 09:12:00.210 1262 1369 I Codec2Client: Available Codec2 services: "default" "software"
06-04 09:12:00.212 617 664 W ActivityManager: Slow operation: 55ms so far, now at startProcess: returned from zygote!
06-04 09:12:00.213 617 664 W ActivityManager: Slow operation: 56ms so far, now at startProcess: done updating battery stats
06-04 09:12:00.213 617 664 W ActivityManager: Slow operation: 56ms so far, now at startProcess: building log message
06-04 09:12:00.214 617 664 I ActivityManager: Start proc 1371:com.android.localtransport/1000 for service {com.android.localtransport/com.android.localtransport.LocalTransportService}
06-04 09:12:00.214 617 664 W ActivityManager: Slow operation: 57ms so far, now at startProcess: starting to update pids map
06-04 09:12:00.214 617 664 W ActivityManager: Slow operation: 57ms so far, now at startProcess: done updating pids map
06-04 09:12:00.215 1262 1369 I CCodec : setting up 'default' as default (vendor) store
06-04 09:12:00.223 846 846 D ThemeOverlayController: Skipping overlay creation. Theme was already: ColorScheme {
06-04 09:12:00.223 846 846 D ThemeOverlayController: seed color: H 271C 36T 38 = #45588C
06-04 09:12:00.223 846 846 D ThemeOverlayController: style: TONAL_SPOT
06-04 09:12:00.223 846 846 D ThemeOverlayController: palettes:
06-04 09:12:00.223 846 846 D ThemeOverlayController: PRIMARY
06-04 09:12:00.223 846 846 D ThemeOverlayController: H 209C 3T 100 = #FFFFFF
06-04 09:12:00.223 846 846 D ThemeOverlayController: H 275C 4T 99 = #FEFBFF
06-04 09:12:00.223 846 846 D ThemeOverlayController: H 270C 11T 95 = #EEF0FF
06-04 09:12:00.223 846 846 D ThemeOverlayController: H 269C 19T 90 = #DAE2FF
06-04 09:12:00.223 846 846 D ThemeOverlayController: H 271C 35T 80 = #B2C5FF
06-04 09:12:00.223 846 846 D ThemeOverlayController: H 270C 36T 70 = #96AAE4
06-04 09:12:00.223 846 846 D ThemeOverlayController: H 271C 36T 60 = #7C8FC8
06-04 09:12:00.223 846 846 D ThemeOverlayController: H 271C 36T 50 = #6275AC
06-04 09:12:00.223 846 846 D ThemeOverlayController: H 270C 36T 40 = #495D92
06-04 09:12:00.223 846 846 D ThemeOverlayController: H 271C 36T 30 = #314578
06-04 09:12:00.223 846 846 D ThemeOverlayController: H 270C 36T 20 = #182E60
06-04 09:12:00.223 846 846 D ThemeOverlayController: H 271C 35T 10 = #1849
06-04 09:12:00.223 846 846 D ThemeOverlayController: H 0C 0T 0 = #0
06-04 09:12:00.223 846 846 D ThemeOverlayController: SECONDARY
06-04 09:12:00.223 846 846 D ThemeOverlayController: H 209C 3T 100 = #FFFFFF
06-04 09:12:00.223 846 846 D ThemeOverlayController: H 275C 4T 99 = #FEFBFF
06-04 09:12:00.223 846 846 D ThemeOverlayController: H 270C 11T 95 = #EEF0FF
06-04 09:12:00.223 846 846 D ThemeOverlayController: H 271C 16T 90 = #DDE2F9
06-04 09:12:00.223 846 846 D ThemeOverlayController: H 269C 16T 80 = #C0C6DD
06-04 09:12:00.223 846 846 D ThemeOverlayController: H 272C 16T 70 = #A5AAC1
06-04 09:12:00.223 846 846 D ThemeOverlayController: H 272C 16T 60 = #8B90A5
06-04 09:12:00.223 846 846 D ThemeOverlayController: H 272C 16T 50 = #71768B
06-04 09:12:00.223 846 846 D ThemeOverlayController: H 270C 16T 40 = #585E71
06-04 09:12:00.223 846 846 D ThemeOverlayController: H 271C 16T 30 = #404659
06-04 09:12:00.223 846 846 D ThemeOverlayController: H 271C 16T 20 = #2A3042
06-04 09:12:00.223 846 846 D ThemeOverlayController: H 271C 16T 10 = #151B2C
06-04 09:12:00.223 846 846 D ThemeOverlayController: H 0C 0T 0 = #0
06-04 09:12:00.223 846 846 D ThemeOverlayController: TERTIARY
06-04 09:12:00.223 846 846 D ThemeOverlayController: H 209C 3T 100 = #FFFFFF
06-04 09:12:00.223 846 846 D ThemeOverlayController: H 285C 3T 99 = #FFFBFF
06-04 09:12:00.223 846 846 D ThemeOverlayController: H 332C 11T 95 = #FFEBF9
06-04 09:12:00.223 846 846 D ThemeOverlayController: H 330C 24T 90 = #FED6F9
06-04 09:12:00.223 846 846 D ThemeOverlayController: H 331C 24T 80 = #E1BBDC
06-04 09:12:00.223 846 846 D ThemeOverlayController: H 331C 24T 70 = #C4A0C0
06-04 09:12:00.223 846 846 D ThemeOverlayController: H 331C 24T 60 = #A986A5
06-04 09:12:00.223 846 846 D ThemeOverlayController: H 330C 24T 50 = #8D6D8B
06-04 09:12:00.223 846 846 D ThemeOverlayController: H 331C 24T 40 = #735471
06-04 09:12:00.223 846 846 D ThemeOverlayController: H 331C 24T 30 = #5A3D59
06-04 09:12:00.223 846 846 D ThemeOverlayController: H 331C 24T 20 = #422741
06-04 09:12:00.223 846 846 D ThemeOverlayController: H 332C 24T 10 = #2B122B
06-04 09:12:00.223 846 846 D ThemeOverlayController: H 0C 0T 0 = #0
06-04 09:12:00.223 846 846 D ThemeOverlayController: NEUTRAL
06-04 09:12:00.223 846 846 D ThemeOverlayController: H 209C 3T 100 = #FFFFFF
06-04 09:12:00.223 846 846 D ThemeOverlayController: H 275C 4T 99 = #FEFBFF
06-04 09:12:00.223 846 846 D ThemeOverlayController: H 269C 6T 95 = #F1F0F7
06-04 09:12:00.223 846 846 D ThemeOverlayController: H 270C 6T 90 = #E3E2E9
06-04 09:12:00.223 846 846 D ThemeOverlayController: H 267C 6T 80 = #C6C6CD
06-04 09:12:00.223 846 846 D ThemeOverlayController: H 275C 6T 70 = #ABAAB1
06-04 09:12:00.223 846 846 D ThemeOverlayController: H 272C 6T 60 = #909097
06-04 09:12:00.223 846 846 D ThemeOverlayController: H 265C 6T 50 = #76777D
06-04 09:12:00.223 846 846 D ThemeOverlayController: H 268C 6T 40 = #5D5E64
06-04 09:12:00.223 846 846 D ThemeOverlayController: H 278C 6T 30 = #46464C
06-04 09:12:00.223 846 846 D ThemeOverlayController: H 273C 6T 20 = #2F3036
06-04 09:12:00.223 846 846 D ThemeOverlayController: H 275C 7T 10 = #1A1B21
06-04 09:12:00.223 846 846 D ThemeOverlayController: H 0C 0T 0 = #0
06-04 09:12:00.223 846 846 D ThemeOverlayController: NEUTRAL VARIANT
06-04 09:12:00.223 846 846 D ThemeOverlayController: H 209C 3T 100 = #FFFFFF
06-04 09:12:00.223 846 846 D ThemeOverlayController: H 275C 4T 99 = #FEFBFF
06-04 09:12:00.223 846 846 D ThemeOverlayController: H 270C 8T 95 = #F0F0FA
06-04 09:12:00.223 846 846 D ThemeOverlayController: H 267C 8T 90 = #E1E2EC
06-04 09:12:00.223 846 846 D ThemeOverlayController: H 268C 8T 80 = #C5C6D0
06-04 09:12:00.223 846 846 D ThemeOverlayController: H 275C 8T 70 = #AAAAB4
06-04 09:12:00.223 846 846 D ThemeOverlayController: H 272C 8T 60 = #8F909A
06-04 09:12:00.223 846 846 D ThemeOverlayController: H 268C 8T 50 = #757780
06-04 09:12:00.223 846 846 D ThemeOverlayController: H 269C 8T 40 = #5C5E67
06-04 09:12:00.223 846 846 D ThemeOverlayController: H 276C 8T 30 = #45464F
06-04 09:12:00.223 846 846 D ThemeOverlayController: H 271C 8T 20 = #2E3038
06-04 09:12:00.223 846 846 D ThemeOverlayController: H 273C 9T 10 = #191B23
06-04 09:12:00.223 846 846 D ThemeOverlayController: H 0C 0T 0 = #0
06-04 09:12:00.223 846 846 D ThemeOverlayController: }
06-04 09:12:00.224 846 846 D ThemeOverlayController: ThemeHomeDelay: ThemeOverlayController ready with user 0
06-04 09:12:00.226 617 1018 D ActivityManager: ThemeHomeDelay: Home launch is not delayable, ignoring setThemeOverlayReady() call
06-04 09:12:00.251 1262 1369 I CCodec : Created component [c2.v4l2.hevc.decoder]
06-04 09:12:00.251 1262 1369 W Codec2Client: query -- param skipped: index = 2684356613.
06-04 09:12:00.252 1262 1369 D CCodecConfig: Query domain & kind failed => BAD_INDEX
06-04 09:12:00.252 1089 1089 D b/254119092: Set mActivity=com.android.launcher3.uioverrides.QuickstepLauncher@9730447
06-04 09:12:00.252 1089 1089 D b/254119092: mActivity and mContext device profiles have different values, add more logs.
06-04 09:12:00.252 1089 1089 D b/254119092: mActivity logs:
06-04 09:12:00.252 1089 1089 D b/254119092: mActivity=com.android.launcher3.uioverrides.QuickstepLauncher@9730447
06-04 09:12:00.252 1089 1089 D b/254119092: mActivity.getResources().getConfiguration()={1.0 ?mcc0mnc [en_US] ldltr sw720dp w1280dp h720dp 240dpi xlrg long land -touch qwerty/v/v dpad/v winConfig={ mBounds=Rect(0, 0 - 1920, 1080) mAppBounds=Rect(0, 0 - 1920, 1080) mMaxBounds=Rect(0, 0 - 1920, 1080) mDisplayRotation=ROTATION_0 mWindowingMode=fullscreen mActivityType=home mAlwaysOnTop=undefined mRotation=ROTATION_0} s.3 fontWeightAdjustment=0}
06-04 09:12:00.252 1089 1089 D b/254119092: mActivity.getDeviceProfile().isTaskbarPresent=true
06-04 09:12:00.252 1089 1089 D b/254119092: mContext logs:
06-04 09:12:00.252 1089 1089 D b/254119092: mContext=android.window.WindowContext@6a392cd
06-04 09:12:00.252 1089 1089 D b/254119092: mContext.getResources().getConfiguration()={1.0 ?mcc0mnc [en_US] ldltr sw720dp w1280dp h720dp 240dpi xlrg long land -touch qwerty/v/v dpad/v winConfig={ mBounds=Rect(0, 0 - 1920, 1080) mAppBounds=Rect(0, 0 - 1920, 1080) mMaxBounds=Rect(0, 0 - 1920, 1080) mDisplayRotation=ROTATION_0 mWindowingMode=fullscreen mActivityType=undefined mAlwaysOnTop=undefined mRotation=ROTATION_0} s.6 fontWeightAdjustment=0}
06-04 09:12:00.252 1089 1089 D b/254119092: Couldn't get DeviceProfile because !mUserUnlocked
06-04 09:12:00.252 1089 1089 D b/254119092: registering activity lifecycle callbacks from setActivity().
06-04 09:12:00.253 1262 1369 D CCodecConfig: read media type: video/hevc
06-04 09:12:00.253 1089 1089 D b/254119092: destroyExistingTaskbar: null
06-04 09:12:00.253 1089 1089 D b/254119092: mActivity and mContext agree taskbarIsPresent=true
06-04 09:12:00.254 1262 1369 D CCodecConfig: read media type: video/hevc
06-04 09:12:00.254 1089 1089 D b/254119092: recreateTaskbar: isTaskbarEnabled=true [dp != null (i.e. mUserUnlocked)]=true FLAG_HIDE_NAVBAR_WINDOW=false dp.isTaskbarPresent=true
06-04 09:12:00.254 1089 1089 D b/254119092: mActivity and mContext agree taskbarIsPresent=true
06-04 09:12:00.277 1371 1371 I .localtransport: Using CollectorTypeCMC GC.
06-04 09:12:00.291 1371 1371 E .localtransport: Not starting debugger since process cannot load the jdwp agent.
06-04 09:12:00.292 1262 1369 D ReflectedParamUpdater: extent() != 1 for single value type: input.buffers.allocator-ids.values
06-04 09:12:00.295 1262 1369 D ReflectedParamUpdater: extent() != 1 for single value type: output.buffers.allocator-ids.values
06-04 09:12:00.296 1262 1369 D ReflectedParamUpdater: extent() != 1 for single value type: output.buffers.pool-ids.values
06-04 09:12:00.298 617 1263 I AppSearchIcing: document-store.cc:423: Starting Document Store Recovery with cause=0, and create result { new_file=1, preeisting_file_version=1, data_loss=0} and kCurrentVersion=1
06-04 09:12:00.301 1262 1369 D CCodecConfig: ignoring local param raw.size (0xd2001800) as it is already supported
06-04 09:12:00.301 1262 1369 D CCodecConfig: ignoring local param default.color (0x5200180b) as it is already supported
06-04 09:12:00.301 1262 1369 D ReflectedParamUpdater: ignored struct field raw.hdr-static-info.mastering
06-04 09:12:00.302 617 654 I DropBoxManagerService: add tag=system_server_strictmode isTagEnabled=true flags=0x2
06-04 09:12:00.303 1371 1371 D nativeloader: Load libframework-connectivity-tiramisu-jni.so using APEX ns com_android_tethering for caller /apex/com.android.tethering/javalib/framework-connectivity-t.jar: ok
06-04 09:12:00.308 617 814 D ShortcutService: saveDirtyInfo
06-04 09:12:00.309 617 814 D ShortcutService: Saving to /data/system_ce/0/shortcut_service/shortcuts.xml
06-04 09:12:00.315 1262 1369 I CCodecConfig: query failed after returning 10 values (BAD_INDEX)
06-04 09:12:00.318 1262 1369 D CCodecConfig: c2 config diff is Dict {
06-04 09:12:00.318 1262 1369 D CCodecConfig: c2::u32 algo.delay.value = 3
06-04 09:12:00.318 1262 1369 D CCodecConfig: c2::u32 coded.pl.level = 24576
06-04 09:12:00.318 1262 1369 D CCodecConfig: c2::u32 coded.pl.profile = 24576
06-04 09:12:00.318 1262 1369 D CCodecConfig: c2::u32 coded.vui.color.matrix = 0
06-04 09:12:00.318 1262 1369 D CCodecConfig: c2::u32 coded.vui.color.primaries = 0
06-04 09:12:00.318 1262 1369 D CCodecConfig: c2::u32 coded.vui.color.range = 2
06-04 09:12:00.318 1262 1369 D CCodecConfig: c2::u32 coded.vui.color.transfer = 0
06-04 09:12:00.318 1262 1369 D CCodecConfig: c2::u32 default.color.matrix = 0
06-04 09:12:00.318 1262 1369 D CCodecConfig: c2::u32 default.color.primaries = 0
06-04 09:12:00.318 1262 1369 D CCodecConfig: c2::u32 default.color.range = 0
06-04 09:12:00.318 1262 1369 D CCodecConfig: c2::u32 default.color.transfer = 0
06-04 09:12:00.318 1262 1369 D CCodecConfig: c2::u32 input.buffers.max-size.value = 2097152
06-04 09:12:00.318 1262 1369 D CCodecConfig: string input.media-type.value = "video/hevc"
06-04 09:12:00.318 1262 1369 D CCodecConfig: c2::u32 output.delay.value = 16
06-04 09:12:00.318 1262 1369 D CCodecConfig: string output.media-type.value = "video/raw"
06-04 09:12:00.318 1262 1369 D CCodecConfig: c2::u32 raw.color.matrix = 0
06-04 09:12:00.318 1262 1369 D CCodecConfig: c2::u32 raw.color.primaries = 0
06-04 09:12:00.318 1262 1369 D CCodecConfig: c2::u32 raw.color.range = 2
06-04 09:12:00.318 1262 1369 D CCodecConfig: c2::u32 raw.color.transfer = 0
06-04 09:12:00.318 1262 1369 D CCodecConfig: c2::i32 raw.rotation.flip = 0
06-04 09:12:00.318 1262 1369 D CCodecConfig: c2::i32 raw.rotation.value = 0
06-04 09:12:00.318 1262 1369 D CCodecConfig: c2::u32 raw.sar.height = 1
06-04 09:12:00.318 1262 1369 D CCodecConfig: c2::u32 raw.sar.width = 1
06-04 09:12:00.318 1262 1369 D CCodecConfig: c2::u32 raw.size.height = 240
06-04 09:12:00.318 1262 1369 D CCodecConfig: c2::u32 raw.size.width = 320
06-04 09:12:00.318 1262 1369 D CCodecConfig: c2::u32 raw.surface-scaling.value = 1
06-04 09:12:00.318 1262 1369 D CCodecConfig: }
06-04 09:12:00.319 1262 1369 W ColorUtils: expected specified color aspects (2:0:0:0)
06-04 09:12:00.326 846 853 I ndroid.systemui: JIT allocated 56KB for compiled code of java.lang.Object com.android.systemui.dagger.DaggerReferenceGlobalRootComponent$ReferenceSysUIComponentImpl$SwitchingProvider.get10()
06-04 09:12:00.327 1262 1367 D WM-PackageManagerHelper: Skipping component enablement for androidx.work.impl.background.systemalarm.RescheduleReceiver
06-04 09:12:00.328 846 853 I ndroid.systemui: Compiler allocated 4917KB to compile java.lang.Object com.android.systemui.dagger.DaggerReferenceGlobalRootComponent$ReferenceSysUIComponentImpl$SwitchingProvider.get10()
06-04 09:12:00.332 1262 1369 D CCodec : [c2.v4l2.hevc.decoder] buffers are bound to CCodec for this session
06-04 09:12:00.332 1262 1369 D CCodec : Client requested ByteBuffer mode decoder w/o color format set: using default planar color format
06-04 09:12:00.333 1262 1369 D CCodecConfig: no c2 equivalents for flags
06-04 09:12:00.342 1262 1369 D CCodecConfig: c2 config diff is c2::u32 raw.size.height = 1080
06-04 09:12:00.342 1262 1369 D CCodecConfig: c2::u32 raw.size.width = 1920
06-04 09:12:00.344 1262 1369 W ColorUtils: expected specified color aspects (2:0:0:0)
06-04 09:12:00.345 1262 1369 D CCodec : encoding statistics level = 0
06-04 09:12:00.346 1262 1369 D CCodec : setup formats input: AMessage(what = 0x00000000) = {
06-04 09:12:00.346 1262 1369 D CCodec : int32_t height = 1080
06-04 09:12:00.346 1262 1369 D CCodec : int32_t level = 1
06-04 09:12:00.346 1262 1369 D CCodec : int32_t max-input-size = 2097152
06-04 09:12:00.346 1262 1369 D CCodec : string mime = "video/hevc"
06-04 09:12:00.346 1262 1369 D CCodec : int32_t profile = 1
06-04 09:12:00.346 1262 1369 D CCodec : int32_t width = 1920
06-04 09:12:00.346 1262 1369 D CCodec : Rect crop(0, 0, 1919, 1079)
06-04 09:12:00.346 1262 1369 D CCodec : int64_t android._C2MemoryUsage = 4194304
06-04 09:12:00.346 1262 1369 D CCodec : int32_t color-transfer-request = 0
06-04 09:12:00.346 1262 1369 D CCodec : }
06-04 09:12:00.346 1262 1369 D CCodec : setup formats output: AMessage(what = 0x00000000) = {
06-04 09:12:00.346 1262 1369 D CCodec : int32_t android._video-scaling = 1
06-04 09:12:00.346 1262 1369 D CCodec : int32_t rotation-degrees = 0
06-04 09:12:00.346 1262 1369 D CCodec : int32_t color-standard = 0
06-04 09:12:00.346 1262 1369 D CCodec : int32_t color-range = 2
06-04 09:12:00.346 1262 1369 D CCodec : int32_t color-transfer = 0
06-04 09:12:00.346 1262 1369 D CCodec : int32_t sar-height = 1
06-04 09:12:00.346 1262 1369 D CCodec : int32_t sar-width = 1
06-04 09:12:00.346 1262 1369 D CCodec : Rect crop(0, 0, 1919, 1079)
06-04 09:12:00.346 1262 1369 D CCodec : int32_t width = 1920
06-04 09:12:00.346 1262 1369 D CCodec : int32_t height = 1080
06-04 09:12:00.346 1262 1369 D CCodec : string mime = "video/raw"
06-04 09:12:00.346 1262 1369 D CCodec : int32_t android._dataspace = 268435456
06-04 09:12:00.346 1262 1369 D CCodec : int32_t color-format = 19
06-04 09:12:00.346 1262 1369 D CCodec : }
06-04 09:12:00.346 1262 1369 I CCodecConfig: query failed after returning 10 values (BAD_INDEX)
06-04 09:12:00.348 533 974 W ResourceManagerMetrics: notifyClientStopped: Start Config is missing!
06-04 09:12:00.352 1262 1262 I TranscodeHelper: Device HDR Plugin is available: false
06-04 09:12:00.353 617 917 W com.android.internal.protolog.LogcatOnlyProtoLogImpl: ProtoLog message not processed. Failed to log it to proto. Logging it below to logcat instead.
06-04 09:12:00.353 617 917 V WindowManager: Binding proc com.android.localtransport with config {0.0 ?mcc0mnc ?localeList ?layoutDir ?swdp ?wdp ?hdp ?density ?lsize ?long ?ldr ?wideColorGamut ?orien ?uimode ?night ?touch ?keyb/?/? ?nav/? winConfig={ mBounds=Rect(0, 0 - 0, 0) mAppBounds=null mMaxBounds=Rect(0, 0 - 0, 0) mDisplayRotation=undefined mWindowingMode=undefined mActivityType=undefined mAlwaysOnTop=undefined mRotation=undefined} ?fontWeightAdjustment}
06-04 09:12:00.354 617 917 D CompatChangeReporter: Compat change id reported: 151861875; UID 1000; state: ENABLED
06-04 09:12:00.355 846 846 D KeyguardViewMediator: KeyguardViewMediator queue processing message: SYSTEM_READY
06-04 09:12:00.356 617 797 D SystemServerTiming: getUserSwitchability-0
06-04 09:12:00.356 617 797 D SystemServerTiming: TM.isInCall
06-04 09:12:00.356 846 846 D KeyguardViewMediator: KeyguardViewMediator queue processing message: NOTIFY_STARTED_WAKING_UP
06-04 09:12:00.356 617 797 V SystemServerTiming: TM.isInCall took to complete: 0ms
06-04 09:12:00.356 617 797 D SystemServerTiming: hasUserRestriction-DISALLOW_USER_SWITCH
06-04 09:12:00.356 617 797 V SystemServerTiming: hasUserRestriction-DISALLOW_USER_SWITCH took to complete: 0ms
06-04 09:12:00.356 617 797 D SystemServerTiming: getInt-ALLOW_USER_SWITCHING_WHEN_SYSTEM_USER_LOCKED
06-04 09:12:00.359 617 797 V SystemServerTiming: getInt-ALLOW_USER_SWITCHING_WHEN_SYSTEM_USER_LOCKED took to complete: 3ms
06-04 09:12:00.359 617 797 D SystemServerTiming: isUserUnlocked-USER_SYSTEM
06-04 09:12:00.359 617 797 V SystemServerTiming: isUserUnlocked-USER_SYSTEM took to complete: 0ms
06-04 09:12:00.359 617 797 V SystemServerTiming: getUserSwitchability-0 took to complete: 3ms
06-04 09:12:00.359 476 882 I hw-BpHwBinder: onLastStrongRef automatically unlinking death recipients
06-04 09:12:00.361 846 846 D CentralSurfaces: mShouldDelayWakeUpAnimation CLEARED
06-04 09:12:00.353 1262 1262 I TranscodeHelper: Empty transcode compat stale
06-04 09:12:00.362 846 846 D CentralSurfaces: !shouldBeKeyguard mStatusBarStateController.isKeyguardRequested() false keyguardForDozing false wakeAndUnlocking false isWakingAndOccluded false
06-04 09:12:00.363 846 846 D CentralSurfaces: hideKeyguardImpl false
06-04 09:12:00.363 1262 1262 I TranscodeHelper: Parsed 0 packages from resource
06-04 09:12:00.363 1262 1262 I TranscodeHelper: Empty device config transcode compat manifest
06-04 09:12:00.364 1262 1369 I hw-BpHwBinder: onLastStrongRef automatically unlinking death recipients
06-04 09:12:00.381 846 846 W DepthController: Invalid qs expansion
06-04 09:12:00.402 846 875 D ShellSplitScreen: UNKNOWN MESSAGE (2180125002225367388)
06-04 09:12:00.424 846 846 D DisplayRepository: combining enabled=[0], connectedExternalDisplayIds=[], ignored=[]
06-04 09:12:00.453 846 913 W AudioManager: attempt to call registerAudioRecordingCallback() on a previouslyregistered callback
06-04 09:12:00.455 1262 1262 D PickerSyncLockManager: Trying to acquire lock com.android.providers.media.photopicker.sync.CloseableReentrantLock@235eb6e[Unlocked]. Lock Name = CLOUD_PROVIDER_LOCK. Threads that may be waiting to acquire this lock = []
06-04 09:12:00.456 1262 1262 D CloseableReentrantLock: Successfully acquired lock com.android.providers.media.photopicker.sync.CloseableReentrantLock@235eb6e[Locked by thread main]. Lock Name = CLOUD_PROVIDER_LOCK. Threads that may be waiting to acquire this lock = []
06-04 09:12:00.457 1262 1262 D CloseableReentrantLock: Successfully released lock com.android.providers.media.photopicker.sync.CloseableReentrantLock@235eb6e[Unlocked]. Lock Name = CLOUD_PROVIDER_LOCK. Threads that may be waiting to acquire this lock = []
06-04 09:12:00.462 1262 1262 D CompatChangeReporter: Compat change id reported: 312399441; UID 10094; state: ENABLED
06-04 09:12:00.472 1262 1262 V MediaStore: Examining volume emulated;0 with name external_primary and state checking
06-04 09:12:00.472 1262 1262 V MediaProvider: attachVolume() called for internal with state:null
06-04 09:12:00.484 1371 1371 D nativeloader: Configuring clns-shared-7 for other apk /system/priv-app/LocalTransport/LocalTransport.apk. target_sdk_version=35, uses_libraries=, library_path=/system/priv-app/LocalTransport/lib/arm64:/system/priv-app/LocalTransport/LocalTransport.apk!/lib/arm64-v8a:/system/lib64, permitted_path=/data:/mnt/expand:/data/user/0/com.android.localtransport:/system/priv-app/LocalTransport:/system/lib64
06-04 09:12:00.495 1371 1371 D CompatChangeReporter: Compat change id reported: 202956589; UID 1000; state: ENABLED
06-04 09:12:00.527 1262 1358 V MediaProvider: onConfigure() for external.db
06-04 09:12:00.539 617 814 D ShortcutService: Saving package item com.android.documentsui to /data/system_ce/0/shortcut_service/packages/com.android.documentsui.xml
06-04 09:12:00.565 1262 1262 I MediaProvider: Changed PhotoPickerGetContentActivity component state to STATE_ENABLED ( 1 )
06-04 09:12:00.584 1262 1262 I MediaProvider: Changed PhotoPickerActivity component state to STATE_ENABLED ( 1 )
06-04 09:12:00.587 617 663 V GrammaticalInflectionUtils: AttributionSource: AttributionSource { uid = 10093, packageName = null, attributionTag = null, token = android.os.Binder@b163f50, deviceId = 0, next = null } does not have READ_SYSTEM_GRAMMATICAL_GENDER permission.
06-04 09:12:00.587 617 663 D CompatChangeReporter: Compat change id reported: 151861875; UID 10093; state: ENABLED
06-04 09:12:00.595 1262 1358 V MediaProvider: onOpen() for external.db
06-04 09:12:00.596 1262 1358 W JobInfo : Job 'com.android.providers.media.module/com.android.providers.media.MediaService#-300' has a deadline with no functional constraints. The deadline won't improve job execution latency. Consider removing the deadline.
06-04 09:12:00.597 1262 1262 I MediaProvider: Changed PhotoPickerUserSelectActivity component state to STATE_ENABLED ( 1 )
06-04 09:12:00.597 617 797 W JobInfo : Job 'com.android.providers.media.module/com.android.providers.media.MediaService#-300' has a deadline with no functional constraints. The deadline won't improve job execution latency. Consider removing the deadline.
06-04 09:12:00.613 1262 1262 D PulledMetrics: Registering callback with StatsManager
06-04 09:12:00.614 1371 1371 V GraphicsEnvironment: Currently set values for:
06-04 09:12:00.614 1371 1371 V GraphicsEnvironment: angle_gl_driver_selection_pkgs=[]
06-04 09:12:00.614 1371 1371 V GraphicsEnvironment: angle_gl_driver_selection_values=[]
06-04 09:12:00.614 1371 1371 V GraphicsEnvironment: Global.Settings values are invalid: number of packages: 0, number of values: 0
06-04 09:12:00.614 1371 1371 V GraphicsEnvironment: Neither updatable production driver nor prerelease driver is supported.
06-04 09:12:00.628 617 814 D ShortcutService: Persisting shortcuts from 0@com.android.documentsui
06-04 09:12:00.629 617 814 D ShortcutService: content://com.android.providers.media.documents/root/images_root [ImManIc-rStr]
06-04 09:12:00.629 1262 1358 I MediaProvider: No database change across sequential open calls for external.db.
06-04 09:12:00.630 1262 1358 D MediaProvider: xattr set to 67512bb0-7e6c-4ab3-b4c3-3d9d0e0002a2 for key:user.extdbsessionid0 on path: /data/user/0/com.android.providers.media.module/databases/external.db.
06-04 09:12:00.636 458 458 D Zygote : Forked child process 1394
06-04 09:12:00.640 617 664 W ActivityManager: Slow operation: 52ms so far, now at startProcess: done updating battery stats
06-04 09:12:00.641 617 664 W ActivityManager: Slow operation: 53ms so far, now at startProcess: building log message
06-04 09:12:00.641 617 664 I ActivityManager: Start proc 1394:com.android.photopicker/u0a93 for broadcast {com.android.photopicker/com.android.photopicker.PhotopickerDeviceConfigReceiver}
06-04 09:12:00.641 617 664 W ActivityManager: Slow operation: 53ms so far, now at startProcess: starting to update pids map
06-04 09:12:00.643 617 664 W ActivityManager: Slow operation: 54ms so far, now at startProcess: done updating pids map
06-04 09:12:00.649 455 482 I netd : tetherGetStats() -> {[]} <16.39ms>
06-04 09:12:00.666 1262 1358 D MediaProvider: xattr set to 67512bb0-7e6c-4ab3-b4c3-3d9d0e0002a2 for key:user.extdbsessionid0 on path: /data/media/0.
06-04 09:12:00.667 1262 1358 I MediaProvider: SessionId set to 67512bb0-7e6c-4ab3-b4c3-3d9d0e0002a2 on paths /data/user/0/com.android.providers.media.module/databases/external.db and /data/media/0.
06-04 09:12:00.668 1262 1358 V MediaProvider: onOpen() finished for external.db
06-04 09:12:00.687 1089 1089 E Overrides: Bad overriden class
06-04 09:12:00.687 1089 1089 E Overrides: java.lang.NoSuchMethodException: com.android.launcher3.taskbar.TaskbarModelCallbacksFactory. [class android.content.Context]
06-04 09:12:00.687 1089 1089 E Overrides: at java.lang.Class.getConstructor0(Class.java:3395)
06-04 09:12:00.687 1089 1089 E Overrides: at java.lang.Class.getDeclaredConstructor(Class.java:3077)
06-04 09:12:00.687 1089 1089 E Overrides: at com.android.launcher3.util.ResourceBasedOverride$Overrides.getObject(ResourceBasedOverride.java:42)
06-04 09:12:00.687 1089 1089 E Overrides: at com.android.launcher3.taskbar.TaskbarModelCallbacksFactory$Companion.newInstance(TaskbarModelCallbacksFactory.kt:35)
06-04 09:12:00.687 1089 1089 E Overrides: at com.android.launcher3.taskbar.TaskbarModelCallbacksFactory.newInstance(TaskbarModelCallbacksFactory.kt:0)
06-04 09:12:00.687 1089 1089 E Overrides: at com.android.launcher3.taskbar.TaskbarViewController.(TaskbarViewController.java:194)
06-04 09:12:00.687 1089 1089 E Overrides: at com.android.launcher3.taskbar.TaskbarActivityContext.(TaskbarActivityContext.java:321)
06-04 09:12:00.687 1089 1089 E Overrides: at com.android.launcher3.taskbar.TaskbarManager.recreateTaskbar(TaskbarManager.java:477)
06-04 09:12:00.687 1089 1089 E Overrides: at com.android.launcher3.taskbar.TaskbarManager.onUserUnlocked(TaskbarManager.java:383)
06-04 09:12:00.687 1089 1089 E Overrides: at com.android.quickstep.TouchInteractionService$$ExternalSyntheticLambda2.run(R8$$SyntheticClass:0)
06-04 09:12:00.687 1089 1089 E Overrides: at com.android.launcher3.util.RunnableList.executeAllAndClear(RunnableList.java:68)
06-04 09:12:00.687 1089 1089 E Overrides: at com.android.launcher3.util.RunnableList.executeAllAndDestroy(RunnableList.java:56)
06-04 09:12:00.687 1089 1089 E Overrides: at com.android.launcher3.util.LockedUserState.notifyUserUnlocked(LockedUserState.kt:74)
06-04 09:12:00.687 1089 1089 E Overrides: at com.android.launcher3.util.LockedUserState.setUserUnlocked(LockedUserState.kt:32)
06-04 09:12:00.687 1089 1089 E Overrides: at com.android.launcher3.util.LockedUserState.access$setUserUnlocked(LockedUserState.kt:26)
06-04 09:12:00.687 1089 1089 E Overrides: at com.android.launcher3.util.LockedUserState$mUserUnlockedReceiver$1.accept(LockedUserState.kt:42)
06-04 09:12:00.687 1089 1089 E Overrides: at com.android.launcher3.util.LockedUserState$mUserUnlockedReceiver$1.accept(LockedUserState.kt:40)
06-04 09:12:00.687 1089 1089 E Overrides: at com.android.launcher3.util.SimpleBroadcastReceiver.onReceive(SimpleBroadcastReceiver.java:50)
06-04 09:12:00.687 1089 1089 E Overrides: at android.app.LoadedApk$ReceiverDispatcher$Args.lambda$getRunnable$0(LoadedApk.java:1814)
06-04 09:12:00.687 1089 1089 E Overrides: at android.app.LoadedApk$ReceiverDispatcher$Args.$r8$lambda$mcNAAl1SQ4MyJPyDg8TJ2x2h0Rk(Unknown Source:0)
06-04 09:12:00.687 1089 1089 E Overrides: at android.app.LoadedApk$ReceiverDispatcher$Args$$ExternalSyntheticLambda0.run(D8$$SyntheticClass:0)
06-04 09:12:00.687 1089 1089 E Overrides: at android.os.Handler.handleCallback(Handler.java:991)
06-04 09:12:00.687 1089 1089 E Overrides: at android.os.Handler.dispatchMessage(Handler.java:102)
06-04 09:12:00.687 1089 1089 E Overrides: at android.os.Looper.loopOnce(Looper.java:232)
06-04 09:12:00.687 1089 1089 E Overrides: at android.os.Looper.loop(Looper.java:317)
06-04 09:12:00.687 1089 1089 E Overrides: at android.app.ActivityThread.main(ActivityThread.java:8787)
06-04 09:12:00.687 1089 1089 E Overrides: at java.lang.reflect.Method.invoke(Native Method)
06-04 09:12:00.687 1089 1089 E Overrides: at com.android.internal.os.RuntimeInit$MethodAndArgsCaller.run(RuntimeInit.java:591)
06-04 09:12:00.687 1089 1089 E Overrides: at com.android.internal.os.ZygoteInit.main(ZygoteInit.java:871)
06-04 09:12:00.694 1262 1262 I MediaApplication: PhotoPickerSettingsActivity is now disabled.
06-04 09:12:00.741 617 1255 I StorageUserConnection: Service: [ComponentInfo{com.android.providers.media.module/com.android.providers.media.fuse.ExternalStorageServiceImpl}] connected. User [0]
06-04 09:12:00.741 1394 1394 I oid.photopicker: Using CollectorTypeCMC GC.
06-04 09:12:00.760 1394 1394 E oid.photopicker: Not starting debugger since process cannot load the jdwp agent.
06-04 09:12:00.781 1394 1394 D nativeloader: Load libframework-connectivity-tiramisu-jni.so using APEX ns com_android_tethering for caller /apex/com.android.tethering/javalib/framework-connectivity-t.jar: ok
06-04 09:12:00.796 846 913 I WifiStateWorker: WifiManager.getWifiState():1
06-04 09:12:00.809 1089 1089 E Overrides: Bad overriden class
06-04 09:12:00.809 1089 1089 E Overrides: java.lang.NoSuchMethodException: com.android.launcher3.taskbar.TaskbarViewCallbacksFactory. [class android.content.Context]
06-04 09:12:00.809 1089 1089 E Overrides: at java.lang.Class.getConstructor0(Class.java:3395)
06-04 09:12:00.809 1089 1089 E Overrides: at java.lang.Class.getDeclaredConstructor(Class.java:3077)
06-04 09:12:00.809 1089 1089 E Overrides: at com.android.launcher3.util.ResourceBasedOverride$Overrides.getObject(ResourceBasedOverride.java:42)
06-04 09:12:00.809 1089 1089 E Overrides: at com.android.launcher3.taskbar.TaskbarViewCallbacksFactory$Companion.newInstance(TaskbarViewCallbacksFactory.kt:36)
06-04 09:12:00.809 1089 1089 E Overrides: at com.android.launcher3.taskbar.TaskbarViewCallbacksFactory.newInstance(TaskbarViewCallbacksFactory.kt:0)
06-04 09:12:00.809 1089 1089 E Overrides: at com.android.launcher3.taskbar.TaskbarViewController.init(TaskbarViewController.java:208)
06-04 09:12:00.809 1089 1089 E Overrides: at com.android.launcher3.taskbar.TaskbarControllers.init(TaskbarControllers.java:159)
06-04 09:12:00.809 1089 1089 E Overrides: at com.android.launcher3.taskbar.TaskbarActivityContext.init(TaskbarActivityContext.java:413)
06-04 09:12:00.809 1089 1089 E Overrides: at com.android.launcher3.taskbar.TaskbarManager.recreateTaskbar(TaskbarManager.java:486)
06-04 09:12:00.809 1089 1089 E Overrides: at com.android.launcher3.taskbar.TaskbarManager.onUserUnlocked(TaskbarManager.java:383)
06-04 09:12:00.809 1089 1089 E Overrides: at com.android.quickstep.TouchInteractionService$$ExternalSyntheticLambda2.run(R8$$SyntheticClass:0)
06-04 09:12:00.809 1089 1089 E Overrides: at com.android.launcher3.util.RunnableList.executeAllAndClear(RunnableList.java:68)
06-04 09:12:00.809 1089 1089 E Overrides: at com.android.launcher3.util.RunnableList.executeAllAndDestroy(RunnableList.java:56)
06-04 09:12:00.809 1089 1089 E Overrides: at com.android.launcher3.util.LockedUserState.notifyUserUnlocked(LockedUserState.kt:74)
06-04 09:12:00.809 1089 1089 E Overrides: at com.android.launcher3.util.LockedUserState.setUserUnlocked(LockedUserState.kt:32)
06-04 09:12:00.809 1089 1089 E Overrides: at com.android.launcher3.util.LockedUserState.access$setUserUnlocked(LockedUserState.kt:26)
