06-04 09:12:00.809 1089 1089 E Overrides: at com.android.launcher3.util.LockedUserState$mUserUnlockedReceiver$1.accept(LockedUserState.kt:42)
06-04 09:12:00.809 1089 1089 E Overrides: at com.android.launcher3.util.LockedUserState$mUserUnlockedReceiver$1.accept(LockedUserState.kt:40)
06-04 09:12:00.809 1089 1089 E Overrides: at com.android.launcher3.util.SimpleBroadcastReceiver.onReceive(SimpleBroadcastReceiver.java:50)
06-04 09:12:00.809 1089 1089 E Overrides: at android.app.LoadedApk$ReceiverDispatcher$Args.lambda$getRunnable$0(LoadedApk.java:1814)
06-04 09:12:00.809 1089 1089 E Overrides: at android.app.LoadedApk$ReceiverDispatcher$Args.$r8$lambda$mcNAAl1SQ4MyJPyDg8TJ2x2h0Rk(Unknown Source:0)
06-04 09:12:00.809 1089 1089 E Overrides: at android.app.LoadedApk$ReceiverDispatcher$Args$$ExternalSyntheticLambda0.run(D8$$SyntheticClass:0)
06-04 09:12:00.809 1089 1089 E Overrides: at android.os.Handler.handleCallback(Handler.java:991)
06-04 09:12:00.809 1089 1089 E Overrides: at android.os.Handler.dispatchMessage(Handler.java:102)
06-04 09:12:00.809 1089 1089 E Overrides: at android.os.Looper.loopOnce(Looper.java:232)
06-04 09:12:00.809 1089 1089 E Overrides: at android.os.Looper.loop(Looper.java:317)
06-04 09:12:00.809 1089 1089 E Overrides: at android.app.ActivityThread.main(ActivityThread.java:8787)
06-04 09:12:00.809 1089 1089 E Overrides: at java.lang.reflect.Method.invoke(Native Method)
06-04 09:12:00.809 1089 1089 E Overrides: at com.android.internal.os.RuntimeInit$MethodAndArgsCaller.run(RuntimeInit.java:591)
06-04 09:12:00.809 1089 1089 E Overrides: at com.android.internal.os.ZygoteInit.main(ZygoteInit.java:871)
06-04 09:12:00.830 617 906 W com.android.internal.protolog.LogcatOnlyProtoLogImpl: ProtoLog message not processed. Failed to log it to proto. Logging it below to logcat instead.
06-04 09:12:00.832 617 617 I TransportConnection: LocalTransportService#0: Notifying [TransportManager.registerTransport()] transport = BackupTransportClient
06-04 09:12:00.834 617 906 V WindowManager: Binding proc com.android.photopicker with config {1.0 ?mcc0mnc [en_US] ldltr sw720dp w1280dp h720dp 240dpi xlrg long land -touch qwerty/v/v dpad/v winConfig={ mBounds=Rect(0, 0 - 1920, 1080) mAppBounds=Rect(0, 0 - 1920, 1080) mMaxBounds=Rect(0, 0 - 1920, 1080) mDisplayRotation=ROTATION_0 mWindowingMode=fullscreen mActivityType=undefined mAlwaysOnTop=undefined mRotation=ROTATION_0} s.6 fontWeightAdjustment=0}
06-04 09:12:00.839 1262 1406 I MediaProvider: Begin Intent { act=com.android.providers.media.action.RECOVER_PUBLIC_VOLUMES }
06-04 09:12:00.860 1262 1406 I MediaProvider: End Intent { act=com.android.providers.media.action.RECOVER_PUBLIC_VOLUMES }
06-04 09:12:00.879 617 814 D ShortcutService: Saving package item com.android.contacts to /data/system_ce/0/shortcut_service/packages/com.android.contacts.xml
06-04 09:12:00.898 617 1263 W AppSearchIcing: icing-search-engine.cc:328: Error: 5, Message: Missing file: /data/system_ce/0/appsearch/icing/schema_dir/schema.pb
06-04 09:12:00.914 617 1263 W AppSearchIcing: icing-search-engine.cc:328: Error: 5, Message: Missing file: /data/system_ce/0/appsearch/icing/schema_dir/schema.pb
06-04 09:12:00.917 617 1018 D CompatChangeReporter: Compat change id reported: 311208629; UID 10094; state: ENABLED
06-04 09:12:00.933 617 906 I AppWidgetServiceImpl: getInstalledProvidersForProfiles() 0
06-04 09:12:00.942 617 797 I AppWidgetServiceImpl: notifyProviderInheritance() 0
06-04 09:12:00.948 846 846 I Choreographer: Skipped 380 frames! The application may be doing too much work on its main thread.
06-04 09:12:00.948 1262 1396 I ExternalStorageServiceImpl: Starting session for id: emulated;0
06-04 09:12:00.950 1262 1396 V FuseDaemonThread: Waiting 100ms for FUSE start. Count 49
06-04 09:12:00.955 617 906 I AppWidgetServiceImpl: startListening() 0
06-04 09:12:00.960 1089 1089 D TISBindHelper: TIS service connected
06-04 09:12:00.968 1262 1410 I FuseDaemonThread: Starting thread for emulated;0 ...
06-04 09:12:00.969 1262 1410 I FuseDaemon: fuse-bpf is enabled because /sys/fs/fuse/features/fuse_bpf reads 'supported'
06-04 09:12:00.969 1262 1410 I FuseDaemon: Using FUSE BPF, BPF prog fd fetched
06-04 09:12:00.973 1262 1410 I FuseDaemon: Starting fuse...
06-04 09:12:00.983 1394 1394 D ApplicationLoaders: Returning zygote-cached class loader: /system_ext/framework/androidx.window.extensions.jar
06-04 09:12:00.983 1394 1394 D ApplicationLoaders: Returning zygote-cached class loader: /system_ext/framework/androidx.window.sidecar.jar
06-04 09:12:00.988 617 814 D ShortcutService: Persisting shortcuts from 0@com.android.contacts
06-04 09:12:00.998 1089 1089 D StatsLog: LAUNCHER_ONRESUME
06-04 09:12:01.003 617 814 D ShortcutService: shortcut-add-contact [ImManIc-rStr]
06-04 09:12:01.005 1089 1089 I Choreographer: Skipped 65 frames! The application may be doing too much work on its main thread.
06-04 09:12:01.008 617 645 I AppWidgetServiceImpl: startListening() 0
06-04 09:12:01.014 617 645 D CoreBackPreview: Window{ed2666b u0 com.android.launcher3/com.android.launcher3.uioverrides.QuickstepLauncher}: Setting back callback OnBackInvokedCallbackInfo{mCallback=android.window.IOnBackInvokedCallback$Stub$Proxy@90e8cad, mPriority=-1, mIsAnimationCallback=false}
06-04 09:12:01.022 617 906 D CoreBackPreview: Window{ed2666b u0 com.android.launcher3/com.android.launcher3.uioverrides.QuickstepLauncher}: Setting back callback OnBackInvokedCallbackInfo{mCallback=android.window.IOnBackInvokedCallback$Stub$Proxy@e15aa30, mPriority=0, mIsAnimationCallback=true}
06-04 09:12:01.081 1089 1089 D OverviewActionsView: updateActionButtonsVisibility() called: showSingleTaskActions = [true], showGroupActions = [false]
06-04 09:12:01.092 1394 1394 D nativeloader: Configuring clns-shared-7 for other apk /apex/com.android.mediaprovider/priv-app/Photopicker@AP4A.250105.002.A1/Photopicker.apk. target_sdk_version=35, uses_libraries=, library_path=/apex/com.android.mediaprovider/priv-app/Photopicker@AP4A.250105.002.A1/lib/arm64:/system/lib64, permitted_path=/data:/mnt/expand:/data/user/0/com.android.photopicker:/apex/com.android.mediaprovider/priv-app/Photopicker@AP4A.250105.002.A1:/system/lib64
06-04 09:12:01.117 1394 1394 D nativeloader: InitApexLibraries:
06-04 09:12:01.117 1394 1394 D nativeloader: com_android_adservices: libhpke_jni.so:libtflite_support_classifiers_native.so
06-04 09:12:01.117 1394 1394 D nativeloader: com_android_appsearch: libicing.so
06-04 09:12:01.117 1394 1394 D nativeloader: com_android_art: libartservice.so
06-04 09:12:01.117 1394 1394 D nativeloader: com_android_btservices: libbluetooth_jni.so
06-04 09:12:01.117 1394 1394 D nativeloader: com_android_conscrypt: libjavacrypto.so
06-04 09:12:01.117 1394 1394 D nativeloader: com_android_extservices: libtflite_support_classifiers_native.so
06-04 09:12:01.117 1394 1394 D nativeloader: com_android_mediaprovider: libpdfclient.so
06-04 09:12:01.117 1394 1394 D nativeloader: com_android_nfcservices: libnfc_nci_jni.so
06-04 09:12:01.117 1394 1394 D nativeloader: com_android_ondevicepersonalization: libfcp_cpp_dep_jni.so:libfcp_hpke_jni.so
06-04 09:12:01.117 1394 1394 D nativeloader: com_android_os_statsd: libstats_jni.so
06-04 09:12:01.117 1394 1394 D nativeloader: com_android_tethering: libandroid_net_connectivity_com_android_net_module_util_jni.so:libcrypto.so:libframework-connectivity-jni.so:libframework-connectivity-tiramisu-jni.so:libmainlinecronet.126.0.6423.0.so:libservice-connectivity.so:libservice-thread-jni.so:libssl.so
06-04 09:12:01.117 1394 1394 D nativeloader: com_android_uwb: libuwb_uci_jni_rust.so
06-04 09:12:01.117 1394 1394 D nativeloader: com_android_virt: libvirtualizationservice_jni.so:libvirtualmachine_jni.so
06-04 09:12:01.121 617 814 D ShortcutService: Saving package item com.android.settings to /data/system_ce/0/shortcut_service/packages/com.android.settings.xml
06-04 09:12:01.128 617 814 D ShortcutService: Persisting shortcuts from 0@com.android.settings
06-04 09:12:01.129 617 814 D ShortcutService: manifest-shortcut-wifi [ImManIc-rStr]
06-04 09:12:01.130 617 814 D ShortcutService: manifest-shortcut-battery [ImManIc-rStr]
06-04 09:12:01.170 1089 1108 D CompatChangeReporter: Compat change id reported: 270674727; UID 10067; state: ENABLED
06-04 09:12:01.173 1089 1108 D b/353505773: before: Database file: launcher_6_by_5.db
06-04 09:12:01.173 1089 1108 D b/353505773: before: Database file: launcher_6_by_5.db-journal
06-04 09:12:01.173 1089 1108 D b/353505773: before: Database file: app_icons.db
06-04 09:12:01.173 1089 1108 D b/353505773: before: Database file: app_icons.db-journal
06-04 09:12:01.174 1089 1108 D RestoreDbTask: No restore task pending, exiting RestoreDbTask
06-04 09:12:01.175 1089 1108 D b/353505773: after: Database file: launcher_6_by_5.db
06-04 09:12:01.175 1089 1108 D b/353505773: after: Database file: launcher_6_by_5.db-journal
06-04 09:12:01.175 1089 1108 D b/353505773: after: Database file: app_icons.db
06-04 09:12:01.175 1089 1108 D b/353505773: after: Database file: app_icons.db-journal
06-04 09:12:01.177 617 1257 D BackupTransportManager: [UserID:0] Transport com.android.localtransport/.LocalTransportService registered
06-04 09:12:01.177 617 1257 D BackupManagerService: [UserID:0] Transport com.android.localtransport/.LocalTransport registered 4109ms after first request (delay = 3000ms)
06-04 09:12:01.177 1089 1108 D LauncherProvider: migrateGridIfNeeded: no grid migration needed
06-04 09:12:01.178 1089 1108 D LoaderTask: loadWorkspace: loading default favorites
06-04 09:12:01.185 253 315 I vold : fuse-bpf is enabled because /sys/fs/fuse/features/fuse_bpf reads 'supported'
06-04 09:12:01.185 253 315 I vold : Setting ro.fuse.bpf.is_running to true
06-04 09:12:01.187 1089 1108 D LoaderTask: loadWorkspace: Packages with active install sessions: []
06-04 09:12:01.188 1394 1394 D CompatChangeReporter: Compat change id reported: 202956589; UID 10093; state: ENABLED
06-04 09:12:01.198 255 265 W ServiceManagerCppClient: Permission failure: android.permission.ACCESS_SURFACE_FLINGER from uid=10067 pid=1089
06-04 09:12:01.198 255 265 D PermissionCache: checking android.permission.ACCESS_SURFACE_FLINGER for uid=10067 => denied (898 us)
06-04 09:12:01.199 253 315 I vold : Configuring read_ahead of /mnt/user/0/emulated fuse filesystem to 256kb
06-04 09:12:01.199 255 265 D PermissionCache: checking an