04-01 08:46:38.079 617 617 V SystemServerTiming: OnBootPhase_200_com.android.server.security.KeyChainSystemService took to complete: 0ms
04-01 08:46:38.079 617 617 D SystemServerTiming: OnBootPhase_200_com.android.server.BinaryTransparencyService
04-01 08:46:38.079 617 617 V SystemServerTiming: OnBootPhase_200_com.android.server.BinaryTransparencyService took to complete: 0ms
04-01 08:46:38.079 617 617 D SystemServerTiming: OnBootPhase_200_com.android.server.accounts.AccountManagerService$Lifecycle
04-01 08:46:38.079 617 617 V SystemServerTiming: OnBootPhase_200_com.android.server.accounts.AccountManagerService$Lifecycle took to complete: 0ms
04-01 08:46:38.079 617 617 D SystemServerTiming: OnBootPhase_200_com.android.server.content.ContentService$Lifecycle
04-01 08:46:38.079 617 617 V SystemServerTiming: OnBootPhase_200_com.android.server.content.ContentService$Lifecycle took to complete: 0ms
04-01 08:46:38.079 617 617 D SystemServerTiming: OnBootPhase_200_com.android.server.deviceconfig.DeviceConfigInit$Lifecycle
04-01 08:46:38.079 617 617 V SystemServerTiming: OnBootPhase_200_com.android.server.deviceconfig.DeviceConfigInit$Lifecycle took to complete: 0ms
04-01 08:46:38.079 617 617 D SystemServerTiming: OnBootPhase_200_com.android.server.DropBoxManagerService
04-01 08:46:38.079 617 617 V SystemServerTiming: OnBootPhase_200_com.android.server.DropBoxManagerService took to complete: 0ms
04-01 08:46:38.079 617 617 D SystemServerTiming: OnBootPhase_200_com.android.ecm.EnhancedConfirmationService
04-01 08:46:38.079 617 617 V SystemServerTiming: OnBootPhase_200_com.android.ecm.EnhancedConfirmationService took to complete: 0ms
04-01 08:46:38.079 617 617 D SystemServerTiming: OnBootPhase_200_com.android.server.power.hint.HintManagerService
04-01 08:46:38.079 617 617 V SystemServerTiming: OnBootPhase_200_com.android.server.power.hint.HintManagerService took to complete: 0ms
04-01 08:46:38.079 617 617 D SystemServerTiming: OnBootPhase_200_com.android.role.RoleService
04-01 08:46:38.079 617 617 V SystemServerTiming: OnBootPhase_200_com.android.role.RoleService took to complete: 0ms
04-01 08:46:38.079 617 617 D SystemServerTiming: OnBootPhase_200_com.android.server.vibrator.VibratorManagerService$Lifecycle
04-01 08:46:38.079 617 617 V SystemServerTiming: OnBootPhase_200_com.android.server.vibrator.VibratorManagerService$Lifecycle took to complete: 0ms
04-01 08:46:38.079 617 617 D SystemServerTiming: OnBootPhase_200_com.android.server.alarm.AlarmManagerService
04-01 08:46:38.079 617 617 V SystemServerTiming: OnBootPhase_200_com.android.server.alarm.AlarmManagerService took to complete: 0ms
04-01 08:46:38.079 617 617 D SystemServerTiming: OnBootPhase_200_com.android.server.devicestate.DeviceStateManagerService
04-01 08:46:38.079 617 617 V SystemServerTiming: OnBootPhase_200_com.android.server.devicestate.DeviceStateManagerService took to complete: 0ms
04-01 08:46:38.079 617 617 D SystemServerTiming: OnBootPhase_200_com.android.server.camera.CameraServiceProxy
04-01 08:46:38.079 617 617 V SystemServerTiming: OnBootPhase_200_com.android.server.camera.CameraServiceProxy took to complete: 0ms
04-01 08:46:38.079 617 617 V SystemServerTiming: OnBootPhase_200 took to complete: 3ms
04-01 08:46:38.110 617 617 I WindowManager: No existing display settings, starting empty
04-01 08:46:38.111 617 617 I WindowManager: No existing display settings, starting empty
04-01 08:46:38.161 617 641 I system_server: Background concurrent mark compact GC freed 28MB AllocSpace bytes, 185(10MB) LOS objects, 49% free, 9832KB/19MB, paused 4.582ms,3.854ms total 230.955ms
04-01 08:46:38.177 617 617 V SystemServerTiming: StartWindowManagerService took to complete: 101ms
04-01 08:46:38.177 617 617 D SystemServerTiming: SetWindowManagerService
04-01 08:46:38.193 617 617 D inputflinger_bootstrap: android_logger: android_logger: log::set_logger failed: attempted to set a logger after the logging system was already initialized
04-01 08:46:38.267 617 617 V SystemServerTiming: SetWindowManagerService took to complete: 89ms
04-01 08:46:38.267 617 617 D SystemServerTiming: WindowManagerServiceOnInitReady
04-01 08:46:38.289 617 653 W BroadcastLoopers: Found previously unknown looper Thread[android.ui,5,main]
04-01 08:46:38.295 617 617 V SystemServerTiming: WindowManagerServiceOnInitReady took to complete: 28ms
04-01 08:46:38.296 617 702 D SystemServerTimingAsync: InitThreadPoolExec:StartISensorManagerService
04-01 08:46:38.296 617 702 D SystemServerInitThreadPool: Started executing StartISensorManagerService
04-01 08:46:38.296 617 702 D SystemServerTimingAsync: StartISensorManagerService
04-01 08:46:38.296 617 617 D SystemServerTiming: StartInputManager
04-01 08:46:38.296 617 617 I InputManager: Starting input manager
04-01 08:46:38.296 617 713 D SystemServerTimingAsync: InitThreadPoolExec:StartHidlServices
04-01 08:46:38.297 617 713 D SystemServerInitThreadPool: Started executing StartHidlServices
04-01 08:46:38.297 617 713 D SystemServerTimingAsync: StartHidlServices
04-01 08:46:38.298 244 244 I hwservicemanager: getTransport: Cannot find entry android.frameworks.schedulerservice@1.0::ISchedulingPolicyService/default in either framework or device VINTF manifest.
04-01 08:46:38.299 617 713 W system_server: android.frameworks.schedulerservice@1.0::ISchedulingPolicyService is deprecated. Skipping registration.
04-01 08:46:38.299 617 713 V SystemServerTimingAsync: StartHidlServices took to complete: 2ms
04-01 08:46:38.299 617 713 D SystemServerInitThreadPool: Finished executing StartHidlServices
04-01 08:46:38.299 617 713 V SystemServerTimingAsync: InitThreadPoolExec:StartHidlServices took to complete: 2ms
04-01 08:46:38.300 617 617 V SystemServerTiming: StartInputManager took to complete: 2ms
04-01 08:46:38.300 617 617 D SystemServerTiming: DisplayManagerWindowManagerAndInputReady
04-01 08:46:38.301 617 702 I HidlServiceManagement: Registered android.frameworks.sensorservice@1.0::ISensorManager/default
04-01 08:46:38.301 617 617 V HistoricalRegistry: Interaction before persistence initialized
04-01 08:46:38.302 617 617 V SystemServerTiming: DisplayManagerWindowManagerAndInputReady took to complete: 2ms
04-01 08:46:38.303 617 617 I SystemServer: No Bluetooth Service (Bluetooth Hardware Not Present)
04-01 08:46:38.303 617 617 D SystemServerTiming: IpConnectivityMetrics
04-01 08:46:38.303 617 702 V SystemServerTimingAsync: StartISensorManagerService took to complete: 7ms
04-01 08:46:38.303 617 702 D SystemServerInitThreadPool: Finished executing StartISensorManagerService
04-01 08:46:38.303 617 702 V SystemServerTimingAsync: InitThreadPoolExec:StartISensorManagerService took to complete: 7ms
04-01 08:46:38.304 617 617 I SystemServiceManager: Starting com.android.server.connectivity.IpConnectivityMetrics
04-01 08:46:38.305 243 243 I servicemanager: Caller(pid=617,uid=1000,sid=u:r:system_server:s0) Found android.frameworks.sensorservice.ISensorManager/default in framework VINTF manifest.
04-01 08:46:38.305 617 617 V SystemServerTiming: IpConnectivityMetrics took to complete: 2ms
04-01 08:46:38.306 617 617 D SystemServerTiming: NetworkWatchlistService
04-01 08:46:38.306 617 617 I SystemServiceManager: Starting com.android.server.net.watchlist.NetworkWatchlistService$Lifecycle
04-01 08:46:38.313 617 617 I WatchlistSettings: Reload watchlist settings done
04-01 08:46:38.318 617 729 I WatchlistLoggingHandler: No need to aggregate record yet.
04-01 08:46:38.318 617 729 I WatchlistLoggingHandler: Milliseconds spent on tryAggregateRecords(): 0
04-01 08:46:38.319 617 617 V SystemServerTiming: NetworkWatchlistService took to complete: 13ms
04-01 08:46:38.319 617 617 D SystemServerTiming: PinnerService
04-01 08:46:38.319 617 617 I SystemServiceManager: Starting com.android.server.PinnerService
04-01 08:46:38.322 617 617 V HistoricalRegistry: Interaction before persistence initialized
04-01 08:46:38.325 617 617 V SystemServerTiming: PinnerService took to complete: 6ms
04-01 08:46:38.326 617 617 D SystemServerTiming: SignedConfigService
04-01 08:46:38.328 617 617 V SystemServerTiming: SignedConfigService took to complete: 1ms
04-01 08:46:38.328 617 617 D SystemServerTiming: AppIntegrityService
04-01 08:46:38.328 617 617 I SystemServiceManager: Starting com.android.server.integrity.AppIntegrityManagerService
04-01 08:46:38.331 617 617 E IntegrityFileManager: Error creating staging and rules directory
04-01 08:46:38.334 617 617 V SystemServerTiming: AppIntegrityService took to complete: 6ms
04-01 08:46:38.334 617 617 D SystemServerTiming: StartLogcatManager
04-01 08:46:38.335 617 617 I SystemServiceManager: Starting com.android.server.logcat.LogcatManagerService
04-01 08:46:38.338 617 617 V SystemServerTiming: StartLogcatManager took to complete: 3ms
04-01 08:46:38.358 617 728 D EventHub: configureLightsLocked rawLightId 1 name uevent
04-01 08:46:38.358 617 728 D EventHub: configureLightsLocked rawLightId 2 name f4000.pinctrl
04-01 08:46:38.359 617 728 D EventHub: configureLightsLocked rawLightId 3 name of_node
04-01 08:46:38.359 617 728 D EventHub: configureLightsLocked rawLightId 4 name power
04-01 08:46:38.360 617 728 D EventHub: configureLightsLocked rawLightId 5 name driver_override
04-01 08:46:38.360 617 728 D EventHub: configureLightsLocked rawLightId 6 name subsystem
04-01 08:46:38.361 617 728 D EventHub: configureLightsLocked rawLightId 7 name waiting_for_supplier
04-01 08:46:38.362 617 728 D EventHub: configureLightsLocked rawLightId 8 name 601000.gpio
04-01 08:46:38.362 617 728 D EventHub: configureLightsLocked rawLightId 9 name modalias
04-01 08:46:38.364 617 728 D EventHub: No input device configuration file found for device 'SEMICO USB Keyboard Consumer Control'.
04-01 08:46:38.372 617 728 W EventHub: Unable to disable kernel key repeat for /dev/input/event2: Function not implemented
04-01 08:46:38.372 617 728 I EventHub: usingClockIoctl=true
04-01 08:46:38.372 617 728 I EventHub: New device: id=1, fd=150, path='/dev/input/event2', name='SEMICO USB Keyboard Consumer Control', classes=KEYBOARD | DPAD | JOYSTICK | LIGHT | EXTERNAL, configuration='', keyLayout='/system/usr/keylayout/Generic.kl', keyCharacterMap='/system/usr/keychars/Generic.kcm', builtinKeyboard=false,
04-01 08:46:38.374 617 728 D EventHub: configureLightsLocked rawLightId 1 name uevent
04-01 08:46:38.374 617 728 D EventHub: configureLightsLocked rawLightId 2 name f4000.pinctrl
04-01 08:46:38.375 617 728 D EventHub: configureLightsLocked rawLightId 3 name of_node
04-01 08:46:38.375 617 728 D EventHub: configureLightsLocked rawLightId 4 name power
04-01 08:46:38.375 617 728 D EventHub: configureLightsLocked rawLightId 5 name driver_override
04-01 08:46:38.376 617 728 D EventHub: configureLightsLocked rawLightId 6 name subsystem
04-01 08:46:38.376 617 728 D EventHub: configureLightsLocked rawLightId 7 name waiting_for_supplier
04-01 08:46:38.377 617 728 D EventHub: configureLightsLocked rawLightId 8 name 601000.gpio
04-01 08:46:38.377 617 728 D EventHub: configureLightsLocked rawLightId 9 name modalias
04-01 08:46:38.378 617 728 D EventHub: No input device configuration file found for device 'Logitech USB Optical Mouse'.
04-01 08:46:38.378 617 728 I EventHub: usingClockIoctl=true
04-01 08:46:38.379 617 728 I EventHub: New device: id=2, fd=157, path='/dev/input/event0', name='Logitech USB Optical Mouse', classes=CURSOR | LIGHT | EXTERNAL, configuration='', keyLayout='', keyCharacterMap='', builtinKeyboard=false,
04-01 08:46:38.381 617 728 D EventHub: configureLightsLocked rawLightId 1 name uevent
04-01 08:46:38.381 617 728 D EventHub: configureLightsLocked rawLightId 2 name f4000.pinctrl
04-01 08:46:38.381 617 728 D EventHub: configureLightsLocked rawLightId 3 name of_node
04-01 08:46:38.382 617 728 D EventHub: configureLightsLocked rawLightId 4 name power
04-01 08:46:38.382 617 728 D EventHub: configureLightsLocked rawLightId 5 name driver_override
04-01 08:46:38.382 617 728 D EventHub: configureLightsLocked rawLightId 6 name subsystem
04-01 08:46:38.383 617 728 D EventHub: configureLightsLocked rawLightId 7 name waiting_for_supplier
04-01 08:46:38.383 617 728 D EventHub: configureLightsLocked rawLightId 8 name 601000.gpio
04-01 08:46:38.384 617 728 D EventHub: configureLightsLocked rawLightId 9 name modalias
04-01 08:46:38.384 617 728 D EventHub: No input device configuration file found for device 'SEMICO USB Keyboard System Control'.
04-01 08:46:38.389 617 728 W EventHub: Unable to disable kernel key repeat for /dev/input/event3: Function not implemented
04-01 08:46:38.389 617 728 I EventHub: usingClockIoctl=true
04-01 08:46:38.389 617 728 I EventHub: New device: id=3, fd=158, path='/dev/input/event3', name='SEMICO USB Keyboard System Control', classes=KEYBOARD | LIGHT | EXTERNAL, configuration='', keyLayout='/system/usr/keylayout/Generic.kl', keyCharacterMap='/system/usr/keychars/Generic.kcm', builtinKeyboard=false,
04-01 08:46:38.391 617 728 D EventHub: configureLightsLocked rawLightId 1 name uevent
04-01 08:46:38.392 617 728 D EventHub: configureLightsLocked rawLightId 2 name f4000.pinctrl
04-01 08:46:38.392 617 728 D EventHub: configureLightsLocked rawLightId 3 name of_node
04-01 08:46:38.393 617 728 D EventHub: configureLightsLocked rawLightId 4 name power
04-01 08:46:38.394 617 728 D EventHub: configureLightsLocked rawLightId 5 name driver_override
04-01 08:46:38.395 617 728 D EventHub: configureLightsLocked rawLightId 6 name subsystem
04-01 08:46:38.395 617 728 D EventHub: configureLightsLocked rawLightId 7 name waiting_for_supplier
04-01 08:46:38.396 617 728 D EventHub: configureLightsLocked rawLightId 8 name 601000.gpio
04-01 08:46:38.396 617 728 D EventHub: configureLightsLocked rawLightId 9 name modalias
04-01 08:46:38.397 617 728 D EventHub: No input device configuration file found for device 'SEMICO USB Keyboard'.
04-01 08:46:38.402 617 728 I EventHub: usingClockIoctl=true
04-01 08:46:38.403 617 728 I EventHub: New device: id=4, fd=159, path='/dev/input/event1', name='SEMICO USB Keyboard', classes=KEYBOARD | ALPHAKEY | LIGHT | EXTERNAL, configuration='', keyLayout='/system/usr/keylayout/Generic.kl', keyCharacterMap='/system/usr/keychars/Generic.kcm', builtinKeyboard=false,
04-01 08:46:38.409 617 728 I InputReader: Device added: id=-1, eventHubId=-1, name='Virtual', descriptor='a718a782d34bc767f4689c232d64d527998ea7fd',sources=KEYBOARD | DPAD
04-01 08:46:38.409 617 728 E input::data_store: couldn't open "/data/system/inputflinger-data.json": No such file or directory (os error 2)
04-01 08:46:38.410 617 728 I InputReader: Device added: id=2, eventHubId=4, name='SEMICO USB Keyboard', descriptor='c721c87a6b106e115400c75e62d9fed74f63aa95',sources=KEYBOARD
04-01 08:46:38.411 617 728 I InputReader: Device added: id=3, eventHubId=3, name='SEMICO USB Keyboard System Control', descriptor='c6c67ad02e5325618f3349ed00cd9fb72e509da5',sources=KEYBOARD
04-01 08:46:38.411 617 728 E InputReader: Cannot release pointer capture, device is not in MODE_POINTER_RELATIVE
04-01 08:46:38.411 617 728 E InputReader: Cannot release pointer capture, device is not in MODE_POINTER_RELATIVE
04-01 08:46:38.411 617 728 I InputReader: Device added: id=4, eventHubId=2, name='Logitech USB Optical Mouse', descriptor='45dd693031521900f038547baa8709cf60c2611f',sources=MOUSE
04-01 08:46:38.412 617 728 I InputReader: Device added: id=3, eventHubId=1, name='SEMICO USB Keyboard Consumer Control', descriptor='bf3440bc0b856c1123454ff4d50635c9e98a3aca',sources=KEYBOARD | DPAD | JOYSTICK
04-01 08:46:38.417 617 617 I WindowManager: SAFE MODE not enabled
04-01 08:46:38.418 617 617 D SystemServerTiming: StartInputMethodManagerLifecycle
04-01 08:46:38.419 617 617 I SystemServiceManager: Starting com.android.server.inputmethod.InputMethodManagerService$Lifecycle
04-01 08:46:38.429 617 617 D InputMethodManagerService: Schedule initialization for users=[0]
04-01 08:46:38.430 617 732 D InputMethodManagerService: Start initialization for user=0
04-01 08:46:38.432 617 617 V SystemServerTiming: StartInputMethodManagerLifecycle took to complete: 14ms
04-01 08:46:38.433 617 617 D SystemServerTiming: StartAccessibilityManagerService
04-01 08:46:38.433 617 617 I SystemServiceManager: Starting com.android.server.accessibility.AccessibilityManagerService$Lifecycle
04-01 08:46:38.456 617 617 V SystemServerTiming: StartAccessibilityManagerService took to complete: 23ms
04-01 08:46:38.456 617 617 D SystemServerTiming: MakeDisplayReady
04-01 08:46:38.458 617 732 D InputMethodManagerService: Complete initialization for user=0
04-01 08:46:38.459 244 244 I hwservicemanager: getTransport: Cannot find entry android.hardware.configstore@1.1::ISurfaceFlingerConfigs/default in either framework or device VINTF manifest.
04-01 08:46:38.460 244 244 I hwservicemanager: getTransport: Cannot find entry android.hardware.configstore@1.1::ISurfaceFlingerConfigs/default in either framework or device VINTF manifest.
04-01 08:46:38.466 617 617 I ActivityTaskManager: Config changes=20005df8 {1.0 ?mcc0mnc [en_US] ldltr sw720dp w1280dp h720dp 240dpi xlrg long land ?uimode ?night -touch qwerty/v/v dpad/v winConfig={ mBounds=Rect(0, 0 - 1920, 1080) mAppBounds=Rect(0, 0 - 1920, 1080) mMaxBounds=Rect(0, 0 - 1920, 1080) mDisplayRotation=ROTATION_0 mWindowingMode=fullscreen mActivityType=undefined mAlwaysOnTop=undefined mRotation=ROTATION_0} s.2 ?fontWeightAdjustment}
04-01 08:46:38.471 617 617 D CompatChangeReporter: Compat change id reported: 151861875; UID 1000; state: ENABLED
04-01 08:46:38.472 617 617 I WindowManager: Override config changes=60007dfc {1.0 ?mcc0mnc [en_US] ldltr sw720dp w1280dp h720dp 240dpi xlrg long land ?uimode ?night -touch qwerty/v/v dpad/v winConfig={ mBounds=Rect(0, 0 - 1920, 1080) mAppBounds=Rect(0, 0 - 1920, 1080) mMaxBounds=Rect(0, 0 - 1920, 1080) mDisplayRotation=ROTATION_0 mWindowingMode=fullscreen mActivityType=undefined mAlwaysOnTop=undefined mRotation=ROTATION_0} s.2 ?fontWeightAdjustment} for displayId=0
04-01 08:46:38.478 617 617 I DisplayDevice: [0] Layerstack set to 0 for local:4620250385849718784
04-01 08:46:38.481 617 617 D DisplayManagerService: supportedStates=[0]
04-01 08:46:38.482 617 617 D DisplayManagerService: possibleInfos={DisplayInfo{"Built-in Screen", displayId 0, displayGroupId 0, FLAG_SECURE, FLAG_SUPPORTS_PROTECTED_BUFFERS, FLAG_TRUSTED, real 1920 x 1080, largest app 1920 x 1920, smallest app 1080 x 1080, appVsyncOff 1000000, presDeadline 16666667, mode 1, renderFrameRate 60.0, defaultMode 1, userPreferredModeId -1, supportedModes [{id=1, width=1920, height=1080, fps=60.0, vsync=60.0, synthetic=false, alternativeRefreshRates=[], supportedHdrTypes=[]}, {id=2, width=1920, height=1080, fps=59.940205, vsync=59.940205, synthetic=false, alternativeRefreshRates=[], supportedHdrTypes=[]}, {id=3, width=1920, height=1080, fps=50.0, vsync=50.0, synthetic=false, alternativeRefreshRates=[], supportedHdrTypes=[]}, {id=4, width=1680, height=1050, fps=59.883255, vsync=59.883255, synthetic=false, alternativeRefreshRates=[], supportedHdrTypes=[]}, {id=5, width=1400, height=1050, fps=59.94777, vsync=59.94777, synthetic=false, alternativeRefreshRates=[], supportedHdrTypes=[]}, {id=6, width=1600, height=900, fps=60.0, vsync=60.0, synthetic=false, alternativeRefreshRates=[], supportedHdrTypes=[]}, {id=7, width=1280, height=1024, fps=75.02467, vsync=75.02467, synthetic=false, alternativeRefreshRates=[], supportedHdrTypes=[]}, {id=8, width=1280, height=1024, fps=60.01974, vsync=60.01974, synthetic=false, alternativeRefreshRates=[], supportedHdrTypes=[]}, {id=9, width=1440, height=900, fps=59.901463, vsync=59.901463, synthetic=false, alternativeRefreshRates=[], supportedHdrTypes=[]}, {id=10, width=1280, height=800, fps=59.90955, vsync=59.90955, synthetic=false, alternativeRefreshRates=[], supportedHdrTypes=[]}, {id=11, width=1152, height=864, fps=75.0, vsync=75.0, synthetic=false, alternativeRefreshRates=[], supportedHdrTypes=[]}, {id=12, width=1280, height=720, fps=60.0, vsync=60.0, synthetic=false, alternativeRefreshRates=[], supportedHdrTypes=[]}, {id=13, width=1280, height=720, fps=59.940205, vsync=59.940205, synthetic=false, alternativeRefreshRates=[], supportedHdrTypes=[]}, {id=14, width=1280, height=720, fps=50.0, vsync=50.0, synthetic=false, alternativeRefreshRates=[], supportedHdrTypes=[]}, {id=15, width=1024, height=768, fps=75.02858, vsync=75.02858, synthetic=false, alternativeRefreshRates=[], supportedHdrTypes=[]}, {id=16, width=1024, height=768, fps=60.00384, vsync=60.00384, synthetic=false, alternativeRefreshRates=[], supportedHdrTypes=[]}, {id=17, width=800, height=600, fps=75.0, vsync=75.0, synthetic=false, alternativeRefreshRates=[], supportedHdrTypes=[]}, {id=18, width=800, height=600, fps=60.316544, vsync=60.316544, synthetic=false, alternativeRefreshRates=[], supportedHdrTypes=[]}, {id=19, width=720, height=576, fps=50.0, vsync=50.0, synthetic=false, alternativeRefreshRates=[], supportedHdrTypes=[]}, {id=20, width=720, height=480, fps=60.0, vsync=60.0, synthetic=false, alternativeRefreshRates=[], supportedHdrTypes=[]}, {id=21, width=720, height=480, fps=59.940063, vsync=59.940063, synthetic=false, alternativeRefreshRates=[], supportedHdrTypes=[]}, {id=22, width=640, height=480, fps=75.0, vsync=75.0, synthetic=false, alternativeRefreshRates=[], supportedHdrTypes=[]}, {id=23, width=640, height=480, fps=60.0, vsync=60.0, synthetic=false, alternativeRefreshRates=[], supportedHdrTypes=[]}, {id=24, width=640, height=480, fps=59.94048, vsync=59.94048, synthetic=false, alternativeRefreshRates=[], supportedHdrTypes=[]}, {id=25, width=720, height=400, fps=70.08167, vsync=70.08167, synthetic=false, alternativeRefreshRates=[], supportedHdrTypes=[]}], appsSupportedModes [{id=1, width=1920, height=1080, fps=60.0, vsync=60.0, synthetic=false, alternativeRefreshRates=[], supportedHdrTypes=[]}, {id=2, width=1920, height=1080, fps=59.940205, vsync=59.940205, synthetic=false, alternativeRefreshRates=[], supportedHdrTypes=[]}, {id=3, width=1920, height=1080, fps=50.0, vsync=50.0, synthetic=false, alternativeRefreshRates=[], supportedHdrTypes=[]}, {id=4, width=1680, height=1050, fps=59.883255, vsync=59.883255, synthetic=false, alternativeRefreshRates=[], supportedHdrTypes=[]}, {id=5, width=1400
04-01 08:46:38.483 617 617 V SystemServerTiming: MakeDisplayReady took to complete: 27ms
04-01 08:46:38.483 617 617 D SystemServerTiming: StartStorageManagerService
04-01 08:46:38.484 617 617 I SystemServiceManager: Starting com.android.server.StorageManagerService$Lifecycle
04-01 08:46:38.490 617 655 W BroadcastLoopers: Found previously unknown looper Thread[android.display,5,main]
04-01 08:46:38.492 617 655 I InputManager-JNI: Viewport [0] to add: local:4620250385849718784, isActive: false
04-01 08:46:38.492 1 1 I init : processing action (sys.sysctl.extra_free_kbytes=*) from (/system/etc/init/hw/init.rc:1276)
04-01 08:46:38.493 1 1 I init : starting service 'exec 19 (/system/bin/extra_free_kbytes.sh 24300)'...
04-01 08:46:38.495 525 537 D installd: Found quota mount /dev/block/dm-49 at /data
04-01 08:46:38.499 525 537 D installd: Found quota mount /dev/block/dm-49 at /data/user/0
04-01 08:46:38.509 617 735 D StorageManagerService: Thinking about reset, mBootCompleted=false, mDaemonConnected=true
04-01 08:46:38.511 617 735 D StorageManagerService: Thinking about reset, mBootCompleted=false, mDaemonConnected=true
04-01 08:46:38.512 617 617 V SystemServerTiming: StartStorageManagerService took to complete: 29ms
04-01 08:46:38.512 617 617 D SystemServerTiming: StartStorageStatsService
04-01 08:46:38.512 617 617 I SystemServiceManager: Starting com.android.server.usage.StorageStatsService$Lifecycle
04-01 08:46:38.516 525 537 D installd: Found quota mount /dev/block/dm-49 at /data
04-01 08:46:38.519 525 537 D installd: Found quota mount /dev/block/dm-49 at /data/user/0
04-01 08:46:38.523 525 537 D installd: Found quota mount /dev/block/dm-49 at /data
04-01 08:46:38.526 525 537 D installd: Found quota mount /dev/block/dm-49 at /data/user/0
04-01 08:46:38.531 1 1 I init : ... started service 'exec 19 (/system/bin/extra_free_kbytes.sh 24300)' has pid 736
04-01 08:46:38.531 1 1 I init : SVC_EXEC service 'exec 19 (/system/bin/extra_free_kbytes.sh 24300)' pid 736 (uid 0 gid 0+0 context default) started; waiting...
04-01 08:46:38.533 617 617 V SystemServerTiming: StartStorageStatsService took to complete: 21ms
04-01 08:46:38.533 617 617 D SystemServerTiming: StartUiModeManager
04-01 08:46:38.536 617 617 I SystemServiceManager: Starting com.android.server.UiModeManagerService
04-01 08:46:38.542 617 659 D SystemServerTimingAsync: InitThreadPoolExec:UiModeManager.onStart
04-01 08:46:38.542 617 659 D SystemServerInitThreadPool: Started executing UiModeManager.onStart
04-01 08:46:38.544 617 617 V SystemServerTiming: StartUiModeManager took to complete: 10ms
04-01 08:46:38.544 617 617 D SystemServerTiming: StartLocaleManagerService
04-01 08:46:38.545 617 617 I SystemServiceManager: Starting com.android.server.locales.LocaleManagerService
04-01 08:46:38.549 617 659 D SystemServerInitThreadPool: Finished executing UiModeManager.onStart
04-01 08:46:38.549 617 659 V SystemServerTimingAsync: InitThreadPoolExec:UiModeManager.onStart took to complete: 7ms
04-01 08:46:38.554 617 617 V SystemServerTiming: StartLocaleManagerService took to complete: 11ms
04-01 08:46:38.555 617 617 D SystemServerTiming: StartGrammarInflectionService
04-01 08:46:38.555 617 617 I SystemServiceManager: Starting com.android.server.grammaticalinflection.GrammaticalInflectionService
04-01 08:46:38.560 617 617 V SystemServerTiming: StartGrammarInflectionService took to complete: 5ms
04-01 08:46:38.561 617 617 D SystemServerTiming: StartAppHibernationService
04-01 08:46:38.562 617 617 I SystemServiceManager: Starting com.android.server.apphibernation.AppHibernationService
04-01 08:46:38.570 617 617 V SystemServerTiming: StartAppHibernationService took to complete: 9ms
04-01 08:46:38.570 617 617 D SystemServerTiming: ArtManagerLocal
04-01 08:46:38.579 617 617 V SystemServerTiming: ArtManagerLocal took to complete: 10ms
04-01 08:46:38.580 617 617 D SystemServerTiming: UpdatePackagesIfNeeded
04-01 08:46:38.581 617 617 I Watchdog: Pausing HandlerChecker: main thread for reason: dexopt. Pause count: 1
04-01 08:46:38.582 617 617 I Watchdog: Resuming HandlerChecker: main thread for reason: dexopt. Pause count: 0
04-01 08:46:38.583 617 617 V SystemServerTiming: UpdatePackagesIfNeeded took to complete: 3ms
04-01 08:46:38.584 617 617 D SystemServerTiming: PerformFstrimIfNeeded
04-01 08:46:38.586 617 617 V SystemServerTiming: PerformFstrimIfNeeded took to complete: 2ms
04-01 08:46:38.586 617 617 D SystemServerTiming: StartLockSettingsService
04-01 08:46:38.587 617 617 I SystemServiceManager: Starting com.android.server.locksettings.LockSettingsService$Lifecycle
04-01 08:46:38.625 617 617 V SystemServerTiming: StartLockSettingsService took to complete: 39ms
04-01 08:46:38.626 617 617 D SystemServerTiming: StartPersistentDataBlock
04-01 08:46:38.626 617 617 I SystemServiceManager: Starting com.android.server.pdb.PersistentDataBlockService
04-01 08:46:38.628 617 617 V SystemServerTiming: StartPersistentDataBlock took to complete: 2ms
04-01 08:46:38.628 617 617 D SystemServerTiming: StartTestHarnessMode
04-01 08:46:38.628 617 617 I SystemServiceManager: Starting com.android.server.testharness.TestHarnessModeService
04-01 08:46:38.629 617 697 D SystemServerTimingAsync: InitThreadPoolExec:PersistentDataBlockService.onStart
04-01 08:46:38.629 617 697 D SystemServerInitThreadPool: Started executing PersistentDataBlockService.onStart
04-01 08:46:38.631 617 617 V SystemServerTiming: StartTestHarnessMode took to complete: 3ms
04-01 08:46:38.631 617 617 D SystemServerTiming: StartOemLockService
04-01 08:46:38.631 617 617 I SystemServiceManager: Starting com.android.server.oemlock.OemLockService
04-01 08:46:38.636 243 243 I servicemanager: Caller(pid=617,uid=1000,sid=u:r:system_server:s0) Could not find android.hardware.oemlock.IOemLock/default in the VINTF manifest. No alternative instances declared in VINTF.
04-01 08:46:38.638 244 244 I hwservicemanager: getTransport: Cannot find entry android.hardware.oemlock@1.0::IOemLock/default in either framework or device VINTF manifest.
04-01 08:46:38.639 617 617 I OemLock : OemLock Hidl HAL not present on device
04-01 08:46:38.640 617 617 I OemLock : Using persistent data block based lock
04-01 08:46:38.643 617 617 V SystemServerTiming: StartOemLockService took to complete: 12ms
04-01 08:46:38.643 617 617 D SystemServerTiming: StartDeviceIdleController
04-01 08:46:38.644 617 697 I PersistentDataBlockService: Failed to read FRP secret file: /data/system/frp_secret NoSuchFileException
04-01 08:46:38.644 617 697 W PersistentDataBlockService: Failed to deactivate with primary secret file, trying backup.
04-01 08:46:38.647 617 617 I SystemServiceManager: Starting com.android.server.DeviceIdleController
04-01 08:46:38.648 617 697 I PersistentDataBlockService: Failed to read FRP secret file: /data/system/frp_secret_tmp NoSuchFileException
04-01 08:46:38.648 617 697 W PersistentDataBlockService: Failed to deactivate with backup secret file, trying default secret.
04-01 08:46:38.651 617 697 I PersistentDataBlockService: FRP secret matched, FRP deactivated.
04-01 08:46:38.656 617 697 D SystemServerInitThreadPool: Finished executing PersistentDataBlockService.onStart
04-01 08:46:38.656 617 697 V SystemServerTimingAsync: InitThreadPoolExec:PersistentDataBlockService.onStart took to complete: 27ms
04-01 08:46:38.666 617 617 V SystemServerTiming: StartDeviceIdleController took to complete: 22ms
04-01 08:46:38.666 617 617 D SystemServerTiming: StartDevicePolicyManager
04-01 08:46:38.667 617 617 I SystemServiceManager: Starting com.android.server.devicepolicy.DevicePolicyManagerService$Lifecycle
04-01 08:46:38.695 617 617 I DevicePolicyManager: Current version 6, latest version 6, not upgrading.
04-01 08:46:38.708 617 617 D DevicePolicyManagerService: /data/system/updated_resources.xml doesn't exist
04-01 08:46:38.708 617 617 D DevicePolicyEngine: Reading device policies from file.
04-01 08:46:38.711 617 617 D DevicePolicyEngine: Reading from /data/system/device_policy_state.xml
04-01 08:46:38.716 617 617 V SystemServerTiming: StartDevicePolicyManager took to complete: 49ms
04-01 08:46:38.716 617 617 D SystemServerTiming: StartStatusBarManagerService
04-01 08:46:38.721 617 617 V SystemServerTiming: StartStatusBarManagerService took to complete: 5ms
04-01 08:46:38.722 617 617 D SystemServer: MusicRecognitionManagerService not defined by OEM or disabled by flag
04-01 08:46:38.722 617 617 D SystemServer: ContentCaptureService disabled because resource is not overlaid
04-01 08:46:38.723 617 617 D SystemServer: AttentionService is not configured on this device
04-01 08:46:38.724 617 617 D SystemServer: RotationResolverService is not configured on this device
04-01 08:46:38.724 617 617 D SystemServer: SystemCaptionsManagerService disabled because resource is not overlaid
04-01 08:46:38.724 617 617 D SystemServerTiming: StartTextToSpeechManagerService
04-01 08:46:38.726 617 617 I SystemServiceManager: Starting com.android.server.texttospeech.TextToSpeechManagerService
04-01 08:46:38.735 617 617 V SystemServerTiming: StartTextToSpeechManagerService took to complete: 11ms
04-01 08:46:38.736 617 617 D SystemServerTiming: startWearableSensingService
04-01 08:46:38.736 617 617 I SystemServiceManager: Starting com.android.server.wearable.WearableSensingManagerService
04-01 08:46:38.746 617 617 V SystemServerTiming: startWearableSensingService took to complete: 10ms
04-01 08:46:38.746 617 617 D SystemServerTiming: startOnDeviceIntelligenceManagerService
04-01 08:46:38.747 617 617 I SystemServiceManager: Starting com.android.server.ondeviceintelligence.OnDeviceIntelligenceManagerService
04-01 08:46:38.751 617 617 V SystemServerTiming: startOnDeviceIntelligenceManagerService took to complete: 4ms
04-01 08:46:38.751 617 617 D SystemServer: AmbientContextManagerService not defined by OEM or disabled by flag
04-01 08:46:38.751 617 617 D SystemServerTiming: StartSpeechRecognitionManagerService
04-01 08:46:38.752 617 617 I SystemServiceManager: Starting com.android.server.speech.SpeechRecognitionManagerService
04-01 08:46:38.755 617 617 V SystemServerTiming: StartSpeechRecognitionManagerService took to complete: 4ms
04-01 08:46:38.755 617 617 D SystemServer: AppPredictionService not defined by OEM
04-01 08:46:38.755 617 617 D SystemServer: ContentSuggestionsService not defined by OEM
04-01 08:46:38.756 617 617 D SystemServer: SmartspaceManagerService not defined by OEM or disabled by flag
04-01 08:46:38.756 617 617 D SystemServer: ContextualSearchManagerService not defined or disabled by flag
04-01 08:46:38.756 617 617 D SystemServerTiming: InitConnectivityModuleConnector
04-01 08:46:38.756 617 617 D ConnectivityModuleConnector: Network stack init
04-01 08:46:38.756 617 617 V SystemServerTiming: InitConnectivityModuleConnector took to complete: 0ms
04-01 08:46:38.756 617 617 D SystemServerTiming: InitNetworkStackClient
04-01 08:46:38.757 617 617 D NetworkStackClient: Network stack init
04-01 08:46:38.757 617 617 V SystemServerTiming: InitNetworkStackClient took to complete: 2ms
04-01 08:46:38.758 617 617 D SystemServerTiming: StartNetworkManagementService
04-01 08:46:38.765 455 483 I netd : registerUnsolicitedEventListener(interface:0xb4000078b47f53c0) <0.14ms>
04-01 08:46:38.766 617 617 V SystemServerTiming: StartNetworkManagementService took to complete: 8ms
04-01 08:46:38.766 617 617 D SystemServerTiming: StartFontManagerService
04-01 08:46:38.768 617 617 I FontManagerService: Using optimized boot-time font loading.
04-01 08:46:38.769 617 713 D SystemServerTimingAsync: InitThreadPoolExec:FontManagerService_create
04-01 08:46:38.769 617 713 D SystemServerInitThreadPool: Started executing FontManagerService_create
04-01 08:46:38.774 617 713 I SystemFonts: Loading font config from /system/etc/font_fallback.xml
04-01 08:46:38.774 617 617 V SystemServerTiming: StartFontManagerService took to complete: 8ms
04-01 08:46:38.775 617 617 D SystemServerTiming: StartTextServicesManager
04-01 08:46:38.775 617 617 I SystemServiceManager: Starting com.android.server.textservices.TextServicesManagerService$Lifecycle
04-01 08:46:38.779 617 617 V SystemServerTiming: StartTextServicesManager took to complete: 4ms
04-01 08:46:38.779 617 617 D SystemServerTiming: StartTextClassificationManagerService
04-01 08:46:38.780 617 617 I SystemServiceManager: Starting com.android.server.textclassifier.TextClassificationManagerService$Lifecycle
04-01 08:46:38.790 617 617 V SystemServerTiming: StartTextClassificationManagerService took to complete: 11ms
04-01 08:46:38.791 617 617 D SystemServerTiming: StartNetworkScoreService
04-01 08:46:38.791 617 617 I SystemServiceManager: Starting com.android.server.NetworkScoreService$Lifecycle
04-01 08:46:38.797 617 617 I NetworkScoreService: Registering network_score
04-01 08:46:38.801 617 617 V SystemServerTiming: StartNetworkScoreService took to complete: 10ms
04-01 08:46:38.803 617 617 D SystemServerTiming: StartNetworkStatsService
04-01 08:46:38.807 617 617 I SystemServiceManager: Starting com.android.server.NetworkStatsServiceInitializer
04-01 08:46:38.840 617 728 I InputReader: Reconfiguring input devices, changes=DISPLAY_INFO
04-01 08:46:38.843 243 243 I servicemanager: Caller(pid=617,uid=1000,sid=u:r:system_server:s0) Found android.hardware.graphics.allocator.IAllocator/default in device VINTF manifest.
04-01 08:46:38.846 243 243 I servicemanager: Caller(pid=617,uid=1000,sid=u:r:system_server:s0) Found android.hardware.graphics.allocator.IAllocator/default in device VINTF manifest.
04-01 08:46:38.849 243 243 I servicemanager: Caller(pid=617,uid=1000,sid=u:r:system_server:s0) Found mapper/powervr in device VINTF manifest.
04-01 08:46:38.860 617 617 D nativeloader: Load libservice-connectivity.so using ns clns-shared-13 from class loader (caller=/apex/com.android.tethering/javalib/service-connectivity.jar): ok
04-01 08:46:38.888 617 655 E ion : open /dev/ion failed: No such file or directory
04-01 08:46:38.911 617 617 D nativeloader: Load libandroid_net_connectivity_com_android_net_module_util_jni.so using APEX ns com_android_tethering for caller /apex/com.android.tethering/javalib/framework-connectivity.jar: ok
04-01 08:46:38.938 617 617 I NetworkStatsServiceInitializer: Registering netstats
04-01 08:46:38.941 617 617 I NetworkStatsServiceInitializer: Initializing network tracing hooks
04-01 08:46:38.945 617 617 D NetworkTrace: Registering Perfetto data source
04-01 08:46:38.946 617 617 V SystemServerTiming: StartNetworkStatsService took to complete: 142ms
04-01 08:46:38.946 617 617 D SystemServerTiming: StartNetworkPolicyManagerService
04-01 08:46:38.953 617 617 E SystemServiceRegistry: Manager wrapper not available: carrier_config
04-01 08:46:38.965 617 617 V SystemServerTiming: StartNetworkPolicyManagerService took to complete: 19ms
04-01 08:46:38.966 617 617 D SystemServerTiming: StartWifi
04-01 08:46:38.968 617 617 I SystemServiceManager: Starting com.android.server.wifi.WifiService
04-01 08:46:38.985 617 617 I WifiContext: Got resolveInfos for com.android.server.wifi.intent.action.SERVICE_WIFI_RESOURCES_APK: [ResolveInfo{e92472b com.android.wifi.resources/android.app.Activity m=0x108000 userHandle=UserHandle{0}}]
04-01 08:46:38.986 617 617 I WifiContext: Found Wifi Resources APK at: com.android.wifi.resources
04-01 08:46:38.999 617 617 D ScanMetrics: Settings package: com.android.settings
04-01 08:46:38.999 617 617 E ScanMetrics: Can't get GMS uid
04-01 08:46:39.019 617 617 I android_os_HwBinder: HwBinder: Starting thread pool for getting: android.hidl.manager@1.2::IServiceManager/default
04-01 08:46:39.023 244 244 I hwservicemanager: getTransport: Cannot find entry android.hardware.wifi@1.0::IWifi/default in either framework or device VINTF manifest.
04-01 08:46:39.026 617 617 E WifiHal : No HIDL or AIDL service available for the Wifi Vendor HAL.
04-01 08:46:39.028 243 243 I servicemanager: Caller(pid=617,uid=1000,sid=u:r:system_server:s0) Could not find android.hardware.wifi.IWifi/default in the VINTF manifest. No alternative instances declared in VINTF.
04-01 08:46:39.034 617 617 I SupplicantStaIfaceHal: Initializing SupplicantStaIfaceHal using AIDL implementation.
04-01 08:46:39.036 243 243 I servicemanager: Caller(pid=617,uid=1000,sid=u:r:system_server:s0) Found android.hardware.wifi.supplicant.ISupplicant/default in device VINTF manifest.
04-01 08:46:39.041 617 617 I SupplicantP2pIfaceHal: Initializing SupplicantP2pIfaceHal using AIDL implementation.
04-01 08:46:39.043 617 617 E SystemServiceRegistry: Manager wrapper not available: carrier_config
04-01 08:46:39.044 617 617 I WifiCoexManager: Default coex algorithm is disabled.
04-01 08:46:39.043 243 243 I servicemanager: Caller(pid=617,uid=1000,sid=u:r:system_server:s0) Found android.hardware.wifi.supplicant.ISupplicant/default in device VINTF manifest.
04-01 08:46:39.097 617 617 D WifiOpenNetworkNotifier: Settings toggle enabled=true
04-01 08:46:39.101 617 617 D WifiNl80211Manager: registerCountryCodeEventListener called
04-01 08:46:39.101 535 535 I wificond: New wificond event callback registered
04-01 08:46:39.102 617 617 D WifiCountryCode: Default country code from system property ro.boot.wificountrycode is null
04-01 08:46:39.114 617 617 D WakeupController: WifiWake enabled
04-01 08:46:39.117 617 617 V HistoricalRegistry: Interaction before persistence initialized
04-01 08:46:39.118 617 617 V HistoricalRegistry: Interaction before persistence initialized
04-01 08:46:39.133 617 617 I WifiService: Registering wifi
04-01 08:46:39.135 617 617 V SystemServerTiming: StartWifi took to complete: 169ms
04-01 08:46:39.135 617 617 D SystemServerTiming: StartWifiScanning
04-01 08:46:39.136 617 617 I SystemServiceManager: Starting com.android.server.wifi.scanner.WifiScanningService
04-01 08:46:39.137 617 617 I WifiScanningService: Creating wifiscanner
04-01 08:46:39.144 617 617 I WifiScanningService: Publishing wifiscanner
04-01 08:46:39.145 617 617 V SystemServerTiming: StartWifiScanning took to complete: 9ms
04-01 08:46:39.146 617 617 D SystemServerTiming: StartWifiP2P
04-01 08:46:39.147 617 617 I SystemServiceManager: Starting com.android.server.wifi.p2p.WifiP2pService
04-01 08:46:39.152 617 617 I WifiContext: Got resolveInfos for com.android.server.wifi.intent.action.SERVICE_WIFI_RESOURCES_APK: [ResolveInfo{cad8c03 com.android.wifi.resources/android.app.Activity m=0x108000 userHandle=UserHandle{0}}]
04-01 08:46:39.153 617 617 I WifiContext: Found Wifi Resources APK at: com.android.wifi.resources
04-01 08:46:39.164 617 617 I WifiP2pService: Registering wifip2p
04-01 08:46:39.166 617 617 V SystemServerTiming: StartWifiP2P took to complete: 20ms
04-01 08:46:39.166 617 617 D SystemServerTiming: StartPacProxyService
04-01 08:46:39.171 617 617 V SystemServerTiming: StartPacProxyService took to complete: 6ms
04-01 08:46:39.172 617 617 D SystemServerTiming: StartConnectivityService
04-01 08:46:39.173 617 617 I SystemServiceManager: Starting com.android.server.ConnectivityServiceInitializer
04-01 08:46:39.190 1 1 I init : Service 'exec 19 (/system/bin/extra_free_kbytes.sh 24300)' (pid 736) exited with status 0 waiting took 0.684000 seconds
04-01 08:46:39.190 1 1 I init : Sending signal 9 to service 'exec 19 (/system/bin/extra_free_kbytes.sh 24300)' (pid 736) process group...
04-01 08:46:39.190 1 1 I libprocessgroup: Removed cgroup /sys/fs/cgroup/uid_0/pid_736
04-01 08:46:39.201 617 617 D ConnectivityService: ConnectivityService starting up
04-01 08:46:39.214 617 617 E ConnectivityService: Ignoring protectedNetwork 10
04-01 08:46:39.214 617 617 E ConnectivityService: Ignoring protectedNetwork 11
04-01 08:46:39.214 617 617 E ConnectivityService: Ignoring protectedNetwork 12
04-01 08:46:39.214 617 617 E ConnectivityService: Ignoring protectedNetwork 14
04-01 08:46:39.215 617 617 E ConnectivityService: Ignoring protectedNetwork 15
04-01 08:46:39.218 455 483 I netd : registerUnsolicitedEventListener(interface:0xb4000078b47f49a0) <0.06ms>
04-01 08:46:39.251 617 617 D TrafficStats: tagSocket(240) with statsTag=0xffffffff, statsUid=-1
04-01 08:46:39.251 617 617 I MulticastRoutingCoordinatorService: socket created for multicast routing: java.io.FileDescriptor@3f1dbfd
04-01 08:46:39.252 617 617 D TrafficStats: tagSocket(241) with statsTag=0xffffffff, statsUid=-1
04-01 08:46:39.261 617 777 W BroadcastLoopers: Found previously unknown looper Thread[NsdService,5,main]
04-01 08:46:39.264 617 617 V HistoricalRegistry: Interaction before persistence initialized
04-01 08:46:39.277 617 617 V NearbyService: DiscoveryProviderManagerLegacy:
04-01 08:46:39.279 617 617 I ConnectivityServiceInitializer: Registering ethernet
04-01 08:46:39.280 617 617 I ConnectivityServiceInitializer: Registering connectivity
04-01 08:46:39.282 617 617 I ConnectivityServiceInitializer: Registering ipsec
04-01 08:46:39.283 617 617 I ConnectivityServiceInitializer: Registering connectivity_native
04-01 08:46:39.284 617 617 I ConnectivityServiceInitializer: Registering servicediscovery
04-01 08:46:39.285 617 617 I ConnectivityServiceInitializer: Registering nearby
04-01 08:46:39.287 617 617 V SystemServerTiming: StartConnectivityService took to complete: 116ms
04-01 08:46:39.288 617 617 D SystemServerTiming: StartSecurityStateManagerService
04-01 08:46:39.290 617 617 V SystemServerTiming: StartSecurityStateManagerService took to complete: 2ms
04-01 08:46:39.290 617 617 D SystemServerTiming: StartVpnManagerService
04-01 08:46:39.296 617 617 D VpnManagerService: VpnManagerService starting up
04-01 08:46:39.298 617 617 V SystemServerTiming: StartVpnManagerService took to complete: 8ms
04-01 08:46:39.298 617 617 D SystemServerTiming: StartVcnManagementService
04-01 08:46:39.302 617 617 E SystemServiceRegistry: Manager wrapper not available: carrier_config
04-01 08:46:39.307 617 617 V SystemServerTiming: StartVcnManagementService took to complete: 9ms
04-01 08:46:39.307 617 617 D SystemServerTiming: StartSystemUpdateManagerService
04-01 08:46:39.309 617 617 I SystemUpdateManagerService: No existing info file /data/system/system-update-info.xml
04-01 08:46:39.311 617 617 V SystemServerTiming: StartSystemUpdateManagerService took to complete: 4ms
04-01 08:46:39.311 617 617 D SystemServerTiming: StartUpdateLockService
04-01 08:46:39.313 617 617 W BroadcastLoopers: Found previously unknown looper Thread[main,5,main]
04-01 08:46:39.315 617 617 V SystemServerTiming: StartUpdateLockService took to complete: 4ms
04-01 08:46:39.315 617 617 D SystemServerTiming: StartNotificationManager
04-01 08:46:39.319 617 617 I SystemServiceManager: Starting com.android.server.notification.NotificationManagerService
04-01 08:46:39.352 617 617 D ConditionProviders.SCP: new ScheduleConditionProvider()
04-01 08:46:39.376 617 617 D ConditionProviders: Subscribing to condition://android/event?userId=-10000&calendar=&reply=1 with ComponentInfo{android/com.android.server.notification.EventConditionProvider}
04-01 08:46:39.377 617 617 D ConditionProviders: Subscribing to condition://android/schedule?days=1.2.3.4.5.6.7&start=22.0&end=7.0&exitAtAlarm=true with ComponentInfo{android/com.android.server.notification.ScheduleConditionProvider}
04-01 08:46:39.408 617 617 I NotificationManagerService.NotificationAssistants: Read notification assistant permissions from xml
04-01 08:46:39.411 617 617 V NotificationManagerService.NotificationAssistants: enabling notification assistant for 0: ComponentInfo{android.ext.services/android.ext.services.notification.Assistant}
04-01 08:46:39.413 617 617 V NotificationManagerService.NotificationAssistants: binding: Intent { act=android.service.notification.NotificationAssistantService cmp=android.ext.services/.notification.Assistant (has extras) }
04-01 08:46:39.426 617 617 D ActivityManager: StatsPullAtomService not ready yet
04-01 08:46:39.427 617 617 D CompatChangeReporter: Compat change id reported: 151861875; UID 10087; state: ENABLED
04-01 08:46:39.430 617 617 I ConditionProviders: Read condition provider permissions from xml
04-01 08:46:39.430 617 617 I ConditionProviders: Read condition provider permissions from xml
04-01 08:46:39.432 617 617 D NotificationManagerService.NotificationAssistants: Approving default notification assistant for user 0
04-01 08:46:39.433 617 617 I ConditionProviders: Allowing condition provider android.ext.services/android.ext.services.notification.Assistant (userSet: true)
04-01 08:46:39.448 617 617 W SystemServiceManager: Service com.android.server.notification.NotificationManagerService took 123 ms in onStart
04-01 08:46:39.457 617 617 V SystemServerTiming: StartNotificationManager took to complete: 142ms
04-01 08:46:39.457 617 617 D SystemServerTiming: StartDeviceMonitor
04-01 08:46:39.458 617 617 I SystemServiceManager: Starting com.android.server.storage.DeviceStorageMonitorService
04-01 08:46:39.462 617 617 V SystemServerTiming: StartDeviceMonitor took to complete: 5ms
04-01 08:46:39.462 617 617 D SystemServerTiming: StartTimeDetectorService
04-01 08:46:39.462 617 617 I SystemServiceManager: Starting com.android.server.timedetector.TimeDetectorService$Lifecycle
04-01 08:46:39.475 617 617 V SystemServerTiming: StartTimeDetectorService took to complete: 13ms
04-01 08:46:39.475 617 617 D SystemServerTiming: StartLocationManagerService
04-01 08:46:39.475 617 617 I SystemServiceManager: Starting com.android.server.location.LocationManagerService$Lifecycle
04-01 08:46:39.503 617 617 V SystemServerTiming: StartLocationManagerService took to complete: 28ms
04-01 08:46:39.503 617 617 D SystemServerTiming: StartCountryDetectorService
04-01 08:46:39.505 617 617 V SystemServerTiming: StartCountryDetectorService took to complete: 2ms
04-01 08:46:39.505 617 617 D SystemServerTiming: StartTimeZoneDetectorService
04-01 08:46:39.505 617 617 I SystemServiceManager: Starting com.android.server.timezonedetector.TimeZoneDetectorService$Lifecycle
04-01 08:46:39.517 617 617 V SystemServerTiming: StartTimeZoneDetectorService took to complete: 12ms
04-01 08:46:39.517 617 617 D SystemServerTiming: StartAltitudeService
04-01 08:46:39.517 617 617 I SystemServiceManager: Starting com.android.server.location.altitude.AltitudeService$Lifecycle
04-01 08:46:39.520 617 617 V SystemServerTiming: StartAltitudeService took to complete: 3ms
04-01 08:46:39.522 243 243 I servicemanager: Caller(pid=617,uid=1000,sid=u:r:system_server:s0) Found android.frameworks.location.altitude.IAltitudeService/default in framework VINTF manifest.
04-01 08:46:39.521 617 617 D SystemServerTiming: StartLocationTimeZoneManagerService
04-01 08:46:39.521 617 617 I SystemServiceManager: Starting com.android.server.timezonedetector.location.LocationTimeZoneManagerService$Lifecycle
04-01 08:46:39.523 617 617 V SystemServerTiming: StartLocationTimeZoneManagerService took to complete: 2ms
04-01 08:46:39.524 617 617 D SystemServerTiming: StartSearchManagerService
04-01 08:46:39.524 617 617 I SystemServiceManager: Starting com.android.server.search.SearchManagerService$Lifecycle
04-01 08:46:39.527 617 617 V SystemServerTiming: StartSearchManagerService took to complete: 3ms
04-01 08:46:39.527 617 617 D SystemServerTiming: StartWallpaperManagerService
04-01 08:46:39.528 617 617 I SystemServiceManager: Starting com.android.server.wallpaper.WallpaperManagerService$Lifecycle
04-01 08:46:39.531 617 617 D DisplayManagerService: supportedStates=[0]
