01-01 00:00:15.450 168 168 E ueventd : LoadWithAliases was unable to load of:NsysconT(null)CsysconCsimple-mfd, tried: of:NsysconT(null)CsysconCsimple_mfd
01-01 00:00:15.466 168 168 E ueventd : LoadWithAliases was unable to load of:Nethernet-mac-sysconT(null)Cti,am62p-cpsw-mac-efuseCsyscon, tried: of:Nethernet_mac_sysconT(null)Cti,am62p_cpsw_mac_efuseCsyscon
01-01 00:00:15.481 232 232 W apexd-bootstrap: Loopback device 3 not ready. Waiting 50ms...: No such file or directory
01-01 00:00:15.485 168 168 I ueventd : Loading module /vendor/lib/modules/ti_k3_r5_remoteproc.ko with args ''
01-01 00:00:15.488 168 168 E ueventd : LoadWithAliases was unable to load input:b0003v046DpC077e0111-e0,1,2,4,k110,111,112,r0,1,8,B,am4,lsfw, tried: input:b0003v046DpC077e0111_e0,1,2,4,k110,111,112,r0,1,8,B,am4,lsfw
01-01 00:00:15.490 230 230 I EXT4-fs (loop0): mounted filesystem 7d1522e1-9dfa-5edb-a43e-98e3a4d20250 ro without journal. Quota mode: none.
01-01 00:00:15.491 231 231 I EXT4-fs (loop2): mounted filesystem 7d1522e1-9dfa-5edb-a43e-98e3a4d20250 ro without journal. Quota mode: none.
01-01 00:00:15.491 231 231 I apexd-bootstrap: Successfully mounted package /system/apex/com.android.tzdata.apex on /apex/com.android.tzdata@352090000 duration=63
01-01 00:00:15.495 229 229 I EXT4-fs (loop1): mounted filesystem 7d1522e1-9dfa-5edb-a43e-98e3a4d20250 ro without journal. Quota mode: none.
01-01 00:00:15.496 229 229 I apexd-bootstrap: Successfully mounted package /vendor/apex/com.android.hardware.boot.apex on /apex/com.android.hardware.boot@1 duration=68
01-01 00:00:15.507 230 230 I apexd-bootstrap: Successfully mounted package /system/apex/com.android.runtime.apex on /apex/com.android.runtime@1 duration=80
01-01 00:00:15.510 168 168 E ueventd : LoadWithAliases was unable to load usb:v1A2Cp212Ad0110dc00dsc00dp00ic03isc01ip01in00, tried: usb:v1A2Cp212Ad0110dc00dsc00dp00ic03isc01ip01in00
01-01 00:00:15.528 168 168 E ueventd : LoadWithAliases was unable to load usb:v214Bp7000d0100dc09dsc00dp01ic09isc00ip00in00, tried: usb:v214Bp7000d0100dc09dsc00dp01ic09isc00ip00in00
01-01 00:00:15.533 232 232 W apexd-bootstrap: Loopback device 3 not ready. Waiting 50ms...: No such file or directory
01-01 00:00:15.545 168 168 I ueventd : Loading module /vendor/lib/modules/gpio-regulator.ko with args ''
01-01 00:00:15.547 168 168 E ueventd : LoadWithAliases was unable to load platform:psci-cpuidle, tried: platform:psci_cpuidle
01-01 00:00:15.561 168 168 I ueventd : Loading module /vendor/lib/modules/display-connector.ko with args ''
01-01 00:00:15.563 168 168 E ueventd : LoadWithAliases was unable to load cpu:type:aarch64:feature:,0000,0001,0002,0003,0004,0005,0006,0007,000B
01-01 00:00:15.575 168 168 E ueventd : , tried: cpu:type:aarch64:feature:,0000,0001,0002,0003,0004,0005,0006,0007,000B
01-01 00:00:15.585 168 168 E ueventd :
01-01 00:00:15.593 232 232 W apexd-bootstrap: Loopback device 3 not ready. Waiting 50ms...: No such file or directory
01-01 00:00:15.610 164 164 I ueventd : Coldboot took 1.474 seconds
01-01 00:00:15.626 164 164 E ueventd : LoadWithAliases was unable to load spi:spi-nor, tried: spi:spi_nor
01-01 00:00:15.641 164 164 I ueventd : Loading module /vendor/lib/modules/spi-cadence-quadspi.ko with args ''
01-01 00:00:15.644 232 232 I loop3 : detected capacity change from 0 to 70504
01-01 00:00:15.652 164 164 I ueventd : Loading module /vendor/lib/modules/wave5.ko with args ''
01-01 00:00:15.660 164 164 I ueventd : Loading module /vendor/lib/modules/snd-soc-hdmi-codec.ko with args ''
01-01 00:00:15.672 164 164 I ueventd : Loading module /vendor/lib/modules/snd-soc-tlv320aic3x.ko with args ''
01-01 00:00:15.672 164 164 I ueventd : Loading module /vendor/lib/modules/snd-soc-tlv320aic3x-i2c.ko with args ''
01-01 00:00:15.674 232 232 I EXT4-fs (loop3): mounted filesystem 7d1522e1-9dfa-5edb-a43e-98e3a4d20250 ro without journal. Quota mode: none.
01-01 00:00:15.674 232 232 I apexd-bootstrap: Successfully mounted package /system/apex/com.android.i18n.apex on /apex/com.android.i18n@1 duration=246
01-01 00:00:15.676 165 165 I apexd-bootstrap: Activated 4 packages.
01-01 00:00:15.681 164 164 E ueventd : LoadWithAliases was unable to load of:Ntarget-moduleT(null)Cti,sysc-omap2Cti,sysc, tried: of:Ntarget_moduleT(null)Cti,sysc_omap2Cti,sysc
01-01 00:00:15.684 165 165 I SELinux : SELinux: Loaded file context from:
01-01 00:00:15.697 165 165 I SELinux : /system/etc/selinux/plat_file_contexts
01-01 00:00:15.697 165 165 I SELinux : /system_ext/etc/selinux/system_ext_file_contexts
01-01 00:00:15.697 165 165 I SELinux : /product/etc/selinux/product_file_contexts
01-01 00:00:15.697 165 165 I SELinux : /vendor/etc/selinux/vendor_file_contexts
01-01 00:00:15.703 164 164 E ueventd : LoadWithAliases was unable to load of:Nr5fT(null)Cti,am62-r5f, tried: of:Nr5fT(null)Cti,am62_r5f
01-01 00:00:15.705 165 165 I apexd-bootstrap: OnBootstrap done, duration=1527
01-01 00:00:15.719 1 1 I init : Service 'apexd-bootstrap' (pid 165) exited with status 0 waiting took 1.658000 seconds
01-01 00:00:15.719 1 1 I init : Sending signal 9 to service 'apexd-bootstrap' (pid 165) process group...
01-01 00:00:15.720 1 1 I libprocessgroup: Removed cgroup /sys/fs/cgroup/uid_0/pid_165
01-01 00:00:15.729 164 164 I ueventd : Loading module /vendor/lib/modules/gpio-davinci.ko with args ''
01-01 00:00:15.730 164 164 I ueventd : Loading module /vendor/lib/modules/ti_sci.ko with args ''
01-01 00:00:15.731 164 164 I ueventd : Loading module /vendor/lib/modules/ti_k3_r5_remoteproc.ko with args ''
01-01 00:00:15.732 1 1 I init : Parsing file /apex/com.android.hardware.boot/etc/android.hardware.boot-service.default.rc...
01-01 00:00:15.735 164 164 E ueventd : LoadWithAliases was unable to load of:Nr5fT(null)Cti,am62-r5f, tried: of:Nr5fT(null)Cti,am62_r5f
01-01 00:00:15.760 164 164 E ueventd : LoadWithAliases was unable to load platform:rproc-virtio, tried: platform:rproc_virtio
01-01 00:00:15.775 164 164 E ueventd : LoadWithAliases was unable to load platform:rproc-virtio, tried: platform:rproc_virtio
01-01 00:00:15.791 164 164 I ueventd : Loading module /vendor/lib/modules/rpmsg_ns.ko with args ''
01-01 00:00:15.793 164 164 I ueventd : Loaded kernel module /vendor/lib/modules/rpmsg_ns.ko
01-01 00:00:15.793 164 164 I ueventd : Loading module /vendor/lib/modules/virtio_rpmsg_bus.ko with args ''
01-01 00:00:15.796 164 164 I virtio_rpmsg_bus virtio0: rpmsg host is online
01-01 00:00:15.797 164 164 I virtio_rpmsg_bus virtio1: rpmsg host is online
01-01 00:00:15.797 164 164 I ueventd : Loaded kernel module /vendor/lib/modules/virtio_rpmsg_bus.ko
01-01 00:00:15.797 171 171 I virtio_rpmsg_bus virtio0: creating channel ti.ipc4.ping-pong addr 0xd
01-01 00:00:15.797 171 171 I virtio_rpmsg_bus virtio0: creating channel rpmsg_chrdev addr 0xe
01-01 00:00:15.798 174 174 I virtio_rpmsg_bus virtio1: creating channel ti.ipc4.ping-pong addr 0xd
01-01 00:00:15.798 174 174 I virtio_rpmsg_bus virtio1: creating channel rpmsg_chrdev addr 0xe
01-01 00:00:15.806 164 164 E ueventd : LoadWithAliases was unable to load platform:rproc-virtio, tried: platform:rproc_virtio
01-01 00:00:15.819 164 164 E ueventd : LoadWithAliases was unable to load platform:rproc-virtio, tried: platform:rproc_virtio
01-01 00:00:15.833 164 164 E ueventd : LoadWithAliases was unable to load virtio:d00000007v00000000, tried: virtio:d00000007v00000000
01-01 00:00:15.839 1 1 I init : linkerconfig generated /linkerconfig with mounted APEX modules info
01-01 00:00:15.844 1 1 I init : Command 'perform_apex_config --bootstrap' action=early-init (/system/etc/init/hw/init.rc:77) took 123ms and succeeded
01-01 00:00:15.848 164 164 E ueventd : LoadWithAliases was unable to load of:Nr5fssT(null)Cti,am62-r5fss, tried: of:Nr5fssT(null)Cti,am62_r5fss
01-01 00:00:15.853 1 1 I init : processing action (early-init) from (/init.environ.rc:2)
01-01 00:00:15.860 1 1 I init : processing action (early-init) from (/vendor/etc/init/hw/init.am62p.rc:1)
01-01 00:00:15.868 163 163 W init : type=1400 audit(0.0:4): avc: denied { write } for name="features" dev="debugfs" ino=908 scontext=u:r:vendor_init:s0 tcontext=u:object_r:debugfs:s0 tclass=file permissive=0
01-01 00:00:15.871 1 1 I init : Command 'write /sys/kernel/debug/sched/features NO_ENERGY_AWARE' action=early-init (/vendor/etc/init/hw/init.am62p.rc:7) took 0ms and failed: Unable to write to file '/sys/kernel/debug/sched/features': open() failed: Permission denied
01-01 00:00:15.883 164 164 I ueventd : Loading module /vendor/lib/modules/pvrsrvkm_am62p.ko with args ''
01-01 00:00:15.900 164 164 I ueventd : Loading module /vendor/lib/modules/mdio-bitbang.ko with args ''
01-01 00:00:15.917 164 164 I ueventd : Loading module /vendor/lib/modules/davinci_mdio.ko with args ''
01-01 00:00:15.922 1 1 I init : processing action (ro.product.debugfs_restrictions.enabled=true && early-init) from (/system/etc/init/init-debug.rc:10)
01-01 00:00:15.922 1 1 I init : Command 'mount debugfs debugfs /sys/kernel/debug' action=ro.product.debugfs_restrictions.enabled=true && early-init (/system/etc/init/init-debug.rc:11) took 0ms and failed: mount() failed: Device or resource busy
01-01 00:00:15.922 1 1 I init : processing action (early-init) from (/system/etc/init/prng_seeder.rc:5)
01-01 00:00:15.923 1 1 I init : starting service 'prng_seeder'...
01-01 00:00:15.924 1 1 I init : Created socket '/dev/socket/prng_seeder', mode 666, user 1092, group 1092
01-01 00:00:15.933 1 1 I init : ... started service 'prng_seeder' has pid 239
01-01 00:00:15.933 1 1 I init : processing action (ro.product.cpu.abilist64=* && early-init) from (/vendor/etc/boringssl_self_test.zygote64.rc:1)
01-01 00:00:15.934 164 164 I ueventd : Loading module /vendor/lib/modules/snd-soc-ti-edma.ko with args ''
01-01 00:00:15.934 1 1 I init : starting service 'boringssl_self_test64_vendor'...
01-01 00:00:15.935 164 164 I ueventd : Loading module /vendor/lib/modules/snd-soc-ti-udma.ko with args ''
01-01 00:00:15.936 164 164 I ueventd : Loading module /vendor/lib/modules/snd-soc-ti-sdma.ko with args ''
01-01 00:00:15.936 164 164 I ueventd : Loading module /vendor/lib/modules/snd-soc-davinci-mcasp.ko with args ''
01-01 00:00:15.943 1 1 I init : ... started service 'boringssl_self_test64_vendor' has pid 240
01-01 00:00:15.943 1 1 I init : SVC_EXEC service 'boringssl_self_test64_vendor' pid 240 (uid 0 gid 0+0 context default) started; waiting...
01-01 00:00:15.945 164 164 E ueventd : LoadWithAliases was unable to load of:Nethernet-phyT(null), tried: of:Nethernet_phyT(null)
01-01 00:00:15.960 164 164 E ueventd : LoadWithAliases was unable to load of:Nethernet-phyT(null), tried: of:Nethernet_phyT(null)
01-01 00:00:15.974 164 164 E ueventd : LoadWithAliases was unable to load of:NmdioT(null)Cti,cpsw-mdioCti,davinci_mdio, tried: of:NmdioT(null)Cti,cpsw_mdioCti,davinci_mdio
01-01 00:00:15.999 164 164 E ueventd : LoadWithAliases was unable to load platform:tps65224-adc, tried: platform:tps65224_adc
01-01 00:00:16.013 164 164 I ueventd : Loading module /vendor/lib/modules/tps6594-pfsm.ko with args ''
01-01 00:00:16.045 239 239 W prng_seeder: Hanging forever because setup failed: hwrng.read_exact in new
01-01 00:00:16.045 239 239 W Caused by:
01-01 00:00:16.045 239 239 W : No such device (os error 19)
01-01 00:00:16.052 164 164 I ueventd : Loaded kernel module /vendor/lib/modules/tps6594-pfsm.ko
01-01 00:00:16.056 164 164 I ueventd : Loading module /vendor/lib/modules/gpio-regmap.ko with args ''
01-01 00:00:16.058 164 164 I ueventd : Loaded kernel module /vendor/lib/modules/gpio-regmap.ko
01-01 00:00:16.058 164 164 I ueventd : Loading module /vendor/lib/modules/pinctrl-tps6594.ko with args ''
01-01 00:00:16.061 164 164 I ueventd : Loaded kernel module /vendor/lib/modules/pinctrl-tps6594.ko
01-01 00:00:16.064 164 164 I ueventd : Loading module /vendor/lib/modules/tps6594-regulator.ko with args ''
01-01 00:00:16.079 164 164 I ueventd : Loaded kernel module /vendor/lib/modules/tps6594-regulator.ko
01-01 00:00:16.083 164 164 I ueventd : Loading module /vendor/lib/modules/tps6594-core.ko with args ''
01-01 00:00:16.083 164 164 I ueventd : Loading module /vendor/lib/modules/tps6594-i2c.ko with args ''
01-01 00:00:16.093 164 164 I ueventd : Loading module /vendor/lib/modules/cpufreq-dt.ko with args ''
01-01 00:00:16.118 164 164 I ueventd : Loading module /vendor/lib/modules/snd-soc-simple-card-utils.ko with args ''
01-01 00:00:16.118 164 164 I ueventd : Loading module /vendor/lib/modules/snd-soc-simple-card.ko with args ''
01-01 00:00:16.161 1 1 I init : Service 'boringssl_self_test64_vendor' (pid 240) exited with status 0 waiting took 0.222000 seconds
01-01 00:00:16.161 1 1 I init : Sending signal 9 to service 'boringssl_self_test64_vendor' (pid 240) process group...
01-01 00:00:16.161 1 1 I libprocessgroup: Removed cgroup /sys/fs/cgroup/uid_0/pid_240
01-01 00:00:16.162 1 1 I init : processing action (ConnectEarlyStageSnapuserd) from (:0)
01-01 00:00:16.162 1 1 I init : processing action (wait_for_coldboot_done) from (:0)
01-01 00:00:16.162 1 1 I init : start_waiting_for_property("ro.cold_boot_done", "true"): already set
01-01 00:00:16.163 1 1 I init : processing action (SetMmapRndBits) from (:0)
01-01 00:00:16.164 1 1 I init : processing action (KeychordInit) from (:0)
01-01 00:00:16.164 1 1 I init : processing action (init) from (/system/etc/init/hw/init.rc:101)
01-01 00:00:16.169 164 164 I ueventd : Loading module /vendor/lib/modules/pps_core.ko with args ''
01-01 00:00:16.170 164 164 I ueventd : Loading module /vendor/lib/modules/ptp.ko with args ''
01-01 00:00:16.171 164 164 I ueventd : Loading module /vendor/lib/modules/k3-cppi-desc-pool.ko with args ''
01-01 00:00:16.172 164 164 I ueventd : Loading module /vendor/lib/modules/k3-ringacc.ko with args ''
01-01 00:00:16.173 164 164 I ueventd : Loading module /vendor/lib/modules/k3-psil-lib.ko with args ''
01-01 00:00:16.174 164 164 I ueventd : Loading module /vendor/lib/modules/k3-udma.ko with args ''
01-01 00:00:16.175 164 164 I ueventd : Loading module /vendor/lib/modules/k3-udma-glue.ko with args ''
01-01 00:00:16.176 164 164 I ueventd : Loading module /vendor/lib/modules/am65-cpts.ko with args ''
01-01 00:00:16.176 164 164 I ueventd : Loading module /vendor/lib/modules/ti-am65-cpsw-nuss.ko with args ''
01-01 00:00:16.193 1 1 I init : Command 'write /dev/blkio/blkio.weight 1000' action=init (/system/etc/init/hw/init.rc:251) took 0ms and failed: Unable to write to file '/dev/blkio/blkio.weight': open() failed: Permission denied
01-01 00:00:16.194 1 1 I init : Command 'write /dev/blkio/background/blkio.weight 200' action=init (/system/etc/init/hw/init.rc:252) took 0ms and failed: Unable to write to file '/dev/blkio/background/blkio.weight': open() failed: Permission denied
01-01 00:00:16.196 1 1 I init : Command 'write /dev/blkio/blkio.group_idle 0' action=init (/system/etc/init/hw/init.rc:254) took 0ms and failed: Unable to write to file '/dev/blkio/blkio.group_idle': open() failed: Permission denied
01-01 00:00:16.197 1 1 I init : Command 'write /dev/blkio/background/blkio.group_idle 0' action=init (/system/etc/init/hw/init.rc:255) took 0ms and failed: Unable to write to file '/dev/blkio/background/blkio.group_idle': open() failed: Permission denied
01-01 00:00:16.261 1 1 I init : Command 'write /dev/cpu_variant:${ro.bionic.2nd_arch} ${ro.bionic.2nd_cpu_variant}' action=init (/system/etc/init/hw/init.rc:470) took 0ms and failed: property 'ro.bionic.2nd_arch' doesn't exist while expanding '/dev/cpu_variant:${ro.bionic.2nd_arch}'
01-01 00:00:16.262 1 1 I init : Command 'chmod 0444 /dev/cpu_variant:${ro.bionic.2nd_arch}' action=init (/system/etc/init/hw/init.rc:471) took 0ms and failed: property 'ro.bionic.2nd_arch' doesn't exist while expanding '/dev/cpu_variant:${ro.bionic.2nd_arch}'
01-01 00:00:16.263 1 1 I init : starting service 'logd'...
01-01 00:00:16.263 1 1 I init : Created socket '/dev/socket/logd', mode 666, user 1036, group 1036
01-01 00:00:16.264 1 1 I init : Created socket '/dev/socket/logdr', mode 666, user 1036, group 1036
01-01 00:00:16.264 1 1 I init : Created socket '/dev/socket/logdw', mode 222, user 1036, group 1036
01-01 00:00:16.274 1 1 I init : ... started service 'logd' has pid 241
01-01 00:00:16.276 1 1 I init : starting service 'lmkd'...
01-01 00:00:16.277 1 1 I init : Created socket '/dev/socket/lmkd', mode 660, user 1000, group 1000
01-01 00:00:16.287 1 1 I init : ... started service 'lmkd' has pid 242
01-01 00:00:16.288 1 1 I init : starting service 'servicemanager'...
01-01 00:00:16.298 1 1 I init : ... started service 'servicemanager' has pid 243
01-01 00:00:16.303 1 1 I init : starting service 'hwservicemanager'...
01-01 00:00:16.312 1 1 I init : ... started service 'hwservicemanager' has pid 244
01-01 00:00:16.312 1 1 I init : Command 'start vndservicemanager' action=init (/system/etc/init/hw/init.rc:496) took 0ms and failed: service vndservicemanager not found
01-01 00:00:16.316 1 1 I init : processing action (ro.debuggable=1 && init) from (/system/etc/init/hw/init.rc:1358)
01-01 00:00:16.320 1 1 I init : starting service 'console'...
01-01 00:00:16.334 1 1 I init : ... started service 'console' has pid 246
01-01 00:00:16.334 1 1 I init : processing action (init) from (/system/etc/init/hw/init.usb.rc:28)
01-01 00:00:16.335 1 1 I init : processing action (init) from (/vendor/etc/init/hw/init.am62p.rc:19)
01-01 00:00:16.372 1 1 I init : Command 'start watchdogd' action=init (/vendor/etc/init/hw/init.am62p.rc:65) took 0ms and failed: service watchdogd not found
01-01 00:00:16.372 1 1 I init : processing action (ro.product.cpu.abilist64=* && init) from (/system/etc/init/hw/init.boringssl.zygote64.rc:1)
01-01 00:00:16.373 1 1 I init : starting service 'boringssl_self_test64'...
01-01 00:00:16.376 243 243 I servicemanager: Starting sm instance on /dev/binder
01-01 00:00:16.385 1 1 I init : ... started service 'boringssl_self_test64' has pid 252
01-01 00:00:16.385 1 1 I init : SVC_EXEC service 'boringssl_self_test64' pid 252 (uid 9999 gid 0+0 context default) started; waiting...
01-01 00:00:16.386 243 243 I SELinux : SELinux: Loaded service context from:
01-01 00:00:16.386 243 243 I SELinux : /system/etc/selinux/plat_service_contexts
01-01 00:00:16.386 243 243 I SELinux : /system_ext/etc/selinux/system_ext_service_contexts
01-01 00:00:16.386 243 243 I SELinux : /product/etc/selinux/product_service_contexts
01-01 00:00:16.386 243 243 I SELinux : /vendor/etc/selinux/vendor_service_contexts
01-01 00:00:16.455 1 1 I init : Service 'boringssl_self_test64' (pid 252) exited with status 0 waiting took 0.077000 seconds
01-01 00:00:16.455 1 1 I init : Sending signal 9 to service 'boringssl_self_test64' (pid 252) process group...
01-01 00:00:16.456 1 1 I libprocessgroup: Removed cgroup /sys/fs/cgroup/uid_9999/pid_252
01-01 00:00:16.457 1 1 I init : processing action (init) from (/system/etc/init/audioserver.rc:60)
01-01 00:00:16.458 1 1 I init : processing action (init) from (/system/etc/init/perfetto.rc:153)
01-01 00:00:16.461 1 1 I init : processing action (late-init) from (/system/etc/init/hw/init.rc:548)
01-01 00:00:16.461 1 1 I init : processing action (late-init) from (/system/etc/init/atrace.rc:3)
01-01 00:00:16.487 1 1 I init : processing action (ro.boot.fastboot.boottrace= && late-init) from (/system/etc/init/atrace.rc:315)
01-01 00:00:16.489 1 1 I init : processing action (queue_property_triggers) from (:0)
01-01 00:00:16.489 1 1 I init : processing action (early-fs) from (/system/etc/init/hw/init.rc:582)
01-01 00:00:16.489 1 1 I init : starting service 'vold'...
01-01 00:00:16.498 1 1 I init : ... started service 'vold' has pid 253
01-01 00:00:16.498 1 1 I init : processing action (early-fs) from (/vendor/etc/init/hw/init.am62p.rc:75)
01-01 00:00:16.499 1 1 I init : starting service 'bootanim'...
01-01 00:00:16.510 1 1 I init : ... started service 'bootanim' has pid 254
01-01 00:00:16.511 1 1 I init : service 'bootanim' requested start, but it is already running (flags: 134)
01-01 00:00:16.511 1 1 I init : service 'servicemanager' requested start, but it is already running (flags: 2084)
01-01 00:00:16.512 1 1 I init : starting service 'surfaceflinger'...
01-01 00:00:16.521 1 1 I init : ... started service 'surfaceflinger' has pid 255
01-01 00:00:16.521 1 1 I init : service 'hwservicemanager' requested start, but it is already running (flags: 2212)
01-01 00:00:16.538 1 1 I init : starting service 'vendor.graphics.allocator'...
01-01 00:00:16.546 1 1 I init : ... started service 'vendor.graphics.allocator' has pid 256
01-01 00:00:16.547 1 1 I init : starting service 'vendor.hwcomposer-3'...
01-01 00:00:16.556 1 1 I init : ... started service 'vendor.hwcomposer-3' has pid 257
01-01 00:00:16.561 1 1 I init : processing action (fs) from (/system/etc/init/logd.rc:29)
01-01 00:00:16.562 1 1 I init : processing action (fs) from (/system/etc/init/wifi.rc:25)
01-01 00:00:16.562 1 1 I init : processing action (fs) from (/vendor/etc/init/init.optee.rc:1)
01-01 00:00:16.682 1 1 I init : Command 'restorecon_recursive /mnt/vendor/persist/' action=fs (/vendor/etc/init/init.optee.rc:2) took 118ms and succeeded
01-01 00:00:16.682 1 1 I init : processing action (post-fs) from (/system/etc/init/hw/init.rc:586)
01-01 00:00:16.682 1 1 I init : starting service 'exec 1 (/system/bin/vdc checkpoint markBootAttempt)'...
01-01 00:00:16.690 1 1 I init : ... started service 'exec 1 (/system/bin/vdc checkpoint markBootAttempt)' has pid 258
01-01 00:00:16.690 1 1 I init : SVC_EXEC service 'exec 1 (/system/bin/vdc checkpoint markBootAttempt)' pid 258 (uid 1000 gid 1000+0 context default) started; waiting...
01-01 00:00:16.843 164 164 E ueventd : LoadWithAliases was unable to load rpmsg:rpmsg_ctrl, tried: rpmsg:rpmsg_ctrl
01-01 00:00:16.858 164 164 E ueventd : LoadWithAliases was unable to load rpmsg:rpmsg_ns, tried: rpmsg:rpmsg_ns
01-01 00:00:16.871 164 164 E ueventd : LoadWithAliases was unable to load rpmsg:rpmsg_ns, tried: rpmsg:rpmsg_ns
01-01 00:00:16.884 164 164 E ueventd : LoadWithAliases was unable to load virtio:d00000007v00000000, tried: virtio:d00000007v00000000
01-01 00:00:16.900 164 164 E ueventd : LoadWithAliases was unable to load rpmsg:rpmsg_ctrl, tried: rpmsg:rpmsg_ctrl
01-01 00:00:16.914 164 164 E ueventd : LoadWithAliases was unable to load rpmsg:rpmsg_ns, tried: rpmsg:rpmsg_ns
01-01 00:00:16.927 164 164 E ueventd : LoadWithAliases was unable to load rpmsg:rpmsg_ns, tried: rpmsg:rpmsg_ns
01-01 00:00:16.940 164 164 E ueventd : LoadWithAliases was unable to load virtio:d00000007v00000000, tried: virtio:d00000007v00000000
01-01 00:00:16.961 164 164 E ueventd : LoadWithAliases was unable to load rpmsg:ti.ipc4.ping-pong, tried: rpmsg:ti.ipc4.ping_pong
01-01 00:00:16.976 164 164 E ueventd : LoadWithAliases was unable to load rpmsg:rpmsg_chrdev, tried: rpmsg:rpmsg_chrdev
01-01 00:00:16.995 164 164 E ueventd : LoadWithAliases was unable to load rpmsg:rpmsg_chrdev, tried: rpmsg:rpmsg_chrdev
01-01 00:00:17.009 164 164 E ueventd : LoadWithAliases was unable to load rpmsg:ti.ipc4.ping-pong, tried: rpmsg:ti.ipc4.ping_pong
01-01 00:00:17.024 164 164 E ueventd : LoadWithAliases was unable to load rpmsg:rpmsg_chrdev, tried: rpmsg:rpmsg_chrdev
01-01 00:00:17.043 164 164 E ueventd : LoadWithAliases was unable to load rpmsg:rpmsg_chrdev, tried: rpmsg:rpmsg_chrdev
01-01 00:00:17.062 164 164 E ueventd : LoadWithAliases was unable to load platform:tps6594-pfsm, tried: platform:tps6594_pfsm
01-01 00:00:17.088 164 164 E ueventd : LoadWithAliases was unable to load platform:tps6594-pinctrl, tried: platform:tps6594_pinctrl
01-01 00:00:17.118 164 164 E ueventd : LoadWithAliases was unable to load platform:tps6594-regulator, tried: platform:tps6594_regulator
01-01 00:00:17.150 241 241 I logd.auditd: start
01-01 00:00:17.150 241 241 I logd.klogd: 8530687795
01-01 00:00:17.179 243 243 E cutils-trace: Error opening trace file: Permission denied (13)
01-01 00:00:17.181 241 241 I logd : Loaded bug_map file: /system_ext/etc/selinux/bug_map
01-01 00:00:17.188 241 241 I logd : Loaded bug_map file: /vendor/etc/selinux/selinux_denial_metadata
01-01 00:00:17.399 241 241 I logd : Loaded bug_map file: /system/etc/selinux/bug_map
01-01 00:00:17.591 256 256 I IMGAidlAllocator: PowerVR AIDL allocator starting up...
01-01 00:00:17.623 255 255 E cutils-trace: Error opening trace file: Permission denied (13)
01-01 00:00:17.625 244 244 E cutils-trace: Error opening trace file: Permission denied (13)
01-01 00:00:17.627 244 244 I hwservicemanager: getTransport: Cannot find entry android.hardware.configstore@1.0::ISurfaceFlingerConfigs/default in either framework or device VINTF manifest.
01-01 00:00:17.656 257 257 I drmhwc : hwc3-drm starting up
01-01 00:00:17.657 257 257 I drmhwc : HWC3 service name android.hardware.graphics.composer3.IComposer/default
01-01 00:00:17.659 257 257 E cutils-trace: Error opening trace file: Permission denied (13)
01-01 00:00:17.661 255 255 I SurfaceFlinger: Using HWComposer service: default
01-01 00:00:17.661 255 255 I SurfaceFlinger: SurfaceFlinger is starting
01-01 00:00:17.661 255 255 I SurfaceFlinger: Enabling backpressure for GPU composition
01-01 00:00:17.661 255 255 I SurfaceFlinger: Disabling blur effects, they are not supported.
01-01 00:00:17.663 243 243 I servicemanager: getDeviceHalManifest: Reading VINTF information.
01-01 00:00:17.673 243 243 I servicemanager: Loaded APEX Infos from /bootstrap-apex/apex-info-list.xml
01-01 00:00:17.674 243 243 I servicemanager: getDeviceHalManifest: Successfully processed VINTF information
01-01 00:00:17.674 243 243 I servicemanager: getFrameworkHalManifest: Reading VINTF information.
01-01 00:00:17.680 255 255 I SurfaceFlinger: SurfaceFlinger's main thread ready to run. Initializing graphics H/W...
01-01 00:00:17.680 255 255 D RenderEngine: Threaded RenderEngine with SkiaGL Backend (Ganesh)
01-01 00:00:17.681 256 256 I PVR_K : 256: RGX Firmware image 'rgx.fw.36.53.104.796' loaded
01-01 00:00:17.682 243 243 I servicemanager: Loaded APEX Infos from /bootstrap-apex/apex-info-list.xml
01-01 00:00:17.682 243 243 I servicemanager: getFrameworkHalManifest: Successfully processed VINTF information
01-01 00:00:17.683 243 243 I servicemanager: Caller(pid=257,uid=1000,sid=u:r:hal_graphics_composer_default:s0) Found android.hardware.graphics.composer3.IComposer/default in device VINTF manifest.
01-01 00:00:17.686 256 256 I PVR_K : 256: Shader binary image 'rgx.sh.36.53.104.796' loaded
01-01 00:00:17.692 256 256 E ion : open /dev/ion failed: No such file or directory
01-01 00:00:17.691 256 256 I PVR_K : 256: FTrace event from "gpu_work_period" enabled
01-01 00:00:17.694 256 256 E cutils-trace: Error opening trace file: Permission denied (13)
01-01 00:00:17.698 243 243 I servicemanager: Caller(pid=256,uid=1000,sid=u:r:hal_graphics_allocator_default:s0) Found android.hardware.graphics.allocator.IAllocator/default in device VINTF manifest. --------- beginning of system
01-01 00:00:17.699 253 253 I vold : Vold 3.0 (the awakening) firing up
01-01 00:00:17.699 253 253 D vold : Detected support for: ext4 f2fs vfat
01-01 00:00:17.711 253 253 I vold : [libfstab] Using Android DT directory /proc/device-tree/firmware/android/
01-01 00:00:17.719 253 253 D vold : VoldNativeService::start() completed OK
01-01 00:00:17.753 1 1 I init : Service 'exec 1 (/system/bin/vdc checkpoint markBootAttempt)' (pid 258) exited with status 0 waiting took 1.064000 seconds
01-01 00:00:17.753 1 1 I init : Sending signal 9 to service 'exec 1 (/system/bin/vdc checkpoint markBootAttempt)' (pid 258) process group...
01-01 00:00:17.753 1 1 I libprocessgroup: Removed cgroup /sys/fs/cgroup/uid_1000/pid_258
01-01 00:00:17.767 1 1 I init : Command 'chown system cache /cache' action=post-fs (/system/etc/init/hw/init.rc:602) took 0ms and failed: lchown() failed: Read-only file system
01-01 00:00:17.768 1 1 I init : Command 'chmod 0770 /cache' action=post-fs (/system/etc/init/hw/init.rc:603) took 0ms and failed: fchmodat() failed: Read-only file system
01-01 00:00:17.774 1 1 I selinux : SELinux: Skipping restorecon on directory(/metadata)
01-01 00:00:17.786 1 1 I selinux : SELinux: Skipping restorecon on directory(/metadata/apex)
01-01 00:00:17.795 1 1 I init : starting service 'aconfigd-platform-init'...
01-01 00:00:17.816 1 1 I init : ... started service 'aconfigd-platform-init' has pid 277
01-01 00:00:17.816 1 1 I init : SVC_EXEC service 'aconfigd-platform-init' pid 277 (uid 1000 gid 1000+0 context default) started; waiting...
01-01 00:00:17.853 255 269 E ion : open /dev/ion failed: No such file or directory
01-01 00:00:17.877 1 1 I init : Service 'aconfigd-platform-init' (pid 277) exited with status 0 waiting took 0.068000 seconds
01-01 00:00:17.877 1 1 I init : Sending signal 9 to service 'aconfigd-platform-init' (pid 277) process group...
01-01 00:00:17.877 1 1 I libprocessgroup: Removed cgroup /sys/fs/cgroup/uid_1000/pid_277
01-01 00:00:17.879 1 1 I init : processing action (post-fs) from (/vendor/etc/init/hw/init.am62p.rc:82)
01-01 00:00:17.881 1 1 I init : processing action (post-fs) from (/system/etc/init/atrace_userdebug.rc:7)
01-01 00:00:17.882 1 1 I init : processing action (post-fs) from (/system/etc/init/gsid.rc:8)
01-01 00:00:17.883 1 1 I init : processing action (post-fs) from (/system/etc/init/recovery-refresh.rc:1)
01-01 00:00:17.884 1 1 I init : starting service 'exec 2 (/system/bin/recovery-refresh)'...
01-01 00:00:17.893 1 1 I init : ... started service 'exec 2 (/system/bin/recovery-refresh)' has pid 278
01-01 00:00:17.893 1 1 I init : processing action (late-fs) from (/system/etc/init/hw/init.rc:667)
01-01 00:00:17.896 1 1 I init : starting service 'system_suspend'...
01-01 00:00:17.899 255 269 I RenderEngine: OpenGL ES informations:
01-01 00:00:17.900 255 269 I RenderEngine: vendor : Imagination Technologies
01-01 00:00:17.900 255 269 I RenderEngine: renderer : PowerVR B-Series BXS-4-64
01-01 00:00:17.900 255 269 I RenderEngine: version : OpenGL ES 3.2 build 24.2@6643903
01-01 00:00:17.900 255 269 I RenderEngine: extensions: GL_EXT_debug_marker GL_ANDROID_extension_pack_es31a GL_EXT_EGL_image_array GL_EXT_EGL_image_storage GL_EXT_EGL_image_storage_compression GL_EXT_YUV_target GL_EXT_blend_func_extended GL_EXT_blend_minmax GL_EXT_buffer_storage GL_EXT_clear_texture GL_EXT_clip_control GL_EXT_color_buffer_float GL_EXT_color_buffer_half_float GL_EXT_compressed_ETC1_RGB8_sub_texture GL_EXT_conservative_depth GL_EXT_copy_image GL_EXT_discard_framebuffer GL_EXT_draw_buffers GL_EXT_draw_buffers_indexed GL_EXT_draw_elements_base_vertex GL_EXT_external_buffer GL_EXT_float_blend GL_EXT_geometry_point_size GL_EXT_geometry_shader GL_EXT_gpu_shader5 GL_EXT_memory_object GL_EXT_memory_object_fd GL_EXT_multi_draw_arrays GL_EXT_multisampled_render_to_texture GL_EXT_multisampled_render_to_texture2 GL_EXT_occlusion_query_boolean GL_EXT_polygon_offset_clamp GL_EXT_primitive_bounding_box GL_EXT_read_format_bgra GL_EXT_robustness GL_EXT_sRGB GL_EXT_sRGB_write_control GL_EXT_separate_shader_objects GL_EXT_shader_framebuffer_fetch GL_EXT_
01-01 00:00:17.900 255 269 I RenderEngine: GL_MAX_TEXTURE_SIZE = 8192
01-01 00:00:17.900 255 269 I RenderEngine: GL_MAX_VIEWPORT_DIMS = 8192
01-01 00:00:17.905 243 243 I servicemanager: Caller(pid=255,uid=1000,sid=u:r:surfaceflinger:s0) Found android.hardware.graphics.composer3.IComposer/default in device VINTF manifest.
01-01 00:00:17.907 1 1 I init : ... started service 'system_suspend' has pid 279
01-01 00:00:17.908 1 1 I init : starting service 'keystore2'...
01-01 00:00:17.912 255 255 I HwcComposer: Loaded AIDL composer3 HAL service
01-01 00:00:17.914 255 255 E HwcComposer: getOverlaySupport failed Status(-8, EX_SERVICE_SPECIFIC): '8: '
01-01 00:00:17.915 255 255 E HwcComposer: getHdrConversionCapabilities failed Status(-8, EX_SERVICE_SPECIFIC): '8: '
01-01 00:00:17.917 255 255 E HWComposer: Error in fetching HDR conversion capabilities Unsupported
01-01 00:00:17.921 1 1 I init : ... started service 'keystore2' has pid 281
01-01 00:00:17.922 1 1 I init : starting service 'vendor.keymint-optee'...
01-01 00:00:17.936 1 1 I init : ... started service 'vendor.keymint-optee' has pid 282
01-01 00:00:17.936 1 1 I init : starting service 'tee-supplicant'...
01-01 00:00:17.946 1 1 I init : ... started service 'tee-supplicant' has pid 283
01-01 00:00:17.956 1 1 I init : starting service 'vendor.boot-default'...
01-01 00:00:17.972 243 243 I servicemanager: Caller(pid=257,uid=1000,sid=u:r:hal_graphics_composer_default:s0) Found android.hardware.graphics.allocator.IAllocator/default in device VINTF manifest.
01-01 00:00:17.977 1 1 I init : ... started service 'vendor.boot-default' has pid 284
01-01 00:00:17.977 1 1 I init : Command 'class_start early_hal' action=late-fs (/system/etc/init/hw/init.rc:674) took 83ms and succeeded
01-01 00:00:17.977 1 1 I init : Service 'exec 2 (/system/bin/recovery-refresh)' (pid 278) exited with status 254 oneshot service took 0.087000 seconds in background
01-01 00:00:17.977 1 1 I init : Sending signal 9 to service 'exec 2 (/system/bin/recovery-refresh)' (pid 278) process group...
01-01 00:00:17.977 243 243 I servicemanager: Caller(pid=257,uid=1000,sid=u:r:hal_graphics_composer_default:s0) Found android.hardware.graphics.allocator.IAllocator/default in device VINTF manifest.
01-01 00:00:17.978 1 1 I libprocessgroup: Removed cgroup /sys/fs/cgroup/uid_1000/pid_278
01-01 00:00:17.979 1 1 I init : starting service 'exec 3 (/system/bin/fsverity_init --load-verified-keys)'...
01-01 00:00:17.980 243 243 I servicemanager: Caller(pid=257,uid=1000,sid=u:r:hal_graphics_composer_default:s0) Found mapper/powervr in device VINTF manifest.
01-01 00:00:17.989 1 1 I init : ... started service 'exec 3 (/system/bin/fsverity_init --load-verified-keys)' has pid 286
01-01 00:00:17.989 1 1 I init : SVC_EXEC service 'exec 3 (/system/bin/fsverity_init --load-verified-keys)' pid 286 (uid 0 gid 0+0 context default) started; waiting...
01-01 00:00:18.003 244 244 I hwservicemanager: getTransport: Cannot find entry android.system.suspend@1.0::ISystemSuspend/default in either framework or device VINTF manifest.
01-01 00:00:18.003 243 243 I servicemanager: Caller(pid=279,uid=1000,sid=u:r:system_suspend:s0) Found android.system.suspend.ISystemSuspend/default in framework VINTF manifest.
01-01 00:00:18.049 284 284 I android.hardware.boot-service.default: [libfstab] Using Android DT directory /proc/device-tree/firmware/android/
01-01 00:00:18.061 243 243 I servicemanager: Caller(pid=284,uid=0,sid=u:r:hal_bootctl_default:s0) Found android.hardware.boot.IBootControl/default in device VINTF manifest.
01-01 00:00:18.061 284 284 I android.hardware.boot-service.default: IBootControl AIDL service running...
01-01 00:00:18.064 1 1 I init : Service 'exec 3 (/system/bin/fsverity_init --load-verified-keys)' (pid 286) exited with status 0 waiting took 0.079000 seconds
01-01 00:00:18.064 1 1 I init : Sending signal 9 to service 'exec 3 (/system/bin/fsverity_init --load-verified-keys)' (pid 286) process group...
01-01 00:00:18.064 1 1 I libprocessgroup: Removed cgroup /sys/fs/cgroup/uid_0/pid_286
01-01 00:00:18.064 1 1 I init : processing action (late-fs) from (/system/etc/init/hw/init.rc:684)
01-01 00:00:18.065 1 1 I init : processing action (late-fs) from (/vendor/etc/init/hw/init.am62p.rc:92)
01-01 00:00:18.068 1 1 I init : Calling: /system/bin/vdc checkpoint needsCheckpoint
01-01 00:00:18.074 257 257 E ion : open /dev/ion failed: No such file or directory
01-01 00:00:18.109 243 243 I servicemanager: Caller(pid=254,uid=1003,sid=u:r:bootanim:s0) Since 'SurfaceFlingerAIDL' could not be found trying to start it as a lazy AIDL service. (if it's not configured to be a lazy service, it may be stuck starting or still starting).
01-01 00:00:18.115 290 290 D vdc : Waited 0ms for vold
01-01 00:00:18.115 253 253 I vold : Using AIDL version of IBootControl
01-01 00:00:18.116 243 243 I servicemanager: Caller(pid=253,uid=0,sid=u:r:vold:s0) Found android.hardware.boot.IBootControl/default in device VINTF manifest.
01-01 00:00:18.120 257 257 I drmhwc : Attaching connector HDMI-A-1
01-01 00:00:18.121 257 257 I drmhwc : Attaching pipeline 'HDMI-A-1' to the display #0 (Primary)
01-01 00:00:18.125 1 1 I init : [libfs_mgr] Invalid f2fs superblock on '/dev/block/platform/bus@f0000/fa10000.mmc/by-name/userdata'
01-01 00:00:18.126 1 1 E init : [libfs_mgr] mount_with_alternatives(): skipping mount due to invalid magic, mountpoint=/data blk_dev=/dev/block/mmcblk0p20 rec[7].fs_type=f2fs
01-01 00:00:18.143 1 1 I init : Calling: /system/bin/vdc cryptfs mountFstab /dev/block/platform/bus@f0000/fa10000.mmc/by-name/userdata /data false
01-01 00:00:18.170 257 257 I drmhwc : Backend 'generic' for 'HDMI-A-1' and driver 'tidss' was successfully set
01-01 00:00:18.183 253 253 D vold : fscrypt_mount_metadata_encrypted: /data encrypt: 0 format: 0 with null block device: /dev/block/platform/bus@f0000/fa10000.mmc/by-name/userdata with zoned 0 length: 0
01-01 00:00:18.183 253 253 D vold : metadata_key_dir/key: /metadata/vold/metadata_encryption/key
01-01 00:00:18.185 253 253 D vold : Key exists, using: /metadata/vold/metadata_encryption/key
01-01 00:00:18.185 295 295 D vdc : Waited 0ms for vold
01-01 00:00:18.190 243 243 I servicemanager: Caller(pid=253,uid=0,sid=u:r:vold:s0) Since 'android.system.keystore2.IKeystoreService/default' could not be found trying to start it as a lazy AIDL service. (if it's not configured to be a lazy service, it may be stuck starting or still starting).
01-01 00:00:18.229 281 281 I keystore2: system/security/keystore2/src/keystore2_main.rs:61 - Keystore2 is starting.
01-01 00:00:18.229 281 281 I keystore2: system/security/keystore2/src/keystore2_main.rs:67 - Setting up sqlite logging for keystore2
01-01 00:00:18.243 281 281 I keystore2: system/security/keystore2/src/keystore2_main.rs:99 - Starting thread pool now.
01-01 00:00:18.247 281 281 I ServiceManagerCppClient: Waiting for service 'android.hardware.security.keymint.IKeyMintDevice/default' on '/dev/binder'...
01-01 00:00:18.249 281 299 I ServiceManagerCppClient: Waiting for service 'android.hardware.security.sharedsecret.ISharedSecret/default' on '/dev/binder'...
01-01 00:00:18.305 282 282 I optee_keymaster_hal: Initializing OpteeKeymaster as KmVersion: 300
01-01 00:00:18.379 255 255 I HWComposer: Switching to generalized multi-display mode
01-01 00:00:18.383 255 255 I SurfaceFlinger: Connecting display 4620250385849718784(HAL ID 0)
01-01 00:00:18.386 255 255 E HwcComposer: getPerFrameMetadataKeys failed Status(-8, EX_SERVICE_SPECIFIC): '8: '
01-01 00:00:18.386 257 257 W drmhwc : No panel orientation property available.
01-01 00:00:18.387 282 282 I OpteeKeymaster_ipc: Connection with keystore was established
01-01 00:00:18.390 282 282 E android.hardware.security.keymint-service.optee: Adding service instance: android.hardware.security.keymint.IKeyMintDevice/default
01-01 00:00:18.393 282 282 E android.hardware.security.keymint-service.optee: Adding service instance: android.hardware.security.secureclock.ISecureClock/default
01-01 00:00:18.392 243 243 I servicemanager: Caller(pid=255,uid=1000,sid=u:r:surfaceflinger:s0) Found android.hardware.graphics.allocator.IAllocator/default in device VINTF manifest.
01-01 00:00:18.394 243 243 I servicemanager: Caller(pid=255,uid=1000,sid=u:r:surfaceflinger:s0) Found android.hardware.graphics.allocator.IAllocator/default in device VINTF manifest.
01-01 00:00:18.395 243 243 I servicemanager: Caller(pid=282,uid=1000,sid=u:r:hal_keymint_default:s0) Found android.hardware.security.keymint.IKeyMintDevice/default in device VINTF manifest.
01-01 00:00:18.395 282 282 E android.hardware.security.keymint-service.optee: Adding service instance: android.hardware.security.sharedsecret.ISharedSecret/default
01-01 00:00:18.396 282 282 E android.hardware.security.keymint-service.optee: Adding service instance: android.hardware.security.keymint.IRemotelyProvisionedComponent/default
01-01 00:00:18.396 243 243 I servicemanager: Caller(pid=282,uid=1000,sid=u:r:hal_keymint_default:s0) Found android.hardware.security.secureclock.ISecureClock/default in device VINTF manifest.
01-01 00:00:18.397 243 243 I servicemanager: Caller(pid=255,uid=1000,sid=u:r:surfaceflinger:s0) Found mapper/powervr in device VINTF manifest.
01-01 00:00:18.398 243 243 I servicemanager: Caller(pid=282,uid=1000,sid=u:r:hal_keymint_default:s0) Found android.hardware.security.sharedsecret.ISharedSecret/default in device VINTF manifest.
01-01 00:00:18.399 243 243 I servicemanager: Caller(pid=282,uid=1000,sid=u:r:hal_keymint_default:s0) Found android.hardware.security.keymint.IRemotelyProvisionedComponent/default in device VINTF manifest.
01-01 00:00:18.414 256 285 I DMABUFHEAPS: Using DMA-BUF heap named: reserved
01-01 00:00:18.441 255 255 I Scheduler: Display 4620250385849718784 is the pacesetter
01-01 00:00:18.441 255 305 W EventThread: Ignoring VSYNC request while display is disconnected
01-01 00:00:18.442 255 306 W EventThread: Ignoring VSYNC request while display is disconnected
01-01 00:00:18.443 255 255 I Scheduler: Display 4620250385849718784 is the pacesetter
01-01 00:00:18.443 255 255 D DisplayModeController: setDesiredMode 4620250385849718784 {mode={fps=60.00 Hz, modePtr={id=0, vsyncRate=60.00 Hz, peakRefreshRate=60.00 Hz}}, emitEvent=true, force=false}
01-01 00:00:18.444 255 310 W SurfaceFlinger: Failed to set thread name on dispatch thread
01-01 00:00:18.447 244 244 I hwservicemanager: getTransport: Cannot find entry android.frameworks.displayservice@1.0::IDisplayService/default in either framework or device VINTF manifest.
01-01 00:00:18.447 255 255 E HidlServiceManagement: Service android.frameworks.displayservice@1.0::IDisplayService/default must be in VINTF manifest in order to register/get.
01-01 00:00:18.447 255 255 E SurfaceFlinger: Did not register (deprecated) IDisplayService service.
01-01 00:00:18.447 255 255 D SurfaceFlinger: Setting power mode 0 on display 4620250385849718784
01-01 00:00:18.447 255 255 D SurfaceFlinger: Setting power mode 2 on display 4620250385849718784
01-01 00:00:18.448 255 255 D SurfaceFlinger: Finished setting power mode 2 on display 4620250385849718784
01-01 00:00:18.449 243 243 I BpBinder: onLastStrongRef automatically unlinking death recipients:
01-01 00:00:18.450 281 281 I ServiceManagerCppClient: Waiting for service 'android.hardware.security.keymint.IKeyMintDevice/default' on '/dev/binder' successful after waiting 202ms
01-01 00:00:18.450 254 254 D BootAnimation: BootAnimationStartTiming start time: 9833ms
01-01 00:00:18.451 281 281 I keystore2: system/security/keystore2/src/globals.rs:276 - KeyMint device is current version (Some(300)) for security level: r#TRUSTED_ENVIRONMENT
01-01 00:00:18.452 254 254 D BootAnimation: BootAnimationPreloadTiming start time: 9835ms
01-01 00:00:18.453 281 299 I ServiceManagerCppClient: Waiting for service 'android.hardware.security.sharedsecret.ISharedSecret/default' on '/dev/binder' successful after waiting 203ms
01-01 00:00:18.456 282 282 W OpteeKeymaster_ipc: Response contained error code: Feature is not implemented
01-01 00:00:18.456 282 282 E optee_keymaster_hal: Cmd 80 returned error: -100
01-01 00:00:18.456 281 299 E keystore2: system/security/keystore2/src/shared_secret_negotiation.rs:274 - In negotiate_shared_secret: Computation { e: Binder(SERVICE_SPECIFIC, -100), p: Aidl("default") }.
01-01 00:00:18.456 281 299 I keystore2: system/security/keystore2/src/shared_secret_negotiation.rs:48 - Shared secret negotiation concluded successfully.
01-01 00:00:18.458 244 244 I hwservicemanager: getTransport: Cannot find entry android.hardware.keymaster@4.0::IKeymasterDevice/default in either framework or device VINTF manifest.
01-01 00:00:18.458 254 254 D BootAnimation: BootAnimationPreloadTiming stop time: 9841ms
01-01 00:00:18.460 244 244 I hwservicemanager: getTransport: Cannot find entry android.hardware.keymaster@3.0::IKeymasterDevice/default in either framework or device VINTF manifest.
01-01 00:00:18.464 243 243 I servicemanager: Caller(pid=281,uid=1017,sid=u:r:keystore:s0) Found android.system.keystore2.IKeystoreService/default in framework VINTF manifest.
01-01 00:00:18.466 243 243 I BpBinder: onLastStrongRef automatically unlinking death recipients:
01-01 00:00:18.470 281 281 I keystore2: system/security/keystore2/src/keystore2_main.rs:154 - Successfully registered Keystore 2.0 service.
01-01 00:00:18.470 281 281 I keystore2: system/security/keystore2/src/keystore2_main.rs:156 - Joining thread pool now.
01-01 00:00:18.470 244 244 I hwservicemanager: getTransport: Cannot find entry android.hardware.keymaster@4.0::IKeymasterDevice/default in either framework or device VINTF manifest.
01-01 00:00:18.472 244 244 I hwservicemanager: getTransport: Cannot find entry android.hardware.keymaster@3.0::IKeymasterDevice/default in either framework or device VINTF manifest.
01-01 00:00:18.472 281 299 I keystore2: system/security/keystore2/src/shared_secret_negotiation.rs:290 - No StrongBox Keymint available, so no RoT transfer
01-01 00:00:18.516 281 281 I SELinux : SELinux: Loaded keystore2 context from:
01-01 00:00:18.516 281 281 I SELinux : /system/etc/selinux/plat_keystore2_key_contexts
01-01 00:00:18.516 281 281 I SELinux : /system_ext/etc/selinux/system_ext_keystore2_key_contexts
01-01 00:00:18.516 281 281 I SELinux : /product/etc/selinux/product_keystore2_key_contexts
01-01 00:00:18.516 281 281 I SELinux : /vendor/etc/selinux/vendor_keystore2_key_contexts
01-01 00:00:18.538 253 253 D vold : Mounting metadata-encrypted filesystem:/data
01-01 00:00:18.543 253 253 I vold : [libfs_mgr] Running /system/bin/fsck.f2fs -a -c 10000 --debug-cache /dev/block/dm-49
01-01 00:00:18.585 253 253 I fsck.f2fs: Info: Automatic fix mode enabled.
01-01 00:00:18.587 253 253 I fsck.f2fs: Info: not exist /proc/version!
01-01 00:00:18.588 253 253 I fsck.f2fs: Info: MKFS version
01-01 00:00:18.588 253 253 I fsck.f2fs: "5.15.0-1065-gke"
01-01 00:00:18.588 253 253 I fsck.f2fs: Info: FSCK version
01-01 00:00:18.588 253 253 I fsck.f2fs: from "6.6.66-android15-8-g2891b58aa546-4k"
01-01 00:00:18.588 253 253 I fsck.f2fs: to "6.6.66-android15-8-g2891b58aa546-4k"
01-01 00:00:18.589 253 253 I fsck.f2fs: Info: superblock features = 1499 : encrypt extra_attr project_quota quota verity casefold
01-01 00:00:18.589 253 253 I fsck.f2fs: Info: superblock encrypt level = 0, salt = 00000000000000000000000000000000
01-01 00:00:18.589 253 253 I fsck.f2fs: Info: Segments per section = 1
01-01 00:00:18.589 253 253 I fsck.f2fs: Info: Sections per zone = 1
01-01 00:00:18.589 253 253 I fsck.f2fs: Info: total FS sectors = 6529467 (25505 MB)
01-01 00:00:18.592 253 253 I fsck.f2fs: Info: CKPT version = 2314150d
01-01 00:00:18.592 253 253 I fsck.f2fs: Info: version timestamp cur: 8968, prev: 2739
01-01 00:00:18.643 254 314 E ion : open /dev/ion failed: No such file or directory
01-01 00:00:18.647 244 244 I hwservicemanager: getTransport: Cannot find entry android.hardware.configstore@1.0::ISurfaceFlingerConfigs/default in either framework or device VINTF manifest.
01-01 00:00:18.663 243 243 I servicemanager: Caller(pid=254,uid=1003,sid=u:r:bootanim:s0) Found android.hardware.graphics.allocator.IAllocator/default in device VINTF manifest.
01-01 00:00:18.666 243 243 I servicemanager: Caller(pid=254,uid=1003,sid=u:r:bootanim:s0) Found android.hardware.graphics.allocator.IAllocator/default in device VINTF manifest.
01-01 00:00:18.667 243 243 I servicemanager: Caller(pid=254,uid=1003,sid=u:r:bootanim:s0) Found mapper/powervr in device VINTF manifest.
01-01 00:00:18.694 253 253 I fsck.f2fs: Info: checkpoint state = 46 : crc compacted_summary orphan_inodes sudden-power-off
01-01 00:00:18.694 253 253 I fsck.f2fs: Info: No error was reported
01-01 00:00:18.695 253 253 I fsck.f2fs:
01-01 00:00:18.696 253 253 I fsck.f2fs: c, u, RA, CH, CM, Repl=
01-01 00:00:18.696 253 253 I fsck.f2fs: 10000 1776 14254 12478 1776 0
01-01 00:00:18.704 253 253 I F2FS-fs (dm-49): Using encoding defined by superblock: utf8-12.1.0 with flags 0x0
01-01 00:00:18.729 254 314 D BootAnimation: No animation file
01-01 00:00:18.729 254 314 D BootAnimation: BootAnimationShownTiming start time: 10112ms
01-01 00:00:18.803 253 253 I F2FS-fs (dm-49): recover_inode: ino = 94e, name = , inline = 21
01-01 00:00:18.803 253 253 I F2FS-fs (dm-49): recover_data: ino = 94e (i_size: recover) recovered = 0, err = 0
01-01 00:00:18.803 253 253 I F2FS-fs (dm-49): recover_inode: ino = 11bf, name = , inline = 21
01-01 00:00:18.804 253 253 I F2FS-fs (dm-49): recover_dentry: ino = 11bf, name = , dir = 559, err = 0
01-01 00:00:18.804 253 253 I F2FS-fs (dm-49): recover_data: ino = 11bf (i_size: recover) recovered = 1, err = 0
01-01 00:00:18.804 253 253 I F2FS-fs (dm-49): recover_inode: ino = 11c0, name = , inline = 21
01-01 00:00:18.805 253 253 I F2FS-fs (dm-49): recover_dentry: ino = 11c0, name = , dir = 8f4, err = 0
01-01 00:00:18.805 253 253 I F2FS-fs (dm-49): recover_data: ino = 11c0 (i_size: recover) recovered = 1, err = 0
01-01 00:00:18.805 253 253 I F2FS-fs (dm-49): recover_inode: ino = 11c1, name = , inline = 21
01-01 00:00:18.806 253 253 I F2FS-fs (dm-49): recover_dentry: ino = 11c1, name = , dir = 559, err = 0
01-01 00:00:18.806 253 253 I F2FS-fs (dm-49): recover_data: ino = 11c1 (i_size: recover) recovered = 1, err = 0
01-01 00:00:18.806 253 253 I F2FS-fs (dm-49): recover_inode: ino = 11c2, name = , inline = 21
01-01 00:00:18.806 253 253 I F2FS-fs (dm-49): recover_dentry: ino = 11c2, name = , dir = d3, err = 0
01-01 00:00:18.806 253 253 I F2FS-fs (dm-49): recover_data: ino = 11c2 (i_size: recover) recovered = 4, err = 0
01-01 00:00:18.806 253 253 I F2FS-fs (dm-49): recover_inode: ino = 11c3, name = , inline = 21
01-01 00:00:18.807 253 253 I F2FS-fs (dm-49): recover_dentry: ino = 11c3, name = , dir = d3, err = 0
01-01 00:00:18.807 253 253 I F2FS-fs (dm-49): recover_data: ino = 11c3 (i_size: recover) recovered = 4, err = 0
01-01 00:00:18.807 253 253 I F2FS-fs (dm-49): recover_inode: ino = 11af, name = , inline = 21
