01-01 00:00:36.015 617 659 I SystemConfig: Reading permissions from /system/etc/permissions/org.apache.http.legacy.xml
01-01 00:00:36.016 617 617 D CompatConfig: Adding: com.android.server.compat.config.Change@9c18bae
01-01 00:00:36.016 617 617 D CompatConfig: Adding: com.android.server.compat.config.Change@68bad4f
01-01 00:00:36.016 617 617 D CompatConfig: Adding: com.android.server.compat.config.Change@2610cdc
01-01 00:00:36.016 617 617 D CompatConfig: Adding: com.android.server.compat.config.Change@365b1e5
01-01 00:00:36.016 617 617 D CompatConfig: Adding: com.android.server.compat.config.Change@a9eb4ba
01-01 00:00:36.016 617 617 D CompatConfig: Adding: com.android.server.compat.config.Change@27fcf6b
01-01 00:00:36.016 617 617 D CompatConfig: Adding: com.android.server.compat.config.Change@9601ac8
01-01 00:00:36.016 617 617 D CompatConfig: Adding: com.android.server.compat.config.Change@4c48761
01-01 00:00:36.016 617 617 D CompatConfig: Adding: com.android.server.compat.config.Change@ef36286
01-01 00:00:36.016 617 617 D CompatConfig: Adding: com.android.server.compat.config.Change@f49f747
01-01 00:00:36.016 617 617 D CompatConfig: Adding: com.android.server.compat.config.Change@3c01b74
01-01 00:00:36.016 617 617 D CompatConfig: Adding: com.android.server.compat.config.Change@e1389d
01-01 00:00:36.016 617 617 D CompatConfig: Adding: com.android.server.compat.config.Change@5932112
01-01 00:00:36.016 617 617 D CompatConfig: Adding: com.android.server.compat.config.Change@9a4c0e3
01-01 00:00:36.016 617 617 D CompatConfig: Adding: com.android.server.compat.config.Change@7d7ae0
01-01 00:00:36.016 617 617 D CompatConfig: Adding: com.android.server.compat.config.Change@a1dc199
01-01 00:00:36.016 617 617 D CompatConfig: Adding: com.android.server.compat.config.Change@4fe3c5e
01-01 00:00:36.016 617 617 D CompatConfig: Adding: com.android.server.compat.config.Change@558883f
01-01 00:00:36.016 617 617 D CompatConfig: Adding: com.android.server.compat.config.Change@fef650c
01-01 00:00:36.017 617 617 D CompatConfig: Adding: com.android.server.compat.config.Change@cffde55
01-01 00:00:36.017 617 617 D CompatConfig: Adding: com.android.server.compat.config.Change@96dc06a
01-01 00:00:36.017 617 617 D CompatConfig: Adding: com.android.server.compat.config.Change@57695b
01-01 00:00:36.017 617 617 D CompatConfig: Adding: com.android.server.compat.config.Change@eb3c5f8
01-01 00:00:36.017 617 617 D CompatConfig: Adding: com.android.server.compat.config.Change@ead0ad1
01-01 00:00:36.017 617 617 D CompatConfig: Adding: com.android.server.compat.config.Change@79f7936
01-01 00:00:36.017 617 617 D CompatConfig: Adding: com.android.server.compat.config.Change@b994037
01-01 00:00:36.017 617 617 D CompatConfig: Adding: com.android.server.compat.config.Change@35b49a4
01-01 00:00:36.017 617 617 D CompatConfig: Adding: com.android.server.compat.config.Change@726830d
01-01 00:00:36.017 617 617 D CompatConfig: Adding: com.android.server.compat.config.Change@61f2c2
01-01 00:00:36.017 617 617 D CompatConfig: Adding: com.android.server.compat.config.Change@5b7a8d3
01-01 00:00:36.017 617 617 D CompatConfig: Adding: com.android.server.compat.config.Change@ad55c10
01-01 00:00:36.017 617 617 D CompatConfig: Adding: com.android.server.compat.config.Change@3454309
01-01 00:00:36.017 617 617 D CompatConfig: Adding: com.android.server.compat.config.Change@e0790e
01-01 00:00:36.017 617 617 D CompatConfig: Adding: com.android.server.compat.config.Change@349ff2f
01-01 00:00:36.017 617 617 D CompatConfig: Adding: com.android.server.compat.config.Change@f9c293c
01-01 00:00:36.017 617 617 D CompatConfig: Adding: com.android.server.compat.config.Change@a7606c5
01-01 00:00:36.017 617 617 D CompatConfig: Adding: com.android.server.compat.config.Change@baf181a
01-01 00:00:36.017 617 617 D CompatConfig: Adding: com.android.server.compat.config.Change@1015f4b
01-01 00:00:36.017 617 617 D CompatConfig: Adding: com.android.server.compat.config.Change@7a09d28
01-01 00:00:36.017 617 617 D CompatConfig: Adding: com.android.server.compat.config.Change@4354a41
01-01 00:00:36.017 617 617 D CompatConfig: Adding: com.android.server.compat.config.Change@6969be6
01-01 00:00:36.017 617 617 D CompatConfig: Adding: com.android.server.compat.config.Change@b84a527
01-01 00:00:36.017 617 617 D CompatConfig: Adding: com.android.server.compat.config.Change@4f663d4
01-01 00:00:36.017 617 617 D CompatConfig: Adding: com.android.server.compat.config.Change@94b497d
01-01 00:00:36.017 617 617 D CompatConfig: Adding: com.android.server.compat.config.Change@9209072
01-01 00:00:36.018 617 617 D CompatConfig: Adding: com.android.server.compat.config.Change@90c6cc3
01-01 00:00:36.018 617 617 D CompatConfig: Adding: com.android.server.compat.config.Change@53fe940
01-01 00:00:36.018 617 617 D CompatConfig: Adding: com.android.server.compat.config.Change@cc80079
01-01 00:00:36.018 617 617 D CompatConfig: Adding: com.android.server.compat.config.Change@7e341be
01-01 00:00:36.018 617 617 D CompatConfig: Adding: com.android.server.compat.config.Change@bf121f
01-01 00:00:36.018 617 617 D CompatConfig: Adding: com.android.server.compat.config.Change@bda596c
01-01 00:00:36.018 617 617 D CompatConfig: Adding: com.android.server.compat.config.Change@8bf2b35
01-01 00:00:36.018 617 617 D CompatConfig: Adding: com.android.server.compat.config.Change@88dbbca
01-01 00:00:36.018 617 617 D CompatConfig: Adding: com.android.server.compat.config.Change@bccb13b
01-01 00:00:36.018 617 617 D CompatConfig: Adding: com.android.server.compat.config.Change@2c9a058
01-01 00:00:36.018 617 617 D CompatConfig: Adding: com.android.server.compat.config.Change@ac445b1
01-01 00:00:36.018 617 617 D CompatConfig: Adding: com.android.server.compat.config.Change@ab3ca96
01-01 00:00:36.018 617 617 D CompatConfig: Adding: com.android.server.compat.config.Change@c4b2617
01-01 00:00:36.018 617 617 D CompatConfig: Adding: com.android.server.compat.config.Change@e646a04
01-01 00:00:36.018 617 617 D CompatConfig: Adding: com.android.server.compat.config.Change@c268bed
01-01 00:00:36.018 617 617 D CompatConfig: Adding: com.android.server.compat.config.Change@159fa22
01-01 00:00:36.018 617 617 D CompatConfig: Adding: com.android.server.compat.config.Change@5d20cb3
01-01 00:00:36.018 617 617 D CompatConfig: Adding: com.android.server.compat.config.Change@fc02270
01-01 00:00:36.018 617 617 D CompatConfig: Adding: com.android.server.compat.config.Change@1ecf9e9
01-01 00:00:36.018 617 617 D CompatConfig: Adding: com.android.server.compat.config.Change@941966e
01-01 00:00:36.018 617 617 D CompatConfig: Adding: com.android.server.compat.config.Change@3d6c10f
01-01 00:00:36.018 617 617 D CompatConfig: Adding: com.android.server.compat.config.Change@1dcf59c
01-01 00:00:36.018 617 617 D CompatConfig: Adding: com.android.server.compat.config.Change@7f4ab7a
01-01 00:00:36.018 617 617 D CompatConfig: Adding: com.android.server.compat.config.Change@9c85f2b
01-01 00:00:36.018 617 617 D CompatConfig: Adding: com.android.server.compat.config.Change@d91cf88
01-01 00:00:36.018 617 617 D CompatConfig: Adding: com.android.server.compat.config.Change@f80fd21
01-01 00:00:36.018 617 617 D CompatConfig: Adding: com.android.server.compat.config.Change@f920546
01-01 00:00:36.018 617 617 D CompatConfig: Adding: com.android.server.compat.config.Change@8ebc307
01-01 00:00:36.018 617 617 D CompatConfig: Adding: com.android.server.compat.config.Change@385c34
01-01 00:00:36.018 617 617 D CompatConfig: Adding: com.android.server.compat.config.Change@84f4a5d
01-01 00:00:36.019 617 659 I SystemConfig: Reading permissions from /system/etc/permissions/android.software.live_wallpaper.xml
01-01 00:00:36.020 617 617 D CompatConfig: Found a config file: /system/etc/compatconfig/icu4j-platform-compat-config.xml
01-01 00:00:36.021 617 659 I SystemConfig: Reading permissions from /system/etc/permissions/com.android.documentsui.xml
01-01 00:00:36.022 617 617 D CompatConfig: Adding: com.android.server.compat.config.Change@11907a0
01-01 00:00:36.023 617 617 D CompatConfig: Found a config file: /system/etc/compatconfig/TeleService-platform-compat-config.xml
01-01 00:00:36.025 617 659 I SystemConfig: Reading permissions from /system/etc/permissions/android.test.base.xml
01-01 00:00:36.025 617 617 D CompatConfig: Adding: com.android.server.compat.config.Change@8700bff
01-01 00:00:36.025 617 617 D CompatConfig: Adding: com.android.server.compat.config.Change@196fdcc
01-01 00:00:36.025 617 617 D CompatConfig: Adding: com.android.server.compat.config.Change@6666815
01-01 00:00:36.025 617 617 D CompatConfig: Adding: com.android.server.compat.config.Change@28ee72a
01-01 00:00:36.025 617 617 D CompatConfig: Adding: com.android.server.compat.config.Change@5c3691b
01-01 00:00:36.025 617 617 D CompatConfig: Adding: com.android.server.compat.config.Change@41c2ab8
01-01 00:00:36.027 617 617 D CompatConfig: Found a config file: /system/etc/compatconfig/contacts-provider-platform-compat-config.xml
01-01 00:00:36.027 617 659 I SystemConfig: Reading permissions from /system/etc/permissions/android.software.verified_boot.xml
01-01 00:00:36.029 617 659 I SystemConfig: Reading permissions from /system/etc/permissions/com.android.media.remotedisplay.xml
01-01 00:00:36.032 617 659 I SystemConfig: Reading permissions from /system/etc/permissions/com.android.mediadrm.signer.xml
01-01 00:00:36.032 617 617 D CompatConfig: Found a config file: /system/etc/compatconfig/framework-location-compat-config.xml
01-01 00:00:36.034 617 617 D CompatConfig: Adding: com.android.server.compat.config.Change@2293182
01-01 00:00:36.034 617 617 D CompatConfig: Adding: com.android.server.compat.config.Change@52be093
01-01 00:00:36.034 617 617 D CompatConfig: Adding: com.android.server.compat.config.Change@6cd98d0
01-01 00:00:36.034 617 617 D CompatConfig: Adding: com.android.server.compat.config.Change@af9a0c9
01-01 00:00:36.034 617 617 D CompatConfig: Adding: com.android.server.compat.config.Change@fbce3ce
01-01 00:00:36.034 617 617 D CompatConfig: Adding: com.android.server.compat.config.Change@29f2ef
01-01 00:00:36.034 617 617 D CompatConfig: Adding: com.android.server.compat.config.Change@a728085
01-01 00:00:36.034 617 617 D CompatConfig: Adding: com.android.server.compat.config.Change@1c76eda
01-01 00:00:36.034 617 659 I SystemConfig: Reading permissions from /system/etc/permissions/com.android.location.provider.xml
01-01 00:00:36.037 617 659 I SystemConfig: Reading permissions from /system/etc/permissions/com.android.intentresolver.xml
01-01 00:00:36.037 617 617 D CompatConfig: Found a config file: /system/system_ext/etc/compatconfig/settings-platform-compat-config.xml
01-01 00:00:36.039 617 659 I SystemConfig: Reading permissions from /system/etc/permissions/com.android.networkstack.xml
01-01 00:00:36.039 617 617 D CompatConfig: Adding: com.android.server.compat.config.Change@9bd9ea6
01-01 00:00:36.042 617 617 D ApexManagerTiming: getActiveApexInfos_noCache
01-01 00:00:36.042 617 659 I SystemConfig: Reading permissions from /system/etc/permissions/com.android.future.usb.accessory.xml
01-01 00:00:36.045 617 659 I SystemConfig: Reading permissions from /system/etc/permissions/privapp-permissions-platform.xml
01-01 00:00:36.045 243 243 I servicemanager: Notifying apexservice they do (previously: don't) have clients when service is guaranteed to be in use
01-01 00:00:36.046 436 436 I AidlLazyServiceRegistrar: Process has 1 (of 1 available) client(s) in use after notification apexservice has clients: 1
01-01 00:00:36.046 436 436 I AidlLazyServiceRegistrar: Shutdown prevented by forcePersist override flag.
01-01 00:00:36.047 435 435 I apexd : getActivePackages received by ApexService
01-01 00:00:36.057 617 659 I SystemConfig: Reading permissions from /system/etc/permissions/javax.obex.xml
01-01 00:00:36.059 617 659 I SystemConfig: Reading permissions from /system/etc/permissions/platform.xml
01-01 00:00:36.069 617 659 I SystemConfig: Reading permissions from /vendor/etc/permissions/features_com.android.virt.xml
01-01 00:00:36.071 617 659 I SystemConfig: Reading permissions from /vendor/etc/permissions/android.hardware.fingerprint.xml
01-01 00:00:36.073 617 659 I SystemConfig: Reading permissions from /vendor/etc/permissions/android.hardware.vulkan.version.xml
01-01 00:00:36.075 617 659 I SystemConfig: Reading permissions from /vendor/etc/permissions/android.hardware.camera.full.xml
01-01 00:00:36.078 617 659 I SystemConfig: Reading permissions from /vendor/etc/permissions/android.software.xml
01-01 00:00:36.079 617 617 V ApexManagerTiming: getActiveApexInfos_noCache took to complete: 37ms
01-01 00:00:36.079 617 617 D CompatConfig: No directory /apex/com.android.resolv/etc/compatconfig, skipping
01-01 00:00:36.080 617 617 D CompatConfig: No directory /apex/com.android.rkpd/etc/compatconfig, skipping
01-01 00:00:36.080 617 659 I SystemConfig: Reading permissions from /vendor/etc/permissions/android.hardware.vulkan.level.xml
01-01 00:00:36.080 617 617 D CompatConfig: No directory /apex/com.android.media/etc/compatconfig, skipping
01-01 00:00:36.080 617 617 D CompatConfig: No directory /apex/com.android.configinfrastructure/etc/compatconfig, skipping
01-01 00:00:36.081 617 617 D CompatConfig: No directory /apex/com.android.devicelock/etc/compatconfig, skipping
01-01 00:00:36.082 617 659 I SystemConfig: Reading permissions from /vendor/etc/permissions/android.hardware.bluetooth.xml
01-01 00:00:36.082 617 617 D CompatConfig: Found a config file: /apex/com.android.permission/etc/compatconfig/framework-permission-s-compat-config.xml
01-01 00:00:36.085 617 617 D CompatConfig: Adding: com.android.server.compat.config.Change@803a6af
01-01 00:00:36.085 617 659 I SystemConfig: Reading permissions from /vendor/etc/permissions/android.software.opengles.deqp.level.xml
01-01 00:00:36.086 617 617 D CompatConfig: No directory /apex/com.android.hardware.camera.libcamera/etc/compatconfig, skipping
01-01 00:00:36.086 617 617 D CompatConfig: No directory /apex/com.google.cf.health/etc/compatconfig, skipping
01-01 00:00:36.087 617 659 I SystemConfig: Reading permissions from /vendor/etc/permissions/android.software.cts.xml
01-01 00:00:36.087 617 617 D CompatConfig: No directory /apex/com.android.hardware.power/etc/compatconfig, skipping
01-01 00:00:36.087 617 617 D CompatConfig: No directory /apex/com.android.healthfitness/etc/compatconfig, skipping
01-01 00:00:36.088 617 617 D CompatConfig: No directory /apex/com.android.scheduling/etc/compatconfig, skipping
01-01 00:00:36.088 617 617 D CompatConfig: No directory /apex/com.android.i18n/etc/compatconfig, skipping
01-01 00:00:36.088 617 617 D CompatConfig: No directory /apex/com.android.neuralnetworks/etc/compatconfig, skipping
01-01 00:00:36.088 617 617 D CompatConfig: No directory /apex/com.android.uwb/etc/compatconfig, skipping
01-01 00:00:36.088 617 617 D CompatConfig: No directory /apex/com.android.compos/etc/compatconfig, skipping
01-01 00:00:36.088 617 659 I SystemConfig: Reading permissions from /vendor/etc/permissions/android.software.backup.xml
01-01 00:00:36.089 617 617 D CompatConfig: No directory /apex/com.android.ipsec/etc/compatconfig, skipping
01-01 00:00:36.089 617 617 D CompatConfig: No directory /apex/com.android.tzdata/etc/compatconfig, skipping
01-01 00:00:36.089 617 617 D CompatConfig: No directory /apex/com.android.sdkext/etc/compatconfig, skipping
01-01 00:00:36.090 617 617 D CompatConfig: No directory /apex/com.android.hardware.boot/etc/compatconfig, skipping
01-01 00:00:36.090 617 617 D CompatConfig: No directory /apex/com.android.hardware.usb.generic/etc/compatconfig, skipping
01-01 00:00:36.091 617 617 D CompatConfig: No directory /apex/com.android.hardware.audio.ti/etc/compatconfig, skipping
01-01 00:00:36.091 617 659 I SystemConfig: Reading permissions from /vendor/etc/permissions/android.hardware.hardware_keystore.optee-keymint.xml
01-01 00:00:36.091 617 617 D CompatConfig: No directory /apex/com.android.adservices/etc/compatconfig, skipping
01-01 00:00:36.091 617 617 D CompatConfig: No directory /apex/com.android.hardware.thermal.ti/etc/compatconfig, skipping
01-01 00:00:36.092 617 617 D CompatConfig: No directory /apex/com.android.ondevicepersonalization/etc/compatconfig, skipping
01-01 00:00:36.093 617 617 D CompatConfig: Found a config file: /apex/com.android.btservices/etc/compatconfig/bluetoothapk-platform-compat-config.xml
01-01 00:00:36.094 617 659 I SystemConfig: Reading permissions from /vendor/etc/permissions/android.hardware.wifi.direct.xml
01-01 00:00:36.095 617 617 D CompatConfig: Adding: com.android.server.compat.config.Change@6b5b5c1
01-01 00:00:36.096 617 617 D CompatConfig: Found a config file: /apex/com.android.btservices/etc/compatconfig/bluetooth-compat-config.xml
01-01 00:00:36.096 617 659 I SystemConfig: Reading permissions from /vendor/etc/permissions/android.hardware.hardware_keystore.xml
01-01 00:00:36.098 617 617 D CompatConfig: Adding: com.android.server.compat.config.Change@6346554
01-01 00:00:36.099 617 659 I SystemConfig: Reading permissions from /vendor/etc/permissions/android.hardware.wifi.xml
01-01 00:00:36.099 617 617 D CompatConfig: Found a config file: /apex/com.android.btservices/etc/compatconfig/framework-bluetooth-compat-config.xml
01-01 00:00:36.101 617 617 D CompatConfig: Adding: com.android.server.compat.config.Change@e7d7c43
01-01 00:00:36.102 617 659 I SystemConfig: Reading permissions from /vendor/etc/permissions/android.hardware.camera.raw.xml
01-01 00:00:36.103 617 617 D CompatConfig: Found a config file: /apex/com.android.tethering/etc/compatconfig/connectivity-platform-compat-config.xml
01-01 00:00:36.105 617 659 I SystemConfig: Reading permissions from /vendor/etc/permissions/android.software.app_widgets.xml
01-01 00:00:36.105 617 617 D CompatConfig: Adding: com.android.server.compat.config.Change@f1999f
01-01 00:00:36.105 617 617 D CompatConfig: Adding: com.android.server.compat.config.Change@3a70aec
01-01 00:00:36.105 617 617 D CompatConfig: Adding: com.android.server.compat.config.Change@1fbbeb5
01-01 00:00:36.105 617 617 D CompatConfig: Adding: com.android.server.compat.config.Change@149894a
01-01 00:00:36.105 617 617 D CompatConfig: Adding: com.android.server.compat.config.Change@d6030bb
01-01 00:00:36.105 617 617 D CompatConfig: Adding: com.android.server.compat.config.Change@c6fe9d8
01-01 00:00:36.105 617 617 D CompatConfig: Adding: com.android.server.compat.config.Change@9f69131
01-01 00:00:36.107 617 617 D CompatConfig: No directory /apex/com.android.appsearch/etc/compatconfig, skipping
01-01 00:00:36.107 617 617 D CompatConfig: No directory /apex/com.android.adbd/etc/compatconfig, skipping
01-01 00:00:36.107 617 659 I SystemConfig: Reading permissions from /vendor/etc/permissions/android.hardware.ethernet.xml
01-01 00:00:36.109 617 617 D CompatConfig: Found a config file: /apex/com.android.wifi/etc/compatconfig/wifi-compat-config.xml
01-01 00:00:36.110 617 659 I SystemConfig: Reading permissions from /vendor/etc/permissions/android.hardware.camera.front.xml
01-01 00:00:36.110 617 617 D CompatConfig: Adding: com.android.server.compat.config.Change@6f20f6d
01-01 00:00:36.111 617 617 D CompatConfig: Adding: com.android.server.compat.config.Change@111f7a2
01-01 00:00:36.111 617 617 D CompatConfig: Adding: com.android.server.compat.config.Change@765fc33
01-01 00:00:36.112 617 617 D CompatConfig: No directory /apex/com.android.hardware.drm.clearkey/etc/compatconfig, skipping
01-01 00:00:36.112 617 659 I SystemConfig: Reading permissions from /vendor/etc/permissions/android.hardware.screen.xml
01-01 00:00:36.112 617 617 D CompatConfig: No directory /apex/com.google.cf.health.storage/etc/compatconfig, skipping
01-01 00:00:36.113 617 617 D CompatConfig: No directory /apex/com.android.profiling/etc/compatconfig, skipping
01-01 00:00:36.113 617 617 D CompatConfig: No directory /apex/com.android.hardware.cas/etc/compatconfig, skipping
01-01 00:00:36.114 617 617 D CompatConfig: No directory /apex/com.android.nfcservices/etc/compatconfig, skipping
01-01 00:00:36.115 617 617 D CompatConfig: No directory /apex/com.android.virt/etc/compatconfig, skipping
01-01 00:00:36.115 617 659 I SystemConfig: Reading permissions from /vendor/etc/permissions/android.hardware.camera.ar.xml
01-01 00:00:36.115 617 617 D CompatConfig: No directory /apex/com.android.extservices/etc/compatconfig, skipping
01-01 00:00:36.115 617 617 D CompatConfig: No directory /apex/com.android.runtime/etc/compatconfig, skipping
01-01 00:00:36.116 617 617 D CompatConfig: No directory /apex/com.android.os.statsd/etc/compatconfig, skipping
01-01 00:00:36.117 617 617 D CompatConfig: Found a config file: /apex/com.android.art/etc/compatconfig/libcore-platform-compat-config.xml
01-01 00:00:36.117 617 659 I SystemConfig: Reading permissions from /vendor/etc/permissions/android.hardware.vulkan.compute.xml
01-01 00:00:36.119 617 659 I SystemConfig: Reading permissions from /vendor/etc/permissions/android.hardware.camera.concurrent.xml
01-01 00:00:36.121 617 617 D CompatConfig: Adding: com.android.server.compat.config.Change@1dabf25
01-01 00:00:36.121 617 617 D CompatConfig: Adding: com.android.server.compat.config.Change@bfed8fa
01-01 00:00:36.121 617 617 D CompatConfig: Adding: com.android.server.compat.config.Change@1d7908
01-01 00:00:36.121 617 617 D CompatConfig: Adding: com.android.server.compat.config.Change@b9d28a1
01-01 00:00:36.121 617 617 D CompatConfig: Adding: com.android.server.compat.config.Change@1d18ac6
01-01 00:00:36.121 617 617 D CompatConfig: Adding: com.android.server.compat.config.Change@9a49a87
01-01 00:00:36.121 617 617 D CompatConfig: Adding: com.android.server.compat.config.Change@d951db4
01-01 00:00:36.121 617 617 D CompatConfig: Adding: com.android.server.compat.config.Change@4c2addd
01-01 00:00:36.121 617 659 I SystemConfig: Reading permissions from /vendor/etc/permissions/android.software.voice_recognizers.xml
01-01 00:00:36.121 617 617 D CompatConfig: Adding: com.android.server.compat.config.Change@dcb8d52
01-01 00:00:36.121 617 617 D CompatConfig: Adding: com.android.server.compat.config.Change@4265823
01-01 00:00:36.121 617 617 D CompatConfig: Adding: com.android.server.compat.config.Change@1406120
01-01 00:00:36.121 617 617 D CompatConfig: Adding: com.android.server.compat.config.Change@4c14ad9
01-01 00:00:36.121 617 617 D CompatConfig: Adding: com.android.server.compat.config.Change@7f12c9e
01-01 00:00:36.121 617 617 D CompatConfig: Adding: com.android.server.compat.config.Change@d7c537f
01-01 00:00:36.121 617 617 D CompatConfig: Adding: com.android.server.compat.config.Change@29a6f4c
01-01 00:00:36.121 617 617 D CompatConfig: Adding: com.android.server.compat.config.Change@a72bb95
01-01 00:00:36.121 617 617 D CompatConfig: Adding: com.android.server.compat.config.Change@23f74aa
01-01 00:00:36.121 617 617 D CompatConfig: Adding: com.android.server.compat.config.Change@ca89b
01-01 00:00:36.123 617 617 D CompatConfig: No directory /apex/com.android.conscrypt/etc/compatconfig, skipping
01-01 00:00:36.123 617 617 D CompatConfig: No directory /apex/com.android.media.swcodec/etc/compatconfig, skipping
01-01 00:00:36.124 617 659 I SystemConfig: Reading permissions from /vendor/etc/permissions/android.software.secure_lock_screen.xml
01-01 00:00:36.125 617 617 D CompatConfig: Found a config file: /apex/com.android.mediaprovider/etc/compatconfig/framework-pdf-v-platform-compat-config.xml
01-01 00:00:36.126 617 659 I SystemConfig: Reading permissions from /vendor/etc/permissions/android.hardware.usb.host.xml
01-01 00:00:36.127 617 617 D CompatConfig: Adding: com.android.server.compat.config.Change@c833377
01-01 00:00:36.129 617 617 D CompatConfig: Found a config file: /apex/com.android.mediaprovider/etc/compatconfig/media-provider-platform-compat-config.xml
01-01 00:00:36.129 617 659 I SystemConfig: Reading permissions from /vendor/etc/permissions/android.hardware.bluetooth_le.xml
01-01 00:00:36.131 617 617 D CompatConfig: Adding: com.android.server.compat.config.Change@aadef02
01-01 00:00:36.131 617 617 D CompatConfig: Adding: com.android.server.compat.config.Change@86d9013
01-01 00:00:36.131 617 617 D CompatConfig: Adding: com.android.server.compat.config.Change@a3e5250
01-01 00:00:36.131 617 617 D CompatConfig: Adding: com.android.server.compat.config.Change@37d9c49
01-01 00:00:36.131 617 617 D CompatConfig: Adding: com.android.server.compat.config.Change@b8ff94e
01-01 00:00:36.131 617 617 D CompatConfig: Adding: com.android.server.compat.config.Change@a971a6f
01-01 00:00:36.131 617 617 D CompatConfig: Adding: com.android.server.compat.config.Change@d3e437c
01-01 00:00:36.132 617 659 I SystemConfig: Reading permissions from /vendor/etc/permissions/android.hardware.camera.flash-autofocus.xml
01-01 00:00:36.133 617 617 D CompatConfig: No directory /apex/com.android.apex.cts.shim/etc/compatconfig, skipping
01-01 00:00:36.134 617 659 I SystemConfig: Reading permissions from /vendor/etc/permissions/android.software.device_admin.xml
01-01 00:00:36.136 617 659 I SystemConfig: Reading permissions from /vendor/etc/permissions/android.hardware.usb.accessory.xml
01-01 00:00:36.138 617 617 V SystemServerTiming: PlatformCompat took to complete: 164ms
01-01 00:00:36.138 617 617 D SystemServerTiming: StartFileIntegrityService
01-01 00:00:36.139 617 659 I SystemConfig: Reading permissions from /vendor/etc/permissions/android.software.vulkan.deqp.level.xml
01-01 00:00:36.139 617 617 I SystemServiceManager: Starting com.android.server.security.FileIntegrityService
01-01 00:00:36.141 617 659 I SystemConfig: Reading permissions from /vendor/etc/permissions/android.software.activities_on_secondary_displays.xml
01-01 00:00:36.145 617 617 E FileIntegrityService: Invalid certificate, ignored: java.security.cert.CertificateException: com.android.org.conscrypt.OpenSSLX509CertificateFactory$ParsingException: com.android.org.conscrypt.OpenSSLX509CertificateFactory$ParsingException: java.lang.RuntimeException: error:0c00006d:ASN.1 encoding routines:OPENSSL_internal:DECODE_ERROR
01-01 00:00:36.146 617 659 I SystemConfig: Reading permissions from /product/etc/sysconfig/preinstalled-packages-platform-handheld-product.xml
01-01 00:00:36.148 617 659 I SystemConfig: Reading permissions from /product/etc/sysconfig/preinstalled-packages-platform-overlays.xml
01-01 00:00:36.149 617 617 E FileIntegrityService: Invalid certificate, ignored: java.security.cert.CertificateException: com.android.org.conscrypt.OpenSSLX509CertificateFactory$ParsingException: com.android.org.conscrypt.OpenSSLX509CertificateFactory$ParsingException: java.lang.RuntimeException: error:0c00006d:ASN.1 encoding routines:OPENSSL_internal:DECODE_ERROR
01-01 00:00:36.151 617 617 V SystemServerTiming: StartFileIntegrityService took to complete: 12ms
01-01 00:00:36.151 617 617 D SystemServerTiming: StartInstaller
01-01 00:00:36.152 617 617 I SystemServiceManager: Starting com.android.server.pm.Installer
01-01 00:00:36.154 617 659 I SystemConfig: Reading permissions from /product/etc/permissions/com.android.contacts.xml
01-01 00:00:36.156 617 659 I SystemConfig: Reading permissions from /product/etc/permissions/com.android.settings.intelligence.xml
01-01 00:00:36.156 525 537 D installd: Found quota mount /dev/block/dm-49 at /data
01-01 00:00:36.158 525 537 D installd: Found quota mount /dev/block/dm-49 at /data/user/0
01-01 00:00:36.159 617 659 I SystemConfig: Reading permissions from /system_ext/etc/sysconfig/android.telephony.satellite.xml
01-01 00:00:36.161 617 617 V SystemServerTiming: StartInstaller took to complete: 10ms
01-01 00:00:36.161 617 617 D SystemServerTiming: DeviceIdentifiersPolicyService
01-01 00:00:36.162 617 617 I SystemServiceManager: Starting com.android.server.os.DeviceIdentifiersPolicyService
01-01 00:00:36.162 617 659 I SystemConfig: Reading permissions from /system_ext/etc/permissions/androidx.window.extensions.xml
01-01 00:00:36.163 617 617 V SystemServerTiming: DeviceIdentifiersPolicyService took to complete: 2ms
01-01 00:00:36.163 617 617 D SystemServerTiming: StartFeatureFlagsService
01-01 00:00:36.164 617 617 I SystemServiceManager: Starting com.android.server.flags.FeatureFlagsService
01-01 00:00:36.165 617 659 I SystemConfig: Reading permissions from /system_ext/etc/permissions/com.android.provision.xml
01-01 00:00:36.165 617 617 D FeatureFlagsService: Started Feature Flag Service
01-01 00:00:36.167 617 659 I SystemConfig: Reading permissions from /system_ext/etc/permissions/com.android.settings.xml
01-01 00:00:36.169 617 617 V SystemServerTiming: StartFeatureFlagsService took to complete: 5ms
01-01 00:00:36.169 617 617 D SystemServerTiming: UriGrantsManagerService
01-01 00:00:36.169 617 617 I SystemServiceManager: Starting com.android.server.uri.UriGrantsManagerService$Lifecycle
01-01 00:00:36.170 617 659 I SystemConfig: Reading permissions from /system_ext/etc/permissions/com.android.systemui.xml
01-01 00:00:36.172 617 617 V SystemServerTiming: UriGrantsManagerService took to complete: 4ms
01-01 00:00:36.172 617 617 D SystemServerTiming: StartPowerStatsService
01-01 00:00:36.172 617 659 I SystemConfig: Reading permissions from /system_ext/etc/permissions/android.software.theme_picker.xml
01-01 00:00:36.173 617 617 I SystemServiceManager: Starting com.android.server.powerstats.PowerStatsService
01-01 00:00:36.175 617 659 I SystemConfig: Reading permissions from /system_ext/etc/permissions/com.android.launcher3.xml
01-01 00:00:36.177 617 659 I SystemConfig: Reading permissions from /system_ext/etc/permissions/com.android.storagemanager.xml
01-01 00:00:36.179 617 659 I SystemConfig: Reading permissions from /system_ext/etc/permissions/androidx.window.sidecar.xml
01-01 00:00:36.181 243 243 I servicemanager: Caller(pid=617,uid=1000,sid=u:r:system_server:s0) Found android.hardware.power.stats.IPowerStats/default in device VINTF manifest.
01-01 00:00:36.182 617 617 V SystemServerTiming: StartPowerStatsService took to complete: 10ms
01-01 00:00:36.182 617 617 D SystemServerTiming: StartIStatsService
01-01 00:00:36.184 244 244 I hwservicemanager: getTransport: Cannot find entry android.frameworks.stats@1.0::IStats/default in either framework or device VINTF manifest.
01-01 00:00:36.185 617 617 E HidlServiceManagement: Service android.frameworks.stats@1.0::IStats/default must be in VINTF manifest in order to register/get.
01-01 00:00:36.185 617 617 W system_server: Cannot register HIDL android.frameworks.stats@1.0::IStats: -2147483648
01-01 00:00:36.187 617 617 V SystemServerTiming: StartIStatsService took to complete: 4ms
01-01 00:00:36.187 617 617 D SystemServerTiming: MemtrackProxyService
01-01 00:00:36.188 617 659 I SystemConfig: Reading permissions from /apex/com.android.ipsec/etc/permissions/android.net.ipsec.ike.xml
01-01 00:00:36.188 243 243 I servicemanager: Caller(pid=617,uid=1000,sid=u:r:system_server:s0) Found android.frameworks.stats.IStats/default in framework VINTF manifest.
01-01 00:00:36.191 243 243 I servicemanager: Caller(pid=617,uid=1000,sid=u:r:system_server:s0) Found android.hardware.memtrack.IMemtrack/default in device VINTF manifest.
01-01 00:00:36.191 617 617 I Stability: Interface set with vintf stability downgraded to system stability stability
01-01 00:00:36.192 617 659 I SystemConfig: Reading permissions from /apex/com.android.permission/etc/permissions/com.android.permissioncontroller.xml
01-01 00:00:36.192 617 617 V SystemServerTiming: MemtrackProxyService took to complete: 4ms
01-01 00:00:36.192 617 617 D SystemServerTiming: StartAccessCheckingService
01-01 00:00:36.194 617 617 I SystemServiceManager: Starting com.android.server.permission.access.AccessCheckingService
01-01 00:00:36.196 617 659 I SystemConfig: Reading permissions from /apex/com.android.hardware.usb.generic/etc/permissions/android.hardware.usb.host.prebuilt.xml
01-01 00:00:36.198 617 659 I SystemConfig: Reading permissions from /apex/com.android.hardware.usb.generic/etc/permissions/android.hardware.usb.accessory.prebuilt.xml
01-01 00:00:36.202 617 617 V SystemServerTiming: StartAccessCheckingService took to complete: 9ms
01-01 00:00:36.202 617 617 D SystemServerTiming: StartActivityManager
01-01 00:00:36.202 617 659 I SystemConfig: Reading permissions from /apex/com.android.extservices/etc/permissions/android.ext_sminus.services.xml
01-01 00:00:36.202 617 617 I SystemServiceManager: Starting com.android.server.wm.ActivityTaskManagerService$Lifecycle
01-01 00:00:36.209 617 659 I SystemConfig: Reading permissions from /apex/com.android.adservices/etc/permissions/com.android.adservices.api.xml
01-01 00:00:36.214 617 659 I SystemConfig: Reading permissions from /apex/com.android.devicelock/etc/permissions/com.android.devicelockcontroller.xml
01-01 00:00:36.217 617 659 I SystemConfig: Reading permissions from /apex/com.android.tethering/etc/permissions/permissions.xml
01-01 00:00:36.218 617 617 I SystemServiceManager: Starting com.android.server.am.ActivityManagerService$Lifecycle
01-01 00:00:36.220 617 659 I SystemConfig: Reading permissions from /apex/com.android.apex.cts.shim/etc/permissions/signature-permission-allowlist.xml
01-01 00:00:36.224 617 659 I SystemConfig: Reading permissions from /apex/com.android.healthfitness/etc/permissions/com.android.healthconnect.controller.xml
01-01 00:00:36.228 617 659 I SystemConfig: Reading permissions from /apex/com.android.btservices/etc/permissions/com.android.bluetooth.xml
01-01 00:00:36.232 617 617 I ActivityManager: Memory class: 192
01-01 00:00:36.233 617 659 I SystemConfig: Reading permissions from /apex/com.android.mediaprovider/etc/permissions/com.android.photopicker.xml
01-01 00:00:36.236 617 659 I SystemConfig: Reading permissions from /apex/com.android.mediaprovider/etc/permissions/com.android.providers.media.module.xml
01-01 00:00:36.239 617 663 I Binder : Setting heavy hitter watcher config: false, 0, 0.0
01-01 00:00:36.240 617 659 I SystemConfig: Reading permissions from /apex/com.android.nfcservices/etc/permissions/com.android.nfc.xml
01-01 00:00:36.243 617 659 V SystemConfig: readAllPermissions took to complete: 268ms
01-01 00:00:36.244 617 659 D SystemServerInitThreadPool: Finished executing ReadingSystemConfig
01-01 00:00:36.244 617 659 V SystemServerTimingAsync: InitThreadPoolExec:ReadingSystemConfig took to complete: 269ms
01-01 00:00:36.298 617 617 D BatteryStatsImpl: Reading daily items from /data/system/batterystats-daily.xml
01-01 00:00:36.314 244 244 I hwservicemanager: getTransport: Cannot find entry android.hardware.power.stats@1.0::IPowerStats/default in either framework or device VINTF manifest.
01-01 00:00:36.314 617 672 E BatteryStatsService: Unable to load Power.Stats.HAL. Setting rail availability to false
01-01 00:00:36.315 498 570 D AudioSystem: getService: waiting for media.audio_policy
01-01 00:00:36.320 617 672 E BluetoothAdapter: Bluetooth service is null
01-01 00:00:36.328 279 279 W android.system.: type=1400 audit(0.0:14): avc: denied { read } for name="wakeup7" dev="sysfs" ino=37151 scontext=u:r:system_suspend:s0 tcontext=u:object_r:sysfs:s0 tclass=dir permissive=0
01-01 00:00:36.333 279 279 E android.system.suspend-service: Error opening kernel wakelock stats for: wakeup7 (../../devices/platform/bus@f0000/f910000.usb/31100000.usb/xhci-hcd.0.auto/usb1/1-1/1-1.2/wakeup/wakeup7): Permission denied
01-01 00:00:36.332 279 279 W android.system.: type=1400 audit(0.0:15): avc: denied { read } for name="wakeup5" dev="sysfs" ino=34842 scontext=u:r:system_suspend:s0 tcontext=u:object_r:sysfs:s0 tclass=dir permissive=0
01-01 00:00:36.332 279 279 W android.system.: type=1400 audit(0.0:16): avc: denied { read } for name="wakeup3" dev="sysfs" ino=33249 scontext=u:r:system_suspend:s0 tcontext=u:object_r:sysfs:s0 tclass=dir permissive=0
01-01 00:00:36.334 279 279 E android.system.suspend-service: Error opening kernel wakelock stats for: wakeup5 (../../devices/platform/bus@f0000/bus@f0000:bus@b00000/2b1f0000.rtc/rtc/rtc0/alarmtimer.2.auto/wakeup/wakeup5): Permission denied
01-01 00:00:36.335 279 279 E android.system.suspend-service: Error opening kernel wakelock stats for: wakeup3 (../../devices/platform/bus@f0000/20000000.i2c/i2c-1/1-003f/power_supply/tps6598x-source-psy-1-003f/wakeup3): Permission denied
01-01 00:00:36.339 617 672 W KernelMemoryBandwidthStats: No kernel memory bandwidth stats available
01-01 00:00:36.464 617 617 I IntentFirewall: Read new rules (A:0 B:0 S:0)
01-01 00:00:36.479 617 617 D OomAdjuster: Not killing cached processes
01-01 00:00:36.501 617 617 D AppOps : AppOpsService published
01-01 00:00:36.502 617 647 W android.permission.PermissionManager: Missing ActivityManager; assuming 1047 does not hold android.permission.MANAGE_APP_OPS_MODES
01-01 00:00:36.506 617 617 V SystemServerTiming: StartActivityManager took to complete: 303ms
01-01 00:00:36.506 617 617 D SystemServerTiming: StartDataLoaderManagerService
01-01 00:00:36.507 617 617 I SystemServiceManager: Starting com.android.server.pm.DataLoaderManagerService
01-01 00:00:36.510 617 617 V SystemServerTiming: StartDataLoaderManagerService took to complete: 5ms
01-01 00:00:36.510 617 617 D SystemServerTiming: StartIncrementalService
01-01 00:00:36.512 617 676 E CriticalEventLog: Error reading log from disk.
01-01 00:00:36.512 617 676 E CriticalEventLog: com.android.framework.protobuf.nano.InvalidProtocolBufferNanoException: Protocol message contained an invalid tag (zero).
01-01 00:00:36.512 617 676 E CriticalEventLog: at com.android.framework.protobuf.nano.CodedInputByteBufferNano.readTag(CodedInputByteBufferNano.java:79)
01-01 00:00:36.512 617 676 E CriticalEventLog: at com.android.server.criticalevents.nano.CriticalEventLogStorageProto.mergeFrom(CriticalEventLogStorageProto.java:70)
01-01 00:00:36.512 617 676 E CriticalEventLog: at com.android.server.criticalevents.nano.CriticalEventLogStorageProto.mergeFrom(CriticalEventLogStorageProto.java:5)
01-01 00:00:36.512 617 676 E CriticalEventLog: at com.android.framework.protobuf.nano.MessageNano.mergeFrom(MessageNano.java:143)
01-01 00:00:36.512 617 676 E CriticalEventLog: at com.android.framework.protobuf.nano.MessageNano.mergeFrom(MessageNano.java:131)
01-01 00:00:36.512 617 676 E CriticalEventLog: at com.android.server.criticalevents.nano.CriticalEventLogStorageProto.parseFrom(CriticalEventLogStorageProto.java:106)
01-01 00:00:36.512 617 676 E CriticalEventLog: at com.android.server.criticalevents.CriticalEventLog$LogLoader.loadLogFromFile(CriticalEventLog.java:453)
01-01 00:00:36.512 617 676 E CriticalEventLog: at com.android.server.criticalevents.CriticalEventLog$LogLoader.load(CriticalEventLog.java:441)
01-01 00:00:36.512 617 676 E CriticalEventLog: at com.android.server.criticalevents.CriticalEventLog.lambda$new$0(CriticalEventLog.java:104)
01-01 00:00:36.512 617 676 E CriticalEventLog: at com.android.server.criticalevents.CriticalEventLog.$r8$lambda$lY5bRq3e1qTEzCvfI4SPBg_RsKI(CriticalEventLog.java:0)
01-01 00:00:36.512 617 676 E CriticalEventLog: at com.android.server.criticalevents.CriticalEventLog$$ExternalSyntheticLambda1.run(R8$$SyntheticClass:0)
01-01 00:00:36.512 617 676 E CriticalEventLog: at android.os.Handler.handleCallback(Handler.java:991)
01-01 00:00:36.512 617 676 E CriticalEventLog: at android.os.Handler.dispatchMessage(Handler.java:102)
01-01 00:00:36.512 617 676 E CriticalEventLog: at android.os.Looper.loopOnce(Looper.java:232)
01-01 00:00:36.512 617 676 E CriticalEventLog: at android.os.Looper.loop(Looper.java:317)
01-01 00:00:36.512 617 676 E CriticalEventLog: at android.os.HandlerThread.run(HandlerThread.java:85)
01-01 00:00:36.539 617 617 I incfs-mounts: [incfs] Loaded incremental-fs mount info: 0 instances, 0 mount points
01-01 00:00:36.542 617 617 V SystemServerTiming: StartIncrementalService took to complete: 31ms
01-01 00:00:36.542 617 617 D SystemServerTiming: StartPowerManager
01-01 00:00:36.542 617 617 I SystemServiceManager: Starting com.android.server.power.PowerManagerService
01-01 00:00:36.560 243 243 I servicemanager: Caller(pid=617,uid=1000,sid=u:r:system_server:s0) Found android.system.suspend.ISystemSuspend/default in framework VINTF manifest.
01-01 00:00:36.567 617 617 I PowerHalLoader: Successfully connected to Power HAL AIDL service.
01-01 00:00:36.567 243 243 I servicemanager: Caller(pid=617,uid=1000,sid=u:r:system_server:s0) Found android.hardware.power.IPower/default in device VINTF manifest.
01-01 00:00:36.570 489 489 I android.hardware.power-service.example: Power isModeSupported: 7
01-01 00:00:36.571 489 489 I android.hardware.power-service.example: Power isModeSupported: 0
01-01 00:00:36.574 617 617 V SystemServerTiming: StartPowerManager took to complete: 33ms
01-01 00:00:36.574 617 617 D SystemServerTiming: StartThermalManager
01-01 00:00:36.575 617 617 I SystemServiceManager: Starting com.android.server.power.ThermalManagerService
01-01 00:00:36.578 617 617 V SystemServerTiming: StartThermalManager took to complete: 3ms
01-01 00:00:36.578 617 617 D SystemServerTiming: InitPowerManagement
01-01 00:00:36.581 617 617 V SystemServerTiming: InitPowerManagement took to complete: 3ms
01-01 00:00:36.581 617 617 D SystemServerTiming: StartRecoverySystemService
01-01 00:00:36.581 617 617 I SystemServiceManager: Starting com.android.server.recoverysystem.RecoverySystemService$Lifecycle
01-01 00:00:36.586 617 617 V SystemServerTiming: StartRecoverySystemService took to complete: 5ms
01-01 00:00:36.587 617 617 I PackageWatchdog: Syncing state, reason: added new observer
01-01 00:00:36.588 617 617 I PackageWatchdog: Not pruning observers, elapsed time: 0ms
01-01 00:00:36.589 617 617 I PackageWatchdog: Cancelling state sync, nothing to sync
01-01 00:00:36.589 617 617 D SystemServerTiming: StartLightsService
01-01 00:00:36.589 617 617 I SystemServiceManager: Starting com.android.server.lights.LightsService
01-01 00:00:36.590 617 662 I PackageWatchdog: Saving observer state to file
01-01 00:00:36.594 243 243 I servicemanager: Caller(pid=617,uid=1000,sid=u:r:system_server:s0) Found android.hardware.light.ILights/default in device VINTF manifest.
01-01 00:00:36.597 617 617 V SystemServerTiming: StartLightsService took to complete: 8ms
01-01 00:00:36.597 617 617 D SystemServerTiming: StartDisplayOffloadService
01-01 00:00:36.597 617 617 V SystemServerTiming: StartDisplayOffloadService took to complete: 0ms
01-01 00:00:36.597 617 617 D SystemServerTiming: StartDisplayManager
01-01 00:00:36.598 617 617 I SystemServiceManager: Starting com.android.server.display.DisplayManagerService
01-01 00:00:36.622 617 617 V SystemServerTiming: StartDisplayManager took to complete: 25ms
01-01 00:00:36.622 617 617 D SystemServerTiming: WaitForDisplay
01-01 00:00:36.622 617 617 I SystemServiceManager: Starting phase 100
01-01 00:00:36.622 617 617 D SystemServerTiming: OnBootPhase_100
01-01 00:00:36.622 617 617 D SystemServerTiming: OnBootPhase_100_com.android.server.security.FileIntegrityService
01-01 00:00:36.622 617 617 V SystemServerTiming: OnBootPhase_100_com.android.server.security.FileIntegrityService took to complete: 0ms
01-01 00:00:36.622 617 617 D SystemServerTiming: OnBootPhase_100_com.android.server.pm.Installer
01-01 00:00:36.622 617 617 V SystemServerTiming: OnBootPhase_100_com.android.server.pm.Installer took to complete: 0ms
01-01 00:00:36.622 617 617 D SystemServerTiming: OnBootPhase_100_com.android.server.os.DeviceIdentifiersPolicyService
01-01 00:00:36.622 617 617 V SystemServerTiming: OnBootPhase_100_com.android.server.os.DeviceIdentifiersPolicyService took to complete: 0ms
01-01 00:00:36.622 617 617 D SystemServerTiming: OnBootPhase_100_com.android.server.flags.FeatureFlagsService
01-01 00:00:36.623 617 617 V SystemServerTiming: OnBootPhase_100_com.android.server.flags.FeatureFlagsService took to complete: 0ms
01-01 00:00:36.623 617 617 D SystemServerTiming: OnBootPhase_100_com.android.server.uri.UriGrantsManagerService$Lifecycle
01-01 00:00:36.623 617 617 V SystemServerTiming: OnBootPhase_100_com.android.server.uri.UriGrantsManagerService$Lifecycle took to complete: 0ms
01-01 00:00:36.623 617 617 D SystemServerTiming: OnBootPhase_100_com.android.server.powerstats.PowerStatsService
01-01 00:00:36.623 617 617 V SystemServerTiming: OnBootPhase_100_com.android.server.powerstats.PowerStatsService took to complete: 0ms
01-01 00:00:36.623 617 617 D SystemServerTiming: OnBootPhase_100_com.android.server.permission.access.AccessCheckingService
01-01 00:00:36.623 617 617 V SystemServerTiming: OnBootPhase_100_com.android.server.permission.access.AccessCheckingService took to complete: 0ms
01-01 00:00:36.623 617 617 D SystemServerTiming: OnBootPhase_100_com.android.server.wm.ActivityTaskManagerService$Lifecycle
01-01 00:00:36.623 617 617 V SystemServerTiming: OnBootPhase_100_com.android.server.wm.ActivityTaskManagerService$Lifecycle took to complete: 0ms
01-01 00:00:36.623 617 617 D SystemServerTiming: OnBootPhase_100_com.android.server.am.ActivityManagerService$Lifecycle
01-01 00:00:36.623 617 617 V SystemServerTiming: OnBootPhase_100_com.android.server.am.ActivityManagerService$Lifecycle took to complete: 0ms
01-01 00:00:36.623 617 617 D SystemServerTiming: OnBootPhase_100_com.android.server.pm.DataLoaderManagerService
01-01 00:00:36.623 617 617 V SystemServerTiming: OnBootPhase_100_com.android.server.pm.DataLoaderManagerService took to complete: 0ms
01-01 00:00:36.623 617 617 D SystemServerTiming: OnBootPhase_100_com.android.server.power.PowerManagerService
01-01 00:00:36.623 617 617 V SystemServerTiming: OnBootPhase_100_com.android.server.power.PowerManagerService took to complete: 0ms
01-01 00:00:36.623 617 617 D SystemServerTiming: OnBootPhase_100_com.android.server.power.ThermalManagerService
01-01 00:00:36.623 617 617 V SystemServerTiming: OnBootPhase_100_com.android.server.power.ThermalManagerService took to complete: 0ms
01-01 00:00:36.623 617 617 D SystemServerTiming: OnBootPhase_100_com.android.server.recoverysystem.RecoverySystemService$Lifecycle
01-01 00:00:36.623 617 617 V SystemServerTiming: OnBootPhase_100_com.android.server.recoverysystem.RecoverySystemService$Lifecycle took to complete: 0ms
01-01 00:00:36.623 617 617 D SystemServerTiming: OnBootPhase_100_com.android.server.lights.LightsService
01-01 00:00:36.623 617 617 V SystemServerTiming: OnBootPhase_100_com.android.server.lights.LightsService took to complete: 0ms
01-01 00:00:36.623 617 617 D SystemServerTiming: OnBootPhase_100_com.android.server.display.DisplayManagerService
01-01 00:00:36.632 617 655 E LocalDisplayAdapter: Can't find display mode with id -1
01-01 00:00:36.635 617 655 W LocalDisplayAdapter: DisplayModeSpecs base mode no longer available, using currently active mode.
01-01 00:00:36.639 617 655 E DisplayManagerService: Default display is null for info request from uid 1000
