04-01 08:46:42.259 617 664 I ActivityManager: Start proc 926:com.android.networkstack.process/1073 for service {com.android.networkstack/com.android.server.NetworkStackService}
04-01 08:46:42.259 617 664 W ActivityManager: Slow operation: 160ms so far, now at startProcess: starting to update pids map
04-01 08:46:42.259 617 617 V StorageManagerService: Package com.android.server.deviceconfig.resources does not have legacy storage
04-01 08:46:42.259 617 617 V StorageManagerService: Package com.android.htmlviewer does not have legacy storage
04-01 08:46:42.259 617 664 W ActivityManager: Slow operation: 160ms so far, now at startProcess: done updating pids map
04-01 08:46:42.259 617 617 V StorageManagerService: Package com.android.companiondevicemanager does not have legacy storage
04-01 08:46:42.259 617 617 V StorageManagerService: Package com.android.quicksearchbox does not have legacy storage
04-01 08:46:42.259 617 617 V StorageManagerService: Package com.android.mms.service does not have legacy storage
04-01 08:46:42.259 617 617 V StorageManagerService: Package com.android.providers.downloads does not have legacy storage
04-01 08:46:42.259 617 617 V StorageManagerService: Package com.android.federatedcompute.services does not have legacy storage
04-01 08:46:42.259 617 617 V StorageManagerService: Package com.android.safetycenter.resources does not have legacy storage
04-01 08:46:42.259 617 617 V StorageManagerService: Package com.android.providers.downloads.ui does not have legacy storage
04-01 08:46:42.260 617 617 V StorageManagerService: Package com.android.pacprocessor does not have legacy storage
04-01 08:46:42.260 617 617 V StorageManagerService: Package com.android.simappdialog does not have legacy storage
04-01 08:46:42.260 617 617 V StorageManagerService: Package com.android.networkstack does not have legacy storage
04-01 08:46:42.260 617 617 V StorageManagerService: Package android.am62 does not have legacy storage
04-01 08:46:42.260 617 617 V StorageManagerService: Package com.android.connectivity.resources does not have legacy storage
04-01 08:46:42.260 617 617 V StorageManagerService: Package com.android.internal.display.cutout.emulation.hole does not have legacy storage
04-01 08:46:42.244 909 909 I WebViewZygoteInit: Starting WebViewZygoteInit
04-01 08:46:42.265 617 617 V StorageManagerService: Package com.android.internal.display.cutout.emulation.tall does not have legacy storage
04-01 08:46:42.265 617 617 V StorageManagerService: Package com.android.modulemetadata does not have legacy storage
04-01 08:46:42.266 617 617 V StorageManagerService: Package com.android.certinstaller does not have legacy storage
04-01 08:46:42.267 617 662 W BestClock: java.time.DateTimeException: Missing network time fix
04-01 08:46:42.270 617 617 V StorageManagerService: Package com.android.internal.systemui.navbar.threebutton does not have legacy storage
04-01 08:46:42.270 617 617 V StorageManagerService: Package com.android.wifi.dialog does not have legacy storage
04-01 08:46:42.271 617 617 V StorageManagerService: Package android has legacy storage
04-01 08:46:42.271 617 617 V StorageManagerService: Package com.android.contacts does not have legacy storage
04-01 08:46:42.271 617 617 V StorageManagerService: Package com.android.camera2 does not have legacy storage
04-01 08:46:42.272 617 617 V StorageManagerService: Package com.android.egg does not have legacy storage
04-01 08:46:42.272 617 617 V StorageManagerService: Package com.android.mtp does not have legacy storage
04-01 08:46:42.273 617 617 V StorageManagerService: Package com.android.nfc does not have legacy storage
04-01 08:46:42.273 617 617 V StorageManagerService: Package com.android.launcher3 does not have legacy storage
04-01 08:46:42.273 617 617 V StorageManagerService: Package com.android.backupconfirm does not have legacy storage
04-01 08:46:42.274 617 617 V StorageManagerService: Package com.android.provision does not have legacy storage
04-01 08:46:42.274 617 617 V StorageManagerService: Package com.android.statementservice does not have legacy storage
04-01 08:46:42.275 617 617 V StorageManagerService: Package com.android.compos.payload does not have legacy storage
04-01 08:46:42.275 617 617 V StorageManagerService: Package com.android.settings.intelligence does not have legacy storage
04-01 08:46:42.276 617 617 V StorageManagerService: Package com.android.calendar does not have legacy storage
04-01 08:46:42.276 617 617 V StorageManagerService: Package com.android.systemui.accessibility.accessibilitymenu does not have legacy storage
04-01 08:46:42.277 617 617 V StorageManagerService: Package com.android.providers.settings has legacy storage
04-01 08:46:42.277 617 617 V StorageManagerService: Package com.android.sharedstoragebackup does not have legacy storage
04-01 08:46:42.278 617 617 V StorageManagerService: Package com.android.printspooler does not have legacy storage
04-01 08:46:42.279 617 617 V StorageManagerService: Package com.android.dreams.basic does not have legacy storage
04-01 08:46:42.280 617 617 V StorageManagerService: Package com.android.photopicker does not have legacy storage
04-01 08:46:42.280 617 863 W ZygoteProcess: Got error connecting to zygote, retrying. msg= Connection refused
04-01 08:46:42.282 617 617 V StorageManagerService: Package com.android.webview does not have legacy storage
04-01 08:46:42.283 617 617 V StorageManagerService: Package com.android.se does not have legacy storage
04-01 08:46:42.283 617 617 V StorageManagerService: Package com.android.inputdevices has legacy storage
04-01 08:46:42.284 617 617 V StorageManagerService: Package com.android.rkpdapp does not have legacy storage
04-01 08:46:42.284 617 617 V StorageManagerService: Package com.android.bips does not have legacy storage
04-01 08:46:42.285 617 617 V StorageManagerService: Package android.auto_generated_characteristics_rro does not have legacy storage
04-01 08:46:42.286 617 617 V StorageManagerService: Package com.android.musicfx does not have legacy storage
04-01 08:46:42.287 617 617 V StorageManagerService: Package android.ext.shared does not have legacy storage
04-01 08:46:42.288 617 617 V StorageManagerService: Package com.android.server.telecom has legacy storage
04-01 08:46:42.289 617 617 V StorageManagerService: Package com.android.keychain has legacy storage
04-01 08:46:42.290 617 617 V StorageManagerService: Package com.android.phone.auto_generated_characteristics_rro does not have legacy storage
04-01 08:46:42.291 617 617 V StorageManagerService: Package com.android.printservice.recommendation does not have legacy storage
04-01 08:46:42.291 617 617 V StorageManagerService: Package com.android.gallery3d has legacy storage
04-01 08:46:42.292 617 617 V StorageManagerService: Package android.ext.services does not have legacy storage
04-01 08:46:42.293 617 617 V StorageManagerService: Package com.android.wifi.resources does not have legacy storage
04-01 08:46:42.294 617 617 V StorageManagerService: Package com.android.cameraextensions does not have legacy storage
04-01 08:46:42.295 617 617 V StorageManagerService: Package com.android.localtransport has legacy storage
04-01 08:46:42.296 617 617 V StorageManagerService: Package com.android.packageinstaller does not have legacy storage
04-01 08:46:42.296 617 617 V StorageManagerService: Package com.android.credentialmanager does not have legacy storage
04-01 08:46:42.297 617 617 V StorageManagerService: Package com.android.theme.font.notoserifsource does not have legacy storage
04-01 08:46:42.298 617 617 V StorageManagerService: Package com.android.DeviceAsWebcam has legacy storage
04-01 08:46:42.298 617 617 V StorageManagerService: Package com.android.proxyhandler does not have legacy storage
04-01 08:46:42.298 617 617 V StorageManagerService: Package com.android.internal.display.cutout.emulation.waterfall does not have legacy storage
04-01 08:46:42.299 617 617 V StorageManagerService: Package com.android.intentresolver does not have legacy storage
04-01 08:46:42.299 617 617 V StorageManagerService: Package com.android.inputmethod.latin does not have legacy storage
04-01 08:46:42.299 617 617 V StorageManagerService: Package com.android.internal.systemui.navbar.transparent does not have legacy storage
04-01 08:46:42.300 617 617 V StorageManagerService: Package com.android.providers.contactkeys does not have legacy storage
04-01 08:46:42.301 617 617 V StorageManagerService: Package org.chromium.webview_shell does not have legacy storage
04-01 08:46:42.302 617 617 V StorageManagerService: Package com.android.managedprovisioning does not have legacy storage
04-01 08:46:42.302 617 617 V StorageManagerService: Package com.android.networkstack.tethering does not have legacy storage
04-01 08:46:42.303 617 617 V StorageManagerService: Package com.android.soundpicker does not have legacy storage
04-01 08:46:42.303 617 617 V StorageManagerService: Package com.android.dreams.phototable does not have legacy storage
04-01 08:46:42.304 617 617 V StorageManagerService: Package com.example.demo does not have legacy storage
04-01 08:46:42.305 617 617 V StorageManagerService: Package com.android.smspush does not have legacy storage
04-01 08:46:42.305 617 617 V StorageManagerService: Package com.android.role.notes.enabled does not have legacy storage
04-01 08:46:42.306 617 617 V StorageManagerService: Package com.android.wallpaper.livepicker does not have legacy storage
04-01 08:46:42.307 617 617 V StorageManagerService: Package com.android.appsearch.apk does not have legacy storage
04-01 08:46:42.308 617 617 V StorageManagerService: Package com.android.providers.settings.am62 does not have legacy storage
04-01 08:46:42.309 617 617 V StorageManagerService: Package com.android.storagemanager does not have legacy storage
04-01 08:46:42.310 617 617 V StorageManagerService: Package com.android.bookmarkprovider does not have legacy storage
04-01 08:46:42.311 617 617 V StorageManagerService: Package com.android.settings has legacy storage
04-01 08:46:42.311 617 617 V StorageManagerService: Package com.android.networkstack.tethering.am62overlay does not have legacy storage
04-01 08:46:42.311 617 617 V StorageManagerService: Package com.android.cts.ctsshim does not have legacy storage
04-01 08:46:42.311 617 617 V StorageManagerService: Package com.example.android.systemupdatersample does not have legacy storage
04-01 08:46:42.312 617 617 V StorageManagerService: Package com.android.wallpaper does not have legacy storage
04-01 08:46:42.312 617 617 V StorageManagerService: Package com.android.microdroid.empty_payload does not have legacy storage
04-01 08:46:42.312 617 617 V StorageManagerService: Package com.android.vpndialogs does not have legacy storage
04-01 08:46:42.312 617 617 V StorageManagerService: Package com.android.music does not have legacy storage
04-01 08:46:42.312 617 617 V StorageManagerService: Package com.android.phone does not have legacy storage
04-01 08:46:42.312 617 617 V StorageManagerService: Package com.android.shell does not have legacy storage
04-01 08:46:42.312 617 617 V StorageManagerService: Package com.android.sdksandbox does not have legacy storage
04-01 08:46:42.313 617 617 V StorageManagerService: Package com.android.wallpaperbackup does not have legacy storage
04-01 08:46:42.314 617 617 V StorageManagerService: Package com.android.providers.blockednumber does not have legacy storage
04-01 08:46:42.315 617 617 V StorageManagerService: Package com.android.providers.userdictionary does not have legacy storage
04-01 08:46:42.316 617 617 V StorageManagerService: Package com.android.providers.media.module does not have legacy storage
04-01 08:46:42.317 617 617 V StorageManagerService: Package com.android.hotspot2.osulogin does not have legacy storage
04-01 08:46:42.317 617 617 V StorageManagerService: Package com.android.companiondevicemanager.auto_generated_characteristics_rro does not have legacy storage
04-01 08:46:42.320 455 483 I netd : tetherGetStats() -> {[]} <3.56ms>
04-01 08:46:42.321 846 875 V WindowManagerShell: UNKNOWN MESSAGE (1169202424525373405) OneHandedController extra_shell_one_handed
04-01 08:46:42.321 846 875 V WindowManagerShell: UNKNOWN MESSAGE (-8211191618626308882) OneHandedController 90
04-01 08:46:42.322 617 617 V StorageManagerService: Package com.android.internal.systemui.navbar.gestural does not have legacy storage
04-01 08:46:42.322 617 617 V StorageManagerService: Package com.android.location.fused has legacy storage
04-01 08:46:42.323 617 617 V StorageManagerService: Package com.android.deskclock does not have legacy storage
04-01 08:46:42.324 617 617 V StorageManagerService: Package com.android.systemui does not have legacy storage
04-01 08:46:42.325 617 617 V StorageManagerService: Package com.android.bluetoothmidiservice does not have legacy storage
04-01 08:46:42.326 617 617 V StorageManagerService: Package com.android.permissioncontroller does not have legacy storage
04-01 08:46:42.326 617 617 V StorageManagerService: Package com.android.traceur does not have legacy storage
04-01 08:46:42.327 617 617 V StorageManagerService: Package com.android.ondevicepersonalization.services does not have legacy storage
04-01 08:46:42.328 617 617 V StorageManagerService: Package com.android.bluetooth does not have legacy storage
04-01 08:46:42.329 617 617 V StorageManagerService: Package com.android.providers.contacts does not have legacy storage
04-01 08:46:42.330 617 617 V StorageManagerService: Package com.android.captiveportallogin does not have legacy storage
04-01 08:46:42.331 617 617 V StorageManagerService: Package com.android.devicelockcontroller does not have legacy storage
04-01 08:46:42.331 926 926 I rkstack.process: Using CollectorTypeCMC GC.
04-01 08:46:42.332 617 617 W SystemServiceManager: Service com.android.server.StorageManagerService$Lifecycle took 89 ms in onStartUser-0
04-01 08:46:42.332 617 617 V SystemServerTimingAsync: ssm.onStartUser-0_com.android.server.StorageManagerService$Lifecycle took to complete: 89ms
04-01 08:46:42.332 617 617 D SystemServerTimingAsync: ssm.onStartUser-0_com.android.server.usage.StorageStatsService$Lifecycle
04-01 08:46:42.333 617 617 V SystemServerTimingAsync: ssm.onStartUser-0_com.android.server.usage.StorageStatsService$Lifecycle took to complete: 0ms
04-01 08:46:42.333 617 617 D SystemServerTimingAsync: ssm.onStartUser-0_com.android.server.UiModeManagerService
04-01 08:46:42.333 617 617 V SystemServerTimingAsync: ssm.onStartUser-0_com.android.server.UiModeManagerService took to complete: 0ms
04-01 08:46:42.334 617 617 D SystemServerTimingAsync: ssm.onStartUser-0_com.android.server.locales.LocaleManagerService
04-01 08:46:42.334 617 617 V SystemServerTimingAsync: ssm.onStartUser-0_com.android.server.locales.LocaleManagerService took to complete: 0ms
04-01 08:46:42.334 617 617 D SystemServerTimingAsync: ssm.onStartUser-0_com.android.server.grammaticalinflection.GrammaticalInflectionService
04-01 08:46:42.335 617 617 V SystemServerTimingAsync: ssm.onStartUser-0_com.android.server.grammaticalinflection.GrammaticalInflectionService took to complete: 0ms
04-01 08:46:42.335 617 617 D SystemServerTimingAsync: ssm.onStartUser-0_com.android.server.apphibernation.AppHibernationService
04-01 08:46:42.335 617 617 V SystemServerTimingAsync: ssm.onStartUser-0_com.android.server.apphibernation.AppHibernationService took to complete: 0ms
04-01 08:46:42.335 617 617 D SystemServerTimingAsync: ssm.onStartUser-0_com.android.server.locksettings.LockSettingsService$Lifecycle
04-01 08:46:42.335 617 617 V SystemServerTimingAsync: ssm.onStartUser-0_com.android.server.locksettings.LockSettingsService$Lifecycle took to complete: 0ms
04-01 08:46:42.335 617 617 D SystemServerTimingAsync: ssm.onStartUser-0_com.android.server.pdb.PersistentDataBlockService
04-01 08:46:42.336 617 617 V SystemServerTimingAsync: ssm.onStartUser-0_com.android.server.pdb.PersistentDataBlockService took to complete: 0ms
04-01 08:46:42.336 617 617 D SystemServerTimingAsync: ssm.onStartUser-0_com.android.server.testharness.TestHarnessModeService
04-01 08:46:42.336 617 617 V SystemServerTimingAsync: ssm.onStartUser-0_com.android.server.testharness.TestHarnessModeService took to complete: 0ms
04-01 08:46:42.336 617 617 D SystemServerTimingAsync: ssm.onStartUser-0_com.android.server.oemlock.OemLockService
04-01 08:46:42.336 617 617 V SystemServerTimingAsync: ssm.onStartUser-0_com.android.server.oemlock.OemLockService took to complete: 0ms
04-01 08:46:42.336 617 617 D SystemServerTimingAsync: ssm.onStartUser-0_com.android.server.DeviceIdleController
04-01 08:46:42.336 617 617 V SystemServerTimingAsync: ssm.onStartUser-0_com.android.server.DeviceIdleController took to complete: 0ms
04-01 08:46:42.336 617 617 D SystemServerTimingAsync: ssm.onStartUser-0_com.android.server.devicepolicy.DevicePolicyManagerService$Lifecycle
04-01 08:46:42.338 476 476 I ComponentStore: createInterface(): Invalid component name: c2.android.avc.encoder
04-01 08:46:42.344 617 617 V SystemServerTimingAsync: ssm.onStartUser-0_com.android.server.devicepolicy.DevicePolicyManagerService$Lifecycle took to complete: 8ms
04-01 08:46:42.345 617 617 D SystemServerTimingAsync: ssm.onStartUser-0_com.android.server.texttospeech.TextToSpeechManagerService
04-01 08:46:42.345 617 617 V SystemServerTimingAsync: ssm.onStartUser-0_com.android.server.texttospeech.TextToSpeechManagerService took to complete: 0ms
04-01 08:46:42.345 617 617 D SystemServerTimingAsync: ssm.onStartUser-0_com.android.server.wearable.WearableSensingManagerService
04-01 08:46:42.345 617 617 V SystemServerTimingAsync: ssm.onStartUser-0_com.android.server.wearable.WearableSensingManagerService took to complete: 0ms
04-01 08:46:42.345 617 617 D SystemServerTimingAsync: ssm.onStartUser-0_com.android.server.ondeviceintelligence.OnDeviceIntelligenceManagerService
04-01 08:46:42.346 617 617 V SystemServerTimingAsync: ssm.onStartUser-0_com.android.server.ondeviceintelligence.OnDeviceIntelligenceManagerService took to complete: 0ms
04-01 08:46:42.346 617 617 D SystemServerTimingAsync: ssm.onStartUser-0_com.android.server.speech.SpeechRecognitionManagerService
04-01 08:46:42.346 617 617 V SystemServerTimingAsync: ssm.onStartUser-0_com.android.server.speech.SpeechRecognitionManagerService took to complete: 0ms
04-01 08:46:42.346 617 617 D SystemServerTimingAsync: ssm.onStartUser-0_com.android.server.graphics.fonts.FontManagerService$Lifecycle
04-01 08:46:42.346 617 617 V SystemServerTimingAsync: ssm.onStartUser-0_com.android.server.graphics.fonts.FontManagerService$Lifecycle took to complete: 0ms
04-01 08:46:42.346 617 617 D SystemServerTimingAsync: ssm.onStartUser-0_com.android.server.textservices.TextServicesManagerService$Lifecycle
04-01 08:46:42.346 617 617 V SystemServerTimingAsync: ssm.onStartUser-0_com.android.server.textservices.TextServicesManagerService$Lifecycle took to complete: 0ms
04-01 08:46:42.347 617 617 D SystemServerTimingAsync: ssm.onStartUser-0_com.android.server.textclassifier.TextClassificationManagerService$Lifecycle
04-01 08:46:42.351 926 926 E rkstack.process: Not starting debugger since process cannot load the jdwp agent.
04-01 08:46:42.351 617 617 V SystemServerTimingAsync: ssm.onStartUser-0_com.android.server.textclassifier.TextClassificationManagerService$Lifecycle took to complete: 4ms
04-01 08:46:42.351 617 617 D SystemServerTimingAsync: ssm.onStartUser-0_com.android.server.NetworkScoreService$Lifecycle
04-01 08:46:42.351 617 617 V SystemServerTimingAsync: ssm.onStartUser-0_com.android.server.NetworkScoreService$Lifecycle took to complete: 0ms
04-01 08:46:42.352 617 617 D SystemServerTimingAsync: ssm.onStartUser-0_com.android.server.NetworkStatsServiceInitializer
04-01 08:46:42.352 617 617 V SystemServerTimingAsync: ssm.onStartUser-0_com.android.server.NetworkStatsServiceInitializer took to complete: 0ms
04-01 08:46:42.352 617 617 D SystemServerTimingAsync: ssm.onStartUser-0_com.android.server.wifi.WifiService
04-01 08:46:42.353 617 617 V SystemServerTimingAsync: ssm.onStartUser-0_com.android.server.wifi.WifiService took to complete: 0ms
04-01 08:46:42.353 617 617 D SystemServerTimingAsync: ssm.onStartUser-0_com.android.server.wifi.scanner.WifiScanningService
04-01 08:46:42.354 617 617 V SystemServerTimingAsync: ssm.onStartUser-0_com.android.server.wifi.scanner.WifiScanningService took to complete: 0ms
04-01 08:46:42.354 617 617 D SystemServerTimingAsync: ssm.onStartUser-0_com.android.server.wifi.p2p.WifiP2pService
04-01 08:46:42.354 617 617 V SystemServerTimingAsync: ssm.onStartUser-0_com.android.server.wifi.p2p.WifiP2pService took to complete: 0ms
04-01 08:46:42.355 617 617 D SystemServerTimingAsync: ssm.onStartUser-0_com.android.server.ConnectivityServiceInitializer
04-01 08:46:42.355 617 617 V SystemServerTimingAsync: ssm.onStartUser-0_com.android.server.ConnectivityServiceInitializer took to complete: 0ms
04-01 08:46:42.355 617 617 D SystemServerTimingAsync: ssm.onStartUser-0_com.android.server.notification.NotificationManagerService
04-01 08:46:42.356 617 617 V SystemServerTimingAsync: ssm.onStartUser-0_com.android.server.notification.NotificationManagerService took to complete: 0ms
04-01 08:46:42.356 617 617 D SystemServerTimingAsync: ssm.onStartUser-0_com.android.server.storage.DeviceStorageMonitorService
04-01 08:46:42.357 617 617 V SystemServerTimingAsync: ssm.onStartUser-0_com.android.server.storage.DeviceStorageMonitorService took to complete: 0ms
04-01 08:46:42.357 617 617 D SystemServerTimingAsync: ssm.onStartUser-0_com.android.server.timedetector.TimeDetectorService$Lifecycle
04-01 08:46:42.357 617 617 V SystemServerTimingAsync: ssm.onStartUser-0_com.android.server.timedetector.TimeDetectorService$Lifecycle took to complete: 1ms
04-01 08:46:42.358 846 875 V WindowManagerShell: UNKNOWN MESSAGE (-8211191618626308882) RootTaskDisplayAreaOrganizer 36
04-01 08:46:42.358 617 617 D SystemServerTimingAsync: ssm.onStartUser-0_com.android.server.location.LocationManagerService$Lifecycle
04-01 08:46:42.361 617 617 V SystemServerTimingAsync: ssm.onStartUser-0_com.android.server.location.LocationManagerService$Lifecycle took to complete: 3ms
04-01 08:46:42.361 617 617 D SystemServerTimingAsync: ssm.onStartUser-0_com.android.server.timezonedetector.TimeZoneDetectorService$Lifecycle
04-01 08:46:42.361 617 617 V SystemServerTimingAsync: ssm.onStartUser-0_com.android.server.timezonedetector.TimeZoneDetectorService$Lifecycle took to complete: 0ms
04-01 08:46:42.361 617 617 D SystemServerTimingAsync: ssm.onStartUser-0_com.android.server.location.altitude.AltitudeService$Lifecycle
04-01 08:46:42.361 536 883 I mediaswcodec: missing struct descriptor #Param::CoreIndex(--004) for field values of struct #Param::CoreIndex(F-12004)
04-01 08:46:42.361 617 617 V SystemServerTimingAsync: ssm.onStartUser-0_com.android.server.location.altitude.AltitudeService$Lifecycle took to complete: 0ms
04-01 08:46:42.361 617 617 D SystemServerTimingAsync: ssm.onStartUser-0_com.android.server.timezonedetector.location.LocationTimeZoneManagerService$Lifecycle
04-01 08:46:42.362 617 617 V SystemServerTimingAsync: ssm.onStartUser-0_com.android.server.timezonedetector.location.LocationTimeZoneManagerService$Lifecycle took to complete: 0ms
04-01 08:46:42.362 617 617 D SystemServerTimingAsync: ssm.onStartUser-0_com.android.server.search.SearchManagerService$Lifecycle
04-01 08:46:42.362 617 617 V SystemServerTimingAsync: ssm.onStartUser-0_com.android.server.search.SearchManagerService$Lifecycle took to complete: 0ms
04-01 08:46:42.362 617 617 D SystemServerTimingAsync: ssm.onStartUser-0_com.android.server.wallpaper.WallpaperManagerService$Lifecycle
04-01 08:46:42.362 536 883 I mediaswcodec: missing struct descriptor #Param::CoreIndex(--1812) for field values of struct #Param::CoreIndex(F-11812)
04-01 08:46:42.362 617 617 V SystemServerTimingAsync: ssm.onStartUser-0_com.android.server.wallpaper.WallpaperManagerService$Lifecycle took to complete: 0ms
04-01 08:46:42.362 617 617 D SystemServerTimingAsync: ssm.onStartUser-0_com.android.server.audio.AudioService$Lifecycle
04-01 08:46:42.362 617 617 V SystemServerTimingAsync: ssm.onStartUser-0_com.android.server.audio.AudioService$Lifecycle took to complete: 0ms
04-01 08:46:42.362 617 617 D SystemServerTimingAsync: ssm.onStartUser-0_com.android.server.soundtrigger_middleware.SoundTriggerMiddlewareService$Lifecycle
04-01 08:46:42.362 617 617 V SystemServerTimingAsync: ssm.onStartUser-0_com.android.server.soundtrigger_middleware.SoundTriggerMiddlewareService$Lifecycle took to complete: 0ms
04-01 08:46:42.362 617 617 D SystemServerTimingAsync: ssm.onStartUser-0_com.android.server.DockObserver
04-01 08:46:42.362 617 617 V SystemServerTimingAsync: ssm.onStartUser-0_com.android.server.DockObserver took to complete: 0ms
04-01 08:46:42.362 617 617 D SystemServerTimingAsync: ssm.onStartUser-0_com.android.server.adb.AdbService$Lifecycle
04-01 08:46:42.362 617 617 V SystemServerTimingAsync: ssm.onStartUser-0_com.android.server.adb.AdbService$Lifecycle took to complete: 0ms
04-01 08:46:42.362 617 617 D SystemServerTimingAsync: ssm.onStartUser-0_com.android.server.usb.UsbService$Lifecycle
04-01 08:46:42.362 617 617 V SystemServerTimingAsync: ssm.onStartUser-0_com.android.server.usb.UsbService$Lifecycle took to complete: 0ms
04-01 08:46:42.362 617 617 D SystemServerTimingAsync: ssm.onStartUser-0_com.android.server.SerialService$Lifecycle
04-01 08:46:42.362 617 617 V SystemServerTimingAsync: ssm.onStartUser-0_com.android.server.SerialService$Lifecycle took to complete: 0ms
04-01 08:46:42.362 617 617 D SystemServerTimingAsync: ssm.onStartUser-0_com.android.server.twilight.TwilightService
04-01 08:46:42.362 617 617 V SystemServerTimingAsync: ssm.onStartUser-0_com.android.server.twilight.TwilightService took to complete: 0ms
04-01 08:46:42.362 617 617 D SystemServerTimingAsync: ssm.onStartUser-0_com.android.server.display.color.ColorDisplayService
04-01 08:46:42.362 617 617 V SystemServerTimingAsync: ssm.onStartUser-0_com.android.server.display.color.ColorDisplayService took to complete: 0ms
04-01 08:46:42.362 617 617 D SystemServerTimingAsync: ssm.onStartUser-0_com.android.server.job.JobSchedulerService
04-01 08:46:42.362 617 617 V SystemServerTimingAsync: ssm.onStartUser-0_com.android.server.job.JobSchedulerService took to complete: 0ms
04-01 08:46:42.362 617 617 D SystemServerTimingAsync: ssm.onStartUser-0_com.android.server.soundtrigger.SoundTriggerService
04-01 08:46:42.362 617 617 V SystemServerTimingAsync: ssm.onStartUser-0_com.android.server.soundtrigger.SoundTriggerService took to complete: 0ms
04-01 08:46:42.362 617 617 D SystemServerTimingAsync: ssm.onStartUser-0_com.android.server.trust.TrustManagerService
04-01 08:46:42.362 617 617 V SystemServerTimingAsync: ssm.onStartUser-0_com.android.server.trust.TrustManagerService took to complete: 0ms
04-01 08:46:42.362 617 617 D SystemServerTimingAsync: ssm.onStartUser-0_com.android.server.backup.BackupManagerService$Lifecycle
04-01 08:46:42.362 617 617 V SystemServerTimingAsync: ssm.onStartUser-0_com.android.server.backup.BackupManagerService$Lifecycle took to complete: 0ms
04-01 08:46:42.362 617 617 D SystemServerTimingAsync: ssm.onStartUser-0_com.android.server.appwidget.AppWidgetService
04-01 08:46:42.362 617 617 V SystemServerTimingAsync: ssm.onStartUser-0_com.android.server.appwidget.AppWidgetService took to complete: 0ms
04-01 08:46:42.362 617 617 D SystemServerTimingAsync: ssm.onStartUser-0_com.android.server.voiceinteraction.VoiceInteractionManagerService
04-01 08:46:42.363 536 883 I mediaswcodec: missing struct descriptor #Param::CoreIndex(--004) for field values of struct #Param::CoreIndex(F-12004)
04-01 08:46:42.364 536 883 I mediaswcodec: missing struct descriptor #Param::CoreIndex(--1812) for field values of struct #Param::CoreIndex(F-11812)
04-01 08:46:42.367 617 617 W VoiceInteractionManager: no available voice recognition services found for user 0
04-01 08:46:42.368 617 617 V SystemServerTimingAsync: ssm.onStartUser-0_com.android.server.voiceinteraction.VoiceInteractionManagerService took to complete: 4ms
04-01 08:46:42.368 617 617 D SystemServerTimingAsync: ssm.onStartUser-0_com.android.server.GestureLauncherService
04-01 08:46:42.369 617 617 V SystemServerTimingAsync: ssm.onStartUser-0_com.android.server.GestureLauncherService took to complete: 1ms
04-01 08:46:42.369 617 617 D SystemServerTimingAsync: ssm.onStartUser-0_com.android.server.SensorNotificationService
04-01 08:46:42.369 617 617 V SystemServerTimingAsync: ssm.onStartUser-0_com.android.server.SensorNotificationService took to complete: 0ms
04-01 08:46:42.369 617 617 D SystemServerTimingAsync: ssm.onStartUser-0_com.android.server.emergency.EmergencyAffordanceService
04-01 08:46:42.369 617 617 V SystemServerTimingAsync: ssm.onStartUser-0_com.android.server.emergency.EmergencyAffordanceService took to complete: 0ms
04-01 08:46:42.369 617 617 D SystemServerTimingAsync: ssm.onStartUser-0_com.android.server.blob.BlobStoreManagerService
04-01 08:46:42.369 617 617 V SystemServerTimingAsync: ssm.onStartUser-0_com.android.server.blob.BlobStoreManagerService took to complete: 0ms
04-01 08:46:42.369 617 617 D SystemServerTimingAsync: ssm.onStartUser-0_com.android.server.dreams.DreamManagerService
04-01 08:46:42.369 617 617 V SystemServerTimingAsync: ssm.onStartUser-0_com.android.server.dreams.DreamManagerService took to complete: 0ms
04-01 08:46:42.369 617 617 D SystemServerTimingAsync: ssm.onStartUser-0_com.android.server.print.PrintManagerService
04-01 08:46:42.369 617 617 V SystemServerTimingAsync: ssm.onStartUser-0_com.android.server.print.PrintManagerService took to complete: 0ms
04-01 08:46:42.369 617 617 D SystemServerTimingAsync: ssm.onStartUser-0_com.android.server.security.AttestationVerificationManagerService
04-01 08:46:42.369 617 617 V SystemServerTimingAsync: ssm.onStartUser-0_com.android.server.security.AttestationVerificationManagerService took to complete: 0ms
04-01 08:46:42.371 617 617 D SystemServerTimingAsync: ssm.onStartUser-0_com.android.server.companion.CompanionDeviceManagerService
04-01 08:46:42.372 617 617 V SystemServerTimingAsync: ssm.onStartUser-0_com.android.server.companion.CompanionDeviceManagerService took to complete: 0ms
04-01 08:46:42.372 617 617 D SystemServerTimingAsync: ssm.onStartUser-0_com.android.server.companion.virtual.VirtualDeviceManagerService
04-01 08:46:42.372 617 617 V SystemServerTimingAsync: ssm.onStartUser-0_com.android.server.companion.virtual.VirtualDeviceManagerService took to complete: 0ms
04-01 08:46:42.372 617 617 D SystemServerTimingAsync: ssm.onStartUser-0_com.android.server.restrictions.RestrictionsManagerService
04-01 08:46:42.372 617 617 V SystemServerTimingAsync: ssm.onStartUser-0_com.android.server.restrictions.RestrictionsManagerService took to complete: 0ms
04-01 08:46:42.372 617 617 D SystemServerTimingAsync: ssm.onStartUser-0_com.android.server.media.MediaSessionService
04-01 08:46:42.375 617 617 V SystemServerTimingAsync: ssm.onStartUser-0_com.android.server.media.MediaSessionService took to complete: 3ms
04-01 08:46:42.375 617 617 D SystemServerTimingAsync: ssm.onStartUser-0_com.android.server.biometrics.BiometricService
04-01 08:46:42.375 617 617 V SystemServerTimingAsync: ssm.onStartUser-0_com.android.server.biometrics.BiometricService took to complete: 0ms
04-01 08:46:42.375 617 617 D SystemServerTimingAsync: ssm.onStartUser-0_com.android.server.biometrics.AuthService
04-01 08:46:42.375 617 617 V SystemServerTimingAsync: ssm.onStartUser-0_com.android.server.biometrics.AuthService took to complete: 0ms
04-01 08:46:42.376 617 617 D SystemServerTimingAsync: ssm.onStartUser-0_com.android.server.adaptiveauth.AdaptiveAuthService
04-01 08:46:42.376 617 617 V SystemServerTimingAsync: ssm.onStartUser-0_com.android.server.adaptiveauth.AdaptiveAuthService took to complete: 0ms
04-01 08:46:42.376 617 617 D SystemServerTimingAsync: ssm.onStartUser-0_com.android.server.pm.ShortcutService$Lifecycle
04-01 08:46:42.376 617 617 V SystemServerTimingAsync: ssm.onStartUser-0_com.android.server.pm.ShortcutService$Lifecycle took to complete: 0ms
04-01 08:46:42.376 617 617 D SystemServerTimingAsync: ssm.onStartUser-0_com.android.server.pm.LauncherAppsService
04-01 08:46:42.376 617 617 V SystemServerTimingAsync: ssm.onStartUser-0_com.android.server.pm.LauncherAppsService took to complete: 0ms
04-01 08:46:42.376 617 617 D SystemServerTimingAsync: ssm.onStartUser-0_com.android.server.pm.CrossProfileAppsService
04-01 08:46:42.376 617 617 V SystemServerTimingAsync: ssm.onStartUser-0_com.android.server.pm.CrossProfileAppsService took to complete: 0ms
04-01 08:46:42.376 617 617 D SystemServerTimingAsync: ssm.onStartUser-0_com.android.server.people.PeopleService
04-01 08:46:42.376 617 617 V SystemServerTimingAsync: ssm.onStartUser-0_com.android.server.people.PeopleService took to complete: 0ms
04-01 08:46:42.377 617 617 D SystemServerTimingAsync: ssm.onStartUser-0_com.android.server.media.metrics.MediaMetricsManagerService
04-01 08:46:42.377 617 617 V SystemServerTimingAsync: ssm.onStartUser-0_com.android.server.media.metrics.MediaMetricsManagerService took to complete: 0ms
04-01 08:46:42.377 617 617 D SystemServerTimingAsync: ssm.onStartUser-0_com.android.server.pm.BackgroundInstallControlService
04-01 08:46:42.377 617 617 V SystemServerTimingAsync: ssm.onStartUser-0_com.android.server.pm.BackgroundInstallControlService took to complete: 0ms
04-01 08:46:42.377 617 617 D SystemServerTimingAsync: ssm.onStartUser-0_com.android.server.media.projection.MediaProjectionManagerService
04-01 08:46:42.377 617 617 V SystemServerTimingAsync: ssm.onStartUser-0_com.android.server.media.projection.MediaProjectionManagerService took to complete: 0ms
04-01 08:46:42.377 617 617 D SystemServerTimingAsync: ssm.onStartUser-0_com.android.server.slice.SliceManagerService$Lifecycle
04-01 08:46:42.379 617 617 V SystemServerTimingAsync: ssm.onStartUser-0_com.android.server.slice.SliceManagerService$Lifecycle took to complete: 0ms
04-01 08:46:42.379 617 617 D SystemServerTimingAsync: ssm.onStartUser-0_com.android.server.stats.StatsCompanion$Lifecycle
04-01 08:46:42.380 617 617 V SystemServerTimingAsync: ssm.onStartUser-0_com.android.server.stats.StatsCompanion$Lifecycle took to complete: 0ms
04-01 08:46:42.380 926 926 D nativeloader: Load libframework-connectivity-tiramisu-jni.so using APEX ns com_android_tethering for caller /apex/com.android.tethering/javalib/framework-connectivity-t.jar: ok
04-01 08:46:42.380 617 617 D SystemServerTimingAsync: ssm.onStartUser-0_com.android.server.scheduling.RebootReadinessManagerService$Lifecycle
04-01 08:46:42.380 617 617 V SystemServerTimingAsync: ssm.onStartUser-0_com.android.server.scheduling.RebootReadinessManagerService$Lifecycle took to complete: 0ms
04-01 08:46:42.381 617 617 D SystemServerTimingAsync: ssm.onStartUser-0_com.android.server.stats.pull.StatsPullAtomService
04-01 08:46:42.381 617 617 V SystemServerTimingAsync: ssm.onStartUser-0_com.android.server.stats.pull.StatsPullAtomService took to complete: 0ms
04-01 08:46:42.381 617 617 D SystemServerTimingAsync: ssm.onStartUser-0_com.android.server.stats.bootstrap.StatsBootstrapAtomService$Lifecycle
04-01 08:46:42.382 617 617 V SystemServerTimingAsync: ssm.onStartUser-0_com.android.server.stats.bootstrap.StatsBootstrapAtomService$Lifecycle took to complete: 0ms
04-01 08:46:42.382 617 617 D SystemServerTimingAsync: ssm.onStartUser-0_com.android.server.incident.IncidentCompanionService
04-01 08:46:42.382 617 617 V SystemServerTimingAsync: ssm.onStartUser-0_com.android.server.incident.IncidentCompanionService took to complete: 0ms
04-01 08:46:42.382 617 617 D SystemServerTimingAsync: ssm.onStartUser-0_com.android.server.sdksandbox.SdkSandboxManagerService$Lifecycle
04-01 08:46:42.383 617 617 V SystemServerTimingAsync: ssm.onStartUser-0_com.android.server.sdksandbox.SdkSandboxManagerService$Lifecycle took to complete: 0ms
04-01 08:46:42.383 617 617 D SystemServerTimingAsync: ssm.onStartUser-0_com.android.server.adservices.AdServicesManagerService$Lifecycle
04-01 08:46:42.383 617 617 V SystemServerTimingAsync: ssm.onStartUser-0_com.android.server.adservices.AdServicesManagerService$Lifecycle took to complete: 0ms
04-01 08:46:42.384 617 617 D SystemServerTimingAsync: ssm.onStartUser-0_com.android.server.ondevicepersonalization.OnDevicePersonalizationSystemService$Lifecycle
04-01 08:46:42.384 617 617 V SystemServerTimingAsync: ssm.onStartUser-0_com.android.server.ondevicepersonalization.OnDevicePersonalizationSystemService$Lifecycle took to complete: 0ms
04-01 08:46:42.385 617 617 D SystemServerTimingAsync: ssm.onStartUser-0_android.os.profiling.ProfilingService$Lifecycle
04-01 08:46:42.386 617 617 V SystemServerTimingAsync: ssm.onStartUser-0_android.os.profiling.ProfilingService$Lifecycle took to complete: 0ms
04-01 08:46:42.387 617 617 D SystemServerTimingAsync: ssm.onStartUser-0_com.android.server.autofill.AutofillManagerService
04-01 08:46:42.387 617 617 V SystemServerTimingAsync: ssm.onStartUser-0_com.android.server.autofill.AutofillManagerService took to complete: 0ms
04-01 08:46:42.387 617 617 D SystemServerTimingAsync: ssm.onStartUser-0_com.android.server.clipboard.ClipboardService
04-01 08:46:42.387 617 617 V SystemServerTimingAsync: ssm.onStartUser-0_com.android.server.clipboard.ClipboardService took to complete: 0ms
04-01 08:46:42.387 617 617 D SystemServerTimingAsync: ssm.onStartUser-0_com.android.server.appbinding.AppBindingService$Lifecycle
04-01 08:46:42.389 617 617 W AppBindingService: [Default SMS app] u0 Target package not found
04-01 08:46:42.390 617 617 V SystemServerTimingAsync: ssm.onStartUser-0_com.android.server.appbinding.AppBindingService$Lifecycle took to complete: 2ms
04-01 08:46:42.390 617 617 D SystemServerTimingAsync: ssm.onStartUser-0_com.android.server.tracing.TracingServiceProxy
04-01 08:46:42.390 617 617 V SystemServerTimingAsync: ssm.onStartUser-0_com.android.server.tracing.TracingServiceProxy took to complete: 0ms
04-01 08:46:42.390 617 617 D SystemServerTimingAsync: ssm.onStartUser-0_com.android.server.policy.PermissionPolicyService
04-01 08:46:42.390 617 617 V SystemServerTimingAsync: ssm.onStartUser-0_com.android.server.policy.PermissionPolicyService took to complete: 0ms
04-01 08:46:42.390 617 617 D SystemServerTimingAsync: ssm.onStartUser-0_com.android.server.pm.StagingManager$Lifecycle
04-01 08:46:42.390 617 617 V SystemServerTimingAsync: ssm.onStartUser-0_com.android.server.pm.StagingManager$Lifecycle took to complete: 0ms
04-01 08:46:42.390 617 617 D SystemServerTimingAsync: ssm.onStartUser-0_com.android.server.app.GameManagerService$Lifecycle
04-01 08:46:42.390 617 617 D GameManagerService: Starting user 0
04-01 08:46:42.394 617 617 V GameManagerService_GameManagerSettings: Settings file doesn't exist, skip reading
04-01 08:46:42.394 617 617 V SystemServerTimingAsync: ssm.onStartUser-0_com.android.server.app.GameManagerService$Lifecycle took to complete: 4ms
04-01 08:46:42.395 617 617 D SystemServerTimingAsync: ssm.onStartUser-0_com.android.safetycenter.SafetyCenterService
04-01 08:46:42.395 617 617 V SystemServerTimingAsync: ssm.onStartUser-0_com.android.safetycenter.SafetyCenterService took to complete: 0ms
04-01 08:46:42.396 617 617 D SystemServerTimingAsync: ssm.onStartUser-0_com.android.server.appsearch.AppSearchModule$Lifecycle
04-01 08:46:42.396 617 617 V SystemServerTimingAsync: ssm.onStartUser-0_com.android.server.appsearch.AppSearchModule$Lifecycle took to complete: 0ms
04-01 08:46:42.396 617 617 D SystemServerTimingAsync: ssm.onStartUser-0_com.android.server.compos.IsolatedCompilationService
04-01 08:46:42.396 617 617 V SystemServerTimingAsync: ssm.onStartUser-0_com.android.server.compos.IsolatedCompilationService took to complete: 0ms
04-01 08:46:42.396 617 617 D SystemServerTimingAsync: ssm.onStartUser-0_com.android.server.media.MediaCommunicationService
04-01 08:46:42.397 617 617 V SystemServerTimingAsync: ssm.onStartUser-0_com.android.server.media.MediaCommunicationService took to complete: 1ms
04-01 08:46:42.398 617 617 D SystemServerTimingAsync: ssm.onStartUser-0_com.android.server.compat.overrides.AppCompatOverridesService$Lifecycle
04-01 08:46:42.398 617 617 V SystemServerTimingAsync: ssm.onStartUser-0_com.android.server.compat.overrides.AppCompatOverridesService$Lifecycle took to complete: 0ms
04-01 08:46:42.398 846 875 V WindowManagerShell: UNKNOWN MESSAGE (-8211191618626308882) DefaultTransitionHandler 40
04-01 08:46:42.399 617 617 D SystemServerTimingAsync: ssm.onStartUser-0_com.android.server.healthconnect.HealthConnectManagerService
04-01 08:46:42.399 617 617 V SystemServerTimingAsync: ssm.onStartUser-0_com.android.server.healthconnect.HealthConnectManagerService took to complete: 0ms
04-01 08:46:42.399 617 617 D SystemServerTimingAsync: ssm.onStartUser-0_com.android.server.devicelock.DeviceLockService
04-01 08:46:42.399 617 617 V SystemServerTimingAsync: ssm.onStartUser-0_com.android.server.devicelock.DeviceLockService took to complete: 0ms
04-01 08:46:42.399 617 617 D SystemServerTimingAsync: ssm.onStartUser-0_com.android.server.SensitiveContentProtectionManagerService
04-01 08:46:42.399 617 617 V SystemServerTimingAsync: ssm.onStartUser-0_com.android.server.SensitiveContentProtectionManagerService took to complete: 0ms
04-01 08:46:42.399 617 617 V SystemServerTimingAsync: ssm.StartUser-0 took to complete: 236ms
04-01 08:46:42.400 617 728 I InputReader: Reconfiguring input devices, changes=KEY_REMAPPING
04-01 08:46:42.400 617 617 D SystemServerTiming: startPersistentApps
04-01 08:46:42.400 846 875 V WindowManagerShell: UNKNOWN MESSAGE (1169202424525373405) Transitions extra_shell_shell_transitions
04-01 08:46:42.403 533 589 I Codec2InfoBuilder: adding type 'video/avc'
04-01 08:46:42.408 617 662 D StatsPullAtomService: ENABLE_MOBILE_DATA_STATS_AGGREGATED_PULLER = true
04-01 08:46:42.410 909 909 I WebViewZygoteInit: Beginning application preload for com.android.webview
04-01 08:46:42.411 909 909 D ApplicationLoaders: Returning zygote-cached class loader: /system_ext/framework/androidx.window.extensions.jar
04-01 08:46:42.414 617 662 D CountryDetector: Using custom country detector class: com.android.server.location.ComprehensiveCountryDetector
04-01 08:46:42.415 617 662 E CountryDetector: Could not instantiate the custom country detector class
04-01 08:46:42.417 617 647 V WindowManager: Registering transition player android.os.BinderProxy@4491aa0
04-01 08:46:42.419 617 617 V GrammaticalInflectionUtils: AttributionSource: AttributionSource { uid = 1068, packageName = null, attributionTag = null, token = android.os.Binder@b163f50, deviceId = 0, next = null } does not have READ_SYSTEM_GRAMMATICAL_GENDER permission.
04-01 08:46:42.419 846 875 V WindowManagerShell: UNKNOWN MESSAGE (-7021501875761171703) transitions Transitions
04-01 08:46:42.419 846 875 V WindowManagerShell: UNKNOWN MESSAGE (5564691995529851186) Transitions
04-01 08:46:42.419 846 875 V WindowManagerShell: UNKNOWN MESSAGE (-8211191618626308882) Transitions 21
04-01 08:46:42.419 846 875 V WindowManagerShell: UNKNOWN MESSAGE (1169202424525373405) DragAndDropController extra_shell_drag_and_drop
04-01 08:46:42.419 846 875 V WindowManagerShell: UNKNOWN MESSAGE (5564691995529851186) DragAndDropController
04-01 08:46:42.420 846 875 V ShellDragAndDrop: Registering unhandled drag listener
04-01 08:46:42.422 536 883 D C2SoftAvcEnc: Given level 0 does not cover current configuration: adjusting to 5000
04-01 08:46:42.426 617 662 D CountryDetector: Using default country detector
04-01 08:46:42.426 617 617 D CompatChangeReporter: Compat change id reported: 151861875; UID 1068; state: ENABLED
04-01 08:46:42.427 476 476 I ComponentStore: createInterface(): Invalid component name: c2.android.flac.decoder
04-01 08:46:42.430 846 875 V WindowManagerShell: UNKNOWN MESSAGE (-8211191618626308882) DragAndDropController 11
04-01 08:46:42.437 533 589 I Codec2InfoBuilder: adding type 'audio/flac'
04-01 08:46:42.445 476 476 I ComponentStore: createInterface(): Invalid component name: c2.android.flac.encoder
04-01 08:46:42.447 458 458 D Zygote : Forked child process 938
04-01 08:46:42.452 533 589 I Codec2InfoBuilder: adding type 'audio/flac'
04-01 08:46:42.455 617 617 V SystemServerTiming: startPersistentApps took to complete: 55ms
04-01 08:46:42.457 476 476 I ComponentStore: createInterface(): Invalid component name: c2.android.g711.alaw.decoder
04-01 08:46:42.457 455 483 I netd : tetherGetStats() -> {[]} <6.37ms>
04-01 08:46:42.462 909 909 D nativeloader: InitLlndkLibrariesProduct: libEGL.so:libGLESv1_CM.so:libGLESv2.so:libGLESv3.so:libRS.so:libandroid_net.so:libapexsupport.so:libbinder_ndk.so:libc.so:libcgrouprc.so:libclang_rt.asan-aarch64-android.so:libclang_rt.hwasan-aarch64-android.so:libcom.android.tethering.connectivity_native.so:libdl.so:libft2.so:liblog.so:libm.so:libmediandk.so:libnativewindow.so:libneuralnetworks.so:libselinux.so:libsync.so:libvendorsupport.so:libvndksupport.so:libvulkan.so
04-01 08:46:42.462 909 909 D nativeloader: Configuring product-clns-7 for unbundled product apk /system/product/app/webview/webview.apk. target_sdk_version=34, uses_libraries=, library_path=/system/product/app/webview/lib/arm64:/system/product/app/webview/webview.apk!/lib/arm64-v8a:/product/lib64:/system/product/lib64, permitted_path=/data:/mnt/expand:/product/lib64:/system/product/lib64
04-01 08:46:42.466 533 589 I Codec2InfoBuilder: adding type 'audio/g711-alaw'
04-01 08:46:42.466 617 617 D SystemServerTiming: startHomeOnAllDisplays
04-01 08:46:42.468 476 476 I ComponentStore: createInterface(): Invalid component name: c2.android.g711.mlaw.decoder
04-01 08:46:42.470 909 909 D nativeloader: InitVndkspLibrariesProduct: VNDK is deprecated with product
04-01 08:46:42.476 533 589 I Codec2InfoBuilder: adding type 'audio/g711-mlaw'
04-01 08:46:42.478 476 476 I ComponentStore: createInterface(): Invalid component name: c2.android.gsm.decoder
04-01 08:46:42.479 617 617 W ActivityTaskManager: callingPackage for (uid=-1, pid=0) has no WPC
04-01 08:46:42.483 533 589 D Codec2InfoBuilder: codec entry for 'c2.android.gsm.decoder' is disabled
04-01 08:46:42.484 476 476 I ComponentStore: createInterface(): Invalid component name: c2.android.h263.decoder
04-01 08:46:42.495 455 483 I netd : tetherGetStats() -> {[]} <2.43ms>
04-01 08:46:42.497 938 938 I rkstack.process: Using CollectorTypeCMC GC.
04-01 08:46:42.498 533 589 I Codec2InfoBuilder: adding type 'video/3gpp'
04-01 08:46:42.505 617 617 D CompatChangeReporter: Compat change id reported: 151861875; UID 1000; state: ENABLED
04-01 08:46:42.510 938 938 E rkstack.process: Not starting debugger since process cannot load the jdwp agent.
04-01 08:46:42.519 476 476 I ComponentStore: createInterface(): Invalid component name: c2.android.h263.encoder
04-01 08:46:42.522 536 883 D C2SoftH263Enc: Given level 3004 does not cover current configuration: adjusting to 3003
04-01 08:46:42.527 617 617 W OptProp : Cannot read opt property android.window.PROPERTY_COMPAT_ALLOW_MIN_ASPECT_RATIO_OVERRIDE
04-01 08:46:42.528 938 938 D nativeloader: Load libframework-connectivity-tiramisu-jni.so using APEX ns com_android_tethering for caller /apex/com.android.tethering/javalib/framework-connectivity-t.jar: ok
04-01 08:46:42.531 536 883 D C2SoftH263Enc: Given level 3004 does not cover current configuration: adjusting to 3003
04-01 08:46:42.531 617 617 D CompatChangeReporter: Compat change id reported: 306666082; UID 1000; state: ENABLED
04-01 08:46:42.533 533 589 I Codec2InfoBuilder: adding type 'video/3gpp'
04-01 08:46:42.534 536 577 D C2SoftH263Enc: Given level 0 does not cover current configuration: adjusting to 3003
04-01 08:46:42.536 476 476 I ComponentStore: createInterface(): Invalid component name: c2.android.hevc.decoder
04-01 08:46:42.540 909 909 D nativeloader: Load /system/product/app/webview/webview.apk!/lib/arm64-v8a/libwebviewchromium.so using ns product-clns-7 from class loader (caller=/product/app/webview/webview.apk): ok
04-01 08:46:42.544 533 589 I Codec2InfoBuilder: adding type 'video/hevc'
04-01 08:46:42.546 617 617 E CellBroadcastUtils: getDefaultCellBroadcastReceiverPackageName: no package found
04-01 08:46:42.547 476 476 I ComponentStore: createInterface(): Invalid component name: c2.android.hevc.encoder
04-01 08:46:42.551 536 889 I mediaswcodec: missing struct descriptor #Param::CoreIndex(--004) for field values of struct #Param::CoreIndex(F-12004)
04-01 08:46:42.553 536 889 I mediaswcodec: missing struct descriptor #Param::CoreIndex(--1812) for field values of struct #Param::CoreIndex(F-11812)
04-01 08:46:42.554 536 889 I mediaswcodec: missing struct descriptor #Param::CoreIndex(--004) for field values of struct #Param::CoreIndex(F-12004)
04-01 08:46:42.555 536 889 I mediaswcodec: missing struct descriptor #Param::CoreIndex(--1812) for field values of struct #Param::CoreIndex(F-11812)
04-01 08:46:42.557 533 589 I Codec2InfoBuilder: adding type 'video/hevc'
04-01 08:46:42.559 536 889 D C2SoftHevcEnc: Given level 0 does not cover current configuration: adjusting to 6000
04-01 08:46:42.561 617 617 W OptProp : Cannot read opt property android.window.PROPERTY_COMPAT_ALLOW_ORIENTATION_OVERRIDE
04-01 08:46:42.562 476 476 I ComponentStore: createInterface(): Invalid component name: c2.android.mp3.decoder
04-01 08:46:42.568 846 937 D allDisplayEvents: newValue: Changed(displayId=0)
04-01 08:46:42.568 533 589 I Codec2InfoBuilder: adding type 'audio/mpeg'
04-01 08:46:42.572 489 489 I android.hardware.power-service.example: Power isModeSupported: 5
04-01 08:46:42.575 476 476 I ComponentStore: createInterface(): Invalid component name: c2.android.mpeg2.decoder
04-01 08:46:42.580 533 589 D Codec2InfoBuilder: codec entry for 'c2.android.mpeg2.decoder' is disabled
04-01 08:46:42.581 476 476 I ComponentStore: createInterface(): Invalid component name: c2.android.mpeg4.decoder
