04-01 08:46:40.335 617 617 D SystemServerTiming: OnBootPhase_480_com.android.server.display.DisplayManagerService
04-01 08:46:40.335 617 617 V SystemServerTiming: OnBootPhase_480_com.android.server.display.DisplayManagerService took to complete: 0ms
04-01 08:46:40.335 617 617 D SystemServerTiming: OnBootPhase_480_com.android.server.pm.verify.domain.DomainVerificationService
04-01 08:46:40.335 617 617 V SystemServerTiming: OnBootPhase_480_com.android.server.pm.verify.domain.DomainVerificationService took to complete: 0ms
04-01 08:46:40.335 617 617 D SystemServerTiming: OnBootPhase_480_com.android.server.pm.PackageInstallerService$Lifecycle
04-01 08:46:40.336 617 617 V SystemServerTiming: OnBootPhase_480_com.android.server.pm.PackageInstallerService$Lifecycle took to complete: 0ms
04-01 08:46:40.336 617 617 D SystemServerTiming: OnBootPhase_480_com.android.server.pm.UserManagerService$LifeCycle
04-01 08:46:40.336 617 617 V SystemServerTiming: OnBootPhase_480_com.android.server.pm.UserManagerService$LifeCycle took to complete: 0ms
04-01 08:46:40.336 617 617 D SystemServerTiming: OnBootPhase_480_com.android.server.om.OverlayManagerService
04-01 08:46:40.336 617 617 V SystemServerTiming: OnBootPhase_480_com.android.server.om.OverlayManagerService took to complete: 0ms
04-01 08:46:40.336 617 617 D SystemServerTiming: OnBootPhase_480_com.android.server.resources.ResourcesManagerService
04-01 08:46:40.336 617 617 V SystemServerTiming: OnBootPhase_480_com.android.server.resources.ResourcesManagerService took to complete: 0ms
04-01 08:46:40.336 617 617 D SystemServerTiming: OnBootPhase_480_com.android.server.sensorprivacy.SensorPrivacyService
04-01 08:46:40.336 617 617 V SystemServerTiming: OnBootPhase_480_com.android.server.sensorprivacy.SensorPrivacyService took to complete: 0ms
04-01 08:46:40.336 617 617 D SystemServerTiming: OnBootPhase_480_com.android.server.sensors.SensorService
04-01 08:46:40.336 617 617 V SystemServerTiming: OnBootPhase_480_com.android.server.sensors.SensorService took to complete: 0ms
04-01 08:46:40.336 617 617 D SystemServerTiming: OnBootPhase_480_com.android.server.SystemConfigService
04-01 08:46:40.336 617 617 V SystemServerTiming: OnBootPhase_480_com.android.server.SystemConfigService took to complete: 0ms
04-01 08:46:40.336 617 617 D SystemServerTiming: OnBootPhase_480_com.android.server.BatteryService
04-01 08:46:40.336 617 617 V SystemServerTiming: OnBootPhase_480_com.android.server.BatteryService took to complete: 0ms
04-01 08:46:40.336 617 617 D SystemServerTiming: OnBootPhase_480_com.android.server.usage.UsageStatsService
04-01 08:46:40.336 617 617 V SystemServerTiming: OnBootPhase_480_com.android.server.usage.UsageStatsService took to complete: 0ms
04-01 08:46:40.336 617 617 D SystemServerTiming: OnBootPhase_480_com.android.server.webkit.WebViewUpdateService
04-01 08:46:40.336 617 617 V SystemServerTiming: OnBootPhase_480_com.android.server.webkit.WebViewUpdateService took to complete: 0ms
04-01 08:46:40.336 617 617 D SystemServerTiming: OnBootPhase_480_com.android.server.CachedDeviceStateService
04-01 08:46:40.336 617 617 V SystemServerTiming: OnBootPhase_480_com.android.server.CachedDeviceStateService took to complete: 0ms
04-01 08:46:40.336 617 617 D SystemServerTiming: OnBootPhase_480_com.android.server.BinderCallsStatsService$LifeCycle
04-01 08:46:40.336 617 617 V SystemServerTiming: OnBootPhase_480_com.android.server.BinderCallsStatsService$LifeCycle took to complete: 0ms
04-01 08:46:40.336 617 617 D SystemServerTiming: OnBootPhase_480_com.android.server.LooperStatsService$Lifecycle
04-01 08:46:40.336 617 617 V SystemServerTiming: OnBootPhase_480_com.android.server.LooperStatsService$Lifecycle took to complete: 0ms
04-01 08:46:40.336 617 617 D SystemServerTiming: OnBootPhase_480_com.android.server.rollback.RollbackManagerService
04-01 08:46:40.336 617 617 V SystemServerTiming: OnBootPhase_480_com.android.server.rollback.RollbackManagerService took to complete: 0ms
04-01 08:46:40.336 617 617 D SystemServerTiming: OnBootPhase_480_com.android.server.os.NativeTombstoneManagerService
04-01 08:46:40.336 617 617 V SystemServerTiming: OnBootPhase_480_com.android.server.os.NativeTombstoneManagerService took to complete: 0ms
04-01 08:46:40.336 617 617 D SystemServerTiming: OnBootPhase_480_com.android.server.os.BugreportManagerService
04-01 08:46:40.336 617 617 V SystemServerTiming: OnBootPhase_480_com.android.server.os.BugreportManagerService took to complete: 0ms
04-01 08:46:40.336 617 617 D SystemServerTiming: OnBootPhase_480_com.android.server.gpu.GpuService
04-01 08:46:40.336 617 617 V SystemServerTiming: OnBootPhase_480_com.android.server.gpu.GpuService took to complete: 0ms
04-01 08:46:40.337 617 617 D SystemServerTiming: OnBootPhase_480_com.android.server.security.rkp.RemoteProvisioningService
04-01 08:46:40.337 617 617 V SystemServerTiming: OnBootPhase_480_com.android.server.security.rkp.RemoteProvisioningService took to complete: 0ms
04-01 08:46:40.337 617 617 D SystemServerTiming: OnBootPhase_480_com.android.server.cpu.CpuMonitorService
04-01 08:46:40.337 617 617 V SystemServerTiming: OnBootPhase_480_com.android.server.cpu.CpuMonitorService took to complete: 0ms
04-01 08:46:40.337 617 617 D SystemServerTiming: OnBootPhase_480_com.android.server.security.KeyChainSystemService
04-01 08:46:40.337 617 617 V SystemServerTiming: OnBootPhase_480_com.android.server.security.KeyChainSystemService took to complete: 0ms
04-01 08:46:40.337 617 617 D SystemServerTiming: OnBootPhase_480_com.android.server.BinaryTransparencyService
04-01 08:46:40.337 617 617 V SystemServerTiming: OnBootPhase_480_com.android.server.BinaryTransparencyService took to complete: 0ms
04-01 08:46:40.337 617 617 D SystemServerTiming: OnBootPhase_480_com.android.server.accounts.AccountManagerService$Lifecycle
04-01 08:46:40.337 617 617 V SystemServerTiming: OnBootPhase_480_com.android.server.accounts.AccountManagerService$Lifecycle took to complete: 0ms
04-01 08:46:40.337 617 617 D SystemServerTiming: OnBootPhase_480_com.android.server.content.ContentService$Lifecycle
04-01 08:46:40.337 617 617 V SystemServerTiming: OnBootPhase_480_com.android.server.content.ContentService$Lifecycle took to complete: 0ms
04-01 08:46:40.337 617 617 D SystemServerTiming: OnBootPhase_480_com.android.server.deviceconfig.DeviceConfigInit$Lifecycle
04-01 08:46:40.337 617 617 V SystemServerTiming: OnBootPhase_480_com.android.server.deviceconfig.DeviceConfigInit$Lifecycle took to complete: 0ms
04-01 08:46:40.337 617 617 D SystemServerTiming: OnBootPhase_480_com.android.server.DropBoxManagerService
04-01 08:46:40.337 617 617 V SystemServerTiming: OnBootPhase_480_com.android.server.DropBoxManagerService took to complete: 0ms
04-01 08:46:40.337 617 617 D SystemServerTiming: OnBootPhase_480_com.android.ecm.EnhancedConfirmationService
04-01 08:46:40.337 617 617 V SystemServerTiming: OnBootPhase_480_com.android.ecm.EnhancedConfirmationService took to complete: 0ms
04-01 08:46:40.337 617 617 D SystemServerTiming: OnBootPhase_480_com.android.server.power.hint.HintManagerService
04-01 08:46:40.337 617 617 V SystemServerTiming: OnBootPhase_480_com.android.server.power.hint.HintManagerService took to complete: 0ms
04-01 08:46:40.337 617 617 D SystemServerTiming: OnBootPhase_480_com.android.role.RoleService
04-01 08:46:40.337 617 617 V SystemServerTiming: OnBootPhase_480_com.android.role.RoleService took to complete: 0ms
04-01 08:46:40.337 617 617 D SystemServerTiming: OnBootPhase_480_com.android.server.vibrator.VibratorManagerService$Lifecycle
04-01 08:46:40.337 617 617 V SystemServerTiming: OnBootPhase_480_com.android.server.vibrator.VibratorManagerService$Lifecycle took to complete: 0ms
04-01 08:46:40.337 617 617 D SystemServerTiming: OnBootPhase_480_com.android.server.alarm.AlarmManagerService
04-01 08:46:40.337 617 617 V SystemServerTiming: OnBootPhase_480_com.android.server.alarm.AlarmManagerService took to complete: 0ms
04-01 08:46:40.337 617 617 D SystemServerTiming: OnBootPhase_480_com.android.server.devicestate.DeviceStateManagerService
04-01 08:46:40.337 617 617 V SystemServerTiming: OnBootPhase_480_com.android.server.devicestate.DeviceStateManagerService took to complete: 0ms
04-01 08:46:40.337 617 617 D SystemServerTiming: OnBootPhase_480_com.android.server.camera.CameraServiceProxy
04-01 08:46:40.337 617 617 V SystemServerTiming: OnBootPhase_480_com.android.server.camera.CameraServiceProxy took to complete: 0ms
04-01 08:46:40.337 617 617 D SystemServerTiming: OnBootPhase_480_com.android.server.connectivity.IpConnectivityMetrics
04-01 08:46:40.337 617 617 V SystemServerTiming: OnBootPhase_480_com.android.server.connectivity.IpConnectivityMetrics took to complete: 0ms
04-01 08:46:40.337 617 617 D SystemServerTiming: OnBootPhase_480_com.android.server.net.watchlist.NetworkWatchlistService$Lifecycle
04-01 08:46:40.337 617 617 V SystemServerTiming: OnBootPhase_480_com.android.server.net.watchlist.NetworkWatchlistService$Lifecycle took to complete: 0ms
04-01 08:46:40.337 617 617 D SystemServerTiming: OnBootPhase_480_com.android.server.PinnerService
04-01 08:46:40.337 617 617 V SystemServerTiming: OnBootPhase_480_com.android.server.PinnerService took to complete: 0ms
04-01 08:46:40.337 617 617 D SystemServerTiming: OnBootPhase_480_com.android.server.integrity.AppIntegrityManagerService
04-01 08:46:40.337 617 617 V SystemServerTiming: OnBootPhase_480_com.android.server.integrity.AppIntegrityManagerService took to complete: 0ms
04-01 08:46:40.337 617 617 D SystemServerTiming: OnBootPhase_480_com.android.server.logcat.LogcatManagerService
04-01 08:46:40.337 617 617 V SystemServerTiming: OnBootPhase_480_com.android.server.logcat.LogcatManagerService took to complete: 0ms
04-01 08:46:40.337 617 617 D SystemServerTiming: OnBootPhase_480_com.android.server.inputmethod.InputMethodManagerService$Lifecycle
04-01 08:46:40.337 617 617 V SystemServerTiming: OnBootPhase_480_com.android.server.inputmethod.InputMethodManagerService$Lifecycle took to complete: 0ms
04-01 08:46:40.337 617 617 D SystemServerTiming: OnBootPhase_480_com.android.server.accessibility.AccessibilityManagerService$Lifecycle
04-01 08:46:40.337 617 617 V SystemServerTiming: OnBootPhase_480_com.android.server.accessibility.AccessibilityManagerService$Lifecycle took to complete: 0ms
04-01 08:46:40.338 617 617 D SystemServerTiming: OnBootPhase_480_com.android.server.StorageManagerService$Lifecycle
04-01 08:46:40.338 617 617 V SystemServerTiming: OnBootPhase_480_com.android.server.StorageManagerService$Lifecycle took to complete: 0ms
04-01 08:46:40.338 617 617 D SystemServerTiming: OnBootPhase_480_com.android.server.usage.StorageStatsService$Lifecycle
04-01 08:46:40.338 617 617 V SystemServerTiming: OnBootPhase_480_com.android.server.usage.StorageStatsService$Lifecycle took to complete: 0ms
04-01 08:46:40.338 617 617 D SystemServerTiming: OnBootPhase_480_com.android.server.UiModeManagerService
04-01 08:46:40.338 617 617 V SystemServerTiming: OnBootPhase_480_com.android.server.UiModeManagerService took to complete: 0ms
04-01 08:46:40.338 617 617 D SystemServerTiming: OnBootPhase_480_com.android.server.locales.LocaleManagerService
04-01 08:46:40.338 617 617 V SystemServerTiming: OnBootPhase_480_com.android.server.locales.LocaleManagerService took to complete: 0ms
04-01 08:46:40.338 617 617 D SystemServerTiming: OnBootPhase_480_com.android.server.grammaticalinflection.GrammaticalInflectionService
04-01 08:46:40.338 617 617 V SystemServerTiming: OnBootPhase_480_com.android.server.grammaticalinflection.GrammaticalInflectionService took to complete: 0ms
04-01 08:46:40.338 617 617 D SystemServerTiming: OnBootPhase_480_com.android.server.apphibernation.AppHibernationService
04-01 08:46:40.338 617 617 V SystemServerTiming: OnBootPhase_480_com.android.server.apphibernation.AppHibernationService took to complete: 0ms
04-01 08:46:40.338 617 617 D SystemServerTiming: OnBootPhase_480_com.android.server.locksettings.LockSettingsService$Lifecycle
04-01 08:46:40.338 617 617 V SystemServerTiming: OnBootPhase_480_com.android.server.locksettings.LockSettingsService$Lifecycle took to complete: 0ms
04-01 08:46:40.338 617 617 D SystemServerTiming: OnBootPhase_480_com.android.server.pdb.PersistentDataBlockService
04-01 08:46:40.338 617 617 V SystemServerTiming: OnBootPhase_480_com.android.server.pdb.PersistentDataBlockService took to complete: 0ms
04-01 08:46:40.338 617 617 D SystemServerTiming: OnBootPhase_480_com.android.server.testharness.TestHarnessModeService
04-01 08:46:40.338 617 617 V SystemServerTiming: OnBootPhase_480_com.android.server.testharness.TestHarnessModeService took to complete: 0ms
04-01 08:46:40.338 617 617 D SystemServerTiming: OnBootPhase_480_com.android.server.oemlock.OemLockService
04-01 08:46:40.338 617 617 V SystemServerTiming: OnBootPhase_480_com.android.server.oemlock.OemLockService took to complete: 0ms
04-01 08:46:40.338 617 617 D SystemServerTiming: OnBootPhase_480_com.android.server.DeviceIdleController
04-01 08:46:40.338 617 617 V SystemServerTiming: OnBootPhase_480_com.android.server.DeviceIdleController took to complete: 0ms
04-01 08:46:40.338 617 617 D SystemServerTiming: OnBootPhase_480_com.android.server.devicepolicy.DevicePolicyManagerService$Lifecycle
04-01 08:46:40.362 617 617 V SystemServerTiming: OnBootPhase_480_com.android.server.devicepolicy.DevicePolicyManagerService$Lifecycle took to complete: 24ms
04-01 08:46:40.363 617 659 D SystemServerTimingAsync: InitThreadPoolExec:DevicePolicyManager
04-01 08:46:40.363 617 659 D SystemServerInitThreadPool: Started executing DevicePolicyManager
04-01 08:46:40.363 617 617 D SystemServerTiming: OnBootPhase_480_com.android.server.texttospeech.TextToSpeechManagerService
04-01 08:46:40.363 617 617 V SystemServerTiming: OnBootPhase_480_com.android.server.texttospeech.TextToSpeechManagerService took to complete: 0ms
04-01 08:46:40.363 617 617 D SystemServerTiming: OnBootPhase_480_com.android.server.wearable.WearableSensingManagerService
04-01 08:46:40.363 617 617 V SystemServerTiming: OnBootPhase_480_com.android.server.wearable.WearableSensingManagerService took to complete: 0ms
04-01 08:46:40.363 617 617 D SystemServerTiming: OnBootPhase_480_com.android.server.ondeviceintelligence.OnDeviceIntelligenceManagerService
04-01 08:46:40.363 617 659 D SystemServerInitThreadPool: Finished executing DevicePolicyManager
04-01 08:46:40.363 617 659 V SystemServerTimingAsync: InitThreadPoolExec:DevicePolicyManager took to complete: 0ms
04-01 08:46:40.363 617 617 V SystemServerTiming: OnBootPhase_480_com.android.server.ondeviceintelligence.OnDeviceIntelligenceManagerService took to complete: 0ms
04-01 08:46:40.364 617 617 D SystemServerTiming: OnBootPhase_480_com.android.server.speech.SpeechRecognitionManagerService
04-01 08:46:40.364 617 617 V SystemServerTiming: OnBootPhase_480_com.android.server.speech.SpeechRecognitionManagerService took to complete: 0ms
04-01 08:46:40.364 617 617 D SystemServerTiming: OnBootPhase_480_com.android.server.graphics.fonts.FontManagerService$Lifecycle
04-01 08:46:40.364 617 617 V SystemServerTiming: OnBootPhase_480_com.android.server.graphics.fonts.FontManagerService$Lifecycle took to complete: 0ms
04-01 08:46:40.364 617 617 D SystemServerTiming: OnBootPhase_480_com.android.server.textservices.TextServicesManagerService$Lifecycle
04-01 08:46:40.364 617 617 V SystemServerTiming: OnBootPhase_480_com.android.server.textservices.TextServicesManagerService$Lifecycle took to complete: 0ms
04-01 08:46:40.364 617 617 D SystemServerTiming: OnBootPhase_480_com.android.server.textclassifier.TextClassificationManagerService$Lifecycle
04-01 08:46:40.365 617 617 V SystemServerTiming: OnBootPhase_480_com.android.server.textclassifier.TextClassificationManagerService$Lifecycle took to complete: 0ms
04-01 08:46:40.365 617 617 D SystemServerTiming: OnBootPhase_480_com.android.server.NetworkScoreService$Lifecycle
04-01 08:46:40.365 617 617 V SystemServerTiming: OnBootPhase_480_com.android.server.NetworkScoreService$Lifecycle took to complete: 0ms
04-01 08:46:40.365 617 617 D SystemServerTiming: OnBootPhase_480_com.android.server.NetworkStatsServiceInitializer
04-01 08:46:40.365 617 617 V SystemServerTiming: OnBootPhase_480_com.android.server.NetworkStatsServiceInitializer took to complete: 0ms
04-01 08:46:40.365 617 617 D SystemServerTiming: OnBootPhase_480_com.android.server.wifi.WifiService
04-01 08:46:40.365 617 617 V SystemServerTiming: OnBootPhase_480_com.android.server.wifi.WifiService took to complete: 0ms
04-01 08:46:40.365 617 617 D SystemServerTiming: OnBootPhase_480_com.android.server.wifi.scanner.WifiScanningService
04-01 08:46:40.365 617 617 V SystemServerTiming: OnBootPhase_480_com.android.server.wifi.scanner.WifiScanningService took to complete: 0ms
04-01 08:46:40.365 617 617 D SystemServerTiming: OnBootPhase_480_com.android.server.wifi.p2p.WifiP2pService
04-01 08:46:40.365 617 617 V SystemServerTiming: OnBootPhase_480_com.android.server.wifi.p2p.WifiP2pService took to complete: 0ms
04-01 08:46:40.365 617 617 D SystemServerTiming: OnBootPhase_480_com.android.server.ConnectivityServiceInitializer
04-01 08:46:40.365 617 617 V SystemServerTiming: OnBootPhase_480_com.android.server.ConnectivityServiceInitializer took to complete: 0ms
04-01 08:46:40.365 617 617 D SystemServerTiming: OnBootPhase_480_com.android.server.notification.NotificationManagerService
04-01 08:46:40.365 617 617 V SystemServerTiming: OnBootPhase_480_com.android.server.notification.NotificationManagerService took to complete: 0ms
04-01 08:46:40.365 617 617 D SystemServerTiming: OnBootPhase_480_com.android.server.storage.DeviceStorageMonitorService
04-01 08:46:40.365 617 617 V SystemServerTiming: OnBootPhase_480_com.android.server.storage.DeviceStorageMonitorService took to complete: 0ms
04-01 08:46:40.365 617 617 D SystemServerTiming: OnBootPhase_480_com.android.server.timedetector.TimeDetectorService$Lifecycle
04-01 08:46:40.365 617 617 V SystemServerTiming: OnBootPhase_480_com.android.server.timedetector.TimeDetectorService$Lifecycle took to complete: 0ms
04-01 08:46:40.365 617 617 D SystemServerTiming: OnBootPhase_480_com.android.server.location.LocationManagerService$Lifecycle
04-01 08:46:40.365 617 617 V SystemServerTiming: OnBootPhase_480_com.android.server.location.LocationManagerService$Lifecycle took to complete: 0ms
04-01 08:46:40.365 617 617 D SystemServerTiming: OnBootPhase_480_com.android.server.timezonedetector.TimeZoneDetectorService$Lifecycle
04-01 08:46:40.365 617 617 V SystemServerTiming: OnBootPhase_480_com.android.server.timezonedetector.TimeZoneDetectorService$Lifecycle took to complete: 0ms
04-01 08:46:40.365 617 617 D SystemServerTiming: OnBootPhase_480_com.android.server.location.altitude.AltitudeService$Lifecycle
04-01 08:46:40.365 617 617 V SystemServerTiming: OnBootPhase_480_com.android.server.location.altitude.AltitudeService$Lifecycle took to complete: 0ms
04-01 08:46:40.365 617 617 D SystemServerTiming: OnBootPhase_480_com.android.server.timezonedetector.location.LocationTimeZoneManagerService$Lifecycle
04-01 08:46:40.365 617 617 V SystemServerTiming: OnBootPhase_480_com.android.server.timezonedetector.location.LocationTimeZoneManagerService$Lifecycle took to complete: 0ms
04-01 08:46:40.365 617 617 D SystemServerTiming: OnBootPhase_480_com.android.server.search.SearchManagerService$Lifecycle
04-01 08:46:40.365 617 617 V SystemServerTiming: OnBootPhase_480_com.android.server.search.SearchManagerService$Lifecycle took to complete: 0ms
04-01 08:46:40.365 617 617 D SystemServerTiming: OnBootPhase_480_com.android.server.wallpaper.WallpaperManagerService$Lifecycle
04-01 08:46:40.367 617 617 V SystemServerTiming: OnBootPhase_480_com.android.server.wallpaper.WallpaperManagerService$Lifecycle took to complete: 1ms
04-01 08:46:40.367 617 617 D SystemServerTiming: OnBootPhase_480_com.android.server.audio.AudioService$Lifecycle
04-01 08:46:40.367 617 617 V SystemServerTiming: OnBootPhase_480_com.android.server.audio.AudioService$Lifecycle took to complete: 0ms
04-01 08:46:40.367 617 617 D SystemServerTiming: OnBootPhase_480_com.android.server.soundtrigger_middleware.SoundTriggerMiddlewareService$Lifecycle
04-01 08:46:40.367 617 617 V SystemServerTiming: OnBootPhase_480_com.android.server.soundtrigger_middleware.SoundTriggerMiddlewareService$Lifecycle took to complete: 0ms
04-01 08:46:40.367 617 617 D SystemServerTiming: OnBootPhase_480_com.android.server.DockObserver
04-01 08:46:40.367 617 617 V SystemServerTiming: OnBootPhase_480_com.android.server.DockObserver took to complete: 0ms
04-01 08:46:40.367 617 617 D SystemServerTiming: OnBootPhase_480_com.android.server.adb.AdbService$Lifecycle
04-01 08:46:40.367 617 617 V SystemServerTiming: OnBootPhase_480_com.android.server.adb.AdbService$Lifecycle took to complete: 0ms
04-01 08:46:40.367 617 617 D SystemServerTiming: OnBootPhase_480_com.android.server.usb.UsbService$Lifecycle
04-01 08:46:40.367 617 617 V SystemServerTiming: OnBootPhase_480_com.android.server.usb.UsbService$Lifecycle took to complete: 0ms
04-01 08:46:40.367 617 617 D SystemServerTiming: OnBootPhase_480_com.android.server.SerialService$Lifecycle
04-01 08:46:40.367 617 617 V SystemServerTiming: OnBootPhase_480_com.android.server.SerialService$Lifecycle took to complete: 0ms
04-01 08:46:40.367 617 617 D SystemServerTiming: OnBootPhase_480_com.android.server.twilight.TwilightService
04-01 08:46:40.367 617 617 V SystemServerTiming: OnBootPhase_480_com.android.server.twilight.TwilightService took to complete: 0ms
04-01 08:46:40.367 617 617 D SystemServerTiming: OnBootPhase_480_com.android.server.display.color.ColorDisplayService
04-01 08:46:40.367 617 617 V SystemServerTiming: OnBootPhase_480_com.android.server.display.color.ColorDisplayService took to complete: 0ms
04-01 08:46:40.368 617 617 D SystemServerTiming: OnBootPhase_480_com.android.server.job.JobSchedulerService
04-01 08:46:40.368 617 617 V SystemServerTiming: OnBootPhase_480_com.android.server.job.JobSchedulerService took to complete: 0ms
04-01 08:46:40.368 617 617 D SystemServerTiming: OnBootPhase_480_com.android.server.soundtrigger.SoundTriggerService
04-01 08:46:40.368 617 617 D SoundTriggerService: onBootPhase: 480 : false
04-01 08:46:40.369 617 617 V SystemServerTiming: OnBootPhase_480_com.android.server.soundtrigger.SoundTriggerService took to complete: 1ms
04-01 08:46:40.369 617 617 D SystemServerTiming: OnBootPhase_480_com.android.server.trust.TrustManagerService
04-01 08:46:40.369 617 617 V SystemServerTiming: OnBootPhase_480_com.android.server.trust.TrustManagerService took to complete: 0ms
04-01 08:46:40.369 617 617 D SystemServerTiming: OnBootPhase_480_com.android.server.backup.BackupManagerService$Lifecycle
04-01 08:46:40.369 617 617 V SystemServerTiming: OnBootPhase_480_com.android.server.backup.BackupManagerService$Lifecycle took to complete: 0ms
04-01 08:46:40.369 617 617 D SystemServerTiming: OnBootPhase_480_com.android.server.appwidget.AppWidgetService
04-01 08:46:40.369 617 617 V SystemServerTiming: OnBootPhase_480_com.android.server.appwidget.AppWidgetService took to complete: 0ms
04-01 08:46:40.369 617 617 D SystemServerTiming: OnBootPhase_480_com.android.server.voiceinteraction.VoiceInteractionManagerService
04-01 08:46:40.369 617 617 V SystemServerTiming: OnBootPhase_480_com.android.server.voiceinteraction.VoiceInteractionManagerService took to complete: 0ms
04-01 08:46:40.369 617 617 D SystemServerTiming: OnBootPhase_480_com.android.server.GestureLauncherService
04-01 08:46:40.369 617 617 V SystemServerTiming: OnBootPhase_480_com.android.server.GestureLauncherService took to complete: 0ms
04-01 08:46:40.369 617 617 D SystemServerTiming: OnBootPhase_480_com.android.server.SensorNotificationService
04-01 08:46:40.369 617 617 V SystemServerTiming: OnBootPhase_480_com.android.server.SensorNotificationService took to complete: 0ms
04-01 08:46:40.369 617 617 D SystemServerTiming: OnBootPhase_480_com.android.server.emergency.EmergencyAffordanceService
04-01 08:46:40.369 617 617 V SystemServerTiming: OnBootPhase_480_com.android.server.emergency.EmergencyAffordanceService took to complete: 0ms
04-01 08:46:40.369 617 617 D SystemServerTiming: OnBootPhase_480_com.android.server.blob.BlobStoreManagerService
04-01 08:46:40.369 617 617 V SystemServerTiming: OnBootPhase_480_com.android.server.blob.BlobStoreManagerService took to complete: 0ms
04-01 08:46:40.369 617 617 D SystemServerTiming: OnBootPhase_480_com.android.server.dreams.DreamManagerService
04-01 08:46:40.369 617 617 V SystemServerTiming: OnBootPhase_480_com.android.server.dreams.DreamManagerService took to complete: 0ms
04-01 08:46:40.369 617 617 D SystemServerTiming: OnBootPhase_480_com.android.server.print.PrintManagerService
04-01 08:46:40.369 617 617 V SystemServerTiming: OnBootPhase_480_com.android.server.print.PrintManagerService took to complete: 0ms
04-01 08:46:40.369 617 617 D SystemServerTiming: OnBootPhase_480_com.android.server.security.AttestationVerificationManagerService
04-01 08:46:40.369 617 617 V SystemServerTiming: OnBootPhase_480_com.android.server.security.AttestationVerificationManagerService took to complete: 0ms
04-01 08:46:40.369 617 617 D SystemServerTiming: OnBootPhase_480_com.android.server.companion.CompanionDeviceManagerService
04-01 08:46:40.369 617 617 V SystemServerTiming: OnBootPhase_480_com.android.server.companion.CompanionDeviceManagerService took to complete: 0ms
04-01 08:46:40.369 617 617 D SystemServerTiming: OnBootPhase_480_com.android.server.companion.virtual.VirtualDeviceManagerService
04-01 08:46:40.369 617 617 V SystemServerTiming: OnBootPhase_480_com.android.server.companion.virtual.VirtualDeviceManagerService took to complete: 0ms
04-01 08:46:40.370 617 617 D SystemServerTiming: OnBootPhase_480_com.android.server.restrictions.RestrictionsManagerService
04-01 08:46:40.370 617 617 V SystemServerTiming: OnBootPhase_480_com.android.server.restrictions.RestrictionsManagerService took to complete: 0ms
04-01 08:46:40.370 617 617 D SystemServerTiming: OnBootPhase_480_com.android.server.media.MediaSessionService
04-01 08:46:40.370 617 617 V SystemServerTiming: OnBootPhase_480_com.android.server.media.MediaSessionService took to complete: 0ms
04-01 08:46:40.370 617 617 D SystemServerTiming: OnBootPhase_480_com.android.server.biometrics.BiometricService
04-01 08:46:40.370 617 617 V SystemServerTiming: OnBootPhase_480_com.android.server.biometrics.BiometricService took to complete: 0ms
04-01 08:46:40.370 617 617 D SystemServerTiming: OnBootPhase_480_com.android.server.biometrics.AuthService
04-01 08:46:40.370 617 617 V SystemServerTiming: OnBootPhase_480_com.android.server.biometrics.AuthService took to complete: 0ms
04-01 08:46:40.370 617 617 D SystemServerTiming: OnBootPhase_480_com.android.server.adaptiveauth.AdaptiveAuthService
04-01 08:46:40.370 617 617 V SystemServerTiming: OnBootPhase_480_com.android.server.adaptiveauth.AdaptiveAuthService took to complete: 0ms
04-01 08:46:40.370 617 617 D SystemServerTiming: OnBootPhase_480_com.android.server.pm.ShortcutService$Lifecycle
04-01 08:46:40.370 617 617 D ShortcutService: onBootPhase: 480
04-01 08:46:40.371 617 617 D ShortcutService: Loading from /data/system/shortcut_service.xml
04-01 08:46:40.375 617 617 V SystemServerTiming: OnBootPhase_480_com.android.server.pm.ShortcutService$Lifecycle took to complete: 5ms
04-01 08:46:40.375 617 617 D SystemServerTiming: OnBootPhase_480_com.android.server.pm.LauncherAppsService
04-01 08:46:40.375 617 617 V SystemServerTiming: OnBootPhase_480_com.android.server.pm.LauncherAppsService took to complete: 0ms
04-01 08:46:40.375 617 617 D SystemServerTiming: OnBootPhase_480_com.android.server.pm.CrossProfileAppsService
04-01 08:46:40.375 617 617 V SystemServerTiming: OnBootPhase_480_com.android.server.pm.CrossProfileAppsService took to complete: 0ms
04-01 08:46:40.375 617 617 D SystemServerTiming: OnBootPhase_480_com.android.server.people.PeopleService
04-01 08:46:40.375 617 617 V SystemServerTiming: OnBootPhase_480_com.android.server.people.PeopleService took to complete: 0ms
04-01 08:46:40.375 617 617 D SystemServerTiming: OnBootPhase_480_com.android.server.media.metrics.MediaMetricsManagerService
04-01 08:46:40.375 617 617 V SystemServerTiming: OnBootPhase_480_com.android.server.media.metrics.MediaMetricsManagerService took to complete: 0ms
04-01 08:46:40.375 617 617 D SystemServerTiming: OnBootPhase_480_com.android.server.pm.BackgroundInstallControlService
04-01 08:46:40.375 617 617 V SystemServerTiming: OnBootPhase_480_com.android.server.pm.BackgroundInstallControlService took to complete: 0ms
04-01 08:46:40.375 617 617 D SystemServerTiming: OnBootPhase_480_com.android.server.media.projection.MediaProjectionManagerService
04-01 08:46:40.375 617 617 V SystemServerTiming: OnBootPhase_480_com.android.server.media.projection.MediaProjectionManagerService took to complete: 0ms
04-01 08:46:40.375 617 617 D SystemServerTiming: OnBootPhase_480_com.android.server.slice.SliceManagerService$Lifecycle
04-01 08:46:40.375 617 617 V SystemServerTiming: OnBootPhase_480_com.android.server.slice.SliceManagerService$Lifecycle took to complete: 0ms
04-01 08:46:40.375 617 617 D SystemServerTiming: OnBootPhase_480_com.android.server.stats.StatsCompanion$Lifecycle
04-01 08:46:40.375 617 617 V SystemServerTiming: OnBootPhase_480_com.android.server.stats.StatsCompanion$Lifecycle took to complete: 0ms
04-01 08:46:40.375 617 617 D SystemServerTiming: OnBootPhase_480_com.android.server.scheduling.RebootReadinessManagerService$Lifecycle
04-01 08:46:40.375 617 617 V SystemServerTiming: OnBootPhase_480_com.android.server.scheduling.RebootReadinessManagerService$Lifecycle took to complete: 0ms
04-01 08:46:40.375 617 617 D SystemServerTiming: OnBootPhase_480_com.android.server.stats.pull.StatsPullAtomService
04-01 08:46:40.375 617 617 V SystemServerTiming: OnBootPhase_480_com.android.server.stats.pull.StatsPullAtomService took to complete: 0ms
04-01 08:46:40.375 617 617 D SystemServerTiming: OnBootPhase_480_com.android.server.stats.bootstrap.StatsBootstrapAtomService$Lifecycle
04-01 08:46:40.375 617 617 V SystemServerTiming: OnBootPhase_480_com.android.server.stats.bootstrap.StatsBootstrapAtomService$Lifecycle took to complete: 0ms
04-01 08:46:40.375 617 617 D SystemServerTiming: OnBootPhase_480_com.android.server.incident.IncidentCompanionService
04-01 08:46:40.375 617 617 V SystemServerTiming: OnBootPhase_480_com.android.server.incident.IncidentCompanionService took to complete: 0ms
04-01 08:46:40.375 617 617 D SystemServerTiming: OnBootPhase_480_com.android.server.sdksandbox.SdkSandboxManagerService$Lifecycle
04-01 08:46:40.375 617 617 V SystemServerTiming: OnBootPhase_480_com.android.server.sdksandbox.SdkSandboxManagerService$Lifecycle took to complete: 0ms
04-01 08:46:40.375 617 617 D SystemServerTiming: OnBootPhase_480_com.android.server.adservices.AdServicesManagerService$Lifecycle
04-01 08:46:40.376 617 617 V SystemServerTiming: OnBootPhase_480_com.android.server.adservices.AdServicesManagerService$Lifecycle took to complete: 0ms
04-01 08:46:40.376 617 617 D SystemServerTiming: OnBootPhase_480_com.android.server.ondevicepersonalization.OnDevicePersonalizationSystemService$Lifecycle
04-01 08:46:40.376 617 617 V SystemServerTiming: OnBootPhase_480_com.android.server.ondevicepersonalization.OnDevicePersonalizationSystemService$Lifecycle took to complete: 0ms
04-01 08:46:40.376 617 617 D SystemServerTiming: OnBootPhase_480_android.os.profiling.ProfilingService$Lifecycle
04-01 08:46:40.376 617 617 V SystemServerTiming: OnBootPhase_480_android.os.profiling.ProfilingService$Lifecycle took to complete: 0ms
04-01 08:46:40.376 617 617 D SystemServerTiming: OnBootPhase_480_com.android.server.autofill.AutofillManagerService
04-01 08:46:40.376 617 617 V SystemServerTiming: OnBootPhase_480_com.android.server.autofill.AutofillManagerService took to complete: 0ms
04-01 08:46:40.376 617 617 D SystemServerTiming: OnBootPhase_480_com.android.server.clipboard.ClipboardService
04-01 08:46:40.376 617 617 V SystemServerTiming: OnBootPhase_480_com.android.server.clipboard.ClipboardService took to complete: 0ms
04-01 08:46:40.376 617 617 D SystemServerTiming: OnBootPhase_480_com.android.server.appbinding.AppBindingService$Lifecycle
04-01 08:46:40.376 617 617 V SystemServerTiming: OnBootPhase_480_com.android.server.appbinding.AppBindingService$Lifecycle took to complete: 0ms
04-01 08:46:40.376 617 617 D SystemServerTiming: OnBootPhase_480_com.android.server.tracing.TracingServiceProxy
04-01 08:46:40.376 617 617 V SystemServerTiming: OnBootPhase_480_com.android.server.tracing.TracingServiceProxy took to complete: 0ms
04-01 08:46:40.376 617 617 V SystemServerTiming: OnBootPhase_480 took to complete: 44ms
04-01 08:46:40.376 617 617 V SystemServerTiming: StartBootPhaseLockSettingsReady took to complete: 45ms
04-01 08:46:40.377 617 617 D SystemServerTiming: CommunalProfileInitializer.removeCommunalProfileIfPresent
04-01 08:46:40.378 617 617 V SystemServerTiming: CommunalProfileInitializer.removeCommunalProfileIfPresent took to complete: 1ms
04-01 08:46:40.378 617 617 D SystemServerTiming: StartBootPhaseSystemServicesReady
04-01 08:46:40.378 617 617 I SystemServiceManager: Starting phase 500
04-01 08:46:40.379 617 617 D SystemServerTiming: OnBootPhase_500
04-01 08:46:40.379 617 617 D SystemServerTiming: OnBootPhase_500_com.android.server.security.FileIntegrityService
04-01 08:46:40.379 617 617 V SystemServerTiming: OnBootPhase_500_com.android.server.security.FileIntegrityService took to complete: 0ms
04-01 08:46:40.379 617 617 D SystemServerTiming: OnBootPhase_500_com.android.server.pm.Installer
04-01 08:46:40.379 617 617 V SystemServerTiming: OnBootPhase_500_com.android.server.pm.Installer took to complete: 0ms
04-01 08:46:40.379 617 617 D SystemServerTiming: OnBootPhase_500_com.android.server.os.DeviceIdentifiersPolicyService
04-01 08:46:40.379 617 617 V SystemServerTiming: OnBootPhase_500_com.android.server.os.DeviceIdentifiersPolicyService took to complete: 0ms
04-01 08:46:40.379 617 617 D SystemServerTiming: OnBootPhase_500_com.android.server.flags.FeatureFlagsService
04-01 08:46:40.381 617 617 V SystemServerTiming: OnBootPhase_500_com.android.server.flags.FeatureFlagsService took to complete: 1ms
04-01 08:46:40.381 617 617 D SystemServerTiming: OnBootPhase_500_com.android.server.uri.UriGrantsManagerService$Lifecycle
04-01 08:46:40.382 617 617 V SystemServerTiming: OnBootPhase_500_com.android.server.uri.UriGrantsManagerService$Lifecycle took to complete: 0ms
04-01 08:46:40.382 617 617 D SystemServerTiming: OnBootPhase_500_com.android.server.powerstats.PowerStatsService
04-01 08:46:40.387 617 617 V SystemServerTiming: OnBootPhase_500_com.android.server.powerstats.PowerStatsService took to complete: 4ms
04-01 08:46:40.387 617 617 D SystemServerTiming: OnBootPhase_500_com.android.server.permission.access.AccessCheckingService
04-01 08:46:40.387 617 617 V SystemServerTiming: OnBootPhase_500_com.android.server.permission.access.AccessCheckingService took to complete: 0ms
04-01 08:46:40.387 617 617 D SystemServerTiming: OnBootPhase_500_com.android.server.wm.ActivityTaskManagerService$Lifecycle
04-01 08:46:40.387 617 617 V SystemServerTiming: OnBootPhase_500_com.android.server.wm.ActivityTaskManagerService$Lifecycle took to complete: 0ms
04-01 08:46:40.387 617 617 D SystemServerTiming: OnBootPhase_500_com.android.server.am.ActivityManagerService$Lifecycle
04-01 08:46:40.394 617 617 W BatteryStatsImpl: Unexpected per uid modem model name ()
04-01 08:46:40.403 617 617 D ConnectivityService: requestNetwork for uid/pid:1000/617 activeRequest: null callbackRequest: 6 [NetworkRequest [ REQUEST id=7, [ Capabilities: INTERNET&NOT_RESTRICTED&TRUSTED&NOT_VCN_MANAGED&NOT_BANDWIDTH_CONSTRAINED Uid: 1000 RequestorUid: 1000 RequestorPkg: android UnderlyingNetworks: Null] ]] callback flags: 0 order: 2147483647 isUidTracked: false declaredMethods: ALL
04-01 08:46:40.405 617 774 D ConnectivityService: NetReassign [no changes] [c 0] [a 0] [i 0]
04-01 08:46:40.415 617 617 V SystemServerTiming: OnBootPhase_500_com.android.server.am.ActivityManagerService$Lifecycle took to complete: 28ms
04-01 08:46:40.416 617 617 D SystemServerTiming: OnBootPhase_500_com.android.server.pm.DataLoaderManagerService
04-01 08:46:40.416 617 617 V SystemServerTiming: OnBootPhase_500_com.android.server.pm.DataLoaderManagerService took to complete: 0ms
04-01 08:46:40.416 617 617 D SystemServerTiming: OnBootPhase_500_com.android.server.power.PowerManagerService
04-01 08:46:40.421 617 617 I AttentionDetector: readValuesFromDeviceConfig():
04-01 08:46:40.421 617 617 I AttentionDetector: mMaximumExtensionMillis=900000
04-01 08:46:40.421 617 617 I AttentionDetector: mPreDimCheckDurationMillis=2000
04-01 08:46:40.421 617 617 I AttentionDetector: mRequestedPostDimTimeoutMillis=0
04-01 08:46:40.443 617 617 W BrightnessThrottler: DeviceConfig ThermalBrightnessThrottlingData is null
04-01 08:46:40.456 617 617 E DisplayPowerController[0]: failed to set up display white-balance: java.lang.IllegalStateException: cannot find light sensor
04-01 08:46:40.457 617 617 W DisplayPowerController[0]: Screen brightness nits configuration is unavailable; falling back
04-01 08:46:40.462 617 617 W ScreenTimeoutOverridePolicy: Screen timeout override is smaller than the minimum timeout : -1
04-01 08:46:40.463 489 489 I android.hardware.power-service.example: Power isBoostSupported: 0
04-01 08:46:40.474 617 617 I FaceDownDetector: readValuesFromDeviceConfig():
04-01 08:46:40.474 617 617 I FaceDownDetector: mAccelerationThreshold=0.2
04-01 08:46:40.474 617 617 I FaceDownDetector: mZAccelerationThreshold=-9.5
04-01 08:46:40.474 617 617 I FaceDownDetector: mTimeThreshold=PT1S
04-01 08:46:40.474 617 617 I FaceDownDetector: mIsEnabled=true
04-01 08:46:40.474 617 617 E SensorManager: sensor or listener is null
04-01 08:46:40.475 617 617 I ScreenUndimDetector: readValuesFromDeviceConfig():
04-01 08:46:40.475 617 617 I ScreenUndimDetector: mKeepScreenOnForMillis=600000
04-01 08:46:40.475 617 617 I ScreenUndimDetector: mKeepScreenOnNotificationEnabled=true
04-01 08:46:40.475 617 617 I ScreenUndimDetector: mUndimsRequired=2
04-01 08:46:40.480 617 682 W KeyguardServiceDelegate: onScreenTurningOn(): no keyguard service!
04-01 08:46:40.480 617 682 I DisplayPowerController: Window Manager Policy screenTurningOn complete
04-01 08:46:40.481 617 682 I DisplayBrightnessStrategySelector: Changing the DisplayBrightnessStrategy from InvalidBrightnessStrategy to OverrideBrightnessStrategy for display 0
04-01 08:46:40.485 617 682 V DisplayPowerController[0]: Brightness [0.39763778] reason changing to: 'override', previous reason: '0'.
04-01 08:46:40.486 617 682 I DisplayPowerController[0]: BrightnessEvent: brt=0.39763778 (83.0%), nits= -1.0, lux=-1.0, reason=override, strat=OverrideBrightnessStrategy, state=ON, stateReason=DEFAULT_POLICY, policy=BRIGHT, flags=, initBrt=NaN, rcmdBrt=NaN, preBrt=NaN, preLux=0.0, wasShortTermModelActive=false, autoBrightness=false (default), unclampedBrt=0.39763778, hbmMax=1.0, hbmMode=off, thrmMax=1.0, rbcStrength=0, powerFactor=1.0, physDisp=Built-in Screen(local:4620250385849718784), logicalId=0
04-01 08:46:40.487 617 617 W SystemServiceManager: Service com.android.server.power.PowerManagerService took 71 ms in onBootPhase
04-01 08:46:40.488 617 617 V SystemServerTiming: OnBootPhase_500_com.android.server.power.PowerManagerService took to complete: 71ms
04-01 08:46:40.488 617 617 D SystemServerTiming: OnBootPhase_500_com.android.server.power.ThermalManagerService
04-01 08:46:40.489 617 617 V SystemServerTiming: OnBootPhase_500_com.android.server.power.ThermalManagerService took to complete: 0ms
04-01 08:46:40.489 617 617 D SystemServerTiming: OnBootPhase_500_com.android.server.recoverysystem.RecoverySystemService$Lifecycle
04-01 08:46:40.489 617 617 V SystemServerTiming: OnBootPhase_500_com.android.server.recoverysystem.RecoverySystemService$Lifecycle took to complete: 0ms
04-01 08:46:40.489 617 617 D SystemServerTiming: OnBootPhase_500_com.android.server.lights.LightsService
04-01 08:46:40.489 617 617 V SystemServerTiming: OnBootPhase_500_com.android.server.lights.LightsService took to complete: 0ms
04-01 08:46:40.489 617 617 D SystemServerTiming: OnBootPhase_500_com.android.server.display.DisplayManagerService
04-01 08:46:40.489 617 617 V SystemServerTiming: OnBootPhase_500_com.android.server.display.DisplayManagerService took to complete: 0ms
04-01 08:46:40.489 617 617 D SystemServerTiming: OnBootPhase_500_com.android.server.pm.verify.domain.DomainVerificationService
04-01 08:46:40.489 617 617 V SystemServerTiming: OnBootPhase_500_com.android.server.pm.verify.domain.DomainVerificationService took to complete: 0ms
04-01 08:46:40.489 617 617 D SystemServerTiming: OnBootPhase_500_com.android.server.pm.PackageInstallerService$Lifecycle
04-01 08:46:40.489 617 617 V SystemServerTiming: OnBootPhase_500_com.android.server.pm.PackageInstallerService$Lifecycle took to complete: 0ms
04-01 08:46:40.489 617 617 D SystemServerTiming: OnBootPhase_500_com.android.server.pm.UserManagerService$LifeCycle
04-01 08:46:40.489 617 617 V SystemServerTiming: OnBootPhase_500_com.android.server.pm.UserManagerService$LifeCycle took to complete: 0ms
04-01 08:46:40.490 617 617 D SystemServerTiming: OnBootPhase_500_com.android.server.om.OverlayManagerService
04-01 08:46:40.490 617 617 V SystemServerTiming: OnBootPhase_500_com.android.server.om.OverlayManagerService took to complete: 0ms
04-01 08:46:40.490 617 617 D SystemServerTiming: OnBootPhase_500_com.android.server.resources.ResourcesManagerService
04-01 08:46:40.490 617 617 V SystemServerTiming: OnBootPhase_500_com.android.server.resources.ResourcesManagerService took to complete: 0ms
04-01 08:46:40.490 617 617 D SystemServerTiming: OnBootPhase_500_com.android.server.sensorprivacy.SensorPrivacyService
04-01 08:46:40.491 489 489 I android.hardware.power-service.example: Power isModeSupported: 9
04-01 08:46:40.495 255 255 D SurfaceFlinger: Setting power mode 2 on display 4620250385849718784
04-01 08:46:40.496 617 655 I DisplayDeviceRepository: Display device changed state: "Built-in Screen", ON
04-01 08:46:40.500 617 655 I InputManager-JNI: Viewport [0] to add: local:4620250385849718784, isActive: true
04-01 08:46:40.502 617 617 V SystemServerTiming: OnBootPhase_500_com.android.server.sensorprivacy.SensorPrivacyService took to complete: 12ms
04-01 08:46:40.502 617 617 D SystemServerTiming: OnBootPhase_500_com.android.server.sensors.SensorService
04-01 08:46:40.502 617 617 V SystemServerTiming: OnBootPhase_500_com.android.server.sensors.SensorService took to complete: 0ms
04-01 08:46:40.503 617 617 D SystemServerTiming: OnBootPhase_500_com.android.server.SystemConfigService
04-01 08:46:40.503 617 617 V SystemServerTiming: OnBootPhase_500_com.android.server.SystemConfigService took to complete: 0ms
04-01 08:46:40.503 617 617 D SystemServerTiming: OnBootPhase_500_com.android.server.BatteryService
04-01 08:46:40.503 617 617 V SystemServerTiming: OnBootPhase_500_com.android.server.BatteryService took to complete: 0ms
04-01 08:46:40.503 617 617 D SystemServerTiming: OnBootPhase_500_com.android.server.usage.UsageStatsService
04-01 08:46:40.503 617 682 D BrightnessThermalClamper: Thermal status observer already started
04-01 08:46:40.507 617 728 I InputReader: Reconfiguring input devices, changes=DISPLAY_INFO
04-01 08:46:40.509 617 617 D AppStandbyController: Setting app idle enabled state
04-01 08:46:40.515 617 682 D BrightnessThermalClamper: Thermal status observer already started
04-01 08:46:40.515 617 682 D BrightnessThermalClamper: Thermal status observer already started
04-01 08:46:40.518 617 662 I AppWidgetServiceImpl: getInstalledProvidersForProfiles() 0
04-01 08:46:40.519 617 662 E AppWidgetManager: Notify service of inheritance info
04-01 08:46:40.519 617 662 E AppWidgetManager: java.lang.IllegalStateException: User 0 must be unlocked for widgets to be available
04-01 08:46:40.519 617 662 E AppWidgetManager: at com.android.server.appwidget.AppWidgetServiceImpl.ensureGroupStateLoadedLocked(AppWidgetServiceImpl.java:974)
04-01 08:46:40.519 617 662 E AppWidgetManager: at com.android.server.appwidget.AppWidgetServiceImpl.ensureGroupStateLoadedLocked(AppWidgetServiceImpl.java:959)
04-01 08:46:40.519 617 662 E AppWidgetManager: at com.android.server.appwidget.AppWidgetServiceImpl.getInstalledProvidersForProfile(AppWidgetServiceImpl.java:2205)
04-01 08:46:40.519 617 662 E AppWidgetManager: at android.appwidget.AppWidgetManager.getInstalledProvidersForProfile(AppWidgetManager.java:1029)
04-01 08:46:40.519 617 662 E AppWidgetManager: at android.appwidget.AppWidgetManager.getInstalledProvidersForPackage(AppWidgetManager.java:963)
04-01 08:46:40.519 617 662 E AppWidgetManager: at android.appwidget.AppWidgetManager.lambda$new$3(AppWidgetManager.java:561)
04-01 08:46:40.519 617 662 E AppWidgetManager: at android.appwidget.AppWidgetManager.$r8$lambda$WKLPyaeqLNLNb3560d7QJuq2DwQ(Unknown Source:0)
04-01 08:46:40.519 617 662 E AppWidgetManager: at android.appwidget.AppWidgetManager$$ExternalSyntheticLambda7.run(D8$$SyntheticClass:0)
04-01 08:46:40.519 617 662 E AppWidgetManager: at android.os.Handler.handleCallback(Handler.java:991)
04-01 08:46:40.519 617 662 E AppWidgetManager: at android.os.Handler.dispatchMessage(Handler.java:102)
04-01 08:46:40.519 617 662 E AppWidgetManager: at android.os.Looper.loopOnce(Looper.java:232)
04-01 08:46:40.519 617 662 E AppWidgetManager: at android.os.Looper.loop(Looper.java:317)
04-01 08:46:40.519 617 662 E AppWidgetManager: at android.os.HandlerThread.run(HandlerThread.java:85)
04-01 08:46:40.525 617 617 V HistoricalRegistry: Interaction before persistence initialized
04-01 08:46:40.526 617 617 V SystemServerTiming: OnBootPhase_500_com.android.server.usage.UsageStatsService took to complete: 23ms
04-01 08:46:40.526 617 617 D SystemServerTiming: OnBootPhase_500_com.android.server.webkit.WebViewUpdateService
04-01 08:46:40.526 617 617 V SystemServerTiming: OnBootPhase_500_com.android.server.webkit.WebViewUpdateService took to complete: 0ms
04-01 08:46:40.526 617 617 D SystemServerTiming: OnBootPhase_500_com.android.server.CachedDeviceStateService
04-01 08:46:40.527 617 617 V SystemServerTiming: OnBootPhase_500_com.android.server.CachedDeviceStateService took to complete: 1ms
04-01 08:46:40.528 617 617 D SystemServerTiming: OnBootPhase_500_com.android.server.BinderCallsStatsService$LifeCycle
04-01 08:46:40.534 617 617 V SystemServerTiming: OnBootPhase_500_com.android.server.BinderCallsStatsService$LifeCycle took to complete: 6ms
04-01 08:46:40.534 617 617 D SystemServerTiming: OnBootPhase_500_com.android.server.LooperStatsService$Lifecycle
04-01 08:46:40.535 617 617 V SystemServerTiming: OnBootPhase_500_com.android.server.LooperStatsService$Lifecycle took to complete: 0ms
04-01 08:46:40.536 617 617 D SystemServerTiming: OnBootPhase_500_com.android.server.rollback.RollbackManagerService
04-01 08:46:40.536 617 617 V SystemServerTiming: OnBootPhase_500_com.android.server.rollback.RollbackManagerService took to complete: 0ms
04-01 08:46:40.536 617 617 D SystemServerTiming: OnBootPhase_500_com.android.server.os.NativeTombstoneManagerService
04-01 08:46:40.536 617 617 V SystemServerTiming: OnBootPhase_500_com.android.server.os.NativeTombstoneManagerService took to complete: 0ms
04-01 08:46:40.536 617 617 D SystemServerTiming: OnBootPhase_500_com.android.server.os.BugreportManagerService
04-01 08:46:40.536 617 617 V SystemServerTiming: OnBootPhase_500_com.android.server.os.BugreportManagerService took to complete: 1ms
04-01 08:46:40.537 617 617 D SystemServerTiming: OnBootPhase_500_com.android.server.gpu.GpuService
04-01 08:46:40.537 617 617 V SystemServerTiming: OnBootPhase_500_com.android.server.gpu.GpuService took to complete: 0ms
04-01 08:46:40.537 617 617 D SystemServerTiming: OnBootPhase_500_com.android.server.security.rkp.RemoteProvisioningService
04-01 08:46:40.537 617 617 V SystemServerTiming: OnBootPhase_500_com.android.server.security.rkp.RemoteProvisioningService took to complete: 0ms
04-01 08:46:40.537 617 617 D SystemServerTiming: OnBootPhase_500_com.android.server.cpu.CpuMonitorService
04-01 08:46:40.537 617 617 V SystemServerTiming: OnBootPhase_500_com.android.server.cpu.CpuMonitorService took to complete: 0ms
04-01 08:46:40.537 617 617 D SystemServerTiming: OnBootPhase_500_com.android.server.security.KeyChainSystemService
04-01 08:46:40.537 617 617 V SystemServerTiming: OnBootPhase_500_com.android.server.security.KeyChainSystemService took to complete: 0ms
04-01 08:46:40.537 617 617 D SystemServerTiming: OnBootPhase_500_com.android.server.BinaryTransparencyService
04-01 08:46:40.538 617 617 V SystemServerTiming: OnBootPhase_500_com.android.server.BinaryTransparencyService took to complete: 0ms
04-01 08:46:40.538 617 617 D SystemServerTiming: OnBootPhase_500_com.android.server.accounts.AccountManagerService$Lifecycle
04-01 08:46:40.538 617 617 V SystemServerTiming: OnBootPhase_500_com.android.server.accounts.AccountManagerService$Lifecycle took to complete: 0ms
04-01 08:46:40.538 617 617 D SystemServerTiming: OnBootPhase_500_com.android.server.content.ContentService$Lifecycle
04-01 08:46:40.538 617 617 V SystemServerTiming: OnBootPhase_500_com.android.server.content.ContentService$Lifecycle took to complete: 0ms
04-01 08:46:40.538 617 617 D SystemServerTiming: OnBootPhase_500_com.android.server.deviceconfig.DeviceConfigInit$Lifecycle
04-01 08:46:40.538 617 617 V SystemServerTiming: OnBootPhase_500_com.android.server.deviceconfig.DeviceConfigInit$Lifecycle took to complete: 0ms
04-01 08:46:40.538 617 617 D SystemServerTiming: OnBootPhase_500_com.android.server.DropBoxManagerService
04-01 08:46:40.540 617 617 V SystemServerTiming: OnBootPhase_500_com.android.server.DropBoxManagerService took to complete: 2ms
04-01 08:46:40.540 617 617 D SystemServerTiming: OnBootPhase_500_com.android.ecm.EnhancedConfirmationService
