04-01 08:46:41.100 617 617 E ThermalManagerService$ThermalHalWrapper: at com.android.server.SystemServer.$r8$lambda$R8_YVQM1rsXoSgswlNNq9SsFhyw(SystemServer.java:0)
04-01 08:46:41.100 617 617 E ThermalManagerService$ThermalHalWrapper: at com.android.server.SystemServer$$ExternalSyntheticLambda6.run(R8$$SyntheticClass:0)
04-01 08:46:41.100 617 617 E ThermalManagerService$ThermalHalWrapper: at com.android.server.am.ActivityManagerService.systemReady(ActivityManagerService.java:9004)
04-01 08:46:41.100 617 617 E ThermalManagerService$ThermalHalWrapper: at com.android.server.SystemServer.startOtherServices(SystemServer.java:3097)
04-01 08:46:41.100 617 617 E ThermalManagerService$ThermalHalWrapper: at com.android.server.SystemServer.run(SystemServer.java:948)
04-01 08:46:41.100 617 617 E ThermalManagerService$ThermalHalWrapper: at com.android.server.SystemServer.main(SystemServer.java:669)
04-01 08:46:41.100 617 617 E ThermalManagerService$ThermalHalWrapper: at java.lang.reflect.Method.invoke(Native Method)
04-01 08:46:41.100 617 617 E ThermalManagerService$ThermalHalWrapper: at com.android.internal.os.RuntimeInit$MethodAndArgsCaller.run(RuntimeInit.java:591)
04-01 08:46:41.100 617 617 E ThermalManagerService$ThermalHalWrapper: at com.android.internal.os.ZygoteInit.main(ZygoteInit.java:849)
04-01 08:46:41.100 617 617 V SystemServerTiming: OnBootPhase_550_com.android.server.power.ThermalManagerService took to complete: 13ms
04-01 08:46:41.100 617 617 D SystemServerTiming: OnBootPhase_550_com.android.server.recoverysystem.RecoverySystemService$Lifecycle
04-01 08:46:41.100 617 617 V SystemServerTiming: OnBootPhase_550_com.android.server.recoverysystem.RecoverySystemService$Lifecycle took to complete: 0ms
04-01 08:46:41.100 617 617 D SystemServerTiming: OnBootPhase_550_com.android.server.lights.LightsService
04-01 08:46:41.101 617 617 V SystemServerTiming: OnBootPhase_550_com.android.server.lights.LightsService took to complete: 0ms
04-01 08:46:41.101 617 617 D SystemServerTiming: OnBootPhase_550_com.android.server.display.DisplayManagerService
04-01 08:46:41.101 617 617 V SystemServerTiming: OnBootPhase_550_com.android.server.display.DisplayManagerService took to complete: 0ms
04-01 08:46:41.101 617 617 D SystemServerTiming: OnBootPhase_550_com.android.server.pm.verify.domain.DomainVerificationService
04-01 08:46:41.101 617 617 V SystemServerTiming: OnBootPhase_550_com.android.server.pm.verify.domain.DomainVerificationService took to complete: 0ms
04-01 08:46:41.101 617 617 D SystemServerTiming: OnBootPhase_550_com.android.server.pm.PackageInstallerService$Lifecycle
04-01 08:46:41.101 617 617 V SystemServerTiming: OnBootPhase_550_com.android.server.pm.PackageInstallerService$Lifecycle took to complete: 0ms
04-01 08:46:41.101 617 617 D SystemServerTiming: OnBootPhase_550_com.android.server.pm.UserManagerService$LifeCycle
04-01 08:46:41.101 617 617 V SystemServerTiming: OnBootPhase_550_com.android.server.pm.UserManagerService$LifeCycle took to complete: 1ms
04-01 08:46:41.102 617 617 D SystemServerTiming: OnBootPhase_550_com.android.server.om.OverlayManagerService
04-01 08:46:41.102 617 617 V SystemServerTiming: OnBootPhase_550_com.android.server.om.OverlayManagerService took to complete: 0ms
04-01 08:46:41.102 617 617 D SystemServerTiming: OnBootPhase_550_com.android.server.resources.ResourcesManagerService
04-01 08:46:41.102 617 617 V SystemServerTiming: OnBootPhase_550_com.android.server.resources.ResourcesManagerService took to complete: 0ms
04-01 08:46:41.102 617 617 D SystemServerTiming: OnBootPhase_550_com.android.server.sensorprivacy.SensorPrivacyService
04-01 08:46:41.103 617 617 V SystemServerTiming: OnBootPhase_550_com.android.server.sensorprivacy.SensorPrivacyService took to complete: 1ms
04-01 08:46:41.103 617 617 D SystemServerTiming: OnBootPhase_550_com.android.server.sensors.SensorService
04-01 08:46:41.103 617 617 V SystemServerTiming: OnBootPhase_550_com.android.server.sensors.SensorService took to complete: 0ms
04-01 08:46:41.103 617 617 D SystemServerTiming: OnBootPhase_550_com.android.server.SystemConfigService
04-01 08:46:41.103 617 617 V SystemServerTiming: OnBootPhase_550_com.android.server.SystemConfigService took to complete: 0ms
04-01 08:46:41.103 617 617 D SystemServerTiming: OnBootPhase_550_com.android.server.BatteryService
04-01 08:46:41.105 617 617 V SystemServerTiming: OnBootPhase_550_com.android.server.BatteryService took to complete: 2ms
04-01 08:46:41.105 617 617 D SystemServerTiming: OnBootPhase_550_com.android.server.usage.UsageStatsService
04-01 08:46:41.105 617 617 V SystemServerTiming: OnBootPhase_550_com.android.server.usage.UsageStatsService took to complete: 0ms
04-01 08:46:41.105 617 617 D SystemServerTiming: OnBootPhase_550_com.android.server.webkit.WebViewUpdateService
04-01 08:46:41.106 617 617 V SystemServerTiming: OnBootPhase_550_com.android.server.webkit.WebViewUpdateService took to complete: 0ms
04-01 08:46:41.106 617 617 D SystemServerTiming: OnBootPhase_550_com.android.server.CachedDeviceStateService
04-01 08:46:41.106 617 617 V SystemServerTiming: OnBootPhase_550_com.android.server.CachedDeviceStateService took to complete: 0ms
04-01 08:46:41.106 617 617 D SystemServerTiming: OnBootPhase_550_com.android.server.BinderCallsStatsService$LifeCycle
04-01 08:46:41.106 617 617 V SystemServerTiming: OnBootPhase_550_com.android.server.BinderCallsStatsService$LifeCycle took to complete: 0ms
04-01 08:46:41.106 617 617 D SystemServerTiming: OnBootPhase_550_com.android.server.LooperStatsService$Lifecycle
04-01 08:46:41.106 617 617 V SystemServerTiming: OnBootPhase_550_com.android.server.LooperStatsService$Lifecycle took to complete: 0ms
04-01 08:46:41.106 617 617 D SystemServerTiming: OnBootPhase_550_com.android.server.rollback.RollbackManagerService
04-01 08:46:41.107 617 617 V SystemServerTiming: OnBootPhase_550_com.android.server.rollback.RollbackManagerService took to complete: 0ms
04-01 08:46:41.107 617 617 D SystemServerTiming: OnBootPhase_550_com.android.server.os.NativeTombstoneManagerService
04-01 08:46:41.110 617 617 V SystemServerTiming: OnBootPhase_550_com.android.server.os.NativeTombstoneManagerService took to complete: 3ms
04-01 08:46:41.110 617 617 D SystemServerTiming: OnBootPhase_550_com.android.server.os.BugreportManagerService
04-01 08:46:41.110 617 617 V SystemServerTiming: OnBootPhase_550_com.android.server.os.BugreportManagerService took to complete: 0ms
04-01 08:46:41.110 617 617 D SystemServerTiming: OnBootPhase_550_com.android.server.gpu.GpuService
04-01 08:46:41.110 617 617 V SystemServerTiming: OnBootPhase_550_com.android.server.gpu.GpuService took to complete: 0ms
04-01 08:46:41.110 617 617 D SystemServerTiming: OnBootPhase_550_com.android.server.security.rkp.RemoteProvisioningService
04-01 08:46:41.110 617 617 V SystemServerTiming: OnBootPhase_550_com.android.server.security.rkp.RemoteProvisioningService took to complete: 0ms
04-01 08:46:41.110 617 617 D SystemServerTiming: OnBootPhase_550_com.android.server.cpu.CpuMonitorService
04-01 08:46:41.110 617 617 V SystemServerTiming: OnBootPhase_550_com.android.server.cpu.CpuMonitorService took to complete: 0ms
04-01 08:46:41.110 617 617 D SystemServerTiming: OnBootPhase_550_com.android.server.security.KeyChainSystemService
04-01 08:46:41.110 617 617 V SystemServerTiming: OnBootPhase_550_com.android.server.security.KeyChainSystemService took to complete: 0ms
04-01 08:46:41.110 617 617 D SystemServerTiming: OnBootPhase_550_com.android.server.BinaryTransparencyService
04-01 08:46:41.110 617 617 V SystemServerTiming: OnBootPhase_550_com.android.server.BinaryTransparencyService took to complete: 0ms
04-01 08:46:41.110 617 617 D SystemServerTiming: OnBootPhase_550_com.android.server.accounts.AccountManagerService$Lifecycle
04-01 08:46:41.111 617 617 V SystemServerTiming: OnBootPhase_550_com.android.server.accounts.AccountManagerService$Lifecycle took to complete: 0ms
04-01 08:46:41.111 617 617 D SystemServerTiming: OnBootPhase_550_com.android.server.content.ContentService$Lifecycle
04-01 08:46:41.119 617 617 I SyncManager: No initial accounts
04-01 08:46:41.131 617 617 V SystemServerTiming: OnBootPhase_550_com.android.server.content.ContentService$Lifecycle took to complete: 20ms
04-01 08:46:41.131 617 617 D SystemServerTiming: OnBootPhase_550_com.android.server.deviceconfig.DeviceConfigInit$Lifecycle
04-01 08:46:41.131 617 617 V SystemServerTiming: OnBootPhase_550_com.android.server.deviceconfig.DeviceConfigInit$Lifecycle took to complete: 0ms
04-01 08:46:41.131 617 617 D SystemServerTiming: OnBootPhase_550_com.android.server.DropBoxManagerService
04-01 08:46:41.131 617 617 V SystemServerTiming: OnBootPhase_550_com.android.server.DropBoxManagerService took to complete: 0ms
04-01 08:46:41.131 617 617 D SystemServerTiming: OnBootPhase_550_com.android.ecm.EnhancedConfirmationService
04-01 08:46:41.131 617 617 V SystemServerTiming: OnBootPhase_550_com.android.ecm.EnhancedConfirmationService took to complete: 0ms
04-01 08:46:41.131 617 617 D SystemServerTiming: OnBootPhase_550_com.android.server.power.hint.HintManagerService
04-01 08:46:41.132 617 617 V SystemServerTiming: OnBootPhase_550_com.android.server.power.hint.HintManagerService took to complete: 0ms
04-01 08:46:41.132 617 617 D SystemServerTiming: OnBootPhase_550_com.android.role.RoleService
04-01 08:46:41.132 617 617 V SystemServerTiming: OnBootPhase_550_com.android.role.RoleService took to complete: 0ms
04-01 08:46:41.132 617 617 D SystemServerTiming: OnBootPhase_550_com.android.server.vibrator.VibratorManagerService$Lifecycle
04-01 08:46:41.132 617 617 V SystemServerTiming: OnBootPhase_550_com.android.server.vibrator.VibratorManagerService$Lifecycle took to complete: 0ms
04-01 08:46:41.132 617 617 D SystemServerTiming: OnBootPhase_550_com.android.server.alarm.AlarmManagerService
04-01 08:46:41.132 617 617 V SystemServerTiming: OnBootPhase_550_com.android.server.alarm.AlarmManagerService took to complete: 0ms
04-01 08:46:41.132 617 617 D SystemServerTiming: OnBootPhase_550_com.android.server.devicestate.DeviceStateManagerService
04-01 08:46:41.132 617 617 V SystemServerTiming: OnBootPhase_550_com.android.server.devicestate.DeviceStateManagerService took to complete: 0ms
04-01 08:46:41.132 617 617 D SystemServerTiming: OnBootPhase_550_com.android.server.camera.CameraServiceProxy
04-01 08:46:41.132 617 617 V SystemServerTiming: OnBootPhase_550_com.android.server.camera.CameraServiceProxy took to complete: 0ms
04-01 08:46:41.132 617 617 D SystemServerTiming: OnBootPhase_550_com.android.server.connectivity.IpConnectivityMetrics
04-01 08:46:41.132 617 617 V SystemServerTiming: OnBootPhase_550_com.android.server.connectivity.IpConnectivityMetrics took to complete: 0ms
04-01 08:46:41.132 617 617 D SystemServerTiming: OnBootPhase_550_com.android.server.net.watchlist.NetworkWatchlistService$Lifecycle
04-01 08:46:41.136 617 617 V SystemServerTiming: OnBootPhase_550_com.android.server.net.watchlist.NetworkWatchlistService$Lifecycle took to complete: 4ms
04-01 08:46:41.137 617 617 D SystemServerTiming: OnBootPhase_550_com.android.server.PinnerService
04-01 08:46:41.137 617 617 V SystemServerTiming: OnBootPhase_550_com.android.server.PinnerService took to complete: 0ms
04-01 08:46:41.137 617 617 D SystemServerTiming: OnBootPhase_550_com.android.server.integrity.AppIntegrityManagerService
04-01 08:46:41.137 617 617 V SystemServerTiming: OnBootPhase_550_com.android.server.integrity.AppIntegrityManagerService took to complete: 0ms
04-01 08:46:41.137 617 617 D SystemServerTiming: OnBootPhase_550_com.android.server.logcat.LogcatManagerService
04-01 08:46:41.137 617 617 V SystemServerTiming: OnBootPhase_550_com.android.server.logcat.LogcatManagerService took to complete: 0ms
04-01 08:46:41.137 617 617 D SystemServerTiming: OnBootPhase_550_com.android.server.inputmethod.InputMethodManagerService$Lifecycle
04-01 08:46:41.187 617 728 I InputReader: Reconfiguring input devices, changes=KEYBOARD_LAYOUTS
04-01 08:46:41.192 617 617 W SystemServiceManager: Service com.android.server.inputmethod.InputMethodManagerService$Lifecycle took 55 ms in onBootPhase
04-01 08:46:41.193 617 617 V SystemServerTiming: OnBootPhase_550_com.android.server.inputmethod.InputMethodManagerService$Lifecycle took to complete: 56ms
04-01 08:46:41.193 617 617 D SystemServerTiming: OnBootPhase_550_com.android.server.accessibility.AccessibilityManagerService$Lifecycle
04-01 08:46:41.193 617 617 V SystemServerTiming: OnBootPhase_550_com.android.server.accessibility.AccessibilityManagerService$Lifecycle took to complete: 0ms
04-01 08:46:41.193 617 617 D SystemServerTiming: OnBootPhase_550_com.android.server.StorageManagerService$Lifecycle
04-01 08:46:41.193 617 617 V SystemServerTiming: OnBootPhase_550_com.android.server.StorageManagerService$Lifecycle took to complete: 0ms
04-01 08:46:41.193 617 617 D SystemServerTiming: OnBootPhase_550_com.android.server.usage.StorageStatsService$Lifecycle
04-01 08:46:41.193 617 617 V SystemServerTiming: OnBootPhase_550_com.android.server.usage.StorageStatsService$Lifecycle took to complete: 0ms
04-01 08:46:41.194 617 617 D SystemServerTiming: OnBootPhase_550_com.android.server.UiModeManagerService
04-01 08:46:41.194 617 617 V SystemServerTiming: OnBootPhase_550_com.android.server.UiModeManagerService took to complete: 0ms
04-01 08:46:41.194 617 617 D SystemServerTiming: OnBootPhase_550_com.android.server.locales.LocaleManagerService
04-01 08:46:41.194 617 617 V SystemServerTiming: OnBootPhase_550_com.android.server.locales.LocaleManagerService took to complete: 0ms
04-01 08:46:41.194 617 617 D SystemServerTiming: OnBootPhase_550_com.android.server.grammaticalinflection.GrammaticalInflectionService
04-01 08:46:41.194 617 617 V SystemServerTiming: OnBootPhase_550_com.android.server.grammaticalinflection.GrammaticalInflectionService took to complete: 0ms
04-01 08:46:41.194 617 617 D SystemServerTiming: OnBootPhase_550_com.android.server.apphibernation.AppHibernationService
04-01 08:46:41.194 617 617 V SystemServerTiming: OnBootPhase_550_com.android.server.apphibernation.AppHibernationService took to complete: 0ms
04-01 08:46:41.194 617 617 D SystemServerTiming: OnBootPhase_550_com.android.server.locksettings.LockSettingsService$Lifecycle
04-01 08:46:41.195 617 617 V SystemServerTiming: OnBootPhase_550_com.android.server.locksettings.LockSettingsService$Lifecycle took to complete: 1ms
04-01 08:46:41.195 617 617 D SystemServerTiming: OnBootPhase_550_com.android.server.pdb.PersistentDataBlockService
04-01 08:46:41.195 617 617 V SystemServerTiming: OnBootPhase_550_com.android.server.pdb.PersistentDataBlockService took to complete: 0ms
04-01 08:46:41.195 617 617 D SystemServerTiming: OnBootPhase_550_com.android.server.testharness.TestHarnessModeService
04-01 08:46:41.195 617 617 V SystemServerTiming: OnBootPhase_550_com.android.server.testharness.TestHarnessModeService took to complete: 0ms
04-01 08:46:41.195 617 617 D SystemServerTiming: OnBootPhase_550_com.android.server.oemlock.OemLockService
04-01 08:46:41.195 617 617 V SystemServerTiming: OnBootPhase_550_com.android.server.oemlock.OemLockService took to complete: 0ms
04-01 08:46:41.195 617 617 D SystemServerTiming: OnBootPhase_550_com.android.server.DeviceIdleController
04-01 08:46:41.195 617 617 V SystemServerTiming: OnBootPhase_550_com.android.server.DeviceIdleController took to complete: 0ms
04-01 08:46:41.195 617 617 D SystemServerTiming: OnBootPhase_550_com.android.server.devicepolicy.DevicePolicyManagerService$Lifecycle
04-01 08:46:41.196 617 617 I DevicePolicyManager: Migrating password complexity to policy engine
04-01 08:46:41.196 617 617 I DevicePolicyManager: Migrating suspended packages to policy engine
04-01 08:46:41.196 617 617 V SystemServerTiming: OnBootPhase_550_com.android.server.devicepolicy.DevicePolicyManagerService$Lifecycle took to complete: 1ms
04-01 08:46:41.196 617 617 D SystemServerTiming: OnBootPhase_550_com.android.server.texttospeech.TextToSpeechManagerService
04-01 08:46:41.196 617 617 V SystemServerTiming: OnBootPhase_550_com.android.server.texttospeech.TextToSpeechManagerService took to complete: 0ms
04-01 08:46:41.196 617 617 D SystemServerTiming: OnBootPhase_550_com.android.server.wearable.WearableSensingManagerService
04-01 08:46:41.196 617 617 V SystemServerTiming: OnBootPhase_550_com.android.server.wearable.WearableSensingManagerService took to complete: 0ms
04-01 08:46:41.196 617 617 D SystemServerTiming: OnBootPhase_550_com.android.server.ondeviceintelligence.OnDeviceIntelligenceManagerService
04-01 08:46:41.196 617 617 V SystemServerTiming: OnBootPhase_550_com.android.server.ondeviceintelligence.OnDeviceIntelligenceManagerService took to complete: 0ms
04-01 08:46:41.196 617 617 D SystemServerTiming: OnBootPhase_550_com.android.server.speech.SpeechRecognitionManagerService
04-01 08:46:41.196 617 617 V SystemServerTiming: OnBootPhase_550_com.android.server.speech.SpeechRecognitionManagerService took to complete: 0ms
04-01 08:46:41.196 617 617 D SystemServerTiming: OnBootPhase_550_com.android.server.graphics.fonts.FontManagerService$Lifecycle
04-01 08:46:41.197 617 617 V SystemServerTiming: OnBootPhase_550_com.android.server.graphics.fonts.FontManagerService$Lifecycle took to complete: 0ms
04-01 08:46:41.197 617 617 D SystemServerTiming: OnBootPhase_550_com.android.server.textservices.TextServicesManagerService$Lifecycle
04-01 08:46:41.197 617 617 V SystemServerTiming: OnBootPhase_550_com.android.server.textservices.TextServicesManagerService$Lifecycle took to complete: 0ms
04-01 08:46:41.197 617 617 D SystemServerTiming: OnBootPhase_550_com.android.server.textclassifier.TextClassificationManagerService$Lifecycle
04-01 08:46:41.198 617 617 V SystemServerTiming: OnBootPhase_550_com.android.server.textclassifier.TextClassificationManagerService$Lifecycle took to complete: 0ms
04-01 08:46:41.199 617 617 D SystemServerTiming: OnBootPhase_550_com.android.server.NetworkScoreService$Lifecycle
04-01 08:46:41.199 617 617 V SystemServerTiming: OnBootPhase_550_com.android.server.NetworkScoreService$Lifecycle took to complete: 0ms
04-01 08:46:41.199 617 617 D SystemServerTiming: OnBootPhase_550_com.android.server.NetworkStatsServiceInitializer
04-01 08:46:41.207 533 589 D CCodec : hidl based PersistentSurface created
04-01 08:46:41.207 533 589 D MediaCodecList: Allowing only non-surface-encoder OMX codecs
04-01 08:46:41.208 244 244 I hwservicemanager: getTransport: Cannot find entry android.hardware.media.omx@1.0::IOmxStore/default in either framework or device VINTF manifest.
04-01 08:46:41.208 533 589 E OmxInfoBuilder: Cannot find an IOmxStore service.
04-01 08:46:41.208 533 589 D MediaCodecList: ignored failed builder
04-01 08:46:41.213 533 589 I Codec2Client: Available Codec2 services: "default" "software"
04-01 08:46:41.308 617 617 W BestClock: java.time.DateTimeException: Missing network time fix
04-01 08:46:41.324 617 641 I system_server: Background concurrent mark compact GC freed 8622KB AllocSpace bytes, 184(6448KB) LOS objects, 49% free, 12MB/24MB, paused 6.199ms,3.824ms total 289.472ms
04-01 08:46:41.335 536 578 I mediaswcodec: missing struct descriptor #Param::CoreIndex(--001) for field red of struct #Param::CoreIndex(--002)
04-01 08:46:41.336 536 578 I mediaswcodec: missing struct descriptor #Param::CoreIndex(--001) for field green of struct #Param::CoreIndex(--002)
04-01 08:46:41.336 536 578 I mediaswcodec: missing struct descriptor #Param::CoreIndex(--001) for field blue of struct #Param::CoreIndex(--002)
04-01 08:46:41.336 536 578 I mediaswcodec: missing struct descriptor #Param::CoreIndex(--001) for field white of struct #Param::CoreIndex(--002)
04-01 08:46:41.338 617 643 W system_server: ApkAssets: Deleting an ApkAssets object ' and /system/product/app/ModuleMetadata/ModuleMetadata.apk' with 1 weak references
04-01 08:46:41.339 617 643 W system_server: ApkAssets: Deleting an ApkAssets object ' and /system/product/app/LatinIME/LatinIME.apk' with 1 weak references
04-01 08:46:41.340 243 243 I servicemanager: Caller(pid=536,uid=1046,sid=u:r:mediaswcodec:s0) Found android.hardware.graphics.allocator.IAllocator/default in device VINTF manifest.
04-01 08:46:41.343 243 243 I servicemanager: Caller(pid=536,uid=1046,sid=u:r:mediaswcodec:s0) Found android.hardware.graphics.allocator.IAllocator/default in device VINTF manifest.
04-01 08:46:41.345 243 243 I servicemanager: Caller(pid=536,uid=1046,sid=u:r:mediaswcodec:s0) Found mapper/powervr in device VINTF manifest.
04-01 08:46:41.349 455 483 I netd : tetherGetStats() -> {[]} <2.26ms>
04-01 08:46:41.353 617 617 I TetheringManager: registerTetheringEventCallback caller:android
04-01 08:46:41.356 455 483 I netd : registerUnsolicitedEventListener(interface:0xb4000078b47f40a0) <0.06ms>
04-01 08:46:41.362 455 483 I netd : bandwidthSetGlobalAlert(2097152) <3.50ms>
04-01 08:46:41.362 617 617 W SystemServiceManager: Service com.android.server.NetworkStatsServiceInitializer took 163 ms in onBootPhase
04-01 08:46:41.363 617 617 V SystemServerTiming: OnBootPhase_550_com.android.server.NetworkStatsServiceInitializer took to complete: 164ms
04-01 08:46:41.363 617 617 D SystemServerTiming: OnBootPhase_550_com.android.server.wifi.WifiService
04-01 08:46:41.363 617 617 V SystemServerTiming: OnBootPhase_550_com.android.server.wifi.WifiService took to complete: 0ms
04-01 08:46:41.363 617 617 D SystemServerTiming: OnBootPhase_550_com.android.server.wifi.scanner.WifiScanningService
04-01 08:46:41.363 617 617 V SystemServerTiming: OnBootPhase_550_com.android.server.wifi.scanner.WifiScanningService took to complete: 0ms
04-01 08:46:41.363 617 617 D SystemServerTiming: OnBootPhase_550_com.android.server.wifi.p2p.WifiP2pService
04-01 08:46:41.363 617 617 V SystemServerTiming: OnBootPhase_550_com.android.server.wifi.p2p.WifiP2pService took to complete: 0ms
04-01 08:46:41.363 617 617 D SystemServerTiming: OnBootPhase_550_com.android.server.ConnectivityServiceInitializer
04-01 08:46:41.363 617 617 V SystemServerTiming: OnBootPhase_550_com.android.server.ConnectivityServiceInitializer took to complete: 0ms
04-01 08:46:41.363 617 617 D SystemServerTiming: OnBootPhase_550_com.android.server.notification.NotificationManagerService
04-01 08:46:41.363 617 617 V SystemServerTiming: OnBootPhase_550_com.android.server.notification.NotificationManagerService took to complete: 1ms
04-01 08:46:41.363 617 617 D SystemServerTiming: OnBootPhase_550_com.android.server.storage.DeviceStorageMonitorService
04-01 08:46:41.363 617 617 V SystemServerTiming: OnBootPhase_550_com.android.server.storage.DeviceStorageMonitorService took to complete: 0ms
04-01 08:46:41.363 617 617 D SystemServerTiming: OnBootPhase_550_com.android.server.timedetector.TimeDetectorService$Lifecycle
04-01 08:46:41.364 617 617 V SystemServerTiming: OnBootPhase_550_com.android.server.timedetector.TimeDetectorService$Lifecycle took to complete: 0ms
04-01 08:46:41.364 617 617 D SystemServerTiming: OnBootPhase_550_com.android.server.location.LocationManagerService$Lifecycle
04-01 08:46:41.364 617 617 V SystemServerTiming: OnBootPhase_550_com.android.server.location.LocationManagerService$Lifecycle took to complete: 0ms
04-01 08:46:41.364 617 617 D SystemServerTiming: OnBootPhase_550_com.android.server.timezonedetector.TimeZoneDetectorService$Lifecycle
04-01 08:46:41.364 617 617 V SystemServerTiming: OnBootPhase_550_com.android.server.timezonedetector.TimeZoneDetectorService$Lifecycle took to complete: 0ms
04-01 08:46:41.364 617 617 D SystemServerTiming: OnBootPhase_550_com.android.server.location.altitude.AltitudeService$Lifecycle
04-01 08:46:41.364 617 617 V SystemServerTiming: OnBootPhase_550_com.android.server.location.altitude.AltitudeService$Lifecycle took to complete: 0ms
04-01 08:46:41.364 617 617 D SystemServerTiming: OnBootPhase_550_com.android.server.timezonedetector.location.LocationTimeZoneManagerService$Lifecycle
04-01 08:46:41.364 617 617 V SystemServerTiming: OnBootPhase_550_com.android.server.timezonedetector.location.LocationTimeZoneManagerService$Lifecycle took to complete: 0ms
04-01 08:46:41.364 617 617 D SystemServerTiming: OnBootPhase_550_com.android.server.search.SearchManagerService$Lifecycle
04-01 08:46:41.364 617 617 V SystemServerTiming: OnBootPhase_550_com.android.server.search.SearchManagerService$Lifecycle took to complete: 0ms
04-01 08:46:41.364 617 617 D SystemServerTiming: OnBootPhase_550_com.android.server.wallpaper.WallpaperManagerService$Lifecycle
04-01 08:46:41.367 617 617 V WallpaperManagerService: bindWallpaperComponentLocked: componentName=ComponentInfo{com.android.systemui/com.android.systemui.wallpapers.ImageWallpaper}
04-01 08:46:41.368 617 617 D WallpaperManagerService: WPMS.bindWallpaperComponentLocked-ComponentInfo{com.android.systemui/com.android.systemui.wallpapers.ImageWallpaper}
04-01 08:46:41.380 617 617 V WallpaperManagerService: WPMS.bindWallpaperComponentLocked-ComponentInfo{com.android.systemui/com.android.systemui.wallpapers.ImageWallpaper} took to complete: 12ms
04-01 08:46:41.383 617 617 I WallpaperDataParser: No static wallpaper imagery; defaults will be shown
04-01 08:46:41.387 536 578 E ion : open /dev/ion failed: No such file or directory
04-01 08:46:41.388 256 272 E IMGAidlAllocator: isSupported:328 Invalid BufferDescriptorInfo
04-01 08:46:41.388 256 272 E IMGAidlAllocator: isSupported:329 width -> 320
04-01 08:46:41.388 256 272 E IMGAidlAllocator: isSupported:330 height -> 240
04-01 08:46:41.388 256 272 E IMGAidlAllocator: isSupported:331 format -> 54
04-01 08:46:41.388 256 272 E IMGAidlAllocator: isSupported:332 usage -> 0x0962
04-01 08:46:41.393 458 458 I Zygote : Entering forkRepeatedly native zygote loop
04-01 08:46:41.395 617 617 D WallpaperCropper: WPMS.generateCrop
04-01 08:46:41.397 617 617 E BitmapFactory: Unable to decode file: java.io.FileNotFoundException: /data/system/users/0/wallpaper_orig: open failed: ENOENT (No such file or directory)
04-01 08:46:41.397 617 617 W WallpaperCropper: Invalid wallpaper data
04-01 08:46:41.397 617 617 E WallpaperCropper: Unable to apply new wallpaper
04-01 08:46:41.398 617 617 V WallpaperCropper: WPMS.generateCrop took to complete: 2ms
04-01 08:46:41.400 617 617 V SystemServerTiming: OnBootPhase_550_com.android.server.wallpaper.WallpaperManagerService$Lifecycle took to complete: 36ms
04-01 08:46:41.401 617 617 D SystemServerTiming: OnBootPhase_550_com.android.server.audio.AudioService$Lifecycle
04-01 08:46:41.401 617 617 V SystemServerTiming: OnBootPhase_550_com.android.server.audio.AudioService$Lifecycle took to complete: 0ms
04-01 08:46:41.401 617 617 D SystemServerTiming: OnBootPhase_550_com.android.server.soundtrigger_middleware.SoundTriggerMiddlewareService$Lifecycle
04-01 08:46:41.401 617 617 V SystemServerTiming: OnBootPhase_550_com.android.server.soundtrigger_middleware.SoundTriggerMiddlewareService$Lifecycle took to complete: 0ms
04-01 08:46:41.401 617 617 D SystemServerTiming: OnBootPhase_550_com.android.server.DockObserver
04-01 08:46:41.401 617 617 V SystemServerTiming: OnBootPhase_550_com.android.server.DockObserver took to complete: 0ms
04-01 08:46:41.401 617 617 D SystemServerTiming: OnBootPhase_550_com.android.server.adb.AdbService$Lifecycle
04-01 08:46:41.402 617 617 V SystemServerTiming: OnBootPhase_550_com.android.server.adb.AdbService$Lifecycle took to complete: 1ms
04-01 08:46:41.403 617 617 D SystemServerTiming: OnBootPhase_550_com.android.server.usb.UsbService$Lifecycle
04-01 08:46:41.404 617 697 D SystemServerTimingAsync: InitThreadPoolExec:UsbService$Lifecycle#onBootPhase
04-01 08:46:41.404 617 617 V SystemServerTiming: OnBootPhase_550_com.android.server.usb.UsbService$Lifecycle took to complete: 1ms
04-01 08:46:41.404 617 617 D SystemServerTiming: OnBootPhase_550_com.android.server.SerialService$Lifecycle
04-01 08:46:41.404 617 617 V SystemServerTiming: OnBootPhase_550_com.android.server.SerialService$Lifecycle took to complete: 0ms
04-01 08:46:41.404 617 617 D SystemServerTiming: OnBootPhase_550_com.android.server.twilight.TwilightService
04-01 08:46:41.404 617 617 V SystemServerTiming: OnBootPhase_550_com.android.server.twilight.TwilightService took to complete: 0ms
04-01 08:46:41.404 617 617 D SystemServerTiming: OnBootPhase_550_com.android.server.display.color.ColorDisplayService
04-01 08:46:41.404 617 617 V SystemServerTiming: OnBootPhase_550_com.android.server.display.color.ColorDisplayService took to complete: 0ms
04-01 08:46:41.404 617 617 D SystemServerTiming: OnBootPhase_550_com.android.server.job.JobSchedulerService
04-01 08:46:41.404 617 617 V SystemServerTiming: OnBootPhase_550_com.android.server.job.JobSchedulerService took to complete: 0ms
04-01 08:46:41.404 617 617 D SystemServerTiming: OnBootPhase_550_com.android.server.soundtrigger.SoundTriggerService
04-01 08:46:41.404 256 272 E IMGAidlAllocator: isSupported:328 Invalid BufferDescriptorInfo
04-01 08:46:41.404 256 272 E IMGAidlAllocator: isSupported:329 width -> 320
04-01 08:46:41.404 256 272 E IMGAidlAllocator: isSupported:330 height -> 240
04-01 08:46:41.405 256 272 E IMGAidlAllocator: isSupported:331 format -> 54
04-01 08:46:41.405 256 272 E IMGAidlAllocator: isSupported:332 usage -> 0x0962
04-01 08:46:41.405 617 617 D SoundTriggerService: onBootPhase: 550 : false
04-01 08:46:41.405 617 697 D SystemServerInitThreadPool: Started executing UsbService$Lifecycle#onBootPhase
04-01 08:46:41.405 617 789 I AS.AudioDeviceBroker: setBluetoothScoOn: false, mBluetoothScoOn: false, btScoRequesterUId: -1, from: resetBluetoothSco
04-01 08:46:41.406 617 617 V SystemServerTiming: OnBootPhase_550_com.android.server.soundtrigger.SoundTriggerService took to complete: 1ms
04-01 08:46:41.406 617 617 D SystemServerTiming: OnBootPhase_550_com.android.server.trust.TrustManagerService
04-01 08:46:41.406 617 617 V SystemServerTiming: OnBootPhase_550_com.android.server.trust.TrustManagerService took to complete: 0ms
04-01 08:46:41.406 617 617 D SystemServerTiming: OnBootPhase_550_com.android.server.backup.BackupManagerService$Lifecycle
04-01 08:46:41.406 617 617 V SystemServerTiming: OnBootPhase_550_com.android.server.backup.BackupManagerService$Lifecycle took to complete: 0ms
04-01 08:46:41.406 617 617 D SystemServerTiming: OnBootPhase_550_com.android.server.appwidget.AppWidgetService
04-01 08:46:41.406 617 617 V SystemServerTiming: OnBootPhase_550_com.android.server.appwidget.AppWidgetService took to complete: 0ms
04-01 08:46:41.406 617 617 D SystemServerTiming: OnBootPhase_550_com.android.server.voiceinteraction.VoiceInteractionManagerService
04-01 08:46:41.408 617 617 V SystemServerTiming: OnBootPhase_550_com.android.server.voiceinteraction.VoiceInteractionManagerService took to complete: 0ms
04-01 08:46:41.408 617 617 D SystemServerTiming: OnBootPhase_550_com.android.server.GestureLauncherService
04-01 08:46:41.408 617 617 V SystemServerTiming: OnBootPhase_550_com.android.server.GestureLauncherService took to complete: 0ms
04-01 08:46:41.408 617 617 D SystemServerTiming: OnBootPhase_550_com.android.server.SensorNotificationService
04-01 08:46:41.408 617 617 V SystemServerTiming: OnBootPhase_550_com.android.server.SensorNotificationService took to complete: 0ms
04-01 08:46:41.408 617 617 D SystemServerTiming: OnBootPhase_550_com.android.server.emergency.EmergencyAffordanceService
04-01 08:46:41.408 617 617 V SystemServerTiming: OnBootPhase_550_com.android.server.emergency.EmergencyAffordanceService took to complete: 0ms
04-01 08:46:41.408 617 617 D SystemServerTiming: OnBootPhase_550_com.android.server.blob.BlobStoreManagerService
04-01 08:46:41.411 617 617 V SystemServerTiming: OnBootPhase_550_com.android.server.blob.BlobStoreManagerService took to complete: 3ms
04-01 08:46:41.411 617 617 D SystemServerTiming: OnBootPhase_550_com.android.server.dreams.DreamManagerService
04-01 08:46:41.411 617 617 V SystemServerTiming: OnBootPhase_550_com.android.server.dreams.DreamManagerService took to complete: 0ms
04-01 08:46:41.411 617 617 D SystemServerTiming: OnBootPhase_550_com.android.server.print.PrintManagerService
04-01 08:46:41.411 617 617 V SystemServerTiming: OnBootPhase_550_com.android.server.print.PrintManagerService took to complete: 0ms
04-01 08:46:41.411 617 617 D SystemServerTiming: OnBootPhase_550_com.android.server.security.AttestationVerificationManagerService
04-01 08:46:41.411 617 617 V SystemServerTiming: OnBootPhase_550_com.android.server.security.AttestationVerificationManagerService took to complete: 0ms
04-01 08:46:41.411 617 617 D SystemServerTiming: OnBootPhase_550_com.android.server.companion.CompanionDeviceManagerService
04-01 08:46:41.411 617 617 V SystemServerTiming: OnBootPhase_550_com.android.server.companion.CompanionDeviceManagerService took to complete: 0ms
04-01 08:46:41.411 617 617 D SystemServerTiming: OnBootPhase_550_com.android.server.companion.virtual.VirtualDeviceManagerService
04-01 08:46:41.411 617 617 V SystemServerTiming: OnBootPhase_550_com.android.server.companion.virtual.VirtualDeviceManagerService took to complete: 0ms
04-01 08:46:41.411 617 617 D SystemServerTiming: OnBootPhase_550_com.android.server.restrictions.RestrictionsManagerService
04-01 08:46:41.411 617 617 V SystemServerTiming: OnBootPhase_550_com.android.server.restrictions.RestrictionsManagerService took to complete: 0ms
04-01 08:46:41.411 617 617 D SystemServerTiming: OnBootPhase_550_com.android.server.media.MediaSessionService
04-01 08:46:41.414 617 697 D SystemServerInitThreadPool: Finished executing UsbService$Lifecycle#onBootPhase
04-01 08:46:41.414 617 697 V SystemServerTimingAsync: InitThreadPoolExec:UsbService$Lifecycle#onBootPhase took to complete: 9ms
04-01 08:46:41.414 495 495 I android.hardware.usb-service.generic: port0
04-01 08:46:41.415 495 495 I android.hardware.usb-service.generic: 0:port0 connected:1 canChangeMode:1 canChagedata:0 canChangePower:0 usbDataEnabled:0 plugOrientation:0
04-01 08:46:41.417 617 789 E BluetoothAdapter: Bluetooth service is null
04-01 08:46:41.417 617 617 V SystemServerTiming: OnBootPhase_550_com.android.server.media.MediaSessionService took to complete: 6ms
04-01 08:46:41.417 617 617 D SystemServerTiming: OnBootPhase_550_com.android.server.biometrics.BiometricService
04-01 08:46:41.418 617 617 V SystemServerTiming: OnBootPhase_550_com.android.server.biometrics.BiometricService took to complete: 0ms
04-01 08:46:41.418 617 617 D SystemServerTiming: OnBootPhase_550_com.android.server.biometrics.AuthService
04-01 08:46:41.418 617 617 V SystemServerTiming: OnBootPhase_550_com.android.server.biometrics.AuthService took to complete: 0ms
04-01 08:46:41.418 617 617 D SystemServerTiming: OnBootPhase_550_com.android.server.adaptiveauth.AdaptiveAuthService
04-01 08:46:41.418 617 617 V SystemServerTiming: OnBootPhase_550_com.android.server.adaptiveauth.AdaptiveAuthService took to complete: 0ms
04-01 08:46:41.418 617 617 D SystemServerTiming: OnBootPhase_550_com.android.server.pm.ShortcutService$Lifecycle
04-01 08:46:41.418 617 617 D ShortcutService: onBootPhase: 550
04-01 08:46:41.418 617 617 V SystemServerTiming: OnBootPhase_550_com.android.server.pm.ShortcutService$Lifecycle took to complete: 0ms
04-01 08:46:41.418 617 617 D SystemServerTiming: OnBootPhase_550_com.android.server.pm.LauncherAppsService
04-01 08:46:41.418 617 617 V SystemServerTiming: OnBootPhase_550_com.android.server.pm.LauncherAppsService took to complete: 0ms
04-01 08:46:41.418 617 617 D SystemServerTiming: OnBootPhase_550_com.android.server.pm.CrossProfileAppsService
04-01 08:46:41.418 617 617 V SystemServerTiming: OnBootPhase_550_com.android.server.pm.CrossProfileAppsService took to complete: 0ms
04-01 08:46:41.418 617 617 D SystemServerTiming: OnBootPhase_550_com.android.server.people.PeopleService
04-01 08:46:41.418 617 617 V SystemServerTiming: OnBootPhase_550_com.android.server.people.PeopleService took to complete: 0ms
04-01 08:46:41.418 617 617 D SystemServerTiming: OnBootPhase_550_com.android.server.media.metrics.MediaMetricsManagerService
04-01 08:46:41.418 617 617 V SystemServerTiming: OnBootPhase_550_com.android.server.media.metrics.MediaMetricsManagerService took to complete: 0ms
04-01 08:46:41.418 617 617 D SystemServerTiming: OnBootPhase_550_com.android.server.pm.BackgroundInstallControlService
04-01 08:46:41.418 617 617 V SystemServerTiming: OnBootPhase_550_com.android.server.pm.BackgroundInstallControlService took to complete: 0ms
04-01 08:46:41.418 617 617 D SystemServerTiming: OnBootPhase_550_com.android.server.media.projection.MediaProjectionManagerService
04-01 08:46:41.418 617 617 V SystemServerTiming: OnBootPhase_550_com.android.server.media.projection.MediaProjectionManagerService took to complete: 0ms
04-01 08:46:41.418 617 617 D SystemServerTiming: OnBootPhase_550_com.android.server.slice.SliceManagerService$Lifecycle
04-01 08:46:41.418 617 617 V SystemServerTiming: OnBootPhase_550_com.android.server.slice.SliceManagerService$Lifecycle took to complete: 0ms
04-01 08:46:41.418 617 617 D SystemServerTiming: OnBootPhase_550_com.android.server.stats.StatsCompanion$Lifecycle
04-01 08:46:41.418 617 617 V SystemServerTiming: OnBootPhase_550_com.android.server.stats.StatsCompanion$Lifecycle took to complete: 0ms
04-01 08:46:41.418 617 617 D SystemServerTiming: OnBootPhase_550_com.android.server.scheduling.RebootReadinessManagerService$Lifecycle
04-01 08:46:41.418 617 617 V SystemServerTiming: OnBootPhase_550_com.android.server.scheduling.RebootReadinessManagerService$Lifecycle took to complete: 0ms
04-01 08:46:41.418 617 617 D SystemServerTiming: OnBootPhase_550_com.android.server.stats.pull.StatsPullAtomService
04-01 08:46:41.418 617 617 V SystemServerTiming: OnBootPhase_550_com.android.server.stats.pull.StatsPullAtomService took to complete: 0ms
04-01 08:46:41.418 617 617 D SystemServerTiming: OnBootPhase_550_com.android.server.stats.bootstrap.StatsBootstrapAtomService$Lifecycle
04-01 08:46:41.418 617 617 V SystemServerTiming: OnBootPhase_550_com.android.server.stats.bootstrap.StatsBootstrapAtomService$Lifecycle took to complete: 0ms
04-01 08:46:41.418 617 617 D SystemServerTiming: OnBootPhase_550_com.android.server.incident.IncidentCompanionService
04-01 08:46:41.418 617 617 V SystemServerTiming: OnBootPhase_550_com.android.server.incident.IncidentCompanionService took to complete: 0ms
04-01 08:46:41.418 617 617 D SystemServerTiming: OnBootPhase_550_com.android.server.sdksandbox.SdkSandboxManagerService$Lifecycle
04-01 08:46:41.418 617 617 V SystemServerTiming: OnBootPhase_550_com.android.server.sdksandbox.SdkSandboxManagerService$Lifecycle took to complete: 0ms
04-01 08:46:41.418 617 617 D SystemServerTiming: OnBootPhase_550_com.android.server.adservices.AdServicesManagerService$Lifecycle
04-01 08:46:41.418 617 617 V SystemServerTiming: OnBootPhase_550_com.android.server.adservices.AdServicesManagerService$Lifecycle took to complete: 0ms
04-01 08:46:41.418 617 617 D SystemServerTiming: OnBootPhase_550_com.android.server.ondevicepersonalization.OnDevicePersonalizationSystemService$Lifecycle
04-01 08:46:41.418 617 617 V SystemServerTiming: OnBootPhase_550_com.android.server.ondevicepersonalization.OnDevicePersonalizationSystemService$Lifecycle took to complete: 0ms
04-01 08:46:41.418 617 617 D SystemServerTiming: OnBootPhase_550_android.os.profiling.ProfilingService$Lifecycle
04-01 08:46:41.419 617 617 V SystemServerTiming: OnBootPhase_550_android.os.profiling.ProfilingService$Lifecycle took to complete: 0ms
04-01 08:46:41.419 617 617 D SystemServerTiming: OnBootPhase_550_com.android.server.autofill.AutofillManagerService
04-01 08:46:41.419 617 617 V SystemServerTiming: OnBootPhase_550_com.android.server.autofill.AutofillManagerService took to complete: 0ms
04-01 08:46:41.419 617 617 D SystemServerTiming: OnBootPhase_550_com.android.server.clipboard.ClipboardService
04-01 08:46:41.419 617 617 V SystemServerTiming: OnBootPhase_550_com.android.server.clipboard.ClipboardService took to complete: 0ms
04-01 08:46:41.419 617 617 D SystemServerTiming: OnBootPhase_550_com.android.server.appbinding.AppBindingService$Lifecycle
04-01 08:46:41.420 617 617 I AppBindingService: Updating constants with: null
04-01 08:46:41.421 617 797 I UsbPortManager: AIDL UsbDataStatus:1
04-01 08:46:41.421 617 797 I UsbPortManager: ClientCallback AIDL V1: port0
04-01 08:46:41.422 617 797 I UsbPortManager: all: opID:1 successful
04-01 08:46:41.422 617 617 V SystemServerTiming: OnBootPhase_550_com.android.server.appbinding.AppBindingService$Lifecycle took to complete: 3ms
04-01 08:46:41.422 617 617 D SystemServerTiming: OnBootPhase_550_com.android.server.tracing.TracingServiceProxy
04-01 08:46:41.423 617 617 V SystemServerTiming: OnBootPhase_550_com.android.server.tracing.TracingServiceProxy took to complete: 0ms
04-01 08:46:41.423 617 617 D SystemServerTiming: OnBootPhase_550_com.android.server.policy.PermissionPolicyService
04-01 08:46:41.423 617 617 D SystemServerTiming: Permission_grant_default_permissions-0
04-01 08:46:41.423 617 617 V SystemServerTiming: Permission_grant_default_permissions-0 took to complete: 0ms
04-01 08:46:41.424 617 617 D SystemServerTiming: Permission_synchronize_permissions-0
04-01 08:46:41.426 617 617 D SystemServerTiming: Permission_synchronize_addPackages-0
04-01 08:46:41.427 458 458 D Zygote : Forked child process 846
04-01 08:46:41.429 617 664 W ActivityManager: Slow operation: 54ms so far, now at startProcess: returned from zygote!
04-01 08:46:41.436 617 789 E BluetoothAdapter: Bluetooth service is null
04-01 08:46:41.441 256 272 E IMGAidlAllocator: isSupported:328 Invalid BufferDescriptorInfo
04-01 08:46:41.441 256 272 E IMGAidlAllocator: isSupported:329 width -> 320
04-01 08:46:41.441 256 272 E IMGAidlAllocator: isSupported:330 height -> 240
04-01 08:46:41.441 256 272 E IMGAidlAllocator: isSupported:331 format -> 54
04-01 08:46:41.441 256 272 E IMGAidlAllocator: isSupported:332 usage -> 0x0962
04-01 08:46:41.441 617 652 I UsbPortManager: USB port added: port=UsbPort{id=port0, supportedModes=dual, supportedContaminantProtectionModes=0, supportsEnableContaminantPresenceProtection=false, supportsEnableContaminantPresenceDetection=false, supportsComplianceWarnings=false, status=UsbPortStatus{connected=true, currentMode=ufp, currentPowerRole=sink, currentDataRole=device, supportedRoleCombinations=[source:host, sink:device], contaminantDetectionStatus=0, contaminantProtectionStatus=0, usbDataStatus=enabled, isPowerTransferLimited=false, powerBrickConnectionStatus=unknown, complianceWarnings=[], plugState=0, displayPortAltModeInfo=null}, canChangeMode=true, canChangePowerRole=false, canChangeDataRole=false, connectedAtMillis=36479, lastConnectDurationMillis=0
04-01 08:46:41.443 617 664 W ActivityManager: Slow operation: 68ms so far, now at startProcess: done updating battery stats
04-01 08:46:41.443 536 578 I mediaswcodec: missing struct descriptor #Param::CoreIndex(--1812) for field values of struct #Param::CoreIndex(F-11812)
04-01 08:46:41.443 617 664 W ActivityManager: Slow operation: 69ms so far, now at startProcess: building log message
04-01 08:46:41.444 617 664 I ActivityManager: Start proc 846:com.android.systemui/u0a70 for service {com.android.systemui/com.android.systemui.wallpapers.ImageWallpaper}
04-01 08:46:41.444 617 664 W ActivityManager: Slow operation: 69ms so far, now at startProcess: starting to update pids map
04-01 08:46:41.444 617 664 W ActivityManager: Slow operation: 70ms so far, now at startProcess: done updating pids map
04-01 08:46:41.448 617 786 W BroadcastLoopers: Found previously unknown looper Thread[AudioDeviceBroker,5,main]
04-01 08:46:41.451 498 498 I AudioFlinger: systemReady
04-01 08:46:41.451 498 517 D DeviceHalAidl: [default] getMicMute
04-01 08:46:41.456 617 786 I AS.AudioDeviceBroker: setBluetoothScoOn: false, mBluetoothScoOn: false, btScoRequesterUId: -1, from: resetBluetoothSco
04-01 08:46:41.459 617 789 D AS.AudioService: No vibrator found
04-01 08:46:41.472 536 578 I mediaswcodec: missing struct descriptor #Param::CoreIndex(--004) for field values of struct #Param::CoreIndex(F-12004)
04-01 08:46:41.472 536 578 I mediaswcodec: missing struct descriptor #Param::CoreIndex(--1812) for field values of struct #Param::CoreIndex(F-11812)
04-01 08:46:41.488 846 846 I ndroid.systemui: Using CollectorTypeCMC GC.
04-01 08:46:41.500 846 846 E ndroid.systemui: Not starting debugger since process cannot load the jdwp agent.
04-01 08:46:41.511 846 846 D nativeloader: Load libframework-connectivity-tiramisu-jni.so using APEX ns com_android_tethering for caller /apex/com.android.tethering/javalib/framework-connectivity-t.jar: ok
04-01 08:46:41.542 536 578 D C2SoftH263Enc: Given level 3004 does not cover current configuration: adjusting to 3003
04-01 08:46:41.547 617 645 W com.android.internal.protolog.LogcatOnlyProtoLogImpl: ProtoLog message not processed. Failed to log it to proto. Logging it below to logcat instead.
04-01 08:46:41.547 617 645 V WindowManager: Binding proc com.android.systemui with config {0.0 ?mcc0mnc ?localeList ?layoutDir ?swdp ?wdp ?hdp ?density ?lsize ?long ?ldr ?wideColorGamut ?orien ?uimode ?night ?touch ?keyb/?/? ?nav/? winConfig={ mBounds=Rect(0, 0 - 0, 0) mAppBounds=null mMaxBounds=Rect(0, 0 - 0, 0) mDisplayRotation=undefined mWindowingMode=undefined mActivityType=undefined mAlwaysOnTop=undefined mRotation=undefined} ?fontWeightAdjustment}
04-01 08:46:41.548 617 645 D CompatChangeReporter: Compat change id reported: 151861875; UID 10070; state: ENABLED
04-01 08:46:41.549 617 645 D GameManagerService: User ID '0' does not have a Game Mode selected for package: 'com.android.systemui'
04-01 08:46:41.577 617 617 V SystemServerTiming: Permission_synchronize_addPackages-0 took to complete: 150ms
04-01 08:46:41.577 617 617 D SystemServerTiming: Permission_syncPackages-0
04-01 08:46:41.587 536 578 I mediaswcodec: missing struct descriptor #Param::CoreIndex(--004) for field values of struct #Param::CoreIndex(F-12004)
04-01 08:46:41.588 846 846 D ApplicationLoaders: Returning zygote-cached class loader: /system_ext/framework/androidx.window.extensions.jar
04-01 08:46:41.589 846 846 D ApplicationLoaders: Returning zygote-cached class loader: /system_ext/framework/androidx.window.sidecar.jar
04-01 08:46:41.589 536 578 I mediaswcodec: missing struct descriptor #Param::CoreIndex(--1812) for field values of struct #Param::CoreIndex(F-11812)
04-01 08:46:41.591 617 617 V SystemServerTiming: Permission_syncPackages-0 took to complete: 13ms
04-01 08:46:41.592 617 617 V SystemServerTiming: Permission_synchronize_permissions-0 took to complete: 168ms
04-01 08:46:41.593 617 617 W SystemServiceManager: Service com.android.server.policy.PermissionPolicyService took 169 ms in onBootPhase
04-01 08:46:41.593 617 617 V SystemServerTiming: OnBootPhase_550_com.android.server.policy.PermissionPolicyService took to complete: 170ms
04-01 08:46:41.593 617 617 D SystemServerTiming: OnBootPhase_550_com.android.server.pm.StagingManager$Lifecycle
04-01 08:46:41.593 617 617 V SystemServerTiming: OnBootPhase_550_com.android.server.pm.StagingManager$Lifecycle took to complete: 0ms
04-01 08:46:41.593 617 617 D SystemServerTiming: OnBootPhase_550_com.android.server.app.GameManagerService$Lifecycle
04-01 08:46:41.593 617 617 V SystemServerTiming: OnBootPhase_550_com.android.server.app.GameManagerService$Lifecycle took to complete: 0ms
04-01 08:46:41.593 617 617 D SystemServerTiming: OnBootPhase_550_com.android.safetycenter.SafetyCenterService
04-01 08:46:41.593 617 617 V SystemServerTiming: OnBootPhase_550_com.android.safetycenter.SafetyCenterService took to complete: 0ms
04-01 08:46:41.593 617 617 D SystemServerTiming: OnBootPhase_550_com.android.server.appsearch.AppSearchModule$Lifecycle
04-01 08:46:41.593 617 617 V SystemServerTiming: OnBootPhase_550_com.android.server.appsearch.AppSearchModule$Lifecycle took to complete: 0ms
04-01 08:46:41.593 617 617 D SystemServerTiming: OnBootPhase_550_com.android.server.compos.IsolatedCompilationService
04-01 08:46:41.593 617 617 V SystemServerTiming: OnBootPhase_550_com.android.server.compos.IsolatedCompilationService took to complete: 0ms
04-01 08:46:41.594 617 617 D SystemServerTiming: OnBootPhase_550_com.android.server.media.MediaCommunicationService
04-01 08:46:41.594 617 617 V SystemServerTiming: OnBootPhase_550_com.android.server.media.MediaCommunicationService took to complete: 0ms
04-01 08:46:41.594 617 617 D SystemServerTiming: OnBootPhase_550_com.android.server.compat.overrides.AppCompatOverridesService$Lifecycle
04-01 08:46:41.595 617 617 V SystemServerTiming: OnBootPhase_550_com.android.server.compat.overrides.AppCompatOverridesService$Lifecycle took to complete: 0ms
04-01 08:46:41.595 617 617 D SystemServerTiming: OnBootPhase_550_com.android.server.healthconnect.HealthConnectManagerService
04-01 08:46:41.596 617 617 V SystemServerTiming: OnBootPhase_550_com.android.server.healthconnect.HealthConnectManagerService took to complete: 0ms
04-01 08:46:41.596 617 617 D SystemServerTiming: OnBootPhase_550_com.android.server.devicelock.DeviceLockService
04-01 08:46:41.596 617 617 D DeviceLockService: onBootPhase: 550
04-01 08:46:41.596 617 617 V SystemServerTiming: OnBootPhase_550_com.android.server.devicelock.DeviceLockService took to complete: 0ms
04-01 08:46:41.597 617 617 D SystemServerTiming: OnBootPhase_550_com.android.server.SensitiveContentProtectionManagerService
04-01 08:46:41.597 617 617 V SystemServerTiming: OnBootPhase_550_com.android.server.SensitiveContentProtectionManagerService took to complete: 0ms
04-01 08:46:41.597 617 617 V SystemServerTiming: OnBootPhase_550 took to complete: 517ms
04-01 08:46:41.597 617 617 V SystemServerTiming: StartActivityManagerReadyPhase took to complete: 517ms
04-01 08:46:41.597 617 617 D SystemServerTiming: StartObservingNativeCrashes
04-01 08:46:41.599 617 617 V SystemServerTiming: StartObservingNativeCrashes took to complete: 1ms
04-01 08:46:41.600 617 617 D SystemServerTiming: RegisterAppOpsPolicy
04-01 08:46:41.608 617 617 V SystemServerTiming: RegisterAppOpsPolicy took to complete: 8ms
