06-04 09:11:55.936 617 652 W PackageManager: Skipping preparing app data for com.android.hardware.power
06-04 09:11:55.937 617 652 W PackageManager: Skipping preparing app data for com.google.cf.health.storage
06-04 09:11:55.937 617 652 W PackageManager: Skipping preparing app data for com.android.hardware.usb.generic
06-04 09:11:55.943 617 652 W PackageManager: Skipping preparing app data for com.android.adservices
06-04 09:11:55.944 617 652 W PackageManager: Skipping preparing app data for com.android.scheduling
06-04 09:11:55.944 617 652 W PackageManager: Skipping preparing app data for com.android.permission
06-04 09:11:55.944 617 652 W PackageManager: Skipping preparing app data for com.android.profiling
06-04 09:11:55.945 617 652 W PackageManager: Skipping preparing app data for com.android.art
06-04 09:11:55.945 617 652 W PackageManager: Skipping preparing app data for com.android.uwb
06-04 09:11:55.950 617 652 W PackageManager: Skipping preparing app data for com.android.tethering
06-04 09:11:55.950 617 652 W PackageManager: Skipping preparing app data for com.android.btservices
06-04 09:11:55.951 617 652 W PackageManager: Skipping preparing app data for com.android.media.swcodec
06-04 09:11:55.951 617 652 W PackageManager: Skipping preparing app data for com.android.conscrypt
06-04 09:11:55.952 617 652 W PackageManager: Skipping preparing app data for com.android.adbd
06-04 09:11:55.952 617 652 W PackageManager: Skipping preparing app data for com.android.i18n
06-04 09:11:55.952 617 652 W PackageManager: Skipping preparing app data for com.android.rkpd
06-04 09:11:55.952 617 652 W PackageManager: Skipping preparing app data for com.android.virt
06-04 09:11:55.952 617 652 W PackageManager: Skipping preparing app data for com.android.wifi
06-04 09:11:55.952 617 652 W PackageManager: Skipping preparing app data for com.android.runtime
06-04 09:11:55.952 617 652 W PackageManager: Skipping preparing app data for com.android.devicelock
06-04 09:11:55.952 617 652 W PackageManager: Skipping preparing app data for com.android.apex.cts.shim
06-04 09:11:55.952 617 652 W PackageManager: Skipping preparing app data for com.android.compos
06-04 09:11:55.952 617 652 W PackageManager: Skipping preparing app data for com.android.neuralnetworks
06-04 09:11:55.953 617 652 W PackageManager: Skipping preparing app data for com.android.healthfitness
06-04 09:11:55.953 617 652 W PackageManager: Skipping preparing app data for com.android.hardware.cas
06-04 09:11:55.954 617 652 W PackageManager: Skipping preparing app data for com.android.hardware.thermal.ti
06-04 09:11:55.954 617 652 W PackageManager: Skipping preparing app data for com.android.resolv
06-04 09:11:55.954 617 652 W PackageManager: Skipping preparing app data for com.android.sdkext
06-04 09:11:55.954 617 652 W PackageManager: Skipping preparing app data for com.android.tzdata
06-04 09:11:55.955 617 652 W PackageManager: Skipping preparing app data for com.android.os.statsd
06-04 09:11:55.955 617 652 W PackageManager: Skipping preparing app data for com.android.hardware.camera.libcamera
06-04 09:11:55.955 617 652 W PackageManager: Skipping preparing app data for com.android.extservices
06-04 09:11:55.955 617 652 W PackageManager: Skipping preparing app data for com.android.hardware.drm.clearkey
06-04 09:11:55.955 617 652 W PackageManager: Skipping preparing app data for com.android.hardware.audio.ti
06-04 09:11:55.955 617 652 W PackageManager: Skipping preparing app data for com.android.ipsec
06-04 09:11:55.955 617 652 W PackageManager: Skipping preparing app data for com.android.media
06-04 09:11:55.955 617 652 W PackageManager: Skipping preparing app data for com.android.sdksandbox
06-04 09:11:55.956 617 652 W PackageManager: Skipping preparing app data for com.google.cf.health
06-04 09:11:55.956 617 652 W PackageManager: Skipping preparing app data for com.android.mediaprovider
06-04 09:11:55.957 617 652 W PackageManager: Skipping preparing app data for com.android.nfcservices
06-04 09:11:55.957 617 652 W PackageManager: Skipping preparing app data for com.android.ondevicepersonalization
06-04 09:11:56.019 846 1198 D RingtonePlayer: player.start piid:183
06-04 09:11:56.020 533 1219 I GenericSource: start
06-04 09:11:56.024 617 617 I ExplicitHealthCheckController: Explicit health check service is connected ComponentInfo{android.ext.services/android.ext.services.watchdog.ExplicitHealthCheckServiceImpl}
06-04 09:11:56.024 846 1197 W RingtonePlayer: Notification sound delayed by 1327msecs
06-04 09:11:56.023 1 1 I init : ... started service 'dmesgd' has pid 1238
06-04 09:11:56.023 1 1 I init : Command 'start dmesgd' action=bootreceiver.enable=1 && dmesgd.start=1 && ro.product.cpu.abilist64=* (/system/etc/init/dmesgd.rc:13) took 98ms and succeeded
06-04 09:11:56.028 1 1 I init : processing action (sys.user.0.ce_available=true) from (/system/etc/init/wifi.rc:21)
06-04 09:11:56.037 1 1 I selinux : SELinux: Skipping restorecon on directory(/data/misc_ce/0/apexdata/com.android.wifi)
06-04 09:11:56.038 1 1 I init : processing action (sys.boot_completed=1 && sys.wifitracing.started=1) from (/vendor/etc/init/hw/init.am62p.rc:130)
06-04 09:11:56.052 533 1241 D CCodec : allocate(c2.android.vorbis.decoder)
06-04 09:11:56.057 533 1241 I CCodec : setting up 'default' as default (vendor) store
06-04 09:11:56.062 617 617 I ExplicitHealthCheckController: Service initialized, syncing requests
06-04 09:11:56.070 617 1011 D BufferPoolAccessor2.0: Destruction - bufferpool2 0xb400007d7fe7cd08 cached: 0/0M, 0/0% in use; allocs: 7, 14% recycled; transfers: 24, 75% unfetched
06-04 09:11:56.071 617 1011 D BufferPoolAccessor2.0: Destruction - bufferpool2 0xb400007d7fe6ea68 cached: 0/0M, 0/0% in use; allocs: 7, 14% recycled; transfers: 18, 67% unfetched
06-04 09:11:56.071 617 1006 D BufferPoolAccessor2.0: Destruction - bufferpool2 0xb400007d7fe7a5b8 cached: 0/0M, 0/0% in use; allocs: 7, 29% recycled; transfers: 26, 81% unfetched
06-04 09:11:56.073 617 703 D BufferPoolAccessor2.0: Destruction - bufferpool2 0xb400007d7fe7b398 cached: 0/0M, 0/0% in use; allocs: 7, 29% recycled; transfers: 24, 79% unfetched
06-04 09:11:56.077 617 617 I PackageWatchdog: Syncing health check requests for packages: {}
06-04 09:11:56.077 617 617 D ExplicitHealthCheckController: Getting health check supported packages
06-04 09:11:56.078 617 703 D BufferPoolAccessor2.0: Destruction - bufferpool2 0xb400007d7fe787a8 cached: 0/0M, 0/0% in use; allocs: 7, 14% recycled; transfers: 34, 76% unfetched
06-04 09:11:56.079 617 703 D BufferPoolAccessor2.0: Destruction - bufferpool2 0xb400007d7fe77778 cached: 0/0M, 0/0% in use; allocs: 7, 29% recycled; transfers: 34, 85% unfetched
06-04 09:11:56.080 533 1241 I CCodec : Created component [c2.android.vorbis.decoder]
06-04 09:11:56.081 533 1241 D CCodecConfig: read media type: audio/vorbis
06-04 09:11:56.089 533 1241 D ReflectedParamUpdater: extent() != 1 for single value type: algo.buffers.max-count.values
06-04 09:11:56.091 533 1241 D ReflectedParamUpdater: extent() != 1 for single value type: output.subscribed-indices.values
06-04 09:11:56.091 533 1241 D ReflectedParamUpdater: extent() != 1 for single value type: input.buffers.allocator-ids.values
06-04 09:11:56.092 533 1241 D ReflectedParamUpdater: extent() != 1 for single value type: output.buffers.allocator-ids.values
06-04 09:11:56.093 533 1241 D ReflectedParamUpdater: extent() != 1 for single value type: algo.buffers.allocator-ids.values
06-04 09:11:56.093 533 1241 D ReflectedParamUpdater: extent() != 1 for single value type: output.buffers.pool-ids.values
06-04 09:11:56.093 533 1241 D ReflectedParamUpdater: extent() != 1 for single value type: algo.buffers.pool-ids.values
06-04 09:11:56.098 533 1241 I CCodecConfig: query failed after returning 8 values (BAD_INDEX)
06-04 09:11:56.098 533 1241 D CCodecConfig: c2 config diff is Dict {
06-04 09:11:56.098 533 1241 D CCodecConfig: c2::u32 coded.bitrate.value = 64000
06-04 09:11:56.098 533 1241 D CCodecConfig: c2::u32 input.buffers.max-size.value = 32768
06-04 09:11:56.098 533 1241 D CCodecConfig: c2::u32 input.delay.value = 0
06-04 09:11:56.098 533 1241 D CCodecConfig: string input.media-type.value = "audio/vorbis"
06-04 09:11:56.098 533 1241 D CCodecConfig: c2::u32 output.large-frame.max-size = 0
06-04 09:11:56.098 533 1241 D CCodecConfig: c2::u32 output.large-frame.threshold-size = 0
06-04 09:11:56.098 533 1241 D CCodecConfig: string output.media-type.value = "audio/raw"
06-04 09:11:56.098 533 1241 D CCodecConfig: c2::u32 raw.channel-count.value = 1
06-04 09:11:56.098 533 1241 D CCodecConfig: c2::u32 raw.sample-rate.value = 48000
06-04 09:11:56.098 533 1241 D CCodecConfig: }
06-04 09:11:56.104 533 1241 D CCodec : [c2.android.vorbis.decoder] buffers are bound to CCodec for this session
06-04 09:11:56.104 533 1241 D CCodecConfig: no c2 equivalents for durationUs
06-04 09:11:56.104 533 1241 D CCodecConfig: no c2 equivalents for csd-1
06-04 09:11:56.104 533 1241 D CCodecConfig: no c2 equivalents for flags
06-04 09:11:56.112 533 1241 D CCodecConfig: c2 config diff is c2::u32 coded.bitrate.value = 80000
06-04 09:11:56.112 533 1241 D CCodecConfig: c2::u32 raw.sample-rate.value = 44100
06-04 09:11:56.114 533 1241 W Codec2Client: query -- param skipped: index = 1107298332.
06-04 09:11:56.114 533 1241 D CCodec : encoding statistics level = 0
06-04 09:11:56.114 533 1241 D CCodec : setup formats input: AMessage(what = 0x00000000) = {
06-04 09:11:56.114 533 1241 D CCodec : int32_t bitrate = 80000
06-04 09:11:56.114 533 1241 D CCodec : int32_t channel-count = 1
06-04 09:11:56.114 533 1241 D CCodec : int32_t max-input-size = 32768
06-04 09:11:56.114 533 1241 D CCodec : string mime = "audio/vorbis"
06-04 09:11:56.114 533 1241 D CCodec : int32_t sample-rate = 44100
06-04 09:11:56.114 533 1241 D CCodec : }
06-04 09:11:56.114 533 1241 D CCodec : setup formats output: AMessage(what = 0x00000000) = {
06-04 09:11:56.114 533 1241 D CCodec : int32_t buffer-batch-max-output-size = 0
06-04 09:11:56.114 533 1241 D CCodec : int32_t buffer-batch-threshold-output-size = 0
06-04 09:11:56.114 533 1241 D CCodec : int32_t channel-count = 1
06-04 09:11:56.114 533 1241 D CCodec : string mime = "audio/raw"
06-04 09:11:56.114 533 1241 D CCodec : int32_t sample-rate = 44100
06-04 09:11:56.114 533 1241 D CCodec : int32_t channel-mask = 1
06-04 09:11:56.114 533 1241 D CCodec : int32_t android._config-pcm-encoding = 2
06-04 09:11:56.114 533 1241 D CCodec : }
06-04 09:11:56.115 533 1241 I CCodecConfig: query failed after returning 8 values (BAD_INDEX)
06-04 09:11:56.116 533 1241 I MediaCodec: MediaCodec will operate in async mode
06-04 09:11:56.116 533 1240 D MediaCodec: keep callback message for reclaim
06-04 09:11:56.121 533 1241 W Codec2Client: query -- param skipped: index = 1342179345.
06-04 09:11:56.122 533 1241 W Codec2Client: query -- param skipped: index = 2415921170.
06-04 09:11:56.122 533 1241 D C2Store : Using DMABUF Heaps
06-04 09:11:56.131 533 1241 D CCodecBufferChannel: [c2.android.vorbis.decoder#676] Created input block pool with allocatorID 16 => poolID 17 - OK (0)
06-04 09:11:56.144 533 1241 I CCodecBufferChannel: [c2.android.vorbis.decoder#676] Created output block pool with allocatorID 16 => poolID 36 - OK
06-04 09:11:56.145 533 1241 D CCodecBufferChannel: [c2.android.vorbis.decoder#676] Configured output block pool ids 36 => OK
06-04 09:11:56.146 536 898 E Codec2-ComponentInterface: We have a failed config
06-04 09:11:56.147 533 1241 I DMABUFHEAPS: Using DMA-BUF heap named: system
06-04 09:11:56.151 536 1245 D SimpleC2Component: Using output block pool with poolID 36 => got 36 - 0
06-04 09:11:56.171 617 797 I ExplicitHealthCheckController: Explicit health check supported packages [PackageConfig{com.android.networkstack, 86400000}]
06-04 09:11:56.171 617 797 D PackageWatchdog: Received supported packages [PackageConfig{com.android.networkstack, 86400000}]
06-04 09:11:56.172 617 797 D ExplicitHealthCheckController: Getting health check requested packages
06-04 09:11:56.187 617 797 I ExplicitHealthCheckController: Explicit health check requested packages []
06-04 09:11:56.187 617 797 I ExplicitHealthCheckController: No more health check requests, unbinding...
06-04 09:11:56.195 617 797 D CompatChangeReporter: Compat change id reported: 311208629; UID 10087; state: ENABLED
06-04 09:11:56.197 617 797 I ExplicitHealthCheckController: Explicit health check service is unbound
06-04 09:11:56.246 498 518 D PermissionCache: checking android.permission.MODIFY_PHONE_STATE for uid=10070 => granted (794 us)
06-04 09:11:56.248 498 518 D AudioFlinger: Client defaulted notificationFrames to 12288 for frameCount 24576
06-04 09:11:56.255 1238 1238 E dmesgd : /data/misc/dmesgd/sent_reports.txt is empty: No such file or directory
06-04 09:11:56.302 498 517 D audioserver: logFgsApiBegin: FGS Logger Transaction failed, -129
06-04 09:11:56.309 484 484 D AHAL_Stream: updateMetadataCommon
06-04 09:11:56.313 484 581 D AHAL_Stream: cycle: received command Command{start: Void{}} in writer
06-04 09:11:56.313 484 581 D alsa_device_proxy: proxy_prepare_from_default_config(c:0, d:0)
06-04 09:11:56.313 484 581 D alsa_device_proxy: proxy_open(card:0 device:0 PCM_OUT)
06-04 09:11:56.314 484 581 D AHAL_Stream: cycle: writing reply Reply{status: 0, fmqByteCount: 0, observable: Position{frames: 0, timeNs: 45275186215}, hardware: Position{frames: -1, timeNs: -1}, latencyMs: 0, xrunFrames: 0, state: IDLE}
06-04 09:11:56.383 617 1018 D PermissionCache: checking android.permission.ACCESS_SURFACE_FLINGER for uid=10070 => granted (235 us)
06-04 09:11:56.384 617 1018 D PermissionCache: checking android.permission.ROTATE_SURFACE_FLINGER for uid=10070 => granted (222 us)
06-04 09:11:56.384 617 1018 D PermissionCache: checking android.permission.INTERNAL_SYSTEM_WINDOW for uid=10070 => granted (165 us)
06-04 09:11:56.412 846 953 I HWUI : Davey! duration=2742ms; Flags=1, FrameTimelineVsyncId=2064, IntendedVsync=42594432388, Vsync=43544420380, InputEventId=0, HandleInputStart=43554046910, AnimationStart=43554053660, PerformTraversalsStart=43579867355, DrawStart=45174750915, FrameDeadline=42611099055, FrameInterval=43551698640, FrameStartTime=16666456, SyncQueued=45179998075, SyncStart=45184543325, IssueDrawCommandsStart=45188246465, SwapBuffers=45330805715, FrameCompleted=45341389450, DequeueBufferDuration=81890, QueueBufferDuration=10244870, GpuCompleted=45330805715, SwapBuffersCompleted=45341389450, DisplayPresentTime=0, CommandSubmissionCompleted=45330805715,
06-04 09:11:56.463 533 1239 D AudioTrack: getTimestamp_l(8): device stall time corrected using current time 45424453435
06-04 09:11:56.535 846 853 I ndroid.systemui: JIT allocated 77KB for compiled code of java.lang.Object com.android.systemui.dagger.DaggerReferenceGlobalRootComponent$ReferenceSysUIComponentImpl$SwitchingProvider.get5()
06-04 09:11:56.538 846 853 I ndroid.systemui: Compiler allocated 8067KB to compile java.lang.Object com.android.systemui.dagger.DaggerReferenceGlobalRootComponent$ReferenceSysUIComponentImpl$SwitchingProvider.get5()
06-04 09:11:56.555 484 581 D AHAL_StreamPrimary: transfer: skipping transfer (4096 frames)
06-04 09:11:56.604 484 484 D AHAL_Stream: updateMetadataCommon
06-04 09:11:56.612 484 581 D AHAL_StreamPrimary: transfer: skipping transfer (4096 frames)
06-04 09:11:56.614 484 581 D AHAL_StreamPrimary: transfer: skipping transfer (4096 frames)
06-04 09:11:56.681 617 652 V PackageManager: reconcileAppsData finished 167 packages
06-04 09:11:56.681 617 652 V SystemServerTiming: reconcileAppsData-0 took to complete: 770ms
06-04 09:11:56.681 617 652 V SystemServerTiming: UM.onBeforeUnlockUser-0 took to complete: 1603ms
06-04 09:11:56.681 617 652 I ActivityManager: User 0 state changed from RUNNING_LOCKED to RUNNING_UNLOCKING
06-04 09:11:56.683 617 652 D ActivityManager: Unlocking user 0 progress 20
06-04 09:11:56.684 617 652 W Looper : Slow dispatch took 1605ms android.fg h=android.os.Handler c=com.android.server.am.UserController$$ExternalSyntheticLambda5@8608e66 m=0
06-04 09:11:56.684 617 652 W Looper : Slow delivery took 1623ms android.fg h=android.os.Handler c=com.android.server.am.UserController$$ExternalSyntheticLambda4@563e5a7 m=0
06-04 09:11:56.685 617 663 D SystemServerTimingAsync: ssm.UnlockingUser-0
06-04 09:11:56.685 617 663 I SystemServiceManager: Calling onUnlockingUser 0
06-04 09:11:56.685 617 663 D SystemServerTimingAsync: ssm.onUnlockingUser-0_com.android.server.security.FileIntegrityService
06-04 09:11:56.685 617 663 V SystemServerTimingAsync: ssm.onUnlockingUser-0_com.android.server.security.FileIntegrityService took to complete: 0ms
06-04 09:11:56.685 617 663 D SystemServerTimingAsync: ssm.onUnlockingUser-0_com.android.server.pm.Installer
06-04 09:11:56.685 617 663 V SystemServerTimingAsync: ssm.onUnlockingUser-0_com.android.server.pm.Installer took to complete: 0ms
06-04 09:11:56.685 617 663 D SystemServerTimingAsync: ssm.onUnlockingUser-0_com.android.server.os.DeviceIdentifiersPolicyService
06-04 09:11:56.687 617 663 V SystemServerTimingAsync: ssm.onUnlockingUser-0_com.android.server.os.DeviceIdentifiersPolicyService took to complete: 2ms
06-04 09:11:56.687 617 663 D SystemServerTimingAsync: ssm.onUnlockingUser-0_com.android.server.flags.FeatureFlagsService
06-04 09:11:56.687 617 663 V SystemServerTimingAsync: ssm.onUnlockingUser-0_com.android.server.flags.FeatureFlagsService took to complete: 0ms
06-04 09:11:56.687 617 663 D SystemServerTimingAsync: ssm.onUnlockingUser-0_com.android.server.uri.UriGrantsManagerService$Lifecycle
06-04 09:11:56.687 617 663 V SystemServerTimingAsync: ssm.onUnlockingUser-0_com.android.server.uri.UriGrantsManagerService$Lifecycle took to complete: 0ms
06-04 09:11:56.687 617 663 D SystemServerTimingAsync: ssm.onUnlockingUser-0_com.android.server.powerstats.PowerStatsService
06-04 09:11:56.687 617 663 V SystemServerTimingAsync: ssm.onUnlockingUser-0_com.android.server.powerstats.PowerStatsService took to complete: 0ms
06-04 09:11:56.687 617 663 D SystemServerTimingAsync: ssm.onUnlockingUser-0_com.android.server.permission.access.AccessCheckingService
06-04 09:11:56.687 617 663 V SystemServerTimingAsync: ssm.onUnlockingUser-0_com.android.server.permission.access.AccessCheckingService took to complete: 0ms
06-04 09:11:56.687 617 663 D SystemServerTimingAsync: ssm.onUnlockingUser-0_com.android.server.wm.ActivityTaskManagerService$Lifecycle
06-04 09:11:56.687 617 663 V SystemServerTimingAsync: ssm.onUnlockingUser-0_com.android.server.wm.ActivityTaskManagerService$Lifecycle took to complete: 0ms
06-04 09:11:56.688 617 663 D SystemServerTimingAsync: ssm.onUnlockingUser-0_com.android.server.am.ActivityManagerService$Lifecycle
06-04 09:11:56.688 617 663 V SystemServerTimingAsync: ssm.onUnlockingUser-0_com.android.server.am.ActivityManagerService$Lifecycle took to complete: 0ms
06-04 09:11:56.688 617 663 D SystemServerTimingAsync: ssm.onUnlockingUser-0_com.android.server.pm.DataLoaderManagerService
06-04 09:11:56.688 617 663 V SystemServerTimingAsync: ssm.onUnlockingUser-0_com.android.server.pm.DataLoaderManagerService took to complete: 0ms
06-04 09:11:56.688 617 663 D SystemServerTimingAsync: ssm.onUnlockingUser-0_com.android.server.power.PowerManagerService
06-04 09:11:56.688 617 663 V SystemServerTimingAsync: ssm.onUnlockingUser-0_com.android.server.power.PowerManagerService took to complete: 0ms
06-04 09:11:56.688 617 663 D SystemServerTimingAsync: ssm.onUnlockingUser-0_com.android.server.power.ThermalManagerService
06-04 09:11:56.688 617 663 V SystemServerTimingAsync: ssm.onUnlockingUser-0_com.android.server.power.ThermalManagerService took to complete: 0ms
06-04 09:11:56.688 617 663 D SystemServerTimingAsync: ssm.onUnlockingUser-0_com.android.server.recoverysystem.RecoverySystemService$Lifecycle
06-04 09:11:56.688 617 663 V SystemServerTimingAsync: ssm.onUnlockingUser-0_com.android.server.recoverysystem.RecoverySystemService$Lifecycle took to complete: 0ms
06-04 09:11:56.688 617 663 D SystemServerTimingAsync: ssm.onUnlockingUser-0_com.android.server.lights.LightsService
06-04 09:11:56.688 617 663 V SystemServerTimingAsync: ssm.onUnlockingUser-0_com.android.server.lights.LightsService took to complete: 0ms
06-04 09:11:56.688 617 663 D SystemServerTimingAsync: ssm.onUnlockingUser-0_com.android.server.display.DisplayManagerService
06-04 09:11:56.688 617 663 V SystemServerTimingAsync: ssm.onUnlockingUser-0_com.android.server.display.DisplayManagerService took to complete: 0ms
06-04 09:11:56.688 617 663 D SystemServerTimingAsync: ssm.onUnlockingUser-0_com.android.server.pm.verify.domain.DomainVerificationService
06-04 09:11:56.688 617 663 V SystemServerTimingAsync: ssm.onUnlockingUser-0_com.android.server.pm.verify.domain.DomainVerificationService took to complete: 0ms
06-04 09:11:56.689 617 663 D SystemServerTimingAsync: ssm.onUnlockingUser-0_com.android.server.pm.PackageInstallerService$Lifecycle
06-04 09:11:56.689 617 663 V SystemServerTimingAsync: ssm.onUnlockingUser-0_com.android.server.pm.PackageInstallerService$Lifecycle took to complete: 0ms
06-04 09:11:56.689 617 663 D SystemServerTimingAsync: ssm.onUnlockingUser-0_com.android.server.pm.UserManagerService$LifeCycle
06-04 09:11:56.689 617 663 V SystemServerTimingAsync: ssm.onUnlockingUser-0_com.android.server.pm.UserManagerService$LifeCycle took to complete: 0ms
06-04 09:11:56.690 617 663 D SystemServerTimingAsync: ssm.onUnlockingUser-0_com.android.server.om.OverlayManagerService
06-04 09:11:56.690 617 663 V SystemServerTimingAsync: ssm.onUnlockingUser-0_com.android.server.om.OverlayManagerService took to complete: 0ms
06-04 09:11:56.690 617 663 D SystemServerTimingAsync: ssm.onUnlockingUser-0_com.android.server.resources.ResourcesManagerService
06-04 09:11:56.690 617 663 V SystemServerTimingAsync: ssm.onUnlockingUser-0_com.android.server.resources.ResourcesManagerService took to complete: 0ms
06-04 09:11:56.690 617 663 D SystemServerTimingAsync: ssm.onUnlockingUser-0_com.android.server.sensorprivacy.SensorPrivacyService
06-04 09:11:56.690 617 663 V SystemServerTimingAsync: ssm.onUnlockingUser-0_com.android.server.sensorprivacy.SensorPrivacyService took to complete: 0ms
06-04 09:11:56.690 617 663 D SystemServerTimingAsync: ssm.onUnlockingUser-0_com.android.server.sensors.SensorService
06-04 09:11:56.690 617 663 V SystemServerTimingAsync: ssm.onUnlockingUser-0_com.android.server.sensors.SensorService took to complete: 0ms
06-04 09:11:56.690 617 663 D SystemServerTimingAsync: ssm.onUnlockingUser-0_com.android.server.SystemConfigService
06-04 09:11:56.690 617 663 V SystemServerTimingAsync: ssm.onUnlockingUser-0_com.android.server.SystemConfigService took to complete: 0ms
06-04 09:11:56.690 617 663 D SystemServerTimingAsync: ssm.onUnlockingUser-0_com.android.server.BatteryService
06-04 09:11:56.690 617 663 V SystemServerTimingAsync: ssm.onUnlockingUser-0_com.android.server.BatteryService took to complete: 0ms
06-04 09:11:56.690 617 663 D SystemServerTimingAsync: ssm.onUnlockingUser-0_com.android.server.usage.UsageStatsService
06-04 09:11:56.692 617 663 V SystemServerTimingAsync: ssm.onUnlockingUser-0_com.android.server.usage.UsageStatsService took to complete: 2ms
06-04 09:11:56.692 617 663 D SystemServerTimingAsync: ssm.onUnlockingUser-0_com.android.server.webkit.WebViewUpdateService
06-04 09:11:56.692 617 663 V SystemServerTimingAsync: ssm.onUnlockingUser-0_com.android.server.webkit.WebViewUpdateService took to complete: 0ms
06-04 09:11:56.692 617 663 D SystemServerTimingAsync: ssm.onUnlockingUser-0_com.android.server.CachedDeviceStateService
06-04 09:11:56.692 617 663 V SystemServerTimingAsync: ssm.onUnlockingUser-0_com.android.server.CachedDeviceStateService took to complete: 0ms
06-04 09:11:56.692 617 663 D SystemServerTimingAsync: ssm.onUnlockingUser-0_com.android.server.BinderCallsStatsService$LifeCycle
06-04 09:11:56.692 617 663 V SystemServerTimingAsync: ssm.onUnlockingUser-0_com.android.server.BinderCallsStatsService$LifeCycle took to complete: 0ms
06-04 09:11:56.692 617 663 D SystemServerTimingAsync: ssm.onUnlockingUser-0_com.android.server.LooperStatsService$Lifecycle
06-04 09:11:56.692 617 663 V SystemServerTimingAsync: ssm.onUnlockingUser-0_com.android.server.LooperStatsService$Lifecycle took to complete: 0ms
06-04 09:11:56.692 617 663 D SystemServerTimingAsync: ssm.onUnlockingUser-0_com.android.server.rollback.RollbackManagerService
06-04 09:11:56.699 617 663 V SystemServerTimingAsync: ssm.onUnlockingUser-0_com.android.server.rollback.RollbackManagerService took to complete: 7ms
06-04 09:11:56.700 617 663 D SystemServerTimingAsync: ssm.onUnlockingUser-0_com.android.server.os.NativeTombstoneManagerService
06-04 09:11:56.702 617 663 V SystemServerTimingAsync: ssm.onUnlockingUser-0_com.android.server.os.NativeTombstoneManagerService took to complete: 0ms
06-04 09:11:56.702 617 663 D SystemServerTimingAsync: ssm.onUnlockingUser-0_com.android.server.os.BugreportManagerService
06-04 09:11:56.702 617 663 V SystemServerTimingAsync: ssm.onUnlockingUser-0_com.android.server.os.BugreportManagerService took to complete: 0ms
06-04 09:11:56.702 617 663 D SystemServerTimingAsync: ssm.onUnlockingUser-0_com.android.server.gpu.GpuService
06-04 09:11:56.702 617 663 V SystemServerTimingAsync: ssm.onUnlockingUser-0_com.android.server.gpu.GpuService took to complete: 0ms
06-04 09:11:56.702 617 663 D SystemServerTimingAsync: ssm.onUnlockingUser-0_com.android.server.security.rkp.RemoteProvisioningService
06-04 09:11:56.702 617 663 V SystemServerTimingAsync: ssm.onUnlockingUser-0_com.android.server.security.rkp.RemoteProvisioningService took to complete: 0ms
06-04 09:11:56.703 660 660 I apexd : destroyCeSnapshotsNotSpecified() received by ApexService user_id : 0 retain_rollback_ids : []
06-04 09:11:56.702 617 663 D SystemServerTimingAsync: ssm.onUnlockingUser-0_com.android.server.cpu.CpuMonitorService
06-04 09:11:56.702 617 663 V SystemServerTimingAsync: ssm.onUnlockingUser-0_com.android.server.cpu.CpuMonitorService took to complete: 0ms
06-04 09:11:56.702 617 663 D SystemServerTimingAsync: ssm.onUnlockingUser-0_com.android.server.security.KeyChainSystemService
06-04 09:11:56.702 617 663 V SystemServerTimingAsync: ssm.onUnlockingUser-0_com.android.server.security.KeyChainSystemService took to complete: 0ms
06-04 09:11:56.702 617 663 D SystemServerTimingAsync: ssm.onUnlockingUser-0_com.android.server.BinaryTransparencyService
06-04 09:11:56.702 617 663 V SystemServerTimingAsync: ssm.onUnlockingUser-0_com.android.server.BinaryTransparencyService took to complete: 0ms
06-04 09:11:56.702 617 663 D SystemServerTimingAsync: ssm.onUnlockingUser-0_com.android.server.accounts.AccountManagerService$Lifecycle
06-04 09:11:56.702 617 663 V SystemServerTimingAsync: ssm.onUnlockingUser-0_com.android.server.accounts.AccountManagerService$Lifecycle took to complete: 0ms
06-04 09:11:56.703 617 663 D SystemServerTimingAsync: ssm.onUnlockingUser-0_com.android.server.content.ContentService$Lifecycle
06-04 09:11:56.709 617 663 V SystemServerTimingAsync: ssm.onUnlockingUser-0_com.android.server.content.ContentService$Lifecycle took to complete: 3ms
06-04 09:11:56.709 617 663 D SystemServerTimingAsync: ssm.onUnlockingUser-0_com.android.server.deviceconfig.DeviceConfigInit$Lifecycle
06-04 09:11:56.709 617 663 V SystemServerTimingAsync: ssm.onUnlockingUser-0_com.android.server.deviceconfig.DeviceConfigInit$Lifecycle took to complete: 0ms
06-04 09:11:56.709 617 663 D SystemServerTimingAsync: ssm.onUnlockingUser-0_com.android.server.DropBoxManagerService
06-04 09:11:56.709 617 663 V SystemServerTimingAsync: ssm.onUnlockingUser-0_com.android.server.DropBoxManagerService took to complete: 0ms
06-04 09:11:56.709 617 663 D SystemServerTimingAsync: ssm.onUnlockingUser-0_com.android.ecm.EnhancedConfirmationService
06-04 09:11:56.709 617 663 V SystemServerTimingAsync: ssm.onUnlockingUser-0_com.android.ecm.EnhancedConfirmationService took to complete: 0ms
06-04 09:11:56.709 617 663 D SystemServerTimingAsync: ssm.onUnlockingUser-0_com.android.server.power.hint.HintManagerService
06-04 09:11:56.709 617 663 V SystemServerTimingAsync: ssm.onUnlockingUser-0_com.android.server.power.hint.HintManagerService took to complete: 0ms
06-04 09:11:56.709 617 663 D SystemServerTimingAsync: ssm.onUnlockingUser-0_com.android.role.RoleService
06-04 09:11:56.709 617 663 V SystemServerTimingAsync: ssm.onUnlockingUser-0_com.android.role.RoleService took to complete: 0ms
06-04 09:11:56.709 617 663 D SystemServerTimingAsync: ssm.onUnlockingUser-0_com.android.server.vibrator.VibratorManagerService$Lifecycle
06-04 09:11:56.710 617 663 V SystemServerTimingAsync: ssm.onUnlockingUser-0_com.android.server.vibrator.VibratorManagerService$Lifecycle took to complete: 0ms
06-04 09:11:56.710 617 663 D SystemServerTimingAsync: ssm.onUnlockingUser-0_com.android.server.alarm.AlarmManagerService
06-04 09:11:56.710 617 663 V SystemServerTimingAsync: ssm.onUnlockingUser-0_com.android.server.alarm.AlarmManagerService took to complete: 0ms
06-04 09:11:56.710 617 663 D SystemServerTimingAsync: ssm.onUnlockingUser-0_com.android.server.devicestate.DeviceStateManagerService
06-04 09:11:56.710 617 663 V SystemServerTimingAsync: ssm.onUnlockingUser-0_com.android.server.devicestate.DeviceStateManagerService took to complete: 0ms
06-04 09:11:56.710 617 663 D SystemServerTimingAsync: ssm.onUnlockingUser-0_com.android.server.camera.CameraServiceProxy
06-04 09:11:56.710 617 663 V SystemServerTimingAsync: ssm.onUnlockingUser-0_com.android.server.camera.CameraServiceProxy took to complete: 0ms
06-04 09:11:56.710 617 663 D SystemServerTimingAsync: ssm.onUnlockingUser-0_com.android.server.connectivity.IpConnectivityMetrics
06-04 09:11:56.710 617 663 V SystemServerTimingAsync: ssm.onUnlockingUser-0_com.android.server.connectivity.IpConnectivityMetrics took to complete: 0ms
06-04 09:11:56.710 617 663 D SystemServerTimingAsync: ssm.onUnlockingUser-0_com.android.server.net.watchlist.NetworkWatchlistService$Lifecycle
06-04 09:11:56.710 617 663 V SystemServerTimingAsync: ssm.onUnlockingUser-0_com.android.server.net.watchlist.NetworkWatchlistService$Lifecycle took to complete: 0ms
06-04 09:11:56.710 617 663 D SystemServerTimingAsync: ssm.onUnlockingUser-0_com.android.server.PinnerService
06-04 09:11:56.710 617 663 V SystemServerTimingAsync: ssm.onUnlockingUser-0_com.android.server.PinnerService took to complete: 0ms
06-04 09:11:56.710 617 663 D SystemServerTimingAsync: ssm.onUnlockingUser-0_com.android.server.integrity.AppIntegrityManagerService
06-04 09:11:56.710 617 663 V SystemServerTimingAsync: ssm.onUnlockingUser-0_com.android.server.integrity.AppIntegrityManagerService took to complete: 0ms
06-04 09:11:56.710 617 663 D SystemServerTimingAsync: ssm.onUnlockingUser-0_com.android.server.logcat.LogcatManagerService
06-04 09:11:56.710 617 663 V SystemServerTimingAsync: ssm.onUnlockingUser-0_com.android.server.logcat.LogcatManagerService took to complete: 0ms
06-04 09:11:56.710 617 663 D SystemServerTimingAsync: ssm.onUnlockingUser-0_com.android.server.inputmethod.InputMethodManagerService$Lifecycle
06-04 09:11:56.722 617 663 V SystemServerTimingAsync: ssm.onUnlockingUser-0_com.android.server.inputmethod.InputMethodManagerService$Lifecycle took to complete: 10ms
06-04 09:11:56.723 617 663 D SystemServerTimingAsync: ssm.onUnlockingUser-0_com.android.server.accessibility.AccessibilityManagerService$Lifecycle
06-04 09:11:56.723 617 663 V SystemServerTimingAsync: ssm.onUnlockingUser-0_com.android.server.accessibility.AccessibilityManagerService$Lifecycle took to complete: 0ms
06-04 09:11:56.723 617 663 D SystemServerTimingAsync: ssm.onUnlockingUser-0_com.android.server.StorageManagerService$Lifecycle
06-04 09:11:56.724 617 663 D StorageManagerService: onUserUnlocking 0
06-04 09:11:56.724 617 663 I StorageSessionController: On user unlock 0
06-04 09:11:56.724 617 663 I StorageSessionController: Initialialising...
06-04 09:11:56.734 253 315 I vold : onUserStarted: 0
06-04 09:11:56.745 617 797 V StorageManagerService: Found primary storage at VolumeInfo{emulated;0}:
06-04 09:11:56.745 617 797 V StorageManagerService: type=EMULATED diskId=null partGuid= mountFlags=0 mountUserId=0
06-04 09:11:56.745 617 797 V StorageManagerService: state=UNMOUNTED
06-04 09:11:56.745 617 797 V StorageManagerService: fsType=null fsUuid=null fsLabel=null
06-04 09:11:56.745 617 797 V StorageManagerService: path=null internalPath=null
06-04 09:11:56.746 617 705 W JobInfo : Job 'android/com.android.server.usage.UsageStatsIdleService#0' has a deadline with no functional constraints. The deadline won't improve job execution latency. Consider removing the deadline.
06-04 09:11:56.749 617 735 I StorageManagerService: Mounting volume VolumeInfo{emulated;0}:
06-04 09:11:56.749 617 735 I StorageManagerService: type=EMULATED diskId=null partGuid= mountFlags=PRIMARY|VISIBLE_FOR_WRITE
06-04 09:11:56.749 617 735 I StorageManagerService: mountUserId=0 state=UNMOUNTED
06-04 09:11:56.749 617 735 I StorageManagerService: fsType=null fsUuid=null fsLabel=null
06-04 09:11:56.749 617 735 I StorageManagerService: path=null internalPath=null
06-04 09:11:56.749 617 735 I Watchdog: Pausing of HandlerChecker: monitor thread for reason: #mount might be slow. Pause end time: 65710
06-04 09:11:56.769 253 315 I vold : Mounting emulated fuse volume
06-04 09:11:56.782 617 663 W SystemServiceManager: Service com.android.server.StorageManagerService$Lifecycle took 59 ms in onUnlockingUser-0
06-04 09:11:56.782 617 663 V SystemServerTimingAsync: ssm.onUnlockingUser-0_com.android.server.StorageManagerService$Lifecycle took to complete: 59ms
06-04 09:11:56.782 617 663 D SystemServerTimingAsync: ssm.onUnlockingUser-0_com.android.server.usage.StorageStatsService$Lifecycle
06-04 09:11:56.782 617 663 V SystemServerTimingAsync: ssm.onUnlockingUser-0_com.android.server.usage.StorageStatsService$Lifecycle took to complete: 0ms
06-04 09:11:56.782 617 663 D SystemServerTimingAsync: ssm.onUnlockingUser-0_com.android.server.UiModeManagerService
06-04 09:11:56.782 617 663 V SystemServerTimingAsync: ssm.onUnlockingUser-0_com.android.server.UiModeManagerService took to complete: 0ms
06-04 09:11:56.782 617 663 D SystemServerTimingAsync: ssm.onUnlockingUser-0_com.android.server.locales.LocaleManagerService
06-04 09:11:56.782 617 663 V SystemServerTimingAsync: ssm.onUnlockingUser-0_com.android.server.locales.LocaleManagerService took to complete: 0ms
06-04 09:11:56.782 617 663 D SystemServerTimingAsync: ssm.onUnlockingUser-0_com.android.server.grammaticalinflection.GrammaticalInflectionService
06-04 09:11:56.782 617 663 V SystemServerTimingAsync: ssm.onUnlockingUser-0_com.android.server.grammaticalinflection.GrammaticalInflectionService took to complete: 0ms
06-04 09:11:56.782 617 663 D SystemServerTimingAsync: ssm.onUnlockingUser-0_com.android.server.apphibernation.AppHibernationService
06-04 09:11:56.785 617 663 V SystemServerTimingAsync: ssm.onUnlockingUser-0_com.android.server.apphibernation.AppHibernationService took to complete: 3ms
06-04 09:11:56.785 617 663 D SystemServerTimingAsync: ssm.onUnlockingUser-0_com.android.server.locksettings.LockSettingsService$Lifecycle
06-04 09:11:56.785 617 663 V SystemServerTimingAsync: ssm.onUnlockingUser-0_com.android.server.locksettings.LockSettingsService$Lifecycle took to complete: 0ms
06-04 09:11:56.785 617 663 D SystemServerTimingAsync: ssm.onUnlockingUser-0_com.android.server.pdb.PersistentDataBlockService
06-04 09:11:56.786 617 663 V SystemServerTimingAsync: ssm.onUnlockingUser-0_com.android.server.pdb.PersistentDataBlockService took to complete: 0ms
06-04 09:11:56.786 617 663 D SystemServerTimingAsync: ssm.onUnlockingUser-0_com.android.server.testharness.TestHarnessModeService
06-04 09:11:56.786 617 663 V SystemServerTimingAsync: ssm.onUnlockingUser-0_com.android.server.testharness.TestHarnessModeService took to complete: 0ms
06-04 09:11:56.786 617 663 D SystemServerTimingAsync: ssm.onUnlockingUser-0_com.android.server.oemlock.OemLockService
06-04 09:11:56.786 617 663 V SystemServerTimingAsync: ssm.onUnlockingUser-0_com.android.server.oemlock.OemLockService took to complete: 0ms
06-04 09:11:56.786 617 663 D SystemServerTimingAsync: ssm.onUnlockingUser-0_com.android.server.DeviceIdleController
06-04 09:11:56.786 617 663 V SystemServerTimingAsync: ssm.onUnlockingUser-0_com.android.server.DeviceIdleController took to complete: 0ms
06-04 09:11:56.786 617 663 D SystemServerTimingAsync: ssm.onUnlockingUser-0_com.android.server.devicepolicy.DevicePolicyManagerService$Lifecycle
06-04 09:11:56.786 617 663 V SystemServerTimingAsync: ssm.onUnlockingUser-0_com.android.server.devicepolicy.DevicePolicyManagerService$Lifecycle took to complete: 0ms
06-04 09:11:56.786 617 663 D SystemServerTimingAsync: ssm.onUnlockingUser-0_com.android.server.texttospeech.TextToSpeechManagerService
06-04 09:11:56.788 617 740 D LockSettingsService: Hiding encryption notification for user 0
06-04 09:11:56.799 253 315 I vold : Creating mount directory /mnt/user/0
06-04 09:11:56.818 846 846 D QSPanel : setUsingHorizontalLayout: false, true
06-04 09:11:56.818 846 846 D QSPanel : Reattaching media host: false, current null, new com.android.systemui.qs.QSPanel{c2e2f48 V.E...... ......I. 0,0-0,0 #7f0a0632 app:id/quick_settings_panel}
06-04 09:11:56.828 617 663 V SystemServerTimingAsync: ssm.onUnlockingUser-0_com.android.server.texttospeech.TextToSpeechManagerService took to complete: 6ms
06-04 09:11:56.828 617 1185 I HibernationStateDiskStore: No hibernation file on disk for file /data/system_ce/0/hibernation/states
06-04 09:11:56.830 846 846 D QSPanel : setUsingHorizontalLayout: false, true
06-04 09:11:56.831 846 846 D QSPanel : Reattaching media host: false, current com.android.systemui.qs.QSPanel{c2e2f48 V.E...... ......I. 0,0-0,0 #7f0a0632 app:id/quick_settings_panel}, new com.android.systemui.qs.QSPanel{c2e2f48 V.E...... ......I. 0,0-0,0 #7f0a0632 app:id/quick_settings_panel}
06-04 09:11:56.831 617 663 D SystemServerTimingAsync: ssm.onUnlockingUser-0_com.android.server.wearable.WearableSensingManagerService
06-04 09:11:56.832 617 663 D WearableSensingManagerService: onServiceRemoved
06-04 09:11:56.832 617 663 D WearableSensingManagerPerUserService: Trying to cancel the remote request. Reason: Service destroyed.
06-04 09:11:56.832 617 663 V SystemServerTimingAsync: ssm.onUnlockingUser-0_com.android.server.wearable.WearableSensingManagerService took to complete: 1ms
06-04 09:11:56.832 617 663 D SystemServerTimingAsync: ssm.onUnlockingUser-0_com.android.server.ondeviceintelligence.OnDeviceIntelligenceManagerService
06-04 09:11:56.832 617 663 V SystemServerTimingAsync: ssm.onUnlockingUser-0_com.android.server.ondeviceintelligence.OnDeviceIntelligenceManagerService took to complete: 0ms
06-04 09:11:56.832 617 663 D SystemServerTimingAsync: ssm.onUnlockingUser-0_com.android.server.speech.SpeechRecognitionManagerService
06-04 09:11:56.838 846 846 D QuickQSPanel: setUsingHorizontalLayout: false, true
06-04 09:11:56.838 846 846 D QuickQSPanel: Reattaching media host: false, current null, new com.android.systemui.qs.QuickQSPanel{6d0a763 VFE...... ......I. 0,0-0,0 #7f0a0630 app:id/quick_qs_panel}
06-04 09:11:56.843 253 315 I vold : Bind mounting /data/media to /mnt/pass_through/0/emulated
06-04 09:11:56.833 617 663 V SystemServerTimingAsync: ssm.onUnlockingUser-0_com.android.server.speech.SpeechRecognitionManagerService took to complete: 1ms
06-04 09:11:56.852 617 735 I StorageSessionController: On volume mount VolumeInfo{emulated;0}:
06-04 09:11:56.852 617 735 I StorageSessionController: type=EMULATED diskId=null partGuid= mountFlags=PRIMARY|VISIBLE_FOR_WRITE
06-04 09:11:56.852 617 735 I StorageSessionController: mountUserId=0 state=CHECKING
06-04 09:11:56.852 617 735 I StorageSessionController: fsType=null fsUuid=null fsLabel=null
06-04 09:11:56.852 617 735 I StorageSessionController: path=/storage/emulated internalPath=/data/media
06-04 09:11:56.853 617 663 D SystemServerTimingAsync: ssm.onUnlockingUser-0_com.android.server.graphics.fonts.FontManagerService$Lifecycle
06-04 09:11:56.854 617 663 V SystemServerTimingAsync: ssm.onUnlockingUser-0_com.android.server.graphics.fonts.FontManagerService$Lifecycle took to complete: 0ms
06-04 09:11:56.854 617 663 D SystemServerTimingAsync: ssm.onUnlockingUser-0_com.android.server.textservices.TextServicesManagerService$Lifecycle
06-04 09:11:56.855 617 705 W JobInfo : Job 'android/com.android.server.usage.UsageStatsIdleService#0' has a deadline with no functional constraints. The deadline won't improve job execution latency. Consider removing the deadline.
06-04 09:11:56.861 617 735 I StorageSessionController: Creating connection for user: 0
06-04 09:11:56.863 617 663 V SystemServerTimingAsync: ssm.onUnlockingUser-0_com.android.server.textservices.TextServicesManagerService$Lifecycle took to complete: 9ms
06-04 09:11:56.863 617 663 D SystemServerTimingAsync: ssm.onUnlockingUser-0_com.android.server.textclassifier.TextClassificationManagerService$Lifecycle
06-04 09:11:56.864 617 663 V SystemServerTimingAsync: ssm.onUnlockingUser-0_com.android.server.textclassifier.TextClassificationManagerService$Lifecycle took to complete: 1ms
06-04 09:11:56.865 617 663 D SystemServerTimingAsync: ssm.onUnlockingUser-0_com.android.server.NetworkScoreService$Lifecycle
06-04 09:11:56.865 617 663 V SystemServerTimingAsync: ssm.onUnlockingUser-0_com.android.server.NetworkScoreService$Lifecycle took to complete: 0ms
06-04 09:11:56.865 617 663 D SystemServerTimingAsync: ssm.onUnlockingUser-0_com.android.server.NetworkStatsServiceInitializer
06-04 09:11:56.865 617 663 V SystemServerTimingAsync: ssm.onUnlockingUser-0_com.android.server.NetworkStatsServiceInitializer took to complete: 0ms
06-04 09:11:56.865 617 663 D SystemServerTimingAsync: ssm.onUnlockingUser-0_com.android.server.wifi.WifiService
06-04 09:11:56.865 617 663 D WifiService: Handle user unlock 0
06-04 09:11:56.867 617 735 I StorageSessionController: Creating and starting session with id: emulated;0
06-04 09:11:56.868 617 663 V SystemServerTimingAsync: ssm.onUnlockingUser-0_com.android.server.wifi.WifiService took to complete: 3ms
06-04 09:11:56.868 617 663 D SystemServerTimingAsync: ssm.onUnlockingUser-0_com.android.server.wifi.scanner.WifiScanningService
06-04 09:11:56.868 617 663 V SystemServerTimingAsync: ssm.onUnlockingUser-0_com.android.server.wifi.scanner.WifiScanningService took to complete: 0ms
06-04 09:11:56.868 617 663 D SystemServerTimingAsync: ssm.onUnlockingUser-0_com.android.server.wifi.p2p.WifiP2pService
06-04 09:11:56.868 617 663 V SystemServerTimingAsync: ssm.onUnlockingUser-0_com.android.server.wifi.p2p.WifiP2pService took to complete: 0ms
06-04 09:11:56.868 617 663 D SystemServerTimingAsync: ssm.onUnlockingUser-0_com.android.server.ConnectivityServiceInitializer
06-04 09:11:56.868 617 663 V SystemServerTimingAsync: ssm.onUnlockingUser-0_com.android.server.ConnectivityServiceInitializer took to complete: 0ms
06-04 09:11:56.868 617 663 D SystemServerTimingAsync: ssm.onUnlockingUser-0_com.android.server.notification.NotificationManagerService
06-04 09:11:56.869 617 663 V SystemServerTimingAsync: ssm.onUnlockingUser-0_com.android.server.notification.NotificationManagerService took to complete: 0ms
06-04 09:11:56.869 617 663 D SystemServerTimingAsync: ssm.onUnlockingUser-0_com.android.server.storage.DeviceStorageMonitorService
06-04 09:11:56.869 617 663 V SystemServerTimingAsync: ssm.onUnlockingUser-0_com.android.server.storage.DeviceStorageMonitorService took to complete: 0ms
06-04 09:11:56.869 617 663 D SystemServerTimingAsync: ssm.onUnlockingUser-0_com.android.server.timedetector.TimeDetectorService$Lifecycle
06-04 09:11:56.869 617 735 I StorageUserConnection: Binding to the ExternalStorageService for user 0
06-04 09:11:56.869 617 652 W Looper : Drained
06-04 09:11:56.869 617 663 V SystemServerTimingAsync: ssm.onUnlockingUser-0_com.android.server.timedetector.TimeDetectorService$Lifecycle took to complete: 0ms
06-04 09:11:56.869 617 663 D SystemServerTimingAsync: ssm.onUnlockingUser-0_com.android.server.location.LocationManagerService$Lifecycle
06-04 09:11:56.869 617 663 V SystemServerTimingAsync: ssm.onUnlockingUser-0_com.android.server.location.LocationManagerService$Lifecycle took to complete: 0ms
06-04 09:11:56.869 617 663 D SystemServerTimingAsync: ssm.onUnlockingUser-0_com.android.server.timezonedetector.TimeZoneDetectorService$Lifecycle
06-04 09:11:56.869 617 663 V SystemServerTimingAsync: ssm.onUnlockingUser-0_com.android.server.timezonedetector.TimeZoneDetectorService$Lifecycle took to complete: 0ms
06-04 09:11:56.869 617 663 D SystemServerTimingAsync: ssm.onUnlockingUser-0_com.android.server.location.altitude.AltitudeService$Lifecycle
06-04 09:11:56.869 617 663 V SystemServerTimingAsync: ssm.onUnlockingUser-0_com.android.server.location.altitude.AltitudeService$Lifecycle took to complete: 0ms
06-04 09:11:56.869 617 663 D SystemServerTimingAsync: ssm.onUnlockingUser-0_com.android.server.timezonedetector.location.LocationTimeZoneManagerService$Lifecycle
06-04 09:11:56.869 617 663 V SystemServerTimingAsync: ssm.onUnlockingUser-0_com.android.server.timezonedetector.location.LocationTimeZoneManagerService$Lifecycle took to complete: 0ms
06-04 09:11:56.869 617 663 D SystemServerTimingAsync: ssm.onUnlockingUser-0_com.android.server.search.SearchManagerService$Lifecycle
06-04 09:11:56.869 617 663 V SystemServerTimingAsync: ssm.onUnlockingUser-0_com.android.server.search.SearchManagerService$Lifecycle took to complete: 0ms
06-04 09:11:56.869 617 663 D SystemServerTimingAsync: ssm.onUnlockingUser-0_com.android.server.wallpaper.WallpaperManagerService$Lifecycle
06-04 09:11:56.870 617 663 V SystemServerTimingAsync: ssm.onUnlockingUser-0_com.android.server.wallpaper.WallpaperManagerService$Lifecycle took to complete: 0ms
06-04 09:11:56.870 617 663 D SystemServerTimingAsync: ssm.onUnlockingUser-0_com.android.server.audio.AudioService$Lifecycle
06-04 09:11:56.870 617 663 V SystemServerTimingAsync: ssm.onUnlockingUser-0_com.android.server.audio.AudioService$Lifecycle took to complete: 0ms
06-04 09:11:56.870 617 663 D SystemServerTimingAsync: ssm.onUnlockingUser-0_com.android.server.soundtrigger_middleware.SoundTriggerMiddlewareService$Lifecycle
06-04 09:11:56.870 617 663 V SystemServerTimingAsync: ssm.onUnlockingUser-0_com.android.server.soundtrigger_middleware.SoundTriggerMiddlewareService$Lifecycle took to complete: 0ms
06-04 09:11:56.870 617 663 D SystemServerTimingAsync: ssm.onUnlockingUser-0_com.android.server.DockObserver
06-04 09:11:56.870 617 663 V SystemServerTimingAsync: ssm.onUnlockingUser-0_com.android.server.DockObserver took to complete: 0ms
06-04 09:11:56.870 617 663 D SystemServerTimingAsync: ssm.onUnlockingUser-0_com.android.server.adb.AdbService$Lifecycle
06-04 09:11:56.870 617 663 V SystemServerTimingAsync: ssm.onUnlockingUser-0_com.android.server.adb.AdbService$Lifecycle took to complete: 0ms
06-04 09:11:56.870 617 663 D SystemServerTimingAsync: ssm.onUnlockingUser-0_com.android.server.usb.UsbService$Lifecycle
06-04 09:11:56.870 617 663 V SystemServerTimingAsync: ssm.onUnlockingUser-0_com.android.server.usb.UsbService$Lifecycle took to complete: 0ms
06-04 09:11:56.871 617 663 D SystemServerTimingAsync: ssm.onUnlockingUser-0_com.android.server.SerialService$Lifecycle
06-04 09:11:56.871 617 663 V SystemServerTimingAsync: ssm.onUnlockingUser-0_com.android.server.SerialService$Lifecycle took to complete: 0ms
06-04 09:11:56.871 617 663 D SystemServerTimingAsync: ssm.onUnlockingUser-0_com.android.server.twilight.TwilightService
06-04 09:11:56.871 617 663 V SystemServerTimingAsync: ssm.onUnlockingUser-0_com.android.server.twilight.TwilightService took to complete: 0ms
06-04 09:11:56.871 617 663 D SystemServerTimingAsync: ssm.onUnlockingUser-0_com.android.server.display.color.ColorDisplayService
06-04 09:11:56.871 617 663 V SystemServerTimingAsync: ssm.onUnlockingUser-0_com.android.server.display.color.ColorDisplayService took to complete: 0ms
06-04 09:11:56.871 617 663 D SystemServerTimingAsync: ssm.onUnlockingUser-0_com.android.server.job.JobSchedulerService
06-04 09:11:56.871 617 663 V SystemServerTimingAsync: ssm.onUnlockingUser-0_com.android.server.job.JobSchedulerService took to complete: 0ms
06-04 09:11:56.871 617 663 D SystemServerTimingAsync: ssm.onUnlockingUser-0_com.android.server.soundtrigger.SoundTriggerService
06-04 09:11:56.871 617 663 V SystemServerTimingAsync: ssm.onUnlockingUser-0_com.android.server.soundtrigger.SoundTriggerService took to complete: 0ms
06-04 09:11:56.871 617 663 D SystemServerTimingAsync: ssm.onUnlockingUser-0_com.android.server.trust.TrustManagerService
06-04 09:11:56.874 617 663 V SystemServerTimingAsync: ssm.onUnlockingUser-0_com.android.server.trust.TrustManagerService took to complete: 3ms
06-04 09:11:56.875 617 663 D SystemServerTimingAsync: ssm.onUnlockingUser-0_com.android.server.backup.BackupManagerService$Lifecycle
06-04 09:11:56.876 617 663 V SystemServerTimingAsync: ssm.onUnlockingUser-0_com.android.server.backup.BackupManagerService$Lifecycle took to complete: 1ms
06-04 09:11:56.876 617 663 D SystemServerTimingAsync: ssm.onUnlockingUser-0_com.android.server.appwidget.AppWidgetService
06-04 09:11:56.876 617 663 V SystemServerTimingAsync: ssm.onUnlockingUser-0_com.android.server.appwidget.AppWidgetService took to complete: 0ms
06-04 09:11:56.876 617 663 D SystemServerTimingAsync: ssm.onUnlockingUser-0_com.android.server.voiceinteraction.VoiceInteractionManagerService
06-04 09:11:56.880 617 662 D WallpaperManagerService: Wallpaper_selinux_restorecon-0
06-04 09:11:56.883 617 663 W VoiceInteractionManager: no available voice recognition services found for user 0
06-04 09:11:56.885 617 663 V SystemServerTimingAsync: ssm.onUnlockingUser-0_com.android.server.voiceinteraction.VoiceInteractionManagerService took to complete: 9ms
06-04 09:11:56.885 617 663 D SystemServerTimingAsync: ssm.onUnlockingUser-0_com.android.server.GestureLauncherService
