01-01 00:00:33.537 458 458 W Zygote : Class not found for preloading: java.time.format.DateTimeFormatterBuilder$PrefixTree-IA
01-01 00:00:33.543 458 458 W Zygote : Class not found for preloading: java.util.AbstractList$Itr-IA
01-01 00:00:33.544 458 458 W Zygote : Class not found for preloading: java.util.Collections$EmptyList-IA
01-01 00:00:33.544 458 458 W Zygote : Class not found for preloading: java.util.Collections$EmptyMap-IA
01-01 00:00:33.544 458 458 W Zygote : Class not found for preloading: java.util.Collections$EmptySet-IA
01-01 00:00:33.546 458 458 W Zygote : Class not found for preloading: java.util.DualPivotQuicksort$Sorter-IA
01-01 00:00:33.546 458 458 W Zygote : Class not found for preloading: java.util.EnumMap$EntryIterator$Entry-IA
01-01 00:00:33.547 458 458 W Zygote : Class not found for preloading: java.util.EnumMap$EntryIterator-IA
01-01 00:00:33.547 458 458 W Zygote : Class not found for preloading: java.util.EnumMap$EntrySet-IA
01-01 00:00:33.547 458 458 W Zygote : Class not found for preloading: java.util.EnumMap$EnumMapIterator-IA
01-01 00:00:33.548 458 458 W Zygote : Class not found for preloading: java.util.EnumMap$KeyIterator-IA
01-01 00:00:33.548 458 458 W Zygote : Class not found for preloading: java.util.EnumMap$KeySet-IA
01-01 00:00:33.549 458 458 W Zygote : Class not found for preloading: java.util.EnumMap$ValueIterator-IA
01-01 00:00:33.549 458 458 W Zygote : Class not found for preloading: java.util.EnumMap$Values-IA
01-01 00:00:33.550 458 458 W Zygote : Class not found for preloading: java.util.Hashtable$EntrySet-IA
01-01 00:00:33.551 458 458 W Zygote : Class not found for preloading: java.util.Hashtable$KeySet-IA
01-01 00:00:33.551 458 458 W Zygote : Class not found for preloading: java.util.Hashtable$ValueCollection-IA
01-01 00:00:33.551 458 458 W Zygote : Class not found for preloading: java.util.IdentityHashMap$EntryIterator$Entry-IA
01-01 00:00:33.552 458 458 W Zygote : Class not found for preloading: java.util.IdentityHashMap$EntryIterator-IA
01-01 00:00:33.552 458 458 W Zygote : Class not found for preloading: java.util.IdentityHashMap$EntrySet-IA
01-01 00:00:33.552 458 458 W Zygote : Class not found for preloading: java.util.IdentityHashMap$IdentityHashMapIterator-IA
01-01 00:00:33.553 458 458 W Zygote : Class not found for preloading: java.util.IdentityHashMap$KeyIterator-IA
01-01 00:00:33.553 458 458 W Zygote : Class not found for preloading: java.util.IdentityHashMap$KeySet-IA
01-01 00:00:33.553 458 458 W Zygote : Class not found for preloading: java.util.IdentityHashMap$ValueIterator-IA
01-01 00:00:33.554 458 458 W Zygote : Class not found for preloading: java.util.IdentityHashMap$Values-IA
01-01 00:00:33.555 458 458 W Zygote : Class not found for preloading: java.util.ImmutableCollections$ListN-IA
01-01 00:00:33.555 458 458 W Zygote : Class not found for preloading: java.util.LinkedList$DescendingIterator-IA
01-01 00:00:33.556 458 458 W Zygote : Class not found for preloading: java.util.Locale$LocaleKey-IA
01-01 00:00:33.562 458 458 W Zygote : Class not found for preloading: java.util.Vector$Itr-IA
01-01 00:00:33.562 458 458 W Zygote : Class not found for preloading: java.util.WeakHashMap$EntryIterator-IA
01-01 00:00:33.562 458 458 W Zygote : Class not found for preloading: java.util.WeakHashMap$EntrySet-IA
01-01 00:00:33.563 458 458 W Zygote : Class not found for preloading: java.util.WeakHashMap$KeyIterator-IA
01-01 00:00:33.563 458 458 W Zygote : Class not found for preloading: java.util.WeakHashMap$KeySet-IA
01-01 00:00:33.563 458 458 W Zygote : Class not found for preloading: java.util.WeakHashMap$ValueIterator-IA
01-01 00:00:33.563 458 458 W Zygote : Class not found for preloading: java.util.WeakHashMap$Values-IA
01-01 00:00:33.569 458 458 W Zygote : Class not found for preloading: java.util.logging.FileHandler$InitializationErrorManager-IA
01-01 00:00:33.574 458 458 W Zygote : Class not found for preloading: java.util.stream.Nodes$ToArrayTask$OfInt-IA
01-01 00:00:33.574 458 458 W Zygote : Class not found for preloading: java.util.stream.Nodes$ToArrayTask$OfPrimitive-IA
01-01 00:00:33.575 458 458 W Zygote : Class not found for preloading: java.util.stream.Nodes$ToArrayTask$OfRef-IA
01-01 00:00:33.576 458 458 W Zygote : Class not found for preloading: java.util.stream.Streams$AbstractStreamBuilderImpl-IA
01-01 00:00:33.577 458 458 W Zygote : Class not found for preloading: java.util.zip.Deflater$DeflaterZStreamRef-IA
01-01 00:00:33.578 458 458 W Zygote : Class not found for preloading: java.util.zip.Inflater$InflaterZStreamRef-IA
01-01 00:00:33.578 458 458 W Zygote : Class not found for preloading: java.util.zip.ZipFile$Source$End-IA
01-01 00:00:33.587 458 458 W Zygote : Class not found for preloading: org.apache.harmony.xml.ExpatParser$CurrentAttributes-IA
01-01 00:00:33.587 458 458 W Zygote : Class not found for preloading: org.apache.harmony.xml.ExpatParser$ExpatLocator-IA
01-01 00:00:33.593 458 458 W Zygote : Class not found for preloading: sun.nio.ch.FileChannelImpl$Unmapper-IA
01-01 00:00:33.596 458 458 W Zygote : Class not found for preloading: sun.security.jca.GetInstance$Instance-IA
01-01 00:00:33.600 458 458 W Zygote : Class not found for preloading: sun.security.provider.certpath.OCSPResponse$SingleResponse-IA
01-01 00:00:33.602 458 458 W Zygote : Class not found for preloading: sun.security.provider.certpath.RevocationChecker$RevocationProperties-IA
01-01 00:00:33.610 458 458 W Zygote : Class not found for preloading: sun.security.util.DisabledAlgorithmConstraints$Constraint-IA
01-01 00:00:33.617 458 458 W Zygote : Class not found for preloading: sun.util.locale.BaseLocale$Key-IA
01-01 00:00:33.618 458 458 W Zygote : Class not found for preloading: sun.util.locale.InternalLocaleBuilder$CaseInsensitiveChar-IA
01-01 00:00:33.631 458 458 I Zygote : ...preloaded 17432 classes in 2341ms.
01-01 00:00:33.631 458 458 V Zygote64Timing: PreloadClasses took to complete: 2341ms
01-01 00:00:33.641 458 458 D nativeloader: InitApexLibraries:
01-01 00:00:33.641 458 458 D nativeloader: com_android_art: libnativehelper.so
01-01 00:00:33.641 458 458 D nativeloader: com_android_i18n: libicui18n.so:libicuuc.so:libicu.so
01-01 00:00:33.641 458 458 D nativeloader: com_android_neuralnetworks: libneuralnetworks.so
01-01 00:00:33.641 458 458 D nativeloader: InitDefaultPublicLibraries for_preload=0: libandroid.so:libaaudio.so:libamidi.so:libbinder_ndk.so:libc.so:libcamera2ndk.so:libclang_rt.hwasan-aarch64-android.so:libdl.so:libEGL.so:libGLESv1_CM.so:libGLESv2.so:libGLESv3.so:libjnigraphics.so:liblog.so:libmediandk.so:libm.so:libnativewindow.so:libOpenMAXAL.so:libOpenSLES.so:libRS.so:libstdc++.so:libsync.so:libvulkan.so:libwebviewchromium_plat_support.so:libz.so
01-01 00:00:33.641 458 458 D nativeloader: Configuring clns-shared-1 for other apk /system/framework/android.hidl.base-V1.0-java.jar. target_sdk_version=35, uses_libraries=, library_path=, permitted_path=/data:/mnt/expand
01-01 00:00:33.641 458 458 D nativeloader: InitExtendedPublicLibraries:
01-01 00:00:33.643 458 458 D nativeloader: InitVendorPublicLibraries: libPVROCL.so:vulkan.powervr.so
01-01 00:00:33.643 458 458 D nativeloader: InitProductPublicLibraries:
01-01 00:00:33.644 458 458 D ApplicationLoaders: Created zygote-cached class loader: /system/framework/android.hidl.base-V1.0-java.jar
01-01 00:00:33.650 458 458 D nativeloader: Configuring clns-shared-2 for other apk /system/framework/android.hidl.manager-V1.0-java.jar. target_sdk_version=35, uses_libraries=, library_path=, permitted_path=/data:/mnt/expand
01-01 00:00:33.652 458 458 D ApplicationLoaders: Created zygote-cached class loader: /system/framework/android.hidl.manager-V1.0-java.jar
01-01 00:00:33.659 458 458 D nativeloader: Configuring clns-shared-3 for other apk /system/framework/android.test.base.jar. target_sdk_version=35, uses_libraries=, library_path=, permitted_path=/data:/mnt/expand
01-01 00:00:33.660 458 458 D ApplicationLoaders: Created zygote-cached class loader: /system/framework/android.test.base.jar
01-01 00:00:33.670 458 458 D nativeloader: Configuring clns-shared-4 for other apk /system/framework/org.apache.http.legacy.jar. target_sdk_version=35, uses_libraries=, library_path=, permitted_path=/data:/mnt/expand
01-01 00:00:33.672 458 458 D ApplicationLoaders: Created zygote-cached class loader: /system/framework/org.apache.http.legacy.jar
01-01 00:00:33.682 458 458 D nativeloader: Configuring clns-shared-5 for other apk /system_ext/framework/androidx.window.extensions.jar. target_sdk_version=35, uses_libraries=, library_path=, permitted_path=/data:/mnt/expand
01-01 00:00:33.684 458 458 D ApplicationLoaders: Created zygote-cached class loader: /system_ext/framework/androidx.window.extensions.jar
01-01 00:00:33.691 458 458 D nativeloader: Configuring clns-shared-6 for other apk /system_ext/framework/androidx.window.sidecar.jar. target_sdk_version=35, uses_libraries=, library_path=, permitted_path=/data:/mnt/expand
01-01 00:00:33.693 458 458 D ApplicationLoaders: Created zygote-cached class loader: /system_ext/framework/androidx.window.sidecar.jar
01-01 00:00:33.693 458 458 V Zygote64Timing: CacheNonBootClasspathClassLoaders took to complete: 62ms
01-01 00:00:33.693 458 458 I Resources: Preloading resources...
01-01 00:00:33.719 458 458 W Resources: Preloaded drawable resource #0x10802ca (android:drawable/dialog_background_material) that varies with configuration!!
01-01 00:00:33.744 458 458 W Resources: Preloaded drawable resource #0x108086a (android:drawable/progress_horizontal_material) that varies with configuration!!
01-01 00:00:33.746 458 458 W Resources: Preloaded drawable resource #0x108086e (android:drawable/progress_indeterminate_horizontal_material) that varies with configuration!!
01-01 00:00:33.762 458 458 I Resources: ...preloaded 63 resources in 69ms.
01-01 00:00:33.769 458 458 I Resources: ...preloaded 41 resources in 8ms.
01-01 00:00:33.770 458 458 V Zygote64Timing: PreloadResources took to complete: 77ms
01-01 00:00:33.844 498 498 W ServiceManagerCppClient: Waited one second for activity (is service started? Number of threads started in the threadpool: 16. Are binder threads started and available?)
01-01 00:00:33.847 243 243 I servicemanager: Caller(pid=498,uid=1041,sid=u:r:audioserver:s0) Since 'activity' could not be found trying to start it as a lazy AIDL service. (if it's not configured to be a lazy service, it may be stuck starting or still starting).
01-01 00:00:33.859 243 611 W libc : Unable to set property "ctl.interface_start" to "aidl/activity": PROP_ERROR_HANDLE_CONTROL_MESSAGE (0x20)
01-01 00:00:33.848 1 1 E init : Control message: Could not find 'aidl/activity' for ctl.interface_start from pid: 243 (/system/bin/servicemanager)
01-01 00:00:33.862 611 611 I servicemanager: Caller(pid=498,uid=1041,sid=u:r:audioserver:s0) Tried to start aidl service activity as a lazy service, but was unable to. Usually this happens when a service is not installed, but if the service is intended to be used as a lazy service, then it may be configured incorrectly.
01-01 00:00:33.934 458 458 I Zygote : Preloading shared libraries...
01-01 00:00:33.936 458 458 D nativeloader: Load libandroid.so using system ns (caller=/system/framework/framework.jar!classes5.dex): ok
01-01 00:00:33.940 458 458 D nativeloader: Load libjnigraphics.so using system ns (caller=/system/framework/framework.jar!classes5.dex): ok
01-01 00:00:33.944 458 458 D nativeloader: Load libcompiler_rt.so using system ns (caller=/system/framework/framework.jar!classes5.dex): ok
01-01 00:00:33.946 458 458 E zygote64: Unable to find pattern file or unable to map it for am
01-01 00:00:33.952 458 458 D nativeloader: Load libwebviewchromium_loader.so using system ns (caller=/system/framework/framework.jar!classes4.dex): ok
01-01 00:00:33.955 458 458 I Zygote : Called ZygoteHooks.endPreload()
01-01 00:00:33.957 458 458 I Zygote : Installed AndroidKeyStoreProvider in 1ms.
01-01 00:00:33.962 458 458 I Zygote : Warmed up JCA providers in 5ms.
01-01 00:00:33.962 458 458 D Zygote : end preload
01-01 00:00:33.962 458 458 V Zygote64Timing: ZygotePreload took to complete: 3032ms
01-01 00:00:33.999 534 534 W ServiceManagerCppClient: Service package_native didn't start. Returning NULL
01-01 00:00:33.999 534 534 E storaged: getService package_native failed
01-01 00:00:34.000 534 534 W BpBinder: Linking to death on android.hardware.health.IHealth but there are no threads (yet?) listening to incoming transactions. See ProcessState::startThreadPool and ProcessState::setThreadPoolMaxThreadCount. Generally you should setup the binder threadpool before other initialization steps.
01-01 00:00:34.002 534 612 I storaged: storaged: Start
01-01 00:00:34.005 534 612 I ServiceManagerCppClient: Waiting for service 'package_native' on '/dev/binder'...
01-01 00:00:34.091 458 458 I zygote64: Explicit concurrent mark compact GC freed 2891KB AllocSpace bytes, 3(68KB) LOS objects, 49% free, 8142KB/15MB, paused 513us,5.028ms total 128.318ms
01-01 00:00:34.196 458 458 I zygote64: Explicit concurrent mark compact GC freed 304KB AllocSpace bytes, 0(0B) LOS objects, 49% free, 7934KB/15MB, paused 168us,3.553ms total 102.305ms
01-01 00:00:34.197 458 458 V Zygote64Timing: PostZygoteInitGC took to complete: 234ms
01-01 00:00:34.197 458 458 V Zygote64Timing: ZygoteInit took to complete: 3340ms
01-01 00:00:34.313 498 570 D AudioSystem: getService: waiting for media.audio_policy
01-01 00:00:34.351 458 458 I zygote64: Background concurrent mark compact GC freed 128KB AllocSpace bytes, 0(0B) LOS objects, 49% free, 7934KB/15MB, paused 107us,3.664ms total 102.155ms
01-01 00:00:34.384 532 568 W ServiceManagerCppClient: Service package_native didn't start. Returning NULL
01-01 00:00:34.384 532 568 E ServiceUtilities: getCachedInfo: Cannot find package_native
01-01 00:00:34.485 458 458 D Zygote : Forked child process 617
01-01 00:00:34.485 458 458 I Zygote : System server process 617 has been created
01-01 00:00:34.488 458 458 I Zygote : Accepting command socket connections
01-01 00:00:34.501 281 313 I keystore2: system/security/keystore2/watchdog/src/lib.rs:356 - Watchdog thread idle -> terminating. Have a great day.
01-01 00:00:34.846 498 498 W ServiceManagerCppClient: Waited one second for activity (is service started? Number of threads started in the threadpool: 16. Are binder threads started and available?)
01-01 00:00:34.848 243 243 I servicemanager: Caller(pid=498,uid=1041,sid=u:r:audioserver:s0) Since 'activity' could not be found trying to start it as a lazy AIDL service. (if it's not configured to be a lazy service, it may be stuck starting or still starting).
01-01 00:00:34.850 1 1 E init : Control message: Could not find 'aidl/activity' for ctl.interface_start from pid: 243 (/system/bin/servicemanager)
01-01 00:00:34.861 243 623 W libc : Unable to set property "ctl.interface_start" to "aidl/activity": PROP_ERROR_HANDLE_CONTROL_MESSAGE (0x20)
01-01 00:00:34.863 623 623 I servicemanager: Caller(pid=498,uid=1041,sid=u:r:audioserver:s0) Tried to start aidl service activity as a lazy service, but was unable to. Usually this happens when a service is not installed, but if the service is intended to be used as a lazy service, then it may be configured incorrectly.
01-01 00:00:34.895 617 617 D nativeloader: Configuring clns-shared-7 for other apk /system/framework/com.android.location.provider.jar:/system/framework/services.jar:/apex/com.android.adservices/javalib/service-adservices.jar:/apex/com.android.adservices/javalib/service-sdksandbox.jar:/apex/com.android.appsearch/javalib/service-appsearch.jar:/apex/com.android.art/javalib/service-art.jar:/apex/com.android.compos/javalib/service-compos.jar:/apex/com.android.configinfrastructure/javalib/service-configinfrastructure.jar:/apex/com.android.healthfitness/javalib/service-healthfitness.jar:/apex/com.android.media/javalib/service-media-s.jar:/apex/com.android.ondevicepersonalization/javalib/service-ondevicepersonalization.jar:/apex/com.android.permission/javalib/service-permission.jar:/apex/com.android.rkpd/javalib/service-rkp.jar:/apex/com.android.virt/javalib/service-virtualization.jar. target_sdk_version=10000, uses_libraries=ALL, library_path=/system/lib64, permitted_path=/data:/mnt/expand:/system/lib64
01-01 00:00:34.899 617 617 D nativeloader: InitApexLibraries:
01-01 00:00:34.899 617 617 D nativeloader: com_android_adservices: libhpke_jni.so:libtflite_support_classifiers_native.so
01-01 00:00:34.899 617 617 D nativeloader: com_android_appsearch: libicing.so
01-01 00:00:34.899 617 617 D nativeloader: com_android_art: libartservice.so
01-01 00:00:34.899 617 617 D nativeloader: com_android_btservices: libbluetooth_jni.so
01-01 00:00:34.899 617 617 D nativeloader: com_android_conscrypt: libjavacrypto.so
01-01 00:00:34.899 617 617 D nativeloader: com_android_extservices: libtflite_support_classifiers_native.so
01-01 00:00:34.899 617 617 D nativeloader: com_android_mediaprovider: libpdfclient.so
01-01 00:00:34.899 617 617 D nativeloader: com_android_nfcservices: libnfc_nci_jni.so
01-01 00:00:34.899 617 617 D nativeloader: com_android_ondevicepersonalization: libfcp_cpp_dep_jni.so:libfcp_hpke_jni.so
01-01 00:00:34.899 617 617 D nativeloader: com_android_os_statsd: libstats_jni.so
01-01 00:00:34.899 617 617 D nativeloader: com_android_tethering: libandroid_net_connectivity_com_android_net_module_util_jni.so:libcrypto.so:libframework-connectivity-jni.so:libframework-connectivity-tiramisu-jni.so:libmainlinecronet.126.0.6423.0.so:libservice-connectivity.so:libservice-thread-jni.so:libssl.so
01-01 00:00:34.899 617 617 D nativeloader: com_android_uwb: libuwb_uci_jni_rust.so
01-01 00:00:34.899 617 617 D nativeloader: com_android_virt: libvirtualizationservice_jni.so:libvirtualmachine_jni.so
01-01 00:00:34.940 617 617 D nativeloader: Configuring clns-shared-8 for other apk /apex/com.android.btservices/javalib/service-bluetooth.jar. target_sdk_version=35, uses_libraries=ALL, library_path=, permitted_path=/data:/mnt/expand
01-01 00:00:34.956 617 617 D nativeloader: Configuring clns-shared-9 for other apk /apex/com.android.devicelock/javalib/service-devicelock.jar. target_sdk_version=35, uses_libraries=ALL, library_path=, permitted_path=/data:/mnt/expand
01-01 00:00:34.978 617 617 D nativeloader: Configuring clns-shared-10 for other apk /apex/com.android.os.statsd/javalib/service-statsd.jar. target_sdk_version=35, uses_libraries=ALL, library_path=, permitted_path=/data:/mnt/expand
01-01 00:00:34.994 617 617 D nativeloader: Configuring clns-shared-11 for other apk /apex/com.android.profiling/javalib/service-profiling.jar. target_sdk_version=35, uses_libraries=ALL, library_path=, permitted_path=/data:/mnt/expand
01-01 00:00:35.006 617 617 D nativeloader: Configuring clns-shared-12 for other apk /apex/com.android.scheduling/javalib/service-scheduling.jar. target_sdk_version=35, uses_libraries=ALL, library_path=, permitted_path=/data:/mnt/expand
01-01 00:00:35.050 617 617 D nativeloader: Configuring clns-shared-13 for other apk /apex/com.android.tethering/javalib/service-connectivity.jar. target_sdk_version=35, uses_libraries=ALL, library_path=, permitted_path=/data:/mnt/expand
01-01 00:00:35.110 617 617 D nativeloader: Configuring clns-shared-14 for other apk /apex/com.android.uwb/javalib/service-uwb.jar. target_sdk_version=35, uses_libraries=ALL, library_path=, permitted_path=/data:/mnt/expand
01-01 00:00:35.314 498 570 D AudioSystem: getService: waiting for media.audio_policy
01-01 00:00:35.386 617 617 D nativeloader: Configuring clns-shared-15 for other apk /apex/com.android.wifi/javalib/service-wifi.jar. target_sdk_version=35, uses_libraries=ALL, library_path=, permitted_path=/data:/mnt/expand
01-01 00:00:35.420 617 617 I system_server: Using CollectorTypeCMC GC.
01-01 00:00:35.424 617 617 W system_server: Failed to upload odrefresh metrics: Unable to open or parse metrics file /data/misc/odrefresh/odrefresh-metrics.xml (error: Error=XML_ERROR_FILE_NOT_FOUND ErrorID=3 (0x3) Line number=0: filename=/data/misc/odrefresh/odrefresh-metrics.xml)
01-01 00:00:35.428 617 617 E system_server: Not starting debugger since process cannot load the jdwp agent.
01-01 00:00:35.428 617 639 W system_server: AIBinder_linkToDeath is being called with a non-null cookie and no onUnlink callback set. This might not be intended. AIBinder_DeathRecipient_setOnUnlinked should be called first.
01-01 00:00:35.428 617 639 W BpBinder: Linking to death on android.os.IStatsd but there are no threads (yet?) listening to incoming transactions. See ProcessState::startThreadPool and ProcessState::setThreadPoolMaxThreadCount. Generally you should setup the binder threadpool before other initialization steps.
01-01 00:00:35.435 617 617 D nativeloader: Load libframework-connectivity-tiramisu-jni.so using APEX ns com_android_tethering for caller /apex/com.android.tethering/javalib/framework-connectivity-t.jar: ok
01-01 00:00:35.438 457 464 I ServiceManagerCppClient: Waiting for service 'statscompanion' on '/dev/binder'...
01-01 00:00:35.442 617 617 D SystemServerTiming: InitBeforeStartServices
01-01 00:00:35.446 617 617 I SystemServer: Entered the Android system server!
01-01 00:00:35.847 498 498 W ServiceManagerCppClient: Waited one second for activity (is service started? Number of threads started in the threadpool: 16. Are binder threads started and available?)
01-01 00:00:35.850 243 243 I servicemanager: Caller(pid=498,uid=1041,sid=u:r:audioserver:s0) Since 'activity' could not be found trying to start it as a lazy AIDL service. (if it's not configured to be a lazy service, it may be stuck starting or still starting).
01-01 00:00:35.851 1 1 E init : Control message: Could not find 'aidl/activity' for ctl.interface_start from pid: 243 (/system/bin/servicemanager)
01-01 00:00:35.862 243 649 W libc : Unable to set property "ctl.interface_start" to "aidl/activity": PROP_ERROR_HANDLE_CONTROL_MESSAGE (0x20)
01-01 00:00:35.864 649 649 I servicemanager: Caller(pid=498,uid=1041,sid=u:r:audioserver:s0) Tried to start aidl service activity as a lazy service, but was unable to. Usually this happens when a service is not installed, but if the service is intended to be used as a lazy service, then it may be configured incorrectly.
01-01 00:00:35.896 617 617 D nativeloader: Load /system/lib64/libandroid_servers.so using ns default for caller /system/framework/services.jar in same partition (is_bridged=0): ok
01-01 00:00:35.927 617 617 E Binder : Outgoing transactions from this process must be FLAG_ONEWAY
01-01 00:00:35.927 617 617 E Binder : java.lang.Throwable
01-01 00:00:35.927 617 617 E Binder : at android.os.BinderProxy.transact(BinderProxy.java:543)
01-01 00:00:35.927 617 617 E Binder : at android.os.IServiceManager$Stub$Proxy.checkService(IServiceManager.java:501)
01-01 00:00:35.927 617 617 E Binder : at android.os.ServiceManagerProxy.checkService(ServiceManagerNative.java:73)
01-01 00:00:35.927 617 617 E Binder : at android.os.ServiceManagerProxy.getService2(ServiceManagerNative.java:69)
01-01 00:00:35.927 617 617 E Binder : at android.os.ServiceManager.rawGetService(ServiceManager.java:428)
01-01 00:00:35.927 617 617 E Binder : at android.os.ServiceManager.getService(ServiceManager.java:175)
01-01 00:00:35.927 617 617 E Binder : at android.hardware.display.DisplayManagerGlobal.getInstance(DisplayManagerGlobal.java:189)
01-01 00:00:35.927 617 617 E Binder : at android.app.ResourcesManager.getDisplayMetrics(ResourcesManager.java:438)
01-01 00:00:35.927 617 617 E Binder : at android.app.ResourcesManager.getDisplayMetrics(ResourcesManager.java:430)
01-01 00:00:35.927 617 617 E Binder : at android.app.ContextImpl.createSystemContext(ContextImpl.java:3432)
01-01 00:00:35.927 617 617 E Binder : at android.app.ActivityThread.getSystemContext(ActivityThread.java:3129)
01-01 00:00:35.927 617 617 E Binder : at android.app.ActivityThread.attach(ActivityThread.java:8510)
01-01 00:00:35.927 617 617 E Binder : at android.app.ActivityThread.systemMain(ActivityThread.java:8545)
01-01 00:00:35.927 617 617 E Binder : at com.android.server.SystemServer.createSystemContext(SystemServer.java:1057)
01-01 00:00:35.927 617 617 E Binder : at com.android.server.SystemServer.run(SystemServer.java:890)
01-01 00:00:35.927 617 617 E Binder : at com.android.server.SystemServer.main(SystemServer.java:669)
01-01 00:00:35.927 617 617 E Binder : at java.lang.reflect.Method.invoke(Native Method)
01-01 00:00:35.927 617 617 E Binder : at com.android.internal.os.RuntimeInit$MethodAndArgsCaller.run(RuntimeInit.java:591)
01-01 00:00:35.927 617 617 E Binder : at com.android.internal.os.ZygoteInit.main(ZygoteInit.java:849)
01-01 00:00:35.929 617 617 E AndroidRuntime: Original WTF:
01-01 00:00:35.929 617 617 E AndroidRuntime: android.util.Log$TerribleFailure: Outgoing transactions from this process must be FLAG_ONEWAY
01-01 00:00:35.929 617 617 E AndroidRuntime: at android.util.Log.wtf(Log.java:338)
01-01 00:00:35.929 617 617 E AndroidRuntime: at android.util.Log.wtf(Log.java:332)
01-01 00:00:35.929 617 617 E AndroidRuntime: at android.os.BinderProxy.transact(BinderProxy.java:543)
01-01 00:00:35.929 617 617 E AndroidRuntime: at android.os.IServiceManager$Stub$Proxy.checkService(IServiceManager.java:501)
01-01 00:00:35.929 617 617 E AndroidRuntime: at android.os.ServiceManagerProxy.checkService(ServiceManagerNative.java:73)
01-01 00:00:35.929 617 617 E AndroidRuntime: at android.os.ServiceManagerProxy.getService2(ServiceManagerNative.java:69)
01-01 00:00:35.929 617 617 E AndroidRuntime: at android.os.ServiceManager.rawGetService(ServiceManager.java:428)
01-01 00:00:35.929 617 617 E AndroidRuntime: at android.os.ServiceManager.getService(ServiceManager.java:175)
01-01 00:00:35.929 617 617 E AndroidRuntime: at android.hardware.display.DisplayManagerGlobal.getInstance(DisplayManagerGlobal.java:189)
01-01 00:00:35.929 617 617 E AndroidRuntime: at android.app.ResourcesManager.getDisplayMetrics(ResourcesManager.java:438)
01-01 00:00:35.929 617 617 E AndroidRuntime: at android.app.ResourcesManager.getDisplayMetrics(ResourcesManager.java:430)
01-01 00:00:35.929 617 617 E AndroidRuntime: at android.app.ContextImpl.createSystemContext(ContextImpl.java:3432)
01-01 00:00:35.929 617 617 E AndroidRuntime: at android.app.ActivityThread.getSystemContext(ActivityThread.java:3129)
01-01 00:00:35.929 617 617 E AndroidRuntime: at android.app.ActivityThread.attach(ActivityThread.java:8510)
01-01 00:00:35.929 617 617 E AndroidRuntime: at android.app.ActivityThread.systemMain(ActivityThread.java:8545)
01-01 00:00:35.929 617 617 E AndroidRuntime: at com.android.server.SystemServer.createSystemContext(SystemServer.java:1057)
01-01 00:00:35.929 617 617 E AndroidRuntime: at com.android.server.SystemServer.run(SystemServer.java:890)
01-01 00:00:35.929 617 617 E AndroidRuntime: at com.android.server.SystemServer.main(SystemServer.java:669)
01-01 00:00:35.929 617 617 E AndroidRuntime: at java.lang.reflect.Method.invoke(Native Method)
01-01 00:00:35.929 617 617 E AndroidRuntime: at com.android.internal.os.RuntimeInit$MethodAndArgsCaller.run(RuntimeInit.java:591)
01-01 00:00:35.929 617 617 E AndroidRuntime: at com.android.internal.os.ZygoteInit.main(ZygoteInit.java:849)
01-01 00:00:35.929 617 617 E AndroidRuntime: Caused by: java.lang.Throwable
01-01 00:00:35.929 617 617 E AndroidRuntime: ... 19 more
01-01 00:00:35.939 617 617 I SystemServerInitThreadPool: Creating instance with 4 threads
01-01 00:00:35.939 617 617 V SystemServerTiming: InitBeforeStartServices took to complete: 497ms
01-01 00:00:35.940 617 617 D SystemServerTiming: StartServices
01-01 00:00:35.940 617 617 D SystemServerTiming: startBootstrapServices
01-01 00:00:35.940 617 617 D SystemServerTiming: ArtModuleServiceInitializer
01-01 00:00:35.941 617 617 V SystemServerTiming: ArtModuleServiceInitializer took to complete: 0ms
01-01 00:00:35.941 617 617 D SystemServerTiming: StartWatchdog
01-01 00:00:35.972 617 617 V SystemServerTiming: StartWatchdog took to complete: 31ms
01-01 00:00:35.972 617 617 I SystemServer: Reading configuration...
01-01 00:00:35.972 617 617 D SystemServerTiming: ReadingSystemConfig
01-01 00:00:35.973 617 617 V SystemServerTiming: ReadingSystemConfig took to complete: 1ms
01-01 00:00:35.974 617 617 D SystemServerTiming: InitializeProtoLog
01-01 00:00:35.974 617 617 V SystemServerTiming: InitializeProtoLog took to complete: 1ms
01-01 00:00:35.974 617 617 D SystemServerTiming: PlatformCompat
01-01 00:00:35.975 617 659 D SystemServerTimingAsync: InitThreadPoolExec:ReadingSystemConfig
01-01 00:00:35.975 617 659 D SystemServerInitThreadPool: Started executing ReadingSystemConfig
01-01 00:00:35.977 617 617 D CompatConfig: Found a config file: /system/etc/compatconfig/services-platform-compat-config.xml
01-01 00:00:35.978 617 659 I SystemConfig: Reading permissions from /system/etc/sysconfig/preinstalled-packages-strict-signature.xml
01-01 00:00:35.980 617 659 I incfs : Initial API level of the device: 35
01-01 00:00:35.980 617 659 I incfs : ro.incremental.enable: on
01-01 00:00:35.981 617 659 I incfs : isFsAvailable: true
01-01 00:00:35.981 617 659 I incfs : isFsAvailable: true
01-01 00:00:35.981 617 659 I incfs : IncFs_Features: v2
01-01 00:00:35.983 617 659 I SystemConfig: Reading permissions from /system/etc/sysconfig/preinstalled-packages-platform-handheld-system.xml
01-01 00:00:35.985 617 659 I SystemConfig: Reading permissions from /system/etc/sysconfig/enhanced-confirmation.xml
01-01 00:00:35.987 617 659 I SystemConfig: Reading permissions from /system/etc/sysconfig/preinstalled-packages-platform-full-base.xml
01-01 00:00:35.987 617 617 D CompatConfig: Adding: com.android.server.compat.config.Change@2eab23b
01-01 00:00:35.988 617 617 D CompatConfig: Adding: com.android.server.compat.config.Change@4de0d58
01-01 00:00:35.988 617 617 D CompatConfig: Adding: com.android.server.compat.config.Change@4acaeb1
01-01 00:00:35.988 617 617 D CompatConfig: Adding: com.android.server.compat.config.Change@8a67f96
01-01 00:00:35.988 617 617 D CompatConfig: Adding: com.android.server.compat.config.Change@dc83717
01-01 00:00:35.988 617 617 D CompatConfig: Adding: com.android.server.compat.config.Change@1d2a704
01-01 00:00:35.988 617 617 D CompatConfig: Adding: com.android.server.compat.config.Change@6ac84ed
01-01 00:00:35.988 617 617 D CompatConfig: Adding: com.android.server.compat.config.Change@442ff22
01-01 00:00:35.988 617 617 D CompatConfig: Adding: com.android.server.compat.config.Change@8f2db3
01-01 00:00:35.988 617 617 D CompatConfig: Adding: com.android.server.compat.config.Change@8552f70
01-01 00:00:35.988 617 617 D CompatConfig: Adding: com.android.server.compat.config.Change@15982e9
01-01 00:00:35.988 617 617 D CompatConfig: Adding: com.android.server.compat.config.Change@235eb6e
01-01 00:00:35.989 617 617 D CompatConfig: Adding: com.android.server.compat.config.Change@3c4f20f
01-01 00:00:35.989 617 617 D CompatConfig: Adding: com.android.server.compat.config.Change@335d29c
01-01 00:00:35.989 617 617 D CompatConfig: Adding: com.android.server.compat.config.Change@4be64a5
01-01 00:00:35.989 617 617 D CompatConfig: Adding: com.android.server.compat.config.Change@459507a
01-01 00:00:35.989 617 617 D CompatConfig: Adding: com.android.server.compat.config.Change@8e8a02b
01-01 00:00:35.989 617 617 D CompatConfig: Adding: com.android.server.compat.config.Change@81b7c88
01-01 00:00:35.989 617 617 D CompatConfig: Adding: com.android.server.compat.config.Change@cd5a621
01-01 00:00:35.989 617 617 D CompatConfig: Adding: com.android.server.compat.config.Change@e1bfa46
01-01 00:00:35.989 617 617 D CompatConfig: Adding: com.android.server.compat.config.Change@4f1407
01-01 00:00:35.989 617 617 D CompatConfig: Adding: com.android.server.compat.config.Change@e2fd934
01-01 00:00:35.989 617 617 D CompatConfig: Adding: com.android.server.compat.config.Change@90d74d2
01-01 00:00:35.989 617 617 D CompatConfig: Adding: com.android.server.compat.config.Change@bee9a3
01-01 00:00:35.989 617 617 D CompatConfig: Adding: com.android.server.compat.config.Change@38b54a0
01-01 00:00:35.989 617 617 D CompatConfig: Adding: com.android.server.compat.config.Change@9dbf859
01-01 00:00:35.989 617 617 D CompatConfig: Adding: com.android.server.compat.config.Change@62a0c1e
01-01 00:00:35.989 617 617 D CompatConfig: Adding: com.android.server.compat.config.Change@ccc7cff
01-01 00:00:35.989 617 617 D CompatConfig: Adding: com.android.server.compat.config.Change@d611acc
01-01 00:00:35.989 617 659 I SystemConfig: Reading permissions from /system/etc/sysconfig/framework-sysconfig.xml
01-01 00:00:35.989 617 617 D CompatConfig: Adding: com.android.server.compat.config.Change@e4ac115
01-01 00:00:35.989 617 617 D CompatConfig: Adding: com.android.server.compat.config.Change@7e6cc2a
01-01 00:00:35.989 617 617 D CompatConfig: Adding: com.android.server.compat.config.Change@1f5ea1b
01-01 00:00:35.989 617 617 D CompatConfig: Adding: com.android.server.compat.config.Change@eeb17b8
01-01 00:00:35.989 617 617 D CompatConfig: Adding: com.android.server.compat.config.Change@ba35991
01-01 00:00:35.989 617 617 D CompatConfig: Adding: com.android.server.compat.config.Change@fd80f6
01-01 00:00:35.989 617 617 D CompatConfig: Adding: com.android.server.compat.config.Change@d7f0cf7
01-01 00:00:35.989 617 617 D CompatConfig: Adding: com.android.server.compat.config.Change@315f764
01-01 00:00:35.989 617 617 D CompatConfig: Adding: com.android.server.compat.config.Change@d12fdcd
01-01 00:00:35.990 617 617 D CompatConfig: Adding: com.android.server.compat.config.Change@3f8b682
01-01 00:00:35.990 617 617 D CompatConfig: Adding: com.android.server.compat.config.Change@30d8193
01-01 00:00:35.990 617 617 D CompatConfig: Adding: com.android.server.compat.config.Change@4ed25d0
01-01 00:00:35.990 617 617 D CompatConfig: Adding: com.android.server.compat.config.Change@95ea9c9
01-01 00:00:35.990 617 617 D CompatConfig: Adding: com.android.server.compat.config.Change@f7fb8ce
01-01 00:00:35.990 617 617 D CompatConfig: Adding: com.android.server.compat.config.Change@104a3ef
01-01 00:00:35.990 617 617 D CompatConfig: Adding: com.android.server.compat.config.Change@2c6cefc
01-01 00:00:35.990 617 617 D CompatConfig: Adding: com.android.server.compat.config.Change@49f1985
01-01 00:00:35.990 617 617 D CompatConfig: Adding: com.android.server.compat.config.Change@36293da
01-01 00:00:35.990 617 617 D CompatConfig: Adding: com.android.server.compat.config.Change@ea1900b
01-01 00:00:35.990 617 617 D CompatConfig: Adding: com.android.server.compat.config.Change@82fdee8
01-01 00:00:35.990 617 617 D CompatConfig: Adding: com.android.server.compat.config.Change@1bcc901
01-01 00:00:35.990 617 617 D CompatConfig: Adding: com.android.server.compat.config.Change@a6613a6
01-01 00:00:35.990 617 617 D CompatConfig: Adding: com.android.server.compat.config.Change@fd721e7
01-01 00:00:35.990 617 617 D CompatConfig: Adding: com.android.server.compat.config.Change@a980194
01-01 00:00:35.990 617 617 D CompatConfig: Adding: com.android.server.compat.config.Change@fabf43d
01-01 00:00:35.990 617 617 D CompatConfig: Adding: com.android.server.compat.config.Change@4cfc432
01-01 00:00:35.990 617 617 D CompatConfig: Adding: com.android.server.compat.config.Change@ae9f583
01-01 00:00:35.990 617 617 D CompatConfig: Adding: com.android.server.compat.config.Change@4bda300
01-01 00:00:35.990 617 617 D CompatConfig: Adding: com.android.server.compat.config.Change@e689739
01-01 00:00:35.990 617 617 D CompatConfig: Adding: com.android.server.compat.config.Change@fb1f17e
01-01 00:00:35.990 617 617 D CompatConfig: Adding: com.android.server.compat.config.Change@bcc66df
01-01 00:00:35.990 617 617 D CompatConfig: Adding: com.android.server.compat.config.Change@cd9ef2c
01-01 00:00:35.990 617 617 D CompatConfig: Adding: com.android.server.compat.config.Change@7b26df5
01-01 00:00:35.990 617 617 D CompatConfig: Adding: com.android.server.compat.config.Change@4f7a78a
01-01 00:00:35.990 617 617 D CompatConfig: Adding: com.android.server.compat.config.Change@13a91fb
01-01 00:00:35.990 617 617 D CompatConfig: Adding: com.android.server.compat.config.Change@18cd218
01-01 00:00:35.990 617 617 D CompatConfig: Adding: com.android.server.compat.config.Change@788f471
01-01 00:00:35.990 617 617 D CompatConfig: Adding: com.android.server.compat.config.Change@30b256
01-01 00:00:35.990 617 617 D CompatConfig: Adding: com.android.server.compat.config.Change@f9652d7
01-01 00:00:35.990 617 617 D CompatConfig: Adding: com.android.server.compat.config.Change@988f7c4
01-01 00:00:35.990 617 617 D CompatConfig: Adding: com.android.server.compat.config.Change@6766ad
01-01 00:00:35.990 617 617 D CompatConfig: Adding: com.android.server.compat.config.Change@41d9de2
01-01 00:00:35.991 617 617 D CompatConfig: Adding: com.android.server.compat.config.Change@5834573
01-01 00:00:35.991 617 617 D CompatConfig: Adding: com.android.server.compat.config.Change@1ffcc30
01-01 00:00:35.991 617 617 D CompatConfig: Adding: com.android.server.compat.config.Change@740c0a9
01-01 00:00:35.991 617 617 D CompatConfig: Adding: com.android.server.compat.config.Change@cfbb62e
01-01 00:00:35.991 617 617 D CompatConfig: Adding: com.android.server.compat.config.Change@e42c5cf
01-01 00:00:35.991 617 617 D CompatConfig: Adding: com.android.server.compat.config.Change@7cd7b5c
01-01 00:00:35.991 617 617 D CompatConfig: Adding: com.android.server.compat.config.Change@33bbe65
01-01 00:00:35.991 617 617 D CompatConfig: Adding: com.android.server.compat.config.Change@b91073a
01-01 00:00:35.991 617 617 D CompatConfig: Adding: com.android.server.compat.config.Change@dcfefeb
01-01 00:00:35.991 617 617 D CompatConfig: Adding: com.android.server.compat.config.Change@764f148
01-01 00:00:35.991 617 617 D CompatConfig: Adding: com.android.server.compat.config.Change@d2edbe1
01-01 00:00:35.991 617 617 D CompatConfig: Adding: com.android.server.compat.config.Change@4f85d06
01-01 00:00:35.991 617 617 D CompatConfig: Adding: com.android.server.compat.config.Change@2bb9fc7
01-01 00:00:35.991 617 617 D CompatConfig: Adding: com.android.server.compat.config.Change@f7bd9f4
01-01 00:00:35.991 617 617 D CompatConfig: Adding: com.android.server.compat.config.Change@adc551d
01-01 00:00:35.991 617 617 D CompatConfig: Adding: com.android.server.compat.config.Change@32d4392
01-01 00:00:35.991 617 617 D CompatConfig: Adding: com.android.server.compat.config.Change@9c87163
01-01 00:00:35.991 617 617 D CompatConfig: Adding: com.android.server.compat.config.Change@276a160
01-01 00:00:35.991 617 617 D CompatConfig: Adding: com.android.server.compat.config.Change@1ee2619
01-01 00:00:35.991 617 617 D CompatConfig: Adding: com.android.server.compat.config.Change@25806de
01-01 00:00:35.991 617 617 D CompatConfig: Adding: com.android.server.compat.config.Change@f46c0bf
01-01 00:00:35.991 617 617 D CompatConfig: Adding: com.android.server.compat.config.Change@294738c
01-01 00:00:35.991 617 617 D CompatConfig: Adding: com.android.server.compat.config.Change@eb20ad5
01-01 00:00:35.991 617 617 D CompatConfig: Adding: com.android.server.compat.config.Change@6d9b2ea
01-01 00:00:35.991 617 617 D CompatConfig: Adding: com.android.server.compat.config.Change@a30a9db
01-01 00:00:35.991 617 617 D CompatConfig: Adding: com.android.server.compat.config.Change@4db3c78
01-01 00:00:35.991 617 617 D CompatConfig: Adding: com.android.server.compat.config.Change@a957f51
01-01 00:00:35.991 617 617 D CompatConfig: Adding: com.android.server.compat.config.Change@81813b6
01-01 00:00:35.991 617 617 D CompatConfig: Adding: com.android.server.compat.config.Change@6c3a824
01-01 00:00:35.991 617 617 D CompatConfig: Adding: com.android.server.compat.config.Change@e61bf8d
01-01 00:00:35.992 617 617 D CompatConfig: Adding: com.android.server.compat.config.Change@c09b542
01-01 00:00:35.992 617 617 D CompatConfig: Adding: com.android.server.compat.config.Change@8687953
01-01 00:00:35.992 617 617 D CompatConfig: Adding: com.android.server.compat.config.Change@2a52290
01-01 00:00:35.992 617 617 D CompatConfig: Adding: com.android.server.compat.config.Change@c37c789
01-01 00:00:35.992 617 659 I SystemConfig: Reading permissions from /system/etc/sysconfig/preinstalled-packages-asl-files.xml
01-01 00:00:35.992 617 617 D CompatConfig: Adding: com.android.server.compat.config.Change@f81e38e
01-01 00:00:35.992 617 617 D CompatConfig: Adding: com.android.server.compat.config.Change@b7757af
01-01 00:00:35.994 617 659 I SystemConfig: Reading permissions from /system/etc/sysconfig/preinstalled-packages-com.android.providers.media.module.xml
01-01 00:00:35.994 617 617 D CompatConfig: Found a config file: /system/etc/compatconfig/calendar-provider-compat-config.xml
01-01 00:00:35.996 617 659 I SystemConfig: Reading permissions from /system/etc/sysconfig/package-shareduid-allowlist.xml
01-01 00:00:35.996 617 617 D CompatConfig: Adding: com.android.server.compat.config.Change@debbfcb
01-01 00:00:35.998 617 617 D CompatConfig: Found a config file: /system/etc/compatconfig/documents-ui-compat-config.xml
01-01 00:00:35.998 617 659 I SystemConfig: Reading permissions from /system/etc/sysconfig/hiddenapi-package-whitelist.xml
01-01 00:00:35.999 617 617 D CompatConfig: Adding: com.android.server.compat.config.Change@5aad666
01-01 00:00:36.001 617 617 D CompatConfig: Found a config file: /system/etc/compatconfig/framework-platform-compat-config.xml
01-01 00:00:36.001 617 659 I SystemConfig: Reading permissions from /system/etc/sysconfig/initial-package-stopped-states.xml
01-01 00:00:36.003 617 659 I SystemConfig: Reading permissions from /system/etc/sysconfig/preinstalled-packages-platform.xml
01-01 00:00:36.007 617 659 I SystemConfig: Reading permissions from /system/etc/permissions/android.test.mock.xml
01-01 00:00:36.009 617 659 I SystemConfig: Reading permissions from /system/etc/permissions/android.software.webview.xml
01-01 00:00:36.010 617 617 D CompatConfig: Adding: com.android.server.compat.config.Change@5ce4fc0
01-01 00:00:36.010 617 617 D CompatConfig: Adding: com.android.server.compat.config.Change@3a4a4f9
01-01 00:00:36.010 617 617 D CompatConfig: Adding: com.android.server.compat.config.Change@8f44c3e
01-01 00:00:36.010 617 617 D CompatConfig: Adding: com.android.server.compat.config.Change@5338a9f
01-01 00:00:36.010 617 617 D CompatConfig: Adding: com.android.server.compat.config.Change@128a7ec
01-01 00:00:36.010 617 617 D CompatConfig: Adding: com.android.server.compat.config.Change@e0197b5
01-01 00:00:36.011 617 617 D CompatConfig: Adding: com.android.server.compat.config.Change@de4ee4a
01-01 00:00:36.011 617 617 D CompatConfig: Adding: com.android.server.compat.config.Change@25031bb
01-01 00:00:36.011 617 617 D CompatConfig: Adding: com.android.server.compat.config.Change@300fa31
01-01 00:00:36.011 617 617 D CompatConfig: Adding: com.android.server.compat.config.Change@68ba516
01-01 00:00:36.011 617 659 I SystemConfig: Reading permissions from /system/etc/permissions/android.software.window_magnification.xml
01-01 00:00:36.011 617 617 D CompatConfig: Adding: com.android.server.compat.config.Change@ac62e97
01-01 00:00:36.011 617 617 D CompatConfig: Adding: com.android.server.compat.config.Change@85e0884
01-01 00:00:36.011 617 617 D CompatConfig: Adding: com.android.server.compat.config.Change@ba086d
01-01 00:00:36.011 617 617 D CompatConfig: Adding: com.android.server.compat.config.Change@f14fca2
01-01 00:00:36.011 617 617 D CompatConfig: Adding: com.android.server.compat.config.Change@8351d33
01-01 00:00:36.011 617 617 D CompatConfig: Adding: com.android.server.compat.config.Change@5f528f0
01-01 00:00:36.011 617 617 D CompatConfig: Adding: com.android.server.compat.config.Change@57bbe69
01-01 00:00:36.011 617 617 D CompatConfig: Adding: com.android.server.compat.config.Change@7ea40ee
01-01 00:00:36.011 617 617 D CompatConfig: Adding: com.android.server.compat.config.Change@49a598f
01-01 00:00:36.012 617 617 D CompatConfig: Adding: com.android.server.compat.config.Change@9be41c
01-01 00:00:36.012 617 617 D CompatConfig: Adding: com.android.server.compat.config.Change@b88d825
01-01 00:00:36.012 617 617 D CompatConfig: Adding: com.android.server.compat.config.Change@cbd7dfa
01-01 00:00:36.012 617 617 D CompatConfig: Adding: com.android.server.compat.config.Change@26cffab
01-01 00:00:36.012 617 617 D CompatConfig: Adding: com.android.server.compat.config.Change@7912608
01-01 00:00:36.012 617 617 D CompatConfig: Adding: com.android.server.compat.config.Change@493d1a1
01-01 00:00:36.012 617 617 D CompatConfig: Adding: com.android.server.compat.config.Change@557fc6
01-01 00:00:36.012 617 617 D CompatConfig: Adding: com.android.server.compat.config.Change@a79eb87
01-01 00:00:36.012 617 617 D CompatConfig: Adding: com.android.server.compat.config.Change@d169ab4
01-01 00:00:36.012 617 617 D CompatConfig: Adding: com.android.server.compat.config.Change@fae6dd
01-01 00:00:36.012 617 617 D CompatConfig: Adding: com.android.server.compat.config.Change@919d252
01-01 00:00:36.012 617 617 D CompatConfig: Adding: com.android.server.compat.config.Change@b7fb923
01-01 00:00:36.012 617 617 D CompatConfig: Adding: com.android.server.compat.config.Change@3dcae20
01-01 00:00:36.012 617 617 D CompatConfig: Adding: com.android.server.compat.config.Change@ec413d9
01-01 00:00:36.012 617 617 D CompatConfig: Adding: com.android.server.compat.config.Change@a5ec19e
01-01 00:00:36.012 617 617 D CompatConfig: Adding: com.android.server.compat.config.Change@78ac47f
01-01 00:00:36.012 617 617 D CompatConfig: Adding: com.android.server.compat.config.Change@72e8c4c
01-01 00:00:36.012 617 617 D CompatConfig: Adding: com.android.server.compat.config.Change@c591495
01-01 00:00:36.012 617 617 D CompatConfig: Adding: com.android.server.compat.config.Change@67159aa
01-01 00:00:36.012 617 617 D CompatConfig: Adding: com.android.server.compat.config.Change@b11299b
01-01 00:00:36.012 617 617 D CompatConfig: Adding: com.android.server.compat.config.Change@9de2138
01-01 00:00:36.012 617 617 D CompatConfig: Adding: com.android.server.compat.config.Change@b036511
01-01 00:00:36.012 617 617 D CompatConfig: Adding: com.android.server.compat.config.Change@5636676
01-01 00:00:36.013 617 617 D CompatConfig: Adding: com.android.server.compat.config.Change@9cec477
01-01 00:00:36.013 617 617 D CompatConfig: Adding: com.android.server.compat.config.Change@7f018e4
01-01 00:00:36.013 617 617 D CompatConfig: Adding: com.android.server.compat.config.Change@d28414d
01-01 00:00:36.013 617 617 D CompatConfig: Adding: com.android.server.compat.config.Change@d613113
01-01 00:00:36.013 617 617 D CompatConfig: Adding: com.android.server.compat.config.Change@707df50
01-01 00:00:36.013 617 659 I SystemConfig: Reading permissions from /system/etc/permissions/android.test.runner.xml
01-01 00:00:36.013 617 617 D CompatConfig: Adding: com.android.server.compat.config.Change@c44a549
01-01 00:00:36.013 617 617 D CompatConfig: Adding: com.android.server.compat.config.Change@30cce4e
01-01 00:00:36.014 617 617 D CompatConfig: Adding: com.android.server.compat.config.Change@1a3cb6f
01-01 00:00:36.014 617 617 D CompatConfig: Adding: com.android.server.compat.config.Change@193a07c
01-01 00:00:36.014 617 617 D CompatConfig: Adding: com.android.server.compat.config.Change@2a94d05
01-01 00:00:36.014 617 617 D CompatConfig: Adding: com.android.server.compat.config.Change@e6b815a
01-01 00:00:36.014 617 617 D CompatConfig: Adding: com.android.server.compat.config.Change@acbaf8b
01-01 00:00:36.014 617 617 D CompatConfig: Adding: com.android.server.compat.config.Change@8b84868
01-01 00:00:36.014 617 617 D CompatConfig: Adding: com.android.server.compat.config.Change@4f6b481
01-01 00:00:36.014 617 617 D CompatConfig: Adding: com.android.server.compat.config.Change@4d05926
01-01 00:00:36.014 617 617 D CompatConfig: Adding: com.android.server.compat.config.Change@143b967
01-01 00:00:36.015 617 617 D CompatConfig: Adding: com.android.server.compat.config.Change@8fd8314
01-01 00:00:36.015 617 617 D CompatConfig: Adding: com.android.server.compat.config.Change@75917bd
01-01 00:00:36.015 617 617 D CompatConfig: Adding: com.android.server.compat.config.Change@f58e1b2
01-01 00:00:36.015 617 617 D CompatConfig: Adding: com.android.server.compat.config.Change@f488503
01-01 00:00:36.015 617 617 D CompatConfig: Adding: com.android.server.compat.config.Change@db9bc80
01-01 00:00:36.015 617 617 D CompatConfig: Adding: com.android.server.compat.config.Change@a8472b9
01-01 00:00:36.015 617 617 D CompatConfig: Adding: com.android.server.compat.config.Change@96f66fe
01-01 00:00:36.015 617 617 D CompatConfig: Adding: com.android.server.compat.config.Change@c446e5f
01-01 00:00:36.015 617 617 D CompatConfig: Adding: com.android.server.compat.config.Change@f3e20ac
01-01 00:00:36.015 617 617 D CompatConfig: Adding: com.android.server.compat.config.Change@c708175
01-01 00:00:36.015 617 617 D CompatConfig: Adding: com.android.server.compat.config.Change@8d6f50a
01-01 00:00:36.015 617 617 D CompatConfig: Adding: com.android.server.compat.config.Change@1eb917b
01-01 00:00:36.015 617 617 D CompatConfig: Adding: com.android.server.compat.config.Change@7c29b98
01-01 00:00:36.015 617 617 D CompatConfig: Adding: com.android.server.compat.config.Change@a7757d6
01-01 00:00:36.015 617 617 D CompatConfig: Adding: com.android.server.compat.config.Change@717ca57
01-01 00:00:36.015 617 617 D CompatConfig: Adding: com.android.server.compat.config.Change@b11d944
01-01 00:00:36.015 617 617 D CompatConfig: Adding: com.android.server.compat.config.Change@5646a2d
01-01 00:00:36.015 617 617 D CompatConfig: Adding: com.android.server.compat.config.Change@fe91b62
01-01 00:00:36.015 617 617 D CompatConfig: Adding: com.android.server.compat.config.Change@c64b4f3
01-01 00:00:36.015 617 617 D CompatConfig: Adding: com.android.server.compat.config.Change@cf545b0
01-01 00:00:36.015 617 617 D CompatConfig: Adding: com.android.server.compat.config.Change@5ca7c29
