01-01 00:01:11.754 481 481 I Choreographer: Skipped 51 frames! The application may be doing too much work on its main thread.
01-01 00:01:11.771 481 780 I vndksupport: sphal namespace is not configured for this process. Loading /vendor/lib/hw/gralloc.jacinto6.so from the current namespace instead.
01-01 00:01:11.776 481 780 E IMGSRV : :0: PVRSRVOpenDCDevice: Error - 138 returned
01-01 00:01:11.778 481 481 D ViewRootImpl[StatusBar]: changeCanvasOpacity: opaque=true
01-01 00:01:11.781 481 780 I vndksupport: sphal namespace is not configured for this process. Loading /vendor/lib/hw/gralloc.jacinto6.so from the current namespace instead.
01-01 00:01:11.782 481 780 I OpenGLRenderer: Initialized EGL, version 1.4
01-01 00:01:11.782 481 780 D OpenGLRenderer: Swap behavior 1
01-01 00:01:11.783 481 780 W OpenGLRenderer: Failed to choose config with EGL_SWAP_BEHAVIOR_PRESERVED, retrying without...
01-01 00:01:11.783 481 780 D OpenGLRenderer: Swap behavior 0
01-01 00:01:11.997 481 502 I zygote : Background concurrent copying GC freed 7652(987KB) AllocSpace objects, 4(80KB) LOS objects, 46% free, 6MB/12MB, paused 311us total 206.595ms
01-01 00:01:12.091 481 784 E ActivityThread: Failed to find provider info for com.android.contacts
01-01 00:01:12.266 320 425 D WifiService: New client listening to asynchronous messages
01-01 00:01:12.391 320 343 I zygote : Explicit concurrent copying GC freed 11242(996KB) AllocSpace objects, 8(476KB) LOS objects, 42% free, 3MB/6MB, paused 270us total 100.003ms
01-01 00:01:12.616 481 489 I zygote : Do partial code cache collection, code=31KB, data=26KB
01-01 00:01:12.620 481 489 I zygote : After code cache collection, code=31KB, data=26KB
01-01 00:01:12.620 481 489 I zygote : Increasing code cache capacity to 128KB
01-01 00:01:12.654 320 605 I ActivityManager: user 0 is still locked. Cannot load recents
01-01 00:01:12.654 481 481 I Choreographer: Skipped 53 frames! The application may be doing too much work on its main thread.
01-01 00:01:12.669 481 780 I vndksupport: sphal namespace is not configured for this process. Loading /vendor/lib/hw/gralloc.jacinto6.so from the current namespace instead.
01-01 00:01:12.676 320 343 I WindowManager: ******* TELLING SURFACE FLINGER WE ARE BOOTED!
01-01 00:01:12.677 184 239 I SurfaceFlinger: Boot is finished (63001 ms)
01-01 00:01:12.837 481 784 I zygote : Starting a blocking GC NativeAlloc
01-01 00:01:12.874 207 234 E installd: Failed to unlink /data//dalvik-cache/arm/.booting: No such file or directory
01-01 00:01:12.875 320 343 W ActivityManager: Unable to mark boot complete for abi: armeabi-v7a (android.os.ServiceSpecificException: Failed to unlink /data//dalvik-cache/arm/.booting (code 2))
01-01 00:01:12.875 320 343 I SystemServiceManager: Starting phase 1000
01-01 00:01:12.876 481 481 W KeyguardUpdateMonitor: invalid subId in handleSimStateChange()
01-01 00:01:12.878 320 341 I UsbDeviceManager: Setting USB config to adb
01-01 00:01:12.946 320 343 I ActivityManager: Start proc 833:android.ext.services/u0a14 for on-hold
01-01 00:01:12.962 481 481 W KeyguardUpdateMonitor: invalid subId in handleServiceStateChange()
01-01 00:01:13.042 320 343 D ActivityManager: Finishing user boot 0
01-01 00:01:13.042 320 343 I ActivityManager: User 0 state changed from BOOTING to RUNNING_LOCKED
01-01 00:01:13.045 320 343 I ActivityManager: User 0 state changed from RUNNING_LOCKED to RUNNING_UNLOCKING
01-01 00:01:13.045 320 343 D CryptdConnector: SND -> {3 cryptfs prepare_user_storage ! 0 0 2}
01-01 00:01:13.046 163 168 D vold : e4crypt_prepare_user_storage for volume null, user 0, serial 0, flags 2
01-01 00:01:13.046 163 168 D vold : Preparing: /data/system_ce/0
01-01 00:01:13.047 163 168 D vold : Preparing: /data/misc_ce/0
01-01 00:01:13.047 163 168 D vold : Preparing: /data/media/0
01-01 00:01:13.047 163 168 D vold : Preparing: /data/data
01-01 00:01:13.047 320 384 D CryptdConnector: RCV <- {200 3 Command succeeded}
01-01 00:01:13.049 320 343 V UserDataPreparer: Found /data/user/0 with serial number 0
01-01 00:01:13.054 320 343 V UserDataPreparer: Found /data/system_ce/0 with serial number -1
01-01 00:01:13.054 320 343 D UserDataPreparer: Serial number missing on /data/system_ce/0; assuming current is valid
01-01 00:01:13.059 320 343 V PackageManager: reconcileAppsData for null u0 0x2 migrateAppData=true
01-01 00:01:13.089 175 175 I android.hardwar: type=1400 audit(0.0:27): avc: denied { accept } for lport=33452 scontext=u:r:hal_vehicle_default:s0 tcontext=u:r:hal_vehicle_default:s0 tclass=tcp_socket permissive=1
01-01 00:01:13.220 848 848 I bootstat: Service started: /system/bin/bootstat --record_boot_complete
01-01 00:01:13.220 848 848 E bootstat: Failed to read /data/misc/bootstat/last_boot_time_utc: No such file or directory
01-01 00:01:13.220 848 848 E bootstat: Failed to parse boot time record: /data/misc/bootstat/last_boot_time_utc
01-01 00:01:13.220 848 848 E bootstat: Failed to read /data/misc/bootstat/build_date: No such file or directory
01-01 00:01:13.220 848 848 E bootstat: Failed to parse boot time record: /data/misc/bootstat/build_date
01-01 00:01:13.221 848 848 E bootstat: Failed to read /data/misc/bootstat/post_decrypt_time_elapsed: No such file or directory
01-01 00:01:13.221 848 848 E bootstat: Failed to parse boot time record: /data/misc/bootstat/post_decrypt_time_elapsed
01-01 00:01:13.257 481 784 I zygote : NativeAlloc concurrent copying GC freed 29472(4MB) AllocSpace objects, 152(2MB) LOS objects, 50% free, 3MB/6MB, paused 233us total 419.895ms
01-01 00:01:13.280 849 849 I bootstat: Service started: /system/bin/bootstat --record_boot_reason
01-01 00:01:13.280 849 849 I bootstat: Unknown boot reason:
01-01 00:01:13.347 850 850 I bootstat: Service started: /system/bin/bootstat --record_time_since_factory_reset
01-01 00:01:13.349 850 850 E bootstat: Failed to read /data/misc/bootstat/factory_reset: No such file or directory
01-01 00:01:13.349 850 850 E bootstat: Failed to parse boot time record: /data/misc/bootstat/factory_reset
01-01 00:01:13.372 481 785 I zygote : Starting a blocking GC NativeAlloc
01-01 00:01:13.417 481 530 I zygote : Waiting for a blocking GC ProfileSaver
01-01 00:01:13.453 853 853 I bootstat: Service started: /system/bin/bootstat -l
01-01 00:01:13.600 320 343 V PackageManager: reconcileAppsData finished 89 packages
01-01 00:01:13.600 320 491 W zygote : Long monitor contention with owner android.display (343) at void com.android.server.am.ActivityManagerService.finishBooting()(ActivityManagerService.java:7157) waiters=0 in void com.android.server.am.ActivityManagerService.attachApplication(android.app.IApplicationThread) for 585ms
01-01 00:01:13.605 320 335 W zygote : Long monitor contention with owner android.display (343) at void com.android.server.am.ActivityManagerService.finishBooting()(ActivityManagerService.java:7157) waiters=1 in void com.android.server.am.BroadcastQueue.processNextBroadcast(boolean) for 561ms
01-01 00:01:13.605 320 335 I SystemServiceManager: Calling onUnlockUser u0
01-01 00:01:13.605 320 335 D StorageManagerService: onUnlockUser 0
01-01 00:01:13.605 320 335 D VoldConnector: SND -> {33 volume user_started 0}
01-01 00:01:13.611 320 426 D WifiConfigManager: New store files not found. No saved networks loaded!
01-01 00:01:13.611 320 426 D WIFI : Registering NetworkFactory
01-01 00:01:13.611 320 426 D WIFI_UT : Registering NetworkFactory
01-01 00:01:13.611 320 433 D ConnectivityService: Got NetworkFactory Messenger for WIFI
01-01 00:01:13.611 320 433 D ConnectivityService: Got NetworkFactory Messenger for WIFI_UT
01-01 00:01:13.611 320 426 D WIFI : got request NetworkRequest [ TRACK_DEFAULT id=3, [ Capabilities: INTERNET&NOT_RESTRICTED&TRUSTED&NOT_VPN] ] with score 0
01-01 00:01:13.611 320 426 D WIFI : got request NetworkRequest [ REQUEST id=1, [ Capabilities: INTERNET&NOT_RESTRICTED&TRUSTED&NOT_VPN] ] with score 0
01-01 00:01:13.611 320 426 D WIFI : got request NetworkRequest [ BACKGROUND_REQUEST id=2, [ Transports: CELLULAR Capabilities: INTERNET&NOT_RESTRICTED&TRUSTED&NOT_VPN] ] with score 0
01-01 00:01:13.612 320 426 D WIFI_UT : got request NetworkRequest [ TRACK_DEFAULT id=3, [ Capabilities: INTERNET&NOT_RESTRICTED&TRUSTED&NOT_VPN] ] with score 0
01-01 00:01:13.612 320 426 D WIFI_UT : got request NetworkRequest [ REQUEST id=1, [ Capabilities: INTERNET&NOT_RESTRICTED&TRUSTED&NOT_VPN] ] with score 0
01-01 00:01:13.612 320 426 D WIFI_UT : got request NetworkRequest [ BACKGROUND_REQUEST id=2, [ Transports: CELLULAR Capabilities: INTERNET&NOT_RESTRICTED&TRUSTED&NOT_VPN] ] with score 0
01-01 00:01:13.618 163 167 D vold : Linking /storage/emulated/0 to /mnt/user/0/primary
01-01 00:01:13.619 320 383 D VoldConnector: RCV <- {200 33 Command succeeded}
01-01 00:01:13.620 320 382 D StorageManagerService: Volume emulated broadcasting mounted to UserHandle{0}
01-01 00:01:13.621 320 335 W TextServicesManagerService: no available spell checker services found
01-01 00:01:13.622 320 426 D WifiConfigStore: Reading from user store completed in 1 ms.
01-01 00:01:13.639 320 320 I ActivityManager: Start proc 856:com.android.deskclock/u0a46 for broadcast com.android.deskclock/.AlarmInitReceiver
01-01 00:01:13.669 320 335 I SELinux : SELinux: Loaded file_contexts
01-01 00:01:13.686 320 335 V BackupManagerService: No ancestral data
01-01 00:01:13.696 320 336 I ActivityManager: Config changes=20 {1.0 ?mcc?mnc [en_US] ldltr sw533dp w805dp h509dp 240dpi lrg land car finger -keyb/v/h -nav/h appBounds=Rect(0, 0 - 1208, 800) s.6}
01-01 00:01:13.706 320 426 D WifiConfigStore: Writing to stores completed in 72 ms.
01-01 00:01:13.744 320 336 I ActivityManager: Override config changes=20 {1.0 ?mcc?mnc [en_US] ldltr sw533dp w805dp h509dp 240dpi lrg land car finger -keyb/v/h -nav/h appBounds=Rect(0, 0 - 1208, 800) s.6} for displayId=0
01-01 00:01:13.814 320 336 W Looper : Dispatch took 124ms on android.ui, h=Handler (com.android.server.policy.PhoneWindowManager$PolicyHandler) {b286504} cb=android.database.ContentObserver$NotificationRunnable@4126aed msg=0
01-01 00:01:13.827 320 335 V BackupManagerService: Starting with transport android/com.android.internal.backup.LocalTransport
01-01 00:01:13.828 320 335 D BackupTransportManager: Binding to transport: android/com.android.internal.backup.LocalTransportService
01-01 00:01:13.829 320 335 I BackupManagerService: Backup enable apparently not migrated
01-01 00:01:13.829 320 335 I BackupManagerService: Migrating enable state false
01-01 00:01:13.830 320 335 I BackupManagerService: Backup enabled => false
01-01 00:01:13.831 320 335 W SystemServiceManager: Service com.android.server.backup.BackupManagerService$Lifecycle took 210 ms in onUnlockUser
01-01 00:01:13.870 675 675 D FallbackHome: User unlocked and real home found; let's go!
01-01 00:01:13.884 320 855 V KeyValueBackupJob: Scheduling k/v pass in 243 minutes
01-01 00:01:13.886 320 605 I ActivityManager: START u0 {act=android.intent.action.MAIN cat=[android.intent.category.HOME] flg=0x10000100 cmp=com.android.provision/.DefaultActivity} from uid 0
01-01 00:01:13.929 320 335 W AppWidgetServiceImpl: Failed to read state: java.io.FileNotFoundException: /data/system/users/0/appwidgets.xml (No such file or directory)
01-01 00:01:13.929 320 335 V AppWidgetServiceImpl: Upgrading widget database from 0 to 1
01-01 00:01:13.930 320 335 W SystemServiceManager: Service com.android.server.appwidget.AppWidgetService took 99 ms in onUnlockUser
01-01 00:01:13.930 320 335 W VoiceInteractionManagerService: no available voice interaction services found for user 0
01-01 00:01:13.930 320 335 W VoiceInteractionManagerService: no available voice recognition services found for user 0
01-01 00:01:13.931 320 605 I ActivityManager: Start proc 891:com.android.provision/u0a21 for activity com.android.provision/.DefaultActivity
01-01 00:01:13.942 320 335 I ActivityManager: Loading recents for user 0 into memory.
01-01 00:01:13.953 320 320 D BackupTransportManager: Bound to transport: android/com.android.internal.backup.LocalTransportService
01-01 00:01:13.998 481 785 I zygote : NativeAlloc concurrent copying GC freed 4899(367KB) AllocSpace objects, 0(0B) LOS objects, 50% free, 3MB/7MB, paused 390us total 624.997ms
01-01 00:01:13.998 481 530 I zygote : WaitForGcToComplete blocked for 581.041ms for cause ProfileSaver
01-01 00:01:14.006 320 335 W ActivityManager: Slow operation: 60ms so far, now at startProcess: building log message
01-01 00:01:14.006 320 335 I ActivityManager: Start proc 912:com.android.car.hvac/u0a2 for added application com.android.car.hvac
01-01 00:01:14.006 320 335 W ActivityManager: Slow operation: 60ms so far, now at startProcess: starting to update pids map
01-01 00:01:14.006 320 335 W ActivityManager: Slow operation: 60ms so far, now at startProcess: done updating pids map
01-01 00:01:14.027 320 896 W ResourceType: No known package when getting value for resource number 0x7f080128
01-01 00:01:14.028 320 896 W ResourceType: No known package when getting value for resource number 0x7f120d8d
01-01 00:01:14.028 320 896 W ResourceType: No known package when getting value for resource number 0x7f080127
01-01 00:01:14.028 320 896 W ResourceType: No known package when getting value for resource number 0x7f1203bb
01-01 00:01:14.028 320 896 W ResourceType: No known package when getting value for resource number 0x7f080126
01-01 00:01:14.028 320 896 W ResourceType: No known package when getting value for resource number 0x7f120822
01-01 00:01:14.055 320 335 I ActivityManager: Start proc 921:com.android.car.stream/u0a27 for added application com.android.car.stream
01-01 00:01:14.057 320 335 I ActivityManager: User 0 state changed from RUNNING_UNLOCKING to RUNNING_UNLOCKED
01-01 00:01:14.059 320 335 I PreBootBroadcaster: Pre-boot of {com.android.car/com.android.car.BootReceiver} for user 0
01-01 00:01:14.118 320 331 I zygote : Waiting for a blocking GC Alloc
01-01 00:01:14.122 320 896 W ResourceType: No known package when getting value for resource number 0x7f020067
01-01 00:01:14.122 320 896 W ResourceType: No known package when getting value for resource number 0x7f0e0068
01-01 00:01:14.133 320 427 I zygote : Waiting for a blocking GC Alloc
01-01 00:01:14.141 577 577 D CarrierSvcBindHelper: Received android.intent.action.USER_UNLOCKED
01-01 00:01:14.144 675 675 D FallbackHome: User unlocked and real home found; let's go!
01-01 00:01:14.144 320 433 I zygote : Waiting for a blocking GC Alloc
01-01 00:01:14.162 320 332 I zygote : Waiting for a blocking GC Alloc
01-01 00:01:14.167 320 896 W ResourceType: No known package when getting value for resource number 0x7f070088
01-01 00:01:14.167 320 896 W ResourceType: No known package when getting value for resource number 0x7f0f0042
01-01 00:01:14.180 320 341 E UsbDeviceManager: waitForState(adb) FAILED: got none
01-01 00:01:14.180 320 341 E UsbDeviceManager: Failed to switch USB config to adb
01-01 00:01:14.180 320 341 E UsbDeviceManager: Failsafe 1: Restoring previous USB functions.
01-01 00:01:14.180 320 341 I UsbDeviceManager: Setting USB config to mtp,adb
01-01 00:01:14.188 320 605 I ActivityManager: Start proc 961:com.android.smspush/u0a62 for service com.android.smspush/.WapPushManager
01-01 00:01:14.193 320 334 I zygote : Waiting for a blocking GC Alloc
01-01 00:01:14.193 320 883 W ActivityManager: Finishing task with all activities already finished
01-01 00:01:14.199 320 883 W ActivityManager: Duplicate finish request for ActivityRecord{3bee5c3 u0 com.android.settings/.FallbackHome t2 f}
01-01 00:01:14.252 320 955 I zygote : Waiting for a blocking GC Alloc
01-01 00:01:14.331 856 856 I AlarmClock: AlarmInitReceiver android.intent.action.LOCKED_BOOT_COMPLETED
01-01 00:01:14.345 320 605 D PackageManager: Ephemeral installer not found with new action; try old one
01-01 00:01:14.345 320 605 D PackageManager: Clear ephemeral installer activity
01-01 00:01:14.390 921 921 W MediaStateManager: Updating controllers with an empty list!
01-01 00:01:14.421 856 985 I AlarmClock: Fixing alarm instances
01-01 00:01:14.427 320 330 I zygote : Background concurrent copying GC freed 20475(2MB) AllocSpace objects, 10(340KB) LOS objects, 42% free, 4MB/8MB, paused 332us total 492.332ms
01-01 00:01:14.427 320 331 I zygote : WaitForGcToComplete blocked for 308.962ms for cause Alloc
01-01 00:01:14.427 320 331 I zygote : Starting a blocking GC Alloc
01-01 00:01:14.428 320 427 I zygote : WaitForGcToComplete blocked for 302.974ms for cause Alloc
01-01 00:01:14.428 320 427 I zygote : Starting a blocking GC Alloc
01-01 00:01:14.429 320 433 I zygote : WaitForGcToComplete blocked for 287.066ms for cause Alloc
01-01 00:01:14.429 320 433 I zygote : Starting a blocking GC Alloc
01-01 00:01:14.429 320 332 I zygote : WaitForGcToComplete blocked for 266.819ms for cause Alloc
01-01 00:01:14.429 320 332 I zygote : Starting a blocking GC Alloc
01-01 00:01:14.429 320 320 W zygote : Long monitor contention with owner ConnectivityServiceThread (433) at java.util.HashMap$Node java.util.HashMap.newNode(int, java.lang.Object, java.lang.Object, java.util.HashMap$Node)(HashMap.java:1746) waiters=0 in java.lang.String android.provider.Settings$NameValueCache.getStringForUser(android.content.ContentResolver, java.lang.String, int) for 264ms
01-01 00:01:14.432 320 334 I zygote : WaitForGcToComplete blocked for 238.679ms for cause Alloc
01-01 00:01:14.432 320 334 I zygote : Starting a blocking GC Alloc
01-01 00:01:14.432 320 336 W zygote : Long monitor contention with owner (955) at boolean android.content.res.AssetManager.isUpToDate()(AssetManager.java:-2) waiters=1 in void com.android.server.pm.ShortcutService.handleOnUidStateChanged(int, int) for 322ms
01-01 00:01:14.432 320 955 I zygote : WaitForGcToComplete blocked for 180.290ms for cause Alloc
01-01 00:01:14.432 320 955 I zygote : Starting a blocking GC Alloc
01-01 00:01:14.434 320 511 I ActivityManager: Start proc 987:com.android.car.radio/u0a7 for service com.android.car.radio/.RadioService
01-01 00:01:14.439 320 336 W Looper : Dispatch took 496ms on android.ui, h=Handler (com.android.server.am.ActivityManagerService$UiHandler) {bb69754} cb=null msg=53
01-01 00:01:14.443 320 511 I ActivityManager: START u0 {act=android.intent.action.MAIN cat=[android.intent.category.HOME] flg=0x10000100 cmp=com.android.launcher3/.Launcher} from uid 0
01-01 00:01:14.450 320 320 I AccountManagerService: User 0 is unlocked - opening CE database
01-01 00:01:14.505 320 511 W ActivityManager: Slow operation: 56ms so far, now at startProcess: returned from zygote!
01-01 00:01:14.505 320 511 W ActivityManager: Slow operation: 56ms so far, now at startProcess: done updating battery stats
01-01 00:01:14.505 320 511 W ActivityManager: Slow operation: 56ms so far, now at startProcess: building log message
01-01 00:01:14.505 320 511 I ActivityManager: Start proc 997:com.android.launcher3/u0a17 for activity com.android.launcher3/.Launcher
01-01 00:01:14.505 320 511 W ActivityManager: Slow operation: 56ms so far, now at startProcess: starting to update pids map
01-01 00:01:14.505 320 511 W ActivityManager: Slow operation: 56ms so far, now at startProcess: done updating pids map
01-01 00:01:14.505 320 511 W ActivityManager: Slow operation: 56ms so far, now at startProcess: done starting proc!
01-01 00:01:14.571 481 489 I zygote : Do partial code cache collection, code=46KB, data=47KB
01-01 00:01:14.572 481 489 I zygote : After code cache collection, code=46KB, data=47KB
01-01 00:01:14.572 481 489 I zygote : Increasing code cache capacity to 256KB
01-01 00:01:14.576 320 334 W ActivityManager: Slow operation: 54ms so far, now at startProcess: returned from zygote!
01-01 00:01:14.576 320 334 W ActivityManager: Slow operation: 54ms so far, now at startProcess: done updating battery stats
01-01 00:01:14.576 320 334 W ActivityManager: Slow operation: 54ms so far, now at startProcess: building log message
01-01 00:01:14.576 320 334 I ActivityManager: Start proc 1018:com.android.keychain/1000 for service com.android.keychain/.KeyChainService
01-01 00:01:14.576 320 334 W ActivityManager: Slow operation: 54ms so far, now at startProcess: starting to update pids map
01-01 00:01:14.576 320 334 W ActivityManager: Slow operation: 54ms so far, now at startProcess: done updating pids map
01-01 00:01:14.576 320 334 W ActivityManager: Slow operation: 54ms so far, now at startProcess: done starting proc!
01-01 00:01:14.707 856 985 I AlarmClock: Alarms Table created
01-01 00:01:14.708 856 985 I AlarmClock: Instance table created
01-01 00:01:14.708 856 985 I AlarmClock: Inserting default alarms
01-01 00:01:14.719 320 320 I AccountsDb: Creating CE database /data/system_ce/0/accounts_ce.db
01-01 00:01:14.768 481 481 I Choreographer: Skipped 51 frames! The application may be doing too much work on its main thread.
01-01 00:01:14.775 997 997 D LauncherProvider: Launcher process started
01-01 00:01:14.860 856 985 V AlarmClock: AlarmInitReceiver finished
01-01 00:01:14.886 320 605 I ActivityManager: Start proc 1055:android.process.media/u0a13 for broadcast com.android.providers.downloads/.DownloadReceiver
01-01 00:01:14.888 997 997 V Launcher: LauncherAppState initiated
01-01 00:01:14.999 175 175 I android.hardwar: type=1400 audit(0.0:28): avc: denied { accept } for lport=33452 scontext=u:r:hal_vehicle_default:s0 tcontext=u:r:hal_vehicle_default:s0 tclass=tcp_socket permissive=1
01-01 00:01:15.019 320 605 I ActivityManager: Start proc 1074:com.android.launcher3:wallpaper_chooser/u0a17 for service com.android.launcher3/.dynamicui.ColorExtractionService
01-01 00:01:15.179 997 997 W System : ClassLoader referenced unknown path:
01-01 00:01:15.246 997 1094 I zygote : Starting a blocking GC Alloc
01-01 00:01:15.246 997 1094 I zygote : Starting a blocking GC Alloc
01-01 00:01:15.255 997 1010 I zygote : Waiting for a blocking GC Alloc
01-01 00:01:15.256 997 1060 I zygote : Waiting for a blocking GC Alloc
01-01 00:01:15.272 997 1044 I zygote : Waiting for a blocking GC Alloc
01-01 00:01:15.294 997 1094 I zygote : Alloc concurrent copying GC freed 12891(1881KB) AllocSpace objects, 2(36KB) LOS objects, 53% free, 1360KB/2MB, paused 525us total 44.517ms
01-01 00:01:15.296 997 1094 D OpenGLRenderer: HWUI GL Pipeline
01-01 00:01:15.298 997 1010 I zygote : WaitForGcToComplete blocked for 42.748ms for cause Alloc
01-01 00:01:15.298 997 1010 I zygote : Starting a blocking GC Alloc
01-01 00:01:15.298 997 1060 I zygote : WaitForGcToComplete blocked for 42.647ms for cause Alloc
01-01 00:01:15.298 997 1060 I zygote : Starting a blocking GC Alloc
01-01 00:01:15.299 997 1044 I zygote : WaitForGcToComplete blocked for 26.739ms for cause Alloc
01-01 00:01:15.299 997 1044 I zygote : Starting a blocking GC Alloc
01-01 00:01:15.339 997 1060 V GridSizeMigrationTask: Workspace migration completed in 38
01-01 00:01:15.339 997 1060 D Launcher.Model: loadWorkspace: loading default favorites
01-01 00:01:15.359 997 1094 I vndksupport: sphal namespace is not configured for this process. Loading /vendor/lib/hw/gralloc.jacinto6.so from the current namespace instead.
01-01 00:01:15.367 997 1094 E IMGSRV : :0: PVRSRVOpenDCDevice: Error - 138 returned
01-01 00:01:15.372 997 1094 I vndksupport: sphal namespace is not configured for this process. Loading /vendor/lib/hw/gralloc.jacinto6.so from the current namespace instead.
01-01 00:01:15.373 997 1094 I OpenGLRenderer: Initialized EGL, version 1.4
01-01 00:01:15.373 997 1094 D OpenGLRenderer: Swap behavior 1
01-01 00:01:15.373 997 1094 W OpenGLRenderer: Failed to choose config with EGL_SWAP_BEHAVIOR_PRESERVED, retrying without...
01-01 00:01:15.373 997 1094 D OpenGLRenderer: Swap behavior 0
01-01 00:01:15.471 997 1094 I vndksupport: sphal namespace is not configured for this process. Loading /vendor/lib/hw/gralloc.jacinto6.so from the current namespace instead.
01-01 00:01:15.478 1055 1055 I DownloadManager: Upgrading downloads database from version 0 to version 110, which will destroy all old data
01-01 00:01:15.493 320 343 I ActivityManager: Displayed com.android.launcher3/.Launcher: +1s34ms (total +1s592ms)
01-01 00:01:15.538 997 1060 D LauncherProvider: loading default workspace
01-01 00:01:15.764 997 1060 W DefaultLayoutParser: No preference or single system activity found for Intent { act=android.intent.action.MAIN cat=[android.intent.category.APP_MESSAGING] }
01-01 00:01:15.765 997 1060 W DefaultLayoutParser: No preference or single system activity found for Intent { act=android.intent.action.VIEW dat=sms: }
01-01 00:01:15.765 997 1060 W DefaultLayoutParser: No preference or single system activity found for Intent { act=android.intent.action.VIEW dat=smsto: }
01-01 00:01:15.766 997 1060 W DefaultLayoutParser: No preference or single system activity found for Intent { act=android.intent.action.VIEW dat=mms: }
01-01 00:01:15.766 997 1060 W DefaultLayoutParser: No preference or single system activity found for Intent { act=android.intent.action.VIEW dat=mmsto: }
01-01 00:01:15.767 997 1060 W DefaultLayoutParser: No preference or single system activity found for Intent { act=android.intent.action.MAIN cat=[android.intent.category.APP_BROWSER] }
01-01 00:01:15.950 320 320 I DevicePolicyManager: Set ro.device_owner property to false
01-01 00:01:15.953 320 332 W zygote : Long monitor contention with owner main (320) at void android.os.SystemProperties.native_set(java.lang.String, java.lang.String)(SystemProperties.java:-2) waiters=0 in int com.android.server.devicepolicy.DevicePolicyManagerService.getKeyguardDisabledFeatures(android.content.ComponentName, int, boolean) for 506ms
01-01 00:01:16.103 320 341 I UsbDeviceManager: Setting USB config to adb
01-01 00:01:16.322 1055 1055 E SQLiteLog: (1) no such table: album_info
01-01 00:01:16.331 320 332 W zygote : Long monitor contention with owner main (320) at void com.android.server.devicepolicy.DevicePolicyManagerService.updateUserSetupCompleteAndPaired()(DevicePolicyManagerService.java:9106) waiters=0 in int com.android.server.devicepolicy.DevicePolicyManagerService.getKeyguardDisabledFeatures(android.content.ComponentName, int, boolean) for 378ms
01-01 00:01:16.334 320 320 D ZenLog : disable_effects: 0|android|13|PreBootBroadcaster|1000,booleanState
01-01 00:01:16.341 1074 1115 I zygote : Starting a blocking GC Alloc
01-01 00:01:16.341 1074 1115 I zygote : Starting a blocking GC Alloc
01-01 00:01:16.363 1074 1088 I zygote : Waiting for a blocking GC Alloc
01-01 00:01:16.372 1074 1088 I zygote : WaitForGcToComplete blocked for 8.468ms for cause Alloc
01-01 00:01:16.372 1074 1088 I zygote : Starting a blocking GC Alloc
01-01 00:01:16.407 481 481 I Choreographer: Skipped 97 frames! The application may be doing too much work on its main thread.
01-01 00:01:16.412 1074 1117 E ColorExtractionService: Fetching partial bitmap failed, trying old method
01-01 00:01:16.412 1074 1117 E ColorExtractionService: java.lang.NullPointerException: Attempt to invoke virtual method 'java.io.FileDescriptor android.os.ParcelFileDescriptor.getFileDescriptor()' on a null object reference
01-01 00:01:16.412 1074 1117 E ColorExtractionService: at com.android.launcher3.dynamicui.ColorExtractionService.getHotseatPalette(ColorExtractionService.java:125)
01-01 00:01:16.412 1074 1117 E ColorExtractionService: at com.android.launcher3.dynamicui.ColorExtractionService.-wrap0(Unknown Source:0)
01-01 00:01:16.412 1074 1117 E ColorExtractionService: at com.android.launcher3.dynamicui.ColorExtractionService$1.run(ColorExtractionService.java:88)
01-01 00:01:16.412 1074 1117 E ColorExtractionService: at android.os.Handler.handleCallback(Handler.java:789)
01-01 00:01:16.412 1074 1117 E ColorExtractionService: at android.os.Handler.dispatchMessage(Handler.java:98)
01-01 00:01:16.412 1074 1117 E ColorExtractionService: at android.os.Looper.loop(Looper.java:164)
01-01 00:01:16.412 1074 1117 E ColorExtractionService: at android.os.HandlerThread.run(HandlerThread.java:65)
01-01 00:01:16.428 320 334 I RetailDemoModeService: Deleting contents of /data/preloads
01-01 00:01:16.570 997 1060 W DefaultLayoutParser: No preference or single system activity found for Intent { act=android.intent.action.MAIN cat=[android.intent.category.APP_MARKET] }
01-01 00:01:16.573 997 1060 W DefaultLayoutParser: No preference or single system activity found for Intent { act=android.intent.action.VIEW dat=market://details?id=com.android.launcher }
01-01 00:01:16.605 320 367 I WindowManager: Screen frozen for +2s841ms due to Window{7cc880a u0 com.android.systemui.ImageWallpaper}
01-01 00:01:16.627 481 481 W KeyguardUpdateMonitor: invalid subId in handleSimStateChange()
01-01 00:01:16.681 320 320 D ZenLog : disable_effects: -1|android|32|null|1000,booleanState
01-01 00:01:16.687 320 320 D ZenLog : disable_effects: -1|android|26|null|1000,booleanState
01-01 00:01:16.699 481 481 W com.android.systemui: type=1400 audit(0.0:29): avc: granted { getattr } for comm=496E666C6174657254687265616420 path="/" dev="rootfs" ino=1 scontext=u:r:platform_app:s0:c512,c768 tcontext=u:object_r:rootfs:s0 tclass=dir
01-01 00:01:16.729 481 481 I chatty : uid=10028(u0_a28) com.android.systemui identical 16 lines
01-01 00:01:16.729 481 481 W com.android.systemui: type=1400 audit(0.0:46): avc: granted { getattr } for comm=496E666C6174657254687265616420 path="/" dev="rootfs" ino=1 scontext=u:r:platform_app:s0:c512,c768 tcontext=u:object_r:rootfs:s0 tclass=dir
01-01 00:01:16.799 481 481 I zygote : Deoptimizing void com.android.systemui.statusbar.ViewTransformationHelper.setVisible(boolean) due to JIT inline cache
01-01 00:01:17.295 997 1102 W zygote : Long monitor contention with owner launcher-loader (1060) at long android.database.sqlite.SQLiteConnection.nativeExecuteForLastInsertedRowId(long, long)(SQLiteConnection.java:-2) waiters=0 in void com.android.launcher3.LauncherProvider.createDbIfNotExists() for 690ms
01-01 00:01:17.309 1055 1055 I d.process.media: type=1400 audit(0.0:47): avc: denied { write } for name="property_service" dev="tmpfs" ino=8475 scontext=u:r:priv_app:s0:c512,c768 tcontext=u:object_r:property_socket:s0 tclass=sock_file permissive=1
01-01 00:01:17.309 1055 1055 I d.process.media: type=1400 audit(0.0:48): avc: denied { connectto } for path="/dev/socket/property_service" scontext=u:r:priv_app:s0:c512,c768 tcontext=u:r:init:s0 tclass=unix_stream_socket permissive=1
01-01 00:01:17.428 1055 1055 I zygote : Starting a blocking GC Alloc
01-01 00:01:17.428 1055 1055 I zygote : Starting a blocking GC Alloc
01-01 00:01:17.429 1055 1122 I zygote : Waiting for a blocking GC Alloc
01-01 00:01:17.440 1055 1122 I zygote : WaitForGcToComplete blocked for 10.362ms for cause Alloc
01-01 00:01:17.440 1055 1122 I zygote : Starting a blocking GC Alloc
01-01 00:01:17.449 1055 1055 D MediaScannerReceiver: action: android.intent.action.MEDIA_MOUNTED path: /storage/emulated/0
01-01 00:01:17.452 566 566 W CAR.SERVICE: Starting...
01-01 00:01:17.454 320 332 I PreBootBroadcaster: Pre-boot of {com.android.managedprovisioning/com.android.managedprovisioning.ota.PreBootListener} for user 0
01-01 00:01:17.456 577 577 I VvmSimStateTracker: android.intent.action.SIM_STATE_CHANGED
01-01 00:01:17.478 320 605 I ActivityManager: Start proc 1127:com.android.quicksearchbox/u0a61 for broadcast com.android.quicksearchbox/.SearchWidgetProvider
01-01 00:01:17.512 320 320 D ZenLog : disable_effects: 0|android|13|PreBootBroadcaster|1000,booleanState
01-01 00:01:17.537 320 332 D VoldConnector: SND -> {34 volume mkdirs /storage/emulated/0/Android/data/com.android.launcher3/files/}
01-01 00:01:17.545 320 383 D VoldConnector: RCV <- {200 34 Command succeeded}
01-01 00:01:17.586 1127 1142 I zygote : Starting a blocking GC Alloc
01-01 00:01:17.586 1127 1142 I zygote : Starting a blocking GC Alloc
01-01 00:01:17.594 1127 1127 I zygote : Waiting for a blocking GC Alloc
01-01 00:01:17.605 1127 1127 I zygote : WaitForGcToComplete blocked for 11.017ms for cause Alloc
01-01 00:01:17.605 1127 1127 I zygote : Starting a blocking GC Alloc
01-01 00:01:17.631 481 489 I zygote : Do full code cache collection, code=126KB, data=102KB
01-01 00:01:17.633 481 489 I zygote : After code cache collection, code=97KB, data=64KB
01-01 00:01:17.645 320 330 I zygote : Background concurrent copying GC freed 34714(3MB) AllocSpace objects, 21(604KB) LOS objects, 42% free, 4MB/7MB, paused 1.680ms total 181.918ms
01-01 00:01:17.692 320 605 I ActivityManager: Start proc 1147:com.android.managedprovisioning/u0a18 for broadcast com.android.managedprovisioning/.ota.PreBootListener
01-01 00:01:17.722 1147 1159 I zygote : Starting a blocking GC Alloc
01-01 00:01:17.722 1147 1159 I zygote : Starting a blocking GC Alloc
01-01 00:01:17.728 1147 1147 I zygote : Waiting for a blocking GC Alloc
01-01 00:01:17.734 1147 1159 I zygote : Alloc concurrent copying GC freed 1888(1093KB) AllocSpace objects, 0(0B) LOS objects, 83% free, 304KB/1840KB, paused 536us total 10.273ms
01-01 00:01:17.734 1147 1147 I zygote : WaitForGcToComplete blocked for 6.166ms for cause Alloc
01-01 00:01:17.734 1147 1147 I zygote : Starting a blocking GC Alloc
01-01 00:01:17.804 997 1060 I zygote : Deoptimizing float com.android.launcher3.graphics.IconNormalizer.getScale(android.graphics.drawable.Drawable, android.graphics.RectF, android.graphics.Path, boolean[]) due to JIT inline cache
01-01 00:01:17.834 320 332 I PreBootBroadcaster: Pre-boot of {com.android.providers.calendar/com.android.providers.calendar.CalendarUpgradeReceiver} for user 0
01-01 00:01:17.839 320 320 D ZenLog : disable_effects: 0|android|13|PreBootBroadcaster|1000,booleanState
01-01 00:01:17.859 320 332 I ActivityManager: Start proc 1167:com.android.providers.calendar/u0a3 for broadcast com.android.providers.calendar/.CalendarUpgradeReceiver
01-01 00:01:17.879 1167 1172 I zygote : Starting a blocking GC Alloc
01-01 00:01:17.880 1167 1172 I zygote : Starting a blocking GC Alloc
01-01 00:01:17.901 1167 1172 I zygote : Alloc concurrent copying GC freed 1858(1077KB) AllocSpace objects, 0(0B) LOS objects, 84% free, 288KB/1824KB, paused 559us total 20.499ms
01-01 00:01:18.025 1055 1126 V MediaScanner: pruneDeadThumbnailFiles... android.content.ContentProviderClient$CursorWrapperInner@d4b7961
01-01 00:01:18.026 1055 1126 V MediaScanner: /pruneDeadThumbnailFiles... android.content.ContentProviderClient$CursorWrapperInner@d4b7961
01-01 00:01:18.029 175 175 I android.hardwar: type=1400 audit(0.0:49): avc: denied { accept } for lport=33452 scontext=u:r:hal_vehicle_default:s0 tcontext=u:r:hal_vehicle_default:s0 tclass=tcp_socket permissive=1
01-01 00:01:18.144 1167 1167 I CalendarDatabaseHelper: Bootstrapping database
01-01 00:01:18.236 1167 1167 I CalendarProvider2: Created com.android.providers.calendar.CalendarAlarmManager@3f39598(com.android.providers.calendar.CalendarProvider2@1db31f1)
01-01 00:01:18.271 1167 1167 I CalendarUpgradeReceiver: Creating or opening calendar database
01-01 00:01:18.273 320 511 I PreBootBroadcaster: Pre-boot of {com.android.providers.contacts/com.android.providers.contacts.ContactsUpgradeReceiver} for user 0
01-01 00:01:18.275 320 320 D ZenLog : disable_effects: 0|android|13|PreBootBroadcaster|1000,booleanState
01-01 00:01:18.277 171 1168 I zygote : Starting a blocking GC Alloc
01-01 00:01:18.277 171 1168 I zygote : Starting a blocking GC Alloc
01-01 00:01:18.284 171 1168 I zygote : Alloc concurrent copying GC freed 1903(1077KB) AllocSpace objects, 0(0B) LOS objects, 84% free, 288KB/1824KB, paused 280us total 6.925ms
01-01 00:01:18.300 320 511 I ActivityManager: Start proc 1186:android.process.acore/u0a0 for broadcast com.android.providers.contacts/.ContactsUpgradeReceiver
01-01 00:01:18.584 1186 1186 I ContactsPerf: VoicemailContentProvider.onCreate start
01-01 00:01:18.597 1186 1186 I ContactsPerf: VoicemailContentProvider.onCreate finish
01-01 00:01:18.646 1186 1186 D StrictMode: StrictMode policy violation; ~duration=82 ms: android.os.StrictMode$StrictModeDiskWriteViolation: policy=65597 violation=1
01-01 00:01:18.646 1186 1186 D StrictMode: at android.os.StrictMode$AndroidBlockGuardPolicy.onWriteToDisk(StrictMode.java:1384)
01-01 00:01:18.646 1186 1186 D StrictMode: at libcore.io.BlockGuardOs.mkdir(BlockGuardOs.java:193)
01-01 00:01:18.646 1186 1186 D StrictMode: at android.system.Os.mkdir(Os.java:319)
01-01 00:01:18.646 1186 1186 D StrictMode: at android.app.ContextImpl.ensurePrivateDirExists(ContextImpl.java:562)
01-01 00:01:18.646 1186 1186 D StrictMode: at android.app.ContextImpl.ensurePrivateDirExists(ContextImpl.java:550)
01-01 00:01:18.646 1186 1186 D StrictMode: at android.app.ContextImpl.getPreferencesDir(ContextImpl.java:506)
01-01 00:01:18.646 1186 1186 D StrictMode: at android.app.ContextImpl.getSharedPreferencesPath(ContextImpl.java:698)
01-01 00:01:18.646 1186 1186 D StrictMode: at android.app.ContextImpl.getSharedPreferences(ContextImpl.java:366)
01-01 00:01:18.646 1186 1186 D StrictMode: at android.content.ContextWrapper.getSharedPreferences(ContextWrapper.java:167)
01-01 00:01:18.646 1186 1186 D StrictMode: at android.preference.PreferenceManager.getDefaultSharedPreferences(PreferenceManager.java:526)
01-01 00:01:18.646 1186 1186 D StrictMode: at com.android.providers.contacts.FastScrollingIndexCache.getInstance(FastScrollingIndexCache.java:95)
01-01 00:01:18.646 1186 1186 D StrictMode: at com.android.providers.contacts.ContactsProvider2.initialize(ContactsProvider2.java:1587)
01-01 00:01:18.646 1186 1186 D StrictMode: at com.android.providers.contacts.ContactsProvider2.onCreate(ContactsProvider2.java:1562)
01-01 00:01:18.646 1186 1186 D StrictMode: at android.content.ContentProvider.attachInfo(ContentProvider.java:1919)
01-01 00:01:18.646 1186 1186 D StrictMode: at android.content.ContentProvider.attachInfo(ContentProvider.java:1894)
01-01 00:01:18.646 1186 1186 D StrictMode: at android.app.ActivityThread.installProvider(ActivityThread.java:6285)
01-01 00:01:18.646 1186 1186 D StrictMode: at android.app.ActivityThread.installContentProviders(ActivityThread.java:5851)
01-01 00:01:18.646 1186 1186 D StrictMode: at android.app.ActivityThread.handleBindApplication(ActivityThread.java:5772)
01-01 00:01:18.646 1186 1186 D StrictMode: at android.app.ActivityThread.-wrap1(Unknown Source:0)
01-01 00:01:18.646 1186 1186 D StrictMode: at android.app.ActivityThread$H.handleMessage(ActivityThread.java:1661)
01-01 00:01:18.646 1186 1186 D StrictMode: at android.os.Handler.dispatchMessage(Handler.java:105)
01-01 00:01:18.646 1186 1186 D StrictMode: at android.os.Looper.loop(Looper.java:164)
01-01 00:01:18.646 1186 1186 D StrictMode: at android.app.ActivityThread.main(ActivityThread.java:6541)
01-01 00:01:18.646 1186 1186 D StrictMode: at java.lang.reflect.Method.invoke(Native Method)
01-01 00:01:18.646 1186 1186 D StrictMode: at com.android.internal.os.Zygote$MethodAndArgsCaller.run(Zygote.java:240)
01-01 00:01:18.646 1186 1186 D StrictMode: at com.android.internal.os.ZygoteInit.main(ZygoteInit.java:767)
01-01 00:01:18.646 1186 1186 D StrictMode: StrictMode policy violation; ~duration=79 ms: android.os.StrictMode$StrictModeDiskWriteViolation: policy=65597 violation=1
01-01 00:01:18.646 1186 1186 D StrictMode: at android.os.StrictMode$AndroidBlockGuardPolicy.onWriteToDisk(StrictMode.java:1384)
01-01 00:01:18.646 1186 1186 D StrictMode: at libcore.io.BlockGuardOs.chmod(BlockGuardOs.java:77)
01-01 00:01:18.646 1186 1186 D StrictMode: at android.system.Os.chmod(Os.java:87)
01-01 00:01:18.646 1186 1186 D StrictMode: at android.app.ContextImpl.ensurePrivateDirExists(ContextImpl.java:563)
01-01 00:01:18.646 1186 1186 D StrictMode: at android.app.ContextImpl.ensurePrivateDirExists(ContextImpl.java:550)
01-01 00:01:18.646 1186 1186 D StrictMode: at android.app.ContextImpl.getPreferencesDir(ContextImpl.java:506)
01-01 00:01:18.646 1186 1186 D StrictMode: at android.app.ContextImpl.getSharedPreferencesPath(ContextImpl.java:698)
01-01 00:01:18.646 1186 1186 D StrictMode: at android.app.ContextImpl.getSharedPreferences(ContextImpl.java:366)
01-01 00:01:18.646 1186 1186 D StrictMode: at android.content.ContextWrapper.getSharedPreferences(ContextWrapper.java:167)
01-01 00:01:18.646 1186 1186 D StrictMode: at android.preference.PreferenceManager.getDefaultSharedPreferences(PreferenceManager.java:526)
01-01 00:01:18.646 1186 1186 D StrictMode: at com.android.providers.contacts.FastScrollingIndexCache.getInstance(FastScrollingIndexCache.java:95)
01-01 00:01:18.646 1186 1186 D StrictMode: at com.android.providers.contacts.ContactsProvider2.initialize(ContactsProvider2.java:1587)
01-01 00:01:18.646 1186 1186 D StrictMode: at com.android.providers.contacts.ContactsProvider2.onCreate(ContactsProvider2.java:1562)
01-01 00:01:18.646 1186 1186 D StrictMode: at android.content.ContentProvider.attachInfo(ContentProvider.java:1919)
01-01 00:01:18.646 1186 1186 D StrictMode: at android.content.ContentProvider.attachInfo(ContentProvider.java:1894)
01-01 00:01:18.646 1186 1186 D StrictMode: at android.app.ActivityThread.installProvider(ActivityThread.java:6285)
01-01 00:01:18.646 1186 1186 D StrictMode: at android.app.ActivityThread.installContentProviders(ActivityThread.java:5851)
01-01 00:01:18.646 1186 1186 D StrictMode: at android.app.ActivityThread.handleBindApplication(ActivityThread.java:5772)
01-01 00:01:18.646 1186 1186 D StrictMode: at android.app.ActivityThread.-wrap1(Unknown Source:0)
01-01 00:01:18.646 1186 1186 D StrictMode: at android.app.ActivityThread$H.handleMessage(ActivityThread.java:1661)
01-01 00:01:18.646 1186 1186 D StrictMode: at android.os.Handler.dispatchMessage(Handler.java:105)
01-01 00:01:18.646 1186 1186 D StrictMode: at android.os.Looper.loop(Looper.java:164)
01-01 00:01:18.646 1186 1186 D StrictMode: at android.app.ActivityThread.main(ActivityThread.java:6541)
01-01 00:01:18.646 1186 1186 D StrictMode: at java.lang.reflect.Method.invoke(Native Method)
01-01 00:01:18.646 1186 1186 D StrictMode: at com.android.internal.os.Zygote$MethodAndArgsCaller.run(Zygote.java:240)
01-01 00:01:18.646 1186 1186 D StrictMode: at com.android.internal.os.ZygoteInit.main(ZygoteInit.java:767)
01-01 00:01:18.708 1186 1186 I ContactsUpgradeReceiver: Creating or opening contacts database
01-01 00:01:18.712 320 343 I zygote : Explicit concurrent copying GC freed 11025(817KB) AllocSpace objects, 3(76KB) LOS objects, 42% free, 3MB/6MB, paused 260us total 97.675ms
01-01 00:01:18.780 1186 1204 I ContactsDatabaseHelper: Bootstrapping database contacts2.db version: 1202
01-01 00:01:18.954 1186 1204 I ContactsProviderV1: Bootstrapping database legacy support
01-01 00:01:19.405 1186 1204 D ContactsDatabaseHelper: WAL enabled for contacts2.db: true
01-01 00:01:19.891 577 577 D ImsResolver: maybeAddedImsService, packageName: com.android.provision
01-01 00:01:19.896 320 381 I InputReader: Reconfiguring input devices. changes=0x00000010
01-01 00:01:19.897 577 577 D ImsResolver: maybeAddedImsService, packageName: com.android.settings
01-01 00:01:19.898 320 381 I InputReader: Reconfiguring input devices. changes=0x00000010
01-01 00:01:19.913 320 320 I Telecom : DefaultDialerCache: Refreshing default dialer for user 0: now null: DDC.oR@AA8
01-01 00:01:19.927 320 320 I Telecom : DefaultDialerCache: Refreshing default dialer for user 0: now null: DDC.oR@ABA
01-01 00:01:19.932 320 334 W VoiceInteractionManagerService: no available voice interaction services found for user 0
01-01 00:01:19.933 1186 1204 E SQLiteLog: (1) no such table: _sync_state_metadata
01-01 00:01:19.934 320 334 W ResourceType: No known package when getting value for resource number 0x7f080128
01-01 00:01:19.934 320 334 W ResourceType: No known package when getting value for resource number 0x7f120d8d
01-01 00:01:19.934 320 334 W ResourceType: No known package when getting value for resource number 0x7f080127
01-01 00:01:19.934 320 334 W ResourceType: No known package when getting value for resource number 0x7f1203bb
01-01 00:01:19.934 320 334 W ResourceType: No known package when getting value for resource number 0x7f080126
01-01 00:01:19.934 320 334 W ResourceType: No known package when getting value for resource number 0x7f120822
01-01 00:01:19.938 320 334 W VoiceInteractionManagerService: no available voice interaction services found for user 0
01-01 00:01:19.959 1186 1186 W zygote : Long monitor contention with owner Worker-1 (1204) at void android.database.sqlite.SQLiteConnection.nativeExecute(long, long)(SQLiteConnection.java:-2) waiters=0 in android.database.sqlite.SQLiteDatabase android.database.sqlite.SQLiteOpenHelper.getWritableDatabase() for 1.250s
01-01 00:01:19.959 1186 1206 W zygote : Long monitor contention with owner Worker-1 (1204) at void android.database.sqlite.SQLiteConnection.nativeExecute(long, long)(SQLiteConnection.java:-2) waiters=1 in android.database.sqlite.SQLiteDatabase android.database.sqlite.SQLiteOpenHelper.getWritableDatabase() for 1.181s
01-01 00:01:19.968 1186 1206 I CallLogDatabaseHelper: Migrating from old tables...
01-01 00:01:19.989 1186 1206 I CallLogDatabaseHelper: Source tables don't exist.
01-01 00:01:20.103 1186 1207 W zygote : Long monitor contention with owner Worker-1 (1206) at void android.database.sqlite.SQLiteConnection.nativeExecute(long, long)(SQLiteConnection.java:-2) waiters=0 in android.database.sqlite.SQLiteDatabase android.database.sqlite.SQLiteOpenHelper.getReadableDatabase() for 1.505s
01-01 00:01:20.123 1186 1204 I ContactLocale: AddressBook Labels [[en_US]]: […, A, B, C, D, E, F, G, H, I, J, K, L, M, N, O, P, Q, R, S, T, U, V, W, X, Y, Z, Α, Β, Γ, Δ, Ε, Ζ, Η, Θ, Ι, Κ, Λ, Μ, Ν, Ξ, Ο, Π, Ρ, Σ, Τ, Υ, Φ, Χ, Ψ, Ω, …, А, Б, В, Г, Д, Ђ, Е, Є, Ж, З, И, І, Й, Ј, К, Л, Љ, М, Н, Њ, О, П, Р, С, Т, Ћ, У, Ф, Х, Ц, Ч, Џ, Ш, Щ, Ю, Я, …, א, ב, ג, ד, ה, ו, ז, ח, ט, י, כ, ל, מ, נ, ס, ע, פ, צ, ק, ר, ש, ת, …, ا, ب, ت, ث, ج, ح, خ, د, ذ, ر, ز, س, ش, ص, ض, ط, ظ, ع, غ, ف, ق, ك, ل, م, ن, ه, و, ي, …, ก, ข, ฃ, ค, ฅ, ฆ, ง, จ, ฉ, ช, ซ, ฌ, ญ, ฎ, ฏ, ฐ, ฑ, ฒ, ณ, ด, ต, ถ, ท, ธ, น, บ, ป, ผ, ฝ, พ, ฟ, ภ, ม, ย, ร, ฤ, ล, ฦ, ว, ศ, ษ, ส, ห, ฬ, อ, ฮ, …, ㄱ, ㄴ, ㄷ, ㄹ, ㅁ, ㅂ, ㅅ, ㅇ, ㅈ, ㅊ, ㅋ, ㅌ, ㅍ, ㅎ, …, あ, か, さ, た, な, は, ま, や, ら, わ, #, …]
01-01 00:01:21.359 1186 1186 I ContactsDatabaseHelper: Bootstrapping database contacts2.db version: 1202
01-01 00:01:21.406 1186 1206 I CallLogDatabaseHelper: Migrating from old tables...
01-01 00:01:21.407 1186 1206 I CallLogDatabaseHelper: Source tables don't exist.
01-01 00:01:21.484 1186 1186 I ContactsProviderV1: Bootstrapping database legacy support
01-01 00:01:21.932 1186 1186 D ContactsDatabaseHelper: WAL enabled for profile.db: true
01-01 00:01:22.623 1186 1186 E SQLiteLog: (1) no such table: _sync_state_metadata
01-01 00:01:22.662 1186 1204 W zygote : Long monitor contention with owner main (1186) at void android.database.sqlite.SQLiteConnection.nativeExecute(long, long)(SQLiteConnection.java:-2) waiters=0 in android.database.sqlite.SQLiteDatabase android.database.sqlite.SQLiteOpenHelper.getReadableDatabase() for 2.532s
01-01 00:01:22.670 1186 1186 I ContactsProvider: Locale has changed from null to [en_US]
01-01 00:01:22.671 1186 1186 I ContactsDatabaseHelper: Switching to locale [en_US] (ICU v58.2)
01-01 00:01:22.775 1186 1186 I ContactsDatabaseHelper: Locale change completed in 104ms
01-01 00:01:22.776 1186 1186 I ContactsDatabaseHelper: Switching to locale [en_US] (ICU v58.2)
01-01 00:01:22.811 1186 1204 I ContactDirectoryManager: deleted 0 stale rows which don't have any relevant directory
01-01 00:01:22.814 1186 1204 I ContactDirectoryManager: Discovered 0 contact directories in 103ms
01-01 00:01:22.816 1186 1204 I ContactsProvider: Locale has changed from null to [en_US]
01-01 00:01:22.847 1186 1204 I ContactsDatabaseHelper: Switching to locale [en_US] (ICU v58.2)
01-01 00:01:22.854 1186 1186 I ContactsDatabaseHelper: Locale change completed in 78ms
01-01 00:01:22.913 320 605 I PreBootBroadcaster: Pre-boot of {com.android.providers.media/com.android.providers.media.MediaUpgradeReceiver} for user 0
01-01 00:01:22.915 320 320 D ZenLog : disable_effects: 0|android|13|PreBootBroadcaster|1000,booleanState
01-01 00:01:22.925 1186 1204 I ContactsDatabaseHelper: Locale change completed in 78ms
01-01 00:01:23.000 1186 1204 I ContactsFTS: Rebuild contact search index in 21ms, 0 contacts
01-01 00:01:23.015 1055 1055 I MediaUpgradeReceiver: ---> Start upgrade of media database external.db
01-01 00:01:23.051 1186 1204 I ContactsProvider: Upgrading aggregation algorithm
01-01 00:01:23.065 1186 1204 I ContactAggregator: Marked all visible contacts for aggregation: 0 raw contacts, 13 ms
01-01 00:01:23.069 1055 1055 I MediaUpgradeReceiver: <--- Finished upgrade of media database external.db in 54ms
01-01 00:01:23.070 320 605 I PreBootBroadcaster: Pre-boot of {com.android.settings/com.android.settings.SettingsInitialize} for user 0
01-01 00:01:23.072 320 320 D ZenLog : disable_effects: 0|android|13|PreBootBroadcaster|1000,booleanState
01-01 00:01:23.075 320 511 D PackageManager: Ephemeral installer not found with new action; try old one
01-01 00:01:23.075 320 511 D PackageManager: Clear ephemeral installer activity
01-01 00:01:23.076 1186 1204 I ContactsProvider: Aggregation algorithm upgraded for 0 raw contacts in 25ms
01-01 00:01:23.078 320 955 I ActivityManager: Sending BOOT_COMPLETE user #0
01-01 00:01:23.141 566 566 W CAR.SERVICE: Starting...
01-01 00:01:23.143 320 1221 E BootReceiver: Error reading /data/system/last-header.txt
01-01 00:01:23.143 320 1221 E BootReceiver: java.io.FileNotFoundException: /data/system/last-header.txt (No such file or directory)
01-01 00:01:23.143 320 1221 E BootReceiver: at java.io.FileInputStream.open0(Native Method)
01-01 00:01:23.143 320 1221 E BootReceiver: at java.io.FileInputStream.open(FileInputStream.java:200)
01-01 00:01:23.143 320 1221 E BootReceiver: at java.io.FileInputStream.(FileInputStream.java:150)
01-01 00:01:23.143 320 1221 E BootReceiver: at android.os.FileUtils.readTextFile(FileUtils.java:262)
01-01 00:01:23.143 320 1221 E BootReceiver: at com.android.server.BootReceiver.getPreviousBootHeaders(BootReceiver.java:144)
