01-01 00:00:12.608 176 176 D CameraHal: (b2bba4a8) hardware/ti/dra7xx/camera/V4LCameraAdapter/V4LCameraAdapter.cpp:245 v4lSetFormat - ### Using: WxH = 1280x720 pixelformat=0x56595559
01-01 00:00:12.608 176 176 D CameraHal: (b2bba4a8) hardware/ti/dra7xx/camera/V4LCameraAdapter/V4LCameraAdapter.cpp:246 v4lSetFormat - ### Using: bytesperline=2560 sizeimage=1843200 colorspace=0x1
01-01 00:00:12.608 176 176 D CameraHal: (b2bba4a8) - hardware/ti/dra7xx/camera/V4LCameraAdapter/V4LCameraAdapter.cpp:247 v4lSetFormat - EXIT
01-01 00:00:12.609 176 176 D CameraHal: (b2bba4a8) hardware/ti/dra7xx/camera/V4LCameraAdapter/V4LCameraAdapter.cpp:465 setParameters - Current fps is 0 new fps is (30000,30000)
01-01 00:00:12.609 176 176 D CameraHal: (b2bba4a8) - hardware/ti/dra7xx/camera/V4LCameraAdapter/V4LCameraAdapter.cpp:476 setParameters - EXIT
01-01 00:00:12.609 176 176 D CameraHal: (b2bba4a8) - hardware/ti/dra7xx/camera/CameraHal.cpp:1350 setParameters - EXIT
01-01 00:00:12.609 176 176 D CameraHal: (b2bba4a8) - hardware/ti/dra7xx/camera/CameraHal.cpp:4247 initialize - EXIT
01-01 00:00:12.609 176 176 D CameraHal: (b2bba4a8) + hardware/ti/dra7xx/camera/CameraHal_Module.cpp:171 camera_set_callbacks - ENTER
01-01 00:00:12.609 176 176 D CameraHal: (b2bba4a8) + hardware/ti/dra7xx/camera/CameraHal.cpp:231 setCallbacks - ENTER
01-01 00:00:12.609 176 176 D CameraHal: (b2bba4a8) + hardware/ti/dra7xx/camera/AppCallbackNotifier.cpp:84 setCallbacks - ENTER
01-01 00:00:12.609 176 176 D CameraHal: (b2bba4a8) - hardware/ti/dra7xx/camera/AppCallbackNotifier.cpp:93 setCallbacks - EXIT
01-01 00:00:12.609 176 176 D CameraHal: (b2bba4a8) - hardware/ti/dra7xx/camera/CameraHal.cpp:247 setCallbacks - EXIT
01-01 00:00:12.609 176 176 D CameraHal: (b2bba4a8) - hardware/ti/dra7xx/camera/CameraHal_Module.cpp:171 camera_set_callbacks - EXIT
01-01 00:00:12.609 176 176 D CameraHal: (b2bba4a8) + hardware/ti/dra7xx/camera/CameraHal_Module.cpp:485 camera_get_parameters - ENTER
01-01 00:00:12.609 176 176 D CameraHal: (b2bba4a8) + hardware/ti/dra7xx/camera/CameraHal.cpp:3621 getParameters - ENTER
01-01 00:00:12.609 176 176 D CameraHal: (b2bba4a8) + hardware/ti/dra7xx/camera/V4LCameraAdapter/V4LCameraAdapter.cpp:483 getParameters - ENTER
01-01 00:00:12.609 176 176 D CameraHal: (b2bba4a8) - hardware/ti/dra7xx/camera/V4LCameraAdapter/V4LCameraAdapter.cpp:489 getParameters - EXIT
01-01 00:00:12.609 176 176 E CameraHal: (b2bba4a8) hardware/ti/dra7xx/camera/CameraHal.cpp:3675 getParameters - Dumping h264 frame to a file : /data/local/tmp/dump_003.h264.
01-01 00:00:12.609 176 176 E CameraHal: (b2bba4a8) hardware/ti/dra7xx/camera/CameraHal.cpp:3679 getParameters - Unable to open file /data/local/tmp/dump_003.h264: Unknown error -1
01-01 00:00:12.609 176 176 E CameraHal: (b2bba4a8) hardware/ti/dra7xx/camera/CameraHal.cpp:3686 getParameters - LINE 3686 FUNCTION getParameters, params_str8.length() 2734
01-01 00:00:12.609 176 176 E CameraHal: (b2bba4a8) hardware/ti/dra7xx/camera/CameraHal.cpp:3688 getParameters - FUNCTON: getParameters: LINE: 3688, params_string: antibanding=;antibanding-values=auto;auto-convergence-mode=;auto-convergence-mode-values=;auto-exposure-lock=;auto-exposure-lock-supported=;brightness=;camera-name=USBCAMERA;contrast=;effect=;effect-values=none;exif-make=;exif-model=;exposure=;exposure-compensation=;exposure-compensation-step=;exposure-mode-values=auto;focal-length=1;focus-distances=Infinity,Infinity,Infinity;focus-mode=fixed;focus-mode-values=fixed;gbce=false;gbce-supported=;glbce=false;glbce-supported=;horizontal-view-angle=170;ipp=;ipp-values=ldc-nsf;iso=;iso-mode-values=auto;jpeg-quality=90;jpeg-thumbnail-height=240;jpeg-thumbnail-quality=50;jpeg-thumbnail-size-values=0x0,320x240;jpeg-thumbnail-width=320;manual-convergence=;manual-exposure=;manual-exposure-right=;manual-gain-iso=;manual-gain-iso-right=;max-exposure-compensation=;max-num-detected-faces-hw=0;max-num-detected-faces-sw=;max-num-focus-areas=;max-num
01-01 00:00:12.609 176 176 D CameraHal: (b2bba4a8) - hardware/ti/dra7xx/camera/CameraHal.cpp:3684 getParameters - EXIT
01-01 00:00:12.609 176 176 D CameraHal: (b2bba4a8) - hardware/ti/dra7xx/camera/CameraHal_Module.cpp:485 camera_get_parameters - EXIT
01-01 00:00:12.609 176 176 D CameraHal: (b2bba4a8) + hardware/ti/dra7xx/camera/CameraHal_Module.cpp:502 camera_put_parameters - ENTER
01-01 00:00:12.609 176 176 D CameraHal: (b2bba4a8) - hardware/ti/dra7xx/camera/CameraHal_Module.cpp:502 camera_put_parameters - EXIT
01-01 00:00:12.610 176 176 D CameraHal: (b2bba4a8) + hardware/ti/dra7xx/camera/CameraHal_Module.cpp:94 camera_set_preview_window - ENTER
01-01 00:00:12.610 176 176 D CameraHal: (b2bba4a8) + hardware/ti/dra7xx/camera/CameraHal.cpp:2059 setPreviewWindow - ENTER
01-01 00:00:12.610 176 176 D CameraHal: (b2bba4a8) + hardware/ti/dra7xx/camera/ANativeWindowDisplayAdapter.cpp:84 ANativeWindowDisplayAdapter - ENTER
01-01 00:00:12.610 176 176 D CameraHal: (b2bba4a8) - hardware/ti/dra7xx/camera/ANativeWindowDisplayAdapter.cpp:117 ANativeWindowDisplayAdapter - EXIT
01-01 00:00:12.610 176 176 D CameraHal: (b2bba4a8) + hardware/ti/dra7xx/camera/ANativeWindowDisplayAdapter.cpp:167 initialize - ENTER
01-01 00:00:12.610 176 176 D CameraHal: (b2bba4a8) - hardware/ti/dra7xx/camera/ANativeWindowDisplayAdapter.cpp:187 initialize - EXIT
01-01 00:00:12.610 176 176 D CameraHal: (b2bba4a8) + hardware/ti/dra7xx/camera/ANativeWindowDisplayAdapter.cpp:220 setFrameProvider - ENTER
01-01 00:00:12.610 176 176 D CameraHal: (b2bba4a8) - hardware/ti/dra7xx/camera/ANativeWindowDisplayAdapter.cpp:239 setFrameProvider - EXIT
01-01 00:00:12.610 176 176 D CameraHal: (b2bba4a8) + hardware/ti/dra7xx/camera/ANativeWindowDisplayAdapter.cpp:248 setErrorHandler - ENTER
01-01 00:00:12.611 176 176 D CameraHal: (b2bba4a8) - hardware/ti/dra7xx/camera/ANativeWindowDisplayAdapter.cpp:260 setErrorHandler - EXIT
01-01 00:00:12.611 176 176 D CameraHal: (b2bba4a8) + hardware/ti/dra7xx/camera/ANativeWindowDisplayAdapter.cpp:194 setPreviewWindow - ENTER
01-01 00:00:12.611 176 176 D CameraHal: (b2bba4a8) + hardware/ti/dra7xx/camera/ANativeWindowDisplayAdapter.cpp:437 destroy - ENTER
01-01 00:00:12.611 176 176 D CameraHal: (b2bba4a8) - hardware/ti/dra7xx/camera/ANativeWindowDisplayAdapter.cpp:448 destroy - EXIT
01-01 00:00:12.611 176 176 D CameraHal: (b2bba4a8) - hardware/ti/dra7xx/camera/ANativeWindowDisplayAdapter.cpp:213 setPreviewWindow - EXIT
01-01 00:00:12.611 176 176 D CameraHal: (b2bba4a8) - hardware/ti/dra7xx/camera/CameraHal.cpp:2142 setPreviewWindow - EXIT
01-01 00:00:12.611 176 176 D CameraHal: (b2bba4a8) - hardware/ti/dra7xx/camera/CameraHal_Module.cpp:94 camera_set_preview_window - EXIT
01-01 00:00:12.611 176 176 D CameraHal: (b2bba4a8) + hardware/ti/dra7xx/camera/CameraHal_Module.cpp:244 camera_stop_preview - ENTER
01-01 00:00:12.611 176 176 D CameraHal: (b2bba4a8) + hardware/ti/dra7xx/camera/CameraHal.cpp:2539 stopPreview - ENTER
01-01 00:00:12.611 176 176 D CameraHal: (b2bba4a8) + hardware/ti/dra7xx/camera/CameraHal.cpp:2579 previewEnabled - ENTER
01-01 00:00:12.611 176 176 D CameraHal: (b2bba4a8) - hardware/ti/dra7xx/camera/CameraHal.cpp:2579 previewEnabled - EXIT
01-01 00:00:12.611 176 176 D CameraHal: (b2bba4a8) - hardware/ti/dra7xx/camera/CameraHal.cpp:2543 stopPreview - EXIT
01-01 00:00:12.611 176 176 D CameraHal: (b2bba4a8) - hardware/ti/dra7xx/camera/CameraHal_Module.cpp:244 camera_stop_preview - EXIT
01-01 00:00:12.611 176 176 D CameraHal: (b2bba4a8) + hardware/ti/dra7xx/camera/CameraHal_Module.cpp:94 camera_set_preview_window - ENTER
01-01 00:00:12.611 176 176 D CameraHal: (b2bba4a8) + hardware/ti/dra7xx/camera/CameraHal.cpp:2059 setPreviewWindow - ENTER
01-01 00:00:12.611 176 176 D CameraHal: (b2bba4a8) hardware/ti/dra7xx/camera/CameraHal.cpp:2068 setPreviewWindow - NULL window passed, destroying display adapter
01-01 00:00:12.611 176 176 D CameraHal: (b2bba4a8) + hardware/ti/dra7xx/camera/ANativeWindowDisplayAdapter.cpp:125 ~ANativeWindowDisplayAdapter - ENTER
01-01 00:00:12.611 176 176 D CameraHal: (b2bba4a8) + hardware/ti/dra7xx/camera/CameraHalUtilClasses.cpp:49 disableFrameNotification - ENTER
01-01 00:00:12.611 176 176 D CameraHal: (b2bba4a8) + hardware/ti/dra7xx/camera/BaseCameraAdapter.cpp:236 disableMsgType - ENTER
01-01 00:00:12.611 176 176 V CameraHal: (b2bba4a8) hardware/ti/dra7xx/camera/BaseCameraAdapter.cpp:243 disableMsgType - Frame message type id=0xffff remove subscription request
01-01 00:00:12.611 176 176 D CameraHal: (b2bba4a8) - hardware/ti/dra7xx/camera/BaseCameraAdapter.cpp:299 disableMsgType - EXIT
01-01 00:00:12.611 176 176 D CameraHal: (b2bba4a8) - hardware/ti/dra7xx/camera/CameraHalUtilClasses.cpp:56 disableFrameNotification - EXIT
01-01 00:00:12.611 176 176 D CameraHal: (b2bba4a8) + hardware/ti/dra7xx/camera/ANativeWindowDisplayAdapter.cpp:437 destroy - ENTER
01-01 00:00:12.611 176 176 D CameraHal: (b2bba4a8) - hardware/ti/dra7xx/camera/ANativeWindowDisplayAdapter.cpp:448 destroy - EXIT
01-01 00:00:12.611 176 312 D CameraHal: (b0eff970) + hardware/ti/dra7xx/camera/ANativeWindowDisplayAdapter.cpp:877 displayThread - ENTER
01-01 00:00:12.611 176 312 D CameraHal: (b0eff970) + hardware/ti/dra7xx/camera/ANativeWindowDisplayAdapter.cpp:936 processHalMsg - ENTER
01-01 00:00:12.611 176 312 D CameraHal: (b0eff970) hardware/ti/dra7xx/camera/ANativeWindowDisplayAdapter.cpp:971 processHalMsg - Display thread received DISPLAY_EXIT command from Camera HAL.
01-01 00:00:12.611 176 312 D CameraHal: (b0eff970) hardware/ti/dra7xx/camera/ANativeWindowDisplayAdapter.cpp:972 processHalMsg - Stopping display thread...
01-01 00:00:12.611 176 312 D CameraHal: (b0eff970) hardware/ti/dra7xx/camera/ANativeWindowDisplayAdapter.cpp:992 processHalMsg - +Signalling display semaphore
01-01 00:00:12.611 176 312 D CameraHal: (b0eff970) hardware/ti/dra7xx/camera/ANativeWindowDisplayAdapter.cpp:997 processHalMsg - -Signalling display semaphore
01-01 00:00:12.612 176 312 D CameraHal: (b0eff970) - hardware/ti/dra7xx/camera/ANativeWindowDisplayAdapter.cpp:1001 processHalMsg - EXIT
01-01 00:00:12.612 176 312 D CameraHal: (b0eff970) - hardware/ti/dra7xx/camera/ANativeWindowDisplayAdapter.cpp:928 displayThread - EXIT
01-01 00:00:12.612 176 176 D CameraHal: (b2bba4a8) - hardware/ti/dra7xx/camera/ANativeWindowDisplayAdapter.cpp:161 ~ANativeWindowDisplayAdapter - EXIT
01-01 00:00:12.612 176 176 D CameraHal: (b2bba4a8) hardware/ti/dra7xx/camera/CameraHal.cpp:2074 setPreviewWindow - NULL ANativeWindow passed to setPreviewWindow
01-01 00:00:12.612 176 176 D CameraHal: (b2bba4a8) - hardware/ti/dra7xx/camera/CameraHal.cpp:2059 setPreviewWindow - EXIT
01-01 00:00:12.612 176 176 D CameraHal: (b2bba4a8) - hardware/ti/dra7xx/camera/CameraHal_Module.cpp:94 camera_set_preview_window - EXIT
01-01 00:00:12.612 176 176 I CamDev@1.0-impl: Closing camera 0
01-01 00:00:12.612 176 176 D CameraHal: (b2bba4a8) + hardware/ti/dra7xx/camera/CameraHal_Module.cpp:580 camera_device_close - ENTER
01-01 00:00:12.612 176 176 D CameraHal: (b2bba4a8) + hardware/ti/dra7xx/camera/CameraHal.cpp:4078 ~CameraHal - ENTER
01-01 00:00:12.612 176 176 D CameraHal: (b2bba4a8) + hardware/ti/dra7xx/camera/CameraHal.cpp:4698 deinitialize - ENTER
01-01 00:00:12.612 176 176 D CameraHal: (b2bba4a8) - hardware/ti/dra7xx/camera/CameraHal.cpp:4711 deinitialize - EXIT
01-01 00:00:12.612 176 176 D CameraHal: (b2bba4a8) + hardware/ti/dra7xx/camera/AppCallbackNotifier.cpp:1172 ~AppCallbackNotifier - ENTER
01-01 00:00:12.612 176 176 D CameraHal: (b2bba4a8) + hardware/ti/dra7xx/camera/AppCallbackNotifier.cpp:1666 stop - ENTER
01-01 00:00:12.612 176 176 D CameraHal: (b2bba4a8) hardware/ti/dra7xx/camera/AppCallbackNotifier.cpp:1678 stop - --> AppCallbackNotifier NOTIFIER_STOPPED
01-01 00:00:12.612 176 176 D CameraHal: (b2bba4a8) - hardware/ti/dra7xx/camera/AppCallbackNotifier.cpp:1681 stop - EXIT
01-01 00:00:12.612 176 176 D CameraHal: (b2bba4a8) + hardware/ti/dra7xx/camera/CameraHalUtilClasses.cpp:49 disableFrameNotification - ENTER
01-01 00:00:12.612 176 176 D CameraHal: (b2bba4a8) + hardware/ti/dra7xx/camera/BaseCameraAdapter.cpp:236 disableMsgType - ENTER
01-01 00:00:12.612 176 176 V CameraHal: (b2bba4a8) hardware/ti/dra7xx/camera/BaseCameraAdapter.cpp:243 disableMsgType - Frame message type id=0xffff remove subscription request
01-01 00:00:12.612 176 176 D CameraHal: (b2bba4a8) - hardware/ti/dra7xx/camera/BaseCameraAdapter.cpp:299 disableMsgType - EXIT
01-01 00:00:12.612 176 176 D CameraHal: (b2bba4a8) - hardware/ti/dra7xx/camera/CameraHalUtilClasses.cpp:56 disableFrameNotification - EXIT
01-01 00:00:12.612 176 176 D CameraHal: (b2bba4a8) + hardware/ti/dra7xx/camera/CameraHalUtilClasses.cpp:103 disableEventNotification - ENTER
01-01 00:00:12.612 176 176 D CameraHal: (b2bba4a8) + hardware/ti/dra7xx/camera/BaseCameraAdapter.cpp:236 disableMsgType - ENTER
01-01 00:00:12.612 176 176 V CameraHal: (b2bba4a8) hardware/ti/dra7xx/camera/BaseCameraAdapter.cpp:284 disableMsgType - Event message type id=0xffff remove subscription request
01-01 00:00:12.612 176 176 D CameraHal: (b2bba4a8) - hardware/ti/dra7xx/camera/BaseCameraAdapter.cpp:299 disableMsgType - EXIT
01-01 00:00:12.612 176 176 D CameraHal: (b2bba4a8) - hardware/ti/dra7xx/camera/CameraHalUtilClasses.cpp:110 disableEventNotification - EXIT
01-01 00:00:12.612 176 311 D CameraHal: (b1085970) hardware/ti/dra7xx/camera/AppCallbackNotifier.cpp:152 notificationThread - Notification Thread received message
01-01 00:00:12.612 176 311 D CameraHal: (b1085970) hardware/ti/dra7xx/camera/AppCallbackNotifier.cpp:156 notificationThread - Notification Thread received message from Camera HAL
01-01 00:00:12.612 176 311 D CameraHal: (b1085970) + hardware/ti/dra7xx/camera/AppCallbackNotifier.cpp:1140 processMessage - ENTER
01-01 00:00:12.612 176 311 D CameraHal: (b1085970) hardware/ti/dra7xx/camera/AppCallbackNotifier.cpp:1142 processMessage - +Msg get...
01-01 00:00:12.612 176 311 D CameraHal: (b1085970) hardware/ti/dra7xx/camera/AppCallbackNotifier.cpp:1144 processMessage - -Msg get...
01-01 00:00:12.612 176 311 D CameraHal: (b1085970) hardware/ti/dra7xx/camera/AppCallbackNotifier.cpp:1151 processMessage - Received NOTIFIER_EXIT command from Camera HAL
01-01 00:00:12.612 176 311 D CameraHal: (b1085970) - hardware/ti/dra7xx/camera/AppCallbackNotifier.cpp:1163 processMessage - EXIT
01-01 00:00:12.612 176 311 D CameraHal: (b1085970) hardware/ti/dra7xx/camera/AppCallbackNotifier.cpp:159 notificationThread - Notification Thread exiting.
01-01 00:00:12.612 176 176 D CameraHal: (b2bba4a8) hardware/ti/dra7xx/camera/AppCallbackNotifier.cpp:1207 ~AppCallbackNotifier - Stopping Event Provider
01-01 00:00:12.613 176 176 D CameraHal: (b2bba4a8) hardware/ti/dra7xx/camera/AppCallbackNotifier.cpp:1215 ~AppCallbackNotifier - Stopping Frame Provider
01-01 00:00:12.613 176 176 D CameraHal: (b2bba4a8) + hardware/ti/dra7xx/camera/AppCallbackNotifier.cpp:1228 releaseSharedVideoBuffers - ENTER
01-01 00:00:12.613 176 176 D CameraHal: (b2bba4a8) - hardware/ti/dra7xx/camera/AppCallbackNotifier.cpp:1251 releaseSharedVideoBuffers - EXIT
01-01 00:00:12.613 176 176 D CameraHal: (b2bba4a8) - hardware/ti/dra7xx/camera/AppCallbackNotifier.cpp:1222 ~AppCallbackNotifier - EXIT
01-01 00:00:12.613 176 176 D CameraHal: (b2bba4a8) + hardware/ti/dra7xx/camera/V4LCameraAdapter/V4LCameraAdapter.cpp:917 ~V4LCameraAdapter - ENTER
01-01 00:00:12.613 176 176 D CameraHal: (b2bba4a8) - hardware/ti/dra7xx/camera/V4LCameraAdapter/V4LCameraAdapter.cpp:937 ~V4LCameraAdapter - EXIT
01-01 00:00:12.613 176 176 D CameraHal: (b2bba4a8) + hardware/ti/dra7xx/camera/BaseCameraAdapter.cpp:104 ~BaseCameraAdapter - ENTER
01-01 00:00:12.613 176 176 D CameraHal: (b2bba4a8) - hardware/ti/dra7xx/camera/BaseCameraAdapter.cpp:119 ~BaseCameraAdapter - EXIT
01-01 00:00:12.613 176 176 D CameraHal: (b2bba4a8) + hardware/ti/dra7xx/camera/CameraHal.cpp:1683 freeImageBufs - ENTER
01-01 00:00:12.613 176 176 D CameraHal: (b2bba4a8) - hardware/ti/dra7xx/camera/CameraHal.cpp:1683 freeImageBufs - EXIT
01-01 00:00:12.613 176 176 D CameraHal: (b2bba4a8) + hardware/ti/dra7xx/camera/CameraHal.cpp:1729 freeRawBufs - ENTER
01-01 00:00:12.613 176 176 D CameraHal: (b2bba4a8) - hardware/ti/dra7xx/camera/CameraHal.cpp:1741 freeRawBufs - EXIT
01-01 00:00:12.613 176 176 D CameraHal: (b2bba4a8) - hardware/ti/dra7xx/camera/CameraHal.cpp:4110 ~CameraHal - EXIT
01-01 00:00:12.613 176 176 D CameraHal: (b2bba4a8) - hardware/ti/dra7xx/camera/CameraHal_Module.cpp:580 camera_device_close - EXIT
01-01 00:00:12.613 205 205 I CameraService: onDeviceStatusChanged: Status changed for cameraId=0, newStatus=1
01-01 00:00:12.613 205 205 E CameraService: onDeviceStatusChanged: State transition to the same status 0x1 not allowed
01-01 00:00:16.130 171 171 I SamplingProfilerIntegration: Profiling disabled.
01-01 00:00:16.135 171 171 D Zygote : begin preload
01-01 00:00:16.138 171 171 I Zygote : Installing ICU cache reference pinning...
01-01 00:00:16.138 171 171 I Zygote : Preloading ICU data...
01-01 00:00:16.303 171 171 D Zygote32Timing: BeginIcuCachePinning took to complete: 165ms
01-01 00:00:16.303 171 171 I Zygote : Preloading classes...
01-01 00:00:17.109 171 171 E ActivityRecognitionHardware: activity_recognition HAL is deprecated. class_init is effectively a no-op
01-01 00:00:17.181 171 171 I zygote : Thread[1,tid=171,Native,Thread*=0xa415a000,peer=0x12c01c90,"main"] recursive attempt to load library "/system/lib/libmedia_jni.so"
01-01 00:00:17.184 171 171 D MtpDeviceJNI: register_android_mtp_MtpDevice
01-01 00:00:17.184 171 171 I zygote : Thread[1,tid=171,Native,Thread*=0xa415a000,peer=0x12c01c90,"main"] recursive attempt to load library "/system/lib/libmedia_jni.so"
01-01 00:00:17.184 171 171 I zygote : Thread[1,tid=171,Native,Thread*=0xa415a000,peer=0x12c01c90,"main"] recursive attempt to load library "/system/lib/libmedia_jni.so"
01-01 00:00:17.497 171 171 I System : Loaded time zone names for "" in 59ms (58ms in ICU)
01-01 00:00:17.520 171 171 I System : Loaded time zone names for "en_US" in 23ms (22ms in ICU)
01-01 00:00:17.550 171 171 I Zygote : ...preloaded 4570 classes in 1247ms.
01-01 00:00:17.550 171 171 I zygote : VMRuntime.preloadDexCaches starting
01-01 00:00:17.677 171 171 I zygote : VMRuntime.preloadDexCaches strings total=309079 before=3007 after=3007
01-01 00:00:17.677 171 171 I zygote : VMRuntime.preloadDexCaches types total=26597 before=2793 after=3420
01-01 00:00:17.677 171 171 I zygote : VMRuntime.preloadDexCaches fields total=124865 before=2165 after=1214
01-01 00:00:17.677 171 171 I zygote : VMRuntime.preloadDexCaches methods total=221540 before=87917 after=88016
01-01 00:00:17.677 171 171 I zygote : VMRuntime.preloadDexCaches finished
01-01 00:00:17.678 171 171 D Zygote32Timing: PreloadClasses took to complete: 1374ms
01-01 00:00:18.044 171 171 I Zygote : Preloading resources...
01-01 00:00:18.089 171 171 W Resources: Preloaded drawable resource #0x1080264 (android:drawable/dialog_background_material) that varies with configuration!!
01-01 00:00:18.098 171 171 W Resources: Preloaded color resource #0x10600de (android:color/material_grey_800) that varies with configuration!!
01-01 00:00:18.098 171 171 W Resources: Preloaded drawable resource #0x10802d1 (android:drawable/floating_popup_background_dark) that varies with configuration!!
01-01 00:00:18.191 171 171 I Zygote : ...preloaded 114 resources in 147ms.
01-01 00:00:18.197 171 171 W Resources: Preloaded color resource #0x1060036 (android:color/background_cache_hint_selector_material_dark) that varies with configuration!!
01-01 00:00:18.197 171 171 W Resources: Preloaded color resource #0x1060053 (android:color/btn_default_material_dark) that varies with configuration!!
01-01 00:00:18.198 171 171 I Zygote : ...preloaded 41 resources in 7ms.
01-01 00:00:18.199 171 171 D Zygote32Timing: PreloadResources took to complete: 521ms
01-01 00:00:18.199 171 171 I vndksupport: sphal namespace is not configured for this process. Loading /vendor/lib/egl/libEGL_POWERVR_SGX544_116.so from the current namespace instead.
01-01 00:00:18.202 171 171 D libEGL : loaded /vendor/lib/egl/libEGL_POWERVR_SGX544_116.so
01-01 00:00:18.208 171 171 I vndksupport: sphal namespace is not configured for this process. Loading /vendor/lib/egl/libGLESv1_CM_POWERVR_SGX544_116.so from the current namespace instead.
01-01 00:00:18.210 171 171 D libEGL : loaded /vendor/lib/egl/libGLESv1_CM_POWERVR_SGX544_116.so
01-01 00:00:18.248 171 171 I vndksupport: sphal namespace is not configured for this process. Loading /vendor/lib/egl/libGLESv2_POWERVR_SGX544_116.so from the current namespace instead.
01-01 00:00:18.249 171 171 D libEGL : loaded /vendor/lib/egl/libGLESv2_POWERVR_SGX544_116.so
01-01 00:00:18.286 171 171 I Zygote : Preloading shared libraries...
01-01 00:00:18.319 171 171 I Zygote : Uninstalled ICU cache reference pinning...
01-01 00:00:18.328 171 171 I Zygote : Installed AndroidKeyStoreProvider in 9ms.
01-01 00:00:18.341 171 171 I Zygote : Warmed up JCA providers in 13ms.
01-01 00:00:18.341 171 171 D Zygote : end preload
01-01 00:00:18.341 171 171 D Zygote32Timing: ZygotePreload took to complete: 2206ms
01-01 00:00:18.372 171 171 I zygote : Explicit concurrent copying GC freed 31992(1709KB) AllocSpace objects, 4(104KB) LOS objects, 75% free, 1052KB/4MB, paused 576us total 29.937ms
01-01 00:00:18.403 171 171 I zygote : Explicit concurrent copying GC freed 6053(221KB) AllocSpace objects, 0(0B) LOS objects, 75% free, 863KB/3MB, paused 233us total 21.974ms
01-01 00:00:18.403 171 171 D Zygote32Timing: PostZygoteInitGC took to complete: 61ms
01-01 00:00:18.403 171 171 D Zygote32Timing: ZygoteInit took to complete: 2274ms
01-01 00:00:18.450 171 171 I : seccomp disabled by setenforce 0
01-01 00:00:18.503 171 171 I Zygote : System server process 320 has been created
01-01 00:00:18.510 171 171 I Zygote : Accepting command socket connections
01-01 00:00:18.703 320 320 I SystemServer: InitBeforeStartServices
01-01 00:00:18.703 320 320 W SystemServer: System clock is before 1970; setting to 1970.
01-01 00:00:18.704 320 320 W SystemServer: Timezone not set; setting to GMT.
01-01 00:00:18.715 320 320 I SystemServer: Entered the Android system server!
01-01 00:00:19.156 320 320 D SystemServerTiming: InitBeforeStartServices took to complete: 453ms
01-01 00:00:19.156 320 320 I SystemServer: StartServices
01-01 00:00:19.156 320 320 I SystemServer: Reading configuration...
01-01 00:00:19.156 320 320 I SystemServer: ReadingSystemConfig
01-01 00:00:19.157 320 320 D SystemServerTiming: ReadingSystemConfig took to complete: 1ms
01-01 00:00:19.157 320 320 I SystemServer: StartInstaller
01-01 00:00:19.161 320 320 I SystemServiceManager: Starting com.android.server.pm.Installer
01-01 00:00:19.168 320 333 D SystemServerInitThreadPool: Started executing ReadingSystemConfig
01-01 00:00:19.173 320 320 D SystemServerTiming: StartInstaller took to complete: 16ms
01-01 00:00:19.174 320 320 I SystemServer: DeviceIdentifiersPolicyService
01-01 00:00:19.178 320 320 I SystemServiceManager: Starting com.android.server.os.DeviceIdentifiersPolicyService
01-01 00:00:19.179 320 320 D SystemServerTiming: DeviceIdentifiersPolicyService took to complete: 5ms
01-01 00:00:19.179 320 320 I SystemServer: StartActivityManager
01-01 00:00:19.184 320 320 I SystemServiceManager: Starting com.android.server.am.ActivityManagerService$Lifecycle
01-01 00:00:19.250 320 333 D SystemServerInitThreadPool: Finished executing ReadingSystemConfig
01-01 00:00:19.291 320 320 I ActivityManager: Memory class: 16
01-01 00:00:19.292 320 335 I ServiceThread: Enabled StrictMode logging for ActivityManager looper.
01-01 00:00:19.293 320 336 I ServiceThread: Enabled StrictMode logging for android.ui looper.
01-01 00:00:19.367 320 320 D BatteryStatsImpl: Reading daily items from /data/system/batterystats-daily.xml
01-01 00:00:19.506 153 153 W /system/bin/hwservicemanager: getTransportFromManifest: Cannot find entry android.hardware.memtrack@1.0::IMemtrack in either framework or device manifest, using default transport.
01-01 00:00:19.510 320 320 I chatty : uid=1000 system_server expire 68 lines
01-01 00:00:19.526 320 320 I AppOps : No existing app ops /data/system/appops.xml; starting empty
01-01 00:00:19.559 320 320 I IntentFirewall: Read new rules (A:0 B:0 S:0)
01-01 00:00:19.570 320 343 I ServiceThread: Enabled StrictMode logging for android.display looper.
01-01 00:00:19.582 320 320 D AppOps : AppOpsService published
01-01 00:00:19.583 320 320 D SystemServerTiming: StartActivityManager took to complete: 404ms
01-01 00:00:19.583 320 320 I SystemServer: StartPowerManager
01-01 00:00:19.583 320 320 I SystemServiceManager: Starting com.android.server.power.PowerManagerService
01-01 00:00:19.588 320 345 I ServiceThread: Enabled StrictMode logging for PowerManagerService looper.
01-01 00:00:19.591 153 153 W /system/bin/hwservicemanager: getTransportFromManifest: Cannot find entry android.hardware.power@1.0::IPower in either framework or device manifest, using default transport.
01-01 00:00:19.606 320 320 D SystemServerTiming: StartPowerManager took to complete: 23ms
01-01 00:00:19.606 320 320 I SystemServer: InitPowerManagement
01-01 00:00:19.618 320 320 D SystemServerTiming: InitPowerManagement took to complete: 12ms
01-01 00:00:19.618 320 320 I SystemServer: StartRecoverySystemService
01-01 00:00:19.618 320 320 I SystemServiceManager: Starting com.android.server.RecoverySystemService
01-01 00:00:19.621 320 320 D SystemServerTiming: StartRecoverySystemService took to complete: 3ms
01-01 00:00:19.624 320 320 V RescueParty: Disabled because of active USB connection
01-01 00:00:19.624 320 320 I SystemServer: StartLightsService
01-01 00:00:19.624 320 320 I SystemServiceManager: Starting com.android.server.lights.LightsService
01-01 00:00:19.630 320 320 D SystemServerTiming: StartLightsService took to complete: 6ms
01-01 00:00:19.630 320 320 I SystemServer: StartDisplayManager
01-01 00:00:19.631 320 320 I SystemServiceManager: Starting com.android.server.display.DisplayManagerService
01-01 00:00:19.645 320 320 D SystemServerTiming: StartDisplayManager took to complete: 15ms
01-01 00:00:19.645 320 320 I SystemServer: WaitForDisplay
01-01 00:00:19.646 320 320 I SystemServiceManager: Starting phase 100
01-01 00:00:19.663 320 343 I DisplayManagerService: Display device added: DisplayDeviceInfo{"Built-in Screen": uniqueId="local:0", 1280 x 800, modeId 1, defaultModeId 1, supportedModes [{id=1, width=1280, height=800, fps=60.000004}], colorMode 0, supportedColorModes [0], HdrCapabilities android.view.Display$HdrCapabilities@a69d6308, density 240, 150.0 x 150.0 dpi, appVsyncOff 7500000, presDeadline 12666666, touch INTERNAL, rotation 0, type BUILT_IN, state UNKNOWN, FLAG_DEFAULT_DISPLAY, FLAG_ROTATES_WITH_CONTENT, FLAG_SECURE, FLAG_SUPPORTS_PROTECTED_BUFFERS}
01-01 00:00:19.667 184 184 D SurfaceFlinger: Set power mode=2, type=0 flinger=0xae151000
01-01 00:00:19.667 184 184 D SurfaceFlinger: Screen type=0 is already mode=2
01-01 00:00:19.668 153 153 W /system/bin/hwservicemanager: getTransportFromManifest: Cannot find entry android.hardware.light@2.0::ILight in either framework or device manifest, using default transport.
01-01 00:00:19.669 320 343 I chatty : uid=1000(system) android.display expire 1 line
01-01 00:00:19.669 320 320 D SystemServerTiming: WaitForDisplay took to complete: 23ms
01-01 00:00:19.669 320 343 I DisplayManagerService: Display device changed state: "Built-in Screen", ON
01-01 00:00:19.669 320 320 I SystemServer: StartPackageManagerService
01-01 00:00:19.689 175 175 I android.hardwar: type=1400 audit(0.0:21): avc: denied { accept } for lport=33452 scontext=u:r:hal_vehicle_default:s0 tcontext=u:r:hal_vehicle_default:s0 tclass=tcp_socket permissive=1
01-01 00:00:19.796 320 320 W FileUtils: Failed to chmod(/data/system/packages.list): android.system.ErrnoException: chmod failed: ENOENT (No such file or directory)
01-01 00:00:19.857 320 320 D SELinuxMMAC: Using policy file /system/etc/selinux/plat_mac_permissions.xml
01-01 00:00:19.859 320 320 D SELinuxMMAC: Using policy file /vendor/etc/selinux/nonplat_mac_permissions.xml
01-01 00:00:19.871 320 320 I PackageManager: No settings file; creating initial state
01-01 00:00:19.874 320 320 W PackageManager: Wiping cache directory because the system partition changed.
01-01 00:00:19.887 320 320 W PackageManager: Failed to parse /system/framework/oat: Missing base APK in /system/framework/oat
01-01 00:00:19.887 320 320 W PackageManager: Failed to parse /system/framework/arm: Missing base APK in /system/framework/arm
01-01 00:00:19.964 320 320 I PackageManager: /system/framework/framework-res.apk changed; collecting certs
01-01 00:00:20.776 320 320 E PackageManager: Adding duplicate shared id: 1000 name=android
01-01 00:00:20.807 320 320 I PackageManager: /system/priv-app/BlockedNumberProvider changed; collecting certs
01-01 00:00:20.815 320 320 E PackageManager: Adding duplicate user id: 10000 name=com.android.providers.blockednumber
01-01 00:00:20.821 320 320 I PackageManager: /system/priv-app/BackupRestoreConfirmation changed; collecting certs
01-01 00:00:20.842 320 320 I PackageManager: /system/priv-app/CarHvacApp changed; collecting certs
01-01 00:00:20.947 320 320 I PackageManager: /system/priv-app/CalendarProvider changed; collecting certs
01-01 00:00:20.956 320 320 E PackageManager: Adding duplicate user id: 10003 name=com.android.providers.calendar
01-01 00:00:20.961 320 320 I PackageManager: /system/priv-app/CarDialerApp changed; collecting certs
01-01 00:00:21.077 320 356 W PackageParser: No actions in intent filter at /system/priv-app/Contacts/Contacts.apk Binary XML file line #443
01-01 00:00:21.084 320 320 I PackageManager: /system/priv-app/CarMediaApp changed; collecting certs
01-01 00:00:21.150 320 320 E PackageManager: Adding duplicate user id: 10005 name=com.android.car.media
01-01 00:00:21.153 320 320 I PackageManager: /system/priv-app/CarMessengerApp changed; collecting certs
01-01 00:00:21.181 320 320 I PackageManager: /system/priv-app/CarService changed; collecting certs
01-01 00:00:21.185 320 320 E PackageManager: Adding duplicate shared id: 1000 name=com.android.car
01-01 00:00:21.187 320 320 I PackageManager: /system/priv-app/CarRadioApp changed; collecting certs
01-01 00:00:21.267 320 320 I PackageManager: /system/priv-app/CarUsbHandler changed; collecting certs
01-01 00:00:21.272 320 320 I PackageManager: /system/priv-app/CarTrustAgentService changed; collecting certs
01-01 00:00:21.307 320 320 I PackageManager: /system/priv-app/CtsShimPrivPrebuilt changed; collecting certs
01-01 00:00:21.317 320 320 I PackageManager: /system/priv-app/DefaultContainerService changed; collecting certs
01-01 00:00:21.325 320 320 I PackageManager: /system/priv-app/ContactsProvider changed; collecting certs
01-01 00:00:21.331 320 320 E PackageManager: Adding duplicate user id: 10000 name=com.android.providers.contacts
01-01 00:00:21.334 320 320 I PackageManager: /system/priv-app/DocumentsUI changed; collecting certs
01-01 00:00:21.369 320 320 I PackageManager: /system/priv-app/DownloadProvider changed; collecting certs
01-01 00:00:21.387 320 320 E PackageManager: Adding duplicate user id: 10013 name=com.android.providers.downloads
01-01 00:00:21.389 320 320 I PackageManager: /system/priv-app/ExtServices changed; collecting certs
01-01 00:00:21.397 320 320 I PackageManager: /system/priv-app/EmbeddedKitchenSinkApp changed; collecting certs
01-01 00:00:21.677 320 320 E PackageManager: Adding duplicate shared id: 1000 name=com.google.android.car.kitchensink
01-01 00:00:21.680 320 320 I PackageManager: /system/priv-app/Contacts changed; collecting certs
01-01 00:00:21.879 320 320 I PackageManager: /system/priv-app/ExternalStorageProvider changed; collecting certs
01-01 00:00:21.884 320 320 I PackageManager: /system/priv-app/FusedLocation changed; collecting certs
01-01 00:00:21.890 320 320 E PackageManager: Adding duplicate shared id: 1000 name=com.android.location.fused
01-01 00:00:21.897 320 320 I PackageManager: /system/priv-app/InputDevices changed; collecting certs
01-01 00:00:21.904 320 320 E PackageManager: Adding duplicate shared id: 1000 name=com.android.inputdevices
01-01 00:00:21.910 320 320 I PackageManager: /system/priv-app/Launcher3 changed; collecting certs
01-01 00:00:21.940 320 354 W PackageParser: Ignoring duplicate uses-permissions/uses-permissions-sdk-m: android.permission.INSTALL_GRANT_RUNTIME_PERMISSIONS in package: com.android.shell at: Binary XML file line #105
01-01 00:00:21.956 320 320 I PackageManager: /system/priv-app/LocalMediaPlayer changed; collecting certs
01-01 00:00:22.032 320 320 E PackageManager: Adding duplicate user id: 10005 name=com.android.car.media.localmediaplayer
01-01 00:00:22.035 320 320 I PackageManager: /system/priv-app/ManagedProvisioning changed; collecting certs
01-01 00:00:22.088 320 320 I PackageManager: /system/priv-app/MtpDocumentsProvider changed; collecting certs
01-01 00:00:22.116 320 320 E PackageManager: Adding duplicate user id: 10013 name=com.android.mtp
01-01 00:00:22.118 320 320 I PackageManager: /system/priv-app/MmsService changed; collecting certs
01-01 00:00:22.122 320 320 E PackageManager: Adding duplicate shared id: 1001 name=com.android.mms.service
01-01 00:00:22.123 320 320 I PackageManager: /system/priv-app/MediaProvider changed; collecting certs
01-01 00:00:22.128 320 320 E PackageManager: Adding duplicate user id: 10013 name=com.android.providers.media
01-01 00:00:22.131 320 320 I PackageManager: /system/priv-app/MusicFX changed; collecting certs
01-01 00:00:22.146 320 320 I PackageManager: /system/priv-app/OneTimeInitializer changed; collecting certs
01-01 00:00:22.161 320 320 I PackageManager: /system/priv-app/Provision changed; collecting certs
01-01 00:00:22.165 320 320 I PackageManager: /system/priv-app/PackageInstaller changed; collecting certs
01-01 00:00:22.365 320 355 W PackageParser: Ignoring duplicate uses-permissions/uses-permissions-sdk-m: android.permission.CONFIGURE_WIFI_DISPLAY in package: com.android.systemui at: Binary XML file line #125
01-01 00:00:22.564 320 320 I PackageManager: /system/priv-app/ProxyHandler changed; collecting certs
01-01 00:00:22.569 320 320 I PackageManager: /system/priv-app/SettingsProvider changed; collecting certs
01-01 00:00:22.581 320 320 E PackageManager: Adding duplicate shared id: 1000 name=com.android.providers.settings
01-01 00:00:22.583 320 320 I PackageManager: /system/priv-app/SharedStorageBackup changed; collecting certs
01-01 00:00:22.587 320 320 I PackageManager: /system/priv-app/Shell changed; collecting certs
01-01 00:00:22.593 320 320 E PackageManager: Adding duplicate shared id: 2000 name=com.android.shell
01-01 00:00:22.595 320 320 I PackageManager: /system/priv-app/StatementService changed; collecting certs
01-01 00:00:22.599 320 320 I PackageManager: /system/priv-app/StorageManager changed; collecting certs
01-01 00:00:22.726 320 320 I PackageManager: /system/priv-app/Stream changed; collecting certs
01-01 00:00:22.796 320 320 I PackageManager: /system/priv-app/TeleService changed; collecting certs
01-01 00:00:22.975 320 320 E PackageManager: Adding duplicate shared id: 1001 name=com.android.phone
01-01 00:00:22.978 320 320 I PackageManager: /system/priv-app/Telecom changed; collecting certs
01-01 00:00:23.067 320 320 E PackageManager: Adding duplicate shared id: 1000 name=com.android.server.telecom
01-01 00:00:23.078 320 320 I PackageManager: /system/priv-app/VmsPublisherClientSample changed; collecting certs
01-01 00:00:23.082 320 320 E PackageManager: Adding duplicate shared id: 1000 name=com.google.android.car.vms.publisher
01-01 00:00:23.084 320 320 I PackageManager: /system/priv-app/TelephonyProvider changed; collecting certs
01-01 00:00:23.091 320 320 E PackageManager: Adding duplicate shared id: 1001 name=com.android.providers.telephony
01-01 00:00:23.093 320 320 I PackageManager: /system/priv-app/SystemUI changed; collecting certs
01-01 00:00:23.370 320 320 E PackageManager: Adding duplicate user id: 10028 name=com.android.systemui
01-01 00:00:23.373 320 320 I PackageManager: /system/priv-app/VmsSubscriberClientSample changed; collecting certs
01-01 00:00:23.393 320 320 E PackageManager: Adding duplicate shared id: 1000 name=com.google.android.car.vms.subscriber
01-01 00:00:23.395 320 320 I PackageManager: /system/priv-app/VpnDialogs changed; collecting certs
01-01 00:00:23.402 320 320 I PackageManager: /system/priv-app/WallpaperCropper changed; collecting certs
01-01 00:00:23.406 320 320 I PackageManager: /system/priv-app/Settings changed; collecting certs
01-01 00:00:24.240 320 320 E PackageManager: Adding duplicate shared id: 1000 name=com.android.settings
01-01 00:00:24.255 320 320 I PackageManager: /system/app/BasicDreams changed; collecting certs
01-01 00:00:24.265 320 320 I PackageManager: /system/app/Browser2 changed; collecting certs
01-01 00:00:24.269 320 320 I PackageManager: /system/app/BluetoothMidiService changed; collecting certs
01-01 00:00:24.273 320 320 I PackageManager: /system/app/BookmarkProvider changed; collecting certs
01-01 00:00:24.295 320 320 I PackageManager: /system/app/BuiltInPrintService changed; collecting certs
01-01 00:00:24.308 320 358 W PackageParser: Ignoring duplicate uses-permissions/uses-permissions-sdk-m: android.permission.READ_CONTACTS in package: com.android.bluetooth at: Binary XML file line #61
01-01 00:00:24.310 320 358 W PackageParser: No actions in intent filter at /system/app/Bluetooth/Bluetooth.apk Binary XML file line #218
01-01 00:00:24.346 320 320 I PackageManager: /system/app/Bluetooth changed; collecting certs
01-01 00:00:24.374 320 320 E PackageManager: Adding duplicate shared id: 1002 name=com.android.bluetooth
01-01 00:00:24.381 320 320 I PackageManager: /system/app/CaptivePortalLogin changed; collecting certs
01-01 00:00:24.391 320 320 I PackageManager: /system/app/Calendar changed; collecting certs
01-01 00:00:24.487 320 320 I PackageManager: /system/app/CarMapsPlaceholder changed; collecting certs
01-01 00:00:24.600 320 320 I PackageManager: /system/app/Camera2 changed; collecting certs
01-01 00:00:24.627 320 357 W PackageParser: Ignoring duplicate uses-permissions/uses-permissions-sdk-m: android.permission.WRITE_CONTACTS in package: com.android.email at: Binary XML file line #40
01-01 00:00:24.922 320 320 I PackageManager: /system/app/CarLatinIME changed; collecting certs
01-01 00:00:24.995 320 320 I PackageManager: /system/app/CompanionDeviceManager changed; collecting certs
01-01 00:00:25.002 320 320 I PackageManager: /system/app/CtsShimPrebuilt changed; collecting certs
01-01 00:00:25.008 320 320 I PackageManager: /system/app/CarUiProvider changed; collecting certs
01-01 00:00:25.059 320 357 W PackageParser: Ignoring duplicate uses-permissions/uses-permissions-sdk-m: android.permission.CHANGE_WIFI_STATE in package: com.android.nfc at: Binary XML file line #47
01-01 00:00:25.059 320 357 W PackageParser: Ignoring duplicate uses-permissions/uses-permissions-sdk-m: android.permission.ACCESS_WIFI_STATE in package: com.android.nfc at: Binary XML file line #48
01-01 00:00:25.142 320 320 I PackageManager: /system/app/CertInstaller changed; collecting certs
01-01 00:00:25.155 320 320 I PackageManager: /system/app/EasterEgg changed; collecting certs
01-01 00:00:25.163 320 320 I PackageManager: /system/app/DownloadProviderUi changed; collecting certs
01-01 00:00:25.170 320 320 E PackageManager: Adding duplicate user id: 10013 name=com.android.providers.downloads.ui
01-01 00:00:25.173 320 320 I PackageManager: /system/app/DeskClock changed; collecting certs
01-01 00:00:25.267 320 320 I PackageManager: /system/app/ExtShared changed; collecting certs
01-01 00:00:25.272 320 320 I PackageManager: /system/app/HTMLViewer changed; collecting certs
01-01 00:00:25.277 320 320 I PackageManager: /system/app/ExactCalculator changed; collecting certs
01-01 00:00:25.291 320 320 I PackageManager: /system/app/KeyChain changed; collecting certs
01-01 00:00:26.195 320 320 E PackageManager: Adding duplicate shared id: 1000 name=com.android.keychain
01-01 00:00:26.197 320 320 I PackageManager: /system/app/Gallery2 changed; collecting certs
01-01 00:00:26.378 320 320 I PackageManager: /system/app/Email changed; collecting certs
01-01 00:00:26.523 320 320 I PackageManager: /system/app/Music changed; collecting certs
01-01 00:00:26.548 320 320 I PackageManager: /system/app/NfcNci changed; collecting certs
01-01 00:00:26.566 320 320 E PackageManager: Adding duplicate shared id: 1027 name=com.android.nfc
01-01 00:00:26.569 320 320 I PackageManager: /system/app/LiveWallpapersPicker changed; collecting certs
01-01 00:00:26.605 320 320 I PackageManager: /system/app/LatinIME changed; collecting certs
01-01 00:00:27.515 320 320 W PackageManager: Failed to scan /system/app/LatinIME: Application package com.android.inputmethod.latin already installed. Skipping duplicate.
01-01 00:00:27.515 320 320 I PackageManager: /system/app/OpenWnn changed; collecting certs
01-01 00:00:27.567 320 320 I PackageManager: /system/app/PacProcessor changed; collecting certs
01-01 00:00:27.571 320 320 I PackageManager: /system/app/PhotoTable changed; collecting certs
01-01 00:00:27.589 320 320 I PackageManager: /system/app/PicoTts changed; collecting certs
01-01 00:00:27.594 320 320 I PackageManager: /system/app/PrintRecommendationService changed; collecting certs
01-01 00:00:27.598 320 320 I PackageManager: /system/app/PrintSpooler changed; collecting certs
01-01 00:00:27.611 320 320 I PackageManager: /system/app/SystemUpdater changed; collecting certs
01-01 00:00:27.616 320 320 I PackageManager: /system/app/QuickSearchBox changed; collecting certs
01-01 00:00:27.630 320 320 I PackageManager: /system/app/UserDictionaryProvider changed; collecting certs
01-01 00:00:27.633 320 320 E PackageManager: Adding duplicate user id: 10000 name=com.android.providers.userdictionary
01-01 00:00:27.635 320 320 I PackageManager: /system/app/WAPPushManager changed; collecting certs
01-01 00:00:27.638 320 320 I PackageManager: /system/app/WallpaperBackup changed; collecting certs
01-01 00:00:27.643 320 320 E PackageManager: Adding duplicate shared id: 1000 name=com.android.wallpaperbackup
01-01 00:00:27.644 320 320 I PackageManager: /system/app/WallpaperPicker changed; collecting certs
01-01 00:00:27.651 320 320 I PackageManager: /system/app/webview changed; collecting certs
01-01 00:00:29.436 320 320 I PackageManager: Time to scan packages: 9.563 seconds
01-01 00:00:29.448 320 320 V PackageManager: reconcileAppsData for null u0 0x3 migrateAppData=true
01-01 00:00:29.453 207 234 I SELinux : SELinux: Loaded file_contexts
01-01 00:00:29.461 207 234 W installd: Requested default storage /data/user_de/0/com.android.providers.telephony is not active; migrating from /data/data/com.android.providers.telephony
01-01 00:00:29.483 207 234 W installd: Requested default storage /data/user_de/0/com.android.defcontainer is not active; migrating from /data/data/com.android.defcontainer
01-01 00:00:29.494 207 234 W installd: Requested default storage /data/user_de/0/android is not active; migrating from /data/data/android
01-01 00:00:29.511 207 234 W installd: Requested default storage /data/user_de/0/com.android.providers.settings is not active; migrating from /data/data/com.android.providers.settings
01-01 00:00:29.521 207 234 W installd: Requested default storage /data/user_de/0/com.android.inputdevices is not active; migrating from /data/data/com.android.inputdevices
01-01 00:00:29.531 207 234 W installd: Requested default storage /data/user_de/0/android.ext.shared is not active; migrating from /data/data/android.ext.shared
01-01 00:00:29.541 207 234 W installd: Requested default storage /data/user_de/0/com.android.server.telecom is not active; migrating from /data/data/com.android.server.telecom
01-01 00:00:29.551 207 234 W installd: Requested default storage /data/user_de/0/android.ext.services is not active; migrating from /data/data/android.ext.services
01-01 00:00:29.562 207 234 W installd: Requested default storage /data/user_de/0/com.android.packageinstaller is not active; migrating from /data/data/com.android.packageinstaller
01-01 00:00:29.573 207 234 W installd: Requested default storage /data/user_de/0/com.android.proxyhandler is not active; migrating from /data/data/com.android.proxyhandler
01-01 00:00:29.592 207 234 W installd: Requested default storage /data/user_de/0/com.android.settings is not active; migrating from /data/data/com.android.settings
01-01 00:00:29.601 207 234 W installd: Requested default storage /data/user_de/0/com.android.phone is not active; migrating from /data/data/com.android.phone
01-01 00:00:29.611 207 234 W installd: Requested default storage /data/user_de/0/com.android.shell is not active; migrating from /data/data/com.android.shell
01-01 00:00:29.621 207 234 W installd: Requested default storage /data/user_de/0/com.android.location.fused is not active; migrating from /data/data/com.android.location.fused
01-01 00:00:29.631 207 234 W installd: Requested default storage /data/user_de/0/com.android.systemui is not active; migrating from /data/data/com.android.systemui
01-01 00:00:29.635 320 320 V PackageManager: reconcileAppsData finished 18 packages
01-01 00:00:29.644 320 363 D SystemServerInitThreadPool: Started executing prepareAppData
01-01 00:00:29.646 207 234 W installd: Ignoring /data/data/com.android.defcontainer/lib with unexpected GID 0 instead of 10011
01-01 00:00:29.648 207 234 W installd: Ignoring /data/user_de/0/com.android.defcontainer/lib with unexpected GID 0 instead of 10011
01-01 00:00:29.650 320 363 D SystemServerTimingAsync: AppDataFixup took to complete: 5ms
01-01 00:00:30.471 320 320 I chatty : uid=1000 system_server expire 8 lines
01-01 00:00:30.474 320 320 D PackageManager: Ephemeral resolver not found with new action; try old one
01-01 00:00:30.474 320 320 D PackageManager: Ephemeral resolver NOT found; no matching intent filters
01-01 00:00:30.474 320 320 D PackageManager: Ephemeral installer not found with new action; try old one
01-01 00:00:30.474 320 320 D PackageManager: Clear ephemeral installer activity
01-01 00:00:30.480 320 363 I chatty : uid=1000 system_server expire 1 line
01-01 00:00:30.545 320 320 D SystemServerTiming: StartPackageManagerService took to complete: 10876ms
01-01 00:00:30.545 320 320 I SystemServer: StartOtaDexOptService
01-01 00:00:30.547 320 320 D OTADexopt: No upgrade, skipping A/B artifacts check.
01-01 00:00:30.547 320 320 D SystemServerTiming: StartOtaDexOptService took to complete: 2ms
01-01 00:00:30.547 320 320 I SystemServer: StartUserManagerService
01-01 00:00:30.547 320 320 I SystemServiceManager: Starting com.android.server.pm.UserManagerService$LifeCycle
01-01 00:00:30.548 320 320 D SystemServerTiming: StartUserManagerService took to complete: 1ms
01-01 00:00:30.548 320 320 I SystemServer: InitAttributerCache
01-01 00:00:30.548 320 320 D SystemServerTiming: InitAttributerCache took to complete: 0ms
01-01 00:00:30.548 320 320 I SystemServer: SetSystemProcess
01-01 00:00:30.580 183 183 I lowmemorykiller: ActivityManager connected
01-01 00:00:30.583 320 320 D SystemServerTiming: SetSystemProcess took to complete: 35ms
01-01 00:00:30.585 320 367 I ServiceThread: Enabled StrictMode logging for android.anim looper.
01-01 00:00:30.585 320 320 I SystemServer: StartOverlayManagerService
01-01 00:00:30.589 320 320 D SystemServerTiming: StartOverlayManagerService took to complete: 4ms
01-01 00:00:30.590 320 320 I SystemServer: StartDropBoxManager
01-01 00:00:30.590 320 320 I SystemServiceManager: Starting com.android.server.DropBoxManagerService
01-01 00:00:30.591 320 368 D SystemServerInitThreadPool: Started executing Init OverlayManagerService
01-01 00:00:30.592 320 320 D SystemServerTiming: StartDropBoxManager took to complete: 2ms
01-01 00:00:30.592 320 320 I SystemServer: StartBatteryService
01-01 00:00:30.592 320 320 I SystemServiceManager: Starting com.android.server.BatteryService
01-01 00:00:30.593 320 369 D SystemServerInitThreadPool: Started executing StartSensorService
01-01 00:00:30.593 320 369 I chatty : uid=1000 system_server expire 12 lines
01-01 00:00:30.594 153 153 W /system/bin/hwservicemanager: getTransportFromManifest: Cannot find entry android.hardware.sensors@1.0::ISensors in either framework or device manifest, using default transport.
01-01 00:00:30.606 320 320 D SystemServerTiming: StartBatteryService took to complete: 14ms
01-01 00:00:30.606 320 320 I SystemServer: StartUsageService
01-01 00:00:30.622 320 320 I SystemServiceManager: Starting com.android.server.usage.UsageStatsService
01-01 00:00:30.635 320 368 D SystemServerInitThreadPool: Finished executing Init OverlayManagerService
01-01 00:00:30.694 320 320 W SystemServiceManager: Service com.android.server.usage.UsageStatsService took 67 ms in onStart
01-01 00:00:30.694 320 320 D SystemServerTiming: StartUsageService took to complete: 88ms
01-01 00:00:30.694 320 320 I SystemServer: StartWebViewUpdateService
01-01 00:00:30.696 153 153 W /system/bin/hwservicemanager: getTransportFromManifest: Cannot find entry android.hardware.sensors@1.0::ISensors in either framework or device manifest, using default transport.
01-01 00:00:30.697 320 320 I SystemServiceManager: Starting com.android.server.webkit.WebViewUpdateService
01-01 00:00:30.711 320 320 D SystemServerTiming: StartWebViewUpdateService took to complete: 17ms
01-01 00:00:30.712 320 333 D SystemServerInitThreadPool: Started executing SecondaryZygotePreload
01-01 00:00:30.713 320 333 I SystemServer: SecondaryZygotePreload
01-01 00:00:30.715 320 320 I SystemServer: StartKeyAttestationApplicationIdProviderService
01-01 00:00:30.725 320 333 I chatty : uid=1000 system_server expire 1 line
01-01 00:00:30.735 320 333 E SystemServer: Unable to preload default resources
01-01 00:00:30.735 320 333 D SystemServerTimingAsync: SecondaryZygotePreload took to complete: 22ms
01-01 00:00:30.735 320 333 D SystemServerInitThreadPool: Finished executing SecondaryZygotePreload
