01-01 00:01:07.686 320 320 D ZenLog : set_zen_mode: off,onSystemReady
01-01 00:01:07.689 204 204 D PermissionCache: checking android.permission.CAPTURE_AUDIO_HOTWORD for uid=1000 => granted (661 us)
01-01 00:01:07.689 320 320 W SoundTriggerHelper: listModules status=0, # of modules=0
01-01 00:01:07.691 320 449 D EthernetNetworkFactory: Started tracking interface eth1
01-01 00:01:07.692 320 320 D ContextHubSystemService: onBootPhase: PHASE_SYSTEM_SERVICES_READY
01-01 00:01:07.692 320 320 D SystemServerTiming: StartBootPhaseSystemServicesReady took to complete: 33ms
01-01 00:01:07.692 320 320 I SystemServer: MakeWindowManagerServiceReady
01-01 00:01:07.694 170 280 D CommandListener: Setting iface cfg
01-01 00:01:07.694 170 280 D CommandListener: Trying to bring up eth1
01-01 00:01:07.710 320 320 D SystemServerTiming: MakeWindowManagerServiceReady took to complete: 18ms
01-01 00:01:07.712 320 320 I SystemServer: MakePowerManagerServiceReady
01-01 00:01:07.745 320 449 D Ethernet: got request NetworkRequest [ TRACK_DEFAULT id=3, [ Capabilities: INTERNET&NOT_RESTRICTED&TRUSTED&NOT_VPN] ] with score 0
01-01 00:01:07.745 320 449 D EthernetNetworkFactory: starting IpManager(eth1): mNetworkInfo=[type: Ethernet[], state: UNKNOWN/IDLE, reason: (unspecified), extra: 74:da:ea:4c:5f:c9, failover: false, available: true, roaming: false, metered: false]
01-01 00:01:07.747 320 320 D SystemServerTiming: MakePowerManagerServiceReady took to complete: 35ms
01-01 00:01:07.747 320 320 I SystemServer: MakePackageManagerServiceReady
01-01 00:01:07.749 320 345 W KeyguardServiceDelegate: onScreenTurningOn(): no keyguard service!
01-01 00:01:07.755 320 320 I DefaultPermGrantPolicy: Granting permissions to platform components for user 0
01-01 00:01:07.756 320 320 D VoldConnector: SND -> {3 volume remount_uid 1001 none}
01-01 00:01:07.756 163 167 D vold : Remounting 1001 as mode none
01-01 00:01:07.757 170 280 D CommandListener: Clearing all IP addresses on eth1
01-01 00:01:07.762 320 449 D Ethernet: got request NetworkRequest [ REQUEST id=1, [ Capabilities: INTERNET&NOT_RESTRICTED&TRUSTED&NOT_VPN] ] with score 0
01-01 00:01:07.762 320 449 D EthernetNetworkFactory: updateInterface: eth1 link down
01-01 00:01:07.770 320 449 D EthernetNetworkFactory: updateInterface: eth1 link down
01-01 00:01:07.773 320 383 D VoldConnector: RCV <- {200 3 Command succeeded}
01-01 00:01:07.774 320 320 D VoldConnector: SND -> {4 volume remount_uid 1001 none}
01-01 00:01:07.775 163 167 D vold : Remounting 1001 as mode none
01-01 00:01:07.782 320 451 D DhcpClient: doQuit
01-01 00:01:07.789 320 383 D VoldConnector: RCV <- {200 4 Command succeeded}
01-01 00:01:07.790 320 320 I PackageManager: Unknown permission android.car.permission.CAR_SPEED
01-01 00:01:07.791 320 320 I PackageManager: Unknown permission android.car.permission.CAR_MILEAGE
01-01 00:01:07.791 320 320 I PackageManager: Unknown permission android.car.permission.CAR_FUEL
01-01 00:01:07.794 320 320 D VoldConnector: SND -> {5 volume remount_uid 1027 none}
01-01 00:01:07.795 163 167 D vold : Remounting 1027 as mode none
01-01 00:01:07.802 320 383 D VoldConnector: RCV <- {200 5 Command succeeded}
01-01 00:01:07.803 320 320 D VoldConnector: SND -> {6 volume remount_uid 1027 none}
01-01 00:01:07.804 163 167 D vold : Remounting 1027 as mode none
01-01 00:01:07.814 320 383 D VoldConnector: RCV <- {200 6 Command succeeded}
01-01 00:01:07.816 320 320 D VoldConnector: SND -> {7 volume remount_uid 1000 none}
01-01 00:01:07.816 320 456 D DhcpClient: Receive thread started
01-01 00:01:07.816 320 456 D DhcpClient: Receive thread stopped
01-01 00:01:07.817 163 167 D vold : Remounting 1000 as mode none
01-01 00:01:07.821 320 330 I zygote : Background concurrent copying GC freed 15733(1332KB) AllocSpace objects, 2(40KB) LOS objects, 42% free, 3MB/6MB, paused 5.053ms total 105.482ms
01-01 00:01:07.823 163 167 D vold : Found matching PID 152
01-01 00:01:07.823 163 167 W vold : Skipping due to root namespace
01-01 00:01:07.824 163 167 D vold : Found matching PID 153
01-01 00:01:07.824 163 167 W vold : Skipping due to root namespace
01-01 00:01:07.824 163 167 D vold : Found matching PID 154
01-01 00:01:07.824 163 167 W vold : Skipping due to root namespace
01-01 00:01:07.824 163 167 D vold : Found matching PID 162
01-01 00:01:07.824 163 167 W vold : Skipping due to root namespace
01-01 00:01:07.824 163 167 D vold : Found matching PID 173
01-01 00:01:07.824 163 167 W vold : Skipping due to root namespace
01-01 00:01:07.824 163 167 D vold : Found matching PID 177
01-01 00:01:07.824 163 167 W vold : Skipping due to root namespace
01-01 00:01:07.824 163 167 D vold : Found matching PID 178
01-01 00:01:07.825 163 167 W vold : Skipping due to root namespace
01-01 00:01:07.825 163 167 D vold : Found matching PID 179
01-01 00:01:07.825 163 167 W vold : Skipping due to root namespace
01-01 00:01:07.825 163 167 D vold : Found matching PID 184
01-01 00:01:07.825 163 167 W vold : Skipping due to root namespace
01-01 00:01:07.825 163 167 D vold : Found matching PID 203
01-01 00:01:07.825 163 167 W vold : Skipping due to root namespace
01-01 00:01:07.826 163 167 D vold : Found matching PID 216
01-01 00:01:07.826 163 167 W vold : Skipping due to root namespace
01-01 00:01:07.826 163 167 D vold : Found matching PID 320
01-01 00:01:07.850 320 454 D DhcpClient: onQuitting
01-01 00:01:07.881 320 383 D VoldConnector: RCV <- {200 7 Command succeeded}
01-01 00:01:07.882 320 320 D VoldConnector: SND -> {8 volume remount_uid 1000 none}
01-01 00:01:07.882 163 167 D vold : Remounting 1000 as mode none
01-01 00:01:07.887 163 167 D vold : Found matching PID 152
01-01 00:01:07.887 163 167 W vold : Skipping due to root namespace
01-01 00:01:07.887 163 167 D vold : Found matching PID 153
01-01 00:01:07.887 163 167 W vold : Skipping due to root namespace
01-01 00:01:07.887 163 167 D vold : Found matching PID 154
01-01 00:01:07.887 163 167 W vold : Skipping due to root namespace
01-01 00:01:07.888 163 167 D vold : Found matching PID 162
01-01 00:01:07.888 163 167 W vold : Skipping due to root namespace
01-01 00:01:07.888 163 167 D vold : Found matching PID 173
01-01 00:01:07.888 163 167 W vold : Skipping due to root namespace
01-01 00:01:07.888 163 167 D vold : Found matching PID 177
01-01 00:01:07.888 163 167 W vold : Skipping due to root namespace
01-01 00:01:07.888 163 167 D vold : Found matching PID 178
01-01 00:01:07.888 163 167 W vold : Skipping due to root namespace
01-01 00:01:07.888 163 167 D vold : Found matching PID 179
01-01 00:01:07.888 163 167 W vold : Skipping due to root namespace
01-01 00:01:07.888 163 167 D vold : Found matching PID 184
01-01 00:01:07.888 163 167 W vold : Skipping due to root namespace
01-01 00:01:07.889 163 167 D vold : Found matching PID 203
01-01 00:01:07.889 163 167 W vold : Skipping due to root namespace
01-01 00:01:07.889 163 167 D vold : Found matching PID 216
01-01 00:01:07.889 163 167 W vold : Skipping due to root namespace
01-01 00:01:07.889 163 167 D vold : Found matching PID 320
01-01 00:01:07.893 320 383 D VoldConnector: RCV <- {200 8 Command succeeded}
01-01 00:01:07.898 320 320 D VoldConnector: SND -> {9 volume remount_uid 2000 none}
01-01 00:01:07.899 163 167 D vold : Remounting 2000 as mode none
01-01 00:01:07.904 163 167 D vold : Found matching PID 199
01-01 00:01:07.904 163 167 W vold : Skipping due to root namespace
01-01 00:01:07.904 163 167 D vold : Found matching PID 201
01-01 00:01:07.905 163 167 W vold : Skipping due to root namespace
01-01 00:01:07.905 320 383 D VoldConnector: RCV <- {200 9 Command succeeded}
01-01 00:01:07.906 320 320 D VoldConnector: SND -> {10 volume remount_uid 2000 none}
01-01 00:01:07.906 163 167 D vold : Remounting 2000 as mode none
01-01 00:01:07.912 163 167 D vold : Found matching PID 199
01-01 00:01:07.912 163 167 W vold : Skipping due to root namespace
01-01 00:01:07.912 163 167 D vold : Found matching PID 201
01-01 00:01:07.912 163 167 W vold : Skipping due to root namespace
01-01 00:01:07.913 320 383 D VoldConnector: RCV <- {200 10 Command succeeded}
01-01 00:01:07.914 320 320 D VoldConnector: SND -> {11 volume remount_uid 10028 none}
01-01 00:01:07.914 163 167 D vold : Remounting 10028 as mode none
01-01 00:01:07.921 320 383 D VoldConnector: RCV <- {200 11 Command succeeded}
01-01 00:01:07.922 320 320 D VoldConnector: SND -> {12 volume remount_uid 10028 none}
01-01 00:01:07.922 163 167 D vold : Remounting 10028 as mode none
01-01 00:01:07.928 320 383 D VoldConnector: RCV <- {200 12 Command succeeded}
01-01 00:01:07.931 320 320 D VoldConnector: SND -> {13 volume remount_uid 1002 none}
01-01 00:01:07.931 163 167 D vold : Remounting 1002 as mode none
01-01 00:01:07.937 320 383 D VoldConnector: RCV <- {200 13 Command succeeded}
01-01 00:01:07.938 320 320 D VoldConnector: SND -> {14 volume remount_uid 1002 none}
01-01 00:01:07.938 163 167 D vold : Remounting 1002 as mode none
01-01 00:01:07.946 320 383 D VoldConnector: RCV <- {200 14 Command succeeded}
01-01 00:01:07.948 320 320 I DefaultPermGrantPolicy: Granting permissions to default platform handlers for user 0
01-01 00:01:07.948 320 320 W VoiceInteractionManagerService: no available voice interaction services found for user 0
01-01 00:01:07.948 320 320 W VoiceInteractionManagerService: no available voice recognition services found for user 0
01-01 00:01:07.953 320 320 I SyncManager: No initial accounts
01-01 00:01:07.953 320 320 I SyncManager: No initial status
01-01 00:01:07.953 320 320 I SyncManager: No initial statistics
01-01 00:01:08.004 320 320 D VoldConnector: SND -> {15 volume remount_uid 10022 none}
01-01 00:01:08.005 163 167 D vold : Remounting 10022 as mode none
01-01 00:01:08.011 320 383 D VoldConnector: RCV <- {200 15 Command succeeded}
01-01 00:01:08.013 320 320 D VoldConnector: SND -> {16 volume remount_uid 10039 none}
01-01 00:01:08.013 163 167 D vold : Remounting 10039 as mode none
01-01 00:01:08.019 320 383 D VoldConnector: RCV <- {200 16 Command succeeded}
01-01 00:01:08.020 320 320 D VoldConnector: SND -> {17 volume remount_uid 10039 none}
01-01 00:01:08.020 163 167 D vold : Remounting 10039 as mode none
01-01 00:01:08.027 320 383 D VoldConnector: RCV <- {200 17 Command succeeded}
01-01 00:01:08.028 320 320 D VoldConnector: SND -> {18 volume remount_uid 10013 none}
01-01 00:01:08.028 163 167 D vold : Remounting 10013 as mode none
01-01 00:01:08.035 320 383 D VoldConnector: RCV <- {200 18 Command succeeded}
01-01 00:01:08.035 320 320 D VoldConnector: SND -> {19 volume remount_uid 10013 none}
01-01 00:01:08.036 163 167 D vold : Remounting 10013 as mode none
01-01 00:01:08.042 320 383 D VoldConnector: RCV <- {200 19 Command succeeded}
01-01 00:01:08.043 320 320 D VoldConnector: SND -> {20 volume remount_uid 10016 none}
01-01 00:01:08.043 163 167 D vold : Remounting 10016 as mode none
01-01 00:01:08.049 320 383 D VoldConnector: RCV <- {200 20 Command succeeded}
01-01 00:01:08.050 320 320 D VoldConnector: SND -> {21 volume remount_uid 10016 none}
01-01 00:01:08.050 163 167 D vold : Remounting 10016 as mode none
01-01 00:01:08.056 320 383 D VoldConnector: RCV <- {200 21 Command succeeded}
01-01 00:01:08.059 320 320 D VoldConnector: SND -> {22 volume remount_uid 10003 none}
01-01 00:01:08.059 163 167 D vold : Remounting 10003 as mode none
01-01 00:01:08.065 320 383 D VoldConnector: RCV <- {200 22 Command succeeded}
01-01 00:01:08.066 320 320 D VoldConnector: SND -> {23 volume remount_uid 10003 none}
01-01 00:01:08.066 163 167 D vold : Remounting 10003 as mode none
01-01 00:01:08.073 320 383 D VoldConnector: RCV <- {200 23 Command succeeded}
01-01 00:01:08.075 320 320 D VoldConnector: SND -> {24 volume remount_uid 10050 none}
01-01 00:01:08.076 163 167 D vold : Remounting 10050 as mode none
01-01 00:01:08.083 320 383 D VoldConnector: RCV <- {200 24 Command succeeded}
01-01 00:01:08.083 320 320 D VoldConnector: SND -> {25 volume remount_uid 10050 none}
01-01 00:01:08.083 163 167 D vold : Remounting 10050 as mode none
01-01 00:01:08.089 320 383 D VoldConnector: RCV <- {200 25 Command succeeded}
01-01 00:01:08.090 320 320 D VoldConnector: SND -> {26 volume remount_uid 10052 none}
01-01 00:01:08.091 163 167 D vold : Remounting 10052 as mode none
01-01 00:01:08.096 320 383 D VoldConnector: RCV <- {200 26 Command succeeded}
01-01 00:01:08.097 320 320 D VoldConnector: SND -> {27 volume remount_uid 10052 none}
01-01 00:01:08.097 163 167 D vold : Remounting 10052 as mode none
01-01 00:01:08.103 320 383 D VoldConnector: RCV <- {200 27 Command succeeded}
01-01 00:01:08.104 320 320 D VoldConnector: SND -> {28 volume remount_uid 10026 none}
01-01 00:01:08.105 163 167 D vold : Remounting 10026 as mode none
01-01 00:01:08.111 320 383 D VoldConnector: RCV <- {200 28 Command succeeded}
01-01 00:01:08.112 320 320 D VoldConnector: SND -> {29 volume remount_uid 10026 none}
01-01 00:01:08.113 163 167 D vold : Remounting 10026 as mode none
01-01 00:01:08.119 320 383 D VoldConnector: RCV <- {200 29 Command succeeded}
01-01 00:01:08.121 320 320 V UserDataPreparer: Found /data/user_de/0 with serial number -1
01-01 00:01:08.121 320 320 D UserDataPreparer: Serial number missing on /data/user_de/0; assuming current is valid
01-01 00:01:08.122 320 320 V UserDataPreparer: Found /data/user/0 with serial number -1
01-01 00:01:08.122 320 320 D UserDataPreparer: Serial number missing on /data/user/0; assuming current is valid
01-01 00:01:08.122 320 320 V UserDataPreparer: Found /data/system_de/0 with serial number -1
01-01 00:01:08.122 320 320 D UserDataPreparer: Serial number missing on /data/system_de/0; assuming current is valid
01-01 00:01:08.122 320 320 D SystemServerTiming: MakePackageManagerServiceReady took to complete: 375ms
01-01 00:01:08.122 320 320 I SystemServer: MakeDisplayManagerServiceReady
01-01 00:01:08.122 320 320 D SystemServerTiming: MakeDisplayManagerServiceReady took to complete: 0ms
01-01 00:01:08.124 320 320 I ActivityManager: System now ready
01-01 00:01:08.130 320 320 I SystemServer: Making services ready
01-01 00:01:08.130 320 320 I SystemServer: StartActivityManagerReadyPhase
01-01 00:01:08.130 320 320 I SystemServiceManager: Starting phase 550
01-01 00:01:08.184 320 320 I ActivityManager: Start proc 462:com.android.inputmethod.latin/u0a40 for service com.android.inputmethod.latin/.CarLatinIME
01-01 00:01:08.187 320 320 W SystemServiceManager: Service com.android.server.InputMethodManagerService$Lifecycle took 53 ms in onBootPhase
01-01 00:01:08.187 320 320 W TextServicesManagerService: no available spell checker services found
01-01 00:01:08.188 320 382 D StorageManagerService: Thinking about init, mSystemReady=true, mDaemonConnected=true
01-01 00:01:08.188 320 382 D StorageManagerService: Setting up emulation state, initlocked=false
01-01 00:01:08.188 320 382 D CryptdConnector: SND -> {2 cryptfs unlock_user_key 0 0 ! !}
01-01 00:01:08.189 163 168 D vold : e4crypt_unlock_user_key 0 serial=0 token_present=0
01-01 00:01:08.189 163 168 E vold : Failed to chmod /data/system_ce/0: No such file or directory
01-01 00:01:08.189 163 168 E vold : Failed to chmod /data/misc_ce/0: No such file or directory
01-01 00:01:08.189 163 168 E vold : Failed to chmod /data/media/0: No such file or directory
01-01 00:01:08.189 320 384 D CryptdConnector: RCV <- {200 2 Command succeeded}
01-01 00:01:08.190 320 382 D StorageManagerService: Thinking about reset, mSystemReady=true, mDaemonConnected=true
01-01 00:01:08.190 320 440 E BluetoothAdapter: Bluetooth binder is null
01-01 00:01:08.190 320 382 D VoldConnector: SND -> {30 volume reset}
01-01 00:01:08.190 320 335 I ActivityManager: Force stopping com.android.providers.media appid=10013 user=-1: vold reset
01-01 00:01:08.191 320 383 D VoldConnector: RCV <- {651 emulated 7}
01-01 00:01:08.191 320 383 D VoldConnector: RCV <- {659 emulated}
01-01 00:01:08.191 320 440 E BluetoothAdapter: Bluetooth binder is null
01-01 00:01:08.191 320 383 D VoldConnector: RCV <- {650 emulated 2 "" ""}
01-01 00:01:08.192 320 383 D VoldConnector: RCV <- {651 emulated 0}
01-01 00:01:08.192 320 383 D VoldConnector: RCV <- {200 30 Command succeeded}
01-01 00:01:08.193 320 341 V StorageManagerService: Found primary storage at VolumeInfo{emulated}:
01-01 00:01:08.193 320 341 V StorageManagerService: type=EMULATED diskId=null partGuid=null mountFlags=0 mountUserId=-1
01-01 00:01:08.193 320 341 V StorageManagerService: state=UNMOUNTED
01-01 00:01:08.193 320 341 V StorageManagerService: fsType=null fsUuid=null fsLabel=null
01-01 00:01:08.193 320 341 V StorageManagerService: path=null internalPath=null
01-01 00:01:08.193 204 204 I AudioFlinger: systemReady
01-01 00:01:08.194 320 382 D VoldConnector: SND -> {31 volume user_added 0 0}
01-01 00:01:08.195 320 320 D UsbAlsaManager: Adding ALSA device AlsaDevice: [card: 1, device: 0, type: 1]
01-01 00:01:08.195 320 383 D VoldConnector: RCV <- {200 31 Command succeeded}
01-01 00:01:08.201 320 320 D SystemServerTiming: StartActivityManagerReadyPhase took to complete: 71ms
01-01 00:01:08.201 179 179 E android.hardware.usb@1.0-service: Failed to open /sys/class/dual_role_usb
01-01 00:01:08.201 320 320 I SystemServer: StartObservingNativeCrashes
01-01 00:01:08.202 320 320 D SystemServerTiming: StartObservingNativeCrashes took to complete: 1ms
01-01 00:01:08.202 320 369 D SystemServerInitThreadPool: Started executing WebViewFactoryPreparation
01-01 00:01:08.202 320 369 I SystemServer: WebViewFactoryPreparation
01-01 00:01:08.203 320 320 I SystemServer: StartSystemUI
01-01 00:01:08.204 320 444 E UsbPortManager: port status enquiry failed
01-01 00:01:08.204 320 382 D VoldConnector: SND -> {32 volume mount emulated 3 -1}
01-01 00:01:08.205 320 383 D VoldConnector: RCV <- {651 emulated 1}
01-01 00:01:08.207 163 167 V vold : Waiting for FUSE to spin up...
01-01 00:01:08.210 320 383 D VoldConnector: RCV <- {656 emulated /data/media}
01-01 00:01:08.210 320 383 D VoldConnector: RCV <- {655 emulated /storage/emulated}
01-01 00:01:08.220 320 369 D WebViewFactory: Setting new address space to 104857600
01-01 00:01:08.228 320 470 D UsbHostManager: Added device UsbDevice[mName=/dev/bus/usb/001/002,mVendorId=1133,mProductId=49271,mClass=0,mSubclass=0,mProtocol=0,mManufacturerName=Logitech,mProductName=USB Optical Mouse,mVersion=2.0,mSerialNumber=null,mConfigurations=[
01-01 00:01:08.228 320 470 D UsbHostManager: UsbConfiguration[mId=1,mName=null,mAttributes=160,mMaxPower=50,mInterfaces=[
01-01 00:01:08.228 320 470 D UsbHostManager: UsbInterface[mId=0,mAlternateSetting=0,mName=null,mClass=3,mSubclass=1,mProtocol=2,mEndpoints=[
01-01 00:01:08.228 320 470 D UsbHostManager: UsbEndpoint[mAddress=129,mAttributes=3,mMaxPacketSize=4,mInterval=10]]]]
01-01 00:01:08.232 320 320 I ActivityManager: Start proc 481:com.android.systemui/u0a28 for service com.android.systemui/.SystemUIService
01-01 00:01:08.233 320 320 D SystemServerTiming: StartSystemUI took to complete: 30ms
01-01 00:01:08.233 320 320 I SystemServer: MakeNetworkScoreReady
01-01 00:01:08.234 320 320 D SystemServerTiming: MakeNetworkScoreReady took to complete: 1ms
01-01 00:01:08.234 320 320 I SystemServer: MakeNetworkManagementServiceReady
01-01 00:01:08.234 320 320 D NetworkManagement: enabling bandwidth control
01-01 00:01:08.251 320 426 E HalDeviceManager: Should have at least 1 chip!
01-01 00:01:08.251 320 426 E HalDeviceManager: getSupportedIfaceTypesInternal: no chip info found
01-01 00:01:08.252 320 338 E BatteryStatsService: no controller energy info supplied
01-01 00:01:08.252 320 338 E BatteryStatsService: no controller energy info supplied
01-01 00:01:08.257 163 167 V vold : Waiting for FUSE to spin up...
01-01 00:01:08.258 153 153 W /system/bin/hwservicemanager: getTransportFromManifest: Cannot find entry android.hardware.media.omx@1.0::IOmx in either framework or device manifest, using default transport.
01-01 00:01:08.259 175 175 I android.hardwar: type=1400 audit(0.0:22): avc: denied { accept } for lport=33452 scontext=u:r:hal_vehicle_default:s0 tcontext=u:r:hal_vehicle_default:s0 tclass=tcp_socket permissive=1
01-01 00:01:08.263 212 308 I OMXClient: Treble IOmx obtained
01-01 00:01:08.268 320 320 W NetworkManagement: setDataSaverMode(): already false
01-01 00:01:08.269 153 153 W /system/bin/hwservicemanager: getTransportFromManifest: Cannot find entry android.hardware.media.omx@1.0::IOmx in either framework or device manifest, using default transport.
01-01 00:01:08.271 212 308 I OMXClient: Treble IOmx obtained
01-01 00:01:08.271 320 320 D SystemServerTiming: MakeNetworkManagementServiceReady took to complete: 37ms
01-01 00:01:08.271 320 320 I SystemServer: MakeNetworkStatsServiceReady
01-01 00:01:08.271 215 283 I OMXMaster: makeComponentInstance(OMX.google.mp3.decoder) in omx@1.0-service process
01-01 00:01:08.285 320 423 D NetworkPolicy: setRestrictBackgroundUL(): false
01-01 00:01:08.291 320 423 W NetworkManagement: setDataSaverMode(): already false
01-01 00:01:08.295 153 153 W /system/bin/hwservicemanager: getTransportFromManifest: Cannot find entry android.hardware.media.omx@1.0::IOmx in either framework or device manifest, using default transport.
01-01 00:01:08.295 212 308 I OMXClient: Treble IOmx obtained
01-01 00:01:08.295 215 282 I OMXMaster: makeComponentInstance(OMX.google.amrnb.decoder) in omx@1.0-service process
01-01 00:01:08.300 475 475 W /system/bin/sdcard: Device explicitly enabled sdcardfs
01-01 00:01:08.307 163 167 V vold : Waiting for FUSE to spin up...
01-01 00:01:08.308 320 369 W ActivityManager: Slow operation: 64ms so far, now at startProcess: returned from zygote!
01-01 00:01:08.308 320 369 W ActivityManager: Slow operation: 64ms so far, now at startProcess: done updating battery stats
01-01 00:01:08.311 320 369 W ActivityManager: Slow operation: 67ms so far, now at startProcess: building log message
01-01 00:01:08.311 320 369 I ActivityManager: Start proc 496:WebViewLoader-armeabi-v7a/1037 [android.webkit.WebViewFactory$RelroFileCreator] for
01-01 00:01:08.311 320 369 W ActivityManager: Slow operation: 67ms so far, now at startProcess: starting to update pids map
01-01 00:01:08.311 320 369 W ActivityManager: Slow operation: 67ms so far, now at startProcess: done updating pids map
01-01 00:01:08.311 320 369 W ActivityManager: Slow operation: 73ms so far, now at startProcess: done starting proc!
01-01 00:01:08.339 153 153 W /system/bin/hwservicemanager: getTransportFromManifest: Cannot find entry android.hardware.media.omx@1.0::IOmx in either framework or device manifest, using default transport.
01-01 00:01:08.343 212 308 I OMXClient: Treble IOmx obtained
01-01 00:01:08.344 215 494 I OMXMaster: makeComponentInstance(OMX.google.amrwb.decoder) in omx@1.0-service process
01-01 00:01:08.348 320 320 D SystemServerTiming: MakeNetworkStatsServiceReady took to complete: 77ms
01-01 00:01:08.348 320 320 I SystemServer: MakeConnectivityServiceReady
01-01 00:01:08.353 320 320 D PermissionMonitor: Monitoring
01-01 00:01:08.355 320 369 D SystemServerTimingAsync: WebViewFactoryPreparation took to complete: 153ms
01-01 00:01:08.355 320 369 D SystemServerInitThreadPool: Finished executing WebViewFactoryPreparation
01-01 00:01:08.358 320 449 D Ethernet: got request NetworkRequest [ BACKGROUND_REQUEST id=2, [ Transports: CELLULAR Capabilities: INTERNET&NOT_RESTRICTED&TRUSTED&NOT_VPN] ] with score 0
01-01 00:01:08.358 153 153 W /system/bin/hwservicemanager: getTransportFromManifest: Cannot find entry android.hardware.media.omx@1.0::IOmx in either framework or device manifest, using default transport.
01-01 00:01:08.359 320 383 D VoldConnector: RCV <- {651 emulated 2}
01-01 00:01:08.360 212 308 I OMXClient: Treble IOmx obtained
01-01 00:01:08.362 320 383 D VoldConnector: RCV <- {200 32 Command succeeded}
01-01 00:01:08.362 320 320 D PermissionMonitor: Users: 1, Apps: 70
01-01 00:01:08.366 215 282 I OMXMaster: makeComponentInstance(OMX.google.aac.decoder) in omx@1.0-service process
01-01 00:01:08.375 320 320 D SystemServerTiming: MakeConnectivityServiceReady took to complete: 27ms
01-01 00:01:08.376 320 320 I SystemServer: MakeNetworkPolicyServiceReady
01-01 00:01:08.377 320 320 D SystemServerTiming: MakeNetworkPolicyServiceReady took to complete: 0ms
01-01 00:01:08.377 320 320 I SystemServer: StartWatchdog
01-01 00:01:08.377 320 320 D SystemServerTiming: StartWatchdog took to complete: 0ms
01-01 00:01:08.377 320 320 I SystemServer: PhaseThirdPartyAppsCanStart
01-01 00:01:08.377 320 320 I SystemServiceManager: Starting phase 600
01-01 00:01:08.393 320 320 V WallpaperManagerService: bindWallpaperComponentLocked: componentName=null
01-01 00:01:08.394 320 320 V WallpaperManagerService: No default component; using image wallpaper
01-01 00:01:08.404 496 496 V WebViewFactory: RelroFileCreator (64bit = false), 32-bit lib: /system/app/webview/webview.apk!/lib/armeabi-v7a/libwebviewchromium.so, 64-bit lib:
01-01 00:01:08.416 153 153 W /system/bin/hwservicemanager: getTransportFromManifest: Cannot find entry android.hardware.media.omx@1.0::IOmx in either framework or device manifest, using default transport.
01-01 00:01:08.417 212 308 I OMXClient: Treble IOmx obtained
01-01 00:01:08.417 215 494 I OMXMaster: makeComponentInstance(OMX.google.g711.alaw.decoder) in omx@1.0-service process
01-01 00:01:08.426 320 320 D SystemServerTiming: PhaseThirdPartyAppsCanStart took to complete: 49ms
01-01 00:01:08.426 320 320 I SystemServer: MakeLocationServiceReady
01-01 00:01:08.432 153 153 W /system/bin/hwservicemanager: getTransportFromManifest: Cannot find entry android.hardware.media.omx@1.0::IOmx in either framework or device manifest, using default transport.
01-01 00:01:08.433 212 308 I OMXClient: Treble IOmx obtained
01-01 00:01:08.433 215 494 I OMXMaster: makeComponentInstance(OMX.google.g711.mlaw.decoder) in omx@1.0-service process
01-01 00:01:08.437 153 153 W /system/bin/hwservicemanager: getTransportFromManifest: Cannot find entry android.hardware.gnss@1.0::IGnss in either framework or device manifest, using default transport.
01-01 00:01:08.439 320 320 E GnssLocationProvider: Unable to get GPS service
01-01 00:01:08.440 320 320 W ServiceWatcher: com.google.android.gms not found
01-01 00:01:08.441 320 320 I chatty : uid=1000 system_server identical 1 line
01-01 00:01:08.443 320 320 W LocationManagerService: no network location provider found
01-01 00:01:08.443 320 320 W ServiceWatcher: com.google.android.gms not found
01-01 00:01:08.444 153 153 W /system/bin/hwservicemanager: getTransportFromManifest: Cannot find entry android.hardware.media.omx@1.0::IOmx in either framework or device manifest, using default transport.
01-01 00:01:08.446 212 308 I OMXClient: Treble IOmx obtained
01-01 00:01:08.446 215 494 I OMXMaster: makeComponentInstance(OMX.google.vorbis.decoder) in omx@1.0-service process
01-01 00:01:08.457 320 320 W ServiceWatcher: com.google.android.gms not found
01-01 00:01:08.457 320 320 E LocationManagerService: no geocoder provider found
01-01 00:01:08.457 320 320 D LocationManagerService: FLP HAL not supported
01-01 00:01:08.458 320 320 W ServiceWatcher: com.google.android.gms not found
01-01 00:01:08.463 153 153 W /system/bin/hwservicemanager: getTransportFromManifest: Cannot find entry android.hardware.media.omx@1.0::IOmx in either framework or device manifest, using default transport.
01-01 00:01:08.463 212 308 I OMXClient: Treble IOmx obtained
01-01 00:01:08.464 215 282 I OMXMaster: makeComponentInstance(OMX.google.opus.decoder) in omx@1.0-service process
01-01 00:01:08.467 320 320 D LocationManagerService: Unable to bind FLP Geofence proxy.
01-01 00:01:08.467 320 320 E ActivityRecognitionHardware: activity_recognition HAL is deprecated. is_supported is effectively a no-op
01-01 00:01:08.467 320 320 D LocationManagerService: Hardware Activity-Recognition not supported.
01-01 00:01:08.467 320 320 W ServiceWatcher: com.google.android.gms not found
01-01 00:01:08.468 320 320 E ActivityRecognitionProxy: ServiceWatcher could not start.
01-01 00:01:08.468 320 320 D LocationManagerService: Unable to bind ActivityRecognitionProxy.
01-01 00:01:08.475 320 320 D SystemServerTiming: MakeLocationServiceReady took to complete: 49ms
01-01 00:01:08.475 320 320 I SystemServer: MakeCountryDetectionServiceReady
01-01 00:01:08.477 320 320 D SystemServerTiming: MakeCountryDetectionServiceReady took to complete: 0ms
01-01 00:01:08.477 320 320 I SystemServer: MakeNetworkTimeUpdateReady
01-01 00:01:08.479 320 320 D SystemServerTiming: MakeNetworkTimeUpdateReady took to complete: 2ms
01-01 00:01:08.479 320 320 I SystemServer: MakeCommonTimeManagementServiceReady
01-01 00:01:08.480 320 320 I CommonTimeManagementService: No common time service detected on this platform. Common time services will be unavailable.
01-01 00:01:08.480 320 320 D SystemServerTiming: MakeCommonTimeManagementServiceReady took to complete: 1ms
01-01 00:01:08.480 320 320 I SystemServer: MakeInputManagerServiceReady
01-01 00:01:08.482 320 381 I InputReader: Reconfiguring input devices. changes=0x00000020
01-01 00:01:08.488 320 381 I InputReader: Reconfiguring input devices. changes=0x00000010
01-01 00:01:08.492 320 320 I zygote : Waiting for a blocking GC Alloc
01-01 00:01:08.493 320 542 I zygote : Waiting for a blocking GC Alloc
01-01 00:01:08.513 153 153 W /system/bin/hwservicemanager: getTransportFromManifest: Cannot find entry android.hardware.media.omx@1.0::IOmx in either framework or device manifest, using default transport.
01-01 00:01:08.514 496 496 I WebViewLoader-armeabi-v7a: System.exit called, status: 0
01-01 00:01:08.514 496 496 I AndroidRuntime: VM exiting with result code 0, cleanup skipped.
01-01 00:01:08.514 212 308 I OMXClient: Treble IOmx obtained
01-01 00:01:08.515 215 282 I OMXMaster: makeComponentInstance(OMX.google.raw.decoder) in omx@1.0-service process
01-01 00:01:08.532 320 511 I zygote : Waiting for a blocking GC Alloc
01-01 00:01:08.545 153 153 W /system/bin/hwservicemanager: getTransportFromManifest: Cannot find entry android.hardware.media.omx@1.0::IOmx in either framework or device manifest, using default transport.
01-01 00:01:08.546 212 308 I OMXClient: Treble IOmx obtained
01-01 00:01:08.546 215 282 I OMXMaster: makeComponentInstance(OMX.google.aac.encoder) in omx@1.0-service process
01-01 00:01:08.562 153 153 W /system/bin/hwservicemanager: getTransportFromManifest: Cannot find entry android.hardware.media.omx@1.0::IOmx in either framework or device manifest, using default transport.
01-01 00:01:08.563 212 308 I OMXClient: Treble IOmx obtained
01-01 00:01:08.563 215 282 I OMXMaster: makeComponentInstance(OMX.google.amrnb.encoder) in omx@1.0-service process
01-01 00:01:08.590 153 153 W /system/bin/hwservicemanager: getTransportFromManifest: Cannot find entry android.hardware.media.omx@1.0::IOmx in either framework or device manifest, using default transport.
01-01 00:01:08.591 212 308 I OMXClient: Treble IOmx obtained
01-01 00:01:08.591 215 494 I OMXMaster: makeComponentInstance(OMX.google.amrwb.encoder) in omx@1.0-service process
01-01 00:01:08.612 153 153 W /system/bin/hwservicemanager: getTransportFromManifest: Cannot find entry android.hardware.media.omx@1.0::IOmx in either framework or device manifest, using default transport.
01-01 00:01:08.613 320 332 I ActivityManager: Start proc 553:com.android.car/1000 for service com.android.car/.CarService
01-01 00:01:08.616 212 308 I OMXClient: Treble IOmx obtained
01-01 00:01:08.616 215 494 I OMXMaster: makeComponentInstance(OMX.google.flac.encoder) in omx@1.0-service process
01-01 00:01:08.629 153 153 W /system/bin/hwservicemanager: getTransportFromManifest: Cannot find entry android.hardware.media.omx@1.0::IOmx in either framework or device manifest, using default transport.
01-01 00:01:08.629 212 308 I OMXClient: Treble IOmx obtained
01-01 00:01:08.630 215 494 I OMXMaster: makeComponentInstance(OMX.TI.DUCATI1.VIDEO.DECODER) in omx@1.0-service process
01-01 00:01:08.630 215 494 D OMX_CORE_WRAPPER: TIOMX_GetHandle
01-01 00:01:08.637 215 494 I vndksupport: sphal namespace is not configured for this process. Loading /vendor/lib/hw/gralloc.jacinto6.so from the current namespace instead.
01-01 00:01:08.639 462 462 E Keyboard: Parse error:java.lang.NullPointerException: Attempt to read from null array
01-01 00:01:08.639 462 462 W System.err: java.lang.NullPointerException: Attempt to read from null array
01-01 00:01:08.640 215 494 E IMGSRV : :0: PVRSRVOpenDCDevice: Error - 138 returned
01-01 00:01:08.641 462 462 W System.err: at android.inputmethodservice.Keyboard.loadKeyboard(Keyboard.java:823)
01-01 00:01:08.641 462 462 W System.err: at android.inputmethodservice.Keyboard.(Keyboard.java:569)
01-01 00:01:08.641 462 462 W System.err: at android.inputmethodservice.Keyboard.(Keyboard.java:522)
01-01 00:01:08.641 462 462 W System.err: at com.android.inputmethod.latin.CarLatinIME.createKeyboard(CarLatinIME.java:217)
01-01 00:01:08.641 462 462 W System.err: at com.android.inputmethod.latin.CarLatinIME.onCreate(CarLatinIME.java:151)
01-01 00:01:08.641 462 462 W System.err: at android.app.ActivityThread.handleCreateService(ActivityThread.java:3404)
01-01 00:01:08.641 462 462 W System.err: at android.app.ActivityThread.-wrap4(Unknown Source:0)
01-01 00:01:08.641 462 462 W System.err: at android.app.ActivityThread$H.handleMessage(ActivityThread.java:1683)
01-01 00:01:08.641 462 462 W System.err: at android.os.Handler.dispatchMessage(Handler.java:105)
01-01 00:01:08.641 462 462 W System.err: at android.os.Looper.loop(Looper.java:164)
01-01 00:01:08.641 462 462 W System.err: at android.app.ActivityThread.main(ActivityThread.java:6541)
01-01 00:01:08.641 462 462 W System.err: at java.lang.reflect.Method.invoke(Native Method)
01-01 00:01:08.641 462 462 W System.err: at com.android.internal.os.Zygote$MethodAndArgsCaller.run(Zygote.java:240)
01-01 00:01:08.641 462 462 W System.err: at com.android.internal.os.ZygoteInit.main(ZygoteInit.java:767)
01-01 00:01:08.661 320 330 I zygote : Background concurrent copying GC freed 39870(2MB) AllocSpace objects, 10(216KB) LOS objects, 42% free, 3MB/5MB, paused 447us total 172.520ms
01-01 00:01:08.661 320 320 I zygote : WaitForGcToComplete blocked for 169.309ms for cause Alloc
01-01 00:01:08.661 320 320 I zygote : Starting a blocking GC Alloc
01-01 00:01:08.661 320 542 I zygote : WaitForGcToComplete blocked for 168.273ms for cause Alloc
01-01 00:01:08.661 320 542 I zygote : Starting a blocking GC Alloc
01-01 00:01:08.662 320 511 I zygote : WaitForGcToComplete blocked for 130.059ms for cause Alloc
01-01 00:01:08.662 320 511 I zygote : Starting a blocking GC Alloc
01-01 00:01:08.662 320 320 D SystemServerTiming: MakeInputManagerServiceReady took to complete: 182ms
01-01 00:01:08.662 320 320 I SystemServer: MakeTelephonyRegistryReady
01-01 00:01:08.663 320 320 D SystemServerTiming: MakeTelephonyRegistryReady took to complete: 1ms
01-01 00:01:08.663 320 320 I SystemServer: MakeMediaRouterServiceReady
01-01 00:01:08.666 320 320 D SystemServerTiming: MakeMediaRouterServiceReady took to complete: 3ms
01-01 00:01:08.666 320 320 I SystemServer: MakeMmsServiceReady
01-01 00:01:08.666 320 320 I MmsServiceBroker: Delay connecting to MmsService until an API is called
01-01 00:01:08.666 320 320 D SystemServerTiming: MakeMmsServiceReady took to complete: 0ms
01-01 00:01:08.666 320 320 I SystemServer: MakeNetworkScoreServiceReady
01-01 00:01:08.666 320 320 D SystemServerTiming: MakeNetworkScoreServiceReady took to complete: 0ms
01-01 00:01:08.666 320 320 I SystemServer: IncidentDaemonReady
01-01 00:01:08.666 320 320 D SystemServerTiming: IncidentDaemonReady took to complete: 0ms
01-01 00:01:08.668 320 320 I SystemServiceManager: Calling onStartUser u0
01-01 00:01:08.671 320 320 W VoiceInteractionManagerService: no available voice interaction services found for user 0
01-01 00:01:08.671 320 320 W VoiceInteractionManagerService: no available voice recognition services found for user 0
01-01 00:01:08.683 320 320 I ActivityManager: Start proc 566:com.android.car/1000 for added application com.android.car
01-01 00:01:08.707 215 282 E OMXNodeInstance: getExtensionIndex(0xaec230e0:TI.DUCATI1.DECODER, OMX.google.android.index.configureVideoTunnelMode) ERROR: UnsupportedIndex(0x8000101a)
01-01 00:01:08.708 215 282 W OMXNodeInstance: [0xaec230e0:TI.DUCATI1.DECODER] component does not support metadata mode; using fallback
01-01 00:01:08.708 215 282 D OMX_CORE_WRAPPER: TIOMX_FreeHandle
01-01 00:01:08.712 320 320 I ActivityManager: Start proc 577:com.android.phone/1001 for added application com.android.phone
01-01 00:01:08.713 320 320 I ActivityManager: START u0 {act=android.intent.action.MAIN cat=[android.intent.category.HOME] flg=0x10000100 cmp=com.android.settings/.CryptKeeper} from uid 0
01-01 00:01:08.730 320 320 I ActivityManager: Loaded persisted task ids for user 0
01-01 00:01:08.735 153 153 W /system/bin/hwservicemanager: getTransportFromManifest: Cannot find entry android.hardware.media.omx@1.0::IOmx in either framework or device manifest, using default transport.
01-01 00:01:08.736 212 308 I OMXClient: Treble IOmx obtained
01-01 00:01:08.736 215 282 I OMXMaster: makeComponentInstance(OMX.TI.DUCATI1.VIDEO.DECODER) in omx@1.0-service process
01-01 00:01:08.736 215 282 D OMX_CORE_WRAPPER: TIOMX_GetHandle
01-01 00:01:08.737 215 282 I vndksupport: sphal namespace is not configured for this process. Loading /vendor/lib/hw/gralloc.jacinto6.so from the current namespace instead.
01-01 00:01:08.745 215 494 E OMXNodeInstance: getExtensionIndex(0xaec230e0:TI.DUCATI1.DECODER, OMX.google.android.index.configureVideoTunnelMode) ERROR: UnsupportedIndex(0x8000101a)
01-01 00:01:08.745 215 494 W OMXNodeInstance: [0xaec230e0:TI.DUCATI1.DECODER] component does not support metadata mode; using fallback
01-01 00:01:08.745 215 494 D OMX_CORE_WRAPPER: TIOMX_FreeHandle
01-01 00:01:08.752 153 153 W /system/bin/hwservicemanager: getTransportFromManifest: Cannot find entry android.hardware.media.omx@1.0::IOmx in either framework or device manifest, using default transport.
01-01 00:01:08.753 212 308 I OMXClient: Treble IOmx obtained
01-01 00:01:08.753 215 282 I OMXMaster: makeComponentInstance(OMX.TI.DUCATI1.VIDEO.DECODER) in omx@1.0-service process
01-01 00:01:08.753 215 282 D OMX_CORE_WRAPPER: TIOMX_GetHandle
01-01 00:01:08.754 215 282 I vndksupport: sphal namespace is not configured for this process. Loading /vendor/lib/hw/gralloc.jacinto6.so from the current namespace instead.
01-01 00:01:08.769 215 282 E OMXNodeInstance: getExtensionIndex(0xae89f360:TI.DUCATI1.DECODER, OMX.google.android.index.configureVideoTunnelMode) ERROR: UnsupportedIndex(0x8000101a)
01-01 00:01:08.769 215 282 W OMXNodeInstance: [0xae89f360:TI.DUCATI1.DECODER] component does not support metadata mode; using fallback
01-01 00:01:08.769 215 282 D OMX_CORE_WRAPPER: TIOMX_FreeHandle
01-01 00:01:08.783 153 153 W /system/bin/hwservicemanager: getTransportFromManifest: Cannot find entry android.hardware.media.omx@1.0::IOmx in either framework or device manifest, using default transport.
01-01 00:01:08.784 212 308 I OMXClient: Treble IOmx obtained
01-01 00:01:08.784 215 282 I OMXMaster: makeComponentInstance(OMX.TI.DUCATI1.VIDEO.DECODER) in omx@1.0-service process
01-01 00:01:08.784 215 282 D OMX_CORE_WRAPPER: TIOMX_GetHandle
01-01 00:01:08.785 215 282 I vndksupport: sphal namespace is not configured for this process. Loading /vendor/lib/hw/gralloc.jacinto6.so from the current namespace instead.
01-01 00:01:08.793 320 320 I ActivityManager: Start proc 607:com.android.settings:CryptKeeper/1000 for activity com.android.settings/.CryptKeeper
01-01 00:01:08.798 215 282 E OMXNodeInstance: getExtensionIndex(0xae89f360:TI.DUCATI1.DECODER, OMX.google.android.index.configureVideoTunnelMode) ERROR: UnsupportedIndex(0x8000101a)
01-01 00:01:08.799 215 282 W OMXNodeInstance: [0xae89f360:TI.DUCATI1.DECODER] component does not support metadata mode; using fallback
01-01 00:01:08.799 215 282 D OMX_CORE_WRAPPER: TIOMX_FreeHandle
01-01 00:01:08.801 320 320 D SystemServerTiming: ActivityManagerStartApps took to complete: 134ms
01-01 00:01:08.801 320 320 D SystemServerTiming: PhaseActivityManagerReady took to complete: 678ms
01-01 00:01:08.806 320 320 D SystemServerInitThreadPool: Shutdown successful
01-01 00:01:08.806 320 320 D SystemServerTiming: StartServices took to complete: 49650ms
01-01 00:01:08.806 320 320 I SystemServer: Enabled StrictMode for system server main thread.
01-01 00:01:08.819 320 332 W ActivityManager: No pending application record for pid 553 (IApplicationThread android.app.IApplicationThread$Stub$Proxy@77bc366); dropping process
01-01 00:01:08.823 481 481 V SystemUIService: Starting SystemUI services for user 0.
01-01 00:01:08.832 320 336 W Looper : Dispatch took 148ms on android.ui, h=Handler (com.android.server.am.ActivityManagerService$UiHandler) {bb69754} cb=null msg=53
01-01 00:01:08.851 153 153 W /system/bin/hwservicemanager: getTransportFromManifest: Cannot find entry android.hardware.media.omx@1.0::IOmx in either framework or device manifest, using default transport.
01-01 00:01:08.852 212 308 I OMXClient: Treble IOmx obtained
01-01 00:01:08.853 215 282 I OMXMaster: makeComponentInstance(OMX.TI.DUCATI1.VIDEO.H264E) in omx@1.0-service process
01-01 00:01:08.853 215 282 D OMX_CORE_WRAPPER: TIOMX_GetHandle
01-01 00:01:08.858 215 282 D OMX_H264_ENCODERUTILS: Initialize Audio Port Params
01-01 00:01:08.858 215 282 D OMX_H264_ENCODERUTILS: Initialize Video Port Params
01-01 00:01:08.858 215 282 D OMX_H264_ENCODERUTILS: Initialize Image Port Params
01-01 00:01:08.858 215 282 D OMX_H264_ENCODERUTILS: Initialize Other Port Params
01-01 00:01:08.858 215 282 D OMX_H264_ENCODERUTILS: Initialize Component Port Params
01-01 00:01:08.863 215 282 D OMX_H264_ENCODERUTILS: Update the default Port Params
01-01 00:01:08.864 215 282 D OMX_H264_ENCODERUTILS: SetH264AlgDefaultCreationParams
01-01 00:01:08.864 215 282 D OMX_H264_ENCODERUTILS: SetH264AlgDefaultDynamicParams
01-01 00:01:08.880 215 282 E OMX_H264_ENCODER: Failed check: OMX_ErrorNone == eError
01-01 00:01:08.880 215 282 E OMX_H264_ENCODER: Returning error: eError
01-01 00:01:08.889 215 282 D OMX_H264_ENCODER: In Default: Call to BASE GetConfig
01-01 00:01:08.889 215 282 E OMX_H264_ENCODER: Failed check: OMX_ErrorNone == eError
01-01 00:01:08.889 215 282 E OMX_H264_ENCODER: Returning error: eError
01-01 00:01:08.889 215 282 E OMXNodeInstance: getConfig(0xae89f360:TI.DUCATI1.H264E, ConfigAndroidIntraRefresh(0x6f60000a)) ERROR: UnsupportedIndex(0x8000101a)
01-01 00:01:08.889 215 282 D OMX_CORE_WRAPPER: TIOMX_FreeHandle
01-01 00:01:08.889 215 282 D OMX_H264_ENCODER: Call BaseComponent Deinit
01-01 00:01:08.891 215 282 D OMX_H264_ENCODER: DeInitialize DerToBase.PortProperties
01-01 00:01:08.891 215 282 D OMX_H264_ENCODER: Call Engine_Close
01-01 00:01:08.892 215 282 D OMX_H264_ENCODER: At the End of Component DeInit
01-01 00:01:08.895 153 153 W /system/bin/hwservicemanager: getTransportFromManifest: Cannot find entry android.hardware.media.omx@1.0::IOmx in either framework or device manifest, using default transport.
01-01 00:01:08.895 212 308 I OMXClient: Treble IOmx obtained
01-01 00:01:08.895 215 595 I OMXMaster: makeComponentInstance(OMX.google.mpeg4.decoder) in omx@1.0-service process
01-01 00:01:08.903 215 595 E OMXNodeInstance: getExtensionIndex(0xae89f240:google.mpeg4.decoder, OMX.google.android.index.configureVideoTunnelMode) ERROR: UnsupportedIndex(0x8000101a)
01-01 00:01:08.904 215 595 E OMXNodeInstance: getExtensionIndex(0xae89f240:google.mpeg4.decoder, OMX.google.android.index.enableAndroidNativeBuffers) ERROR: UnsupportedIndex(0x8000101a)
01-01 00:01:08.918 153 153 W /system/bin/hwservicemanager: getTransportFromManifest: Cannot find entry android.hardware.media.omx@1.0::IOmx in either framework or device manifest, using default transport.
01-01 00:01:08.919 212 308 I OMXClient: Treble IOmx obtained
01-01 00:01:08.919 215 595 I OMXMaster: makeComponentInstance(OMX.google.h263.decoder) in omx@1.0-service process
01-01 00:01:08.928 215 595 E OMXNodeInstance: getExtensionIndex(0xae89f240:google.h263.decoder, OMX.google.android.index.configureVideoTunnelMode) ERROR: UnsupportedIndex(0x8000101a)
01-01 00:01:08.928 215 595 E OMXNodeInstance: getExtensionIndex(0xae89f240:google.h263.decoder, OMX.google.android.index.enableAndroidNativeBuffers) ERROR: UnsupportedIndex(0x8000101a)
01-01 00:01:08.932 153 153 W /system/bin/hwservicemanager: getTransportFromManifest: Cannot find entry android.hardware.media.omx@1.0::IOmx in either framework or device manifest, using default transport.
01-01 00:01:08.933 212 308 I OMXClient: Treble IOmx obtained
01-01 00:01:08.933 215 282 I OMXMaster: makeComponentInstance(OMX.google.h264.decoder) in omx@1.0-service process
01-01 00:01:08.943 320 335 W zygote : Long monitor contention with owner android.anim (367) at void com.android.server.wm.WindowSurfacePlacer.lambda$-com_android_server_wm_WindowSurfacePlacer_5337()(WindowSurfacePlacer.java:107) waiters=0 in void com.android.server.wm.WindowManagerService.onDisplayChanged(int) for 110ms
01-01 00:01:08.945 320 336 W Looper : Dispatch took 113ms on android.ui, h=Handler (com.android.server.am.ActivityManagerService$UiHandler) {bb69754} cb=null msg=53
01-01 00:01:08.953 215 282 E OMXNodeInstance: getExtensionIndex(0xae89f360:google.h264.decoder, OMX.google.android.index.configureVideoTunnelMode) ERROR: UnsupportedIndex(0x8000101a)
01-01 00:01:08.953 215 282 E OMXNodeInstance: getExtensionIndex(0xae89f360:google.h264.decoder, OMX.google.android.index.enableAndroidNativeBuffers) ERROR: UnsupportedIndex(0x8000101a)
01-01 00:01:08.959 153 153 W /system/bin/hwservicemanager: getTransportFromManifest: Cannot find entry android.hardware.media.omx@1.0::IOmx in either framework or device manifest, using default transport.
01-01 00:01:08.960 184 237 D PermissionCache: checking android.permission.READ_FRAME_BUFFER for uid=1000 => granted (2914 us)
01-01 00:01:08.962 212 308 I OMXClient: Treble IOmx obtained
01-01 00:01:08.962 215 282 I OMXMaster: makeComponentInstance(OMX.google.hevc.decoder) in omx@1.0-service process
01-01 00:01:08.988 215 282 E OMXNodeInstance: getExtensionIndex(0xae89f360:google.hevc.decoder, OMX.google.android.index.configureVideoTunnelMode) ERROR: UnsupportedIndex(0x8000101a)
01-01 00:01:08.988 215 282 E OMXNodeInstance: getExtensionIndex(0xae89f360:google.hevc.decoder, OMX.google.android.index.enableAndroidNativeBuffers) ERROR: UnsupportedIndex(0x8000101a)
01-01 00:01:08.990 153 153 W /system/bin/hwservicemanager: getTransportFromManifest: Cannot find entry android.hardware.media.omx@1.0::IOmx in either framework or device manifest, using default transport.
01-01 00:01:08.991 212 308 I OMXClient: Treble IOmx obtained
01-01 00:01:08.991 215 282 I OMXMaster: makeComponentInstance(OMX.google.vp8.decoder) in omx@1.0-service process
01-01 00:01:09.000 215 595 E OMXNodeInstance: getExtensionIndex(0xae89f360:google.vp8.decoder, OMX.google.android.index.configureVideoTunnelMode) ERROR: UnsupportedIndex(0x8000101a)
01-01 00:01:09.001 215 595 E OMXNodeInstance: getExtensionIndex(0xae89f360:google.vp8.decoder, OMX.google.android.index.enableAndroidNativeBuffers) ERROR: UnsupportedIndex(0x8000101a)
01-01 00:01:09.010 153 153 W /system/bin/hwservicemanager: getTransportFromManifest: Cannot find entry android.hardware.media.omx@1.0::IOmx in either framework or device manifest, using default transport.
01-01 00:01:09.011 212 308 I OMXClient: Treble IOmx obtained
01-01 00:01:09.011 215 595 I OMXMaster: makeComponentInstance(OMX.google.vp9.decoder) in omx@1.0-service process
01-01 00:01:09.018 215 282 E OMXNodeInstance: getExtensionIndex(0xae89f360:google.vp9.decoder, OMX.google.android.index.configureVideoTunnelMode) ERROR: UnsupportedIndex(0x8000101a)
01-01 00:01:09.018 320 605 W ActivityManager: Slow operation: 72ms so far, now at attachApplicationLocked: after mServices.attachApplicationLocked
01-01 00:01:09.018 215 282 E OMXNodeInstance: getExtensionIndex(0xae89f360:google.vp9.decoder, OMX.google.android.index.enableAndroidNativeBuffers) ERROR: UnsupportedIndex(0x8000101a)
01-01 00:01:09.018 320 320 D ConditionProviders.SCP: onConnected
01-01 00:01:09.028 320 320 D RttService: SCAN_AVAILABLE : 1
01-01 00:01:09.029 320 320 D ZenLog : set_zen_mode: off,cleanUpZenRules
01-01 00:01:09.030 320 430 I WifiScanningService: wifi driver unloaded
01-01 00:01:09.030 320 431 D RttService: DefaultState got{ when=-1ms what=160513 target=com.android.internal.util.StateMachine$SmHandler }
01-01 00:01:09.033 320 320 D ConditionProviders: Subscribing to condition://android/schedule?days=1.2.3.4.5&start=22.0&end=7.0&exitAtAlarm=false with ComponentInfo{android/com.android.server.notification.ScheduleConditionProvider}
01-01 00:01:09.033 320 320 D ZenLog : subscribe: condition://android/schedule?days=1.2.3.4.5&start=22.0&end=7.0&exitAtAlarm=false,ok
01-01 00:01:09.033 320 320 D ConditionProviders: Subscribing to condition://android/event?userId=-10000&calendar=&reply=1 with ComponentInfo{android/com.android.server.notification.EventConditionProvider}
01-01 00:01:09.033 320 320 D ZenLog : subscribe: condition://android/event?userId=-10000&calendar=&reply=1,ok
01-01 00:01:09.033 320 320 D ConditionProviders: Subscribing to condition://android/schedule?days=6.7&start=23.30&end=10.0&exitAtAlarm=false with ComponentInfo{android/com.android.server.notification.ScheduleConditionProvider}
01-01 00:01:09.033 320 320 D ZenLog : subscribe: condition://android/schedule?days=6.7&start=23.30&end=10.0&exitAtAlarm=false,ok
01-01 00:01:09.039 153 153 W /system/bin/hwservicemanager: getTransportFromManifest: Cannot find entry android.hardware.media.omx@1.0::IOmx in either framework or device manifest, using default transport.
01-01 00:01:09.040 212 308 I OMXClient: Treble IOmx obtained
01-01 00:01:09.040 215 282 I OMXMaster: makeComponentInstance(OMX.google.h263.encoder) in omx@1.0-service process
01-01 00:01:09.050 215 282 I SoftMPEG4Encoder: Construct SoftMPEG4Encoder
01-01 00:01:09.052 212 308 W OMXUtils: do not know color format 0x7f000789 = 2130708361
