01-01 00:01:11.168 176 176 E CameraHal: (b2bba4a8) hardware/ti/dra7xx/camera/CameraHal_Module.cpp:634 camera_device_open - CameraHal_Module: ******************* 1 *******************
01-01 00:01:11.168 176 176 I CameraHal: (b2bba4a8) hardware/ti/dra7xx/camera/CameraHal_Module.cpp:638 camera_device_open - camera_device open
01-01 00:01:11.168 176 176 D CameraHal: (b2bba4a8) + hardware/ti/dra7xx/camera/CameraProperties.cpp:130 camerasSupported - ENTER
01-01 00:01:11.168 176 176 D CameraHal: (b2bba4a8) - hardware/ti/dra7xx/camera/CameraProperties.cpp:130 camerasSupported - EXIT
01-01 00:01:11.168 176 176 D CameraHal: (b2bba4a8) + hardware/ti/dra7xx/camera/CameraParameters.cpp:152 getProperties - ENTER
01-01 00:01:11.168 176 176 D CameraHal: (b2bba4a8) - hardware/ti/dra7xx/camera/CameraParameters.cpp:163 getProperties - EXIT
01-01 00:01:11.168 176 176 E CameraHal: (b2bba4a8) hardware/ti/dra7xx/camera/CameraHal.cpp:131 getSocFamily - '/sys/board_properties/soc/family' Not Available
01-01 00:01:11.168 176 176 D CameraHal: (b2bba4a8) + hardware/ti/dra7xx/camera/CameraHal.cpp:3991 CameraHal - ENTER
01-01 00:01:11.168 176 176 D CameraHal: (b2bba4a8) - hardware/ti/dra7xx/camera/CameraHal.cpp:4067 CameraHal - EXIT
01-01 00:01:11.168 176 176 D CameraHal: (b2bba4a8) + hardware/ti/dra7xx/camera/CameraHal.cpp:4127 initialize - ENTER
01-01 00:01:11.168 176 176 D CameraHal: (b2bba4a8) hardware/ti/dra7xx/camera/CameraParameters.cpp:214 dump - ================================
01-01 00:01:11.168 176 176 D CameraHal: (b2bba4a8) hardware/ti/dra7xx/camera/CameraParameters.cpp:215 dump - Dumping properties for camera: 0
01-01 00:01:11.168 176 176 D CameraHal: (b2bba4a8) hardware/ti/dra7xx/camera/CameraParameters.cpp:220 dump - prop-antibanding-values = auto
01-01 00:01:11.168 176 176 D CameraHal: (b2bba4a8) hardware/ti/dra7xx/camera/CameraParameters.cpp:220 dump - prop-camera-name = USBCAMERA
01-01 00:01:11.168 176 176 D CameraHal: (b2bba4a8) hardware/ti/dra7xx/camera/CameraParameters.cpp:220 dump - prop-effect-values = none
01-01 00:01:11.168 176 176 D CameraHal: (b2bba4a8) hardware/ti/dra7xx/camera/CameraParameters.cpp:220 dump - prop-exposure-mode-values = auto
01-01 00:01:11.168 176 176 D CameraHal: (b2bba4a8) hardware/ti/dra7xx/camera/CameraParameters.cpp:220 dump - prop-facing = back
01-01 00:01:11.168 176 176 D CameraHal: (b2bba4a8) hardware/ti/dra7xx/camera/CameraParameters.cpp:220 dump - prop-flash-mode-values = off
01-01 00:01:11.168 176 176 D CameraHal: (b2bba4a8) hardware/ti/dra7xx/camera/CameraParameters.cpp:220 dump - prop-focal-length = 1
01-01 00:01:11.168 176 176 D CameraHal: (b2bba4a8) hardware/ti/dra7xx/camera/CameraParameters.cpp:220 dump - prop-focus-mode-default = fixed
01-01 00:01:11.168 176 176 D CameraHal: (b2bba4a8) hardware/ti/dra7xx/camera/CameraParameters.cpp:220 dump - prop-focus-mode-values = fixed
01-01 00:01:11.168 176 176 D CameraHal: (b2bba4a8) hardware/ti/dra7xx/camera/CameraParameters.cpp:220 dump - prop-framerate-range-default = 30000,30000
01-01 00:01:11.168 176 176 D CameraHal: (b2bba4a8) hardware/ti/dra7xx/camera/CameraParameters.cpp:220 dump - prop-framerate-range-values =
01-01 00:01:11.168 176 176 D CameraHal: (b2bba4a8) hardware/ti/dra7xx/camera/CameraParameters.cpp:220 dump - prop-horizontal-angle = 170
01-01 00:01:11.168 176 176 D CameraHal: (b2bba4a8) hardware/ti/dra7xx/camera/CameraParameters.cpp:220 dump - prop-ipp-values = ldc-nsf
01-01 00:01:11.168 176 176 D CameraHal: (b2bba4a8) hardware/ti/dra7xx/camera/CameraParameters.cpp:220 dump - prop-iso-mode-values = auto
01-01 00:01:11.168 176 176 D CameraHal: (b2bba4a8) hardware/ti/dra7xx/camera/CameraParameters.cpp:220 dump - prop-jpeg-quality-default = 90
01-01 00:01:11.168 176 176 D CameraHal: (b2bba4a8) hardware/ti/dra7xx/camera/CameraParameters.cpp:220 dump - prop-jpeg-thumbnail-quality-default = 50
01-01 00:01:11.168 176 176 D CameraHal: (b2bba4a8) hardware/ti/dra7xx/camera/CameraParameters.cpp:220 dump - prop-jpeg-thumbnail-size-default = 320x240
01-01 00:01:11.169 176 176 I provider@2.4-se: type=1400 audit(0.0:25): avc: denied { read write } for name="renderD128" dev="tmpfs" ino=5745 scontext=u:r:hal_camera_default:s0 tcontext=u:object_r:gpu_device:s0 tclass=chr_file permissive=1
01-01 00:01:11.169 176 176 I provider@2.4-se: type=1400 audit(0.0:26): avc: denied { open } for path="/dev/dri/renderD128" dev="tmpfs" ino=5745 scontext=u:r:hal_camera_default:s0 tcontext=u:object_r:gpu_device:s0 tclass=chr_file permissive=1
01-01 00:01:11.169 176 176 D CameraHal: (b2bba4a8) hardware/ti/dra7xx/camera/CameraParameters.cpp:220 dump - prop-jpeg-thumbnail-size-values = 0x0,320x240
01-01 00:01:11.169 176 176 D CameraHal: (b2bba4a8) hardware/ti/dra7xx/camera/CameraParameters.cpp:220 dump - prop-max-fd-hw-faces = 0
01-01 00:01:11.169 176 176 D CameraHal: (b2bba4a8) hardware/ti/dra7xx/camera/CameraParameters.cpp:220 dump - prop-orientation = 0
01-01 00:01:11.169 176 176 D CameraHal: (b2bba4a8) hardware/ti/dra7xx/camera/CameraParameters.cpp:220 dump - prop-picture-format-default = jpeg
01-01 00:01:11.169 176 176 D CameraHal: (b2bba4a8) hardware/ti/dra7xx/camera/CameraParameters.cpp:220 dump - prop-picture-format-values = jpeg
01-01 00:01:11.169 176 176 D CameraHal: (b2bba4a8) hardware/ti/dra7xx/camera/CameraParameters.cpp:220 dump - prop-picture-size-default = 1280x720
01-01 00:01:11.169 176 176 D CameraHal: (b2bba4a8) hardware/ti/dra7xx/camera/CameraParameters.cpp:220 dump - prop-picture-size-values = 1280x800,1280x720,752x480,640x480,600x400,352x288,320x240
01-01 00:01:11.169 176 176 D CameraHal: (b2bba4a8) hardware/ti/dra7xx/camera/CameraParameters.cpp:220 dump - prop-preview-format-default = yuv420sp
01-01 00:01:11.169 176 176 D CameraHal: (b2bba4a8) hardware/ti/dra7xx/camera/CameraParameters.cpp:220 dump - prop-preview-format-values = yuv420sp
01-01 00:01:11.169 176 176 D CameraHal: (b2bba4a8) hardware/ti/dra7xx/camera/CameraParameters.cpp:220 dump - prop-preview-frame-rate-default = 30
01-01 00:01:11.169 176 176 D CameraHal: (b2bba4a8) hardware/ti/dra7xx/camera/CameraParameters.cpp:220 dump - prop-preview-frame-rate-values =
01-01 00:01:11.169 176 176 D CameraHal: (b2bba4a8) hardware/ti/dra7xx/camera/CameraParameters.cpp:220 dump - prop-preview-size-default = 1280x720
01-01 00:01:11.169 176 176 D CameraHal: (b2bba4a8) hardware/ti/dra7xx/camera/CameraParameters.cpp:220 dump - prop-preview-size-values = 1280x800,1280x720,752x480,640x480,600x400,352x288,320x240
01-01 00:01:11.169 176 176 D CameraHal: (b2bba4a8) hardware/ti/dra7xx/camera/CameraParameters.cpp:220 dump - prop-preview-subsampled-size-values = 1280x800,1280x720,752x480,640x480,600x400,352x288,320x240
01-01 00:01:11.169 176 176 D CameraHal: (b2bba4a8) hardware/ti/dra7xx/camera/CameraParameters.cpp:220 dump - prop-required-preview-bufs = 8
01-01 00:01:11.169 176 176 D CameraHal: (b2bba4a8) hardware/ti/dra7xx/camera/CameraParameters.cpp:220 dump - prop-s3d-prv-frame-layout = none
01-01 00:01:11.169 176 176 D CameraHal: (b2bba4a8) hardware/ti/dra7xx/camera/CameraParameters.cpp:220 dump - prop-sensor-index = 0
01-01 00:01:11.169 176 176 D CameraHal: (b2bba4a8) hardware/ti/dra7xx/camera/CameraParameters.cpp:220 dump - prop-vertical-angle = 170
01-01 00:01:11.169 176 176 D CameraHal: (b2bba4a8) hardware/ti/dra7xx/camera/CameraParameters.cpp:220 dump - prop-vnf-default = false
01-01 00:01:11.169 176 176 D CameraHal: (b2bba4a8) hardware/ti/dra7xx/camera/CameraParameters.cpp:220 dump - prop-vstab-default = false
01-01 00:01:11.169 176 176 D CameraHal: (b2bba4a8) hardware/ti/dra7xx/camera/CameraParameters.cpp:220 dump - prop-zoom-default = 1
01-01 00:01:11.169 176 176 D CameraHal: (b2bba4a8) hardware/ti/dra7xx/camera/CameraParameters.cpp:220 dump - prop-zoom-ratios = 1
01-01 00:01:11.169 176 176 D CameraHal: (b2bba4a8) hardware/ti/dra7xx/camera/CameraParameters.cpp:220 dump - prop-zoom-stages = 1
01-01 00:01:11.169 176 176 D CameraHal: (b2bba4a8) hardware/ti/dra7xx/camera/CameraParameters.cpp:220 dump - prop-zoom-supported = false
01-01 00:01:11.169 176 176 D CameraHal: (b2bba4a8) hardware/ti/dra7xx/camera/CameraParameters.cpp:220 dump - sensor-orientation = 0
01-01 00:01:11.169 176 176 D CameraHal: (b2bba4a8) hardware/ti/dra7xx/camera/CameraParameters.cpp:223 dump - --------------------------------
01-01 00:01:11.169 176 176 D CameraHal: (b2bba4a8) hardware/ti/dra7xx/camera/CameraHal.cpp:4166 initialize - Sensor index= 0; Sensor name= USBCAMERA
01-01 00:01:11.169 176 176 D CameraHal: (b2bba4a8) + hardware/ti/dra7xx/camera/V4LCameraAdapter/V4LCameraAdapter.cpp:1208 V4LCameraAdapter_Factory - ENTER
01-01 00:01:11.169 176 176 D CameraHal: (b2bba4a8) + hardware/ti/dra7xx/camera/V4LCameraAdapter/V4LCameraAdapter.cpp:894 V4LCameraAdapter - ENTER
01-01 00:01:11.170 176 176 E CameraHal: Error while adapter initialization: video capture not supported.
01-01 00:01:11.170 176 176 E CameraHal: Error while checking driver: Not VPE
01-01 00:01:11.170 176 176 E CameraHal: Error while adapter initialization: video capture not supported.
01-01 00:01:11.170 176 176 E CameraHal: Found VPE M2M device /dev/video0!!!
01-01 00:01:11.170 176 176 D CameraHal: (b2bba4a8) - hardware/ti/dra7xx/camera/V4LCameraAdapter/V4LCameraAdapter.cpp:912 V4LCameraAdapter - EXIT
01-01 00:01:11.170 176 176 D CameraHal: (b2bba4a8) hardware/ti/dra7xx/camera/V4LCameraAdapter/V4LCameraAdapter.cpp:1212 V4LCameraAdapter_Factory - New V4L Camera adapter instance created for sensor 0
01-01 00:01:11.170 176 176 D CameraHal: (b2bba4a8) - hardware/ti/dra7xx/camera/V4LCameraAdapter/V4LCameraAdapter.cpp:1217 V4LCameraAdapter_Factory - EXIT
01-01 00:01:11.170 176 176 D CameraHal: (b2bba4a8) + hardware/ti/dra7xx/camera/V4LCameraAdapter/V4LCameraAdapter.cpp:305 initialize - ENTER
01-01 00:01:11.170 176 176 D CameraHal: (b2bba4a8) - hardware/ti/dra7xx/camera/V4LCameraAdapter/V4LCameraAdapter.cpp:361 initialize - EXIT
01-01 00:01:11.170 176 176 D CameraHal: (b2bba4a8) + hardware/ti/dra7xx/camera/BaseCameraAdapter.cpp:126 registerImageReleaseCallback - ENTER
01-01 00:01:11.170 176 176 D CameraHal: (b2bba4a8) - hardware/ti/dra7xx/camera/BaseCameraAdapter.cpp:131 registerImageReleaseCallback - EXIT
01-01 00:01:11.170 176 176 D CameraHal: (b2bba4a8) + hardware/ti/dra7xx/camera/BaseCameraAdapter.cpp:140 registerEndCaptureCallback - ENTER
01-01 00:01:11.170 176 176 D CameraHal: (b2bba4a8) - hardware/ti/dra7xx/camera/BaseCameraAdapter.cpp:145 registerEndCaptureCallback - EXIT
01-01 00:01:11.170 176 176 D CameraHal: (b2bba4a8) + hardware/ti/dra7xx/camera/AppCallbackNotifier.cpp:38 initialize - ENTER
01-01 00:01:11.171 176 176 D CameraHal: (b2bba4a8) - hardware/ti/dra7xx/camera/AppCallbackNotifier.cpp:70 initialize - EXIT
01-01 00:01:11.171 176 176 D CameraHal: (b2bba4a8) + hardware/ti/dra7xx/camera/AppCallbackNotifier.cpp:1257 setEventProvider - ENTER
01-01 00:01:11.171 176 176 D CameraHal: (b2bba4a8) + hardware/ti/dra7xx/camera/CameraHalUtilClasses.cpp:87 enableEventNotification - ENTER
01-01 00:01:11.171 176 176 D CameraHal: (b2bba4a8) + hardware/ti/dra7xx/camera/BaseCameraAdapter.cpp:176 enableMsgType - ENTER
01-01 00:01:11.171 176 176 V CameraHal: (b2bba4a8) hardware/ti/dra7xx/camera/BaseCameraAdapter.cpp:215 enableMsgType - Event message type id=0xffff subscription request
01-01 00:01:11.171 176 176 D CameraHal: (b2bba4a8) - hardware/ti/dra7xx/camera/BaseCameraAdapter.cpp:229 enableMsgType - EXIT
01-01 00:01:11.171 176 176 D CameraHal: (b2bba4a8) - hardware/ti/dra7xx/camera/CameraHalUtilClasses.cpp:97 enableEventNotification - EXIT
01-01 00:01:11.171 176 176 D CameraHal: (b2bba4a8) - hardware/ti/dra7xx/camera/AppCallbackNotifier.cpp:1272 setEventProvider - EXIT
01-01 00:01:11.171 176 176 D CameraHal: (b2bba4a8) + hardware/ti/dra7xx/camera/AppCallbackNotifier.cpp:1277 setFrameProvider - ENTER
01-01 00:01:11.171 176 176 D CameraHal: (b2bba4a8) + hardware/ti/dra7xx/camera/CameraHalUtilClasses.cpp:33 enableFrameNotification - ENTER
01-01 00:01:11.171 176 176 D CameraHal: (b2bba4a8) + hardware/ti/dra7xx/camera/BaseCameraAdapter.cpp:176 enableMsgType - ENTER
01-01 00:01:11.171 176 176 V CameraHal: (b2bba4a8) hardware/ti/dra7xx/camera/BaseCameraAdapter.cpp:183 enableMsgType - Frame message type id=0x8 subscription request
01-01 00:01:11.171 176 176 D CameraHal: (b2bba4a8) - hardware/ti/dra7xx/camera/BaseCameraAdapter.cpp:229 enableMsgType - EXIT
01-01 00:01:11.171 176 176 D CameraHal: (b2bba4a8) - hardware/ti/dra7xx/camera/CameraHalUtilClasses.cpp:43 enableFrameNotification - EXIT
01-01 00:01:11.171 176 176 D CameraHal: (b2bba4a8) + hardware/ti/dra7xx/camera/CameraHalUtilClasses.cpp:33 enableFrameNotification - ENTER
01-01 00:01:11.171 176 176 D CameraHal: (b2bba4a8) + hardware/ti/dra7xx/camera/BaseCameraAdapter.cpp:176 enableMsgType - ENTER
01-01 00:01:11.171 176 176 V CameraHal: (b2bba4a8) hardware/ti/dra7xx/camera/BaseCameraAdapter.cpp:183 enableMsgType - Frame message type id=0x100 subscription request
01-01 00:01:11.171 176 176 D CameraHal: (b2bba4a8) - hardware/ti/dra7xx/camera/BaseCameraAdapter.cpp:229 enableMsgType - EXIT
01-01 00:01:11.171 176 176 D CameraHal: (b2bba4a8) - hardware/ti/dra7xx/camera/CameraHalUtilClasses.cpp:43 enableFrameNotification - EXIT
01-01 00:01:11.171 176 176 D CameraHal: (b2bba4a8) - hardware/ti/dra7xx/camera/AppCallbackNotifier.cpp:1293 setFrameProvider - EXIT
01-01 00:01:11.171 176 176 D CameraHal: (b2bba4a8) + hardware/ti/dra7xx/camera/BaseCameraAdapter.cpp:154 setErrorHandler - ENTER
01-01 00:01:11.171 176 176 D CameraHal: (b2bba4a8) - hardware/ti/dra7xx/camera/BaseCameraAdapter.cpp:167 setErrorHandler - EXIT
01-01 00:01:11.171 176 176 D CameraHal: (b2bba4a8) + hardware/ti/dra7xx/camera/AppCallbackNotifier.cpp:1627 start - ENTER
01-01 00:01:11.171 176 176 D CameraHal: (b2bba4a8) hardware/ti/dra7xx/camera/AppCallbackNotifier.cpp:1656 start - --> AppCallbackNotifier NOTIFIER_STARTED
01-01 00:01:11.171 176 176 D CameraHal: (b2bba4a8) - hardware/ti/dra7xx/camera/AppCallbackNotifier.cpp:1658 start - EXIT
01-01 00:01:11.171 176 176 D CameraHal: (b2bba4a8) hardware/ti/dra7xx/camera/CameraHal.cpp:4235 initialize - Started AppCallbackNotifier..
01-01 00:01:11.171 176 176 D CameraHal: (b2bba4a8) + hardware/ti/dra7xx/camera/AppCallbackNotifier.cpp:100 setMeasurements - ENTER
01-01 00:01:11.171 176 176 D CameraHal: (b2bba4a8) - hardware/ti/dra7xx/camera/AppCallbackNotifier.cpp:109 setMeasurements - EXIT
01-01 00:01:11.171 176 176 D CameraHal: (b2bba4a8) + hardware/ti/dra7xx/camera/CameraHal.cpp:4529 initDefaultParameters - ENTER
01-01 00:01:11.171 176 176 D CameraHal: (b2bba4a8) + hardware/ti/dra7xx/camera/CameraHal.cpp:4458 insertSupportedParams - ENTER
01-01 00:01:11.171 176 176 D CameraHal: (b2bba4a8) - hardware/ti/dra7xx/camera/CameraHal.cpp:4514 insertSupportedParams - EXIT
01-01 00:01:11.171 176 176 D CameraHal: (b2bba4a8) + hardware/ti/dra7xx/camera/CameraHal.cpp:4408 parseResolution - ENTER
01-01 00:01:11.171 176 176 D CameraHal: (b2bba4a8) - hardware/ti/dra7xx/camera/CameraHal.cpp:4451 parseResolution - EXIT
01-01 00:01:11.172 176 176 D CameraHal: (b2bba4a8) + hardware/ti/dra7xx/camera/CameraHal.cpp:4408 parseResolution - ENTER
01-01 00:01:11.172 176 176 D CameraHal: (b2bba4a8) - hardware/ti/dra7xx/camera/CameraHal.cpp:4451 parseResolution - EXIT
01-01 00:01:11.172 176 176 D CameraHal: (b2bba4a8) + hardware/ti/dra7xx/camera/CameraHal.cpp:4408 parseResolution - ENTER
01-01 00:01:11.172 176 176 D CameraHal: (b2bba4a8) - hardware/ti/dra7xx/camera/CameraHal.cpp:4451 parseResolution - EXIT
01-01 00:01:11.172 176 176 D CameraHal: (b2bba4a8) - hardware/ti/dra7xx/camera/CameraHal.cpp:4632 initDefaultParameters - EXIT
01-01 00:01:11.172 176 176 D CameraHal: (b2bba4a8) + hardware/ti/dra7xx/camera/CameraHal.cpp:389 setParameters - ENTER
01-01 00:01:11.172 176 176 D CameraHal: (b2bba4a8) + hardware/ti/dra7xx/camera/CameraHal.cpp:2579 previewEnabled - ENTER
01-01 00:01:11.172 176 176 D CameraHal: (b2bba4a8) - hardware/ti/dra7xx/camera/CameraHal.cpp:2579 previewEnabled - EXIT
01-01 00:01:11.172 176 176 D CameraHal: (b2bba4a8) + hardware/ti/dra7xx/camera/CameraHal.cpp:4333 isParameterValid - ENTER
01-01 00:01:11.172 176 176 D CameraHal: (b2bba4a8) - hardware/ti/dra7xx/camera/CameraHal.cpp:4357 isParameterValid - EXIT
01-01 00:01:11.172 176 176 D CameraHal: (b2bba4a8) hardware/ti/dra7xx/camera/CameraHal.cpp:416 setParameters - PreviewFormat set yuv420sp
01-01 00:01:11.172 176 176 D CameraHal: (b2bba4a8) hardware/ti/dra7xx/camera/CameraHal.cpp:577 setParameters - Recording Hint is set to NULL
01-01 00:01:11.172 176 176 D CameraHal: (b2bba4a8) + hardware/ti/dra7xx/camera/CameraHal.cpp:2803 resetVideoModeParameters - ENTER
01-01 00:01:11.172 176 176 D CameraHal: (b2bba4a8) - hardware/ti/dra7xx/camera/CameraHal.cpp:2818 resetVideoModeParameters - EXIT
01-01 00:01:11.172 176 176 D CameraHal: (b2bba4a8) + hardware/ti/dra7xx/camera/CameraHal.cpp:4268 isResolutionValid - ENTER
01-01 00:01:11.172 176 176 D CameraHal: (b2bba4a8) + hardware/ti/dra7xx/camera/CameraHal.cpp:4333 isParameterValid - ENTER
01-01 00:01:11.172 176 176 D CameraHal: (b2bba4a8) - hardware/ti/dra7xx/camera/CameraHal.cpp:4357 isParameterValid - EXIT
01-01 00:01:11.172 176 176 D CameraHal: (b2bba4a8) - hardware/ti/dra7xx/camera/CameraHal.cpp:4284 isResolutionValid - EXIT
01-01 00:01:11.172 176 176 D CameraHal: (b2bba4a8) hardware/ti/dra7xx/camera/CameraHal.cpp:598 setParameters - Preview Resolution: 1280 x 720
01-01 00:01:11.172 176 176 D CameraHal: (b2bba4a8) + hardware/ti/dra7xx/camera/CameraHal.cpp:4333 isParameterValid - ENTER
01-01 00:01:11.172 176 176 D CameraHal: (b2bba4a8) - hardware/ti/dra7xx/camera/CameraHal.cpp:4357 isParameterValid - EXIT
01-01 00:01:11.172 176 176 D CameraHal: (b2bba4a8) hardware/ti/dra7xx/camera/CameraHal.cpp:602 setParameters - Focus mode set fixed
01-01 00:01:11.172 176 176 D CameraHal: (b2bba4a8) + hardware/ti/dra7xx/camera/CameraHal.cpp:4268 isResolutionValid - ENTER
01-01 00:01:11.172 176 176 D CameraHal: (b2bba4a8) + hardware/ti/dra7xx/camera/CameraHal.cpp:4333 isParameterValid - ENTER
01-01 00:01:11.173 176 176 D CameraHal: (b2bba4a8) - hardware/ti/dra7xx/camera/CameraHal.cpp:4357 isParameterValid - EXIT
01-01 00:01:11.173 176 176 D CameraHal: (b2bba4a8) - hardware/ti/dra7xx/camera/CameraHal.cpp:4284 isResolutionValid - EXIT
01-01 00:01:11.173 176 176 D CameraHal: (b2bba4a8) hardware/ti/dra7xx/camera/CameraHal.cpp:646 setParameters - Picture Size by App 1280 x 720
01-01 00:01:11.173 176 176 D CameraHal: (b2bba4a8) + hardware/ti/dra7xx/camera/CameraHal.cpp:4333 isParameterValid - ENTER
01-01 00:01:11.173 176 176 D CameraHal: (b2bba4a8) - hardware/ti/dra7xx/camera/CameraHal.cpp:4357 isParameterValid - EXIT
01-01 00:01:11.173 176 176 D CameraHal: (b2bba4a8) hardware/ti/dra7xx/camera/CameraHal.cpp:1005 setParameters - Jpeg quality set 90
01-01 00:01:11.173 176 176 D CameraHal: (b2bba4a8) hardware/ti/dra7xx/camera/CameraHal.cpp:1011 setParameters - Thumbnail width set 320
01-01 00:01:11.173 176 176 D CameraHal: (b2bba4a8) hardware/ti/dra7xx/camera/CameraHal.cpp:1017 setParameters - Thumbnail width set 240
01-01 00:01:11.173 176 176 D CameraHal: (b2bba4a8) hardware/ti/dra7xx/camera/CameraHal.cpp:1023 setParameters - Thumbnail quality set 50
01-01 00:01:11.173 176 176 D CameraHal: (b2bba4a8) hardware/ti/dra7xx/camera/CameraHal.cpp:1130 setParameters - Zoom set 1
01-01 00:01:11.173 176 176 D CameraHal: (b2bba4a8) hardware/ti/dra7xx/camera/CameraHal.cpp:1177 setParameters - External Gamma set false
01-01 00:01:11.173 176 176 D CameraHal: (b2bba4a8) hardware/ti/dra7xx/camera/CameraHal.cpp:1183 setParameters - NSF1 set true
01-01 00:01:11.173 176 176 D CameraHal: (b2bba4a8) hardware/ti/dra7xx/camera/CameraHal.cpp:1189 setParameters - NSF2 set true
01-01 00:01:11.173 176 176 D CameraHal: (b2bba4a8) hardware/ti/dra7xx/camera/CameraHal.cpp:1195 setParameters - Sharpening set true
01-01 00:01:11.173 176 176 D CameraHal: (b2bba4a8) hardware/ti/dra7xx/camera/CameraHal.cpp:1201 setParameters - Color Conversion set true
01-01 00:01:11.173 176 176 D CameraHal: (b2bba4a8) hardware/ti/dra7xx/camera/CameraHal.cpp:1207 setParameters - Green Inballance Correction set true
01-01 00:01:11.173 176 176 D CameraHal: (b2bba4a8) + hardware/ti/dra7xx/camera/V4LCameraAdapter/V4LCameraAdapter.cpp:450 setParameters - ENTER
01-01 00:01:11.173 176 176 D CameraHal: (b2bba4a8) hardware/ti/dra7xx/camera/V4LCameraAdapter/V4LCameraAdapter.cpp:456 setParameters - Width * Height 1280 x 720 format 0x56595559
01-01 00:01:11.173 176 176 D CameraHal: (b2bba4a8) + hardware/ti/dra7xx/camera/V4LCameraAdapter/V4LCameraAdapter.cpp:216 v4lSetFormat - ENTER
01-01 00:01:11.173 176 176 D CameraHal: (b2bba4a8) hardware/ti/dra7xx/camera/V4LCameraAdapter/V4LCameraAdapter.cpp:218 v4lSetFormat - Width * Height 1280 x 720 format 0x56595559
01-01 00:01:11.348 176 176 D CameraHal: (b2bba4a8) hardware/ti/dra7xx/camera/V4LCameraAdapter/V4LCameraAdapter.cpp:244 v4lSetFormat - VIDIOC_G_FMT : WxH = 1280x720
01-01 00:01:11.348 176 176 D CameraHal: (b2bba4a8) hardware/ti/dra7xx/camera/V4LCameraAdapter/V4LCameraAdapter.cpp:245 v4lSetFormat - ### Using: WxH = 1280x720 pixelformat=0x56595559
01-01 00:01:11.348 176 176 D CameraHal: (b2bba4a8) hardware/ti/dra7xx/camera/V4LCameraAdapter/V4LCameraAdapter.cpp:246 v4lSetFormat - ### Using: bytesperline=2560 sizeimage=1843200 colorspace=0x1
01-01 00:01:11.348 176 176 D CameraHal: (b2bba4a8) - hardware/ti/dra7xx/camera/V4LCameraAdapter/V4LCameraAdapter.cpp:247 v4lSetFormat - EXIT
01-01 00:01:11.348 176 176 D CameraHal: (b2bba4a8) hardware/ti/dra7xx/camera/V4LCameraAdapter/V4LCameraAdapter.cpp:465 setParameters - Current fps is 0 new fps is (30000,30000)
01-01 00:01:11.348 176 176 D CameraHal: (b2bba4a8) - hardware/ti/dra7xx/camera/V4LCameraAdapter/V4LCameraAdapter.cpp:476 setParameters - EXIT
01-01 00:01:11.348 176 176 D CameraHal: (b2bba4a8) - hardware/ti/dra7xx/camera/CameraHal.cpp:1350 setParameters - EXIT
01-01 00:01:11.348 176 176 D CameraHal: (b2bba4a8) - hardware/ti/dra7xx/camera/CameraHal.cpp:4247 initialize - EXIT
01-01 00:01:11.348 176 176 D CameraHal: (b2bba4a8) + hardware/ti/dra7xx/camera/CameraHal_Module.cpp:171 camera_set_callbacks - ENTER
01-01 00:01:11.348 205 298 I CameraHardwareInterface: Destroying camera 0
01-01 00:01:11.348 176 176 D CameraHal: (b2bba4a8) + hardware/ti/dra7xx/camera/CameraHal.cpp:231 setCallbacks - ENTER
01-01 00:01:11.348 176 176 D CameraHal: (b2bba4a8) + hardware/ti/dra7xx/camera/AppCallbackNotifier.cpp:84 setCallbacks - ENTER
01-01 00:01:11.348 176 176 D CameraHal: (b2bba4a8) - hardware/ti/dra7xx/camera/AppCallbackNotifier.cpp:93 setCallbacks - EXIT
01-01 00:01:11.348 176 176 D CameraHal: (b2bba4a8) - hardware/ti/dra7xx/camera/CameraHal.cpp:247 setCallbacks - EXIT
01-01 00:01:11.348 176 176 D CameraHal: (b2bba4a8) - hardware/ti/dra7xx/camera/CameraHal_Module.cpp:171 camera_set_callbacks - EXIT
01-01 00:01:11.349 176 176 D CameraHal: (b2bba4a8) + hardware/ti/dra7xx/camera/CameraHal_Module.cpp:185 camera_enable_msg_type - ENTER
01-01 00:01:11.349 176 176 D CameraHal: (b2bba4a8) + hardware/ti/dra7xx/camera/CameraHal.cpp:259 enableMsgType - ENTER
01-01 00:01:11.349 176 176 D CameraHal: (b2bba4a8) hardware/ti/dra7xx/camera/CameraHal.cpp:291 enableMsgType - Preview callback not enabled 409
01-01 00:01:11.349 176 176 D CameraHal: (b2bba4a8) - hardware/ti/dra7xx/camera/CameraHal.cpp:298 enableMsgType - EXIT
01-01 00:01:11.349 176 176 D CameraHal: (b2bba4a8) - hardware/ti/dra7xx/camera/CameraHal_Module.cpp:185 camera_enable_msg_type - EXIT
01-01 00:01:11.349 176 176 D CameraHal: (b2bba4a8) + hardware/ti/dra7xx/camera/CameraHal_Module.cpp:485 camera_get_parameters - ENTER
01-01 00:01:11.349 176 176 D CameraHal: (b2bba4a8) + hardware/ti/dra7xx/camera/CameraHal.cpp:3621 getParameters - ENTER
01-01 00:01:11.349 176 176 D CameraHal: (b2bba4a8) + hardware/ti/dra7xx/camera/V4LCameraAdapter/V4LCameraAdapter.cpp:483 getParameters - ENTER
01-01 00:01:11.349 176 176 D CameraHal: (b2bba4a8) - hardware/ti/dra7xx/camera/V4LCameraAdapter/V4LCameraAdapter.cpp:489 getParameters - EXIT
01-01 00:01:11.350 176 176 E CameraHal: (b2bba4a8) hardware/ti/dra7xx/camera/CameraHal.cpp:3675 getParameters - Dumping h264 frame to a file : /data/local/tmp/dump_004.h264.
01-01 00:01:11.350 176 176 E CameraHal: (b2bba4a8) hardware/ti/dra7xx/camera/CameraHal.cpp:3679 getParameters - Unable to open file /data/local/tmp/dump_004.h264: Unknown error -1
01-01 00:01:11.350 176 176 E CameraHal: (b2bba4a8) hardware/ti/dra7xx/camera/CameraHal.cpp:3686 getParameters - LINE 3686 FUNCTION getParameters, params_str8.length() 2734
01-01 00:01:11.350 176 176 E CameraHal: (b2bba4a8) hardware/ti/dra7xx/camera/CameraHal.cpp:3688 getParameters - FUNCTON: getParameters: LINE: 3688, params_string: antibanding=;antibanding-values=auto;auto-convergence-mode=;auto-convergence-mode-values=;auto-exposure-lock=;auto-exposure-lock-supported=;brightness=;camera-name=USBCAMERA;contrast=;effect=;effect-values=none;exif-make=;exif-model=;exposure=;exposure-compensation=;exposure-compensation-step=;exposure-mode-values=auto;focal-length=1;focus-distances=Infinity,Infinity,Infinity;focus-mode=fixed;focus-mode-values=fixed;gbce=false;gbce-supported=;glbce=false;glbce-supported=;horizontal-view-angle=170;ipp=;ipp-values=ldc-nsf;iso=;iso-mode-values=auto;jpeg-quality=90;jpeg-thumbnail-height=240;jpeg-thumbnail-quality=50;jpeg-thumbnail-size-values=0x0,320x240;jpeg-thumbnail-width=320;manual-convergence=;manual-exposure=;manual-exposure-right=;manual-gain-iso=;manual-gain-iso-right=;max-exposure-compensation=;max-num-detected-faces-hw=0;max-num-detected-faces-sw=;max-num-focus-areas=;max-num
01-01 00:01:11.350 176 176 D CameraHal: (b2bba4a8) - hardware/ti/dra7xx/camera/CameraHal.cpp:3684 getParameters - EXIT
01-01 00:01:11.350 176 176 D CameraHal: (b2bba4a8) - hardware/ti/dra7xx/camera/CameraHal_Module.cpp:485 camera_get_parameters - EXIT
01-01 00:01:11.350 176 176 D CameraHal: (b2bba4a8) + hardware/ti/dra7xx/camera/CameraHal_Module.cpp:502 camera_put_parameters - ENTER
01-01 00:01:11.350 176 176 D CameraHal: (b2bba4a8) - hardware/ti/dra7xx/camera/CameraHal_Module.cpp:502 camera_put_parameters - EXIT
01-01 00:01:11.351 176 176 D CameraHal: (b2bba4a8) + hardware/ti/dra7xx/camera/CameraHal_Module.cpp:199 camera_disable_msg_type - ENTER
01-01 00:01:11.351 176 176 D CameraHal: (b2bba4a8) + hardware/ti/dra7xx/camera/CameraHal.cpp:310 disableMsgType - ENTER
01-01 00:01:11.351 176 176 D CameraHal: (b2bba4a8) hardware/ti/dra7xx/camera/CameraHal.cpp:319 disableMsgType - Disabling Preview Callback
01-01 00:01:11.351 176 176 D CameraHal: (b2bba4a8) + hardware/ti/dra7xx/camera/CameraHalUtilClasses.cpp:49 disableFrameNotification - ENTER
01-01 00:01:11.351 176 176 D CameraHal: (b2bba4a8) + hardware/ti/dra7xx/camera/BaseCameraAdapter.cpp:236 disableMsgType - ENTER
01-01 00:01:11.351 176 176 V CameraHal: (b2bba4a8) hardware/ti/dra7xx/camera/BaseCameraAdapter.cpp:243 disableMsgType - Frame message type id=0x1 remove subscription request
01-01 00:01:11.351 176 176 D CameraHal: (b2bba4a8) - hardware/ti/dra7xx/camera/BaseCameraAdapter.cpp:299 disableMsgType - EXIT
01-01 00:01:11.351 176 176 D CameraHal: (b2bba4a8) - hardware/ti/dra7xx/camera/CameraHalUtilClasses.cpp:56 disableFrameNotification - EXIT
01-01 00:01:11.351 176 176 D CameraHal: (b2bba4a8) + hardware/ti/dra7xx/camera/CameraHalUtilClasses.cpp:49 disableFrameNotification - ENTER
01-01 00:01:11.351 176 176 D CameraHal: (b2bba4a8) + hardware/ti/dra7xx/camera/BaseCameraAdapter.cpp:236 disableMsgType - ENTER
01-01 00:01:11.351 176 176 V CameraHal: (b2bba4a8) hardware/ti/dra7xx/camera/BaseCameraAdapter.cpp:243 disableMsgType - Frame message type id=0x200 remove subscription request
01-01 00:01:11.351 176 176 D CameraHal: (b2bba4a8) - hardware/ti/dra7xx/camera/BaseCameraAdapter.cpp:299 disableMsgType - EXIT
01-01 00:01:11.351 176 176 D CameraHal: (b2bba4a8) - hardware/ti/dra7xx/camera/CameraHalUtilClasses.cpp:56 disableFrameNotification - EXIT
01-01 00:01:11.351 176 176 D CameraHal: (b2bba4a8) + hardware/ti/dra7xx/camera/CameraHalUtilClasses.cpp:49 disableFrameNotification - ENTER
01-01 00:01:11.351 176 176 D CameraHal: (b2bba4a8) + hardware/ti/dra7xx/camera/BaseCameraAdapter.cpp:236 disableMsgType - ENTER
01-01 00:01:11.351 176 176 V CameraHal: (b2bba4a8) hardware/ti/dra7xx/camera/BaseCameraAdapter.cpp:243 disableMsgType - Frame message type id=0x100 remove subscription request
01-01 00:01:11.352 176 176 D CameraHal: (b2bba4a8) - hardware/ti/dra7xx/camera/BaseCameraAdapter.cpp:299 disableMsgType - EXIT
01-01 00:01:11.352 176 176 D CameraHal: (b2bba4a8) - hardware/ti/dra7xx/camera/CameraHalUtilClasses.cpp:56 disableFrameNotification - EXIT
01-01 00:01:11.352 176 176 D CameraHal: (b2bba4a8) - hardware/ti/dra7xx/camera/CameraHal.cpp:325 disableMsgType - EXIT
01-01 00:01:11.352 176 176 D CameraHal: (b2bba4a8) - hardware/ti/dra7xx/camera/CameraHal_Module.cpp:199 camera_disable_msg_type - EXIT
01-01 00:01:11.352 176 176 D CameraHal: (b2bba4a8) + hardware/ti/dra7xx/camera/CameraHal_Module.cpp:244 camera_stop_preview - ENTER
01-01 00:01:11.352 176 176 D CameraHal: (b2bba4a8) + hardware/ti/dra7xx/camera/CameraHal.cpp:2539 stopPreview - ENTER
01-01 00:01:11.352 176 176 D CameraHal: (b2bba4a8) + hardware/ti/dra7xx/camera/CameraHal.cpp:2579 previewEnabled - ENTER
01-01 00:01:11.352 176 176 D CameraHal: (b2bba4a8) - hardware/ti/dra7xx/camera/CameraHal.cpp:2579 previewEnabled - EXIT
01-01 00:01:11.352 176 176 D CameraHal: (b2bba4a8) - hardware/ti/dra7xx/camera/CameraHal.cpp:2543 stopPreview - EXIT
01-01 00:01:11.352 176 176 D CameraHal: (b2bba4a8) - hardware/ti/dra7xx/camera/CameraHal_Module.cpp:244 camera_stop_preview - EXIT
01-01 00:01:11.352 176 176 D CameraHal: (b2bba4a8) + hardware/ti/dra7xx/camera/CameraHal_Module.cpp:419 camera_cancel_picture - ENTER
01-01 00:01:11.352 176 176 D CameraHal: (b2bba4a8) + hardware/ti/dra7xx/camera/CameraHal.cpp:3596 cancelPicture - ENTER
01-01 00:01:11.352 176 176 D CameraHal: (b2bba4a8) + hardware/ti/dra7xx/camera/CameraHal.cpp:1658 signalEndImageCapture - ENTER
01-01 00:01:11.352 176 176 D CameraHal: (b2bba4a8) + hardware/ti/dra7xx/camera/BaseCameraAdapter.cpp:410 sendCommand - ENTER
01-01 00:01:11.352 176 176 D CameraHal: (b2bba4a8) + hardware/ti/dra7xx/camera/BaseCameraAdapter.cpp:1903 setState - ENTER
01-01 00:01:11.352 176 176 D CameraHal: (b2bba4a8) - hardware/ti/dra7xx/camera/BaseCameraAdapter.cpp:2485 setState - EXIT
01-01 00:01:11.352 176 176 D CameraHal: (b2bba4a8) + hardware/ti/dra7xx/camera/BaseCameraAdapter.cpp:2595 rollbackState - ENTER
01-01 00:01:11.352 176 176 D CameraHal: (b2bba4a8) - hardware/ti/dra7xx/camera/BaseCameraAdapter.cpp:2601 rollbackState - EXIT
01-01 00:01:11.352 176 176 D CameraHal: (b2bba4a8) - hardware/ti/dra7xx/camera/BaseCameraAdapter.cpp:1124 sendCommand - EXIT
01-01 00:01:11.352 176 176 D CameraHal: (b2bba4a8) - hardware/ti/dra7xx/camera/CameraHal.cpp:1674 signalEndImageCapture - EXIT
01-01 00:01:11.352 176 176 D CameraHal: (b2bba4a8) - hardware/ti/dra7xx/camera/CameraHal.cpp:3596 cancelPicture - EXIT
01-01 00:01:11.352 176 176 D CameraHal: (b2bba4a8) - hardware/ti/dra7xx/camera/CameraHal_Module.cpp:419 camera_cancel_picture - EXIT
01-01 00:01:11.353 176 176 I CamDev@1.0-impl: Closing camera 0
01-01 00:01:11.353 176 176 D CameraHal: (b2bba4a8) + hardware/ti/dra7xx/camera/CameraHal_Module.cpp:580 camera_device_close - ENTER
01-01 00:01:11.353 176 176 D CameraHal: (b2bba4a8) + hardware/ti/dra7xx/camera/CameraHal.cpp:4078 ~CameraHal - ENTER
01-01 00:01:11.353 176 176 D CameraHal: (b2bba4a8) + hardware/ti/dra7xx/camera/CameraHal.cpp:4698 deinitialize - ENTER
01-01 00:01:11.353 176 176 D CameraHal: (b2bba4a8) - hardware/ti/dra7xx/camera/CameraHal.cpp:4711 deinitialize - EXIT
01-01 00:01:11.353 176 176 D CameraHal: (b2bba4a8) + hardware/ti/dra7xx/camera/AppCallbackNotifier.cpp:1172 ~AppCallbackNotifier - ENTER
01-01 00:01:11.353 176 176 D CameraHal: (b2bba4a8) + hardware/ti/dra7xx/camera/AppCallbackNotifier.cpp:1666 stop - ENTER
01-01 00:01:11.353 176 176 D CameraHal: (b2bba4a8) hardware/ti/dra7xx/camera/AppCallbackNotifier.cpp:1678 stop - --> AppCallbackNotifier NOTIFIER_STOPPED
01-01 00:01:11.353 176 176 D CameraHal: (b2bba4a8) - hardware/ti/dra7xx/camera/AppCallbackNotifier.cpp:1681 stop - EXIT
01-01 00:01:11.353 176 176 D CameraHal: (b2bba4a8) + hardware/ti/dra7xx/camera/CameraHalUtilClasses.cpp:49 disableFrameNotification - ENTER
01-01 00:01:11.353 176 176 D CameraHal: (b2bba4a8) + hardware/ti/dra7xx/camera/BaseCameraAdapter.cpp:236 disableMsgType - ENTER
01-01 00:01:11.353 176 176 V CameraHal: (b2bba4a8) hardware/ti/dra7xx/camera/BaseCameraAdapter.cpp:243 disableMsgType - Frame message type id=0xffff remove subscription request
01-01 00:01:11.353 176 176 D CameraHal: (b2bba4a8) - hardware/ti/dra7xx/camera/BaseCameraAdapter.cpp:299 disableMsgType - EXIT
01-01 00:01:11.353 176 176 D CameraHal: (b2bba4a8) - hardware/ti/dra7xx/camera/CameraHalUtilClasses.cpp:56 disableFrameNotification - EXIT
01-01 00:01:11.353 176 176 D CameraHal: (b2bba4a8) + hardware/ti/dra7xx/camera/CameraHalUtilClasses.cpp:103 disableEventNotification - ENTER
01-01 00:01:11.353 176 176 D CameraHal: (b2bba4a8) + hardware/ti/dra7xx/camera/BaseCameraAdapter.cpp:236 disableMsgType - ENTER
01-01 00:01:11.353 176 176 V CameraHal: (b2bba4a8) hardware/ti/dra7xx/camera/BaseCameraAdapter.cpp:284 disableMsgType - Event message type id=0xffff remove subscription request
01-01 00:01:11.353 176 176 D CameraHal: (b2bba4a8) - hardware/ti/dra7xx/camera/BaseCameraAdapter.cpp:299 disableMsgType - EXIT
01-01 00:01:11.353 176 176 D CameraHal: (b2bba4a8) - hardware/ti/dra7xx/camera/CameraHalUtilClasses.cpp:110 disableEventNotification - EXIT
01-01 00:01:11.353 176 795 D CameraHal: (b1085970) hardware/ti/dra7xx/camera/AppCallbackNotifier.cpp:152 notificationThread - Notification Thread received message
01-01 00:01:11.353 176 795 D CameraHal: (b1085970) hardware/ti/dra7xx/camera/AppCallbackNotifier.cpp:156 notificationThread - Notification Thread received message from Camera HAL
01-01 00:01:11.353 176 795 D CameraHal: (b1085970) + hardware/ti/dra7xx/camera/AppCallbackNotifier.cpp:1140 processMessage - ENTER
01-01 00:01:11.353 176 795 D CameraHal: (b1085970) hardware/ti/dra7xx/camera/AppCallbackNotifier.cpp:1142 processMessage - +Msg get...
01-01 00:01:11.353 176 795 D CameraHal: (b1085970) hardware/ti/dra7xx/camera/AppCallbackNotifier.cpp:1144 processMessage - -Msg get...
01-01 00:01:11.353 176 795 D CameraHal: (b1085970) hardware/ti/dra7xx/camera/AppCallbackNotifier.cpp:1151 processMessage - Received NOTIFIER_EXIT command from Camera HAL
01-01 00:01:11.353 176 795 D CameraHal: (b1085970) - hardware/ti/dra7xx/camera/AppCallbackNotifier.cpp:1163 processMessage - EXIT
01-01 00:01:11.353 176 795 D CameraHal: (b1085970) hardware/ti/dra7xx/camera/AppCallbackNotifier.cpp:159 notificationThread - Notification Thread exiting.
01-01 00:01:11.354 176 176 D CameraHal: (b2bba4a8) hardware/ti/dra7xx/camera/AppCallbackNotifier.cpp:1207 ~AppCallbackNotifier - Stopping Event Provider
01-01 00:01:11.354 176 176 D CameraHal: (b2bba4a8) hardware/ti/dra7xx/camera/AppCallbackNotifier.cpp:1215 ~AppCallbackNotifier - Stopping Frame Provider
01-01 00:01:11.354 176 176 D CameraHal: (b2bba4a8) + hardware/ti/dra7xx/camera/AppCallbackNotifier.cpp:1228 releaseSharedVideoBuffers - ENTER
01-01 00:01:11.354 176 176 D CameraHal: (b2bba4a8) - hardware/ti/dra7xx/camera/AppCallbackNotifier.cpp:1251 releaseSharedVideoBuffers - EXIT
01-01 00:01:11.354 176 176 D CameraHal: (b2bba4a8) - hardware/ti/dra7xx/camera/AppCallbackNotifier.cpp:1222 ~AppCallbackNotifier - EXIT
01-01 00:01:11.354 176 176 D CameraHal: (b2bba4a8) + hardware/ti/dra7xx/camera/V4LCameraAdapter/V4LCameraAdapter.cpp:917 ~V4LCameraAdapter - ENTER
01-01 00:01:11.354 176 176 D CameraHal: (b2bba4a8) - hardware/ti/dra7xx/camera/V4LCameraAdapter/V4LCameraAdapter.cpp:937 ~V4LCameraAdapter - EXIT
01-01 00:01:11.354 176 176 D CameraHal: (b2bba4a8) + hardware/ti/dra7xx/camera/BaseCameraAdapter.cpp:104 ~BaseCameraAdapter - ENTER
01-01 00:01:11.354 176 176 D CameraHal: (b2bba4a8) - hardware/ti/dra7xx/camera/BaseCameraAdapter.cpp:119 ~BaseCameraAdapter - EXIT
01-01 00:01:11.354 176 176 D CameraHal: (b2bba4a8) + hardware/ti/dra7xx/camera/CameraHal.cpp:1683 freeImageBufs - ENTER
01-01 00:01:11.354 176 176 D CameraHal: (b2bba4a8) - hardware/ti/dra7xx/camera/CameraHal.cpp:1683 freeImageBufs - EXIT
01-01 00:01:11.354 176 176 D CameraHal: (b2bba4a8) + hardware/ti/dra7xx/camera/CameraHal.cpp:1729 freeRawBufs - ENTER
01-01 00:01:11.354 176 176 D CameraHal: (b2bba4a8) - hardware/ti/dra7xx/camera/CameraHal.cpp:1741 freeRawBufs - EXIT
01-01 00:01:11.354 176 176 D CameraHal: (b2bba4a8) - hardware/ti/dra7xx/camera/CameraHal.cpp:4110 ~CameraHal - EXIT
01-01 00:01:11.354 176 176 D CameraHal: (b2bba4a8) - hardware/ti/dra7xx/camera/CameraHal_Module.cpp:580 camera_device_close - EXIT
01-01 00:01:11.355 205 313 I CameraService: disconnect: Disconnected client for camera 0 for PID 205
01-01 00:01:11.355 212 666 D NuPlayerDriver: reset(0xaa7b00e0) at state 4
01-01 00:01:11.355 212 666 D NuPlayerDriver: notifyListener_l(0xaa7b00e0), (8, 0, 0, -1), loop setting(0, 0)
01-01 00:01:11.356 212 788 D NuPlayerDriver: notifyResetComplete(0xaa7b00e0)
01-01 00:01:11.357 212 212 D NuPlayerDriver: reset(0xaa7b01c0) at state 4
01-01 00:01:11.357 212 212 D NuPlayerDriver: notifyListener_l(0xaa7b01c0), (8, 0, 0, -1), loop setting(0, 0)
01-01 00:01:11.357 212 791 D NuPlayerDriver: notifyResetComplete(0xaa7b01c0)
01-01 00:01:11.359 212 308 D NuPlayerDriver: reset(0xaa7b0620) at state 4
01-01 00:01:11.359 212 308 D NuPlayerDriver: notifyListener_l(0xaa7b0620), (8, 0, 0, -1), loop setting(0, 0)
01-01 00:01:11.359 212 793 D NuPlayerDriver: notifyResetComplete(0xaa7b0620)
01-01 00:01:11.362 176 176 D CameraHal: (b2bba4a8) + hardware/ti/dra7xx/camera/CameraProperties.cpp:67 initialize - ENTER
01-01 00:01:11.362 176 176 D CameraHal: (b2bba4a8) - hardware/ti/dra7xx/camera/CameraProperties.cpp:67 initialize - EXIT
01-01 00:01:11.362 176 176 D CameraHal: (b2bba4a8) + hardware/ti/dra7xx/camera/CameraParameters.cpp:152 getProperties - ENTER
01-01 00:01:11.362 176 176 D CameraHal: (b2bba4a8) - hardware/ti/dra7xx/camera/CameraParameters.cpp:163 getProperties - EXIT
01-01 00:01:11.368 481 481 E Camera : str: 30000,30000
01-01 00:01:11.369 481 481 E Camera : Invalid range list string=30000,30000
01-01 00:01:11.372 481 481 E FlashlightController: Couldn't initialize.
01-01 00:01:11.372 481 481 E FlashlightController: java.lang.AssertionError: Supported FPS ranges cannot be null.
01-01 00:01:11.372 481 481 E FlashlightController: at android.hardware.camera2.legacy.LegacyMetadataMapper.mapControlAe(LegacyMetadataMapper.java:411)
01-01 00:01:11.372 481 481 E FlashlightController: at android.hardware.camera2.legacy.LegacyMetadataMapper.mapCharacteristicsFromParameters(LegacyMetadataMapper.java:183)
01-01 00:01:11.372 481 481 E FlashlightController: at android.hardware.camera2.legacy.LegacyMetadataMapper.createCharacteristics(LegacyMetadataMapper.java:153)
01-01 00:01:11.372 481 481 E FlashlightController: at android.hardware.camera2.CameraManager.getCameraCharacteristics(CameraManager.java:234)
01-01 00:01:11.372 481 481 E FlashlightController: at com.android.systemui.statusbar.policy.FlashlightControllerImpl.getCameraId(FlashlightControllerImpl.java:146)
01-01 00:01:11.372 481 481 E FlashlightController: at com.android.systemui.statusbar.policy.FlashlightControllerImpl.tryInitCamera(FlashlightControllerImpl.java:72)
01-01 00:01:11.372 481 481 E FlashlightController: at com.android.systemui.statusbar.policy.FlashlightControllerImpl.(FlashlightControllerImpl.java:67)
01-01 00:01:11.372 481 481 E FlashlightController: at com.android.systemui.Dependency.lambda$-com_android_systemui_Dependency_8554(Dependency.java:176)
01-01 00:01:11.372 481 481 E FlashlightController: at com.android.systemui.-$Lambda$I2vXdvxuaXHgW_yDfz07zk_J_pA$15.$m$0(Unknown Source:4)
01-01 00:01:11.372 481 481 E FlashlightController: at com.android.systemui.-$Lambda$I2vXdvxuaXHgW_yDfz07zk_J_pA$15.createDependency(Unknown Source:0)
01-01 00:01:11.372 481 481 E FlashlightController: at com.android.systemui.Dependency.createDependency(Dependency.java:318)
01-01 00:01:11.372 481 481 E FlashlightController: at com.android.systemui.Dependency.getDependencyInner(Dependency.java:303)
01-01 00:01:11.372 481 481 E FlashlightController: at com.android.systemui.Dependency.getDependency(Dependency.java:292)
01-01 00:01:11.372 481 481 E FlashlightController: at com.android.systemui.Dependency.get(Dependency.java:364)
01-01 00:01:11.372 481 481 E FlashlightController: at com.android.systemui.statusbar.phone.KeyguardBottomAreaView.onFinishInflate(KeyguardBottomAreaView.java:253)
01-01 00:01:11.372 481 481 E FlashlightController: at android.view.LayoutInflater.rInflate(LayoutInflater.java:876)
01-01 00:01:11.372 481 481 E FlashlightController: at android.view.LayoutInflater.rInflateChildren(LayoutInflater.java:824)
01-01 00:01:11.372 481 481 E FlashlightController: at android.view.LayoutInflater.parseInclude(LayoutInflater.java:995)
01-01 00:01:11.372 481 481 E FlashlightController: at android.view.LayoutInflater.rInflate(LayoutInflater.java:859)
01-01 00:01:11.372 481 481 E FlashlightController: at android.view.LayoutInflater.rInflateChildren(LayoutInflater.java:824)
01-01 00:01:11.372 481 481 E FlashlightController: at android.view.LayoutInflater.parseInclude(LayoutInflater.java:995)
01-01 00:01:11.372 481 481 E FlashlightController: at android.view.LayoutInflater.rInflate(LayoutInflater.java:859)
01-01 00:01:11.372 481 481 E FlashlightController: at android.view.LayoutInflater.rInflateChildren(LayoutInflater.java:824)
01-01 00:01:11.372 481 481 E FlashlightController: at android.view.LayoutInflater.inflate(LayoutInflater.java:515)
01-01 00:01:11.372 481 481 E FlashlightController: at android.view.LayoutInflater.inflate(LayoutInflater.java:423)
01-01 00:01:11.372 481 481 E FlashlightController: at android.view.LayoutInflater.inflate(LayoutInflater.java:374)
01-01 00:01:11.372 481 481 E FlashlightController: at android.view.View.inflate(View.java:23166)
01-01 00:01:11.372 481 481 E FlashlightController: at com.android.systemui.statusbar.phone.StatusBar.inflateStatusBarWindow(StatusBar.java:1365)
01-01 00:01:11.372 481 481 E FlashlightController: at com.android.systemui.statusbar.phone.StatusBar.makeStatusBarView(StatusBar.java:973)
01-01 00:01:11.372 481 481 E FlashlightController: at com.android.systemui.statusbar.phone.StatusBar.addStatusBarWindow(StatusBar.java:3475)
01-01 00:01:11.372 481 481 E FlashlightController: at com.android.systemui.statusbar.phone.StatusBar.createAndAddWindows(StatusBar.java:3471)
01-01 00:01:11.372 481 481 E FlashlightController: at com.android.systemui.statusbar.phone.StatusBar.start(StatusBar.java:841)
01-01 00:01:11.372 481 481 E FlashlightController: at com.android.systemui.SystemBars.createStatusBarFromConfig(SystemBars.java:71)
01-01 00:01:11.372 481 481 E FlashlightController: at com.android.systemui.SystemBars.start(SystemBars.java:42)
01-01 00:01:11.372 481 481 E FlashlightController: at com.android.systemui.SystemUIApplication.startServicesIfNeeded(SystemUIApplication.java:208)
01-01 00:01:11.372 481 481 E FlashlightController: at com.android.systemui.SystemUIApplication.startServicesIfNeeded(SystemUIApplication.java:163)
01-01 00:01:11.372 481 481 E FlashlightController: at com.android.systemui.SystemUIService.onCreate(SystemUIService.java:33)
01-01 00:01:11.372 481 481 E FlashlightController: at android.app.ActivityThread.handleCreateService(ActivityThread.java:3404)
01-01 00:01:11.372 481 481 E FlashlightController: at android.app.ActivityThread.-wrap4(Unknown Source:0)
01-01 00:01:11.372 481 481 E FlashlightController: at android.app.ActivityThread$H.handleMessage(ActivityThread.java:1683)
01-01 00:01:11.372 481 481 E FlashlightController: at android.os.Handler.dispatchMessage(Handler.java:105)
01-01 00:01:11.372 481 481 E FlashlightController: at android.os.Looper.loop(Looper.java:164)
01-01 00:01:11.372 481 481 E FlashlightController: at android.app.ActivityThread.main(ActivityThread.java:6541)
01-01 00:01:11.372 481 481 E FlashlightController: at java.lang.reflect.Method.invoke(Native Method)
01-01 00:01:11.372 481 481 E FlashlightController: at com.android.internal.os.Zygote$MethodAndArgsCaller.run(Zygote.java:240)
01-01 00:01:11.372 481 481 E FlashlightController: at com.android.internal.os.ZygoteInit.main(ZygoteInit.java:767)
01-01 00:01:11.448 320 491 W WallpaperManagerService: no current wallpaper -- first boot?
01-01 00:01:11.474 577 577 D PhoneSwitcherNetworkRequstListener: Registering NetworkFactory
01-01 00:01:11.474 320 433 D ConnectivityService: Got NetworkFactory Messenger for PhoneSwitcherNetworkRequstListener
01-01 00:01:11.493 320 433 D ConnectivityService: Got NetworkFactory Messenger for TelephonyNetworkFactory[0]
01-01 00:01:11.506 481 481 E BluetoothAdapter: Bluetooth binder is null
01-01 00:01:11.521 577 807 E ActivityThread: Failed to find provider info for com.android.contacts
01-01 00:01:11.521 577 807 W CallerInfoCache: cursor is null
01-01 00:01:11.524 577 577 D CarrierConfigLoader: CarrierConfigLoader has started
01-01 00:01:11.525 577 577 E BluetoothAdapter: Bluetooth binder is null
01-01 00:01:11.530 481 780 D OpenGLRenderer: profile bars disabled
01-01 00:01:11.530 481 780 D OpenGLRenderer: ambientRatio = 1.50
01-01 00:01:11.537 481 481 D StatusBar: disable
01-01 00:01:11.548 577 577 I TelecomFramework: TtyManager: updateUiTtyMode -1 -> 0
01-01 00:01:11.565 577 577 D ImsResolver: maybeAddedImsService, packageName: null
01-01 00:01:11.567 577 577 I VvmSimStateTracker: android.intent.action.SIM_STATE_CHANGED
01-01 00:01:11.594 577 577 D ServiceStateProvider: subId=-2
01-01 00:01:11.614 577 577 D PhoneSwitcherNetworkRequstListener: got request NetworkRequest [ TRACK_DEFAULT id=3, [ Capabilities: INTERNET&NOT_RESTRICTED&TRUSTED&NOT_VPN] ] with score 0
01-01 00:01:11.615 577 577 D PhoneSwitcherNetworkRequstListener: got request NetworkRequest [ REQUEST id=1, [ Capabilities: INTERNET&NOT_RESTRICTED&TRUSTED&NOT_VPN] ] with score 0
01-01 00:01:11.615 577 577 D PhoneSwitcherNetworkRequstListener: got request NetworkRequest [ BACKGROUND_REQUEST id=2, [ Transports: CELLULAR Capabilities: INTERNET&NOT_RESTRICTED&TRUSTED&NOT_VPN] ] with score 0
01-01 00:01:11.617 577 577 D TelephonyDebugService: TelephonyDebugService()
01-01 00:01:11.619 577 577 D CarrierConfigLoader: mHandler: 12 phoneId: 0
01-01 00:01:11.619 577 577 D CarrierConfigLoader: Build fingerprint changed. old: null new: TI/full_jacinto6evm/jacinto6evm:8.0.0/OPR6.170623.013/rtrk12022048:userdebug/test-keys
01-01 00:01:11.632 577 577 E PhoneInterfaceManager: [PhoneIntfMgr] getIccId: No UICC
01-01 00:01:11.636 481 481 D StatusBar: heads up is enabled
01-01 00:01:11.639 481 481 D StatusBar: user hasn't seen notification about hidden notifications
01-01 00:01:11.640 481 481 D StatusBar: insecure lockscreen, skipping notification
01-01 00:01:11.645 320 491 W Telecom : : registerPhoneAccount not allowed on non-voice capable device.: TSI.rPA@AAc
01-01 00:01:11.645 577 577 I TelecomFramework: AccountEntry: Registered phoneAccount: [[ ] PhoneAccount: ComponentInfo{com.android.phone/com.android.services.telephony.TelephonyConnectionService}, [e0184adedf913b076626646d3f52c3b49c39ad6d], UserHandle{0} Capabilities: CallProvider MultiUser PlaceEmerg SimSub Audio Routes: BESW Schemes: tel voicemail Extras: null GroupId: [da39a3ee5e6b4b0d3255bfef95601890afd80709]] with handle: ComponentInfo{com.android.phone/com.android.services.telephony.TelephonyConnectionService}, [e0184adedf913b076626646d3f52c3b49c39ad6d], UserHandle{0}
01-01 00:01:11.646 577 577 I TelecomFramework: PstnIncomingCallNotifier: Registering: Handler (com.android.internal.telephony.GsmCdmaPhone) {c3157a}
01-01 00:01:11.655 577 577 I TelecomFramework: PstnPhoneCapabilitiesNotifier: handleVideoCapabilitesChanged. Video capability - false
01-01 00:01:11.656 577 577 E PhoneInterfaceManager: [PhoneIntfMgr] getIccId: No UICC
01-01 00:01:11.660 320 491 W Telecom : : registerPhoneAccount not allowed on non-voice capable device.: TSI.rPA@AAo
01-01 00:01:11.670 481 785 E ActivityThread: Failed to find provider info for com.android.contacts
01-01 00:01:11.670 481 481 D StorageNotification: Notifying about private volume: VolumeInfo{private}:
01-01 00:01:11.670 481 481 D StorageNotification: type=PRIVATE diskId=null partGuid=null mountFlags=0 mountUserId=-1
01-01 00:01:11.670 481 481 D StorageNotification: state=MOUNTED
01-01 00:01:11.670 481 481 D StorageNotification: fsType=null fsUuid=null fsLabel=null
01-01 00:01:11.670 481 481 D StorageNotification: path=/data internalPath=null
01-01 00:01:11.679 320 605 E PowerManagerService: Failed to read last_reboot_reason file
01-01 00:01:11.679 320 605 E PowerManagerService: java.io.FileNotFoundException: /data/misc/reboot/last_reboot_reason (No such file or directory)
01-01 00:01:11.679 320 605 E PowerManagerService: at java.io.FileInputStream.open0(Native Method)
01-01 00:01:11.679 320 605 E PowerManagerService: at java.io.FileInputStream.open(FileInputStream.java:200)
01-01 00:01:11.679 320 605 E PowerManagerService: at java.io.FileInputStream.(FileInputStream.java:150)
01-01 00:01:11.679 320 605 E PowerManagerService: at java.io.FileReader.(FileReader.java:72)
01-01 00:01:11.679 320 605 E PowerManagerService: at com.android.server.power.PowerManagerService.getLastShutdownReasonInternal(PowerManagerService.java:4612)
01-01 00:01:11.679 320 605 E PowerManagerService: at com.android.server.power.PowerManagerService$BinderService.getLastShutdownReason(PowerManagerService.java:4376)
01-01 00:01:11.679 320 605 E PowerManagerService: at android.os.IPowerManager$Stub.onTransact(IPowerManager.java:302)
01-01 00:01:11.679 320 605 E PowerManagerService: at android.os.Binder.execTransact(Binder.java:674)
