01-01 00:00:06.865 0 152 I SELinux : SELinux: Loaded service_contexts from:
01-01 00:00:06.881 0 152 I SELinux : /plat_service_contexts
01-01 00:00:06.881 0 152 I SELinux : /nonplat_service_contexts
01-01 00:00:06.929 0 154 I SELinux : SELinux: Loaded service_contexts from:
01-01 00:00:06.931 0 154 I SELinux : /vndservice_contexts
01-01 00:00:00.729 151 151 W auditd : type=2000 audit(0.0:1): initialized
01-01 00:00:03.999 151 151 I auditd : type=1403 audit(0.0:2): policy loaded auid=4294967295 ses=4294967295
01-01 00:00:05.539 136 136 I modprobe: type=1400 audit(0.0:3): avc: denied { module_load } for path="/vendor/lib/modules/wlcore.ko" dev="mmcblk0p11" ino=176 scontext=u:r:modprobe:s0 tcontext=u:object_r:vendor_file:s0 tclass=system permissive=1
01-01 00:00:06.899 151 151 I logd : type=1400 audit(0.0:4): avc: denied { search } for name="/" dev="mmcblk0p17" ino=2 scontext=u:r:logd:s0 tcontext=u:object_r:unlabeled:s0 tclass=dir permissive=1
01-01 00:00:07.067 153 153 E hwservicemanager: BINDER_SET_INHERIT_FIFO_PRIO failed with error -1
01-01 00:00:07.086 153 153 W /system/bin/hwservicemanager: getTransportFromManifest: Cannot find entry android.hardware.keymaster@3.0::IKeymasterDevice in either framework or device manifest, using default transport.
01-01 00:00:07.113 162 162 I android.hardware.keymaster@3.0-impl: Fetching keymaster device name default
01-01 00:00:07.149 162 162 I android.hardware.keymaster@3.0-impl: Found keymaster0 module Keymaster OpenSSL HAL, version 2
01-01 00:00:07.149 162 162 I android.hardware.keymaster@3.0-impl: Keymaster0 module is software-only. Using SoftKeymasterDevice instead.
01-01 00:00:07.160 162 162 I ServiceManagement: Removing namespace from process name android.hardware.keymaster@3.0-service to keymaster@3.0-s.
01-01 00:00:07.161 162 162 I android.hardware.keymaster@3.0-service: Registration complete for android.hardware.keymaster@3.0::IKeymasterDevice/default. --------- beginning of system
01-01 00:00:07.192 163 163 I vold : Vold 3.0 (the awakening) firing up
01-01 00:00:07.192 163 163 V vold : Detected support for: ext4 vfat
01-01 00:00:07.205 163 168 D vold : e4crypt_init_user0
01-01 00:00:07.205 163 168 D vold : e4crypt_prepare_user_storage for volume null, user 0, serial 0, flags 1
01-01 00:00:07.205 163 168 D vold : Preparing: /data/system/users/0
01-01 00:00:07.206 163 168 D vold : Preparing: /data/misc/profiles/cur/0
01-01 00:00:07.206 163 168 D vold : Preparing: /data/system_de/0
01-01 00:00:07.206 163 168 D vold : Preparing: /data/misc_de/0
01-01 00:00:07.206 163 168 D vold : Preparing: /data/user_de/0
01-01 00:00:07.207 163 168 D vold : e4crypt_unlock_user_key 0 serial=0 token_present=0
01-01 00:00:07.207 163 168 E vold : Failed to chmod /data/system_ce/0: No such file or directory
01-01 00:00:07.207 163 168 E vold : Failed to chmod /data/misc_ce/0: No such file or directory
01-01 00:00:07.207 163 168 E vold : Failed to chmod /data/media/0: No such file or directory
01-01 00:00:07.287 169 169 I /system/bin/tzdatacheck: timezone distro dir /data/misc/zoneinfo/current does not exist. No action required.
01-01 00:00:07.912 173 173 I ServiceManagement: Removing namespace from process name android.hidl.allocator@1.0-service to allocator@1.0-s.
01-01 00:00:07.975 183 183 I lowmemorykiller: Using in-kernel low memory killer interface
01-01 00:00:07.978 177 177 I ServiceManagement: Removing namespace from process name android.hardware.configstore@1.0-service to configstore@1.0.
01-01 00:00:08.055 179 179 I ServiceManagement: Removing namespace from process name android.hardware.usb@1.0-service to usb@1.0-service.
01-01 00:00:08.057 179 179 I android.hardware.usb@1.0-service: USB HAL Ready.
01-01 00:00:08.063 175 175 I automotive.vehicle@2.0-service: registerEmulator, emulator: 0xb1914810
01-01 00:00:08.064 175 175 I automotive.vehicle@2.0-impl: VehicleHalManager::init
01-01 00:00:08.064 175 175 I automotive.vehicle@2.0-service: Registering as service...
01-01 00:00:08.064 175 175 I ServiceManagement: Removing namespace from process name android.hardware.automotive.vehicle@2.0-service to vehicle@2.0-ser.
01-01 00:00:08.066 153 153 E SELinux : avc: denied { add } for interface=android.hardware.automotive.vehicle::IVehicle pid=175 scontext=u:r:hal_vehicle_default:s0 tcontext=u:object_r:default_android_hwservice:s0 tclass=hwservice_manager
01-01 00:00:08.067 170 170 I Netd : Netd 1.0 starting
01-01 00:00:08.067 170 170 D TetherController: Setting IP forward enable = 0
01-01 00:00:08.067 153 153 E SELinux : avc: denied { add } for interface=android.hidl.base::IBase pid=175 scontext=u:r:hal_vehicle_default:s0 tcontext=u:object_r:hidl_base_hwservice:s0 tclass=hwservice_manager
01-01 00:00:08.068 175 175 I automotive.vehicle@2.0-service: Ready
01-01 00:00:08.069 176 176 I chatty : uid=1047(cameraserver) provider@2.4-se expire 377 lines
01-01 00:00:08.069 182 182 I pvrsrvinit: type=1400 audit(0.0:8): avc: denied { module_load } for path="/vendor/lib/modules/pvrsrvkm.ko" dev="mmcblk0p11" ino=167 scontext=u:r:pvr:s0 tcontext=u:object_r:vendor_file:s0 tclass=system permissive=1
01-01 00:00:08.088 153 153 W /system/bin/hwservicemanager: getTransportFromManifest: Cannot find entry android.hardware.health@1.0::IHealth in either framework or device manifest, using default transport.
01-01 00:00:08.099 175 175 I android.hardwar: type=1400 audit(0.0:9): avc: denied { create } for scontext=u:r:hal_vehicle_default:s0 tcontext=u:r:hal_vehicle_default:s0 tclass=tcp_socket permissive=1
01-01 00:00:08.099 175 175 I android.hardwar: type=1400 audit(0.0:10): avc: denied { bind } for scontext=u:r:hal_vehicle_default:s0 tcontext=u:r:hal_vehicle_default:s0 tclass=tcp_socket permissive=1
01-01 00:00:08.099 175 175 I android.hardwar: type=1400 audit(0.0:11): avc: denied { node_bind } for src=33452 scontext=u:r:hal_vehicle_default:s0 tcontext=u:object_r:node:s0 tclass=tcp_socket permissive=1
01-01 00:00:08.099 175 175 I android.hardwar: type=1400 audit(0.0:12): avc: denied { listen } for lport=33452 scontext=u:r:hal_vehicle_default:s0 tcontext=u:r:hal_vehicle_default:s0 tclass=tcp_socket permissive=1
01-01 00:00:08.099 175 175 I android.hardwar: type=1400 audit(0.0:13): avc: denied { accept } for lport=33452 scontext=u:r:hal_vehicle_default:s0 tcontext=u:r:hal_vehicle_default:s0 tclass=tcp_socket permissive=1
01-01 00:00:08.864 174 174 I ServiceManagement: Removing namespace from process name android.hardware.audio@2.0-service to audio@2.0-servi.
01-01 00:00:08.866 174 174 I audiohalservice: Registration complete for android.hardware.audio@2.0::IDevicesFactory/default.
01-01 00:00:08.866 153 153 W /system/bin/hwservicemanager: getTransportFromManifest: Cannot find entry android.hardware.audio.effect@2.0::IEffectsFactory in either framework or device manifest, using default transport.
01-01 00:00:08.909 175 175 I android.hardwar: type=1400 audit(0.0:14): avc: denied { accept } for lport=33452 scontext=u:r:hal_vehicle_default:s0 tcontext=u:r:hal_vehicle_default:s0 tclass=tcp_socket permissive=1
01-01 00:00:08.923 178 178 I vndksupport: sphal namespace is not configured for this process. Loading /vendor/lib/hw/gralloc.jacinto6.so from the current namespace instead.
01-01 00:00:08.957 178 178 E IMGSRV : :0: PVRSRVOpenDCDevice: Error - 138 returned
01-01 00:00:08.968 174 174 I audiohalservice: Registration complete for android.hardware.audio.effect@2.0::IEffectsFactory/default.
01-01 00:00:08.968 153 153 W /system/bin/hwservicemanager: getTransportFromManifest: Cannot find entry android.hardware.soundtrigger@2.0::ISoundTriggerHw in either framework or device manifest, using default transport.
01-01 00:00:08.986 174 174 E SoundTriggerHalImpl: couldn't load sound trigger module sound_trigger.primary (No such file or directory)
01-01 00:00:08.997 180 180 I android.hardware.wifi@1.0-service: Wifi Hal is starting up...
01-01 00:00:08.997 180 180 I ServiceManagement: Removing namespace from process name android.hardware.wifi@1.0-service to wifi@1.0-servic.
01-01 00:00:09.002 174 174 I audiohalservice: Registration complete for android.hardware.soundtrigger@2.0::ISoundTriggerHw/default.
01-01 00:00:09.004 153 153 W /system/bin/hwservicemanager: getTransportFromManifest: Cannot find entry android.hardware.broadcastradio@1.0::IBroadcastRadioFactory in either framework or device manifest, using default transport.
01-01 00:00:09.004 178 178 I ServiceManagement: Removing namespace from process name android.hardware.graphics.allocator@2.0-service to allocator@2.0-s.
01-01 00:00:09.005 178 178 I android.hardware.graphics.allocator@2.0-service: Registration complete for android.hardware.graphics.allocator@2.0::IAllocator/default.
01-01 00:00:09.021 174 174 I audiohalservice: Registration complete for android.hardware.broadcastradio@1.0::IBroadcastRadioFactory/default.
01-01 00:00:09.293 214 214 I wificond: wificond is starting up...
01-01 00:00:09.479 207 207 I installd: installd firing up
01-01 00:00:09.479 207 207 E cutils : Failed to read /data/.layout_version: No such file or directory
01-01 00:00:09.479 207 207 D installd: Assuming that device has multi-user storage layout; upgrade no longer supported
01-01 00:00:09.526 209 209 I mediaserver: ServiceManager: 0xb5d97520
01-01 00:00:09.548 216 216 I gatekeeperd: Starting gatekeeperd...
01-01 00:00:09.614 207 207 D installd: Upgrading to /data/misc/user directories
01-01 00:00:09.661 153 153 W /system/bin/hwservicemanager: getTransportFromManifest: Cannot find entry android.hardware.gatekeeper@1.0::IGatekeeper in either framework or device manifest, using default transport.
01-01 00:00:09.662 216 216 W gatekeeperd: falling back to software GateKeeper
01-01 00:00:09.662 216 216 I gatekeeperd: cold boot: clearing state
01-01 00:00:09.670 153 153 W /system/bin/hwservicemanager: getTransportFromManifest: Cannot find entry android.hardware.configstore@1.0::ISurfaceFlingerConfigs in either framework or device manifest, using default transport.
01-01 00:00:09.671 184 184 I /system/bin/surfaceflinger: android::hardware::configstore::V1_0::ISurfaceFlingerConfigs::maxFrameBufferAcquiredBuffers retrieved: 2 (default)
01-01 00:00:09.673 153 153 W /system/bin/hwservicemanager: getTransportFromManifest: Cannot find entry android.hardware.configstore@1.0::ISurfaceFlingerConfigs in either framework or device manifest, using default transport.
01-01 00:00:09.673 184 184 I /system/bin/surfaceflinger: android::hardware::configstore::V1_0::ISurfaceFlingerConfigs::startGraphicsAllocatorService retrieved: 0
01-01 00:00:09.710 184 184 I SurfaceFlinger: SurfaceFlinger is starting
01-01 00:00:09.710 153 153 W /system/bin/hwservicemanager: getTransportFromManifest: Cannot find entry android.hardware.configstore@1.0::ISurfaceFlingerConfigs in either framework or device manifest, using default transport.
01-01 00:00:09.730 184 184 I /system/bin/surfaceflinger: android::hardware::configstore::V1_0::ISurfaceFlingerConfigs::vsyncEventPhaseOffsetNs retrieved: 7500000
01-01 00:00:09.731 153 153 W /system/bin/hwservicemanager: getTransportFromManifest: Cannot find entry android.hardware.configstore@1.0::ISurfaceFlingerConfigs in either framework or device manifest, using default transport.
01-01 00:00:09.735 184 184 I /system/bin/surfaceflinger: android::hardware::configstore::V1_0::ISurfaceFlingerConfigs::vsyncSfEventPhaseOffsetNs retrieved: 5000000
01-01 00:00:09.736 153 153 W /system/bin/hwservicemanager: getTransportFromManifest: Cannot find entry android.hardware.configstore@1.0::ISurfaceFlingerConfigs in either framework or device manifest, using default transport.
01-01 00:00:09.736 184 184 I /system/bin/surfaceflinger: android::hardware::configstore::V1_0::ISurfaceFlingerConfigs::maxVirtualDisplaySize retrieved: 0 (default)
01-01 00:00:09.738 153 153 W /system/bin/hwservicemanager: getTransportFromManifest: Cannot find entry android.hardware.configstore@1.0::ISurfaceFlingerConfigs in either framework or device manifest, using default transport.
01-01 00:00:09.739 184 184 I /system/bin/surfaceflinger: android::hardware::configstore::V1_0::ISurfaceFlingerConfigs::hasSyncFramework retrieved: 1
01-01 00:00:09.740 153 153 W /system/bin/hwservicemanager: getTransportFromManifest: Cannot find entry android.hardware.configstore@1.0::ISurfaceFlingerConfigs in either framework or device manifest, using default transport.
01-01 00:00:09.744 184 184 I /system/bin/surfaceflinger: android::hardware::configstore::V1_0::ISurfaceFlingerConfigs::useContextPriority retrieved: 0 (default)
01-01 00:00:09.745 153 153 W /system/bin/hwservicemanager: getTransportFromManifest: Cannot find entry android.hardware.configstore@1.0::ISurfaceFlingerConfigs in either framework or device manifest, using default transport.
01-01 00:00:09.747 184 184 I /system/bin/surfaceflinger: android::hardware::configstore::V1_0::ISurfaceFlingerConfigs::presentTimeOffsetFromVSyncNs retrieved: 0
01-01 00:00:09.748 227 227 I /system/bin/tombstoned: tombstoned successfully initialized
01-01 00:00:09.749 153 153 W /system/bin/hwservicemanager: getTransportFromManifest: Cannot find entry android.hardware.configstore@1.0::ISurfaceFlingerConfigs in either framework or device manifest, using default transport.
01-01 00:00:09.758 184 184 I /system/bin/surfaceflinger: android::hardware::configstore::V1_0::ISurfaceFlingerConfigs::useHwcForRGBtoYUV retrieved: 0
01-01 00:00:09.758 184 184 I /system/bin/surfaceflinger: android::hardware::configstore::V1_0::ISurfaceFlingerConfigs::maxFrameBufferAcquiredBuffers retrieved: 2 (default)
01-01 00:00:09.758 184 184 I SurfaceFlinger: Enabling HWC virtual displays
01-01 00:00:09.758 184 184 I SurfaceFlinger: Disabling Triple Buffering
01-01 00:00:09.758 184 184 I SurfaceFlinger: SurfaceFlinger's main thread ready to run. Initializing graphics H/W...
01-01 00:00:09.760 184 184 I vndksupport: sphal namespace is not configured for this process. Loading /vendor/lib/egl/libEGL_POWERVR_SGX544_116.so from the current namespace instead.
01-01 00:00:09.769 184 184 D libEGL : loaded /vendor/lib/egl/libEGL_POWERVR_SGX544_116.so
01-01 00:00:09.823 184 184 I vndksupport: sphal namespace is not configured for this process. Loading /vendor/lib/egl/libGLESv1_CM_POWERVR_SGX544_116.so from the current namespace instead.
01-01 00:00:09.825 184 184 D libEGL : loaded /vendor/lib/egl/libGLESv1_CM_POWERVR_SGX544_116.so
01-01 00:00:09.834 171 171 D AndroidRuntime: >>>>>> START com.android.internal.os.ZygoteInit uid 0 <<<<<<
01-01 00:00:09.866 153 153 W /system/bin/hwservicemanager: getTransportFromManifest: Cannot find entry android.hardware.keymaster@3.0::IKeymasterDevice in either framework or device manifest, using default transport.
01-01 00:00:09.871 184 184 I vndksupport: sphal namespace is not configured for this process. Loading /vendor/lib/egl/libGLESv2_POWERVR_SGX544_116.so from the current namespace instead.
01-01 00:00:09.871 184 184 D libEGL : loaded /vendor/lib/egl/libGLESv2_POWERVR_SGX544_116.so
01-01 00:00:09.919 213 243 E packagelistparser: Could not open: "/data/system/packages.list", error: "No such file or directory"
01-01 00:00:09.966 184 184 I vndksupport: sphal namespace is not configured for this process. Loading /vendor/lib/hw/gralloc.jacinto6.so from the current namespace instead.
01-01 00:00:09.969 184 184 E IMGSRV : :0: PVRSRVOpenDCDevice: Error - 138 returned
01-01 00:00:09.973 184 184 I vndksupport: sphal namespace is not configured for this process. Loading /vendor/lib/hw/gralloc.jacinto6.so from the current namespace instead.
01-01 00:00:09.975 184 184 I vndksupport: sphal namespace is not configured for this process. Loading /vendor/lib/hw/gralloc.jacinto6.so from the current namespace instead.
01-01 00:00:09.976 184 184 I vndksupport: sphal namespace is not configured for this process. Loading /vendor/lib/hw/hwcomposer.jacinto6.so from the current namespace instead.
01-01 00:00:09.986 184 184 I ti_hwc : Open omapdrm drm device (21)
01-01 00:00:09.987 171 171 I zygote : option[0]=-Xzygote
01-01 00:00:09.988 171 171 I zygote : option[1]=-Xstacktracefile:/data/anr/traces.txt
01-01 00:00:09.988 171 171 I zygote : option[2]=exit
01-01 00:00:09.988 171 171 I zygote : option[3]=vfprintf
01-01 00:00:09.988 171 171 I zygote : option[4]=sensitiveThread
01-01 00:00:09.988 171 171 I zygote : option[5]=-verbose:gc
01-01 00:00:09.988 171 171 I zygote : option[6]=-Xms4m
01-01 00:00:09.988 171 171 I zygote : option[7]=-Xmx16m
01-01 00:00:09.988 171 171 I zygote : option[8]=-Xusejit:true
01-01 00:00:09.988 171 171 I zygote : option[9]=-Xjitsaveprofilinginfo
01-01 00:00:09.988 171 171 I zygote : option[10]=-agentlib:jdwp=transport=dt_android_adb,suspend=n,server=y
01-01 00:00:09.988 171 171 I zygote : option[11]=-Xlockprofthreshold:500
01-01 00:00:09.988 171 171 I zygote : option[12]=-Ximage-compiler-option
01-01 00:00:09.988 171 171 I zygote : option[13]=--runtime-arg
01-01 00:00:09.988 171 171 I zygote : option[14]=-Ximage-compiler-option
01-01 00:00:09.988 171 171 I zygote : option[15]=-Xms64m
01-01 00:00:09.988 171 171 I zygote : option[16]=-Ximage-compiler-option
01-01 00:00:09.988 171 171 I zygote : option[17]=--runtime-arg
01-01 00:00:09.988 171 171 I zygote : option[18]=-Ximage-compiler-option
01-01 00:00:09.988 171 171 I zygote : option[19]=-Xmx64m
01-01 00:00:09.988 171 171 I zygote : option[20]=-Ximage-compiler-option
01-01 00:00:09.988 171 171 I zygote : option[21]=--image-classes=/system/etc/preloaded-classes
01-01 00:00:09.988 171 171 I zygote : option[22]=-Ximage-compiler-option
01-01 00:00:09.988 171 171 I zygote : option[23]=--compiled-classes=/system/etc/compiled-classes
01-01 00:00:09.988 171 171 I zygote : option[24]=-Xcompiler-option
01-01 00:00:09.988 171 171 I zygote : option[25]=--runtime-arg
01-01 00:00:09.988 171 171 I zygote : option[26]=-Xcompiler-option
01-01 00:00:09.988 171 171 I zygote : option[27]=-Xms64m
01-01 00:00:09.988 171 171 I zygote : option[28]=-Xcompiler-option
01-01 00:00:09.988 171 171 I zygote : option[29]=--runtime-arg
01-01 00:00:09.988 171 171 I zygote : option[30]=-Xcompiler-option
01-01 00:00:09.988 171 171 I zygote : option[31]=-Xmx512m
01-01 00:00:09.988 171 171 I zygote : option[32]=-Ximage-compiler-option
01-01 00:00:09.988 171 171 I zygote : option[33]=--instruction-set-variant=cortex-a15
01-01 00:00:09.988 171 171 I zygote : option[34]=-Xcompiler-option
01-01 00:00:09.988 171 171 I zygote : option[35]=--instruction-set-variant=cortex-a15
01-01 00:00:09.988 171 171 I zygote : option[36]=-Ximage-compiler-option
01-01 00:00:09.988 171 171 I zygote : option[37]=--instruction-set-features=default
01-01 00:00:09.988 171 171 I zygote : option[38]=-Xcompiler-option
01-01 00:00:09.988 171 171 I zygote : option[39]=--instruction-set-features=default
01-01 00:00:09.989 171 171 I zygote : option[40]=-Duser.locale=en-US
01-01 00:00:09.989 171 171 I zygote : option[41]=--cpu-abilist=armeabi-v7a,armeabi
01-01 00:00:09.989 171 171 I zygote : option[42]=-Xfingerprint:TI/full_jacinto6evm/jacinto6evm:8.0.0/OPR6.170623.013/rtrk12022048:userdebug/test-keys
01-01 00:00:09.997 184 184 I vndksupport: sphal namespace is not configured for this process. Loading /vendor/lib/hw/gralloc.jacinto6.so from the current namespace instead.
01-01 00:00:09.997 184 184 I ti_hwc : Set drm fd (21) to gralloc
01-01 00:00:09.998 184 184 I ti_hwc : Number of available overlays: 4
01-01 00:00:09.998 184 184 I ti_hwc : Display 0 - Overlay 0: plane_id: 33 crtc_id: 34
01-01 00:00:09.998 184 184 I ti_hwc : Display 0 - Overlay 1: plane_id: 39 crtc_id: 34
01-01 00:00:09.998 184 184 I ti_hwc : Display 0 - Overlay 2: plane_id: 40 crtc_id: 34
01-01 00:00:09.998 184 184 D ti_hwc : Transforming FB (1280x800) => (1280x800) rot0
01-01 00:00:09.998 184 184 E ti_hwc : plane id: 33
01-01 00:00:09.998 184 184 I ti_hwc : Expecting h/w vsync for jacinto6evm
01-01 00:00:09.998 184 184 I ti_hwc : Initializing hw vsync thread
01-01 00:00:09.998 184 184 I ti_hwc : clone region is set to (0,0) to (1280,800)
01-01 00:00:09.998 184 184 I ti_hwc : open_device(rgb_order=1 nv12_only=0)
01-01 00:00:09.998 184 184 I ti_hwc : loading blitter module
01-01 00:00:09.998 184 184 E ti_hwc : blitter module not found
01-01 00:00:09.998 184 184 I SurfaceFlinger: Using composer version 1.1
01-01 00:00:09.999 184 184 I SurfaceFlinger: EGL information:
01-01 00:00:09.999 184 184 I SurfaceFlinger: vendor : Android
01-01 00:00:09.999 184 184 I SurfaceFlinger: version : 1.4 Android META-EGL
01-01 00:00:09.999 184 184 I SurfaceFlinger: extensions: EGL_KHR_get_all_proc_addresses EGL_ANDROID_presentation_time EGL_KHR_swap_buffers_with_damage EGL_ANDROID_get_native_client_buffer EGL_ANDROID_front_buffer_auto_refresh EGL_ANDROID_get_frame_timestamps EGL_KHR_image EGL_KHR_image_base EGL_KHR_gl_texture_2D_image EGL_KHR_gl_texture_cubemap_image EGL_KHR_gl_renderbuffer_image EGL_KHR_fence_sync EGL_KHR_create_context EGL_KHR_surfaceless_context EGL_ANDROID_image_native_buffer EGL_KHR_wait_sync EGL_ANDROID_recordable EGL_IMG_context_priority
01-01 00:00:09.999 184 184 I SurfaceFlinger: Client API: OpenGL_ES
01-01 00:00:09.999 184 184 I SurfaceFlinger: EGLSurface: 8-8-8-8, config=0xf
01-01 00:00:10.006 184 252 D ti_hwc : Opened directory /sys/devices/platform/omapdrm.0/drm/card0
01-01 00:00:10.006 184 252 D ti_hwc : EXTCON HDMI STATE: 0
01-01 00:00:10.006 213 243 I /system/bin/storaged: storaged: Start
01-01 00:00:10.018 184 184 I SurfaceFlinger: OpenGL ES informations:
01-01 00:00:10.018 184 184 I SurfaceFlinger: vendor : Imagination Technologies
01-01 00:00:10.018 184 184 I SurfaceFlinger: renderer : PowerVR SGX 544MP
01-01 00:00:10.018 184 184 I SurfaceFlinger: version : OpenGL ES 2.0 build 1.14@4081762
01-01 00:00:10.018 184 184 I SurfaceFlinger: extensions: GL_EXT_debug_marker GL_OES_rgb8_rgba8 GL_OES_depth24 GL_OES_vertex_half_float GL_OES_texture_float GL_OES_texture_half_float GL_OES_element_index_uint GL_OES_mapbuffer GL_OES_fragment_precision_high GL_OES_compressed_ETC1_RGB8_texture GL_OES_fbo_render_mipmap GL_OES_EGL_image GL_OES_EGL_image_external GL_OES_required_internalformat GL_OES_depth_texture GL_OES_get_program_binary GL_OES_packed_depth_stencil GL_OES_standard_derivatives GL_OES_vertex_array_object GL_OES_egl_sync GL_OES_texture_npot GL_OES_surfaceless_context GL_EXT_discard_framebuffer GL_EXT_blend_minmax GL_EXT_multi_draw_arrays GL_EXT_multisampled_render_to_texture GL_EXT_shader_texture_lod GL_EXT_texture_format_BGRA8888 GL_EXT_occlusion_query_boolean GL_EXT_texture_rg GL_EXT_draw_buffers GL_EXT_shader_framebuffer_fetch GL_IMG_shader_binary GL_IMG_texture_compression_pvrtc GL_IMG_texture_compression_pvrtc2 GL_IMG_texture_npot GL_IMG_texture_format_BGRA8888 GL_IMG_read_format GL_IMG_program_binary GL_IMG_uniform_buffer_object GL_IMG_
01-01 00:00:10.018 184 184 I SurfaceFlinger: GL_MAX_TEXTURE_SIZE = 4096
01-01 00:00:10.018 184 184 I SurfaceFlinger: GL_MAX_VIEWPORT_DIMS = 4096
01-01 00:00:10.042 184 184 I vndksupport: sphal namespace is not configured for this process. Loading /vendor/lib/hw/gralloc.jacinto6.so from the current namespace instead.
01-01 00:00:10.060 171 171 I zygote : Pruning dalvik-cache since we are relocating an image and will need to recompile
01-01 00:00:10.060 171 171 I zygote : RelocateImage: /system/bin/patchoat --input-image-location=/system/framework/boot.art --output-image-file=/data/dalvik-cache/arm/system@framework@boot.art --instruction-set=arm --base-offset-delta=12546048
01-01 00:00:10.229 184 184 D SurfaceFlinger: shader cache generated - 24 shaders in 167.967804 ms
01-01 00:00:10.251 184 184 D SurfaceFlinger: Set power mode=2, type=0 flinger=0xae151000
01-01 00:00:10.276 184 184 I ti_hwc : Setting up plane 33 and connecting connector 32 to crtc 34
01-01 00:00:10.457 170 170 I Netd : Creating child chains: 2335.0ms
01-01 00:00:10.457 170 170 I Netd : Setting up OEM hooks: 0.2ms
01-01 00:00:10.465 170 170 I Netd : Setting up FirewallController hooks: 8.0ms
01-01 00:00:10.473 170 170 I Netd : Setting up NatController hooks: 8.3ms
01-01 00:00:10.481 170 170 I Netd : Setting up BandwidthController hooks: 7.6ms
01-01 00:00:10.481 170 170 I Netd : Setting up IdletimerController hooks: 0.1ms
01-01 00:00:10.489 170 170 I Netd : Disabling bandwidth control: 7.8ms
01-01 00:00:10.496 211 211 I mediametrics: ServiceManager: 0xa6a175a0
01-01 00:00:10.496 211 211 D MediaAnalyticsService: MediaAnalyticsService created
01-01 00:00:10.496 211 211 D MediaAnalyticsService: MediaAnalyticsService::newSummarizerSet
01-01 00:00:10.508 170 170 E Netd : cannot find interface dummy0
01-01 00:00:10.530 170 170 I Netd : Initializing RouteController: 41.7ms
01-01 00:00:10.539 170 170 E Netd : Unable to create netlink socket: Protocol not supported
01-01 00:00:10.539 170 170 W Netd : Unable to open qlog quota socket, check if xt_quota2 can send via UeventHandler
01-01 00:00:10.539 170 170 D MDnsDS : MDnsSdListener::Hander starting up
01-01 00:00:10.547 170 170 I Netd : Registering NetdNativeService: 6.9ms
01-01 00:00:10.563 215 215 I /vendor/bin/hw/android.hardware.media.omx@1.0-service: mediacodecservice starting
01-01 00:00:10.570 170 170 I Netd : Starting CommandListener: 23.0ms
01-01 00:00:10.570 170 170 I Netd : Netd started in 2503ms
01-01 00:00:10.578 215 215 W /vendor/bin/hw/android.hardware.media.omx@1.0-service: Could not read additional policy file '/vendor/etc/seccomp_policy/mediacodec.policy'
01-01 00:00:10.578 215 215 W /vendor/bin/hw/android.hardware.media.omx@1.0-service: libminijail[215]: allowing syscall: clock_gettime
01-01 00:00:10.578 215 215 W /vendor/bin/hw/android.hardware.media.omx@1.0-service: libminijail[215]: allowing syscall: connect
01-01 00:00:10.578 215 215 W /vendor/bin/hw/android.hardware.media.omx@1.0-service: libminijail[215]: allowing syscall: fcntl64
01-01 00:00:10.578 215 215 W /vendor/bin/hw/android.hardware.media.omx@1.0-service: libminijail[215]: allowing syscall: socket
01-01 00:00:10.578 215 215 W /vendor/bin/hw/android.hardware.media.omx@1.0-service: libminijail[215]: allowing syscall: writev
01-01 00:00:10.579 215 215 W /vendor/bin/hw/android.hardware.media.omx@1.0-service: libminijail[215]: logging seccomp filter failures
01-01 00:00:10.579 215 215 I ServiceManagement: Removing namespace from process name android.hardware.media.omx@1.0-service to omx@1.0-service.
01-01 00:00:10.580 170 276 D MDnsDS : MDnsSdListener starting to monitor
01-01 00:00:10.580 170 276 D MDnsDS : Going to poll with pollCount 1
01-01 00:00:10.617 204 204 I FastMixerState: sMaxFastTracks = 8
01-01 00:00:10.619 204 204 I audioserver: ServiceManager: 0xaaf97520
01-01 00:00:10.620 204 204 W BatteryNotifier: batterystats service unavailable!
01-01 00:00:10.643 153 153 W /system/bin/hwservicemanager: getTransportFromManifest: Cannot find entry android.hardware.audio.effect@2.0::IEffectsFactory in either framework or device manifest, using default transport.
01-01 00:00:10.644 204 204 I AudioFlinger: Using default 3000 mSec as standby time.
01-01 00:00:10.649 215 215 D OMX_CORE_WRAPPER: TIOMX_Init
01-01 00:00:10.649 215 215 D OMX_CORE_WRAPPER: TIOMX_ComponentNameEnum
01-01 00:00:10.649 215 215 I chatty : uid=1046(mediacodec) omx@1.0-service identical 1 line
01-01 00:00:10.649 215 215 D OMX_CORE_WRAPPER: TIOMX_ComponentNameEnum
01-01 00:00:10.696 215 215 W AString : ctor got NULL, using empty string instead
01-01 00:00:10.699 204 204 E APM::Serializer: deserialize: Could not parse /odm/etc/audio_policy_configuration.xml document.
01-01 00:00:10.707 215 215 E MediaCodecsXmlParser: addTypeFromAttributes: updating non-existing type
01-01 00:00:10.707 215 215 W MediaCodecsXmlParser: unable to open media codecs configuration xml file: /data/misc/media/media_codecs_profiling_results.xml
01-01 00:00:10.710 215 215 I ServiceManagement: Removing namespace from process name android.hardware.media.omx@1.0-service to omx@1.0-service.
01-01 00:00:10.721 215 215 I /vendor/bin/hw/android.hardware.media.omx@1.0-service: Treble OMX service created.
01-01 00:00:10.762 174 284 I vndksupport: sphal namespace is not configured for this process. Loading /vendor/lib/hw/audio.primary.jacinto6.so from the current namespace instead.
01-01 00:00:10.795 174 284 I audio_hw_primary: adev_open() audio_hw_if
01-01 00:00:10.796 174 284 I audio_hw_primary: Media card is hw:0
01-01 00:00:10.796 174 284 I audio_hw_primary: Bluetooth SCO card is hw:0
01-01 00:00:10.796 174 284 E audio_route: Unable to open the mixer, aborting.
01-01 00:00:10.796 174 284 E audio_hw_primary: Unable to initialize audio routes
01-01 00:00:10.796 174 284 E DevicesFactoryHAL: loadAudioInterface couldn't open audio hw device in audio.primary (Invalid argument)
01-01 00:00:10.796 204 204 E AudioFlinger: loadHwModule() error -19 loading module primary
01-01 00:00:10.796 204 204 W APM_AudioPolicyManager: could not open HW module primary
01-01 00:00:10.840 210 210 V MediaUtils: physMem: 1570508800
01-01 00:00:10.840 210 210 V MediaUtils: requested limit: 314101760
01-01 00:00:10.840 210 210 V MediaUtils: actual limit: 314101760
01-01 00:00:10.840 210 210 V MediaUtils: original limits: 4294967295/4294967295
01-01 00:00:10.840 210 210 V MediaUtils: new limits: 314101760/4294967295
01-01 00:00:10.841 210 210 I vndksupport: sphal namespace is not configured for this process. Loading libutils.so from the current namespace instead.
01-01 00:00:10.842 210 210 W /system/bin/mediaextractor: Could not read additional policy file '/vendor/etc/seccomp_policy/mediaextractor.policy'
01-01 00:00:10.842 210 210 W /system/bin/mediaextractor: libminijail[210]: allowing syscall: clock_gettime
01-01 00:00:10.842 210 210 W /system/bin/mediaextractor: libminijail[210]: allowing syscall: connect
01-01 00:00:10.842 210 210 W /system/bin/mediaextractor: libminijail[210]: allowing syscall: fcntl64
01-01 00:00:10.842 210 210 W /system/bin/mediaextractor: libminijail[210]: allowing syscall: socket
01-01 00:00:10.842 210 210 W /system/bin/mediaextractor: libminijail[210]: allowing syscall: writev
01-01 00:00:10.843 210 210 W /system/bin/mediaextractor: libminijail[210]: logging seccomp filter failures
01-01 00:00:10.865 204 204 I bt_a2dp_hw: adev_open: adev_open in A2dp_hw module
01-01 00:00:10.865 204 204 I AudioFlinger: loadHwModule() Loaded a2dp audio interface, handle 10
01-01 00:00:10.866 174 284 E DevicesFactoryHAL: loadAudioInterface couldn't load audio hw module audio.usb (No such file or directory)
01-01 00:00:10.882 204 204 E AudioFlinger: loadHwModule() error -22 loading module usb
01-01 00:00:10.882 204 204 W APM_AudioPolicyManager: could not open HW module usb
01-01 00:00:10.883 174 284 I vndksupport: sphal namespace is not configured for this process. Loading /vendor/lib/hw/audio.r_submix.default.so from the current namespace instead.
01-01 00:00:10.885 205 205 I chatty : uid=1047(cameraserver) /system/bin/cameraserver expire 9 lines
01-01 00:00:11.302 263 297 I vndksupport: sphal namespace is not configured for this process. Loading /vendor/lib/egl/libEGL_POWERVR_SGX544_116.so from the current namespace instead.
01-01 00:00:11.305 263 297 D libEGL : loaded /vendor/lib/egl/libEGL_POWERVR_SGX544_116.so
01-01 00:00:11.324 263 297 I vndksupport: sphal namespace is not configured for this process. Loading /vendor/lib/egl/libGLESv1_CM_POWERVR_SGX544_116.so from the current namespace instead.
01-01 00:00:11.326 263 297 D libEGL : loaded /vendor/lib/egl/libGLESv1_CM_POWERVR_SGX544_116.so
01-01 00:00:11.365 263 297 I vndksupport: sphal namespace is not configured for this process. Loading /vendor/lib/egl/libGLESv2_POWERVR_SGX544_116.so from the current namespace instead.
01-01 00:00:11.366 263 297 D libEGL : loaded /vendor/lib/egl/libGLESv2_POWERVR_SGX544_116.so
01-01 00:00:11.408 263 297 I vndksupport: sphal namespace is not configured for this process. Loading /vendor/lib/hw/gralloc.jacinto6.so from the current namespace instead.
01-01 00:00:11.411 263 297 E IMGSRV : :0: PVRSRVOpenDCDevice: Error - 138 returned
01-01 00:00:11.414 263 297 I vndksupport: sphal namespace is not configured for this process. Loading /vendor/lib/hw/gralloc.jacinto6.so from the current namespace instead.
01-01 00:00:11.798 174 284 I r_submix: adev_open(name=audio_hw_if)
01-01 00:00:11.811 174 284 I r_submix: adev_init_check()
01-01 00:00:11.830 174 284 W DeviceHAL: Device 0xab637800 set_master_mute: Function not implemented
01-01 00:00:11.830 204 204 I AudioFlinger: loadHwModule() Loaded r_submix audio interface, handle 18
01-01 00:00:11.830 174 284 D r_submix: adev_open_input_stream(addr=0)
01-01 00:00:11.830 174 284 D r_submix: submix_audio_device_create_pipe_l(addr=0, idx=9)
01-01 00:00:11.830 174 284 D r_submix: now using address 0 for route 9
01-01 00:00:11.870 204 306 I AudioFlinger: AudioFlinger's thread 0xaa79ae80 tid=306 ready to run
01-01 00:00:11.871 174 284 D r_submix: adev_close_input_stream()
01-01 00:00:11.871 174 284 D r_submix: submix_audio_device_release_pipe_l(idx=9) addr=0
01-01 00:00:11.871 174 284 D r_submix: submix_audio_device_destroy_pipe_l(): pipe destroyed
01-01 00:00:11.871 204 204 W APM_AudioPolicyManager: Output device 00000002 unreachable
01-01 00:00:11.871 204 204 W APM_AudioPolicyManager: Input device 80000004 unreachable
01-01 00:00:11.871 204 204 E APM_AudioPolicyManager: Default device 00000002 is unreachable
01-01 00:00:11.871 204 204 E APM_AudioPolicyManager: Failed to open primary output
01-01 00:00:12.159 204 204 I RadioService: RadioService
01-01 00:00:12.159 204 204 I RadioService: onFirstRef
01-01 00:00:12.160 153 153 W /system/bin/hwservicemanager: getTransportFromManifest: Cannot find entry android.hardware.broadcastradio@1.0::IBroadcastRadioFactory in either framework or device manifest, using default transport.
01-01 00:00:12.161 212 212 I mediaserver: ServiceManager: 0xac0975c0
01-01 00:00:12.162 212 212 W BatteryNotifier: batterystats service unavailable!
01-01 00:00:12.182 174 284 I BroadcastRadio: onFirstRef mClassId 0
01-01 00:00:12.182 174 284 I BroadcastRadio: onFirstRef RADIO_HARDWARE_MODULE_ID radio fm
01-01 00:00:12.182 174 284 E BroadcastRadio: couldn't load radio module radio.fm (No such file or directory)
01-01 00:00:12.183 204 204 E RadioService: could not read implementation properties
01-01 00:00:12.202 153 153 W /system/bin/hwservicemanager: getTransportFromManifest: Cannot find entry android.hardware.soundtrigger@2.0::ISoundTriggerHw in either framework or device manifest, using default transport.
01-01 00:00:12.203 204 204 I SoundTriggerHalHidl: getProperties res implementor
01-01 00:00:12.203 204 204 I SoundTriggerHalHidl: getProperties ret -19
01-01 00:00:12.203 204 204 E SoundTriggerHwService: could not read implementation properties
01-01 00:00:12.306 263 297 I vndksupport: sphal namespace is not configured for this process. Loading /vendor/lib/hw/gralloc.jacinto6.so from the current namespace instead.
01-01 00:00:12.347 263 297 D BootAnimation: BootAnimationShownTiming start time: 12347ms
01-01 00:00:12.580 176 307 I chatty : uid=1047(cameraserver) provider@2.4-se expire 8 lines
01-01 00:00:12.581 205 298 I chatty : uid=1047(cameraserver) HwBinder:205_1 expire 1 line
01-01 00:00:12.591 176 176 D CameraHal: (b2bba4a8) hardware/ti/dra7xx/camera/CameraParameters.cpp:220 dump - prop-preview-size-default = 1280x720
01-01 00:00:12.591 176 176 D CameraHal: (b2bba4a8) hardware/ti/dra7xx/camera/CameraParameters.cpp:220 dump - prop-preview-size-values = 1280x800,1280x720,752x480,640x480,600x400,352x288,320x240
01-01 00:00:12.591 176 176 D CameraHal: (b2bba4a8) hardware/ti/dra7xx/camera/CameraParameters.cpp:220 dump - prop-preview-subsampled-size-values = 1280x800,1280x720,752x480,640x480,600x400,352x288,320x240
01-01 00:00:12.591 176 176 D CameraHal: (b2bba4a8) hardware/ti/dra7xx/camera/CameraParameters.cpp:220 dump - prop-required-preview-bufs = 8
01-01 00:00:12.591 176 176 D CameraHal: (b2bba4a8) hardware/ti/dra7xx/camera/CameraParameters.cpp:220 dump - prop-s3d-prv-frame-layout = none
01-01 00:00:12.591 176 176 D CameraHal: (b2bba4a8) hardware/ti/dra7xx/camera/CameraParameters.cpp:220 dump - prop-sensor-index = 0
01-01 00:00:12.591 176 176 D CameraHal: (b2bba4a8) hardware/ti/dra7xx/camera/CameraParameters.cpp:220 dump - prop-vertical-angle = 170
01-01 00:00:12.591 176 176 D CameraHal: (b2bba4a8) hardware/ti/dra7xx/camera/CameraParameters.cpp:220 dump - prop-vnf-default = false
01-01 00:00:12.592 176 176 D CameraHal: (b2bba4a8) hardware/ti/dra7xx/camera/CameraParameters.cpp:220 dump - prop-vstab-default = false
01-01 00:00:12.592 176 176 D CameraHal: (b2bba4a8) hardware/ti/dra7xx/camera/CameraParameters.cpp:220 dump - prop-zoom-default = 1
01-01 00:00:12.592 176 176 D CameraHal: (b2bba4a8) hardware/ti/dra7xx/camera/CameraParameters.cpp:220 dump - prop-zoom-ratios = 1
01-01 00:00:12.592 176 176 D CameraHal: (b2bba4a8) hardware/ti/dra7xx/camera/CameraParameters.cpp:220 dump - prop-zoom-stages = 1
01-01 00:00:12.592 176 176 D CameraHal: (b2bba4a8) hardware/ti/dra7xx/camera/CameraParameters.cpp:220 dump - prop-zoom-supported = false
01-01 00:00:12.592 176 176 D CameraHal: (b2bba4a8) hardware/ti/dra7xx/camera/CameraParameters.cpp:220 dump - sensor-orientation = 0
01-01 00:00:12.592 176 176 D CameraHal: (b2bba4a8) hardware/ti/dra7xx/camera/CameraParameters.cpp:223 dump - --------------------------------
01-01 00:00:12.592 176 176 D CameraHal: (b2bba4a8) hardware/ti/dra7xx/camera/CameraHal.cpp:4166 initialize - Sensor index= 0; Sensor name= USBCAMERA
01-01 00:00:12.592 176 176 D CameraHal: (b2bba4a8) + hardware/ti/dra7xx/camera/V4LCameraAdapter/V4LCameraAdapter.cpp:1208 V4LCameraAdapter_Factory - ENTER
01-01 00:00:12.592 176 176 D CameraHal: (b2bba4a8) + hardware/ti/dra7xx/camera/V4LCameraAdapter/V4LCameraAdapter.cpp:894 V4LCameraAdapter - ENTER
01-01 00:00:12.592 176 176 E CameraHal: Error while adapter initialization: video capture not supported.
01-01 00:00:12.592 176 176 E CameraHal: Error while checking driver: Not VPE
01-01 00:00:12.592 176 176 E CameraHal: Error while adapter initialization: video capture not supported.
01-01 00:00:12.592 176 176 E CameraHal: Found VPE M2M device /dev/video0!!!
01-01 00:00:12.592 176 176 D CameraHal: (b2bba4a8) - hardware/ti/dra7xx/camera/V4LCameraAdapter/V4LCameraAdapter.cpp:912 V4LCameraAdapter - EXIT
01-01 00:00:12.592 176 176 D CameraHal: (b2bba4a8) hardware/ti/dra7xx/camera/V4LCameraAdapter/V4LCameraAdapter.cpp:1212 V4LCameraAdapter_Factory - New V4L Camera adapter instance created for sensor 0
01-01 00:00:12.592 176 176 D CameraHal: (b2bba4a8) - hardware/ti/dra7xx/camera/V4LCameraAdapter/V4LCameraAdapter.cpp:1217 V4LCameraAdapter_Factory - EXIT
01-01 00:00:12.592 176 176 D CameraHal: (b2bba4a8) + hardware/ti/dra7xx/camera/V4LCameraAdapter/V4LCameraAdapter.cpp:305 initialize - ENTER
01-01 00:00:12.592 176 176 D CameraHal: (b2bba4a8) - hardware/ti/dra7xx/camera/V4LCameraAdapter/V4LCameraAdapter.cpp:361 initialize - EXIT
01-01 00:00:12.593 176 176 D CameraHal: (b2bba4a8) + hardware/ti/dra7xx/camera/BaseCameraAdapter.cpp:126 registerImageReleaseCallback - ENTER
01-01 00:00:12.593 176 176 D CameraHal: (b2bba4a8) - hardware/ti/dra7xx/camera/BaseCameraAdapter.cpp:131 registerImageReleaseCallback - EXIT
01-01 00:00:12.593 176 176 D CameraHal: (b2bba4a8) + hardware/ti/dra7xx/camera/BaseCameraAdapter.cpp:140 registerEndCaptureCallback - ENTER
01-01 00:00:12.593 176 176 D CameraHal: (b2bba4a8) - hardware/ti/dra7xx/camera/BaseCameraAdapter.cpp:145 registerEndCaptureCallback - EXIT
01-01 00:00:12.593 176 176 D CameraHal: (b2bba4a8) + hardware/ti/dra7xx/camera/AppCallbackNotifier.cpp:38 initialize - ENTER
01-01 00:00:12.593 176 176 D CameraHal: (b2bba4a8) - hardware/ti/dra7xx/camera/AppCallbackNotifier.cpp:70 initialize - EXIT
01-01 00:00:12.593 176 176 D CameraHal: (b2bba4a8) + hardware/ti/dra7xx/camera/AppCallbackNotifier.cpp:1257 setEventProvider - ENTER
01-01 00:00:12.593 176 176 D CameraHal: (b2bba4a8) + hardware/ti/dra7xx/camera/CameraHalUtilClasses.cpp:87 enableEventNotification - ENTER
01-01 00:00:12.593 176 176 D CameraHal: (b2bba4a8) + hardware/ti/dra7xx/camera/BaseCameraAdapter.cpp:176 enableMsgType - ENTER
01-01 00:00:12.593 176 176 V CameraHal: (b2bba4a8) hardware/ti/dra7xx/camera/BaseCameraAdapter.cpp:215 enableMsgType - Event message type id=0xffff subscription request
01-01 00:00:12.593 176 176 D CameraHal: (b2bba4a8) - hardware/ti/dra7xx/camera/BaseCameraAdapter.cpp:229 enableMsgType - EXIT
01-01 00:00:12.593 176 176 D CameraHal: (b2bba4a8) - hardware/ti/dra7xx/camera/CameraHalUtilClasses.cpp:97 enableEventNotification - EXIT
01-01 00:00:12.593 176 176 D CameraHal: (b2bba4a8) - hardware/ti/dra7xx/camera/AppCallbackNotifier.cpp:1272 setEventProvider - EXIT
01-01 00:00:12.593 176 176 D CameraHal: (b2bba4a8) + hardware/ti/dra7xx/camera/AppCallbackNotifier.cpp:1277 setFrameProvider - ENTER
01-01 00:00:12.595 176 176 D CameraHal: (b2bba4a8) + hardware/ti/dra7xx/camera/CameraHalUtilClasses.cpp:33 enableFrameNotification - ENTER
01-01 00:00:12.595 176 176 D CameraHal: (b2bba4a8) + hardware/ti/dra7xx/camera/BaseCameraAdapter.cpp:176 enableMsgType - ENTER
01-01 00:00:12.595 176 176 V CameraHal: (b2bba4a8) hardware/ti/dra7xx/camera/BaseCameraAdapter.cpp:183 enableMsgType - Frame message type id=0x8 subscription request
01-01 00:00:12.595 176 176 D CameraHal: (b2bba4a8) - hardware/ti/dra7xx/camera/BaseCameraAdapter.cpp:229 enableMsgType - EXIT
01-01 00:00:12.595 176 176 D CameraHal: (b2bba4a8) - hardware/ti/dra7xx/camera/CameraHalUtilClasses.cpp:43 enableFrameNotification - EXIT
01-01 00:00:12.595 176 176 D CameraHal: (b2bba4a8) + hardware/ti/dra7xx/camera/CameraHalUtilClasses.cpp:33 enableFrameNotification - ENTER
01-01 00:00:12.595 176 176 D CameraHal: (b2bba4a8) + hardware/ti/dra7xx/camera/BaseCameraAdapter.cpp:176 enableMsgType - ENTER
01-01 00:00:12.595 176 176 V CameraHal: (b2bba4a8) hardware/ti/dra7xx/camera/BaseCameraAdapter.cpp:183 enableMsgType - Frame message type id=0x100 subscription request
01-01 00:00:12.595 176 176 D CameraHal: (b2bba4a8) - hardware/ti/dra7xx/camera/BaseCameraAdapter.cpp:229 enableMsgType - EXIT
01-01 00:00:12.595 176 176 D CameraHal: (b2bba4a8) - hardware/ti/dra7xx/camera/CameraHalUtilClasses.cpp:43 enableFrameNotification - EXIT
01-01 00:00:12.595 176 176 D CameraHal: (b2bba4a8) - hardware/ti/dra7xx/camera/AppCallbackNotifier.cpp:1293 setFrameProvider - EXIT
01-01 00:00:12.595 176 176 D CameraHal: (b2bba4a8) + hardware/ti/dra7xx/camera/BaseCameraAdapter.cpp:154 setErrorHandler - ENTER
01-01 00:00:12.595 176 176 D CameraHal: (b2bba4a8) - hardware/ti/dra7xx/camera/BaseCameraAdapter.cpp:167 setErrorHandler - EXIT
01-01 00:00:12.595 176 176 D CameraHal: (b2bba4a8) + hardware/ti/dra7xx/camera/AppCallbackNotifier.cpp:1627 start - ENTER
01-01 00:00:12.595 176 176 D CameraHal: (b2bba4a8) hardware/ti/dra7xx/camera/AppCallbackNotifier.cpp:1656 start - --> AppCallbackNotifier NOTIFIER_STARTED
01-01 00:00:12.595 176 176 D CameraHal: (b2bba4a8) - hardware/ti/dra7xx/camera/AppCallbackNotifier.cpp:1658 start - EXIT
01-01 00:00:12.595 176 176 D CameraHal: (b2bba4a8) hardware/ti/dra7xx/camera/CameraHal.cpp:4235 initialize - Started AppCallbackNotifier..
01-01 00:00:12.595 176 176 D CameraHal: (b2bba4a8) + hardware/ti/dra7xx/camera/AppCallbackNotifier.cpp:100 setMeasurements - ENTER
01-01 00:00:12.595 176 176 D CameraHal: (b2bba4a8) - hardware/ti/dra7xx/camera/AppCallbackNotifier.cpp:109 setMeasurements - EXIT
01-01 00:00:12.595 176 176 D CameraHal: (b2bba4a8) + hardware/ti/dra7xx/camera/CameraHal.cpp:4529 initDefaultParameters - ENTER
01-01 00:00:12.595 176 176 D CameraHal: (b2bba4a8) + hardware/ti/dra7xx/camera/CameraHal.cpp:4458 insertSupportedParams - ENTER
01-01 00:00:12.595 176 176 D CameraHal: (b2bba4a8) - hardware/ti/dra7xx/camera/CameraHal.cpp:4514 insertSupportedParams - EXIT
01-01 00:00:12.595 176 176 D CameraHal: (b2bba4a8) + hardware/ti/dra7xx/camera/CameraHal.cpp:4408 parseResolution - ENTER
01-01 00:00:12.595 176 176 D CameraHal: (b2bba4a8) - hardware/ti/dra7xx/camera/CameraHal.cpp:4451 parseResolution - EXIT
01-01 00:00:12.595 176 176 D CameraHal: (b2bba4a8) + hardware/ti/dra7xx/camera/CameraHal.cpp:4408 parseResolution - ENTER
01-01 00:00:12.596 176 176 D CameraHal: (b2bba4a8) - hardware/ti/dra7xx/camera/CameraHal.cpp:4451 parseResolution - EXIT
01-01 00:00:12.596 176 176 D CameraHal: (b2bba4a8) + hardware/ti/dra7xx/camera/CameraHal.cpp:4408 parseResolution - ENTER
01-01 00:00:12.596 176 176 D CameraHal: (b2bba4a8) - hardware/ti/dra7xx/camera/CameraHal.cpp:4451 parseResolution - EXIT
01-01 00:00:12.596 176 176 D CameraHal: (b2bba4a8) - hardware/ti/dra7xx/camera/CameraHal.cpp:4632 initDefaultParameters - EXIT
01-01 00:00:12.596 176 176 D CameraHal: (b2bba4a8) + hardware/ti/dra7xx/camera/CameraHal.cpp:389 setParameters - ENTER
01-01 00:00:12.596 176 176 D CameraHal: (b2bba4a8) + hardware/ti/dra7xx/camera/CameraHal.cpp:2579 previewEnabled - ENTER
01-01 00:00:12.596 176 176 D CameraHal: (b2bba4a8) - hardware/ti/dra7xx/camera/CameraHal.cpp:2579 previewEnabled - EXIT
01-01 00:00:12.596 176 176 D CameraHal: (b2bba4a8) + hardware/ti/dra7xx/camera/CameraHal.cpp:4333 isParameterValid - ENTER
01-01 00:00:12.596 176 176 D CameraHal: (b2bba4a8) - hardware/ti/dra7xx/camera/CameraHal.cpp:4357 isParameterValid - EXIT
01-01 00:00:12.596 176 176 D CameraHal: (b2bba4a8) hardware/ti/dra7xx/camera/CameraHal.cpp:416 setParameters - PreviewFormat set yuv420sp
01-01 00:00:12.596 176 176 D CameraHal: (b2bba4a8) hardware/ti/dra7xx/camera/CameraHal.cpp:577 setParameters - Recording Hint is set to NULL
01-01 00:00:12.596 176 176 D CameraHal: (b2bba4a8) + hardware/ti/dra7xx/camera/CameraHal.cpp:2803 resetVideoModeParameters - ENTER
01-01 00:00:12.596 176 176 D CameraHal: (b2bba4a8) - hardware/ti/dra7xx/camera/CameraHal.cpp:2818 resetVideoModeParameters - EXIT
01-01 00:00:12.596 176 176 D CameraHal: (b2bba4a8) + hardware/ti/dra7xx/camera/CameraHal.cpp:4268 isResolutionValid - ENTER
01-01 00:00:12.596 176 176 D CameraHal: (b2bba4a8) + hardware/ti/dra7xx/camera/CameraHal.cpp:4333 isParameterValid - ENTER
01-01 00:00:12.596 176 176 D CameraHal: (b2bba4a8) - hardware/ti/dra7xx/camera/CameraHal.cpp:4357 isParameterValid - EXIT
01-01 00:00:12.596 176 176 D CameraHal: (b2bba4a8) - hardware/ti/dra7xx/camera/CameraHal.cpp:4284 isResolutionValid - EXIT
01-01 00:00:12.596 176 176 D CameraHal: (b2bba4a8) hardware/ti/dra7xx/camera/CameraHal.cpp:598 setParameters - Preview Resolution: 1280 x 720
01-01 00:00:12.596 176 176 D CameraHal: (b2bba4a8) + hardware/ti/dra7xx/camera/CameraHal.cpp:4333 isParameterValid - ENTER
01-01 00:00:12.596 176 176 D CameraHal: (b2bba4a8) - hardware/ti/dra7xx/camera/CameraHal.cpp:4357 isParameterValid - EXIT
01-01 00:00:12.596 176 176 D CameraHal: (b2bba4a8) hardware/ti/dra7xx/camera/CameraHal.cpp:602 setParameters - Focus mode set fixed
01-01 00:00:12.597 176 176 D CameraHal: (b2bba4a8) + hardware/ti/dra7xx/camera/CameraHal.cpp:4268 isResolutionValid - ENTER
01-01 00:00:12.597 176 176 D CameraHal: (b2bba4a8) + hardware/ti/dra7xx/camera/CameraHal.cpp:4333 isParameterValid - ENTER
01-01 00:00:12.597 176 176 D CameraHal: (b2bba4a8) - hardware/ti/dra7xx/camera/CameraHal.cpp:4357 isParameterValid - EXIT
01-01 00:00:12.597 176 176 D CameraHal: (b2bba4a8) - hardware/ti/dra7xx/camera/CameraHal.cpp:4284 isResolutionValid - EXIT
01-01 00:00:12.597 176 176 D CameraHal: (b2bba4a8) hardware/ti/dra7xx/camera/CameraHal.cpp:646 setParameters - Picture Size by App 1280 x 720
01-01 00:00:12.597 176 176 D CameraHal: (b2bba4a8) + hardware/ti/dra7xx/camera/CameraHal.cpp:4333 isParameterValid - ENTER
01-01 00:00:12.597 176 176 D CameraHal: (b2bba4a8) - hardware/ti/dra7xx/camera/CameraHal.cpp:4357 isParameterValid - EXIT
01-01 00:00:12.597 176 176 D CameraHal: (b2bba4a8) hardware/ti/dra7xx/camera/CameraHal.cpp:1005 setParameters - Jpeg quality set 90
01-01 00:00:12.597 176 176 D CameraHal: (b2bba4a8) hardware/ti/dra7xx/camera/CameraHal.cpp:1011 setParameters - Thumbnail width set 320
01-01 00:00:12.597 176 176 D CameraHal: (b2bba4a8) hardware/ti/dra7xx/camera/CameraHal.cpp:1017 setParameters - Thumbnail width set 240
01-01 00:00:12.597 176 176 D CameraHal: (b2bba4a8) hardware/ti/dra7xx/camera/CameraHal.cpp:1023 setParameters - Thumbnail quality set 50
01-01 00:00:12.597 176 176 D CameraHal: (b2bba4a8) hardware/ti/dra7xx/camera/CameraHal.cpp:1130 setParameters - Zoom set 1
01-01 00:00:12.597 176 176 D CameraHal: (b2bba4a8) hardware/ti/dra7xx/camera/CameraHal.cpp:1177 setParameters - External Gamma set false
01-01 00:00:12.597 176 176 D CameraHal: (b2bba4a8) hardware/ti/dra7xx/camera/CameraHal.cpp:1183 setParameters - NSF1 set true
01-01 00:00:12.597 176 176 D CameraHal: (b2bba4a8) hardware/ti/dra7xx/camera/CameraHal.cpp:1189 setParameters - NSF2 set true
01-01 00:00:12.597 176 176 D CameraHal: (b2bba4a8) hardware/ti/dra7xx/camera/CameraHal.cpp:1195 setParameters - Sharpening set true
01-01 00:00:12.597 176 176 D CameraHal: (b2bba4a8) hardware/ti/dra7xx/camera/CameraHal.cpp:1201 setParameters - Color Conversion set true
01-01 00:00:12.597 176 176 D CameraHal: (b2bba4a8) hardware/ti/dra7xx/camera/CameraHal.cpp:1207 setParameters - Green Inballance Correction set true
01-01 00:00:12.597 176 176 D CameraHal: (b2bba4a8) + hardware/ti/dra7xx/camera/V4LCameraAdapter/V4LCameraAdapter.cpp:450 setParameters - ENTER
01-01 00:00:12.597 176 176 D CameraHal: (b2bba4a8) hardware/ti/dra7xx/camera/V4LCameraAdapter/V4LCameraAdapter.cpp:456 setParameters - Width * Height 1280 x 720 format 0x56595559
01-01 00:00:12.597 176 176 D CameraHal: (b2bba4a8) + hardware/ti/dra7xx/camera/V4LCameraAdapter/V4LCameraAdapter.cpp:216 v4lSetFormat - ENTER
01-01 00:00:12.597 176 176 D CameraHal: (b2bba4a8) hardware/ti/dra7xx/camera/V4LCameraAdapter/V4LCameraAdapter.cpp:218 v4lSetFormat - Width * Height 1280 x 720 format 0x56595559
01-01 00:00:12.608 176 176 D CameraHal: (b2bba4a8) hardware/ti/dra7xx/camera/V4LCameraAdapter/V4LCameraAdapter.cpp:244 v4lSetFormat - VIDIOC_G_FMT : WxH = 1280x720
