01-01 00:01:23.143 320 1221 E BootReceiver: at com.android.server.BootReceiver.getBootHeadersToLogAndUpdate(BootReceiver.java:166)
01-01 00:01:23.143 320 1221 E BootReceiver: at com.android.server.BootReceiver.logBootEvents(BootReceiver.java:186)
01-01 00:01:23.143 320 1221 E BootReceiver: at com.android.server.BootReceiver.-wrap2(Unknown Source:0)
01-01 00:01:23.143 320 1221 E BootReceiver: at com.android.server.BootReceiver$1.run(BootReceiver.java:116)
01-01 00:01:23.147 320 320 I Telecom : DefaultDialerCache: Refreshing default dialer for user 0: now null: DDC.oR@ABE
01-01 00:01:23.147 320 1221 I RecoverySystem: No recovery log file
01-01 00:01:23.148 320 1221 I BootReceiver: No existing last log timestamp file /data/system/log-files.xml; starting empty
01-01 00:01:23.153 577 577 D CarrierConfigLoader: mHandler: 13 phoneId: 0
01-01 00:01:23.160 320 1221 I BootReceiver: Copying audit failures to DropBox
01-01 00:01:23.161 320 1221 I BootReceiver: Checking for fsck errors
01-01 00:01:23.162 320 1221 I BootReceiver: fs_stat, partition:cache stat:0x1
01-01 00:01:23.162 320 1221 I BootReceiver: fs_stat, partition:userdata stat:0x1
01-01 00:01:23.176 320 605 I ActivityManager: Start proc 1223:com.android.calendar/u0a37 for broadcast com.android.calendar/.UpgradeReceiver
01-01 00:01:23.342 1223 1223 D ExtensionsFactory: No custom extensions.
01-01 00:01:23.346 320 955 D PackageManager: Ephemeral installer not found with new action; try old one
01-01 00:01:23.346 320 955 D PackageManager: Clear ephemeral installer activity
01-01 00:01:23.450 320 955 I ActivityManager: Start proc 1242:android.car.usb.handler/u0a8 for broadcast android.car.usb.handler/.BootUsbScanner
01-01 00:01:23.551 1242 1242 D UsbDeviceConnectionJNI: close
01-01 00:01:23.554 1223 1223 D AlertReceiver: onReceive: a=android.intent.action.BOOT_COMPLETED Intent { act=android.intent.action.BOOT_COMPLETED flg=0x9000010 cmp=com.android.calendar/.alerts.AlertReceiver (has extras) }
01-01 00:01:23.573 320 605 I ActivityManager: Start proc 1262:com.android.camera2/u0a39 for broadcast com.android.camera2/com.android.camera.DisableCameraReceiver
01-01 00:01:23.576 1223 1260 D AlertService: 0 Action = android.intent.action.BOOT_COMPLETED
01-01 00:01:23.580 1223 1260 D AlertService: Scheduling next alarm with AlarmScheduler. sEventReminderReceived: null
01-01 00:01:23.650 1223 1260 D AlarmScheduler: No events found starting within 1 week.
01-01 00:01:23.736 1262 1262 V CAM_Profiler: [ 0.000ms][ui] GUARD: CameraApp onCreate() - START
01-01 00:01:23.737 1262 1262 V CAM_Profiler: [ 0.000ms][ui] GUARD: FirstRunDetector getTimeOfFirstRun - START
01-01 00:01:23.770 1262 1262 I CAM_Profiler: [ 33.330ms][ui] GUARD: FirstRunDetector getTimeOfFirstRun - [33.330ms] PreferenceManager.getDefaultSharedPreferences
01-01 00:01:23.771 1262 1262 V CAM_Profiler: [ 34.058ms][ui] GUARD: FirstRunDetector getTimeOfFirstRun - [ 0.728ms] preferences.getLong
01-01 00:01:23.772 1262 1262 V CAM_Profiler: [ 34.716ms][ui] GUARD: FirstRunDetector getTimeOfFirstRun - [ 0.658ms] getSharedPreferences
01-01 00:01:23.773 1262 1262 V CAM_Profiler: [ 35.989ms][ui] GUARD: FirstRunDetector getTimeOfFirstRun - [ 1.273ms] preferences.edit()
01-01 00:01:23.773 1262 1262 I CAM_Profiler: [ 36.249ms][ui] GUARD: FirstRunDetector getTimeOfFirstRun - STOP
01-01 00:01:23.773 1262 1262 I CAM_Profiler: [ 40.608ms][ui] GUARD: CameraApp onCreate() - [40.608ms] initializeTimeOfFirstRun
01-01 00:01:23.774 1262 1262 V CAM_Profiler: [ 40.978ms][ui] GUARD: CameraApp onCreate() - [ 0.370ms] UsageStatistics.initialize
01-01 00:01:23.776 1262 1262 V CAM_Profiler: [ 42.792ms][ui] GUARD: CameraApp onCreate() - [ 1.814ms] clearNotifications
01-01 00:01:23.776 1262 1262 I CAM_Profiler: [ 42.792ms][ui] GUARD: CameraApp onCreate() - STOP
01-01 00:01:23.779 176 176 D CameraHal: (b2bba4a8) + hardware/ti/dra7xx/camera/CameraProperties.cpp:67 initialize - ENTER
01-01 00:01:23.779 176 176 D CameraHal: (b2bba4a8) - hardware/ti/dra7xx/camera/CameraProperties.cpp:67 initialize - EXIT
01-01 00:01:23.779 176 176 D CameraHal: (b2bba4a8) + hardware/ti/dra7xx/camera/CameraParameters.cpp:152 getProperties - ENTER
01-01 00:01:23.779 176 176 D CameraHal: (b2bba4a8) - hardware/ti/dra7xx/camera/CameraParameters.cpp:163 getProperties - EXIT
01-01 00:01:23.781 1262 1262 I CAM_DisableCamRcver: back camera found: 0
01-01 00:01:23.781 320 955 D PackageManager: Ephemeral installer not found with new action; try old one
01-01 00:01:23.782 320 955 D PackageManager: Clear ephemeral installer activity
01-01 00:01:23.831 320 955 I ActivityManager: Start proc 1283:com.android.car.messenger/u0a6 for broadcast com.android.car.messenger/.MessengerReceiver
01-01 00:01:23.894 912 1299 D OpenGLRenderer: HWUI GL Pipeline
01-01 00:01:23.940 320 955 I ActivityManager: Start proc 1302:com.android.contacts/u0a15 for broadcast com.android.contacts/.interactions.OnBootOrUpgradeReceiver
01-01 00:01:24.013 912 1299 I vndksupport: sphal namespace is not configured for this process. Loading /vendor/lib/hw/gralloc.jacinto6.so from the current namespace instead.
01-01 00:01:24.025 912 1299 E IMGSRV : :0: PVRSRVOpenDCDevice: Error - 138 returned
01-01 00:01:24.031 912 1299 I vndksupport: sphal namespace is not configured for this process. Loading /vendor/lib/hw/gralloc.jacinto6.so from the current namespace instead.
01-01 00:01:24.032 912 1299 I OpenGLRenderer: Initialized EGL, version 1.4
01-01 00:01:24.032 912 1299 D OpenGLRenderer: Swap behavior 1
01-01 00:01:24.033 912 1299 W OpenGLRenderer: Failed to choose config with EGL_SWAP_BEHAVIOR_PRESERVED, retrying without...
01-01 00:01:24.033 912 1299 D OpenGLRenderer: Swap behavior 0
01-01 00:01:24.046 184 184 D SurfaceFlinger: duplicate layer name: changing to #1
01-01 00:01:24.075 184 184 D SurfaceFlinger: duplicate layer name: changing to #2
01-01 00:01:24.076 320 955 I ActivityManager: Start proc 1320:com.svox.pico/u0a57 for service com.svox.pico/.PicoService
01-01 00:01:24.077 1283 1283 I TextToSpeech: Sucessfully bound to com.svox.pico
01-01 00:01:24.080 1283 1283 E BluetoothAdapter: Bluetooth binder is null
01-01 00:01:24.081 1283 1283 E MessengerService: BluetoothAdapter is null! Internal error?
01-01 00:01:24.106 856 856 I AlarmClock: AlarmInitReceiver android.intent.action.BOOT_COMPLETED
01-01 00:01:24.107 320 955 W Binder : Outgoing transactions from this process must be FLAG_ONEWAY
01-01 00:01:24.107 320 955 W Binder : java.lang.Throwable
01-01 00:01:24.107 320 955 W Binder : at android.os.BinderProxy.transact(Binder.java:736)
01-01 00:01:24.107 320 955 W Binder : at android.content.ContentProviderProxy.getType(ContentProviderNative.java:451)
01-01 00:01:24.107 320 955 W Binder : at com.android.server.am.ActivityManagerService.getProviderMimeType(ActivityManagerService.java:12097)
01-01 00:01:24.107 320 955 W Binder : at android.app.IActivityManager$Stub.onTransact(IActivityManager.java:1799)
01-01 00:01:24.107 320 955 W Binder : at com.android.server.am.ActivityManagerService.onTransact(ActivityManagerService.java:2935)
01-01 00:01:24.107 320 955 W Binder : at android.os.Binder.execTransact(Binder.java:674)
01-01 00:01:24.109 184 184 D SurfaceFlinger: duplicate layer name: changing to #3
01-01 00:01:24.125 856 985 I AlarmClock: Fixing alarm instances
01-01 00:01:24.143 856 985 V AlarmClock: AlarmInitReceiver finished
01-01 00:01:24.164 912 1299 I vndksupport: sphal namespace is not configured for this process. Loading /vendor/lib/hw/gralloc.jacinto6.so from the current namespace instead.
01-01 00:01:24.207 320 955 I ActivityManager: Start proc 1343:com.android.email/u0a51 for broadcast com.android.email/.service.EmailUpgradeBroadcastReceiver
01-01 00:01:24.253 1320 1320 V SynthProxy: About to load libttspico.so, applyFilter=true
01-01 00:01:24.415 1320 1320 I SVOX Pico Engine: loaded en-US successfully
01-01 00:01:24.418 1283 1283 I TextToSpeech: Connected to ComponentInfo{com.svox.pico/com.svox.pico.PicoService}
01-01 00:01:24.421 320 605 W ActivityManager: Unable to start service Intent { act=com.android.email.EXCHANGE_INTENT pkg=com.android.exchange } U=0: not found
01-01 00:01:24.424 1283 1365 I TextToSpeech: Set up connection to ComponentInfo{com.svox.pico/com.svox.pico.PicoService}
01-01 00:01:24.460 1343 1367 D ActivityThread: Loading provider com.android.email.provider;com.android.email.notifier: com.android.email.provider.EmailProvider
01-01 00:01:24.460 1343 1366 D ActivityThread: Loading provider com.android.email.provider;com.android.email.notifier: com.android.email.provider.EmailProvider
01-01 00:01:24.470 1343 1343 D ActivityThread: Loading provider com.android.email.provider;com.android.email.notifier: com.android.email.provider.EmailProvider
01-01 00:01:24.507 320 605 W ActivityManager: Unable to start service Intent { act=com.android.email.EXCHANGE_INTENT pkg=com.android.exchange } U=0: not found
01-01 00:01:24.508 320 332 W ActivityManager: Unable to start service Intent { act=com.android.email.EXCHANGE_INTENT pkg=com.android.exchange } U=0: not found
01-01 00:01:24.508 320 955 W ActivityManager: Unable to start service Intent { act=com.android.email.EXCHANGE_INTENT pkg=com.android.exchange } U=0: not found
01-01 00:01:24.875 320 605 W ActivityManager: Unable to start service Intent { act=com.android.mail.action.BACKUP_DATA_CHANGED pkg=com.android.email } U=0: not found
01-01 00:01:24.879 320 605 I chatty : uid=1000(system) Binder:320_5 identical 5 lines
01-01 00:01:24.880 320 605 W ActivityManager: Unable to start service Intent { act=com.android.mail.action.BACKUP_DATA_CHANGED pkg=com.android.email } U=0: not found
01-01 00:01:24.903 320 605 D PackageManager: Ephemeral installer not found with new action; try old one
01-01 00:01:24.904 320 605 D PackageManager: Clear ephemeral installer activity
01-01 00:01:24.905 320 605 W ActivityManager: Unable to start service Intent { cmp=com.android.email/.service.AttachmentService } U=0: not found
01-01 00:01:24.906 320 605 W ActivityManager: Unable to start service Intent { act=com.android.email.EXCHANGE_INTENT pkg=com.android.exchange } U=0: not found
01-01 00:01:24.909 1343 1371 I Email : Observing account changes for notifications
01-01 00:01:24.910 320 332 D PackageManager: Ephemeral installer not found with new action; try old one
01-01 00:01:24.910 320 332 D PackageManager: Clear ephemeral installer activity
01-01 00:01:24.911 320 332 D PackageManager: Ephemeral installer not found with new action; try old one
01-01 00:01:24.911 320 332 D PackageManager: Clear ephemeral installer activity
01-01 00:01:24.912 320 605 D PackageManager: Ephemeral installer not found with new action; try old one
01-01 00:01:24.912 320 605 D PackageManager: Clear ephemeral installer activity
01-01 00:01:24.913 320 605 W ActivityManager: Unable to start service Intent { cmp=com.android.email/.service.AttachmentService } U=0: not found
01-01 00:01:24.923 320 332 W ActivityManager: Unable to start service Intent { cmp=com.android.email/.service.AttachmentService } U=0: not found
01-01 00:01:24.923 320 332 D PackageManager: Ephemeral installer not found with new action; try old one
01-01 00:01:24.924 320 332 D PackageManager: Clear ephemeral installer activity
01-01 00:01:24.927 320 955 D PackageManager: Ephemeral installer not found with new action; try old one
01-01 00:01:24.927 320 955 D PackageManager: Clear ephemeral installer activity
01-01 00:01:24.946 320 332 I ActivityManager: Start proc 1374:com.android.gallery3d/u0a50 for broadcast com.android.gallery3d/com.android.camera.DisableCameraReceiver
01-01 00:01:24.947 320 605 W ActivityManager: Unable to start service Intent { act=com.android.email.EXCHANGE_INTENT pkg=com.android.exchange } U=0: not found
01-01 00:01:24.953 320 332 D PackageManager: Ephemeral installer not found with new action; try old one
01-01 00:01:24.953 320 332 D PackageManager: Clear ephemeral installer activity
01-01 00:01:24.954 1343 1373 I Email : Onetime initialization: 1
01-01 00:01:24.955 320 955 D PackageManager: Ephemeral installer not found with new action; try old one
01-01 00:01:24.955 320 955 D PackageManager: Clear ephemeral installer activity
01-01 00:01:24.955 1343 1373 I Email : Onetime initialization: 2
01-01 00:01:24.956 320 955 W ActivityManager: Unable to start service Intent { cmp=com.android.email/.service.AttachmentService } U=0: not found
01-01 00:01:24.960 320 511 W ActivityManager: Unable to start service Intent { act=com.android.email.EXCHANGE_INTENT pkg=com.android.exchange } U=0: not found
01-01 00:01:24.962 1343 1373 I Email : Onetime initialization: completed.
01-01 00:01:24.966 320 332 D PackageManager: Ephemeral installer not found with new action; try old one
01-01 00:01:24.966 320 332 D PackageManager: Clear ephemeral installer activity
01-01 00:01:24.995 320 332 W ActivityManager: Unable to start service Intent { act=com.android.email.EXCHANGE_INTENT pkg=com.android.exchange } U=0: not found
01-01 00:01:25.003 320 511 W ActivityManager: Unable to start service Intent { act=com.android.email.EXCHANGE_INTENT pkg=com.android.exchange } U=0: not found
01-01 00:01:25.004 320 511 W ActivityManager: Unable to start service Intent { act=com.android.email.EXCHANGE_INTENT pkg=com.android.exchange } U=0: not found
01-01 00:01:25.032 1343 1343 E ActivityThread: Service com.android.email.service.EmailBroadcastProcessorService has leaked ServiceConnection com.android.emailcommon.service.ServiceProxy$ProxyConnection@a50f399 that was originally bound here
01-01 00:01:25.032 1343 1343 E ActivityThread: android.app.ServiceConnectionLeaked: Service com.android.email.service.EmailBroadcastProcessorService has leaked ServiceConnection com.android.emailcommon.service.ServiceProxy$ProxyConnection@a50f399 that was originally bound here
01-01 00:01:25.032 1343 1343 E ActivityThread: at android.app.LoadedApk$ServiceDispatcher.(LoadedApk.java:1514)
01-01 00:01:25.032 1343 1343 E ActivityThread: at android.app.LoadedApk.getServiceDispatcher(LoadedApk.java:1406)
01-01 00:01:25.032 1343 1343 E ActivityThread: at android.app.ContextImpl.bindServiceCommon(ContextImpl.java:1589)
01-01 00:01:25.032 1343 1343 E ActivityThread: at android.app.ContextImpl.bindService(ContextImpl.java:1541)
01-01 00:01:25.032 1343 1343 E ActivityThread: at android.content.ContextWrapper.bindService(ContextWrapper.java:678)
01-01 00:01:25.032 1343 1343 E ActivityThread: at com.android.emailcommon.service.ServiceProxy.setTask(ServiceProxy.java:181)
01-01 00:01:25.032 1343 1343 E ActivityThread: at com.android.emailcommon.service.ServiceProxy.test(ServiceProxy.java:224)
01-01 00:01:25.032 1343 1343 E ActivityThread: at com.android.email.service.EmailServiceUtils.isServiceAvailable(EmailServiceUtils.java:160)
01-01 00:01:25.032 1343 1343 E ActivityThread: at com.android.email.provider.AccountReconciler.reconcileAccountsInternal(AccountReconciler.java:171)
01-01 00:01:25.032 1343 1343 E ActivityThread: at com.android.email.provider.AccountReconciler.reconcileAccounts(AccountReconciler.java:115)
01-01 00:01:25.032 1343 1343 E ActivityThread: at com.android.email.service.EmailBroadcastProcessorService.reconcileAndStartServices(EmailBroadcastProcessorService.java:305)
01-01 00:01:25.032 1343 1343 E ActivityThread: at com.android.email.service.EmailBroadcastProcessorService.onBootCompleted(EmailBroadcastProcessorService.java:295)
01-01 00:01:25.032 1343 1343 E ActivityThread: at com.android.email.service.EmailBroadcastProcessorService.onHandleIntent(EmailBroadcastProcessorService.java:130)
01-01 00:01:25.032 1343 1343 E ActivityThread: at android.app.IntentService$ServiceHandler.handleMessage(IntentService.java:68)
01-01 00:01:25.032 1343 1343 E ActivityThread: at android.os.Handler.dispatchMessage(Handler.java:105)
01-01 00:01:25.032 1343 1343 E ActivityThread: at android.os.Looper.loop(Looper.java:164)
01-01 00:01:25.032 1343 1343 E ActivityThread: at android.os.HandlerThread.run(HandlerThread.java:65)
01-01 00:01:25.033 320 511 W ActivityManager: Unbind failed: could not find connection for android.os.BinderProxy@d6fe16
01-01 00:01:25.097 176 176 D CameraHal: (b2bba4a8) + hardware/ti/dra7xx/camera/CameraProperties.cpp:67 initialize - ENTER
01-01 00:01:25.098 176 176 D CameraHal: (b2bba4a8) - hardware/ti/dra7xx/camera/CameraProperties.cpp:67 initialize - EXIT
01-01 00:01:25.098 176 176 D CameraHal: (b2bba4a8) + hardware/ti/dra7xx/camera/CameraParameters.cpp:152 getProperties - ENTER
01-01 00:01:25.098 176 176 D CameraHal: (b2bba4a8) - hardware/ti/dra7xx/camera/CameraParameters.cpp:163 getProperties - EXIT
01-01 00:01:25.099 1374 1374 I G:DisableCameraReceiver: back camera found: 0
01-01 00:01:25.100 320 511 D PackageManager: Ephemeral installer not found with new action; try old one
01-01 00:01:25.100 320 511 D PackageManager: Clear ephemeral installer activity
01-01 00:01:25.136 320 511 I ActivityManager: Start proc 1390:com.android.onetimeinitializer/u0a20 for broadcast com.android.onetimeinitializer/.OneTimeInitializerReceiver
01-01 00:01:25.191 1390 1390 V OneTimeInitializerReceiver: OneTimeInitializerReceiver.onReceive
01-01 00:01:25.223 1390 1407 I OneTimeInitializer: Updating to version 1.
01-01 00:01:25.223 1390 1407 E ActivityThread: Failed to find provider info for com.android.launcher2.settings
01-01 00:01:25.277 320 332 I ActivityManager: Start proc 1409:com.android.packageinstaller/u0a22 for broadcast com.android.packageinstaller/.TemporaryFileManager
01-01 00:01:25.368 577 577 I VvmSimStateTracker: android.intent.action.BOOT_COMPLETED
01-01 00:01:25.519 1055 1055 I d.process.media: type=1400 audit(0.0:50): avc: denied { write } for name="property_service" dev="tmpfs" ino=8475 scontext=u:r:priv_app:s0:c512,c768 tcontext=u:object_r:property_socket:s0 tclass=sock_file permissive=1
01-01 00:01:25.519 1055 1055 I d.process.media: type=1400 audit(0.0:51): avc: denied { connectto } for path="/dev/socket/property_service" scontext=u:r:priv_app:s0:c512,c768 tcontext=u:r:init:s0 tclass=unix_stream_socket permissive=1
01-01 00:01:25.613 320 511 I ActivityManager: Finished processing BOOT_COMPLETED for u0
01-01 00:01:25.756 1055 1427 E SQLiteLog: (1) no such table: files
01-01 00:01:25.766 1055 1427 I MediaScanner: forcing rescan of /system/media/audio/alarms/Alarm_Beep_01.ogg since build fingerprint changed
01-01 00:01:25.783 1055 1427 I MediaScanner: forcing rescan of /system/media/audio/alarms/Alarm_Beep_02.ogg since build fingerprint changed
01-01 00:01:25.795 1055 1427 I MediaScanner: forcing rescan of /system/media/audio/alarms/Alarm_Beep_03.ogg since build fingerprint changed
01-01 00:01:25.812 1055 1427 I MediaScanner: forcing rescan of /system/media/audio/alarms/Alarm_Buzzer.ogg since build fingerprint changed
01-01 00:01:25.824 1055 1427 W MediaScanner: forcing rescan of /system/media/audio/alarms/Alarm_Classic.oggsince ringtone setting didn't finish
01-01 00:01:25.844 1055 1427 W MediaProvider: Missing volume for /system; assuming invalid
01-01 00:01:25.845 1055 1427 W MediaProvider: Missing volume for /system/media; assuming invalid
01-01 00:01:25.846 1055 1427 W MediaProvider: Missing volume for /system/media/audio; assuming invalid
01-01 00:01:25.848 1055 1427 W MediaProvider: Missing volume for /system/media/audio/alarms; assuming invalid
01-01 00:01:25.888 1055 1427 W MediaProvider: Missing volume for /system/media/audio/alarms/Alarm_Beep_01.ogg; assuming invalid
01-01 00:01:25.891 1055 1427 W MediaProvider: Missing volume for /system/media/audio/alarms/Alarm_Beep_02.ogg; assuming invalid
01-01 00:01:25.893 1055 1427 W MediaProvider: Missing volume for /system/media/audio/alarms/Alarm_Beep_03.ogg; assuming invalid
01-01 00:01:25.896 1055 1427 W MediaProvider: Missing volume for /system/media/audio/alarms/Alarm_Buzzer.ogg; assuming invalid
01-01 00:01:25.898 212 1428 E MetadataRetrieverClient: failed to extract an album art
01-01 00:01:25.985 1055 1427 W MediaProvider: Missing volume for /system/media/audio/alarms/Alarm_Classic.ogg; assuming invalid
01-01 00:01:26.014 1055 1427 I MediaScanner: forcing rescan of /system/media/audio/alarms/Alarm_Rooster_02.ogg since build fingerprint changed
01-01 00:01:26.029 1055 1427 I MediaScanner: forcing rescan of /system/media/audio/alarms/Argon.ogg since build fingerprint changed
01-01 00:01:26.058 1055 1427 I MediaScanner: forcing rescan of /system/media/audio/alarms/Barium.ogg since build fingerprint changed
01-01 00:01:26.077 1055 1427 I MediaScanner: forcing rescan of /system/media/audio/alarms/Carbon.ogg since build fingerprint changed
01-01 00:01:26.104 1055 1427 I MediaScanner: forcing rescan of /system/media/audio/alarms/Cesium.ogg since build fingerprint changed
01-01 00:01:26.121 1055 1427 I MediaScanner: forcing rescan of /system/media/audio/alarms/Fermium.ogg since build fingerprint changed
01-01 00:01:26.150 1055 1427 I MediaScanner: forcing rescan of /system/media/audio/alarms/Hassium.ogg since build fingerprint changed
01-01 00:01:26.182 1055 1427 I MediaScanner: forcing rescan of /system/media/audio/alarms/Helium.ogg since build fingerprint changed
01-01 00:01:26.214 1055 1427 I MediaScanner: forcing rescan of /system/media/audio/alarms/Krypton.ogg since build fingerprint changed
01-01 00:01:26.245 1055 1427 I MediaScanner: forcing rescan of /system/media/audio/alarms/Neon.ogg since build fingerprint changed
01-01 00:01:26.278 1055 1427 I MediaScanner: forcing rescan of /system/media/audio/alarms/Neptunium.ogg since build fingerprint changed
01-01 00:01:26.305 1055 1427 I MediaScanner: forcing rescan of /system/media/audio/alarms/Nobelium.ogg since build fingerprint changed
01-01 00:01:26.336 1055 1427 I MediaScanner: forcing rescan of /system/media/audio/alarms/Osmium.ogg since build fingerprint changed
01-01 00:01:26.354 1055 1427 I MediaScanner: forcing rescan of /system/media/audio/alarms/Oxygen.ogg since build fingerprint changed
01-01 00:01:26.372 1055 1427 I MediaScanner: forcing rescan of /system/media/audio/alarms/Platinum.ogg since build fingerprint changed
01-01 00:01:26.401 1055 1427 I MediaScanner: forcing rescan of /system/media/audio/alarms/Plutonium.ogg since build fingerprint changed
01-01 00:01:26.429 1055 1427 I MediaScanner: forcing rescan of /system/media/audio/alarms/Promethium.ogg since build fingerprint changed
01-01 00:01:26.458 1055 1427 I MediaScanner: forcing rescan of /system/media/audio/alarms/Scandium.ogg since build fingerprint changed
01-01 00:01:26.481 1055 1427 I MediaScanner: forcing rescan of /system/media/audio/notifications/Adara.ogg since build fingerprint changed
01-01 00:01:26.495 1055 1427 I MediaScanner: forcing rescan of /system/media/audio/notifications/Aldebaran.ogg since build fingerprint changed
01-01 00:01:26.507 1055 1427 I MediaScanner: forcing rescan of /system/media/audio/notifications/Altair.ogg since build fingerprint changed
01-01 00:01:26.531 1055 1427 I MediaScanner: forcing rescan of /system/media/audio/notifications/Alya.ogg since build fingerprint changed
01-01 00:01:26.561 1055 1427 I MediaScanner: forcing rescan of /system/media/audio/notifications/Antares.ogg since build fingerprint changed
01-01 00:01:26.574 1055 1427 I MediaScanner: forcing rescan of /system/media/audio/notifications/Antimony.ogg since build fingerprint changed
01-01 00:01:26.590 1055 1427 I MediaScanner: forcing rescan of /system/media/audio/notifications/Arcturus.ogg since build fingerprint changed
01-01 00:01:26.602 1055 1427 I MediaScanner: forcing rescan of /system/media/audio/notifications/Argon.ogg since build fingerprint changed
01-01 00:01:26.616 1055 1427 I MediaScanner: forcing rescan of /system/media/audio/notifications/Beat_Box_Android.ogg since build fingerprint changed
01-01 00:01:26.634 1055 1427 I MediaScanner: forcing rescan of /system/media/audio/notifications/Bellatrix.ogg since build fingerprint changed
01-01 00:01:26.647 1055 1427 I MediaScanner: forcing rescan of /system/media/audio/notifications/Beryllium.ogg since build fingerprint changed
01-01 00:01:26.684 1055 1427 I MediaScanner: forcing rescan of /system/media/audio/notifications/Betelgeuse.ogg since build fingerprint changed
01-01 00:01:26.707 1055 1427 I MediaScanner: forcing rescan of /system/media/audio/notifications/CaffeineSnake.ogg since build fingerprint changed
01-01 00:01:26.721 1055 1427 I MediaScanner: forcing rescan of /system/media/audio/notifications/Canopus.ogg since build fingerprint changed
01-01 00:01:26.739 1055 1427 I MediaScanner: forcing rescan of /system/media/audio/notifications/Capella.ogg since build fingerprint changed
01-01 00:01:26.752 1055 1427 I MediaScanner: forcing rescan of /system/media/audio/notifications/Castor.ogg since build fingerprint changed
01-01 00:01:26.764 1055 1427 I MediaScanner: forcing rescan of /system/media/audio/notifications/CetiAlpha.ogg since build fingerprint changed
01-01 00:01:26.779 1055 1427 I MediaScanner: forcing rescan of /system/media/audio/notifications/Cobalt.ogg since build fingerprint changed
01-01 00:01:26.792 1055 1427 I MediaScanner: forcing rescan of /system/media/audio/notifications/Cricket.ogg since build fingerprint changed
01-01 00:01:26.804 1055 1427 I MediaScanner: forcing rescan of /system/media/audio/notifications/DearDeer.ogg since build fingerprint changed
01-01 00:01:26.817 1055 1427 I MediaScanner: forcing rescan of /system/media/audio/notifications/Deneb.ogg since build fingerprint changed
01-01 00:01:26.830 1055 1427 I MediaScanner: forcing rescan of /system/media/audio/notifications/Doink.ogg since build fingerprint changed
01-01 00:01:26.842 1055 1427 I MediaScanner: forcing rescan of /system/media/audio/notifications/DontPanic.ogg since build fingerprint changed
01-01 00:01:26.856 1055 1427 I MediaScanner: forcing rescan of /system/media/audio/notifications/Drip.ogg since build fingerprint changed
01-01 00:01:26.868 1055 1427 I MediaScanner: forcing rescan of /system/media/audio/notifications/Electra.ogg since build fingerprint changed
01-01 00:01:26.881 1055 1427 I MediaScanner: forcing rescan of /system/media/audio/notifications/F1_MissedCall.ogg since build fingerprint changed
01-01 00:01:26.892 1055 1427 I MediaScanner: forcing rescan of /system/media/audio/notifications/F1_New_MMS.ogg since build fingerprint changed
01-01 00:01:26.917 1055 1427 I MediaScanner: forcing rescan of /system/media/audio/notifications/F1_New_SMS.ogg since build fingerprint changed
01-01 00:01:26.947 1055 1427 I MediaScanner: forcing rescan of /system/media/audio/notifications/Fluorine.ogg since build fingerprint changed
01-01 00:01:26.964 1055 1427 I MediaScanner: forcing rescan of /system/media/audio/notifications/Fomalhaut.ogg since build fingerprint changed
01-01 00:01:26.980 1055 1427 I MediaScanner: forcing rescan of /system/media/audio/notifications/Gallium.ogg since build fingerprint changed
01-01 00:01:26.993 1055 1427 I MediaScanner: forcing rescan of /system/media/audio/notifications/Heaven.ogg since build fingerprint changed
01-01 00:01:27.009 1055 1427 I MediaScanner: forcing rescan of /system/media/audio/notifications/Helium.ogg since build fingerprint changed
01-01 00:01:27.021 1055 1427 I MediaScanner: forcing rescan of /system/media/audio/notifications/Highwire.ogg since build fingerprint changed
01-01 00:01:27.035 1055 1427 I MediaScanner: forcing rescan of /system/media/audio/notifications/Hojus.ogg since build fingerprint changed
01-01 00:01:27.047 1055 1427 I MediaScanner: forcing rescan of /system/media/audio/notifications/Iridium.ogg since build fingerprint changed
01-01 00:01:27.067 1055 1427 I MediaScanner: forcing rescan of /system/media/audio/notifications/Krypton.ogg since build fingerprint changed
01-01 00:01:27.080 1055 1427 I MediaScanner: forcing rescan of /system/media/audio/notifications/KzurbSonar.ogg since build fingerprint changed
01-01 00:01:27.092 1055 1427 I MediaScanner: forcing rescan of /system/media/audio/notifications/Lalande.ogg since build fingerprint changed
01-01 00:01:27.106 1055 1427 I MediaScanner: forcing rescan of /system/media/audio/notifications/Merope.ogg since build fingerprint changed
01-01 00:01:27.120 1055 1427 I MediaScanner: forcing rescan of /system/media/audio/notifications/Mira.ogg since build fingerprint changed
01-01 00:01:27.133 1055 1427 I MediaScanner: forcing rescan of /system/media/audio/notifications/OnTheHunt.ogg since build fingerprint changed
01-01 00:01:27.146 1055 1427 I MediaScanner: forcing rescan of /system/media/audio/notifications/Palladium.ogg since build fingerprint changed
01-01 00:01:27.159 1055 1427 I MediaScanner: forcing rescan of /system/media/audio/notifications/Plastic_Pipe.ogg since build fingerprint changed
01-01 00:01:27.183 1055 1427 I MediaScanner: forcing rescan of /system/media/audio/notifications/Polaris.ogg since build fingerprint changed
01-01 00:01:27.197 1055 1427 I MediaScanner: forcing rescan of /system/media/audio/notifications/Pollux.ogg since build fingerprint changed
01-01 00:01:27.211 1055 1427 I MediaScanner: forcing rescan of /system/media/audio/notifications/Procyon.ogg since build fingerprint changed
01-01 00:01:27.225 1055 1427 I MediaScanner: forcing rescan of /system/media/audio/notifications/Proxima.ogg since build fingerprint changed
01-01 00:01:27.238 1055 1427 I MediaScanner: forcing rescan of /system/media/audio/notifications/Radon.ogg since build fingerprint changed
01-01 00:01:27.253 1055 1427 I MediaScanner: forcing rescan of /system/media/audio/notifications/Rubidium.ogg since build fingerprint changed
01-01 00:01:27.266 1055 1427 I MediaScanner: forcing rescan of /system/media/audio/notifications/Selenium.ogg since build fingerprint changed
01-01 00:01:27.278 1055 1427 I MediaScanner: forcing rescan of /system/media/audio/notifications/Shaula.ogg since build fingerprint changed
01-01 00:01:27.292 1055 1427 I MediaScanner: forcing rescan of /system/media/audio/notifications/Sirrah.ogg since build fingerprint changed
01-01 00:01:27.306 1055 1427 I MediaScanner: forcing rescan of /system/media/audio/notifications/SpaceSeed.ogg since build fingerprint changed
01-01 00:01:27.321 1055 1427 I MediaScanner: forcing rescan of /system/media/audio/notifications/Spica.ogg since build fingerprint changed
01-01 00:01:27.333 1055 1427 I MediaScanner: forcing rescan of /system/media/audio/notifications/Strontium.ogg since build fingerprint changed
01-01 00:01:27.350 1055 1427 I MediaScanner: forcing rescan of /system/media/audio/notifications/Syrma.ogg since build fingerprint changed
01-01 00:01:27.362 1055 1427 I MediaScanner: forcing rescan of /system/media/audio/notifications/TaDa.ogg since build fingerprint changed
01-01 00:01:27.379 1055 1427 I MediaScanner: forcing rescan of /system/media/audio/notifications/Talitha.ogg since build fingerprint changed
01-01 00:01:27.391 1055 1427 I MediaScanner: forcing rescan of /system/media/audio/notifications/Tejat.ogg since build fingerprint changed
01-01 00:01:27.404 1055 1427 I MediaScanner: forcing rescan of /system/media/audio/notifications/Thallium.ogg since build fingerprint changed
01-01 00:01:27.418 1055 1427 I MediaScanner: forcing rescan of /system/media/audio/notifications/Tinkerbell.ogg since build fingerprint changed
01-01 00:01:27.431 1055 1427 I MediaScanner: forcing rescan of /system/media/audio/notifications/Upsilon.ogg since build fingerprint changed
01-01 00:01:27.445 1055 1427 I MediaScanner: forcing rescan of /system/media/audio/notifications/Vega.ogg since build fingerprint changed
01-01 00:01:27.461 1055 1427 I MediaScanner: forcing rescan of /system/media/audio/notifications/Voila.ogg since build fingerprint changed
01-01 00:01:27.474 1055 1427 I MediaScanner: forcing rescan of /system/media/audio/notifications/Xenon.ogg since build fingerprint changed
01-01 00:01:27.488 1055 1427 I MediaScanner: forcing rescan of /system/media/audio/notifications/Zirconium.ogg since build fingerprint changed
01-01 00:01:27.502 1055 1427 I MediaScanner: forcing rescan of /system/media/audio/notifications/arcturus.ogg since build fingerprint changed
01-01 00:01:27.515 1055 1427 I MediaScanner: forcing rescan of /system/media/audio/notifications/moonbeam.ogg since build fingerprint changed
01-01 00:01:27.529 1055 1427 W MediaScanner: forcing rescan of /system/media/audio/notifications/pixiedust.oggsince ringtone setting didn't finish
01-01 00:01:27.557 1055 1427 W MediaProvider: Missing volume for /system/media/audio/notifications; assuming invalid
01-01 00:01:27.594 1055 1427 W MediaProvider: Missing volume for /system/media/audio/alarms/Alarm_Rooster_02.ogg; assuming invalid
01-01 00:01:27.597 1055 1427 W MediaProvider: Missing volume for /system/media/audio/alarms/Argon.ogg; assuming invalid
01-01 00:01:27.599 1055 1427 W MediaProvider: Missing volume for /system/media/audio/alarms/Barium.ogg; assuming invalid
01-01 00:01:27.601 1055 1427 W MediaProvider: Missing volume for /system/media/audio/alarms/Carbon.ogg; assuming invalid
01-01 00:01:27.611 1055 1427 W MediaProvider: Missing volume for /system/media/audio/alarms/Cesium.ogg; assuming invalid
01-01 00:01:27.613 1055 1427 W MediaProvider: Missing volume for /system/media/audio/alarms/Fermium.ogg; assuming invalid
01-01 00:01:27.616 1055 1427 W MediaProvider: Missing volume for /system/media/audio/alarms/Hassium.ogg; assuming invalid
01-01 00:01:27.618 1055 1427 W MediaProvider: Missing volume for /system/media/audio/alarms/Helium.ogg; assuming invalid
01-01 00:01:27.621 1055 1427 W MediaProvider: Missing volume for /system/media/audio/alarms/Krypton.ogg; assuming invalid
01-01 00:01:27.623 1055 1427 W MediaProvider: Missing volume for /system/media/audio/alarms/Neon.ogg; assuming invalid
01-01 00:01:27.626 1055 1427 W MediaProvider: Missing volume for /system/media/audio/alarms/Neptunium.ogg; assuming invalid
01-01 00:01:27.630 1055 1427 W MediaProvider: Missing volume for /system/media/audio/alarms/Nobelium.ogg; assuming invalid
01-01 00:01:27.643 1055 1427 W MediaProvider: Missing volume for /system/media/audio/alarms/Osmium.ogg; assuming invalid
01-01 00:01:27.646 1055 1427 W MediaProvider: Missing volume for /system/media/audio/alarms/Oxygen.ogg; assuming invalid
01-01 00:01:27.649 1055 1427 W MediaProvider: Missing volume for /system/media/audio/alarms/Platinum.ogg; assuming invalid
01-01 00:01:27.654 1055 1427 W MediaProvider: Missing volume for /system/media/audio/alarms/Plutonium.ogg; assuming invalid
01-01 00:01:27.656 1055 1427 W MediaProvider: Missing volume for /system/media/audio/alarms/Promethium.ogg; assuming invalid
01-01 00:01:27.658 1055 1427 W MediaProvider: Missing volume for /system/media/audio/alarms/Scandium.ogg; assuming invalid
01-01 00:01:27.663 1055 1427 W MediaProvider: Missing volume for /system/media/audio/notifications/Adara.ogg; assuming invalid
01-01 00:01:27.666 1055 1427 W MediaProvider: Missing volume for /system/media/audio/notifications/Aldebaran.ogg; assuming invalid
01-01 00:01:27.668 1055 1427 W MediaProvider: Missing volume for /system/media/audio/notifications/Altair.ogg; assuming invalid
01-01 00:01:27.670 1055 1427 W MediaProvider: Missing volume for /system/media/audio/notifications/Alya.ogg; assuming invalid
01-01 00:01:27.672 1055 1427 W MediaProvider: Missing volume for /system/media/audio/notifications/Antares.ogg; assuming invalid
01-01 00:01:27.674 1055 1427 W MediaProvider: Missing volume for /system/media/audio/notifications/Antimony.ogg; assuming invalid
01-01 00:01:27.677 1055 1427 W MediaProvider: Missing volume for /system/media/audio/notifications/Arcturus.ogg; assuming invalid
01-01 00:01:27.681 1055 1427 W MediaProvider: Missing volume for /system/media/audio/notifications/Argon.ogg; assuming invalid
01-01 00:01:27.685 1055 1427 W MediaProvider: Missing volume for /system/media/audio/notifications/Beat_Box_Android.ogg; assuming invalid
01-01 00:01:27.688 1055 1427 W MediaProvider: Missing volume for /system/media/audio/notifications/Bellatrix.ogg; assuming invalid
01-01 00:01:27.690 1055 1427 W MediaProvider: Missing volume for /system/media/audio/notifications/Beryllium.ogg; assuming invalid
01-01 00:01:27.691 212 1429 E MetadataRetrieverClient: failed to extract an album art
01-01 00:01:27.693 1055 1427 W MediaProvider: Missing volume for /system/media/audio/notifications/Betelgeuse.ogg; assuming invalid
01-01 00:01:27.696 1055 1427 W MediaProvider: Missing volume for /system/media/audio/notifications/CaffeineSnake.ogg; assuming invalid
01-01 00:01:27.698 1055 1427 W MediaProvider: Missing volume for /system/media/audio/notifications/Canopus.ogg; assuming invalid
01-01 00:01:27.700 1055 1427 W MediaProvider: Missing volume for /system/media/audio/notifications/Capella.ogg; assuming invalid
01-01 00:01:27.702 1055 1427 W MediaProvider: Missing volume for /system/media/audio/notifications/Castor.ogg; assuming invalid
01-01 00:01:27.704 1055 1427 W MediaProvider: Missing volume for /system/media/audio/notifications/CetiAlpha.ogg; assuming invalid
01-01 00:01:27.706 1055 1427 W MediaProvider: Missing volume for /system/media/audio/notifications/Cobalt.ogg; assuming invalid
01-01 00:01:27.709 1055 1427 W MediaProvider: Missing volume for /system/media/audio/notifications/Cricket.ogg; assuming invalid
01-01 00:01:27.710 1055 1427 W MediaProvider: Missing volume for /system/media/audio/notifications/DearDeer.ogg; assuming invalid
01-01 00:01:27.712 1055 1427 W MediaProvider: Missing volume for /system/media/audio/notifications/Deneb.ogg; assuming invalid
01-01 00:01:27.713 1055 1427 W MediaProvider: Missing volume for /system/media/audio/notifications/Doink.ogg; assuming invalid
01-01 00:01:27.715 1055 1427 W MediaProvider: Missing volume for /system/media/audio/notifications/DontPanic.ogg; assuming invalid
01-01 00:01:27.716 1055 1427 W MediaProvider: Missing volume for /system/media/audio/notifications/Drip.ogg; assuming invalid
01-01 00:01:27.717 1055 1427 W MediaProvider: Missing volume for /system/media/audio/notifications/Electra.ogg; assuming invalid
01-01 00:01:27.720 1055 1427 W MediaProvider: Missing volume for /system/media/audio/notifications/F1_MissedCall.ogg; assuming invalid
01-01 00:01:27.722 1055 1427 W MediaProvider: Missing volume for /system/media/audio/notifications/F1_New_MMS.ogg; assuming invalid
01-01 00:01:27.724 1055 1427 W MediaProvider: Missing volume for /system/media/audio/notifications/F1_New_SMS.ogg; assuming invalid
01-01 00:01:27.726 1055 1427 W MediaProvider: Missing volume for /system/media/audio/notifications/Fluorine.ogg; assuming invalid
01-01 00:01:27.727 1055 1427 W MediaProvider: Missing volume for /system/media/audio/notifications/Fomalhaut.ogg; assuming invalid
01-01 00:01:27.729 1055 1427 W MediaProvider: Missing volume for /system/media/audio/notifications/Gallium.ogg; assuming invalid
01-01 00:01:27.735 1055 1427 W MediaProvider: Missing volume for /system/media/audio/notifications/Heaven.ogg; assuming invalid
01-01 00:01:27.738 1055 1427 W MediaProvider: Missing volume for /system/media/audio/notifications/Helium.ogg; assuming invalid
01-01 00:01:27.739 1055 1427 W MediaProvider: Missing volume for /system/media/audio/notifications/Highwire.ogg; assuming invalid
01-01 00:01:27.741 1055 1427 W MediaProvider: Missing volume for /system/media/audio/notifications/Hojus.ogg; assuming invalid
01-01 00:01:27.743 1055 1427 W MediaProvider: Missing volume for /system/media/audio/notifications/Iridium.ogg; assuming invalid
01-01 00:01:27.746 1055 1427 W MediaProvider: Missing volume for /system/media/audio/notifications/Krypton.ogg; assuming invalid
01-01 00:01:27.747 1055 1427 W MediaProvider: Missing volume for /system/media/audio/notifications/KzurbSonar.ogg; assuming invalid
01-01 00:01:27.749 1055 1427 W MediaProvider: Missing volume for /system/media/audio/notifications/Lalande.ogg; assuming invalid
01-01 00:01:27.752 1055 1427 W MediaProvider: Missing volume for /system/media/audio/notifications/Merope.ogg; assuming invalid
01-01 00:01:27.758 1055 1427 W MediaProvider: Missing volume for /system/media/audio/notifications/Mira.ogg; assuming invalid
01-01 00:01:27.760 1055 1427 W MediaProvider: Missing volume for /system/media/audio/notifications/OnTheHunt.ogg; assuming invalid
01-01 00:01:27.762 1055 1427 W MediaProvider: Missing volume for /system/media/audio/notifications/Palladium.ogg; assuming invalid
01-01 00:01:27.765 1055 1427 W MediaProvider: Missing volume for /system/media/audio/notifications/Plastic_Pipe.ogg; assuming invalid
01-01 00:01:27.768 1055 1427 W MediaProvider: Missing volume for /system/media/audio/notifications/Polaris.ogg; assuming invalid
01-01 00:01:27.772 1055 1427 W MediaProvider: Missing volume for /system/media/audio/notifications/Pollux.ogg; assuming invalid
01-01 00:01:27.774 1055 1427 W MediaProvider: Missing volume for /system/media/audio/notifications/Procyon.ogg; assuming invalid
01-01 00:01:27.781 1055 1427 W MediaProvider: Missing volume for /system/media/audio/notifications/Proxima.ogg; assuming invalid
01-01 00:01:27.783 1055 1427 W MediaProvider: Missing volume for /system/media/audio/notifications/Radon.ogg; assuming invalid
01-01 00:01:27.786 1055 1427 W MediaProvider: Missing volume for /system/media/audio/notifications/Rubidium.ogg; assuming invalid
01-01 00:01:27.791 1055 1427 W MediaProvider: Missing volume for /system/media/audio/notifications/Selenium.ogg; assuming invalid
01-01 00:01:27.791 1055 1064 I zygote : Do partial code cache collection, code=30KB, data=29KB
01-01 00:01:27.792 212 802 E MetadataRetrieverClient: failed to extract an album art
01-01 00:01:27.793 1055 1064 I zygote : After code cache collection, code=30KB, data=29KB
01-01 00:01:27.793 1055 1064 I zygote : Increasing code cache capacity to 128KB
01-01 00:01:27.796 1055 1427 W MediaProvider: Missing volume for /system/media/audio/notifications/Shaula.ogg; assuming invalid
01-01 00:01:27.799 1055 1427 W MediaProvider: Missing volume for /system/media/audio/notifications/Sirrah.ogg; assuming invalid
01-01 00:01:27.801 1055 1427 W MediaProvider: Missing volume for /system/media/audio/notifications/SpaceSeed.ogg; assuming invalid
01-01 00:01:27.803 1055 1427 W MediaProvider: Missing volume for /system/media/audio/notifications/Spica.ogg; assuming invalid
01-01 00:01:27.805 1055 1427 W MediaProvider: Missing volume for /system/media/audio/notifications/Strontium.ogg; assuming invalid
01-01 00:01:27.807 1055 1427 W MediaProvider: Missing volume for /system/media/audio/notifications/Syrma.ogg; assuming invalid
01-01 00:01:27.809 1055 1427 W MediaProvider: Missing volume for /system/media/audio/notifications/TaDa.ogg; assuming invalid
01-01 00:01:27.812 1055 1427 W MediaProvider: Missing volume for /system/media/audio/notifications/Talitha.ogg; assuming invalid
01-01 00:01:27.814 1055 1427 W MediaProvider: Missing volume for /system/media/audio/notifications/Tejat.ogg; assuming invalid
01-01 00:01:27.816 1055 1427 W MediaProvider: Missing volume for /system/media/audio/notifications/Thallium.ogg; assuming invalid
01-01 00:01:27.818 1055 1427 W MediaProvider: Missing volume for /system/media/audio/notifications/Tinkerbell.ogg; assuming invalid
01-01 00:01:27.821 1055 1427 W MediaProvider: Missing volume for /system/media/audio/notifications/Upsilon.ogg; assuming invalid
01-01 00:01:27.823 1055 1427 W MediaProvider: Missing volume for /system/media/audio/notifications/Vega.ogg; assuming invalid
01-01 00:01:27.824 1055 1427 W MediaProvider: Missing volume for /system/media/audio/notifications/Voila.ogg; assuming invalid
01-01 00:01:27.827 1055 1427 W MediaProvider: Missing volume for /system/media/audio/notifications/Xenon.ogg; assuming invalid
01-01 00:01:27.830 1055 1427 W MediaProvider: Missing volume for /system/media/audio/notifications/Zirconium.ogg; assuming invalid
01-01 00:01:27.832 1055 1427 W MediaProvider: Missing volume for /system/media/audio/notifications/arcturus.ogg; assuming invalid
01-01 00:01:27.833 1055 1427 E SQLiteDatabase: Error inserting title_key parent=10 is_music=false title=Arcturus _size=7908 duration=1000 bucket_id=-1608219629 is_alarm=false album_artist=null media_type=2 storage_id=0 is_notification=true track=2 bucket_display_name=notifications _data=/system/media/audio/notifications/arcturus.ogg is_drm=false _display_name=arcturus.ogg composer=null format=47362 is_ringtone=false artist_id=2 is_podcast=false date_added=87 date_modified=1512244732 mime_type=application/ogg album_id=2
01-01 00:01:27.833 1055 1427 E SQLiteDatabase: android.database.sqlite.SQLiteConstraintException: UNIQUE constraint failed: files._data (code 2067)
01-01 00:01:27.833 1055 1427 E SQLiteDatabase: at android.database.sqlite.SQLiteConnection.nativeExecuteForLastInsertedRowId(Native Method)
01-01 00:01:27.833 1055 1427 E SQLiteDatabase: at android.database.sqlite.SQLiteConnection.executeForLastInsertedRowId(SQLiteConnection.java:782)
01-01 00:01:27.833 1055 1427 E SQLiteDatabase: at android.database.sqlite.SQLiteSession.executeForLastInsertedRowId(SQLiteSession.java:788)
01-01 00:01:27.833 1055 1427 E SQLiteDatabase: at android.database.sqlite.SQLiteStatement.executeInsert(SQLiteStatement.java:86)
01-01 00:01:27.833 1055 1427 E SQLiteDatabase: at android.database.sqlite.SQLiteDatabase.insertWithOnConflict(SQLiteDatabase.java:1474)
01-01 00:01:27.833 1055 1427 E SQLiteDatabase: at android.database.sqlite.SQLiteDatabase.insert(SQLiteDatabase.java:1343)
01-01 00:01:27.833 1055 1427 E SQLiteDatabase: at com.android.providers.media.MediaProvider.insertFile(MediaProvider.java:2260)
01-01 00:01:27.833 1055 1427 E SQLiteDatabase: at com.android.providers.media.MediaProvider.insertInternal(MediaProvider.java:2493)
01-01 00:01:27.833 1055 1427 E SQLiteDatabase: at com.android.providers.media.MediaProvider.bulkInsert(MediaProvider.java:1866)
01-01 00:01:27.833 1055 1427 E SQLiteDatabase: at android.content.ContentProvider$Transport.bulkInsert(ContentProvider.java:282)
01-01 00:01:27.833 1055 1427 E SQLiteDatabase: at android.content.ContentProviderClient.bulkInsert(ContentProviderClient.java:290)
01-01 00:01:27.833 1055 1427 E SQLiteDatabase: at android.media.MediaInserter.flush(MediaInserter.java:91)
01-01 00:01:27.833 1055 1427 E SQLiteDatabase: at android.media.MediaInserter.flushAll(MediaInserter.java:74)
01-01 00:01:27.833 1055 1427 E SQLiteDatabase: at android.media.MediaScanner$MyMediaScannerClient.endFile(MediaScanner.java:1053)
01-01 00:01:27.833 1055 1427 E SQLiteDatabase: at android.media.MediaScanner$MyMediaScannerClient.doScanFile(MediaScanner.java:653)
01-01 00:01:27.833 1055 1427 E SQLiteDatabase: at android.media.MediaScanner$MyMediaScannerClient.scanFile(MediaScanner.java:580)
01-01 00:01:27.833 1055 1427 E SQLiteDatabase: at android.media.MediaScanner.processDirectory(Native Method)
01-01 00:01:27.833 1055 1427 E SQLiteDatabase: at android.media.MediaScanner.scanDirectories(MediaScanner.java:1403)
01-01 00:01:27.833 1055 1427 E SQLiteDatabase: at com.android.providers.media.MediaScannerService.scan(MediaScannerService.java:82)
01-01 00:01:27.833 1055 1427 E SQLiteDatabase: at com.android.providers.media.MediaScannerService.-wrap1(Unknown Source:0)
01-01 00:01:27.833 1055 1427 E SQLiteDatabase: at com.android.providers.media.MediaScannerService$ServiceHandler.handleMessage(MediaScannerService.java:252)
01-01 00:01:27.833 1055 1427 E SQLiteDatabase: at android.os.Handler.dispatchMessage(Handler.java:105)
01-01 00:01:27.833 1055 1427 E SQLiteDatabase: at android.os.Looper.loop(Looper.java:164)
01-01 00:01:27.833 1055 1427 E SQLiteDatabase: at com.android.providers.media.MediaScannerService.run(MediaScannerService.java:161)
01-01 00:01:27.833 1055 1427 E SQLiteDatabase: at java.lang.Thread.run(Thread.java:764)
01-01 00:01:27.836 1055 1427 W MediaProvider: Missing volume for /system/media/audio/notifications/moonbeam.ogg; assuming invalid
01-01 00:01:27.856 1055 1427 W MediaProvider: Missing volume for /system/media/audio/notifications/pixiedust.ogg; assuming invalid
01-01 00:01:27.875 1055 1427 I MediaScanner: forcing rescan of /system/media/audio/notifications/pizzicato.ogg since build fingerprint changed
01-01 00:01:27.890 1055 1427 I MediaScanner: forcing rescan of /system/media/audio/notifications/regulus.ogg since build fingerprint changed
01-01 00:01:27.906 1055 1427 I MediaScanner: forcing rescan of /system/media/audio/notifications/sirius.ogg since build fingerprint changed
01-01 00:01:27.921 1055 1427 I MediaScanner: forcing rescan of /system/media/audio/notifications/tweeters.ogg since build fingerprint changed
01-01 00:01:27.940 1055 1427 I MediaScanner: forcing rescan of /system/media/audio/notifications/vega.ogg since build fingerprint changed
01-01 00:01:27.970 1055 1427 I MediaScanner: forcing rescan of /system/media/audio/ringtones/ANDROMEDA.ogg since build fingerprint changed
01-01 00:01:27.985 1055 1427 I MediaScanner: forcing rescan of /system/media/audio/ringtones/Andromeda.ogg since build fingerprint changed
01-01 00:01:27.999 1055 1427 I MediaScanner: forcing rescan of /system/media/audio/ringtones/Aquila.ogg since build fingerprint changed
01-01 00:01:28.014 1055 1427 I MediaScanner: forcing rescan of /system/media/audio/ringtones/ArgoNavis.ogg since build fingerprint changed
01-01 00:01:28.044 1055 1427 I MediaScanner: forcing rescan of /system/media/audio/ringtones/Atria.ogg since build fingerprint changed
01-01 00:01:28.067 1055 1427 I MediaScanner: forcing rescan of /system/media/audio/ringtones/BOOTES.ogg since build fingerprint changed
01-01 00:01:28.109 1055 1427 I MediaScanner: forcing rescan of /system/media/audio/ringtones/Backroad.ogg since build fingerprint changed
01-01 00:01:28.125 1055 1427 I MediaScanner: forcing rescan of /system/media/audio/ringtones/BeatPlucker.ogg since build fingerprint changed
01-01 00:01:28.140 1055 1427 I MediaScanner: forcing rescan of /system/media/audio/ringtones/BentleyDubs.ogg since build fingerprint changed
