01-01 00:00:30.742 320 320 D SystemServerTiming: StartKeyAttestationApplicationIdProviderService took to complete: 27ms
01-01 00:00:30.742 320 320 I SystemServer: StartKeyChainSystemService
01-01 00:00:30.752 320 320 I SystemServiceManager: Starting com.android.server.security.KeyChainSystemService
01-01 00:00:30.753 320 320 D SystemServerTiming: StartKeyChainSystemService took to complete: 11ms
01-01 00:00:30.753 320 320 I SystemServer: StartSchedulingPolicyService
01-01 00:00:30.756 320 320 D SystemServerTiming: StartSchedulingPolicyService took to complete: 3ms
01-01 00:00:30.756 320 320 I SystemServer: StartTelecomLoaderService
01-01 00:00:30.757 320 320 I SystemServiceManager: Starting com.android.server.telecom.TelecomLoaderService
01-01 00:00:30.757 320 320 D SystemServerTiming: StartTelecomLoaderService took to complete: 1ms
01-01 00:00:30.757 320 320 I SystemServer: StartTelephonyRegistry
01-01 00:00:30.768 320 320 D SystemServerTiming: StartTelephonyRegistry took to complete: 11ms
01-01 00:00:30.768 320 320 I SystemServer: StartEntropyMixer
01-01 00:00:30.769 320 320 W EntropyMixer: No existing entropy file -- first boot?
01-01 00:00:30.771 320 320 I EntropyMixer: Writing entropy...
01-01 00:00:30.797 153 153 W /system/bin/hwservicemanager: getTransportFromManifest: Cannot find entry android.hardware.sensors@1.0::ISensors in either framework or device manifest, using default transport.
01-01 00:00:30.840 320 320 D SystemServerTiming: StartEntropyMixer took to complete: 72ms
01-01 00:00:30.841 320 320 I SystemServer: Camera Service Proxy
01-01 00:00:30.841 320 320 I SystemServer: StartCameraServiceProxy
01-01 00:00:30.841 320 320 I SystemServiceManager: Starting com.android.server.camera.CameraServiceProxy
01-01 00:00:30.850 320 370 I ServiceThread: Enabled StrictMode logging for CameraService_proxy looper.
01-01 00:00:30.852 320 320 D SystemServerTiming: StartCameraServiceProxy took to complete: 11ms
01-01 00:00:30.852 320 320 I SystemServer: StartAccountManagerService
01-01 00:00:30.856 320 320 I SystemServiceManager: Starting com.android.server.accounts.AccountManagerService$Lifecycle
01-01 00:00:30.886 320 320 D SystemServerTiming: StartAccountManagerService took to complete: 34ms
01-01 00:00:30.886 320 320 I SystemServer: StartContentService
01-01 00:00:30.889 320 320 I SystemServiceManager: Starting com.android.server.content.ContentService$Lifecycle
01-01 00:00:30.893 320 320 D SystemServerTiming: StartContentService took to complete: 7ms
01-01 00:00:30.893 320 320 I SystemServer: InstallSystemProviders
01-01 00:00:30.899 153 153 W /system/bin/hwservicemanager: getTransportFromManifest: Cannot find entry android.hardware.sensors@1.0::ISensors in either framework or device manifest, using default transport.
01-01 00:00:31.001 153 153 W /system/bin/hwservicemanager: getTransportFromManifest: Cannot find entry android.hardware.sensors@1.0::ISensors in either framework or device manifest, using default transport.
01-01 00:00:31.102 153 153 W /system/bin/hwservicemanager: getTransportFromManifest: Cannot find entry android.hardware.sensors@1.0::ISensors in either framework or device manifest, using default transport.
01-01 00:00:31.204 153 153 W /system/bin/hwservicemanager: getTransportFromManifest: Cannot find entry android.hardware.sensors@1.0::ISensors in either framework or device manifest, using default transport.
01-01 00:00:31.305 153 153 W /system/bin/hwservicemanager: getTransportFromManifest: Cannot find entry android.hardware.sensors@1.0::ISensors in either framework or device manifest, using default transport.
01-01 00:00:31.349 320 320 I SettingsState: No settings state /data/system/users/0/settings_system.xml
01-01 00:00:31.375 320 320 I SettingsState: No settings state /data/system/users/0/settings_secure.xml
01-01 00:00:31.377 320 320 D SettingsProvider: Generated and saved new ANDROID_ID [6fa8adea34c8b5b6] for user 0
01-01 00:00:31.401 320 320 I SettingsState: No settings state /data/system/users/0/settings_global.xml
01-01 00:00:31.406 153 153 W /system/bin/hwservicemanager: getTransportFromManifest: Cannot find entry android.hardware.sensors@1.0::ISensors in either framework or device manifest, using default transport.
01-01 00:00:31.445 320 320 D SettingsProvider: Setting [] as Autofill Service for user 0
01-01 00:00:31.493 207 362 W installd: Requested default storage /data/user_de/0/com.android.providers.blockednumber is not active; migrating from /data/data/com.android.providers.blockednumber
01-01 00:00:31.508 153 153 W /system/bin/hwservicemanager: getTransportFromManifest: Cannot find entry android.hardware.sensors@1.0::ISensors in either framework or device manifest, using default transport.
01-01 00:00:31.519 320 369 D SystemServerTimingAsync: StartSensorService took to complete: 926ms
01-01 00:00:31.519 320 369 D SystemServerInitThreadPool: Finished executing StartSensorService
01-01 00:00:31.531 320 320 I SettingsState: No settings state /data/system/users/0/settings_ssaid.xml
01-01 00:00:31.537 320 320 D SystemServerTiming: InstallSystemProviders took to complete: 644ms
01-01 00:00:31.537 320 320 I SystemServer: StartVibratorService
01-01 00:00:31.538 153 153 W /system/bin/hwservicemanager: getTransportFromManifest: Cannot find entry android.hardware.vibrator@1.0::IVibrator in either framework or device manifest, using default transport.
01-01 00:00:31.541 320 320 D SystemServerTiming: StartVibratorService took to complete: 4ms
01-01 00:00:31.541 320 320 I SystemServer: StartConsumerIrService
01-01 00:00:31.542 153 153 W /system/bin/hwservicemanager: getTransportFromManifest: Cannot find entry android.hardware.ir@1.0::IConsumerIr in either framework or device manifest, using default transport.
01-01 00:00:31.543 320 320 D SystemServerTiming: StartConsumerIrService took to complete: 2ms
01-01 00:00:31.543 320 320 I SystemServer: StartAlarmManagerService
01-01 00:00:31.543 320 320 I SystemServiceManager: Starting com.android.server.AlarmManagerService
01-01 00:00:31.553 320 320 D SystemServerTiming: StartAlarmManagerService took to complete: 10ms
01-01 00:00:31.554 320 320 I SystemServer: InitWatchdog
01-01 00:00:31.554 320 320 D SystemServerTiming: InitWatchdog took to complete: 0ms
01-01 00:00:31.554 320 320 I SystemServer: StartInputManagerService
01-01 00:00:31.557 320 320 I InputManager: Initializing input manager, mUseDevInputEventForAudioJack=false
01-01 00:00:31.558 320 320 D SystemServerTiming: StartInputManagerService took to complete: 4ms
01-01 00:00:31.558 320 320 I SystemServer: StartWindowManagerService
01-01 00:00:31.568 207 362 W installd: Requested default storage /data/user_de/0/com.android.bluetooth is not active; migrating from /data/data/com.android.bluetooth
01-01 00:00:31.609 320 363 D SystemServerTimingAsync: AppDataPrepare took to complete: 1959ms
01-01 00:00:31.609 320 363 I PackageManager: Deferred reconcileAppsData finished 71 packages
01-01 00:00:31.609 320 363 D SystemServerInitThreadPool: Finished executing prepareAppData
01-01 00:00:31.648 320 343 I WindowManager: No existing display settings /data/system/display_settings.xml; starting empty
01-01 00:00:33.647 320 336 W Looper : Dispatch took 632ms on android.ui, h=Handler (android.os.Handler) {258e5ba} cb=android.os.Handler$BlockingRunnable@db4ac6b msg=0
01-01 00:00:33.651 320 320 D SystemServerTiming: StartWindowManagerService took to complete: 2093ms
01-01 00:00:33.651 320 320 I SystemServer: StartVrManagerService
01-01 00:00:33.651 320 368 D SystemServerInitThreadPool: Started executing StartHidlServices
01-01 00:00:33.651 320 368 I SystemServer: StartHidlServices
01-01 00:00:33.651 320 320 I SystemServiceManager: Starting com.android.server.vr.VrManagerService
01-01 00:00:33.655 153 153 W /system/bin/hwservicemanager: getTransportFromManifest: Cannot find entry android.hardware.vr@1.0::IVr in either framework or device manifest, using default transport.
01-01 00:00:33.656 320 368 D SystemServerTiming: StartHidlServices took to complete: 5ms
01-01 00:00:33.656 320 368 D SystemServerInitThreadPool: Finished executing StartHidlServices
01-01 00:00:33.657 320 320 D SystemServerTiming: StartVrManagerService took to complete: 6ms
01-01 00:00:33.657 320 320 I SystemServer: SetWindowManagerService
01-01 00:00:33.745 320 320 D SystemServerTiming: SetWindowManagerService took to complete: 88ms
01-01 00:00:33.745 320 320 I SystemServer: StartInputManager
01-01 00:00:33.745 320 320 I InputManager: Starting input manager
01-01 00:00:33.748 320 320 D SystemServerTiming: StartInputManager took to complete: 3ms
01-01 00:00:33.748 320 320 I SystemServer: DisplayManagerWindowManagerAndInputReady
01-01 00:00:33.748 320 320 D SystemServerTiming: DisplayManagerWindowManagerAndInputReady took to complete: 0ms
01-01 00:00:33.748 320 320 I SystemServer: No Bluetooth Service (Bluetooth Hardware Not Present)
01-01 00:00:33.748 320 320 I SystemServer: IpConnectivityMetrics
01-01 00:00:33.749 320 320 I SystemServiceManager: Starting com.android.server.connectivity.IpConnectivityMetrics
01-01 00:00:33.750 320 381 I chatty : uid=1000(system) InputReader expire 10 lines
01-01 00:00:33.752 320 320 D SystemServerTiming: IpConnectivityMetrics took to complete: 4ms
01-01 00:00:33.752 320 320 I SystemServer: PinnerService
01-01 00:00:33.753 320 320 I SystemServiceManager: Starting com.android.server.PinnerService
01-01 00:00:33.754 320 320 D SystemServerTiming: PinnerService took to complete: 1ms
01-01 00:00:33.754 320 320 I SystemServer: StartInputMethodManagerLifecycle
01-01 00:00:33.754 320 320 I SystemServiceManager: Starting com.android.server.InputMethodManagerService$Lifecycle
01-01 00:00:33.786 320 320 D SystemServerTiming: StartInputMethodManagerLifecycle took to complete: 32ms
01-01 00:00:33.786 320 320 I SystemServer: StartAccessibilityManagerService
01-01 00:00:33.793 320 320 D SystemServerTiming: StartAccessibilityManagerService took to complete: 7ms
01-01 00:00:33.793 320 320 I SystemServer: MakeDisplayReady
01-01 00:00:33.795 320 320 I ActivityManager: Config changes=5df8 {1.0 ?mcc?mnc [en_US] ldltr sw533dp w853dp h533dp 240dpi lrg land ?uimode ?night -touch -keyb/h/h -nav/h appBounds=Rect(0, 0 - 1280, 800) s.2}
01-01 00:00:33.798 320 320 I ActivityManager: Override config changes=40007dfc {1.0 ?mcc?mnc [en_US] ldltr sw533dp w853dp h533dp 240dpi lrg land ?uimode ?night -touch -keyb/h/h -nav/h appBounds=Rect(0, 0 - 1280, 800) s.2} for displayId=0
01-01 00:00:33.805 320 334 I UsageStatsDatabase: Upgrading from version 0 to 3
01-01 00:00:33.805 320 334 I UsageStatsDatabase: Deleting all usage stats files
01-01 00:00:33.810 320 334 I UsageStatsService: User[0] Rollover scheduled @ 1970-01-02 00:00:33(86433799)
01-01 00:00:33.810 320 334 D UsageStatsService: Initializing defaults for system apps on user 0
01-01 00:00:33.814 320 334 E AppIdleHistory: Unable to read app idle file for user 0
01-01 00:00:33.819 320 320 I ActivityManager: Config changes=400 {1.0 ?mcc?mnc [en_US] ldltr sw533dp w805dp h509dp 240dpi lrg land ?uimode ?night -touch -keyb/h/h -nav/h appBounds=Rect(0, 0 - 1208, 800) s.3}
01-01 00:00:33.822 320 320 I ActivityManager: Override config changes=400 {1.0 ?mcc?mnc [en_US] ldltr sw533dp w805dp h509dp 240dpi lrg land ?uimode ?night -touch -keyb/h/h -nav/h appBounds=Rect(0, 0 - 1208, 800) s.3} for displayId=0
01-01 00:00:33.824 320 320 D SystemServerTiming: MakeDisplayReady took to complete: 31ms
01-01 00:00:33.825 320 320 I SystemServer: StartStorageManagerService
01-01 00:00:33.825 320 320 I SystemServiceManager: Starting com.android.server.StorageManagerService$Lifecycle
01-01 00:00:33.834 320 320 D SystemServerTiming: StartStorageManagerService took to complete: 9ms
01-01 00:00:33.834 320 320 I SystemServer: StartStorageStatsService
01-01 00:00:33.834 320 320 I SystemServiceManager: Starting com.android.server.usage.StorageStatsService$Lifecycle
01-01 00:00:33.836 320 382 D StorageManagerService: Thinking about init, mSystemReady=false, mDaemonConnected=true
01-01 00:00:33.836 320 382 D StorageManagerService: Thinking about reset, mSystemReady=false, mDaemonConnected=true
01-01 00:00:33.836 320 382 D StorageManagerService: Thinking about init, mSystemReady=false, mDaemonConnected=true
01-01 00:00:33.836 320 382 D StorageManagerService: Thinking about reset, mSystemReady=false, mDaemonConnected=true
01-01 00:00:33.836 320 382 D CryptdConnector: SND -> {1 cryptfs getfield SystemLocale}
01-01 00:00:33.839 320 320 D SystemServerTiming: StartStorageStatsService took to complete: 5ms
01-01 00:00:33.839 320 320 I SystemServer: StartUiModeManager
01-01 00:00:33.839 320 320 I SystemServiceManager: Starting com.android.server.UiModeManagerService
01-01 00:00:33.842 320 384 D CryptdConnector: RCV <- {200 1 -1}
01-01 00:00:33.843 320 382 W StorageManagerService: No primary storage mounted!
01-01 00:00:33.843 320 382 D VoldConnector: SND -> {1 asec list}
01-01 00:00:33.844 320 383 D VoldConnector: RCV <- {200 1 asec operation succeeded}
01-01 00:00:33.844 320 382 I chatty : uid=1000(system) StorageManagerS expire 1 line
01-01 00:00:33.847 320 333 D SystemServerInitThreadPool: Started executing UiModeManager.onStart
01-01 00:00:33.848 320 333 I ActivityManager: Config changes=200 {1.0 ?mcc?mnc [en_US] ldltr sw533dp w805dp h509dp 240dpi lrg land car -touch -keyb/h/h -nav/h appBounds=Rect(0, 0 - 1208, 800) s.4}
01-01 00:00:33.850 320 320 D SystemServerTiming: StartUiModeManager took to complete: 11ms
01-01 00:00:33.851 320 320 I SystemServer: UpdatePackagesIfNeeded
01-01 00:00:34.299 320 381 I InputReader: Device added: id=2, name='gpio_keys', sources=0x00000101
01-01 00:00:34.300 320 381 I InputReader: Touch device 'LDC 3001 TouchScreen Controller' could not query the properties of its associated display. The device will be inoperable until the display size becomes available.
01-01 00:00:34.300 320 381 I InputReader: Device added: id=1, name='LDC 3001 TouchScreen Controller', sources=0x00001002
01-01 00:00:34.301 320 381 I InputReader: Reconfiguring input devices. changes=0x00000004
01-01 00:00:34.301 320 381 I InputReader: Device reconfigured: id=1, name='LDC 3001 TouchScreen Controller', size 1280x800, orientation 0, mode 1, display id 0
01-01 00:00:34.683 320 334 W zygote : Long monitor contention with owner StorageManagerService (382) at void com.android.server.pm.PackageManagerService.loadMediaPackages(android.util.ArrayMap, int[], boolean)(PackageManagerService.java:22792) waiters=0 in boolean com.android.server.pm.PackageManagerService$PackageManagerInternalImpl.isPackageEphemeral(int, java.lang.String) for 832ms
01-01 00:00:34.683 320 320 W zygote : Long monitor contention with owner StorageManagerService (382) at void com.android.server.pm.PackageManagerService.loadMediaPackages(android.util.ArrayMap, int[], boolean)(PackageManagerService.java:22792) waiters=1 in void com.android.server.pm.PackageManagerService.updatePackagesIfNeeded() for 832ms
01-01 00:00:34.688 320 333 W zygote : Long monitor contention with owner StorageManagerService (382) at void com.android.server.pm.PackageManagerService.loadMediaPackages(android.util.ArrayMap, int[], boolean)(PackageManagerService.java:22792) waiters=2 in boolean com.android.server.pm.PackageManagerService.isProtectedBroadcast(java.lang.String) for 836ms
01-01 00:00:34.688 320 333 I ActivityManager: Override config changes=200 {1.0 ?mcc?mnc [en_US] ldltr sw533dp w805dp h509dp 240dpi lrg land car -touch -keyb/h/h -nav/h appBounds=Rect(0, 0 - 1208, 800) s.4} for displayId=0
01-01 00:00:34.689 320 382 W StorageManagerService: No primary storage defined yet; hacking together a stub
01-01 00:00:34.690 320 382 W StorageManagerService: No primary storage defined yet; hacking together a stub
01-01 00:00:34.691 320 333 D SystemServerInitThreadPool: Finished executing UiModeManager.onStart
01-01 00:00:34.691 320 382 W StorageManagerService: No primary storage mounted!
01-01 00:00:34.691 320 382 D VoldConnector: SND -> {2 asec list}
01-01 00:00:34.692 320 383 D VoldConnector: RCV <- {200 2 asec operation succeeded}
01-01 00:00:34.696 320 380 W zygote : Long monitor contention with owner system-server-init-thread1 (333) at boolean com.android.server.am.ActivityManagerService.updateConfiguration(android.content.res.Configuration)(ActivityManagerService.java:20154) waiters=0 in boolean com.android.server.am.ActivityManagerService.updateDisplayOverrideConfiguration(android.content.res.Configuration, int) for 390ms
01-01 00:00:34.696 320 380 I ActivityManager: Config changes=8 {1.0 ?mcc?mnc [en_US] ldltr sw533dp w805dp h509dp 240dpi lrg land car finger -keyb/h/h -nav/h appBounds=Rect(0, 0 - 1208, 800) s.5}
01-01 00:00:34.701 320 380 I ActivityManager: Override config changes=8 {1.0 ?mcc?mnc [en_US] ldltr sw533dp w805dp h509dp 240dpi lrg land car finger -keyb/h/h -nav/h appBounds=Rect(0, 0 - 1208, 800) s.5} for displayId=0
01-01 00:00:34.762 320 320 I PackageManager.DexOptimizer: Running dexopt (dexoptNeeded=1) on: /system/app/CarLatinIME/CarLatinIME.apk pkg=com.android.inputmethod.latin isa=arm dexoptFlags=boot_complete,public target-filter=quicken oatDir=null sharedLibraries=null
01-01 00:00:34.806 385 385 I dex2oat : /system/bin/dex2oat --input-vdex-fd=-1 --output-vdex-fd=13 --compiler-filter=quicken --classpath-dir=/system/app/CarLatinIME
01-01 00:00:38.191 385 385 I dex2oat : dex2oat took 3.386s (1.852s cpu) (threads: 2) arena alloc=1752B (1752B) java alloc=1977KB (2024592B) native alloc=4MB (4414944B) free=2MB (2400800B)
01-01 00:00:38.258 320 320 I PackageManager.DexOptimizer: Running dexopt (dexoptNeeded=1) on: /system/priv-app/CarMessengerApp/CarMessengerApp.apk pkg=com.android.car.messenger isa=arm dexoptFlags=boot_complete,public target-filter=quicken oatDir=null sharedLibraries=null
01-01 00:00:38.296 388 388 I dex2oat : /system/bin/dex2oat --input-vdex-fd=-1 --output-vdex-fd=13 --compiler-filter=quicken --classpath-dir=/system/priv-app/CarMessengerApp
01-01 00:00:40.839 388 388 I dex2oat : dex2oat took 2.544s (861.428ms cpu) (threads: 2) arena alloc=2760B (2760B) java alloc=752KB (770208B) native alloc=2MB (2316592B) free=1833KB (1877712B)
01-01 00:00:40.854 320 320 I PackageManager.DexOptimizer: Running dexopt (dexoptNeeded=1) on: /system/priv-app/EmbeddedKitchenSinkApp/EmbeddedKitchenSinkApp.apk pkg=com.google.android.car.kitchensink isa=arm dexoptFlags=boot_complete,public target-filter=quicken oatDir=null sharedLibraries=null
01-01 00:00:40.891 391 391 I dex2oat : /system/bin/dex2oat --input-vdex-fd=-1 --output-vdex-fd=13 --compiler-filter=quicken --classpath-dir=/system/priv-app/EmbeddedKitchenSinkApp
01-01 00:00:44.454 391 391 I dex2oat : dex2oat took 3.564s (2.324s cpu) (threads: 2) arena alloc=2768B (2768B) java alloc=2MB (2552104B) native alloc=4MB (5166096B) free=2MB (2173936B)
01-01 00:00:44.495 320 320 I PackageManager.DexOptimizer: Running dexopt (dexoptNeeded=1) on: /system/priv-app/CarMediaApp/CarMediaApp.apk pkg=com.android.car.media isa=arm dexoptFlags=boot_complete,public target-filter=quicken oatDir=null sharedLibraries=null
01-01 00:00:44.535 394 394 I dex2oat : /system/bin/dex2oat --input-vdex-fd=-1 --output-vdex-fd=13 --compiler-filter=quicken --classpath-dir=/system/priv-app/CarMediaApp
01-01 00:00:47.460 394 394 I dex2oat : dex2oat took 2.926s (1.846s cpu) (threads: 2) arena alloc=2048B (2048B) java alloc=2002KB (2050928B) native alloc=4MB (4389224B) free=2MB (2426520B)
01-01 00:00:47.475 320 320 I PackageManager.DexOptimizer: Running dexopt (dexoptNeeded=1) on: /system/priv-app/CarRadioApp/CarRadioApp.apk pkg=com.android.car.radio isa=arm dexoptFlags=boot_complete,public target-filter=quicken oatDir=null sharedLibraries=null
01-01 00:00:47.516 397 397 I dex2oat : /system/bin/dex2oat --input-vdex-fd=-1 --output-vdex-fd=13 --compiler-filter=quicken --classpath-dir=/system/priv-app/CarRadioApp
01-01 00:00:49.912 397 397 I dex2oat : dex2oat took 2.397s (2.059s cpu) (threads: 2) arena alloc=2048B (2048B) java alloc=2MB (2486616B) native alloc=4MB (4830280B) free=1938KB (1985464B)
01-01 00:00:49.930 320 320 I PackageManager.DexOptimizer: Running dexopt (dexoptNeeded=1) on: /system/priv-app/CarTrustAgentService/CarTrustAgentService.apk pkg=com.android.car.trust isa=arm dexoptFlags=boot_complete,public target-filter=quicken oatDir=null sharedLibraries=null
01-01 00:00:49.969 400 400 I dex2oat : /system/bin/dex2oat --input-vdex-fd=-1 --output-vdex-fd=13 --compiler-filter=quicken --classpath-dir=/system/priv-app/CarTrustAgentService
01-01 00:00:51.227 400 400 I dex2oat : dex2oat took 1.258s (878.093ms cpu) (threads: 2) arena alloc=3KB (3072B) java alloc=806KB (826080B) native alloc=2MB (2255704B) free=1893KB (1938600B)
01-01 00:00:51.282 320 320 I PackageManager.DexOptimizer: Running dexopt (dexoptNeeded=1) on: /system/app/CarMapsPlaceholder/CarMapsPlaceholder.apk pkg=com.android.car.mapsplaceholder isa=arm dexoptFlags=boot_complete,public target-filter=quicken oatDir=null sharedLibraries=null
01-01 00:00:51.319 403 403 I dex2oat : /system/bin/dex2oat --input-vdex-fd=-1 --output-vdex-fd=13 --compiler-filter=quicken --classpath-dir=/system/app/CarMapsPlaceholder
01-01 00:00:54.515 403 403 I dex2oat : dex2oat took 3.197s (1.716s cpu) (threads: 2) arena alloc=3KB (3576B) java alloc=1839KB (1883952B) native alloc=3MB (3890624B) free=2MB (2400832B)
01-01 00:00:54.568 320 320 I PackageManager.DexOptimizer: Running dexopt (dexoptNeeded=1) on: /system/app/SystemUpdater/SystemUpdater.apk pkg=com.android.car.systemupdater isa=arm dexoptFlags=boot_complete,public target-filter=quicken oatDir=null sharedLibraries=null
01-01 00:00:54.608 406 406 I dex2oat : /system/bin/dex2oat --input-vdex-fd=-1 --output-vdex-fd=13 --compiler-filter=quicken --classpath-dir=/system/app/SystemUpdater
01-01 00:00:55.500 406 406 I dex2oat : dex2oat took 892.508ms (100.160ms cpu) (threads: 2) arena alloc=5KB (5544B) java alloc=49KB (50464B) native alloc=1193KB (1222304B) free=1366KB (1399136B)
01-01 00:00:55.570 320 320 I PackageManager.DexOptimizer: Running dexopt (dexoptNeeded=1) on: /system/priv-app/CarHvacApp/CarHvacApp.apk pkg=com.android.car.hvac isa=arm dexoptFlags=boot_complete,public target-filter=quicken oatDir=null sharedLibraries=null
01-01 00:00:55.609 409 409 I dex2oat : /system/bin/dex2oat --input-vdex-fd=-1 --output-vdex-fd=13 --compiler-filter=quicken --classpath-dir=/system/priv-app/CarHvacApp
01-01 00:00:57.560 409 409 I dex2oat : dex2oat took 1.952s (1.783s cpu) (threads: 2) arena alloc=1616B (1616B) java alloc=1972KB (2020296B) native alloc=4MB (4372552B) free=2MB (2443192B)
01-01 00:00:57.593 320 320 I PackageManager.DexOptimizer: Running dexopt (dexoptNeeded=1) on: /system/priv-app/CarDialerApp/CarDialerApp.apk pkg=com.android.car.dialer isa=arm dexoptFlags=boot_complete,public target-filter=quicken oatDir=null sharedLibraries=null
01-01 00:00:57.631 412 412 I dex2oat : /system/bin/dex2oat --input-vdex-fd=-1 --output-vdex-fd=13 --compiler-filter=quicken --classpath-dir=/system/priv-app/CarDialerApp
01-01 00:01:00.424 412 412 I dex2oat : dex2oat took 2.793s (1.852s cpu) (threads: 2) arena alloc=3KB (3408B) java alloc=2023KB (2072232B) native alloc=4MB (4418720B) free=2MB (2397024B)
01-01 00:01:00.475 320 320 I PackageManager.DexOptimizer: Running dexopt (dexoptNeeded=1) on: /system/priv-app/Stream/Stream.apk pkg=com.android.car.stream isa=arm dexoptFlags=boot_complete,public target-filter=quicken oatDir=null sharedLibraries=null
01-01 00:01:00.514 415 415 I dex2oat : /system/bin/dex2oat --input-vdex-fd=-1 --output-vdex-fd=13 --compiler-filter=quicken --classpath-dir=/system/priv-app/Stream
01-01 00:01:03.224 415 415 I dex2oat : dex2oat took 2.710s (1.849s cpu) (threads: 2) arena alloc=2576B (2576B) java alloc=2028KB (2077304B) native alloc=4MB (4602168B) free=2MB (2213576B)
01-01 00:01:03.260 320 320 I PackageManager.DexOptimizer: Running dexopt (dexoptNeeded=1) on: /system/priv-app/LocalMediaPlayer/LocalMediaPlayer.apk pkg=com.android.car.media.localmediaplayer isa=arm dexoptFlags=boot_complete,public target-filter=quicken oatDir=null sharedLibraries=null
01-01 00:01:03.301 418 418 I dex2oat : /system/bin/dex2oat --input-vdex-fd=-1 --output-vdex-fd=13 --compiler-filter=quicken --classpath-dir=/system/priv-app/LocalMediaPlayer
01-01 00:01:06.151 418 418 I dex2oat : dex2oat took 2.851s (2.022s cpu) (threads: 2) arena alloc=2696B (2696B) java alloc=2MB (2395752B) native alloc=4MB (4798032B) free=2MB (2542000B)
01-01 00:01:06.357 320 320 D SystemServerTiming: UpdatePackagesIfNeeded took to complete: 32506ms
01-01 00:01:06.357 320 320 I SystemServer: PerformFstrimIfNeeded
01-01 00:01:06.358 320 320 D SystemServerTiming: PerformFstrimIfNeeded took to complete: 1ms
01-01 00:01:06.358 320 320 I SystemServer: StartLockSettingsService
01-01 00:01:06.358 320 320 I SystemServiceManager: Starting com.android.server.LockSettingsService$Lifecycle
01-01 00:01:06.379 320 320 D SystemServerTiming: StartLockSettingsService took to complete: 21ms
01-01 00:01:06.380 320 320 I SystemServer: StartDeviceIdleController
01-01 00:01:06.380 320 320 I SystemServiceManager: Starting com.android.server.DeviceIdleController
01-01 00:01:06.384 320 320 D SystemServerTiming: StartDeviceIdleController took to complete: 4ms
01-01 00:01:06.384 320 320 I SystemServer: StartDevicePolicyManager
01-01 00:01:06.384 320 320 I SystemServiceManager: Starting com.android.server.devicepolicy.DevicePolicyManagerService$Lifecycle
01-01 00:01:06.408 320 320 D SystemServerTiming: StartDevicePolicyManager took to complete: 24ms
01-01 00:01:06.408 320 320 I SystemServer: StartStatusBarManagerService
01-01 00:01:06.413 320 320 D SystemServerTiming: StartStatusBarManagerService took to complete: 5ms
01-01 00:01:06.413 320 320 I SystemServer: StartClipboardService
01-01 00:01:06.413 320 320 I SystemServiceManager: Starting com.android.server.clipboard.ClipboardService
01-01 00:01:06.415 320 320 D SystemServerTiming: StartClipboardService took to complete: 2ms
01-01 00:01:06.415 320 320 I SystemServer: StartNetworkManagementService
01-01 00:01:06.418 320 421 I NetworkManagement: onDaemonConnected()
01-01 00:01:06.421 320 320 D SystemServerTiming: StartNetworkManagementService took to complete: 6ms
01-01 00:01:06.421 320 320 I SystemServer: StartTextServicesManager
01-01 00:01:06.421 320 320 I SystemServiceManager: Starting com.android.server.TextServicesManagerService$Lifecycle
01-01 00:01:06.423 320 320 W TextServicesManagerService: no available spell checker services found
01-01 00:01:06.423 320 320 D SystemServerTiming: StartTextServicesManager took to complete: 2ms
01-01 00:01:06.424 320 320 I SystemServer: StartNetworkScoreService
01-01 00:01:06.425 320 320 D SystemServerTiming: StartNetworkScoreService took to complete: 1ms
01-01 00:01:06.426 320 320 I SystemServer: StartNetworkStatsService
01-01 00:01:06.444 320 320 D SystemServerTiming: StartNetworkStatsService took to complete: 18ms
01-01 00:01:06.444 320 320 I SystemServer: StartNetworkPolicyManagerService
01-01 00:01:06.451 320 424 I ServiceThread: Enabled StrictMode logging for NetworkPolicy.uid looper.
01-01 00:01:06.452 320 320 D SystemServerTiming: StartNetworkPolicyManagerService took to complete: 8ms
01-01 00:01:06.452 320 320 I SystemServer: StartWifi
01-01 00:01:06.500 320 320 I SystemServiceManager: Starting com.android.server.wifi.WifiService
01-01 00:01:07.119 320 320 D WifiApConfigStore: 2G band allowed channels are:1,6,11
01-01 00:01:07.119 320 320 E WifiApConfigStore: Error reading hotspot configuration java.io.FileNotFoundException: /data/misc/wifi/softap.conf (No such file or directory)
01-01 00:01:07.119 320 320 D WifiApConfigStore: Fallback to use default AP configuration
01-01 00:01:07.210 320 427 E IpManager.wlan0: ERROR Failed to disable IPv6: java.lang.IllegalStateException: command '1 interface ipv6 wlan0 disable' failed with '400 1 Failed to change IPv6 state (No such file or directory)'
01-01 00:01:07.211 170 280 D CommandListener: Clearing all IP addresses on wlan0
01-01 00:01:07.211 320 426 D WificondControl: tearing down interfaces in wificond
01-01 00:01:07.214 320 426 E HalDeviceManager: isSupported: called but mServiceManager is null!?
01-01 00:01:07.214 320 426 I WifiNative-wlan0: Vendor HAL not supported, Ignore stop...
01-01 00:01:07.218 320 320 D WifiController: isAirplaneModeOn = false, isWifiEnabled = false, isScanningAvailable = false
01-01 00:01:07.222 320 320 E SupplicantStaIfaceHal: Can't call setDebugParams, ISupplicant is null
01-01 00:01:07.222 320 320 W WifiDiags: no ring buffers found
01-01 00:01:07.222 320 320 W WifiDiags: Failed to start packet fate monitoring
01-01 00:01:07.223 320 320 I WifiService: Registering wifi
01-01 00:01:07.223 320 320 D SystemServerTiming: StartWifi took to complete: 771ms
01-01 00:01:07.223 320 320 I SystemServer: StartWifiScanning
01-01 00:01:07.227 320 320 I SystemServiceManager: Starting com.android.server.wifi.scanner.WifiScanningService
01-01 00:01:07.228 320 320 I WifiScanningService: Creating wifiscanner
01-01 00:01:07.230 320 320 I WifiScanningService: Publishing wifiscanner
01-01 00:01:07.230 320 320 D SystemServerTiming: StartWifiScanning took to complete: 7ms
01-01 00:01:07.230 320 320 I SystemServer: StartWifiRtt
01-01 00:01:07.232 320 320 I SystemServiceManager: Starting com.android.server.wifi.RttService
01-01 00:01:07.232 320 320 I RttService: Creating rttmanager
01-01 00:01:07.233 320 320 I RttService: Starting rttmanager
01-01 00:01:07.234 320 320 D SystemServerTiming: StartWifiRtt took to complete: 4ms
01-01 00:01:07.234 320 320 I SystemServer: No Wi-Fi Aware Service (Aware support Not Present)
01-01 00:01:07.234 320 320 I SystemServer: StartWifiP2P
01-01 00:01:07.234 320 320 I SystemServiceManager: Starting com.android.server.wifi.p2p.WifiP2pService
01-01 00:01:07.242 320 320 I WifiP2pService: Registering wifip2p
01-01 00:01:07.243 320 320 D SystemServerTiming: StartWifiP2P took to complete: 9ms
01-01 00:01:07.243 320 320 I SystemServer: StartEthernet
01-01 00:01:07.244 320 320 I SystemServiceManager: Starting com.android.server.ethernet.EthernetService
01-01 00:01:07.244 320 320 I EthernetServiceImpl: Creating EthernetConfigStore
01-01 00:01:07.245 320 320 E IpConfigStore: Error opening configuration file: java.io.FileNotFoundException: /data/misc/ethernet/ipconfig.txt (No such file or directory)
01-01 00:01:07.245 320 320 W EthernetConfigStore: No Ethernet configuration found. Using default.
01-01 00:01:07.245 320 320 I EthernetServiceImpl: Read stored IP configuration: IP assignment: DHCP
01-01 00:01:07.245 320 320 I EthernetServiceImpl: Proxy settings: NONE
01-01 00:01:07.249 320 320 I EthernetService: Registering service ethernet
01-01 00:01:07.249 320 320 D SystemServerTiming: StartEthernet took to complete: 6ms
01-01 00:01:07.249 320 320 I SystemServer: StartConnectivityService
01-01 00:01:07.257 320 320 D ConnectivityService: ConnectivityService starting up
01-01 00:01:07.258 320 320 D ConnectivityService: wifiOnly=false
01-01 00:01:07.259 320 320 E ConnectivityService: Ignoring protectedNetwork 10
01-01 00:01:07.259 320 320 E ConnectivityService: Ignoring protectedNetwork 11
01-01 00:01:07.259 320 320 E ConnectivityService: Ignoring protectedNetwork 12
01-01 00:01:07.259 320 320 E ConnectivityService: Ignoring protectedNetwork 14
01-01 00:01:07.259 320 320 E ConnectivityService: Ignoring protectedNetwork 15
01-01 00:01:07.268 320 320 D SystemServerTiming: StartConnectivityService took to complete: 19ms
01-01 00:01:07.268 320 320 I SystemServer: StartNsdService
01-01 00:01:07.271 320 320 D NsdService: Network service discovery enabled true
01-01 00:01:07.273 320 320 D SystemServerTiming: StartNsdService took to complete: 5ms
01-01 00:01:07.273 320 320 I SystemServer: StartUpdateLockService
01-01 00:01:07.274 320 320 D SystemServerTiming: StartUpdateLockService took to complete: 1ms
01-01 00:01:07.274 320 320 I SystemServer: WaitForAsecScan
01-01 00:01:07.275 320 320 D SystemServerTiming: WaitForAsecScan took to complete: 1ms
01-01 00:01:07.275 320 320 I SystemServer: StartNotificationManager
01-01 00:01:07.275 320 320 I SystemServiceManager: Starting com.android.server.notification.NotificationManagerService
01-01 00:01:07.306 320 320 D ConditionProviders.SCP: new ScheduleConditionProvider()
01-01 00:01:07.309 320 320 D ZenLog : set_zen_mode: off,init
01-01 00:01:07.315 320 320 D SystemServerTiming: StartNotificationManager took to complete: 40ms
01-01 00:01:07.315 320 320 I SystemServer: StartDeviceMonitor
01-01 00:01:07.315 320 320 I SystemServiceManager: Starting com.android.server.storage.DeviceStorageMonitorService
01-01 00:01:07.316 320 320 D SystemServerTiming: StartDeviceMonitor took to complete: 1ms
01-01 00:01:07.316 320 320 I SystemServer: StartLocationManagerService
01-01 00:01:07.319 320 320 D SystemServerTiming: StartLocationManagerService took to complete: 3ms
01-01 00:01:07.319 320 320 I SystemServer: StartCountryDetectorService
01-01 00:01:07.321 320 320 D SystemServerTiming: StartCountryDetectorService took to complete: 2ms
01-01 00:01:07.321 320 320 I SystemServer: StartSearchManagerService
01-01 00:01:07.321 320 320 I SystemServiceManager: Starting com.android.server.search.SearchManagerService$Lifecycle
01-01 00:01:07.323 320 320 D SystemServerTiming: StartSearchManagerService took to complete: 2ms
01-01 00:01:07.323 320 320 I SystemServer: StartWallpaperManagerService
01-01 00:01:07.323 320 320 I SystemServiceManager: Starting com.android.server.wallpaper.WallpaperManagerService$Lifecycle
01-01 00:01:07.325 320 320 I WallpaperManagerService: No static wallpaper imagery; defaults will be shown
01-01 00:01:07.326 320 320 W WallpaperManagerService: no current wallpaper -- first boot?
01-01 00:01:07.326 320 320 D SystemServerTiming: StartWallpaperManagerService took to complete: 3ms
01-01 00:01:07.326 320 320 I SystemServer: StartAudioService
01-01 00:01:07.326 320 320 I SystemServiceManager: Starting com.android.server.audio.AudioService$Lifecycle
01-01 00:01:07.337 204 204 D PermissionCache: checking android.permission.MODIFY_AUDIO_SETTINGS for uid=1000 => granted (893 us)
01-01 00:01:07.340 320 320 W TelecomManager: Telecom Service not found.
01-01 00:01:07.356 320 320 D SystemServerTiming: StartAudioService took to complete: 30ms
01-01 00:01:07.356 320 320 I SystemServer: StartDockObserver
01-01 00:01:07.356 320 320 I SystemServiceManager: Starting com.android.server.DockObserver
01-01 00:01:07.357 320 320 W DockObserver: This kernel does not have dock station support
01-01 00:01:07.358 320 320 D SystemServerTiming: StartDockObserver took to complete: 2ms
01-01 00:01:07.358 320 320 I SystemServer: StartWiredAccessoryManager
01-01 00:01:07.359 320 320 W WiredAccessoryManager: This kernel does not have wired headset support
01-01 00:01:07.359 320 320 W WiredAccessoryManager: This kernel does not have usb audio support
01-01 00:01:07.359 320 320 W WiredAccessoryManager: This kernel does not have HDMI audio support
01-01 00:01:07.359 320 320 D SystemServerTiming: StartWiredAccessoryManager took to complete: 1ms
01-01 00:01:07.359 320 320 I SystemServer: StartUsbService
01-01 00:01:07.360 320 320 I SystemServiceManager: Starting com.android.server.usb.UsbService$Lifecycle
01-01 00:01:07.369 320 320 E UsbDeviceManager: failed to write to /sys/class/android_usb/android0/f_rndis/ethaddr
01-01 00:01:07.395 320 320 E UsbDeviceManagerJNI: could not open /dev/usb_accessory
01-01 00:01:07.397 320 320 I system_server: Looking for service android.hidl.manager@1.0::IServiceManager/default
01-01 00:01:07.399 320 320 I system_server: Starting thread pool.
01-01 00:01:07.400 320 379 I UsbPortManager: Usb hal service started android.hardware.usb@1.0::IUsb default
01-01 00:01:07.400 320 320 I system_server: Looking for service android.hardware.usb@1.0::IUsb/default
01-01 00:01:07.401 153 153 W /system/bin/hwservicemanager: getTransportFromManifest: Cannot find entry android.hardware.usb@1.0::IUsb in either framework or device manifest, using default transport.
01-01 00:01:07.401 320 320 I system_server: Starting thread pool.
01-01 00:01:07.402 179 179 I android.hardware.usb@1.0-service: registering callback
01-01 00:01:07.403 179 443 E android.hardware.usb@1.0-service: creating thread
01-01 00:01:07.403 179 179 E android.hardware.usb@1.0-service: Failed to open /sys/class/dual_role_usb
01-01 00:01:07.406 320 320 D SystemServerTiming: StartUsbService took to complete: 47ms
01-01 00:01:07.406 320 320 I SystemServer: StartSerialService
01-01 00:01:07.406 320 320 D SystemServerTiming: StartSerialService took to complete: 0ms
01-01 00:01:07.406 320 320 I SystemServer: StartHardwarePropertiesManagerService
01-01 00:01:07.407 153 153 W /system/bin/hwservicemanager: getTransportFromManifest: Cannot find entry android.hardware.thermal@1.0::IThermal in either framework or device manifest, using default transport.
01-01 00:01:07.408 320 320 E HardwarePropertiesManagerService-JNI: Unable to get Thermal service.
01-01 00:01:07.409 320 320 D SystemServerTiming: StartHardwarePropertiesManagerService took to complete: 2ms
01-01 00:01:07.409 320 320 I SystemServer: StartTwilightService
01-01 00:01:07.409 320 320 I SystemServiceManager: Starting com.android.server.twilight.TwilightService
01-01 00:01:07.409 320 320 D SystemServerTiming: StartTwilightService took to complete: 0ms
01-01 00:01:07.410 320 320 I SystemServer: StartJobScheduler
01-01 00:01:07.410 320 320 I SystemServiceManager: Starting com.android.server.job.JobSchedulerService
01-01 00:01:07.418 320 320 D ConnectivityService: requestNetwork for uid/pid:1000/320 NetworkRequest [ TRACK_DEFAULT id=3, [ Capabilities: INTERNET&NOT_RESTRICTED&TRUSTED&NOT_VPN] ]
01-01 00:01:07.422 320 320 D SystemServerTiming: StartJobScheduler took to complete: 12ms
01-01 00:01:07.422 320 320 I SystemServer: StartSoundTrigger
01-01 00:01:07.422 320 320 I SystemServiceManager: Starting com.android.server.soundtrigger.SoundTriggerService
01-01 00:01:07.424 320 320 D SystemServerTiming: StartSoundTrigger took to complete: 2ms
01-01 00:01:07.424 320 320 I SystemServer: StartTrustManager
01-01 00:01:07.424 320 320 I SystemServiceManager: Starting com.android.server.trust.TrustManagerService
01-01 00:01:07.425 320 320 D SystemServerTiming: StartTrustManager took to complete: 1ms
01-01 00:01:07.425 320 320 I SystemServer: StartBackupManager
01-01 00:01:07.427 320 320 I SystemServiceManager: Starting com.android.server.backup.BackupManagerService$Lifecycle
01-01 00:01:07.434 320 320 D SystemServerTiming: StartBackupManager took to complete: 9ms
01-01 00:01:07.434 320 320 I SystemServer: StartAppWidgerService
01-01 00:01:07.434 320 320 I SystemServiceManager: Starting com.android.server.appwidget.AppWidgetService
01-01 00:01:07.441 320 320 D SystemServerTiming: StartAppWidgerService took to complete: 7ms
01-01 00:01:07.442 320 320 I SystemServer: StartVoiceRecognitionManager
01-01 00:01:07.442 320 320 I SystemServiceManager: Starting com.android.server.voiceinteraction.VoiceInteractionManagerService
01-01 00:01:07.443 320 320 D SystemServerTiming: StartVoiceRecognitionManager took to complete: 1ms
01-01 00:01:07.444 320 320 I SystemServer: StartGestureLauncher
01-01 00:01:07.444 320 320 I SystemServiceManager: Starting com.android.server.GestureLauncherService
01-01 00:01:07.444 320 320 D SystemServerTiming: StartGestureLauncher took to complete: 0ms
01-01 00:01:07.444 320 320 I SystemServer: StartSensorNotification
01-01 00:01:07.444 320 320 I SystemServiceManager: Starting com.android.server.SensorNotificationService
01-01 00:01:07.444 320 320 D SystemServerTiming: StartSensorNotification took to complete: 0ms
01-01 00:01:07.444 320 320 I SystemServer: StartContextHubSystemService
01-01 00:01:07.445 320 320 I SystemServiceManager: Starting com.android.server.ContextHubSystemService
01-01 00:01:07.446 153 153 W /system/bin/hwservicemanager: getTransportFromManifest: Cannot find entry android.hardware.contexthub@1.0::IContexthub in either framework or device manifest, using default transport.
01-01 00:01:07.447 320 320 E ContextHubService: Could not load context hub hal
01-01 00:01:07.447 320 320 W ContextHubService: No Context Hub Module present
01-01 00:01:07.447 320 320 D SystemServerTiming: StartContextHubSystemService took to complete: 3ms
01-01 00:01:07.447 320 320 I SystemServer: StartDiskStatsService
01-01 00:01:07.449 320 320 D SystemServerTiming: StartDiskStatsService took to complete: 2ms
01-01 00:01:07.450 320 320 I SystemServer: StartSamplingProfilerService
01-01 00:01:07.464 320 320 D SystemServerTiming: StartSamplingProfilerService took to complete: 14ms
01-01 00:01:07.464 320 320 I SystemServer: StartNetworkTimeUpdateService
01-01 00:01:07.465 320 320 D SystemServerTiming: StartNetworkTimeUpdateService took to complete: 1ms
01-01 00:01:07.465 320 320 I SystemServer: StartCommonTimeManagementService
01-01 00:01:07.466 320 320 D SystemServerTiming: StartCommonTimeManagementService took to complete: 1ms
01-01 00:01:07.467 320 320 I SystemServer: CertBlacklister
01-01 00:01:07.467 320 320 D SystemServerTiming: CertBlacklister took to complete: 0ms
01-01 00:01:07.467 320 320 I SystemServer: StartEmergencyAffordanceService
01-01 00:01:07.467 320 320 I SystemServiceManager: Starting com.android.server.emergency.EmergencyAffordanceService
01-01 00:01:07.468 320 320 D SystemServerTiming: StartEmergencyAffordanceService took to complete: 1ms
01-01 00:01:07.468 320 320 I SystemServer: StartDreamManager
01-01 00:01:07.468 320 320 I SystemServiceManager: Starting com.android.server.dreams.DreamManagerService
01-01 00:01:07.470 320 320 D SystemServerTiming: StartDreamManager took to complete: 2ms
01-01 00:01:07.470 320 320 I SystemServer: AddGraphicsStatsService
01-01 00:01:07.472 320 320 D SystemServerTiming: AddGraphicsStatsService took to complete: 2ms
01-01 00:01:07.473 320 320 I SystemServer: StartRestrictionManager
01-01 00:01:07.473 320 320 I SystemServiceManager: Starting com.android.server.restrictions.RestrictionsManagerService
01-01 00:01:07.474 320 320 D SystemServerTiming: StartRestrictionManager took to complete: 1ms
01-01 00:01:07.474 320 320 I SystemServer: StartMediaSessionService
01-01 00:01:07.475 320 320 I SystemServiceManager: Starting com.android.server.media.MediaSessionService
01-01 00:01:07.479 320 320 D SystemServerTiming: StartMediaSessionService took to complete: 5ms
01-01 00:01:07.479 320 320 I SystemServer: StartMediaRouterService
01-01 00:01:07.481 320 320 D SystemServerTiming: StartMediaRouterService took to complete: 2ms
01-01 00:01:07.481 320 320 I SystemServer: StartBackgroundDexOptService
01-01 00:01:07.481 320 320 D SystemServerTiming: StartBackgroundDexOptService took to complete: 0ms
01-01 00:01:07.482 320 320 I SystemServer: StartPruneInstantAppsJobService
01-01 00:01:07.482 320 320 D SystemServerTiming: StartPruneInstantAppsJobService took to complete: 0ms
01-01 00:01:07.482 320 320 I SystemServer: StartShortcutServiceLifecycle
01-01 00:01:07.482 320 320 I SystemServiceManager: Starting com.android.server.pm.ShortcutService$Lifecycle
01-01 00:01:07.487 320 320 D SystemServerTiming: StartShortcutServiceLifecycle took to complete: 5ms
01-01 00:01:07.487 320 320 I SystemServer: StartLauncherAppsService
01-01 00:01:07.487 320 320 I SystemServiceManager: Starting com.android.server.pm.LauncherAppsService
01-01 00:01:07.489 320 320 D SystemServerTiming: StartLauncherAppsService took to complete: 2ms
01-01 00:01:07.489 320 320 I SystemServer: StartMediaProjectionManager
01-01 00:01:07.489 320 320 I SystemServiceManager: Starting com.android.server.media.projection.MediaProjectionManagerService
01-01 00:01:07.502 320 320 V MediaRouter: Adding route: RouteInfo{ name=Tablet, description=null, status=null, category=RouteCategory{ name=System types=ROUTE_TYPE_LIVE_AUDIO ROUTE_TYPE_LIVE_VIDEO groupable=false }, supportedTypes=ROUTE_TYPE_LIVE_AUDIO ROUTE_TYPE_LIVE_VIDEO , presentationDisplay=null }
01-01 00:01:07.505 320 320 V MediaRouter: Selecting route: RouteInfo{ name=Tablet, description=null, status=null, category=RouteCategory{ name=System types=ROUTE_TYPE_LIVE_AUDIO ROUTE_TYPE_LIVE_VIDEO groupable=false }, supportedTypes=ROUTE_TYPE_LIVE_AUDIO ROUTE_TYPE_LIVE_VIDEO , presentationDisplay=null }
01-01 00:01:07.506 320 320 D SystemServerTiming: StartMediaProjectionManager took to complete: 17ms
01-01 00:01:07.507 320 320 I WindowManager: SAFE MODE not enabled
01-01 00:01:07.507 320 320 I SystemServer: StartJitCompilation
01-01 00:01:07.507 320 320 D SystemServerTiming: StartJitCompilation took to complete: 0ms
01-01 00:01:07.507 320 320 I SystemServer: StartMmsService
01-01 00:01:07.508 320 320 I SystemServiceManager: Starting com.android.server.MmsServiceBroker
01-01 00:01:07.512 320 320 D SystemServerTiming: StartMmsService took to complete: 5ms
01-01 00:01:07.513 320 320 I SystemServer: StartRetailDemoModeService
01-01 00:01:07.513 320 320 I SystemServiceManager: Starting com.android.server.retaildemo.RetailDemoModeService
01-01 00:01:07.516 320 447 I ServiceThread: Enabled StrictMode logging for RetailDemoModeService looper.
01-01 00:01:07.517 320 320 D SystemServerTiming: StartRetailDemoModeService took to complete: 4ms
01-01 00:01:07.517 320 320 I SystemServer: MakeVibratorServiceReady
01-01 00:01:07.518 320 320 D SystemServerTiming: MakeVibratorServiceReady took to complete: 1ms
01-01 00:01:07.518 320 320 I SystemServer: MakeLockSettingsServiceReady
01-01 00:01:07.586 320 320 E SQLiteLog: (1) no such table: locksettings
01-01 00:01:07.605 320 320 I LockSettingsService: Migrated lock settings to new location
01-01 00:01:07.614 320 320 I LockSettingsService: Migrated per-user lock settings to new location
01-01 00:01:07.635 320 320 I LockSettingsService: Migrated biometric weak to use the fallback instead
01-01 00:01:07.643 320 320 I LockSettingsService: Migrated lockscreen disabled flag
01-01 00:01:07.650 320 320 E LockSettingsStorage: Cannot read file java.io.FileNotFoundException: /data/system/gatekeeper.password.key: open failed: ENOENT (No such file or directory)
01-01 00:01:07.650 320 320 E LockSettingsStorage: Cannot read file java.io.FileNotFoundException: /data/system/password.key: open failed: ENOENT (No such file or directory)
01-01 00:01:07.651 320 320 E LockSettingsStorage: Cannot read file java.io.FileNotFoundException: /data/system/gatekeeper.pattern.key: open failed: ENOENT (No such file or directory)
01-01 00:01:07.651 320 320 E LockSettingsStorage: Cannot read file java.io.FileNotFoundException: /data/system/gatekeeper.gesture.key: open failed: ENOENT (No such file or directory)
01-01 00:01:07.651 320 320 E LockSettingsStorage: Cannot read file java.io.FileNotFoundException: /data/system/gesture.key: open failed: ENOENT (No such file or directory)
01-01 00:01:07.652 320 320 D SystemServerTiming: MakeLockSettingsServiceReady took to complete: 134ms
01-01 00:01:07.652 320 320 I SystemServer: StartBootPhaseLockSettingsReady
01-01 00:01:07.652 320 320 I SystemServiceManager: Starting phase 480
01-01 00:01:07.659 320 320 D SystemServerTiming: StartBootPhaseLockSettingsReady took to complete: 7ms
01-01 00:01:07.659 320 320 I SystemServer: StartBootPhaseSystemServicesReady
01-01 00:01:07.659 320 320 I SystemServiceManager: Starting phase 500
01-01 00:01:07.663 320 320 I VrManagerService: No default vr listener service found.
01-01 00:01:07.667 320 320 I WifiService: WifiService starting up with Wi-Fi disabled
01-01 00:01:07.670 320 426 I system_server: Looking for service android.hidl.manager@1.0::IServiceManager/default
01-01 00:01:07.671 320 426 I system_server: Starting thread pool.
01-01 00:01:07.672 320 444 D HalDeviceManager: IWifi registration notification: fqName=android.hardware.wifi@1.0::IWifi, name=default, preexisting=true
01-01 00:01:07.673 320 444 I system_server: Looking for service android.hardware.wifi@1.0::IWifi/default
01-01 00:01:07.674 153 153 W /system/bin/hwservicemanager: getTransportFromManifest: Cannot find entry android.hardware.wifi@1.0::IWifi in either framework or device manifest, using default transport.
01-01 00:01:07.674 320 320 I WifiScanningService: Starting wifiscanner
01-01 00:01:07.674 320 444 I system_server: Starting thread pool.
01-01 00:01:07.677 320 320 I RttService: Registering rttmanager
01-01 00:01:07.679 320 320 I EthernetServiceImpl: Starting Ethernet service
01-01 00:01:07.682 320 320 D Ethernet: Registering NetworkFactory
01-01 00:01:07.683 320 433 D ConnectivityService: Got NetworkFactory Messenger for Ethernet
01-01 00:01:07.685 320 320 D ZenLog : config: cleanUpZenRules,ZenModeConfig[user=0,allowCalls=true,allowRepeatCallers=false,allowMessages=false,allowCallsFrom=contacts,allowMessagesFrom=contacts,allowReminders=true,allowEvents=true,allowWhenScreenOff=true,allowWhenScreenOn=true,automaticRules={6aba95cc3b3d47ef9b8d142268a2f7ca=ZenRule[enabled=false,snoozing=false,name=Weeknight,zenMode=ZEN_MODE_ALARMS,conditionId=condition://android/schedule?days=1.2.3.4.5&start=22.0&end=7.0&exitAtAlarm=false,condition=null,component=ComponentInfo{android/com.android.server.notification.ScheduleConditionProvider},id=6aba95cc3b3d47ef9b8d142268a2f7ca,creationTime=67301,enabler=null], 11e1a941e50341b7acf4ec6ab89c3b28=ZenRule[enabled=false,snoozing=false,name=Event,zenMode=ZEN_MODE_ALARMS,conditionId=condition://android/event?userId=-10000&calendar=&reply=1,condition=null,component=ComponentInfo{android/com.android.server.notification.EventConditionProvider},id=11e1a941e50341b7acf4ec6ab89c3b28,creationTime=67302,enabler=null], f5240f1ce7c6404c918110fd7ee03fc8=ZenRule[enabled=false,snoozing=false,name=Weekend,zenMode=ZEN_MODE_ALARMS,conditionId=condition://android/schedule?days=6.7&start=23.30&end=10.0&exitAtAlarm=false,condition=null,component=ComponentInfo{android/com.android.server.notification.ScheduleConditionProvider},id=f5240f1ce7c6404c918110fd7ee03fc8,creationTime=67301,enabler=null]},manualRule=null],Diff[]
