01-01 00:01:28.156 1055 1427 I MediaScanner: forcing rescan of /system/media/audio/ringtones/Big_Easy.ogg since build fingerprint changed
01-01 00:01:28.180 1055 1427 I MediaScanner: forcing rescan of /system/media/audio/ringtones/BirdLoop.ogg since build fingerprint changed
01-01 00:01:28.199 1055 1427 I MediaScanner: forcing rescan of /system/media/audio/ringtones/Bollywood.ogg since build fingerprint changed
01-01 00:01:28.217 1055 1427 I MediaScanner: forcing rescan of /system/media/audio/ringtones/BussaMove.ogg since build fingerprint changed
01-01 00:01:28.237 1055 1427 I MediaScanner: forcing rescan of /system/media/audio/ringtones/CANISMAJOR.ogg since build fingerprint changed
01-01 00:01:28.257 1055 1427 I MediaScanner: forcing rescan of /system/media/audio/ringtones/CASSIOPEIA.ogg since build fingerprint changed
01-01 00:01:28.288 1055 1427 I MediaScanner: forcing rescan of /system/media/audio/ringtones/Cairo.ogg since build fingerprint changed
01-01 00:01:28.304 1055 1427 I MediaScanner: forcing rescan of /system/media/audio/ringtones/Calypso_Steel.ogg since build fingerprint changed
01-01 00:01:28.321 1055 1427 I MediaScanner: forcing rescan of /system/media/audio/ringtones/CanisMajor.ogg since build fingerprint changed
01-01 00:01:28.337 1055 1427 I MediaScanner: forcing rescan of /system/media/audio/ringtones/CaribbeanIce.ogg since build fingerprint changed
01-01 00:01:28.352 1055 1427 I MediaScanner: forcing rescan of /system/media/audio/ringtones/Carina.ogg since build fingerprint changed
01-01 00:01:28.365 1055 1427 I MediaScanner: forcing rescan of /system/media/audio/ringtones/Centaurus.ogg since build fingerprint changed
01-01 00:01:28.379 1055 1427 I MediaScanner: forcing rescan of /system/media/audio/ringtones/Champagne_Edition.ogg since build fingerprint changed
01-01 00:01:28.395 1055 1427 I MediaScanner: forcing rescan of /system/media/audio/ringtones/Club_Cubano.ogg since build fingerprint changed
01-01 00:01:28.412 1055 1427 I MediaScanner: forcing rescan of /system/media/audio/ringtones/CrayonRock.ogg since build fingerprint changed
01-01 00:01:28.428 1055 1427 I MediaScanner: forcing rescan of /system/media/audio/ringtones/CrazyDream.ogg since build fingerprint changed
01-01 00:01:28.456 1055 1427 I MediaScanner: forcing rescan of /system/media/audio/ringtones/CurveBall.ogg since build fingerprint changed
01-01 00:01:28.472 1055 1427 I MediaScanner: forcing rescan of /system/media/audio/ringtones/Cygnus.ogg since build fingerprint changed
01-01 00:01:28.487 1055 1427 I MediaScanner: forcing rescan of /system/media/audio/ringtones/DancinFool.ogg since build fingerprint changed
01-01 00:01:28.505 1055 1427 I MediaScanner: forcing rescan of /system/media/audio/ringtones/Ding.ogg since build fingerprint changed
01-01 00:01:28.526 1055 1427 I MediaScanner: forcing rescan of /system/media/audio/ringtones/DonMessWivIt.ogg since build fingerprint changed
01-01 00:01:28.547 1055 1427 I MediaScanner: forcing rescan of /system/media/audio/ringtones/Draco.ogg since build fingerprint changed
01-01 00:01:28.562 1055 1427 I MediaScanner: forcing rescan of /system/media/audio/ringtones/DreamTheme.ogg since build fingerprint changed
01-01 00:01:28.591 1055 1427 I MediaScanner: forcing rescan of /system/media/audio/ringtones/Eastern_Sky.ogg since build fingerprint changed
01-01 00:01:28.609 1055 1427 I MediaScanner: forcing rescan of /system/media/audio/ringtones/Enter_the_Nexus.ogg since build fingerprint changed
01-01 00:01:28.628 1055 1427 I MediaScanner: forcing rescan of /system/media/audio/ringtones/Eridani.ogg since build fingerprint changed
01-01 00:01:28.643 1055 1427 I MediaScanner: forcing rescan of /system/media/audio/ringtones/EtherShake.ogg since build fingerprint changed
01-01 00:01:28.667 1055 1427 I MediaScanner: forcing rescan of /system/media/audio/ringtones/FreeFlight.ogg since build fingerprint changed
01-01 00:01:28.699 1055 1427 I MediaScanner: forcing rescan of /system/media/audio/ringtones/FriendlyGhost.ogg since build fingerprint changed
01-01 00:01:28.721 1055 1427 I MediaScanner: forcing rescan of /system/media/audio/ringtones/Funk_Yall.ogg since build fingerprint changed
01-01 00:01:28.744 1055 1427 I MediaScanner: forcing rescan of /system/media/audio/ringtones/GameOverGuitar.ogg since build fingerprint changed
01-01 00:01:28.760 1055 1427 I MediaScanner: forcing rescan of /system/media/audio/ringtones/Gimme_Mo_Town.ogg since build fingerprint changed
01-01 00:01:28.777 1055 1427 I MediaScanner: forcing rescan of /system/media/audio/ringtones/Girtab.ogg since build fingerprint changed
01-01 00:01:28.793 1055 1427 I MediaScanner: forcing rescan of /system/media/audio/ringtones/Glacial_Groove.ogg since build fingerprint changed
01-01 00:01:28.812 1055 1427 I MediaScanner: forcing rescan of /system/media/audio/ringtones/Growl.ogg since build fingerprint changed
01-01 00:01:28.827 1055 1427 I MediaScanner: forcing rescan of /system/media/audio/ringtones/HalfwayHome.ogg since build fingerprint changed
01-01 00:01:28.847 1055 1427 I MediaScanner: forcing rescan of /system/media/audio/ringtones/Hydra.ogg since build fingerprint changed
01-01 00:01:28.861 1055 1427 I MediaScanner: forcing rescan of /system/media/audio/ringtones/InsertCoin.ogg since build fingerprint changed
01-01 00:01:28.874 1055 1427 I MediaScanner: forcing rescan of /system/media/audio/ringtones/Kuma.ogg since build fingerprint changed
01-01 00:01:28.913 1055 1427 I MediaScanner: forcing rescan of /system/media/audio/ringtones/LoopyLounge.ogg since build fingerprint changed
01-01 00:01:28.933 1055 1427 I MediaScanner: forcing rescan of /system/media/audio/ringtones/LoveFlute.ogg since build fingerprint changed
01-01 00:01:28.951 1055 1427 I MediaScanner: forcing rescan of /system/media/audio/ringtones/Lyra.ogg since build fingerprint changed
01-01 00:01:28.967 1055 1427 I MediaScanner: forcing rescan of /system/media/audio/ringtones/Machina.ogg since build fingerprint changed
01-01 00:01:28.983 1055 1427 I MediaScanner: forcing rescan of /system/media/audio/ringtones/MidEvilJaunt.ogg since build fingerprint changed
01-01 00:01:28.998 1055 1427 I MediaScanner: forcing rescan of /system/media/audio/ringtones/MildlyAlarming.ogg since build fingerprint changed
01-01 00:01:29.022 1055 1427 I MediaScanner: forcing rescan of /system/media/audio/ringtones/Nairobi.ogg since build fingerprint changed
01-01 00:01:29.043 1055 1427 I MediaScanner: forcing rescan of /system/media/audio/ringtones/Nassau.ogg since build fingerprint changed
01-01 00:01:29.059 1055 1427 I MediaScanner: forcing rescan of /system/media/audio/ringtones/NewPlayer.ogg since build fingerprint changed
01-01 00:01:29.072 1055 1427 I MediaScanner: forcing rescan of /system/media/audio/ringtones/No_Limits.ogg since build fingerprint changed
01-01 00:01:29.087 1055 1427 I MediaScanner: forcing rescan of /system/media/audio/ringtones/Noises1.ogg since build fingerprint changed
01-01 00:01:29.102 1055 1427 I MediaScanner: forcing rescan of /system/media/audio/ringtones/Noises2.ogg since build fingerprint changed
01-01 00:01:29.118 1055 1427 I MediaScanner: forcing rescan of /system/media/audio/ringtones/Noises3.ogg since build fingerprint changed
01-01 00:01:29.133 1055 1427 I MediaScanner: forcing rescan of /system/media/audio/ringtones/OrganDub.ogg since build fingerprint changed
01-01 00:01:29.147 1055 1427 I MediaScanner: forcing rescan of /system/media/audio/ringtones/Orion.ogg since build fingerprint changed
01-01 00:01:29.182 1055 1427 I MediaScanner: forcing rescan of /system/media/audio/ringtones/PERSEUS.ogg since build fingerprint changed
01-01 00:01:29.223 1055 1427 I MediaScanner: forcing rescan of /system/media/audio/ringtones/Paradise_Island.ogg since build fingerprint changed
01-01 00:01:29.239 1055 1427 I MediaScanner: forcing rescan of /system/media/audio/ringtones/Pegasus.ogg since build fingerprint changed
01-01 00:01:29.265 1055 1427 I MediaScanner: forcing rescan of /system/media/audio/ringtones/Perseus.ogg since build fingerprint changed
01-01 00:01:29.309 1055 1427 I MediaScanner: forcing rescan of /system/media/audio/ringtones/Playa.ogg since build fingerprint changed
01-01 00:01:29.333 1055 1427 I MediaScanner: forcing rescan of /system/media/audio/ringtones/Pyxis.ogg since build fingerprint changed
01-01 00:01:29.346 1055 1427 I MediaScanner: forcing rescan of /system/media/audio/ringtones/Rasalas.ogg since build fingerprint changed
01-01 00:01:29.380 1055 1427 I MediaScanner: forcing rescan of /system/media/audio/ringtones/Revelation.ogg since build fingerprint changed
01-01 00:01:29.402 1055 1427 I MediaScanner: forcing rescan of /system/media/audio/ringtones/Rigel.ogg since build fingerprint changed
01-01 00:01:29.423 1055 1427 I MediaScanner: forcing rescan of /system/media/audio/ringtones/Ring_Classic_02.ogg since build fingerprint changed
01-01 00:01:29.444 1055 1427 I MediaScanner: forcing rescan of /system/media/audio/ringtones/Ring_Digital_02.ogg since build fingerprint changed
01-01 00:01:29.458 1055 1427 I MediaScanner: forcing rescan of /system/media/audio/ringtones/Ring_Synth_02.ogg since build fingerprint changed
01-01 00:01:29.477 1055 1427 W MediaScanner: forcing rescan of /system/media/audio/ringtones/Ring_Synth_04.oggsince ringtone setting didn't finish
01-01 00:01:29.495 1055 1427 W MediaProvider: Missing volume for /system/media/audio/ringtones; assuming invalid
01-01 00:01:29.505 1055 1427 W MediaProvider: Missing volume for /system/media/audio/notifications/pizzicato.ogg; assuming invalid
01-01 00:01:29.506 1055 1427 W MediaProvider: Missing volume for /system/media/audio/notifications/regulus.ogg; assuming invalid
01-01 00:01:29.508 1055 1427 W MediaProvider: Missing volume for /system/media/audio/notifications/sirius.ogg; assuming invalid
01-01 00:01:29.510 1055 1427 W MediaProvider: Missing volume for /system/media/audio/notifications/tweeters.ogg; assuming invalid
01-01 00:01:29.513 1055 1427 W MediaProvider: Missing volume for /system/media/audio/ringtones/ANDROMEDA.ogg; assuming invalid
01-01 00:01:29.515 1055 1427 W MediaProvider: Missing volume for /system/media/audio/ringtones/Andromeda.ogg; assuming invalid
01-01 00:01:29.516 1055 1427 E SQLiteDatabase: Error inserting title_key parent=98 is_music=false title=Andromeda _size=24973 duration=3000 bucket_id=293500348 is_alarm=false album_artist=null media_type=2 storage_id=0 is_notification=false track=0 bucket_display_name=ringtones _data=/system/media/audio/ringtones/Andromeda.ogg is_drm=false _display_name=Andromeda.ogg composer=null format=47362 is_ringtone=true artist_id=1 is_podcast=false date_added=89 date_modified=1512244732 mime_type=application/ogg album_id=4
01-01 00:01:29.516 1055 1427 E SQLiteDatabase: android.database.sqlite.SQLiteConstraintException: UNIQUE constraint failed: files._data (code 2067)
01-01 00:01:29.516 1055 1427 E SQLiteDatabase: at android.database.sqlite.SQLiteConnection.nativeExecuteForLastInsertedRowId(Native Method)
01-01 00:01:29.516 1055 1427 E SQLiteDatabase: at android.database.sqlite.SQLiteConnection.executeForLastInsertedRowId(SQLiteConnection.java:782)
01-01 00:01:29.516 1055 1427 E SQLiteDatabase: at android.database.sqlite.SQLiteSession.executeForLastInsertedRowId(SQLiteSession.java:788)
01-01 00:01:29.516 1055 1427 E SQLiteDatabase: at android.database.sqlite.SQLiteStatement.executeInsert(SQLiteStatement.java:86)
01-01 00:01:29.516 1055 1427 E SQLiteDatabase: at android.database.sqlite.SQLiteDatabase.insertWithOnConflict(SQLiteDatabase.java:1474)
01-01 00:01:29.516 1055 1427 E SQLiteDatabase: at android.database.sqlite.SQLiteDatabase.insert(SQLiteDatabase.java:1343)
01-01 00:01:29.516 1055 1427 E SQLiteDatabase: at com.android.providers.media.MediaProvider.insertFile(MediaProvider.java:2260)
01-01 00:01:29.516 1055 1427 E SQLiteDatabase: at com.android.providers.media.MediaProvider.insertInternal(MediaProvider.java:2493)
01-01 00:01:29.516 1055 1427 E SQLiteDatabase: at com.android.providers.media.MediaProvider.bulkInsert(MediaProvider.java:1866)
01-01 00:01:29.516 1055 1427 E SQLiteDatabase: at android.content.ContentProvider$Transport.bulkInsert(ContentProvider.java:282)
01-01 00:01:29.516 1055 1427 E SQLiteDatabase: at android.content.ContentProviderClient.bulkInsert(ContentProviderClient.java:290)
01-01 00:01:29.516 1055 1427 E SQLiteDatabase: at android.media.MediaInserter.flush(MediaInserter.java:91)
01-01 00:01:29.516 1055 1427 E SQLiteDatabase: at android.media.MediaInserter.flushAll(MediaInserter.java:74)
01-01 00:01:29.516 1055 1427 E SQLiteDatabase: at android.media.MediaScanner$MyMediaScannerClient.endFile(MediaScanner.java:1053)
01-01 00:01:29.516 1055 1427 E SQLiteDatabase: at android.media.MediaScanner$MyMediaScannerClient.doScanFile(MediaScanner.java:653)
01-01 00:01:29.516 1055 1427 E SQLiteDatabase: at android.media.MediaScanner$MyMediaScannerClient.scanFile(MediaScanner.java:580)
01-01 00:01:29.516 1055 1427 E SQLiteDatabase: at android.media.MediaScanner.processDirectory(Native Method)
01-01 00:01:29.516 1055 1427 E SQLiteDatabase: at android.media.MediaScanner.scanDirectories(MediaScanner.java:1403)
01-01 00:01:29.516 1055 1427 E SQLiteDatabase: at com.android.providers.media.MediaScannerService.scan(MediaScannerService.java:82)
01-01 00:01:29.516 1055 1427 E SQLiteDatabase: at com.android.providers.media.MediaScannerService.-wrap1(Unknown Source:0)
01-01 00:01:29.516 1055 1427 E SQLiteDatabase: at com.android.providers.media.MediaScannerService$ServiceHandler.handleMessage(MediaScannerService.java:252)
01-01 00:01:29.516 1055 1427 E SQLiteDatabase: at android.os.Handler.dispatchMessage(Handler.java:105)
01-01 00:01:29.516 1055 1427 E SQLiteDatabase: at android.os.Looper.loop(Looper.java:164)
01-01 00:01:29.516 1055 1427 E SQLiteDatabase: at com.android.providers.media.MediaScannerService.run(MediaScannerService.java:161)
01-01 00:01:29.516 1055 1427 E SQLiteDatabase: at java.lang.Thread.run(Thread.java:764)
01-01 00:01:29.518 1055 1427 W MediaProvider: Missing volume for /system/media/audio/ringtones/Aquila.ogg; assuming invalid
01-01 00:01:29.521 1055 1427 W MediaProvider: Missing volume for /system/media/audio/ringtones/ArgoNavis.ogg; assuming invalid
01-01 00:01:29.523 1055 1427 W MediaProvider: Missing volume for /system/media/audio/ringtones/Atria.ogg; assuming invalid
01-01 00:01:29.525 1055 1427 W MediaProvider: Missing volume for /system/media/audio/ringtones/BOOTES.ogg; assuming invalid
01-01 00:01:29.528 1055 1427 W MediaProvider: Missing volume for /system/media/audio/ringtones/Backroad.ogg; assuming invalid
01-01 00:01:29.528 212 666 E MetadataRetrieverClient: failed to extract an album art
01-01 00:01:29.530 1055 1427 W MediaProvider: Missing volume for /system/media/audio/ringtones/BeatPlucker.ogg; assuming invalid
01-01 00:01:29.531 1055 1427 W MediaProvider: Missing volume for /system/media/audio/ringtones/BentleyDubs.ogg; assuming invalid
01-01 00:01:29.550 1055 1427 W MediaProvider: Missing volume for /system/media/audio/ringtones/Big_Easy.ogg; assuming invalid
01-01 00:01:29.555 1055 1427 W MediaProvider: Missing volume for /system/media/audio/ringtones/BirdLoop.ogg; assuming invalid
01-01 00:01:29.557 1055 1427 W MediaProvider: Missing volume for /system/media/audio/ringtones/Bollywood.ogg; assuming invalid
01-01 00:01:29.558 1055 1427 W MediaProvider: Missing volume for /system/media/audio/ringtones/BussaMove.ogg; assuming invalid
01-01 00:01:29.560 1055 1427 W MediaProvider: Missing volume for /system/media/audio/ringtones/CANISMAJOR.ogg; assuming invalid
01-01 00:01:29.561 1055 1427 W MediaProvider: Missing volume for /system/media/audio/ringtones/CASSIOPEIA.ogg; assuming invalid
01-01 00:01:29.563 1055 1427 W MediaProvider: Missing volume for /system/media/audio/ringtones/Cairo.ogg; assuming invalid
01-01 00:01:29.564 1055 1427 W MediaProvider: Missing volume for /system/media/audio/ringtones/Calypso_Steel.ogg; assuming invalid
01-01 00:01:29.566 1055 1427 W MediaProvider: Missing volume for /system/media/audio/ringtones/CanisMajor.ogg; assuming invalid
01-01 00:01:29.567 1055 1427 E SQLiteDatabase: Error inserting title_key parent=98 is_music=false title=Canis Major _size=31133 duration=3498 bucket_id=293500348 is_alarm=false album_artist=null media_type=2 storage_id=0 is_notification=false track=0 bucket_display_name=ringtones _data=/system/media/audio/ringtones/CanisMajor.ogg is_drm=false _display_name=CanisMajor.ogg composer=null format=47362 is_ringtone=true artist_id=1 is_podcast=false date_added=89 date_modified=1512244732 mime_type=application/ogg album_id=4
01-01 00:01:29.567 1055 1427 E SQLiteDatabase: android.database.sqlite.SQLiteConstraintException: UNIQUE constraint failed: files._data (code 2067)
01-01 00:01:29.567 1055 1427 E SQLiteDatabase: at android.database.sqlite.SQLiteConnection.nativeExecuteForLastInsertedRowId(Native Method)
01-01 00:01:29.567 1055 1427 E SQLiteDatabase: at android.database.sqlite.SQLiteConnection.executeForLastInsertedRowId(SQLiteConnection.java:782)
01-01 00:01:29.567 1055 1427 E SQLiteDatabase: at android.database.sqlite.SQLiteSession.executeForLastInsertedRowId(SQLiteSession.java:788)
01-01 00:01:29.567 1055 1427 E SQLiteDatabase: at android.database.sqlite.SQLiteStatement.executeInsert(SQLiteStatement.java:86)
01-01 00:01:29.567 1055 1427 E SQLiteDatabase: at android.database.sqlite.SQLiteDatabase.insertWithOnConflict(SQLiteDatabase.java:1474)
01-01 00:01:29.567 1055 1427 E SQLiteDatabase: at android.database.sqlite.SQLiteDatabase.insert(SQLiteDatabase.java:1343)
01-01 00:01:29.567 1055 1427 E SQLiteDatabase: at com.android.providers.media.MediaProvider.insertFile(MediaProvider.java:2260)
01-01 00:01:29.567 1055 1427 E SQLiteDatabase: at com.android.providers.media.MediaProvider.insertInternal(MediaProvider.java:2493)
01-01 00:01:29.567 1055 1427 E SQLiteDatabase: at com.android.providers.media.MediaProvider.bulkInsert(MediaProvider.java:1866)
01-01 00:01:29.567 1055 1427 E SQLiteDatabase: at android.content.ContentProvider$Transport.bulkInsert(ContentProvider.java:282)
01-01 00:01:29.567 1055 1427 E SQLiteDatabase: at android.content.ContentProviderClient.bulkInsert(ContentProviderClient.java:290)
01-01 00:01:29.567 1055 1427 E SQLiteDatabase: at android.media.MediaInserter.flush(MediaInserter.java:91)
01-01 00:01:29.567 1055 1427 E SQLiteDatabase: at android.media.MediaInserter.flushAll(MediaInserter.java:74)
01-01 00:01:29.567 1055 1427 E SQLiteDatabase: at android.media.MediaScanner$MyMediaScannerClient.endFile(MediaScanner.java:1053)
01-01 00:01:29.567 1055 1427 E SQLiteDatabase: at android.media.MediaScanner$MyMediaScannerClient.doScanFile(MediaScanner.java:653)
01-01 00:01:29.567 1055 1427 E SQLiteDatabase: at android.media.MediaScanner$MyMediaScannerClient.scanFile(MediaScanner.java:580)
01-01 00:01:29.567 1055 1427 E SQLiteDatabase: at android.media.MediaScanner.processDirectory(Native Method)
01-01 00:01:29.567 1055 1427 E SQLiteDatabase: at android.media.MediaScanner.scanDirectories(MediaScanner.java:1403)
01-01 00:01:29.567 1055 1427 E SQLiteDatabase: at com.android.providers.media.MediaScannerService.scan(MediaScannerService.java:82)
01-01 00:01:29.567 1055 1427 E SQLiteDatabase: at com.android.providers.media.MediaScannerService.-wrap1(Unknown Source:0)
01-01 00:01:29.567 1055 1427 E SQLiteDatabase: at com.android.providers.media.MediaScannerService$ServiceHandler.handleMessage(MediaScannerService.java:252)
01-01 00:01:29.567 1055 1427 E SQLiteDatabase: at android.os.Handler.dispatchMessage(Handler.java:105)
01-01 00:01:29.567 1055 1427 E SQLiteDatabase: at android.os.Looper.loop(Looper.java:164)
01-01 00:01:29.567 1055 1427 E SQLiteDatabase: at com.android.providers.media.MediaScannerService.run(MediaScannerService.java:161)
01-01 00:01:29.567 1055 1427 E SQLiteDatabase: at java.lang.Thread.run(Thread.java:764)
01-01 00:01:29.569 1055 1427 W MediaProvider: Missing volume for /system/media/audio/ringtones/CaribbeanIce.ogg; assuming invalid
01-01 00:01:29.571 1055 1427 W MediaProvider: Missing volume for /system/media/audio/ringtones/Carina.ogg; assuming invalid
01-01 00:01:29.573 1055 1427 W MediaProvider: Missing volume for /system/media/audio/ringtones/Centaurus.ogg; assuming invalid
01-01 00:01:29.580 1055 1427 W MediaProvider: Missing volume for /system/media/audio/ringtones/Champagne_Edition.ogg; assuming invalid
01-01 00:01:29.582 1055 1427 W MediaProvider: Missing volume for /system/media/audio/ringtones/Club_Cubano.ogg; assuming invalid
01-01 00:01:29.584 1055 1427 W MediaProvider: Missing volume for /system/media/audio/ringtones/CrayonRock.ogg; assuming invalid
01-01 00:01:29.586 1055 1427 W MediaProvider: Missing volume for /system/media/audio/ringtones/CrazyDream.ogg; assuming invalid
01-01 00:01:29.588 1055 1427 W MediaProvider: Missing volume for /system/media/audio/ringtones/CurveBall.ogg; assuming invalid
01-01 00:01:29.591 1055 1427 W MediaProvider: Missing volume for /system/media/audio/ringtones/Cygnus.ogg; assuming invalid
01-01 00:01:29.593 1055 1427 W MediaProvider: Missing volume for /system/media/audio/ringtones/DancinFool.ogg; assuming invalid
01-01 00:01:29.594 1055 1427 W MediaProvider: Missing volume for /system/media/audio/ringtones/Ding.ogg; assuming invalid
01-01 00:01:29.596 1055 1427 W MediaProvider: Missing volume for /system/media/audio/ringtones/DonMessWivIt.ogg; assuming invalid
01-01 00:01:29.598 1055 1427 W MediaProvider: Missing volume for /system/media/audio/ringtones/Draco.ogg; assuming invalid
01-01 00:01:29.600 1055 1427 W MediaProvider: Missing volume for /system/media/audio/ringtones/DreamTheme.ogg; assuming invalid
01-01 00:01:29.601 1055 1427 W MediaProvider: Missing volume for /system/media/audio/ringtones/Eastern_Sky.ogg; assuming invalid
01-01 00:01:29.603 1055 1427 W MediaProvider: Missing volume for /system/media/audio/ringtones/Enter_the_Nexus.ogg; assuming invalid
01-01 00:01:29.605 1055 1427 W MediaProvider: Missing volume for /system/media/audio/ringtones/Eridani.ogg; assuming invalid
01-01 00:01:29.606 1055 1427 W MediaProvider: Missing volume for /system/media/audio/ringtones/EtherShake.ogg; assuming invalid
01-01 00:01:29.607 1055 1427 W MediaProvider: Missing volume for /system/media/audio/ringtones/FreeFlight.ogg; assuming invalid
01-01 00:01:29.609 1055 1427 W MediaProvider: Missing volume for /system/media/audio/ringtones/FriendlyGhost.ogg; assuming invalid
01-01 00:01:29.610 1055 1427 W MediaProvider: Missing volume for /system/media/audio/ringtones/Funk_Yall.ogg; assuming invalid
01-01 00:01:29.612 1055 1427 W MediaProvider: Missing volume for /system/media/audio/ringtones/GameOverGuitar.ogg; assuming invalid
01-01 00:01:29.613 1055 1427 W MediaProvider: Missing volume for /system/media/audio/ringtones/Gimme_Mo_Town.ogg; assuming invalid
01-01 00:01:29.615 1055 1427 W MediaProvider: Missing volume for /system/media/audio/ringtones/Girtab.ogg; assuming invalid
01-01 00:01:29.617 1055 1427 W MediaProvider: Missing volume for /system/media/audio/ringtones/Glacial_Groove.ogg; assuming invalid
01-01 00:01:29.618 1055 1427 W MediaProvider: Missing volume for /system/media/audio/ringtones/Growl.ogg; assuming invalid
01-01 00:01:29.620 1055 1427 W MediaProvider: Missing volume for /system/media/audio/ringtones/HalfwayHome.ogg; assuming invalid
01-01 00:01:29.622 1055 1427 W MediaProvider: Missing volume for /system/media/audio/ringtones/Hydra.ogg; assuming invalid
01-01 00:01:29.623 1055 1427 W MediaProvider: Missing volume for /system/media/audio/ringtones/InsertCoin.ogg; assuming invalid
01-01 00:01:29.625 1055 1427 W MediaProvider: Missing volume for /system/media/audio/ringtones/Kuma.ogg; assuming invalid
01-01 00:01:29.626 1055 1427 W MediaProvider: Missing volume for /system/media/audio/ringtones/LoopyLounge.ogg; assuming invalid
01-01 00:01:29.628 1055 1427 W MediaProvider: Missing volume for /system/media/audio/ringtones/LoveFlute.ogg; assuming invalid
01-01 00:01:29.629 1055 1427 W MediaProvider: Missing volume for /system/media/audio/ringtones/Lyra.ogg; assuming invalid
01-01 00:01:29.631 1055 1427 W MediaProvider: Missing volume for /system/media/audio/ringtones/Machina.ogg; assuming invalid
01-01 00:01:29.633 1055 1427 W MediaProvider: Missing volume for /system/media/audio/ringtones/MidEvilJaunt.ogg; assuming invalid
01-01 00:01:29.634 1055 1427 W MediaProvider: Missing volume for /system/media/audio/ringtones/MildlyAlarming.ogg; assuming invalid
01-01 00:01:29.635 1055 1427 W MediaProvider: Missing volume for /system/media/audio/ringtones/Nairobi.ogg; assuming invalid
01-01 00:01:29.637 1055 1427 W MediaProvider: Missing volume for /system/media/audio/ringtones/Nassau.ogg; assuming invalid
01-01 00:01:29.638 1055 1427 W MediaProvider: Missing volume for /system/media/audio/ringtones/NewPlayer.ogg; assuming invalid
01-01 00:01:29.640 1055 1427 W MediaProvider: Missing volume for /system/media/audio/ringtones/No_Limits.ogg; assuming invalid
01-01 00:01:29.641 1055 1427 W MediaProvider: Missing volume for /system/media/audio/ringtones/Noises1.ogg; assuming invalid
01-01 00:01:29.642 1055 1427 W MediaProvider: Missing volume for /system/media/audio/ringtones/Noises2.ogg; assuming invalid
01-01 00:01:29.644 1055 1427 W MediaProvider: Missing volume for /system/media/audio/ringtones/Noises3.ogg; assuming invalid
01-01 00:01:29.645 1055 1427 W MediaProvider: Missing volume for /system/media/audio/ringtones/OrganDub.ogg; assuming invalid
01-01 00:01:29.647 1055 1427 W MediaProvider: Missing volume for /system/media/audio/ringtones/Orion.ogg; assuming invalid
01-01 00:01:29.651 1055 1427 W MediaProvider: Missing volume for /system/media/audio/ringtones/PERSEUS.ogg; assuming invalid
01-01 00:01:29.653 1055 1427 W MediaProvider: Missing volume for /system/media/audio/ringtones/Paradise_Island.ogg; assuming invalid
01-01 00:01:29.655 1055 1427 W MediaProvider: Missing volume for /system/media/audio/ringtones/Pegasus.ogg; assuming invalid
01-01 00:01:29.657 1055 1427 W MediaProvider: Missing volume for /system/media/audio/ringtones/Perseus.ogg; assuming invalid
01-01 00:01:29.658 1055 1427 E SQLiteDatabase: Error inserting title_key parent=98 is_music=false title=Perseus _size=236343 duration=10170 bucket_id=293500348 is_alarm=false album_artist=null media_type=2 storage_id=0 is_notification=false track=0 bucket_display_name=ringtones _data=/system/media/audio/ringtones/Perseus.ogg is_drm=false _display_name=Perseus.ogg composer=null format=47362 is_ringtone=true artist_id=1 is_podcast=false date_added=89 date_modified=1512244732 mime_type=application/ogg album_id=4
01-01 00:01:29.658 1055 1427 E SQLiteDatabase: android.database.sqlite.SQLiteConstraintException: UNIQUE constraint failed: files._data (code 2067)
01-01 00:01:29.658 1055 1427 E SQLiteDatabase: at android.database.sqlite.SQLiteConnection.nativeExecuteForLastInsertedRowId(Native Method)
01-01 00:01:29.658 1055 1427 E SQLiteDatabase: at android.database.sqlite.SQLiteConnection.executeForLastInsertedRowId(SQLiteConnection.java:782)
01-01 00:01:29.658 1055 1427 E SQLiteDatabase: at android.database.sqlite.SQLiteSession.executeForLastInsertedRowId(SQLiteSession.java:788)
01-01 00:01:29.658 1055 1427 E SQLiteDatabase: at android.database.sqlite.SQLiteStatement.executeInsert(SQLiteStatement.java:86)
01-01 00:01:29.658 1055 1427 E SQLiteDatabase: at android.database.sqlite.SQLiteDatabase.insertWithOnConflict(SQLiteDatabase.java:1474)
01-01 00:01:29.658 1055 1427 E SQLiteDatabase: at android.database.sqlite.SQLiteDatabase.insert(SQLiteDatabase.java:1343)
01-01 00:01:29.658 1055 1427 E SQLiteDatabase: at com.android.providers.media.MediaProvider.insertFile(MediaProvider.java:2260)
01-01 00:01:29.658 1055 1427 E SQLiteDatabase: at com.android.providers.media.MediaProvider.insertInternal(MediaProvider.java:2493)
01-01 00:01:29.658 1055 1427 E SQLiteDatabase: at com.android.providers.media.MediaProvider.bulkInsert(MediaProvider.java:1866)
01-01 00:01:29.658 1055 1427 E SQLiteDatabase: at android.content.ContentProvider$Transport.bulkInsert(ContentProvider.java:282)
01-01 00:01:29.658 1055 1427 E SQLiteDatabase: at android.content.ContentProviderClient.bulkInsert(ContentProviderClient.java:290)
01-01 00:01:29.658 1055 1427 E SQLiteDatabase: at android.media.MediaInserter.flush(MediaInserter.java:91)
01-01 00:01:29.658 1055 1427 E SQLiteDatabase: at android.media.MediaInserter.flushAll(MediaInserter.java:74)
01-01 00:01:29.658 1055 1427 E SQLiteDatabase: at android.media.MediaScanner$MyMediaScannerClient.endFile(MediaScanner.java:1053)
01-01 00:01:29.658 1055 1427 E SQLiteDatabase: at android.media.MediaScanner$MyMediaScannerClient.doScanFile(MediaScanner.java:653)
01-01 00:01:29.658 1055 1427 E SQLiteDatabase: at android.media.MediaScanner$MyMediaScannerClient.scanFile(MediaScanner.java:580)
01-01 00:01:29.658 1055 1427 E SQLiteDatabase: at android.media.MediaScanner.processDirectory(Native Method)
01-01 00:01:29.658 1055 1427 E SQLiteDatabase: at android.media.MediaScanner.scanDirectories(MediaScanner.java:1403)
01-01 00:01:29.658 1055 1427 E SQLiteDatabase: at com.android.providers.media.MediaScannerService.scan(MediaScannerService.java:82)
01-01 00:01:29.658 1055 1427 E SQLiteDatabase: at com.android.providers.media.MediaScannerService.-wrap1(Unknown Source:0)
01-01 00:01:29.658 1055 1427 E SQLiteDatabase: at com.android.providers.media.MediaScannerService$ServiceHandler.handleMessage(MediaScannerService.java:252)
01-01 00:01:29.658 1055 1427 E SQLiteDatabase: at android.os.Handler.dispatchMessage(Handler.java:105)
01-01 00:01:29.658 1055 1427 E SQLiteDatabase: at android.os.Looper.loop(Looper.java:164)
01-01 00:01:29.658 1055 1427 E SQLiteDatabase: at com.android.providers.media.MediaScannerService.run(MediaScannerService.java:161)
01-01 00:01:29.658 1055 1427 E SQLiteDatabase: at java.lang.Thread.run(Thread.java:764)
01-01 00:01:29.670 1055 1427 W MediaProvider: Missing volume for /system/media/audio/ringtones/Playa.ogg; assuming invalid
01-01 00:01:29.681 212 666 E MetadataRetrieverClient: failed to extract an album art
01-01 00:01:29.683 1055 1427 W MediaProvider: Missing volume for /system/media/audio/ringtones/Pyxis.ogg; assuming invalid
01-01 00:01:29.688 1055 1427 W MediaProvider: Missing volume for /system/media/audio/ringtones/Rasalas.ogg; assuming invalid
01-01 00:01:29.689 1055 1427 W MediaProvider: Missing volume for /system/media/audio/ringtones/Revelation.ogg; assuming invalid
01-01 00:01:29.692 1055 1427 W MediaProvider: Missing volume for /system/media/audio/ringtones/Rigel.ogg; assuming invalid
01-01 00:01:29.694 1055 1427 W MediaProvider: Missing volume for /system/media/audio/ringtones/Ring_Classic_02.ogg; assuming invalid
01-01 00:01:29.696 1055 1427 W MediaProvider: Missing volume for /system/media/audio/ringtones/Ring_Digital_02.ogg; assuming invalid
01-01 00:01:29.698 1055 1427 W MediaProvider: Missing volume for /system/media/audio/ringtones/Ring_Synth_02.ogg; assuming invalid
01-01 00:01:29.749 1055 1427 W MediaProvider: Missing volume for /system/media/audio/ringtones/Ring_Synth_04.ogg; assuming invalid
01-01 00:01:29.770 1055 1427 I MediaScanner: forcing rescan of /system/media/audio/ringtones/Road_Trip.ogg since build fingerprint changed
01-01 00:01:29.790 1055 1427 I MediaScanner: forcing rescan of /system/media/audio/ringtones/RomancingTheTone.ogg since build fingerprint changed
01-01 00:01:29.807 1055 1427 I MediaScanner: forcing rescan of /system/media/audio/ringtones/Safari.ogg since build fingerprint changed
01-01 00:01:29.824 1055 1427 I MediaScanner: forcing rescan of /system/media/audio/ringtones/Savannah.ogg since build fingerprint changed
01-01 00:01:29.841 1055 1427 I MediaScanner: forcing rescan of /system/media/audio/ringtones/Scarabaeus.ogg since build fingerprint changed
01-01 00:01:29.867 1055 1427 I MediaScanner: forcing rescan of /system/media/audio/ringtones/Sceptrum.ogg since build fingerprint changed
01-01 00:01:29.900 1055 1427 I MediaScanner: forcing rescan of /system/media/audio/ringtones/Seville.ogg since build fingerprint changed
01-01 00:01:29.918 1055 1427 I MediaScanner: forcing rescan of /system/media/audio/ringtones/Shes_All_That.ogg since build fingerprint changed
01-01 00:01:29.934 1055 1427 I MediaScanner: forcing rescan of /system/media/audio/ringtones/SilkyWay.ogg since build fingerprint changed
01-01 00:01:29.951 1055 1427 I MediaScanner: forcing rescan of /system/media/audio/ringtones/SitarVsSitar.ogg since build fingerprint changed
01-01 00:01:29.966 1055 1427 I MediaScanner: forcing rescan of /system/media/audio/ringtones/Solarium.ogg since build fingerprint changed
01-01 00:01:29.989 1055 1427 I MediaScanner: forcing rescan of /system/media/audio/ringtones/SpringyJalopy.ogg since build fingerprint changed
01-01 00:01:30.005 1055 1427 I MediaScanner: forcing rescan of /system/media/audio/ringtones/Steppin_Out.ogg since build fingerprint changed
01-01 00:01:30.032 1055 1427 I MediaScanner: forcing rescan of /system/media/audio/ringtones/Terminated.ogg since build fingerprint changed
01-01 00:01:30.053 1055 1427 I MediaScanner: forcing rescan of /system/media/audio/ringtones/Testudo.ogg since build fingerprint changed
01-01 00:01:30.074 1055 1427 I MediaScanner: forcing rescan of /system/media/audio/ringtones/Themos.ogg since build fingerprint changed
01-01 00:01:30.103 1055 1427 I MediaScanner: forcing rescan of /system/media/audio/ringtones/Third_Eye.ogg since build fingerprint changed
01-01 00:01:30.119 1055 1427 I MediaScanner: forcing rescan of /system/media/audio/ringtones/Thunderfoot.ogg since build fingerprint changed
01-01 00:01:30.136 1055 1427 I MediaScanner: forcing rescan of /system/media/audio/ringtones/TwirlAway.ogg since build fingerprint changed
01-01 00:01:30.151 1055 1427 I MediaScanner: forcing rescan of /system/media/audio/ringtones/URSAMINOR.ogg since build fingerprint changed
01-01 00:01:30.180 1055 1427 I MediaScanner: forcing rescan of /system/media/audio/ringtones/UrsaMinor.ogg since build fingerprint changed
01-01 00:01:30.217 1055 1427 I MediaScanner: forcing rescan of /system/media/audio/ringtones/VeryAlarmed.ogg since build fingerprint changed
01-01 00:01:30.236 1055 1427 I MediaScanner: forcing rescan of /system/media/audio/ringtones/Vespa.ogg since build fingerprint changed
01-01 00:01:30.250 1055 1427 I MediaScanner: forcing rescan of /system/media/audio/ringtones/World.ogg since build fingerprint changed
01-01 00:01:30.265 1055 1427 I MediaScanner: forcing rescan of /system/media/audio/ringtones/Zeta.ogg since build fingerprint changed
01-01 00:01:30.287 1055 1427 I MediaScanner: forcing rescan of /system/media/audio/ringtones/hydra.ogg since build fingerprint changed
01-01 00:01:30.571 1055 1427 W MediaScanner: Error opening directory '/oem/media/', skipping: No such file or directory.
01-01 00:01:30.573 1055 1427 W MediaProvider: Missing volume for /system/media/audio/ui; assuming invalid
01-01 00:01:30.582 1055 1427 W MediaProvider: Missing volume for /system/media/audio/ringtones/Road_Trip.ogg; assuming invalid
01-01 00:01:30.584 1055 1427 W MediaProvider: Missing volume for /system/media/audio/ringtones/RomancingTheTone.ogg; assuming invalid
01-01 00:01:30.585 1055 1427 W MediaProvider: Missing volume for /system/media/audio/ringtones/Safari.ogg; assuming invalid
01-01 00:01:30.586 1055 1427 W MediaProvider: Missing volume for /system/media/audio/ringtones/Savannah.ogg; assuming invalid
01-01 00:01:30.588 1055 1427 W MediaProvider: Missing volume for /system/media/audio/ringtones/Scarabaeus.ogg; assuming invalid
01-01 00:01:30.591 1055 1427 W MediaProvider: Missing volume for /system/media/audio/ringtones/Sceptrum.ogg; assuming invalid
01-01 00:01:30.592 1055 1427 W MediaProvider: Missing volume for /system/media/audio/ringtones/Seville.ogg; assuming invalid
01-01 00:01:30.611 1055 1427 W MediaProvider: Missing volume for /system/media/audio/ringtones/Shes_All_That.ogg; assuming invalid
01-01 00:01:30.616 1055 1427 W MediaProvider: Missing volume for /system/media/audio/ringtones/SilkyWay.ogg; assuming invalid
01-01 00:01:30.617 1055 1427 W MediaProvider: Missing volume for /system/media/audio/ringtones/SitarVsSitar.ogg; assuming invalid
01-01 00:01:30.620 1055 1427 W MediaProvider: Missing volume for /system/media/audio/ringtones/Solarium.ogg; assuming invalid
01-01 00:01:30.621 1055 1427 W MediaProvider: Missing volume for /system/media/audio/ringtones/SpringyJalopy.ogg; assuming invalid
01-01 00:01:30.623 1055 1427 W MediaProvider: Missing volume for /system/media/audio/ringtones/Steppin_Out.ogg; assuming invalid
01-01 00:01:30.624 1055 1427 W MediaProvider: Missing volume for /system/media/audio/ringtones/Terminated.ogg; assuming invalid
01-01 00:01:30.627 1055 1427 W MediaProvider: Missing volume for /system/media/audio/ringtones/Testudo.ogg; assuming invalid
01-01 00:01:30.629 1055 1427 W MediaProvider: Missing volume for /system/media/audio/ringtones/Themos.ogg; assuming invalid
01-01 00:01:30.631 1055 1427 W MediaProvider: Missing volume for /system/media/audio/ringtones/Third_Eye.ogg; assuming invalid
01-01 00:01:30.632 1055 1427 W MediaProvider: Missing volume for /system/media/audio/ringtones/Thunderfoot.ogg; assuming invalid
01-01 00:01:30.633 1055 1427 W MediaProvider: Missing volume for /system/media/audio/ringtones/TwirlAway.ogg; assuming invalid
01-01 00:01:30.635 1055 1427 W MediaProvider: Missing volume for /system/media/audio/ringtones/URSAMINOR.ogg; assuming invalid
01-01 00:01:30.637 1055 1427 W MediaProvider: Missing volume for /system/media/audio/ringtones/UrsaMinor.ogg; assuming invalid
01-01 00:01:30.638 1055 1427 E SQLiteDatabase: Error inserting title_key parent=98 is_music=false title=UrsaMinor _size=185005 duration=12800 bucket_id=293500348 is_alarm=false album_artist=null media_type=2 storage_id=0 is_notification=false track=0 bucket_display_name=ringtones _data=/system/media/audio/ringtones/UrsaMinor.ogg is_drm=false _display_name=UrsaMinor.ogg composer=null format=47362 is_ringtone=true artist_id=1 is_podcast=false date_added=90 date_modified=1512244732 mime_type=application/ogg album_id=4
01-01 00:01:30.638 1055 1427 E SQLiteDatabase: android.database.sqlite.SQLiteConstraintException: UNIQUE constraint failed: files._data (code 2067)
01-01 00:01:30.638 1055 1427 E SQLiteDatabase: at android.database.sqlite.SQLiteConnection.nativeExecuteForLastInsertedRowId(Native Method)
01-01 00:01:30.638 1055 1427 E SQLiteDatabase: at android.database.sqlite.SQLiteConnection.executeForLastInsertedRowId(SQLiteConnection.java:782)
01-01 00:01:30.638 1055 1427 E SQLiteDatabase: at android.database.sqlite.SQLiteSession.executeForLastInsertedRowId(SQLiteSession.java:788)
01-01 00:01:30.638 1055 1427 E SQLiteDatabase: at android.database.sqlite.SQLiteStatement.executeInsert(SQLiteStatement.java:86)
01-01 00:01:30.638 1055 1427 E SQLiteDatabase: at android.database.sqlite.SQLiteDatabase.insertWithOnConflict(SQLiteDatabase.java:1474)
01-01 00:01:30.638 1055 1427 E SQLiteDatabase: at android.database.sqlite.SQLiteDatabase.insert(SQLiteDatabase.java:1343)
01-01 00:01:30.638 1055 1427 E SQLiteDatabase: at com.android.providers.media.MediaProvider.insertFile(MediaProvider.java:2260)
01-01 00:01:30.638 1055 1427 E SQLiteDatabase: at com.android.providers.media.MediaProvider.insertInternal(MediaProvider.java:2493)
01-01 00:01:30.638 1055 1427 E SQLiteDatabase: at com.android.providers.media.MediaProvider.bulkInsert(MediaProvider.java:1866)
01-01 00:01:30.638 1055 1427 E SQLiteDatabase: at android.content.ContentProvider$Transport.bulkInsert(ContentProvider.java:282)
01-01 00:01:30.638 1055 1427 E SQLiteDatabase: at android.content.ContentProviderClient.bulkInsert(ContentProviderClient.java:290)
01-01 00:01:30.638 1055 1427 E SQLiteDatabase: at android.media.MediaInserter.flush(MediaInserter.java:91)
01-01 00:01:30.638 1055 1427 E SQLiteDatabase: at android.media.MediaInserter.flushAll(MediaInserter.java:74)
01-01 00:01:30.638 1055 1427 E SQLiteDatabase: at android.media.MediaScanner.scanDirectories(MediaScanner.java:1408)
01-01 00:01:30.638 1055 1427 E SQLiteDatabase: at com.android.providers.media.MediaScannerService.scan(MediaScannerService.java:82)
01-01 00:01:30.638 1055 1427 E SQLiteDatabase: at com.android.providers.media.MediaScannerService.-wrap1(Unknown Source:0)
01-01 00:01:30.638 1055 1427 E SQLiteDatabase: at com.android.providers.media.MediaScannerService$ServiceHandler.handleMessage(MediaScannerService.java:252)
01-01 00:01:30.638 1055 1427 E SQLiteDatabase: at android.os.Handler.dispatchMessage(Handler.java:105)
01-01 00:01:30.638 1055 1427 E SQLiteDatabase: at android.os.Looper.loop(Looper.java:164)
01-01 00:01:30.638 1055 1427 E SQLiteDatabase: at com.android.providers.media.MediaScannerService.run(MediaScannerService.java:161)
01-01 00:01:30.638 1055 1427 E SQLiteDatabase: at java.lang.Thread.run(Thread.java:764)
01-01 00:01:30.639 1055 1427 W MediaProvider: Missing volume for /system/media/audio/ringtones/VeryAlarmed.ogg; assuming invalid
01-01 00:01:30.641 1055 1427 W MediaProvider: Missing volume for /system/media/audio/ringtones/Vespa.ogg; assuming invalid
01-01 00:01:30.643 1055 1427 W MediaProvider: Missing volume for /system/media/audio/ringtones/World.ogg; assuming invalid
01-01 00:01:30.645 1055 1427 W MediaProvider: Missing volume for /system/media/audio/ringtones/Zeta.ogg; assuming invalid
01-01 00:01:30.649 1055 1427 W MediaProvider: Missing volume for /system/media/audio/ui/Dock.ogg; assuming invalid
01-01 00:01:30.651 1055 1427 W MediaProvider: Missing volume for /system/media/audio/ui/Effect_Tick.ogg; assuming invalid
01-01 00:01:30.654 1055 1427 W MediaProvider: Missing volume for /system/media/audio/ui/KeypressDelete.ogg; assuming invalid
01-01 00:01:30.657 1055 1427 W MediaProvider: Missing volume for /system/media/audio/ui/KeypressInvalid.ogg; assuming invalid
01-01 00:01:30.659 1055 1427 W MediaProvider: Missing volume for /system/media/audio/ui/KeypressReturn.ogg; assuming invalid
01-01 00:01:30.662 1055 1427 W MediaProvider: Missing volume for /system/media/audio/ui/KeypressSpacebar.ogg; assuming invalid
01-01 00:01:30.664 212 308 E MetadataRetrieverClient: failed to extract an album art
01-01 00:01:30.664 1055 1427 W MediaProvider: Missing volume for /system/media/audio/ui/KeypressStandard.ogg; assuming invalid
01-01 00:01:30.666 1055 1427 W MediaProvider: Missing volume for /system/media/audio/ui/Lock.ogg; assuming invalid
01-01 00:01:30.669 1055 1427 W MediaProvider: Missing volume for /system/media/audio/ui/LowBattery.ogg; assuming invalid
01-01 00:01:30.671 1055 1427 W MediaProvider: Missing volume for /system/media/audio/ui/Trusted.ogg; assuming invalid
01-01 00:01:30.673 1055 1427 W MediaProvider: Missing volume for /system/media/audio/ui/Undock.ogg; assuming invalid
01-01 00:01:30.675 1055 1427 W MediaProvider: Missing volume for /system/media/audio/ui/Unlock.ogg; assuming invalid
01-01 00:01:30.677 1055 1427 W MediaProvider: Missing volume for /system/media/audio/ui/VideoRecord.ogg; assuming invalid
01-01 00:01:30.679 1055 1427 W MediaProvider: Missing volume for /system/media/audio/ui/VideoStop.ogg; assuming invalid
01-01 00:01:30.681 1055 1427 W MediaProvider: Missing volume for /system/media/audio/ui/WirelessChargingStarted.ogg; assuming invalid
01-01 00:01:30.682 1055 1427 W MediaProvider: Missing volume for /system/media/audio/ui/camera_click.ogg; assuming invalid
01-01 00:01:30.684 1055 1427 W MediaProvider: Missing volume for /system/media/audio/ui/camera_focus.ogg; assuming invalid
01-01 00:01:31.094 1055 1427 V MediaScanner: pruneDeadThumbnailFiles... android.content.ContentProviderClient$CursorWrapperInner@a847d35
01-01 00:01:31.094 1055 1427 V MediaScanner: /pruneDeadThumbnailFiles... android.content.ContentProviderClient$CursorWrapperInner@a847d35
01-01 00:01:33.147 577 577 D ImsResolver: maybeAddedImsService, packageName: com.android.camera2
01-01 00:01:33.149 577 577 D ImsResolver: maybeAddedImsService, packageName: com.android.calendar
01-01 00:01:33.150 577 577 D ImsResolver: maybeAddedImsService, packageName: com.android.gallery3d
01-01 00:01:33.152 320 320 I Telecom : DefaultDialerCache: Refreshing default dialer for user 0: now null: DDC.oR@ABM
01-01 00:01:33.153 577 577 D ImsResolver: maybeAddedImsService, packageName: com.android.settings
01-01 00:01:33.158 577 577 D ImsResolver: maybeAddedImsService, packageName: com.android.email
01-01 00:01:33.173 320 381 I InputReader: Reconfiguring input devices. changes=0x00000010
01-01 00:01:33.176 320 381 I chatty : uid=1000(system) InputReader identical 3 lines
01-01 00:01:33.177 320 381 I InputReader: Reconfiguring input devices. changes=0x00000010
01-01 00:01:33.177 320 320 I Telecom : DefaultDialerCache: Refreshing default dialer for user 0: now null: DDC.oR@ABQ
01-01 00:01:33.185 320 320 I Telecom : DefaultDialerCache: Refreshing default dialer for user 0: now null: DDC.oR@ABU
01-01 00:01:33.188 320 320 I Telecom : DefaultDialerCache: Refreshing default dialer for user 0: now null: DDC.oR@ABY
01-01 00:01:33.196 320 334 W VoiceInteractionManagerService: no available voice interaction services found for user 0
01-01 00:01:33.207 320 334 I chatty : uid=1000(system) android.bg identical 1 line
01-01 00:01:33.212 320 334 W VoiceInteractionManagerService: no available voice interaction services found for user 0
01-01 00:01:33.213 320 334 W ResourceType: No known package when getting value for resource number 0x7f080128
01-01 00:01:33.213 320 334 W ResourceType: No known package when getting value for resource number 0x7f120d8d
01-01 00:01:33.213 320 334 W ResourceType: No known package when getting value for resource number 0x7f080127
01-01 00:01:33.213 320 334 W ResourceType: No known package when getting value for resource number 0x7f1203bb
01-01 00:01:33.213 320 334 W ResourceType: No known package when getting value for resource number 0x7f080126
01-01 00:01:33.213 320 334 W ResourceType: No known package when getting value for resource number 0x7f120822
01-01 00:01:33.220 320 320 I Telecom : DefaultDialerCache: Refreshing default dialer for user 0: now null: DDC.oR@ABc
01-01 00:01:33.221 320 334 W VoiceInteractionManagerService: no available voice interaction services found for user 0
01-01 00:01:33.240 320 334 W VoiceInteractionManagerService: no available voice interaction services found for user 0
01-01 00:01:33.358 997 1010 I zygote : Do partial code cache collection, code=29KB, data=30KB
01-01 00:01:33.362 997 1010 I zygote : After code cache collection, code=24KB, data=28KB
01-01 00:01:33.362 997 1010 I zygote : Increasing code cache capacity to 128KB
01-01 00:01:33.395 997 997 I zygote : Deoptimizing void com.android.launcher3.BubbleTextView.applyIconAndLabel(android.graphics.Bitmap, com.android.launcher3.ItemInfo) due to JIT inline cache
01-01 00:01:33.641 997 1010 I zygote : Do partial code cache collection, code=62KB, data=52KB
01-01 00:01:33.642 997 1010 I zygote : After code cache collection, code=60KB, data=51KB
01-01 00:01:33.642 997 1010 I zygote : Increasing code cache capacity to 256KB
01-01 00:01:38.215 481 765 I vol.Events: writeEvent level_changed STREAM_MUSIC 10
01-01 00:01:38.578 320 335 I ActivityManager: Waited long enough for: ServiceRecord{db5a248 u0 com.android.calendar/.alerts.InitAlarmsService}
01-01 00:01:38.916 320 335 I ActivityManager: Waited long enough for: ServiceRecord{eaf85bf u0 com.android.car.messenger/.MessengerService}
01-01 00:01:53.620 1223 1267 D InitAlarmsService: Clearing and rescheduling alarms.
01-01 00:01:53.628 320 332 I ActivityManager: Killing 833:android.ext.services/u0a14 (adj 906): empty #17
01-01 00:01:53.628 320 332 I ActivityManager: Killing 607:com.android.settings:CryptKeeper/1000 (adj 906): empty #18
01-01 00:01:53.652 320 511 I ActivityManager: Killing 891:com.android.provision/u0a21 (adj 906): empty #17 **************************************RUN CAMERA APP**************************************
01-01 00:01:58.845 320 332 I ActivityManager: START u0 {act=android.intent.action.MAIN cat=[android.intent.category.LAUNCHER] flg=0x10200000 pkg=com.android.camera2 cmp=com.android.camera2/com.android.camera.CameraLauncher bnds=[1086,47][1218,195]} from uid 10017
01-01 00:01:58.850 204 204 W APM_AudioPolicyManager: getOutput() could not find output for stream 1, samplingRate 0,format 0, channels 3, flags 0
01-01 00:01:58.851 204 204 W APM_AudioPolicyManager: getOutput() could not find output for stream 1, samplingRate 0,format 0, channels 3, flags 0
01-01 00:01:58.851 204 204 W APM_AudioPolicyManager: getOutput() could not find output for stream 1, samplingRate 48000,format 1, channels 3, flags 4
01-01 00:01:58.851 320 440 E AudioTrack: Could not get audio output for session 33, stream type -1, usage 13, sample rate 48000, format 0x1, channel mask 0x3, flags 0x4
01-01 00:01:58.857 320 367 W System : ClassLoader referenced unknown path:
01-01 00:01:58.888 320 440 E SoundPool: Error creating AudioTrack
01-01 00:01:58.920 1262 1262 V CAM_QuickActivity: START onCreate: Activity = com.android.camera.CameraActivity@bc337b
01-01 00:01:58.921 1262 1262 V CAM_Profiler: [ 0.000ms][ui] GUARD: CameraActivity.onCreateTasks - START
01-01 00:01:58.921 1262 1262 D CAM_LocationManager: Using legacy location provider.
01-01 00:01:58.950 320 367 I vndksupport: sphal namespace is not configured for this process. Loading /vendor/lib/hw/gralloc.jacinto6.so from the current namespace instead.
01-01 00:01:59.007 1262 1262 D CAM_MemoryManagerImpl: Max native memory: 11 MB
01-01 00:01:59.032 1262 1262 W SoundPool: Use of stream types is deprecated for operations other than volume control
01-01 00:01:59.032 1262 1262 W SoundPool: See the documentation of SoundPool() for what to use instead with android.media.AudioAttributes to qualify your playback use case
01-01 00:01:59.033 1262 1262 I CAM_OneCamFtrCnfgCrtr: CaptureModule? true
