01-01 00:01:59.040 320 1449 I ActivityManager: START u0 {cmp=com.android.camera2/com.android.camera.PermissionsActivity} from uid 10039
01-01 00:01:59.093 1262 1262 I CAM_Profiler: [172.511ms][ui] GUARD: CameraActivity.onCreateTasks - [20.309ms] Glide.setup
01-01 00:01:59.096 1262 1262 V CAM_Profiler: [175.318ms][ui] GUARD: CameraActivity.onCreateTasks - [ 2.806ms] OneCameraManager.get
01-01 00:01:59.110 1262 1262 I CameraManagerGlobal: Connecting to camera service
01-01 00:01:59.113 176 176 D CameraHal: (b2bba4a8) + hardware/ti/dra7xx/camera/CameraProperties.cpp:67 initialize - ENTER
01-01 00:01:59.113 176 176 D CameraHal: (b2bba4a8) - hardware/ti/dra7xx/camera/CameraProperties.cpp:67 initialize - EXIT
01-01 00:01:59.113 176 176 D CameraHal: (b2bba4a8) + hardware/ti/dra7xx/camera/CameraParameters.cpp:152 getProperties - ENTER
01-01 00:01:59.113 176 176 D CameraHal: (b2bba4a8) - hardware/ti/dra7xx/camera/CameraParameters.cpp:163 getProperties - EXIT
01-01 00:01:59.117 176 176 D CameraHal: (b2bba4a8) + hardware/ti/dra7xx/camera/CameraProperties.cpp:67 initialize - ENTER
01-01 00:01:59.117 176 176 D CameraHal: (b2bba4a8) - hardware/ti/dra7xx/camera/CameraProperties.cpp:67 initialize - EXIT
01-01 00:01:59.117 176 176 D CameraHal: (b2bba4a8) + hardware/ti/dra7xx/camera/CameraParameters.cpp:152 getProperties - ENTER
01-01 00:01:59.117 176 176 D CameraHal: (b2bba4a8) - hardware/ti/dra7xx/camera/CameraParameters.cpp:163 getProperties - EXIT
01-01 00:01:59.119 205 313 I CameraService: CameraService::connect call (PID -1 "com.android.camera2", camera ID 0) for HAL version default and Camera API version 1
01-01 00:01:59.121 176 176 D CameraHal: (b2bba4a8) + hardware/ti/dra7xx/camera/CameraProperties.cpp:67 initialize - ENTER
01-01 00:01:59.121 176 176 D CameraHal: (b2bba4a8) - hardware/ti/dra7xx/camera/CameraProperties.cpp:67 initialize - EXIT
01-01 00:01:59.121 176 176 D CameraHal: (b2bba4a8) + hardware/ti/dra7xx/camera/CameraParameters.cpp:152 getProperties - ENTER
01-01 00:01:59.121 176 176 D CameraHal: (b2bba4a8) - hardware/ti/dra7xx/camera/CameraParameters.cpp:163 getProperties - EXIT
01-01 00:01:59.123 212 308 D NuPlayerDriver: NuPlayerDriver(0xaa7b0000) created, clientPid(205)
01-01 00:01:59.128 153 153 W /system/bin/hwservicemanager: getTransportFromManifest: Cannot find entry android.hardware.media.omx@1.0::IOmx in either framework or device manifest, using default transport.
01-01 00:01:59.139 153 153 W /system/bin/hwservicemanager: getTransportFromManifest: Cannot find entry android.hardware.media.omx@1.0::IOmx in either framework or device manifest, using default transport.
01-01 00:01:59.141 1262 1463 I OMXClient: Treble IOmx obtained
01-01 00:01:59.145 215 282 I OMXMaster: makeComponentInstance(OMX.google.vorbis.decoder) in omx@1.0-service process
01-01 00:01:59.147 212 1462 D NuPlayerDriver: notifyListener_l(0xaa7b0000), (1, 0, 0, -1), loop setting(0, 0)
01-01 00:01:59.148 212 1428 D NuPlayerDriver: NuPlayerDriver(0xac0b2d20) created, clientPid(205)
01-01 00:01:59.150 153 153 W /system/bin/hwservicemanager: getTransportFromManifest: Cannot find entry android.hardware.media.omx@1.0::IOmx in either framework or device manifest, using default transport.
01-01 00:01:59.159 215 282 E OMXNodeInstance: getConfig(0xae89f360:google.vorbis.decoder, ConfigAndroidVendorExtension(0x6f100004)) ERROR: Undefined(0x80001001)
01-01 00:01:59.162 173 173 W /system/bin/hw/android.hidl.allocator@1.0-service: ashmem_create_region(32768) returning hidl_memory(0xad998820, 32768)
01-01 00:01:59.195 173 173 I chatty : uid=1000(system) allocator@1.0-s identical 5 lines
01-01 00:01:59.195 173 173 W /system/bin/hw/android.hidl.allocator@1.0-service: ashmem_create_region(32768) returning hidl_memory(0xad998820, 32768)
01-01 00:01:59.196 212 1469 D NuPlayerDriver: notifyListener_l(0xac0b2d20), (1, 0, 0, -1), loop setting(0, 0)
01-01 00:01:59.196 173 173 W /system/bin/hw/android.hidl.allocator@1.0-service: ashmem_create_region(32768) returning hidl_memory(0xad998820, 32768)
01-01 00:01:59.197 212 1428 D NuPlayerDriver: NuPlayerDriver(0xac0b2e00) created, clientPid(205)
01-01 00:01:59.198 153 153 W /system/bin/hwservicemanager: getTransportFromManifest: Cannot find entry android.hardware.media.omx@1.0::IOmx in either framework or device manifest, using default transport.
01-01 00:01:59.213 173 173 W /system/bin/hw/android.hidl.allocator@1.0-service: ashmem_create_region(32768) returning hidl_memory(0xad998820, 32768)
01-01 00:01:59.215 173 173 I chatty : uid=1000(system) allocator@1.0-s identical 2 lines
01-01 00:01:59.215 173 173 W /system/bin/hw/android.hidl.allocator@1.0-service: ashmem_create_region(32768) returning hidl_memory(0xad998820, 32768)
01-01 00:01:59.216 212 1472 D NuPlayerDriver: notifyListener_l(0xac0b2e00), (1, 0, 0, -1), loop setting(0, 0)
01-01 00:01:59.218 205 313 I CameraHardwareInterface: Opening camera 0
01-01 00:01:59.219 176 176 I CamDev@1.0-impl: Opening camera 0
01-01 00:01:59.219 176 176 D CameraHal: (b2bba4a8) + hardware/ti/dra7xx/camera/CameraProperties.cpp:67 initialize - ENTER
01-01 00:01:59.219 176 176 D CameraHal: (b2bba4a8) - hardware/ti/dra7xx/camera/CameraProperties.cpp:67 initialize - EXIT
01-01 00:01:59.219 176 176 D CameraHal: (b2bba4a8) + hardware/ti/dra7xx/camera/CameraParameters.cpp:152 getProperties - ENTER
01-01 00:01:59.219 176 176 D CameraHal: (b2bba4a8) - hardware/ti/dra7xx/camera/CameraParameters.cpp:163 getProperties - EXIT
01-01 00:01:59.219 176 176 E CameraHal: (b2bba4a8) hardware/ti/dra7xx/camera/CameraHal_Module.cpp:634 camera_device_open - CameraHal_Module: ******************* 1 *******************
01-01 00:01:59.219 176 176 I CameraHal: (b2bba4a8) hardware/ti/dra7xx/camera/CameraHal_Module.cpp:638 camera_device_open - camera_device open
01-01 00:01:59.221 176 176 D CameraHal: (b2bba4a8) + hardware/ti/dra7xx/camera/CameraProperties.cpp:130 camerasSupported - ENTER
01-01 00:01:59.221 176 176 D CameraHal: (b2bba4a8) - hardware/ti/dra7xx/camera/CameraProperties.cpp:130 camerasSupported - EXIT
01-01 00:01:59.221 176 176 D CameraHal: (b2bba4a8) + hardware/ti/dra7xx/camera/CameraParameters.cpp:152 getProperties - ENTER
01-01 00:01:59.221 176 176 D CameraHal: (b2bba4a8) - hardware/ti/dra7xx/camera/CameraParameters.cpp:163 getProperties - EXIT
01-01 00:01:59.221 176 176 E CameraHal: (b2bba4a8) hardware/ti/dra7xx/camera/CameraHal.cpp:131 getSocFamily - '/sys/board_properties/soc/family' Not Available
01-01 00:01:59.221 176 176 D CameraHal: (b2bba4a8) + hardware/ti/dra7xx/camera/CameraHal.cpp:3991 CameraHal - ENTER
01-01 00:01:59.221 176 176 D CameraHal: (b2bba4a8) - hardware/ti/dra7xx/camera/CameraHal.cpp:4067 CameraHal - EXIT
01-01 00:01:59.221 176 176 D CameraHal: (b2bba4a8) + hardware/ti/dra7xx/camera/CameraHal.cpp:4127 initialize - ENTER
01-01 00:01:59.221 176 176 D CameraHal: (b2bba4a8) hardware/ti/dra7xx/camera/CameraParameters.cpp:214 dump - ================================
01-01 00:01:59.221 176 176 D CameraHal: (b2bba4a8) hardware/ti/dra7xx/camera/CameraParameters.cpp:215 dump - Dumping properties for camera: 0
01-01 00:01:59.221 176 176 D CameraHal: (b2bba4a8) hardware/ti/dra7xx/camera/CameraParameters.cpp:220 dump - prop-antibanding-values = auto
01-01 00:01:59.221 176 176 D CameraHal: (b2bba4a8) hardware/ti/dra7xx/camera/CameraParameters.cpp:220 dump - prop-camera-name = USBCAMERA
01-01 00:01:59.221 176 176 D CameraHal: (b2bba4a8) hardware/ti/dra7xx/camera/CameraParameters.cpp:220 dump - prop-effect-values = none
01-01 00:01:59.221 176 176 D CameraHal: (b2bba4a8) hardware/ti/dra7xx/camera/CameraParameters.cpp:220 dump - prop-exposure-mode-values = auto
01-01 00:01:59.221 176 176 D CameraHal: (b2bba4a8) hardware/ti/dra7xx/camera/CameraParameters.cpp:220 dump - prop-facing = back
01-01 00:01:59.221 176 176 D CameraHal: (b2bba4a8) hardware/ti/dra7xx/camera/CameraParameters.cpp:220 dump - prop-flash-mode-values = off
01-01 00:01:59.221 176 176 D CameraHal: (b2bba4a8) hardware/ti/dra7xx/camera/CameraParameters.cpp:220 dump - prop-focal-length = 1
01-01 00:01:59.221 176 176 D CameraHal: (b2bba4a8) hardware/ti/dra7xx/camera/CameraParameters.cpp:220 dump - prop-focus-mode-default = fixed
01-01 00:01:59.221 176 176 D CameraHal: (b2bba4a8) hardware/ti/dra7xx/camera/CameraParameters.cpp:220 dump - prop-focus-mode-values = fixed
01-01 00:01:59.221 176 176 D CameraHal: (b2bba4a8) hardware/ti/dra7xx/camera/CameraParameters.cpp:220 dump - prop-framerate-range-default = 30000,30000
01-01 00:01:59.221 176 176 D CameraHal: (b2bba4a8) hardware/ti/dra7xx/camera/CameraParameters.cpp:220 dump - prop-framerate-range-values =
01-01 00:01:59.221 176 176 D CameraHal: (b2bba4a8) hardware/ti/dra7xx/camera/CameraParameters.cpp:220 dump - prop-horizontal-angle = 170
01-01 00:01:59.221 176 176 D CameraHal: (b2bba4a8) hardware/ti/dra7xx/camera/CameraParameters.cpp:220 dump - prop-ipp-values = ldc-nsf
01-01 00:01:59.221 176 176 D CameraHal: (b2bba4a8) hardware/ti/dra7xx/camera/CameraParameters.cpp:220 dump - prop-iso-mode-values = auto
01-01 00:01:59.221 176 176 D CameraHal: (b2bba4a8) hardware/ti/dra7xx/camera/CameraParameters.cpp:220 dump - prop-jpeg-quality-default = 90
01-01 00:01:59.222 176 176 D CameraHal: (b2bba4a8) hardware/ti/dra7xx/camera/CameraParameters.cpp:220 dump - prop-jpeg-thumbnail-quality-default = 50
01-01 00:01:59.222 176 176 D CameraHal: (b2bba4a8) hardware/ti/dra7xx/camera/CameraParameters.cpp:220 dump - prop-jpeg-thumbnail-size-default = 320x240
01-01 00:01:59.222 176 176 D CameraHal: (b2bba4a8) hardware/ti/dra7xx/camera/CameraParameters.cpp:220 dump - prop-jpeg-thumbnail-size-values = 0x0,320x240
01-01 00:01:59.222 176 176 D CameraHal: (b2bba4a8) hardware/ti/dra7xx/camera/CameraParameters.cpp:220 dump - prop-max-fd-hw-faces = 0
01-01 00:01:59.222 176 176 D CameraHal: (b2bba4a8) hardware/ti/dra7xx/camera/CameraParameters.cpp:220 dump - prop-orientation = 0
01-01 00:01:59.222 176 176 D CameraHal: (b2bba4a8) hardware/ti/dra7xx/camera/CameraParameters.cpp:220 dump - prop-picture-format-default = jpeg
01-01 00:01:59.222 176 176 D CameraHal: (b2bba4a8) hardware/ti/dra7xx/camera/CameraParameters.cpp:220 dump - prop-picture-format-values = jpeg
01-01 00:01:59.222 176 176 D CameraHal: (b2bba4a8) hardware/ti/dra7xx/camera/CameraParameters.cpp:220 dump - prop-picture-size-default = 1280x720
01-01 00:01:59.222 176 176 D CameraHal: (b2bba4a8) hardware/ti/dra7xx/camera/CameraParameters.cpp:220 dump - prop-picture-size-values = 1280x800,1280x720,752x480,640x480,600x400,352x288,320x240
01-01 00:01:59.222 176 176 D CameraHal: (b2bba4a8) hardware/ti/dra7xx/camera/CameraParameters.cpp:220 dump - prop-preview-format-default = yuv420sp
01-01 00:01:59.222 176 176 D CameraHal: (b2bba4a8) hardware/ti/dra7xx/camera/CameraParameters.cpp:220 dump - prop-preview-format-values = yuv420sp
01-01 00:01:59.222 176 176 D CameraHal: (b2bba4a8) hardware/ti/dra7xx/camera/CameraParameters.cpp:220 dump - prop-preview-frame-rate-default = 30
01-01 00:01:59.222 176 176 D CameraHal: (b2bba4a8) hardware/ti/dra7xx/camera/CameraParameters.cpp:220 dump - prop-preview-frame-rate-values =
01-01 00:01:59.222 176 176 D CameraHal: (b2bba4a8) hardware/ti/dra7xx/camera/CameraParameters.cpp:220 dump - prop-preview-size-default = 1280x720
01-01 00:01:59.222 176 176 D CameraHal: (b2bba4a8) hardware/ti/dra7xx/camera/CameraParameters.cpp:220 dump - prop-preview-size-values = 1280x800,1280x720,752x480,640x480,600x400,352x288,320x240
01-01 00:01:59.222 176 176 D CameraHal: (b2bba4a8) hardware/ti/dra7xx/camera/CameraParameters.cpp:220 dump - prop-preview-subsampled-size-values = 1280x800,1280x720,752x480,640x480,600x400,352x288,320x240
01-01 00:01:59.222 176 176 D CameraHal: (b2bba4a8) hardware/ti/dra7xx/camera/CameraParameters.cpp:220 dump - prop-required-preview-bufs = 8
01-01 00:01:59.222 176 176 D CameraHal: (b2bba4a8) hardware/ti/dra7xx/camera/CameraParameters.cpp:220 dump - prop-s3d-prv-frame-layout = none
01-01 00:01:59.222 176 176 D CameraHal: (b2bba4a8) hardware/ti/dra7xx/camera/CameraParameters.cpp:220 dump - prop-sensor-index = 0
01-01 00:01:59.223 176 176 D CameraHal: (b2bba4a8) hardware/ti/dra7xx/camera/CameraParameters.cpp:220 dump - prop-vertical-angle = 170
01-01 00:01:59.223 176 176 D CameraHal: (b2bba4a8) hardware/ti/dra7xx/camera/CameraParameters.cpp:220 dump - prop-vnf-default = false
01-01 00:01:59.223 176 176 D CameraHal: (b2bba4a8) hardware/ti/dra7xx/camera/CameraParameters.cpp:220 dump - prop-vstab-default = false
01-01 00:01:59.223 176 176 D CameraHal: (b2bba4a8) hardware/ti/dra7xx/camera/CameraParameters.cpp:220 dump - prop-zoom-default = 1
01-01 00:01:59.223 176 176 D CameraHal: (b2bba4a8) hardware/ti/dra7xx/camera/CameraParameters.cpp:220 dump - prop-zoom-ratios = 1
01-01 00:01:59.223 176 176 D CameraHal: (b2bba4a8) hardware/ti/dra7xx/camera/CameraParameters.cpp:220 dump - prop-zoom-stages = 1
01-01 00:01:59.223 176 176 D CameraHal: (b2bba4a8) hardware/ti/dra7xx/camera/CameraParameters.cpp:220 dump - prop-zoom-supported = false
01-01 00:01:59.223 176 176 D CameraHal: (b2bba4a8) hardware/ti/dra7xx/camera/CameraParameters.cpp:220 dump - sensor-orientation = 0
01-01 00:01:59.223 176 176 D CameraHal: (b2bba4a8) hardware/ti/dra7xx/camera/CameraParameters.cpp:223 dump - --------------------------------
01-01 00:01:59.223 176 176 D CameraHal: (b2bba4a8) hardware/ti/dra7xx/camera/CameraHal.cpp:4166 initialize - Sensor index= 0; Sensor name= USBCAMERA
01-01 00:01:59.223 176 176 D CameraHal: (b2bba4a8) + hardware/ti/dra7xx/camera/V4LCameraAdapter/V4LCameraAdapter.cpp:1208 V4LCameraAdapter_Factory - ENTER
01-01 00:01:59.223 176 176 D CameraHal: (b2bba4a8) + hardware/ti/dra7xx/camera/V4LCameraAdapter/V4LCameraAdapter.cpp:894 V4LCameraAdapter - ENTER
01-01 00:01:59.224 176 176 E CameraHal: Error while adapter initialization: video capture not supported.
01-01 00:01:59.224 176 176 E CameraHal: Error while checking driver: Not VPE
01-01 00:01:59.224 176 176 E CameraHal: Error while adapter initialization: video capture not supported.
01-01 00:01:59.224 176 176 E CameraHal: Found VPE M2M device /dev/video0!!!
01-01 00:01:59.224 176 176 D CameraHal: (b2bba4a8) - hardware/ti/dra7xx/camera/V4LCameraAdapter/V4LCameraAdapter.cpp:912 V4LCameraAdapter - EXIT
01-01 00:01:59.224 176 176 D CameraHal: (b2bba4a8) hardware/ti/dra7xx/camera/V4LCameraAdapter/V4LCameraAdapter.cpp:1212 V4LCameraAdapter_Factory - New V4L Camera adapter instance created for sensor 0
01-01 00:01:59.224 176 176 D CameraHal: (b2bba4a8) - hardware/ti/dra7xx/camera/V4LCameraAdapter/V4LCameraAdapter.cpp:1217 V4LCameraAdapter_Factory - EXIT
01-01 00:01:59.224 176 176 D CameraHal: (b2bba4a8) + hardware/ti/dra7xx/camera/V4LCameraAdapter/V4LCameraAdapter.cpp:305 initialize - ENTER
01-01 00:01:59.224 176 176 D CameraHal: (b2bba4a8) - hardware/ti/dra7xx/camera/V4LCameraAdapter/V4LCameraAdapter.cpp:361 initialize - EXIT
01-01 00:01:59.224 176 176 D CameraHal: (b2bba4a8) + hardware/ti/dra7xx/camera/BaseCameraAdapter.cpp:126 registerImageReleaseCallback - ENTER
01-01 00:01:59.224 176 176 D CameraHal: (b2bba4a8) - hardware/ti/dra7xx/camera/BaseCameraAdapter.cpp:131 registerImageReleaseCallback - EXIT
01-01 00:01:59.224 176 176 D CameraHal: (b2bba4a8) + hardware/ti/dra7xx/camera/BaseCameraAdapter.cpp:140 registerEndCaptureCallback - ENTER
01-01 00:01:59.224 176 176 D CameraHal: (b2bba4a8) - hardware/ti/dra7xx/camera/BaseCameraAdapter.cpp:145 registerEndCaptureCallback - EXIT
01-01 00:01:59.224 176 176 D CameraHal: (b2bba4a8) + hardware/ti/dra7xx/camera/AppCallbackNotifier.cpp:38 initialize - ENTER
01-01 00:01:59.224 176 176 D CameraHal: (b2bba4a8) - hardware/ti/dra7xx/camera/AppCallbackNotifier.cpp:70 initialize - EXIT
01-01 00:01:59.225 176 176 D CameraHal: (b2bba4a8) + hardware/ti/dra7xx/camera/AppCallbackNotifier.cpp:1257 setEventProvider - ENTER
01-01 00:01:59.225 176 176 D CameraHal: (b2bba4a8) + hardware/ti/dra7xx/camera/CameraHalUtilClasses.cpp:87 enableEventNotification - ENTER
01-01 00:01:59.225 176 176 D CameraHal: (b2bba4a8) + hardware/ti/dra7xx/camera/BaseCameraAdapter.cpp:176 enableMsgType - ENTER
01-01 00:01:59.225 176 176 V CameraHal: (b2bba4a8) hardware/ti/dra7xx/camera/BaseCameraAdapter.cpp:215 enableMsgType - Event message type id=0xffff subscription request
01-01 00:01:59.225 176 176 D CameraHal: (b2bba4a8) - hardware/ti/dra7xx/camera/BaseCameraAdapter.cpp:229 enableMsgType - EXIT
01-01 00:01:59.225 176 176 D CameraHal: (b2bba4a8) - hardware/ti/dra7xx/camera/CameraHalUtilClasses.cpp:97 enableEventNotification - EXIT
01-01 00:01:59.225 176 176 D CameraHal: (b2bba4a8) - hardware/ti/dra7xx/camera/AppCallbackNotifier.cpp:1272 setEventProvider - EXIT
01-01 00:01:59.225 176 176 D CameraHal: (b2bba4a8) + hardware/ti/dra7xx/camera/AppCallbackNotifier.cpp:1277 setFrameProvider - ENTER
01-01 00:01:59.225 176 176 D CameraHal: (b2bba4a8) + hardware/ti/dra7xx/camera/CameraHalUtilClasses.cpp:33 enableFrameNotification - ENTER
01-01 00:01:59.225 176 176 D CameraHal: (b2bba4a8) + hardware/ti/dra7xx/camera/BaseCameraAdapter.cpp:176 enableMsgType - ENTER
01-01 00:01:59.225 176 176 V CameraHal: (b2bba4a8) hardware/ti/dra7xx/camera/BaseCameraAdapter.cpp:183 enableMsgType - Frame message type id=0x8 subscription request
01-01 00:01:59.225 176 176 D CameraHal: (b2bba4a8) - hardware/ti/dra7xx/camera/BaseCameraAdapter.cpp:229 enableMsgType - EXIT
01-01 00:01:59.225 176 176 D CameraHal: (b2bba4a8) - hardware/ti/dra7xx/camera/CameraHalUtilClasses.cpp:43 enableFrameNotification - EXIT
01-01 00:01:59.225 176 176 D CameraHal: (b2bba4a8) + hardware/ti/dra7xx/camera/CameraHalUtilClasses.cpp:33 enableFrameNotification - ENTER
01-01 00:01:59.225 176 176 D CameraHal: (b2bba4a8) + hardware/ti/dra7xx/camera/BaseCameraAdapter.cpp:176 enableMsgType - ENTER
01-01 00:01:59.225 176 176 V CameraHal: (b2bba4a8) hardware/ti/dra7xx/camera/BaseCameraAdapter.cpp:183 enableMsgType - Frame message type id=0x100 subscription request
01-01 00:01:59.225 176 176 D CameraHal: (b2bba4a8) - hardware/ti/dra7xx/camera/BaseCameraAdapter.cpp:229 enableMsgType - EXIT
01-01 00:01:59.225 176 176 D CameraHal: (b2bba4a8) - hardware/ti/dra7xx/camera/CameraHalUtilClasses.cpp:43 enableFrameNotification - EXIT
01-01 00:01:59.225 176 176 D CameraHal: (b2bba4a8) - hardware/ti/dra7xx/camera/AppCallbackNotifier.cpp:1293 setFrameProvider - EXIT
01-01 00:01:59.225 176 176 D CameraHal: (b2bba4a8) + hardware/ti/dra7xx/camera/BaseCameraAdapter.cpp:154 setErrorHandler - ENTER
01-01 00:01:59.225 176 176 D CameraHal: (b2bba4a8) - hardware/ti/dra7xx/camera/BaseCameraAdapter.cpp:167 setErrorHandler - EXIT
01-01 00:01:59.225 176 176 D CameraHal: (b2bba4a8) + hardware/ti/dra7xx/camera/AppCallbackNotifier.cpp:1627 start - ENTER
01-01 00:01:59.225 176 176 D CameraHal: (b2bba4a8) hardware/ti/dra7xx/camera/AppCallbackNotifier.cpp:1656 start - --> AppCallbackNotifier NOTIFIER_STARTED
01-01 00:01:59.225 176 176 D CameraHal: (b2bba4a8) - hardware/ti/dra7xx/camera/AppCallbackNotifier.cpp:1658 start - EXIT
01-01 00:01:59.225 176 176 D CameraHal: (b2bba4a8) hardware/ti/dra7xx/camera/CameraHal.cpp:4235 initialize - Started AppCallbackNotifier..
01-01 00:01:59.225 176 176 D CameraHal: (b2bba4a8) + hardware/ti/dra7xx/camera/AppCallbackNotifier.cpp:100 setMeasurements - ENTER
01-01 00:01:59.225 176 176 D CameraHal: (b2bba4a8) - hardware/ti/dra7xx/camera/AppCallbackNotifier.cpp:109 setMeasurements - EXIT
01-01 00:01:59.225 176 176 D CameraHal: (b2bba4a8) + hardware/ti/dra7xx/camera/CameraHal.cpp:4529 initDefaultParameters - ENTER
01-01 00:01:59.225 176 176 D CameraHal: (b2bba4a8) + hardware/ti/dra7xx/camera/CameraHal.cpp:4458 insertSupportedParams - ENTER
01-01 00:01:59.225 176 176 D CameraHal: (b2bba4a8) - hardware/ti/dra7xx/camera/CameraHal.cpp:4514 insertSupportedParams - EXIT
01-01 00:01:59.225 176 176 D CameraHal: (b2bba4a8) + hardware/ti/dra7xx/camera/CameraHal.cpp:4408 parseResolution - ENTER
01-01 00:01:59.225 176 176 D CameraHal: (b2bba4a8) - hardware/ti/dra7xx/camera/CameraHal.cpp:4451 parseResolution - EXIT
01-01 00:01:59.225 176 176 D CameraHal: (b2bba4a8) + hardware/ti/dra7xx/camera/CameraHal.cpp:4408 parseResolution - ENTER
01-01 00:01:59.225 176 176 D CameraHal: (b2bba4a8) - hardware/ti/dra7xx/camera/CameraHal.cpp:4451 parseResolution - EXIT
01-01 00:01:59.225 176 176 D CameraHal: (b2bba4a8) + hardware/ti/dra7xx/camera/CameraHal.cpp:4408 parseResolution - ENTER
01-01 00:01:59.226 176 176 D CameraHal: (b2bba4a8) - hardware/ti/dra7xx/camera/CameraHal.cpp:4451 parseResolution - EXIT
01-01 00:01:59.226 176 176 D CameraHal: (b2bba4a8) - hardware/ti/dra7xx/camera/CameraHal.cpp:4632 initDefaultParameters - EXIT
01-01 00:01:59.226 176 176 D CameraHal: (b2bba4a8) + hardware/ti/dra7xx/camera/CameraHal.cpp:389 setParameters - ENTER
01-01 00:01:59.226 176 176 D CameraHal: (b2bba4a8) + hardware/ti/dra7xx/camera/CameraHal.cpp:2579 previewEnabled - ENTER
01-01 00:01:59.226 176 176 D CameraHal: (b2bba4a8) - hardware/ti/dra7xx/camera/CameraHal.cpp:2579 previewEnabled - EXIT
01-01 00:01:59.226 176 176 D CameraHal: (b2bba4a8) + hardware/ti/dra7xx/camera/CameraHal.cpp:4333 isParameterValid - ENTER
01-01 00:01:59.226 176 176 D CameraHal: (b2bba4a8) - hardware/ti/dra7xx/camera/CameraHal.cpp:4357 isParameterValid - EXIT
01-01 00:01:59.226 176 176 D CameraHal: (b2bba4a8) hardware/ti/dra7xx/camera/CameraHal.cpp:416 setParameters - PreviewFormat set yuv420sp
01-01 00:01:59.226 176 176 D CameraHal: (b2bba4a8) hardware/ti/dra7xx/camera/CameraHal.cpp:577 setParameters - Recording Hint is set to NULL
01-01 00:01:59.226 176 176 D CameraHal: (b2bba4a8) + hardware/ti/dra7xx/camera/CameraHal.cpp:2803 resetVideoModeParameters - ENTER
01-01 00:01:59.226 176 176 D CameraHal: (b2bba4a8) - hardware/ti/dra7xx/camera/CameraHal.cpp:2818 resetVideoModeParameters - EXIT
01-01 00:01:59.226 176 176 D CameraHal: (b2bba4a8) + hardware/ti/dra7xx/camera/CameraHal.cpp:4268 isResolutionValid - ENTER
01-01 00:01:59.226 176 176 D CameraHal: (b2bba4a8) + hardware/ti/dra7xx/camera/CameraHal.cpp:4333 isParameterValid - ENTER
01-01 00:01:59.226 176 176 D CameraHal: (b2bba4a8) - hardware/ti/dra7xx/camera/CameraHal.cpp:4357 isParameterValid - EXIT
01-01 00:01:59.226 176 176 D CameraHal: (b2bba4a8) - hardware/ti/dra7xx/camera/CameraHal.cpp:4284 isResolutionValid - EXIT
01-01 00:01:59.226 176 176 D CameraHal: (b2bba4a8) hardware/ti/dra7xx/camera/CameraHal.cpp:598 setParameters - Preview Resolution: 1280 x 720
01-01 00:01:59.226 176 176 D CameraHal: (b2bba4a8) + hardware/ti/dra7xx/camera/CameraHal.cpp:4333 isParameterValid - ENTER
01-01 00:01:59.226 176 176 D CameraHal: (b2bba4a8) - hardware/ti/dra7xx/camera/CameraHal.cpp:4357 isParameterValid - EXIT
01-01 00:01:59.226 176 176 D CameraHal: (b2bba4a8) hardware/ti/dra7xx/camera/CameraHal.cpp:602 setParameters - Focus mode set fixed
01-01 00:01:59.226 176 176 D CameraHal: (b2bba4a8) + hardware/ti/dra7xx/camera/CameraHal.cpp:4268 isResolutionValid - ENTER
01-01 00:01:59.226 176 176 D CameraHal: (b2bba4a8) + hardware/ti/dra7xx/camera/CameraHal.cpp:4333 isParameterValid - ENTER
01-01 00:01:59.226 176 176 D CameraHal: (b2bba4a8) - hardware/ti/dra7xx/camera/CameraHal.cpp:4357 isParameterValid - EXIT
01-01 00:01:59.226 176 176 D CameraHal: (b2bba4a8) - hardware/ti/dra7xx/camera/CameraHal.cpp:4284 isResolutionValid - EXIT
01-01 00:01:59.226 176 176 D CameraHal: (b2bba4a8) hardware/ti/dra7xx/camera/CameraHal.cpp:646 setParameters - Picture Size by App 1280 x 720
01-01 00:01:59.226 176 176 D CameraHal: (b2bba4a8) + hardware/ti/dra7xx/camera/CameraHal.cpp:4333 isParameterValid - ENTER
01-01 00:01:59.227 176 176 D CameraHal: (b2bba4a8) - hardware/ti/dra7xx/camera/CameraHal.cpp:4357 isParameterValid - EXIT
01-01 00:01:59.227 176 176 D CameraHal: (b2bba4a8) hardware/ti/dra7xx/camera/CameraHal.cpp:1005 setParameters - Jpeg quality set 90
01-01 00:01:59.227 176 176 D CameraHal: (b2bba4a8) hardware/ti/dra7xx/camera/CameraHal.cpp:1011 setParameters - Thumbnail width set 320
01-01 00:01:59.227 176 176 D CameraHal: (b2bba4a8) hardware/ti/dra7xx/camera/CameraHal.cpp:1017 setParameters - Thumbnail width set 240
01-01 00:01:59.227 176 176 D CameraHal: (b2bba4a8) hardware/ti/dra7xx/camera/CameraHal.cpp:1023 setParameters - Thumbnail quality set 50
01-01 00:01:59.227 176 176 D CameraHal: (b2bba4a8) hardware/ti/dra7xx/camera/CameraHal.cpp:1130 setParameters - Zoom set 1
01-01 00:01:59.227 176 176 D CameraHal: (b2bba4a8) hardware/ti/dra7xx/camera/CameraHal.cpp:1177 setParameters - External Gamma set false
01-01 00:01:59.227 176 176 D CameraHal: (b2bba4a8) hardware/ti/dra7xx/camera/CameraHal.cpp:1183 setParameters - NSF1 set true
01-01 00:01:59.227 176 176 D CameraHal: (b2bba4a8) hardware/ti/dra7xx/camera/CameraHal.cpp:1189 setParameters - NSF2 set true
01-01 00:01:59.227 176 176 D CameraHal: (b2bba4a8) hardware/ti/dra7xx/camera/CameraHal.cpp:1195 setParameters - Sharpening set true
01-01 00:01:59.227 176 176 D CameraHal: (b2bba4a8) hardware/ti/dra7xx/camera/CameraHal.cpp:1201 setParameters - Color Conversion set true
01-01 00:01:59.227 176 176 D CameraHal: (b2bba4a8) hardware/ti/dra7xx/camera/CameraHal.cpp:1207 setParameters - Green Inballance Correction set true
01-01 00:01:59.227 176 176 D CameraHal: (b2bba4a8) + hardware/ti/dra7xx/camera/V4LCameraAdapter/V4LCameraAdapter.cpp:450 setParameters - ENTER
01-01 00:01:59.227 176 176 D CameraHal: (b2bba4a8) hardware/ti/dra7xx/camera/V4LCameraAdapter/V4LCameraAdapter.cpp:456 setParameters - Width * Height 1280 x 720 format 0x56595559
01-01 00:01:59.227 176 176 D CameraHal: (b2bba4a8) + hardware/ti/dra7xx/camera/V4LCameraAdapter/V4LCameraAdapter.cpp:216 v4lSetFormat - ENTER
01-01 00:01:59.227 176 176 D CameraHal: (b2bba4a8) hardware/ti/dra7xx/camera/V4LCameraAdapter/V4LCameraAdapter.cpp:218 v4lSetFormat - Width * Height 1280 x 720 format 0x56595559
01-01 00:01:59.410 176 176 D CameraHal: (b2bba4a8) hardware/ti/dra7xx/camera/V4LCameraAdapter/V4LCameraAdapter.cpp:244 v4lSetFormat - VIDIOC_G_FMT : WxH = 1280x720
01-01 00:01:59.410 176 176 D CameraHal: (b2bba4a8) hardware/ti/dra7xx/camera/V4LCameraAdapter/V4LCameraAdapter.cpp:245 v4lSetFormat - ### Using: WxH = 1280x720 pixelformat=0x56595559
01-01 00:01:59.410 176 176 D CameraHal: (b2bba4a8) hardware/ti/dra7xx/camera/V4LCameraAdapter/V4LCameraAdapter.cpp:246 v4lSetFormat - ### Using: bytesperline=2560 sizeimage=1843200 colorspace=0x1
01-01 00:01:59.410 176 176 D CameraHal: (b2bba4a8) - hardware/ti/dra7xx/camera/V4LCameraAdapter/V4LCameraAdapter.cpp:247 v4lSetFormat - EXIT
01-01 00:01:59.410 176 176 D CameraHal: (b2bba4a8) hardware/ti/dra7xx/camera/V4LCameraAdapter/V4LCameraAdapter.cpp:465 setParameters - Current fps is 0 new fps is (30000,30000)
01-01 00:01:59.410 176 176 D CameraHal: (b2bba4a8) - hardware/ti/dra7xx/camera/V4LCameraAdapter/V4LCameraAdapter.cpp:476 setParameters - EXIT
01-01 00:01:59.410 176 176 D CameraHal: (b2bba4a8) - hardware/ti/dra7xx/camera/CameraHal.cpp:1350 setParameters - EXIT
01-01 00:01:59.410 176 176 D CameraHal: (b2bba4a8) - hardware/ti/dra7xx/camera/CameraHal.cpp:4247 initialize - EXIT
01-01 00:01:59.410 176 176 D CameraHal: (b2bba4a8) + hardware/ti/dra7xx/camera/CameraHal_Module.cpp:171 camera_set_callbacks - ENTER
01-01 00:01:59.410 176 176 D CameraHal: (b2bba4a8) + hardware/ti/dra7xx/camera/CameraHal.cpp:231 setCallbacks - ENTER
01-01 00:01:59.410 205 298 I CameraHardwareInterface: Destroying camera 0
01-01 00:01:59.410 176 176 D CameraHal: (b2bba4a8) + hardware/ti/dra7xx/camera/AppCallbackNotifier.cpp:84 setCallbacks - ENTER
01-01 00:01:59.410 176 176 D CameraHal: (b2bba4a8) - hardware/ti/dra7xx/camera/AppCallbackNotifier.cpp:93 setCallbacks - EXIT
01-01 00:01:59.410 176 176 D CameraHal: (b2bba4a8) - hardware/ti/dra7xx/camera/CameraHal.cpp:247 setCallbacks - EXIT
01-01 00:01:59.410 176 176 D CameraHal: (b2bba4a8) - hardware/ti/dra7xx/camera/CameraHal_Module.cpp:171 camera_set_callbacks - EXIT
01-01 00:01:59.411 176 176 D CameraHal: (b2bba4a8) + hardware/ti/dra7xx/camera/CameraHal_Module.cpp:185 camera_enable_msg_type - ENTER
01-01 00:01:59.411 176 176 D CameraHal: (b2bba4a8) + hardware/ti/dra7xx/camera/CameraHal.cpp:259 enableMsgType - ENTER
01-01 00:01:59.411 176 176 D CameraHal: (b2bba4a8) hardware/ti/dra7xx/camera/CameraHal.cpp:291 enableMsgType - Preview callback not enabled 409
01-01 00:01:59.411 176 176 D CameraHal: (b2bba4a8) - hardware/ti/dra7xx/camera/CameraHal.cpp:298 enableMsgType - EXIT
01-01 00:01:59.411 176 176 D CameraHal: (b2bba4a8) - hardware/ti/dra7xx/camera/CameraHal_Module.cpp:185 camera_enable_msg_type - EXIT
01-01 00:01:59.411 176 176 D CameraHal: (b2bba4a8) + hardware/ti/dra7xx/camera/CameraHal_Module.cpp:485 camera_get_parameters - ENTER
01-01 00:01:59.411 176 176 D CameraHal: (b2bba4a8) + hardware/ti/dra7xx/camera/CameraHal.cpp:3621 getParameters - ENTER
01-01 00:01:59.411 176 176 D CameraHal: (b2bba4a8) + hardware/ti/dra7xx/camera/V4LCameraAdapter/V4LCameraAdapter.cpp:483 getParameters - ENTER
01-01 00:01:59.411 176 176 D CameraHal: (b2bba4a8) - hardware/ti/dra7xx/camera/V4LCameraAdapter/V4LCameraAdapter.cpp:489 getParameters - EXIT
01-01 00:01:59.411 176 176 E CameraHal: (b2bba4a8) hardware/ti/dra7xx/camera/CameraHal.cpp:3675 getParameters - Dumping h264 frame to a file : /data/local/tmp/dump_005.h264.
01-01 00:01:59.411 176 176 E CameraHal: (b2bba4a8) hardware/ti/dra7xx/camera/CameraHal.cpp:3679 getParameters - Unable to open file /data/local/tmp/dump_005.h264: Unknown error -1
01-01 00:01:59.412 176 176 E CameraHal: (b2bba4a8) hardware/ti/dra7xx/camera/CameraHal.cpp:3686 getParameters - LINE 3686 FUNCTION getParameters, params_str8.length() 2734
01-01 00:01:59.412 176 176 E CameraHal: (b2bba4a8) hardware/ti/dra7xx/camera/CameraHal.cpp:3688 getParameters - FUNCTON: getParameters: LINE: 3688, params_string: antibanding=;antibanding-values=auto;auto-convergence-mode=;auto-convergence-mode-values=;auto-exposure-lock=;auto-exposure-lock-supported=;brightness=;camera-name=USBCAMERA;contrast=;effect=;effect-values=none;exif-make=;exif-model=;exposure=;exposure-compensation=;exposure-compensation-step=;exposure-mode-values=auto;focal-length=1;focus-distances=Infinity,Infinity,Infinity;focus-mode=fixed;focus-mode-values=fixed;gbce=false;gbce-supported=;glbce=false;glbce-supported=;horizontal-view-angle=170;ipp=;ipp-values=ldc-nsf;iso=;iso-mode-values=auto;jpeg-quality=90;jpeg-thumbnail-height=240;jpeg-thumbnail-quality=50;jpeg-thumbnail-size-values=0x0,320x240;jpeg-thumbnail-width=320;manual-convergence=;manual-exposure=;manual-exposure-right=;manual-gain-iso=;manual-gain-iso-right=;max-exposure-compensation=;max-num-detected-faces-hw=0;max-num-detected-faces-sw=;max-num-focus-areas=;max-num
01-01 00:01:59.412 176 176 D CameraHal: (b2bba4a8) - hardware/ti/dra7xx/camera/CameraHal.cpp:3684 getParameters - EXIT
01-01 00:01:59.412 176 176 D CameraHal: (b2bba4a8) - hardware/ti/dra7xx/camera/CameraHal_Module.cpp:485 camera_get_parameters - EXIT
01-01 00:01:59.412 176 176 D CameraHal: (b2bba4a8) + hardware/ti/dra7xx/camera/CameraHal_Module.cpp:502 camera_put_parameters - ENTER
01-01 00:01:59.412 176 176 D CameraHal: (b2bba4a8) - hardware/ti/dra7xx/camera/CameraHal_Module.cpp:502 camera_put_parameters - EXIT
01-01 00:01:59.414 176 176 D CameraHal: (b2bba4a8) + hardware/ti/dra7xx/camera/CameraProperties.cpp:67 initialize - ENTER
01-01 00:01:59.414 176 176 D CameraHal: (b2bba4a8) - hardware/ti/dra7xx/camera/CameraProperties.cpp:67 initialize - EXIT
01-01 00:01:59.414 176 176 D CameraHal: (b2bba4a8) + hardware/ti/dra7xx/camera/CameraParameters.cpp:152 getProperties - ENTER
01-01 00:01:59.414 176 176 D CameraHal: (b2bba4a8) - hardware/ti/dra7xx/camera/CameraParameters.cpp:163 getProperties - EXIT
01-01 00:01:59.417 176 176 D CameraHal: (b2bba4a8) + hardware/ti/dra7xx/camera/CameraHal_Module.cpp:485 camera_get_parameters - ENTER
01-01 00:01:59.417 176 176 D CameraHal: (b2bba4a8) + hardware/ti/dra7xx/camera/CameraHal.cpp:3621 getParameters - ENTER
01-01 00:01:59.417 176 176 D CameraHal: (b2bba4a8) + hardware/ti/dra7xx/camera/V4LCameraAdapter/V4LCameraAdapter.cpp:483 getParameters - ENTER
01-01 00:01:59.417 176 176 D CameraHal: (b2bba4a8) - hardware/ti/dra7xx/camera/V4LCameraAdapter/V4LCameraAdapter.cpp:489 getParameters - EXIT
01-01 00:01:59.417 176 176 E CameraHal: (b2bba4a8) hardware/ti/dra7xx/camera/CameraHal.cpp:3675 getParameters - Dumping h264 frame to a file : /data/local/tmp/dump_006.h264.
01-01 00:01:59.417 176 176 E CameraHal: (b2bba4a8) hardware/ti/dra7xx/camera/CameraHal.cpp:3679 getParameters - Unable to open file /data/local/tmp/dump_006.h264: Unknown error -1
01-01 00:01:59.418 176 176 E CameraHal: (b2bba4a8) hardware/ti/dra7xx/camera/CameraHal.cpp:3686 getParameters - LINE 3686 FUNCTION getParameters, params_str8.length() 2734
01-01 00:01:59.418 176 176 E CameraHal: (b2bba4a8) hardware/ti/dra7xx/camera/CameraHal.cpp:3688 getParameters - FUNCTON: getParameters: LINE: 3688, params_string: antibanding=;antibanding-values=auto;auto-convergence-mode=;auto-convergence-mode-values=;auto-exposure-lock=;auto-exposure-lock-supported=;brightness=;camera-name=USBCAMERA;contrast=;effect=;effect-values=none;exif-make=;exif-model=;exposure=;exposure-compensation=;exposure-compensation-step=;exposure-mode-values=auto;focal-length=1;focus-distances=Infinity,Infinity,Infinity;focus-mode=fixed;focus-mode-values=fixed;gbce=false;gbce-supported=;glbce=false;glbce-supported=;horizontal-view-angle=170;ipp=;ipp-values=ldc-nsf;iso=;iso-mode-values=auto;jpeg-quality=90;jpeg-thumbnail-height=240;jpeg-thumbnail-quality=50;jpeg-thumbnail-size-values=0x0,320x240;jpeg-thumbnail-width=320;manual-convergence=;manual-exposure=;manual-exposure-right=;manual-gain-iso=;manual-gain-iso-right=;max-exposure-compensation=;max-num-detected-faces-hw=0;max-num-detected-faces-sw=;max-num-focus-areas=;max-num
01-01 00:01:59.418 176 176 D CameraHal: (b2bba4a8) - hardware/ti/dra7xx/camera/CameraHal.cpp:3684 getParameters - EXIT
01-01 00:01:59.418 176 176 D CameraHal: (b2bba4a8) - hardware/ti/dra7xx/camera/CameraHal_Module.cpp:485 camera_get_parameters - EXIT
01-01 00:01:59.418 176 176 D CameraHal: (b2bba4a8) + hardware/ti/dra7xx/camera/CameraHal_Module.cpp:502 camera_put_parameters - ENTER
01-01 00:01:59.418 176 176 D CameraHal: (b2bba4a8) - hardware/ti/dra7xx/camera/CameraHal_Module.cpp:502 camera_put_parameters - EXIT
01-01 00:01:59.422 176 176 D CameraHal: (b2bba4a8) + hardware/ti/dra7xx/camera/CameraHal_Module.cpp:199 camera_disable_msg_type - ENTER
01-01 00:01:59.422 176 176 D CameraHal: (b2bba4a8) + hardware/ti/dra7xx/camera/CameraHal.cpp:310 disableMsgType - ENTER
01-01 00:01:59.422 176 176 D CameraHal: (b2bba4a8) hardware/ti/dra7xx/camera/CameraHal.cpp:319 disableMsgType - Disabling Preview Callback
01-01 00:01:59.422 176 176 D CameraHal: (b2bba4a8) + hardware/ti/dra7xx/camera/CameraHalUtilClasses.cpp:49 disableFrameNotification - ENTER
01-01 00:01:59.422 176 176 D CameraHal: (b2bba4a8) + hardware/ti/dra7xx/camera/BaseCameraAdapter.cpp:236 disableMsgType - ENTER
01-01 00:01:59.422 176 176 V CameraHal: (b2bba4a8) hardware/ti/dra7xx/camera/BaseCameraAdapter.cpp:243 disableMsgType - Frame message type id=0x1 remove subscription request
01-01 00:01:59.422 176 176 D CameraHal: (b2bba4a8) - hardware/ti/dra7xx/camera/BaseCameraAdapter.cpp:299 disableMsgType - EXIT
01-01 00:01:59.422 176 176 D CameraHal: (b2bba4a8) - hardware/ti/dra7xx/camera/CameraHalUtilClasses.cpp:56 disableFrameNotification - EXIT
01-01 00:01:59.422 176 176 D CameraHal: (b2bba4a8) - hardware/ti/dra7xx/camera/CameraHal.cpp:325 disableMsgType - EXIT
01-01 00:01:59.422 176 176 D CameraHal: (b2bba4a8) - hardware/ti/dra7xx/camera/CameraHal_Module.cpp:199 camera_disable_msg_type - EXIT
01-01 00:01:59.424 176 176 D CameraHal: (b2bba4a8) + hardware/ti/dra7xx/camera/CameraHal_Module.cpp:199 camera_disable_msg_type - ENTER
01-01 00:01:59.424 176 176 D CameraHal: (b2bba4a8) + hardware/ti/dra7xx/camera/CameraHal.cpp:310 disableMsgType - ENTER
01-01 00:01:59.424 176 176 D CameraHal: (b2bba4a8) hardware/ti/dra7xx/camera/CameraHal.cpp:319 disableMsgType - Disabling Preview Callback
01-01 00:01:59.424 176 176 D CameraHal: (b2bba4a8) + hardware/ti/dra7xx/camera/CameraHalUtilClasses.cpp:49 disableFrameNotification - ENTER
01-01 00:01:59.424 176 176 D CameraHal: (b2bba4a8) + hardware/ti/dra7xx/camera/BaseCameraAdapter.cpp:236 disableMsgType - ENTER
01-01 00:01:59.424 176 176 V CameraHal: (b2bba4a8) hardware/ti/dra7xx/camera/BaseCameraAdapter.cpp:243 disableMsgType - Frame message type id=0x1 remove subscription request
01-01 00:01:59.424 176 176 D CameraHal: (b2bba4a8) - hardware/ti/dra7xx/camera/BaseCameraAdapter.cpp:299 disableMsgType - EXIT
01-01 00:01:59.424 176 176 D CameraHal: (b2bba4a8) - hardware/ti/dra7xx/camera/CameraHalUtilClasses.cpp:56 disableFrameNotification - EXIT
01-01 00:01:59.424 176 176 D CameraHal: (b2bba4a8) + hardware/ti/dra7xx/camera/CameraHalUtilClasses.cpp:49 disableFrameNotification - ENTER
01-01 00:01:59.424 176 176 D CameraHal: (b2bba4a8) + hardware/ti/dra7xx/camera/BaseCameraAdapter.cpp:236 disableMsgType - ENTER
01-01 00:01:59.424 176 176 V CameraHal: (b2bba4a8) hardware/ti/dra7xx/camera/BaseCameraAdapter.cpp:243 disableMsgType - Frame message type id=0x200 remove subscription request
01-01 00:01:59.424 176 176 D CameraHal: (b2bba4a8) - hardware/ti/dra7xx/camera/BaseCameraAdapter.cpp:299 disableMsgType - EXIT
01-01 00:01:59.424 176 176 D CameraHal: (b2bba4a8) - hardware/ti/dra7xx/camera/CameraHalUtilClasses.cpp:56 disableFrameNotification - EXIT
01-01 00:01:59.424 176 176 D CameraHal: (b2bba4a8) + hardware/ti/dra7xx/camera/CameraHalUtilClasses.cpp:49 disableFrameNotification - ENTER
01-01 00:01:59.424 176 176 D CameraHal: (b2bba4a8) + hardware/ti/dra7xx/camera/BaseCameraAdapter.cpp:236 disableMsgType - ENTER
01-01 00:01:59.424 176 176 V CameraHal: (b2bba4a8) hardware/ti/dra7xx/camera/BaseCameraAdapter.cpp:243 disableMsgType - Frame message type id=0x100 remove subscription request
01-01 00:01:59.424 176 176 D CameraHal: (b2bba4a8) - hardware/ti/dra7xx/camera/BaseCameraAdapter.cpp:299 disableMsgType - EXIT
01-01 00:01:59.424 176 176 D CameraHal: (b2bba4a8) - hardware/ti/dra7xx/camera/CameraHalUtilClasses.cpp:56 disableFrameNotification - EXIT
01-01 00:01:59.424 176 176 D CameraHal: (b2bba4a8) - hardware/ti/dra7xx/camera/CameraHal.cpp:325 disableMsgType - EXIT
01-01 00:01:59.424 176 176 D CameraHal: (b2bba4a8) - hardware/ti/dra7xx/camera/CameraHal_Module.cpp:199 camera_disable_msg_type - EXIT
01-01 00:01:59.424 176 302 D CameraHal: (b127f970) + hardware/ti/dra7xx/camera/CameraHal_Module.cpp:244 camera_stop_preview - ENTER
01-01 00:01:59.424 176 302 D CameraHal: (b127f970) + hardware/ti/dra7xx/camera/CameraHal.cpp:2539 stopPreview - ENTER
01-01 00:01:59.424 176 302 D CameraHal: (b127f970) + hardware/ti/dra7xx/camera/CameraHal.cpp:2579 previewEnabled - ENTER
01-01 00:01:59.424 176 302 D CameraHal: (b127f970) - hardware/ti/dra7xx/camera/CameraHal.cpp:2579 previewEnabled - EXIT
01-01 00:01:59.424 176 302 D CameraHal: (b127f970) - hardware/ti/dra7xx/camera/CameraHal.cpp:2543 stopPreview - EXIT
01-01 00:01:59.424 176 302 D CameraHal: (b127f970) - hardware/ti/dra7xx/camera/CameraHal_Module.cpp:244 camera_stop_preview - EXIT
01-01 00:01:59.425 176 302 D CameraHal: (b127f970) + hardware/ti/dra7xx/camera/CameraHal_Module.cpp:419 camera_cancel_picture - ENTER
01-01 00:01:59.425 176 302 D CameraHal: (b127f970) + hardware/ti/dra7xx/camera/CameraHal.cpp:3596 cancelPicture - ENTER
01-01 00:01:59.425 176 302 D CameraHal: (b127f970) + hardware/ti/dra7xx/camera/CameraHal.cpp:1658 signalEndImageCapture - ENTER
01-01 00:01:59.425 176 302 D CameraHal: (b127f970) + hardware/ti/dra7xx/camera/BaseCameraAdapter.cpp:410 sendCommand - ENTER
01-01 00:01:59.425 176 302 D CameraHal: (b127f970) + hardware/ti/dra7xx/camera/BaseCameraAdapter.cpp:1903 setState - ENTER
01-01 00:01:59.425 176 302 D CameraHal: (b127f970) - hardware/ti/dra7xx/camera/BaseCameraAdapter.cpp:2485 setState - EXIT
01-01 00:01:59.425 176 302 D CameraHal: (b127f970) + hardware/ti/dra7xx/camera/BaseCameraAdapter.cpp:2595 rollbackState - ENTER
01-01 00:01:59.425 176 302 D CameraHal: (b127f970) - hardware/ti/dra7xx/camera/BaseCameraAdapter.cpp:2601 rollbackState - EXIT
01-01 00:01:59.425 176 302 D CameraHal: (b127f970) - hardware/ti/dra7xx/camera/BaseCameraAdapter.cpp:1124 sendCommand - EXIT
01-01 00:01:59.425 176 302 D CameraHal: (b127f970) - hardware/ti/dra7xx/camera/CameraHal.cpp:1674 signalEndImageCapture - EXIT
01-01 00:01:59.425 176 302 D CameraHal: (b127f970) - hardware/ti/dra7xx/camera/CameraHal.cpp:3596 cancelPicture - EXIT
01-01 00:01:59.425 176 302 D CameraHal: (b127f970) - hardware/ti/dra7xx/camera/CameraHal_Module.cpp:419 camera_cancel_picture - EXIT
01-01 00:01:59.426 176 302 I CamDev@1.0-impl: Closing camera 0
01-01 00:01:59.426 176 302 D CameraHal: (b127f970) + hardware/ti/dra7xx/camera/CameraHal_Module.cpp:580 camera_device_close - ENTER
01-01 00:01:59.426 176 302 D CameraHal: (b127f970) + hardware/ti/dra7xx/camera/CameraHal.cpp:4078 ~CameraHal - ENTER
01-01 00:01:59.426 176 302 D CameraHal: (b127f970) + hardware/ti/dra7xx/camera/CameraHal.cpp:4698 deinitialize - ENTER
01-01 00:01:59.426 176 302 D CameraHal: (b127f970) - hardware/ti/dra7xx/camera/CameraHal.cpp:4711 deinitialize - EXIT
01-01 00:01:59.426 176 302 D CameraHal: (b127f970) + hardware/ti/dra7xx/camera/AppCallbackNotifier.cpp:1172 ~AppCallbackNotifier - ENTER
01-01 00:01:59.426 176 302 D CameraHal: (b127f970) + hardware/ti/dra7xx/camera/AppCallbackNotifier.cpp:1666 stop - ENTER
01-01 00:01:59.426 176 302 D CameraHal: (b127f970) hardware/ti/dra7xx/camera/AppCallbackNotifier.cpp:1678 stop - --> AppCallbackNotifier NOTIFIER_STOPPED
01-01 00:01:59.426 176 302 D CameraHal: (b127f970) - hardware/ti/dra7xx/camera/AppCallbackNotifier.cpp:1681 stop - EXIT
01-01 00:01:59.426 176 302 D CameraHal: (b127f970) + hardware/ti/dra7xx/camera/CameraHalUtilClasses.cpp:49 disableFrameNotification - ENTER
01-01 00:01:59.426 176 302 D CameraHal: (b127f970) + hardware/ti/dra7xx/camera/BaseCameraAdapter.cpp:236 disableMsgType - ENTER
01-01 00:01:59.426 176 302 V CameraHal: (b127f970) hardware/ti/dra7xx/camera/BaseCameraAdapter.cpp:243 disableMsgType - Frame message type id=0xffff remove subscription request
01-01 00:01:59.426 176 302 D CameraHal: (b127f970) - hardware/ti/dra7xx/camera/BaseCameraAdapter.cpp:299 disableMsgType - EXIT
01-01 00:01:59.426 176 302 D CameraHal: (b127f970) - hardware/ti/dra7xx/camera/CameraHalUtilClasses.cpp:56 disableFrameNotification - EXIT
01-01 00:01:59.426 176 302 D CameraHal: (b127f970) + hardware/ti/dra7xx/camera/CameraHalUtilClasses.cpp:103 disableEventNotification - ENTER
01-01 00:01:59.426 176 302 D CameraHal: (b127f970) + hardware/ti/dra7xx/camera/BaseCameraAdapter.cpp:236 disableMsgType - ENTER
01-01 00:01:59.426 176 302 V CameraHal: (b127f970) hardware/ti/dra7xx/camera/BaseCameraAdapter.cpp:284 disableMsgType - Event message type id=0xffff remove subscription request
01-01 00:01:59.426 176 302 D CameraHal: (b127f970) - hardware/ti/dra7xx/camera/BaseCameraAdapter.cpp:299 disableMsgType - EXIT
01-01 00:01:59.426 176 302 D CameraHal: (b127f970) - hardware/ti/dra7xx/camera/CameraHalUtilClasses.cpp:110 disableEventNotification - EXIT
01-01 00:01:59.426 176 1474 D CameraHal: (b1085970) hardware/ti/dra7xx/camera/AppCallbackNotifier.cpp:152 notificationThread - Notification Thread received message
01-01 00:01:59.426 176 1474 D CameraHal: (b1085970) hardware/ti/dra7xx/camera/AppCallbackNotifier.cpp:156 notificationThread - Notification Thread received message from Camera HAL
01-01 00:01:59.426 176 1474 D CameraHal: (b1085970) + hardware/ti/dra7xx/camera/AppCallbackNotifier.cpp:1140 processMessage - ENTER
01-01 00:01:59.426 176 1474 D CameraHal: (b1085970) hardware/ti/dra7xx/camera/AppCallbackNotifier.cpp:1142 processMessage - +Msg get...
01-01 00:01:59.426 176 1474 D CameraHal: (b1085970) hardware/ti/dra7xx/camera/AppCallbackNotifier.cpp:1144 processMessage - -Msg get...
01-01 00:01:59.426 176 1474 D CameraHal: (b1085970) hardware/ti/dra7xx/camera/AppCallbackNotifier.cpp:1151 processMessage - Received NOTIFIER_EXIT command from Camera HAL
01-01 00:01:59.427 176 1474 D CameraHal: (b1085970) - hardware/ti/dra7xx/camera/AppCallbackNotifier.cpp:1163 processMessage - EXIT
01-01 00:01:59.427 176 1474 D CameraHal: (b1085970) hardware/ti/dra7xx/camera/AppCallbackNotifier.cpp:159 notificationThread - Notification Thread exiting.
01-01 00:01:59.427 176 302 D CameraHal: (b127f970) hardware/ti/dra7xx/camera/AppCallbackNotifier.cpp:1207 ~AppCallbackNotifier - Stopping Event Provider
01-01 00:01:59.427 176 302 D CameraHal: (b127f970) hardware/ti/dra7xx/camera/AppCallbackNotifier.cpp:1215 ~AppCallbackNotifier - Stopping Frame Provider
01-01 00:01:59.427 176 302 D CameraHal: (b127f970) + hardware/ti/dra7xx/camera/AppCallbackNotifier.cpp:1228 releaseSharedVideoBuffers - ENTER
01-01 00:01:59.427 176 302 D CameraHal: (b127f970) - hardware/ti/dra7xx/camera/AppCallbackNotifier.cpp:1251 releaseSharedVideoBuffers - EXIT
01-01 00:01:59.427 176 302 D CameraHal: (b127f970) - hardware/ti/dra7xx/camera/AppCallbackNotifier.cpp:1222 ~AppCallbackNotifier - EXIT
01-01 00:01:59.427 176 302 D CameraHal: (b127f970) + hardware/ti/dra7xx/camera/V4LCameraAdapter/V4LCameraAdapter.cpp:917 ~V4LCameraAdapter - ENTER
01-01 00:01:59.427 176 302 D CameraHal: (b127f970) - hardware/ti/dra7xx/camera/V4LCameraAdapter/V4LCameraAdapter.cpp:937 ~V4LCameraAdapter - EXIT
01-01 00:01:59.427 176 302 D CameraHal: (b127f970) + hardware/ti/dra7xx/camera/BaseCameraAdapter.cpp:104 ~BaseCameraAdapter - ENTER
01-01 00:01:59.427 176 302 D CameraHal: (b127f970) - hardware/ti/dra7xx/camera/BaseCameraAdapter.cpp:119 ~BaseCameraAdapter - EXIT
01-01 00:01:59.427 176 302 D CameraHal: (b127f970) + hardware/ti/dra7xx/camera/CameraHal.cpp:1683 freeImageBufs - ENTER
01-01 00:01:59.427 176 302 D CameraHal: (b127f970) - hardware/ti/dra7xx/camera/CameraHal.cpp:1683 freeImageBufs - EXIT
01-01 00:01:59.427 176 302 D CameraHal: (b127f970) + hardware/ti/dra7xx/camera/CameraHal.cpp:1729 freeRawBufs - ENTER
01-01 00:01:59.427 176 302 D CameraHal: (b127f970) - hardware/ti/dra7xx/camera/CameraHal.cpp:1741 freeRawBufs - EXIT
01-01 00:01:59.427 176 302 D CameraHal: (b127f970) - hardware/ti/dra7xx/camera/CameraHal.cpp:4110 ~CameraHal - EXIT
01-01 00:01:59.427 176 302 D CameraHal: (b127f970) - hardware/ti/dra7xx/camera/CameraHal_Module.cpp:580 camera_device_close - EXIT
01-01 00:01:59.429 205 790 I CameraService: disconnect: Disconnected client for camera 0 for PID 1262
01-01 00:01:59.477 212 1428 D NuPlayerDriver: reset(0xaa7b0000) at state 4
01-01 00:01:59.477 212 1428 D NuPlayerDriver: notifyListener_l(0xaa7b0000), (8, 0, 0, -1), loop setting(0, 0)
01-01 00:01:59.477 212 1462 D NuPlayerDriver: notifyResetComplete(0xaa7b0000)
01-01 00:01:59.477 176 302 D CameraHal: (b127f970) + hardware/ti/dra7xx/camera/CameraProperties.cpp:67 initialize - ENTER
01-01 00:01:59.477 176 302 D CameraHal: (b127f970) - hardware/ti/dra7xx/camera/CameraProperties.cpp:67 initialize - EXIT
01-01 00:01:59.477 176 302 D CameraHal: (b127f970) + hardware/ti/dra7xx/camera/CameraParameters.cpp:152 getProperties - ENTER
01-01 00:01:59.477 176 302 D CameraHal: (b127f970) - hardware/ti/dra7xx/camera/CameraParameters.cpp:163 getProperties - EXIT
01-01 00:01:59.478 212 308 D NuPlayerDriver: reset(0xac0b2d20) at state 4
01-01 00:01:59.478 212 308 D NuPlayerDriver: notifyListener_l(0xac0b2d20), (8, 0, 0, -1), loop setting(0, 0)
01-01 00:01:59.479 212 1469 D NuPlayerDriver: notifyResetComplete(0xac0b2d20)
01-01 00:01:59.480 212 308 D NuPlayerDriver: reset(0xac0b2e00) at state 4
01-01 00:01:59.480 212 308 D NuPlayerDriver: notifyListener_l(0xac0b2e00), (8, 0, 0, -1), loop setting(0, 0)
01-01 00:01:59.481 212 1472 D NuPlayerDriver: notifyResetComplete(0xac0b2e00)
01-01 00:01:59.483 1262 1262 V CAM_Profiler: [562.661ms][ui] GUARD: CameraActivity.onCreateTasks - [ 6.934ms] computePictureSizes
01-01 00:01:59.544 320 335 W ActivityManager: Activity pause timeout for ActivityRecord{3158ab2 u0 com.android.camera2/com.android.camera.CameraLauncher t5 f}
01-01 00:01:59.556 1262 1262 W CAM_Log : Tag RoundedThumbnailView is 1 chars longer than limit.
01-01 00:01:59.664 1262 1262 I CAM_Profiler: [743.396ms][ui] GUARD: CameraActivity.onCreateTasks - [178.897ms] setContentView()
01-01 00:01:59.681 1262 1262 I CAM_Profiler: [760.463ms][ui] GUARD: CameraActivity.onCreateTasks - [17.066ms] Configure Camera UI
01-01 00:01:59.693 1262 1262 V CAM_CameraController: Closing camera
01-01 00:01:59.695 1262 1456 W CAM2PORT_AndCamAgntImp: Releasing camera without any camera opened.
01-01 00:01:59.695 1262 1262 V CAM_ModulesInfo: EnableCaptureModule = true
01-01 00:01:59.699 1262 1262 V CAM_Profiler: [ 0.000ms][ui] GUARD: new CaptureModule - START
01-01 00:01:59.703 1262 1262 V CAM_Profiler: [ 3.834ms][ui] GUARD: new CaptureModule - STOP
01-01 00:01:59.704 1262 1262 V CAM_SettingsManager: listeners: [com.android.camera.app.CameraAppUI@5ea1aa1]
01-01 00:01:59.709 1262 1262 V CAM_SettingsManager: listeners: [com.android.camera.app.CameraAppUI@5ea1aa1, com.android.camera.ButtonManager@8313752]
01-01 00:01:59.709 1262 1262 V CAM_SettingsManager: listeners: [com.android.camera.app.CameraAppUI@5ea1aa1, com.android.camera.ButtonManager@8313752, com.android.camera.widget.IndicatorIconController@1371b20]
01-01 00:01:59.709 1262 1262 V CAM_Profiler: [788.436ms][ui] GUARD: CameraActivity.onCreateTasks - [ 6.284ms] Init Current Module UI
01-01 00:01:59.709 1262 1262 V CAM_Profiler: [ 0.000ms][ui] GUARD: CaptureModule.init - START
01-01 00:01:59.709 1262 1262 D CAM_CaptureModule: init UseAutotransformUiLayout = false
01-01 00:01:59.713 1262 1262 D CAM_Camera2OneCamMgr: Getting First BACK Camera
01-01 00:01:59.714 176 302 D CameraHal: (b127f970) + hardware/ti/dra7xx/camera/CameraProperties.cpp:67 initialize - ENTER
01-01 00:01:59.714 176 302 D CameraHal: (b127f970) - hardware/ti/dra7xx/camera/CameraProperties.cpp:67 initialize - EXIT
01-01 00:01:59.714 176 302 D CameraHal: (b127f970) + hardware/ti/dra7xx/camera/CameraParameters.cpp:152 getProperties - ENTER
