01-01 00:01:09.052 215 282 E OMXNodeInstance: getConfig(0xae89f360:google.h263.encoder, ConfigAndroidIntraRefresh(0x6f60000a)) ERROR: Undefined(0x80001001)
01-01 00:01:09.053 566 566 I CAR.SERVICE: Service onCreate
01-01 00:01:09.061 153 153 W /system/bin/hwservicemanager: getTransportFromManifest: Cannot find entry android.hardware.media.omx@1.0::IOmx in either framework or device manifest, using default transport.
01-01 00:01:09.061 212 308 I OMXClient: Treble IOmx obtained
01-01 00:01:09.062 215 494 I OMXMaster: makeComponentInstance(OMX.google.h264.encoder) in omx@1.0-service process
01-01 00:01:09.063 481 481 V MediaRouter: Adding route: RouteInfo{ name=Tablet, description=null, status=null, category=RouteCategory{ name=System types=ROUTE_TYPE_LIVE_AUDIO ROUTE_TYPE_LIVE_VIDEO groupable=false }, supportedTypes=ROUTE_TYPE_LIVE_AUDIO ROUTE_TYPE_LIVE_VIDEO , presentationDisplay=null }
01-01 00:01:09.073 566 566 I com.android.car: Looking for service android.hardware.automotive.vehicle@2.0::IVehicle/default
01-01 00:01:09.075 153 153 E SELinux : avc: denied { find } for interface=android.hardware.automotive.vehicle::IVehicle pid=566 scontext=u:r:system_app:s0 tcontext=u:object_r:default_android_hwservice:s0 tclass=hwservice_manager
01-01 00:01:09.075 153 153 W /system/bin/hwservicemanager: getTransportFromManifest: Cannot find entry android.hardware.automotive.vehicle@2.0::IVehicle in either framework or device manifest, using default transport.
01-01 00:01:09.080 566 566 I com.android.car: Starting thread pool.
01-01 00:01:09.084 566 566 I CAR.SERVICE: Connected to android.hardware.automotive.vehicle@2.0::IVehicle
01-01 00:01:09.099 212 308 W OMXUtils: do not know color format 0x7f000789 = 2130708361
01-01 00:01:09.102 153 153 W /system/bin/hwservicemanager: getTransportFromManifest: Cannot find entry android.hardware.media.omx@1.0::IOmx in either framework or device manifest, using default transport.
01-01 00:01:09.103 212 308 I OMXClient: Treble IOmx obtained
01-01 00:01:09.103 215 282 I OMXMaster: makeComponentInstance(OMX.google.mpeg4.encoder) in omx@1.0-service process
01-01 00:01:09.105 215 282 I SoftMPEG4Encoder: Construct SoftMPEG4Encoder
01-01 00:01:09.108 212 308 W OMXUtils: do not know color format 0x7f000789 = 2130708361
01-01 00:01:09.108 215 282 E OMXNodeInstance: getConfig(0xae89f300:google.mpeg4.encoder, ConfigAndroidIntraRefresh(0x6f60000a)) ERROR: Undefined(0x80001001)
01-01 00:01:09.109 481 481 V MediaRouter: Selecting route: RouteInfo{ name=Tablet, description=null, status=null, category=RouteCategory{ name=System types=ROUTE_TYPE_LIVE_AUDIO ROUTE_TYPE_LIVE_VIDEO groupable=false }, supportedTypes=ROUTE_TYPE_LIVE_AUDIO ROUTE_TYPE_LIVE_VIDEO , presentationDisplay=null }
01-01 00:01:09.117 153 153 W /system/bin/hwservicemanager: getTransportFromManifest: Cannot find entry android.hardware.media.omx@1.0::IOmx in either framework or device manifest, using default transport.
01-01 00:01:09.118 212 308 I OMXClient: Treble IOmx obtained
01-01 00:01:09.118 215 494 I OMXMaster: makeComponentInstance(OMX.google.vp8.encoder) in omx@1.0-service process
01-01 00:01:09.154 566 566 E BluetoothAdapter: Bluetooth binder is null
01-01 00:01:09.154 566 566 W BTDevConnectionPolicy: No Bluetooth Adapter Available
01-01 00:01:09.155 175 649 I automotive.vehicle@2.0-impl: getAllPropConfigs called
01-01 00:01:09.163 212 308 W OMXUtils: do not know color format 0x7f000789 = 2130708361
01-01 00:01:09.164 215 282 E OMXNodeInstance: getConfig(0xae89f1e0:google.vp8.encoder, ConfigAndroidIntraRefresh(0x6f60000a)) ERROR: Undefined(0x80001001)
01-01 00:01:09.168 153 153 W /system/bin/hwservicemanager: getTransportFromManifest: Cannot find entry android.hardware.media.omx@1.0::IOmx in either framework or device manifest, using default transport.
01-01 00:01:09.168 212 308 I OMXClient: Treble IOmx obtained
01-01 00:01:09.169 215 595 I OMXMaster: makeComponentInstance(OMX.google.vp9.encoder) in omx@1.0-service process
01-01 00:01:09.174 175 649 I automotive.vehicle@2.0-impl: SubscriptionManager::addOrUpdateSubscription, callback: 0xb12b9000
01-01 00:01:09.174 175 649 I automotive.vehicle@2.0-impl: Creating new client and linking to death recipient, cookie: 0xffffffffb12cc000
01-01 00:01:09.174 175 649 I automotive.vehicle@2.0-impl: SubscriptionManager::addOrUpdateSubscription, prop: 0x11400a01
01-01 00:01:09.174 175 649 I automotive.vehicle@2.0-impl: addOrUpdateSubscription opts.propId: 0x11400a01
01-01 00:01:09.174 175 649 I DefaultVehicleHal_v2_0: subscribe propId: 0x11400a01, sampleRate: 0.000000
01-01 00:01:09.180 212 308 W OMXUtils: do not know color format 0x7f000789 = 2130708361
01-01 00:01:09.181 215 661 E OMXNodeInstance: getConfig(0xaec23200:google.vp9.encoder, ConfigAndroidIntraRefresh(0x6f60000a)) ERROR: Undefined(0x80001001)
01-01 00:01:09.182 175 649 E automotive.vehicle@2.0-impl: Failed to get value: config not found, property: 0x11400904
01-01 00:01:09.183 153 153 W /system/bin/hwservicemanager: getTransportFromManifest: Cannot find entry android.hardware.media.omx@1.0::IOmx in either framework or device manifest, using default transport.
01-01 00:01:09.185 175 649 I automotive.vehicle@2.0-impl: SubscriptionManager::addOrUpdateSubscription, callback: 0xb12b9060
01-01 00:01:09.185 175 649 I automotive.vehicle@2.0-impl: SubscriptionManager::addOrUpdateSubscription, prop: 0x16200b02
01-01 00:01:09.185 175 649 I automotive.vehicle@2.0-impl: addOrUpdateSubscription opts.propId: 0x16200b02
01-01 00:01:09.185 175 649 I DefaultVehicleHal_v2_0: subscribe propId: 0x16200b02, sampleRate: 0.000000
01-01 00:01:09.186 212 308 I OMXClient: Treble IOmx obtained
01-01 00:01:09.189 153 153 W /system/bin/hwservicemanager: getTransportFromManifest: Cannot find entry android.hardware.media.omx@1.0::IOmx in either framework or device manifest, using default transport.
01-01 00:01:09.190 175 649 I automotive.vehicle@2.0-impl: SubscriptionManager::addOrUpdateSubscription, callback: 0xb12b9060
01-01 00:01:09.190 175 649 I automotive.vehicle@2.0-impl: SubscriptionManager::addOrUpdateSubscription, prop: 0x12400500
01-01 00:01:09.190 175 649 I automotive.vehicle@2.0-impl: addOrUpdateSubscription opts.propId: 0x12400500
01-01 00:01:09.190 175 649 I DefaultVehicleHal_v2_0: subscribe propId: 0x12400500, sampleRate: 0.000000
01-01 00:01:09.191 175 649 I automotive.vehicle@2.0-impl: SubscriptionManager::addOrUpdateSubscription, callback: 0xb12b9060
01-01 00:01:09.191 175 649 I automotive.vehicle@2.0-impl: SubscriptionManager::addOrUpdateSubscription, prop: 0x12200510
01-01 00:01:09.191 175 649 I automotive.vehicle@2.0-impl: addOrUpdateSubscription opts.propId: 0x12200510
01-01 00:01:09.191 175 649 I DefaultVehicleHal_v2_0: subscribe propId: 0x12200510, sampleRate: 0.000000
01-01 00:01:09.191 175 649 I automotive.vehicle@2.0-impl: SubscriptionManager::addOrUpdateSubscription, callback: 0xb12b9060
01-01 00:01:09.191 175 649 I automotive.vehicle@2.0-impl: SubscriptionManager::addOrUpdateSubscription, prop: 0x12400501
01-01 00:01:09.191 175 649 I automotive.vehicle@2.0-impl: addOrUpdateSubscription opts.propId: 0x12400501
01-01 00:01:09.191 175 649 I DefaultVehicleHal_v2_0: subscribe propId: 0x12400501, sampleRate: 0.000000
01-01 00:01:09.193 175 649 W automotive.vehicle@2.0-impl: Sample rate 0.000000 is lower than min 1.000000. Setting sampling rate to min.
01-01 00:01:09.193 175 649 I automotive.vehicle@2.0-impl: SubscriptionManager::addOrUpdateSubscription, callback: 0xb12b9060
01-01 00:01:09.193 175 649 I automotive.vehicle@2.0-impl: SubscriptionManager::addOrUpdateSubscription, prop: 0x11600703
01-01 00:01:09.193 175 649 I automotive.vehicle@2.0-impl: addOrUpdateSubscription opts.propId: 0x11600703
01-01 00:01:09.194 175 649 I DefaultVehicleHal_v2_0: subscribe propId: 0x11600703, sampleRate: 1.000000
01-01 00:01:09.196 212 308 I OMXClient: Treble IOmx obtained
01-01 00:01:09.199 212 308 W MediaCodecList: unable to open media codecs configuration xml file: /data/misc/media/media_codecs_profiling_results.xml
01-01 00:01:09.201 175 649 I automotive.vehicle@2.0-impl: SubscriptionManager::addOrUpdateSubscription, callback: 0xb12b9060
01-01 00:01:09.201 175 649 I automotive.vehicle@2.0-impl: SubscriptionManager::addOrUpdateSubscription, prop: 0x12600503
01-01 00:01:09.201 175 649 I automotive.vehicle@2.0-impl: addOrUpdateSubscription opts.propId: 0x12600503
01-01 00:01:09.201 175 649 I DefaultVehicleHal_v2_0: subscribe propId: 0x12600503, sampleRate: 0.000000
01-01 00:01:09.202 175 649 I automotive.vehicle@2.0-impl: SubscriptionManager::addOrUpdateSubscription, callback: 0xb12b9060
01-01 00:01:09.202 175 649 I automotive.vehicle@2.0-impl: SubscriptionManager::addOrUpdateSubscription, prop: 0x13200504
01-01 00:01:09.202 175 649 I automotive.vehicle@2.0-impl: addOrUpdateSubscription opts.propId: 0x13200504
01-01 00:01:09.202 175 649 I DefaultVehicleHal_v2_0: subscribe propId: 0x13200504, sampleRate: 0.000000
01-01 00:01:09.202 175 649 I automotive.vehicle@2.0-impl: SubscriptionManager::addOrUpdateSubscription, callback: 0xb12b9060
01-01 00:01:09.202 175 649 I automotive.vehicle@2.0-impl: SubscriptionManager::addOrUpdateSubscription, prop: 0x12200505
01-01 00:01:09.202 175 649 I automotive.vehicle@2.0-impl: addOrUpdateSubscription opts.propId: 0x12200505
01-01 00:01:09.202 175 649 I DefaultVehicleHal_v2_0: subscribe propId: 0x12200505, sampleRate: 0.000000
01-01 00:01:09.203 175 649 I automotive.vehicle@2.0-impl: SubscriptionManager::addOrUpdateSubscription, callback: 0xb12b9060
01-01 00:01:09.203 175 649 I automotive.vehicle@2.0-impl: SubscriptionManager::addOrUpdateSubscription, prop: 0x12200508
01-01 00:01:09.203 175 649 I automotive.vehicle@2.0-impl: addOrUpdateSubscription opts.propId: 0x12200508
01-01 00:01:09.203 175 649 I DefaultVehicleHal_v2_0: subscribe propId: 0x12200508, sampleRate: 0.000000
01-01 00:01:09.203 175 649 I automotive.vehicle@2.0-impl: SubscriptionManager::addOrUpdateSubscription, callback: 0xb12b9060
01-01 00:01:09.203 175 649 I automotive.vehicle@2.0-impl: SubscriptionManager::addOrUpdateSubscription, prop: 0x1220050a
01-01 00:01:09.203 175 649 I automotive.vehicle@2.0-impl: addOrUpdateSubscription opts.propId: 0x1220050a
01-01 00:01:09.203 175 649 I DefaultVehicleHal_v2_0: subscribe propId: 0x1220050a, sampleRate: 0.000000
01-01 00:01:09.204 153 153 W /system/bin/hwservicemanager: getTransportFromManifest: Cannot find entry android.hardware.media.omx@1.0::IOmx in either framework or device manifest, using default transport.
01-01 00:01:09.204 566 566 E CAR.HAL : Cannot subscribe to property: 568329830
01-01 00:01:09.205 320 488 I OMXClient: Treble IOmx obtained
01-01 00:01:09.206 215 661 I OMXMaster: makeComponentInstance(OMX.google.vorbis.decoder) in omx@1.0-service process
01-01 00:01:09.210 215 661 E OMXNodeInstance: getConfig(0xaec23200:google.vorbis.decoder, ConfigAndroidVendorExtension(0x6f100004)) ERROR: Undefined(0x80001001)
01-01 00:01:09.213 173 173 W /system/bin/hw/android.hidl.allocator@1.0-service: ashmem_create_region(32768) returning hidl_memory(0xad998820, 32768)
01-01 00:01:09.214 566 566 W CAR.POWER: Vehicle hal does not support power state yet.
01-01 00:01:09.214 566 669 I CAR.POWER: Power state change:PowerState state:3, param:0
01-01 00:01:09.216 566 669 I CAR.POWER: on display
01-01 00:01:09.220 566 566 I CAR.SENSOR: initial driving status: 0x0
01-01 00:01:09.221 566 566 I CAR.SENSOR: initial daynight: 0
01-01 00:01:09.224 566 566 W CAR.INPUT: Hal does not support key input.
01-01 00:01:09.298 175 649 I automotive.vehicle@2.0-impl: SubscriptionManager::addOrUpdateSubscription, callback: 0xb12b9060
01-01 00:01:09.298 175 649 I automotive.vehicle@2.0-impl: SubscriptionManager::addOrUpdateSubscription, prop: 0x11400404
01-01 00:01:09.298 175 649 I automotive.vehicle@2.0-impl: addOrUpdateSubscription opts.propId: 0x11400404
01-01 00:01:09.298 175 649 I DefaultVehicleHal_v2_0: subscribe propId: 0x11400404, sampleRate: 0.000000
01-01 00:01:09.418 520 520 D AndroidRuntime: >>>>>> START com.android.internal.os.WebViewZygoteInit uid 1053 <<<<<<
01-01 00:01:09.425 520 520 I /system/bin/webview_zygote32: option[0]=-Xzygote
01-01 00:01:09.425 520 520 I /system/bin/webview_zygote32: option[1]=-Xstacktracefile:/data/anr/traces.txt
01-01 00:01:09.425 520 520 I /system/bin/webview_zygote32: option[2]=exit
01-01 00:01:09.425 520 520 I /system/bin/webview_zygote32: option[3]=vfprintf
01-01 00:01:09.425 520 520 I /system/bin/webview_zygote32: option[4]=sensitiveThread
01-01 00:01:09.425 520 520 I /system/bin/webview_zygote32: option[5]=-verbose:gc
01-01 00:01:09.425 520 520 I /system/bin/webview_zygote32: option[6]=-Xms4m
01-01 00:01:09.425 520 520 I /system/bin/webview_zygote32: option[7]=-Xmx16m
01-01 00:01:09.425 520 520 I /system/bin/webview_zygote32: option[8]=-Xusejit:true
01-01 00:01:09.425 520 520 I /system/bin/webview_zygote32: option[9]=-Xjitsaveprofilinginfo
01-01 00:01:09.425 520 520 I /system/bin/webview_zygote32: option[10]=-agentlib:jdwp=transport=dt_android_adb,suspend=n,server=y
01-01 00:01:09.425 520 520 I /system/bin/webview_zygote32: option[11]=-Xlockprofthreshold:500
01-01 00:01:09.425 520 520 I /system/bin/webview_zygote32: option[12]=-Ximage-compiler-option
01-01 00:01:09.425 520 520 I /system/bin/webview_zygote32: option[13]=--runtime-arg
01-01 00:01:09.425 520 520 I /system/bin/webview_zygote32: option[14]=-Ximage-compiler-option
01-01 00:01:09.425 520 520 I /system/bin/webview_zygote32: option[15]=-Xms64m
01-01 00:01:09.425 520 520 I /system/bin/webview_zygote32: option[16]=-Ximage-compiler-option
01-01 00:01:09.425 520 520 I /system/bin/webview_zygote32: option[17]=--runtime-arg
01-01 00:01:09.425 520 520 I /system/bin/webview_zygote32: option[18]=-Ximage-compiler-option
01-01 00:01:09.425 520 520 I /system/bin/webview_zygote32: option[19]=-Xmx64m
01-01 00:01:09.425 520 520 I /system/bin/webview_zygote32: option[20]=-Ximage-compiler-option
01-01 00:01:09.425 520 520 I /system/bin/webview_zygote32: option[21]=--image-classes=/system/etc/preloaded-classes
01-01 00:01:09.425 520 520 I /system/bin/webview_zygote32: option[22]=-Ximage-compiler-option
01-01 00:01:09.425 520 520 I /system/bin/webview_zygote32: option[23]=--compiled-classes=/system/etc/compiled-classes
01-01 00:01:09.425 520 520 I /system/bin/webview_zygote32: option[24]=-Xcompiler-option
01-01 00:01:09.425 520 520 I /system/bin/webview_zygote32: option[25]=--runtime-arg
01-01 00:01:09.425 520 520 I /system/bin/webview_zygote32: option[26]=-Xcompiler-option
01-01 00:01:09.425 520 520 I /system/bin/webview_zygote32: option[27]=-Xms64m
01-01 00:01:09.425 520 520 I /system/bin/webview_zygote32: option[28]=-Xcompiler-option
01-01 00:01:09.425 520 520 I /system/bin/webview_zygote32: option[29]=--runtime-arg
01-01 00:01:09.425 520 520 I /system/bin/webview_zygote32: option[30]=-Xcompiler-option
01-01 00:01:09.425 520 520 I /system/bin/webview_zygote32: option[31]=-Xmx512m
01-01 00:01:09.426 520 520 I /system/bin/webview_zygote32: option[32]=-Ximage-compiler-option
01-01 00:01:09.426 520 520 I /system/bin/webview_zygote32: option[33]=--instruction-set-variant=cortex-a15
01-01 00:01:09.426 520 520 I /system/bin/webview_zygote32: option[34]=-Xcompiler-option
01-01 00:01:09.426 520 520 I /system/bin/webview_zygote32: option[35]=--instruction-set-variant=cortex-a15
01-01 00:01:09.426 520 520 I /system/bin/webview_zygote32: option[36]=-Ximage-compiler-option
01-01 00:01:09.426 520 520 I /system/bin/webview_zygote32: option[37]=--instruction-set-features=default
01-01 00:01:09.426 520 520 I /system/bin/webview_zygote32: option[38]=-Xcompiler-option
01-01 00:01:09.426 520 520 I /system/bin/webview_zygote32: option[39]=--instruction-set-features=default
01-01 00:01:09.426 520 520 I /system/bin/webview_zygote32: option[40]=-Duser.locale=en-US
01-01 00:01:09.426 520 520 I /system/bin/webview_zygote32: option[41]=--cpu-abilist=armeabi-v7a,armeabi
01-01 00:01:09.426 520 520 I /system/bin/webview_zygote32: option[42]=-Xfingerprint:TI/full_jacinto6evm/jacinto6evm:8.0.0/OPR6.170623.013/rtrk12022048:userdebug/test-keys
01-01 00:01:09.581 607 607 D CryptKeeper: Disabling component ComponentInfo{com.android.settings/com.android.settings.CryptKeeper}
01-01 00:01:09.581 320 511 D PackageManager: Ephemeral installer not found with new action; try old one
01-01 00:01:09.581 320 511 D PackageManager: Clear ephemeral installer activity
01-01 00:01:09.582 320 605 I WindowManager: Screen frozen for +633ms due to AppWindowToken{6cb6790 token=Token{7b4b1b7 ActivityRecord{523c0b6 u0 com.android.settings/.CryptKeeper t1}}}
01-01 00:01:09.602 320 511 I ActivityManager: START u0 {act=android.intent.action.MAIN cat=[android.intent.category.HOME] flg=0x10000100 cmp=com.android.settings/.FallbackHome} from uid 0
01-01 00:01:09.614 481 481 W SoundPool: Use of stream types is deprecated for operations other than volume control
01-01 00:01:09.615 481 481 W SoundPool: See the documentation of SoundPool() for what to use instead with android.media.AudioAttributes to qualify your playback use case
01-01 00:01:09.625 173 173 W /system/bin/hw/android.hidl.allocator@1.0-service: ashmem_create_region(32768) returning hidl_memory(0xad998820, 32768)
01-01 00:01:09.643 173 173 I chatty : uid=1000(system) allocator@1.0-s identical 7 lines
01-01 00:01:09.644 173 173 W /system/bin/hw/android.hidl.allocator@1.0-service: ashmem_create_region(32768) returning hidl_memory(0xad998820, 32768)
01-01 00:01:09.644 320 320 I AccountsDb: Creating DE database for user 0
01-01 00:01:09.645 173 173 W /system/bin/hw/android.hidl.allocator@1.0-service: ashmem_create_region(32768) returning hidl_memory(0xad998820, 32768)
01-01 00:01:09.645 173 173 W /system/bin/hw/android.hidl.allocator@1.0-service: ashmem_create_region(32768) returning hidl_memory(0xad998820, 32768)
01-01 00:01:09.655 320 511 I ActivityManager: Start proc 675:com.android.settings/1000 for activity com.android.settings/.FallbackHome
01-01 00:01:09.696 566 566 W CAR.AUDIO: Audio routing policy did not cover logical stream 10
01-01 00:01:09.701 566 566 E CAR.AUDIO: setupDynamicRouting, no output device available, ignore
01-01 00:01:09.702 566 566 W CAR.AUDIO: Vehicle HAL did not implement VehicleProperty.AUDIO_ROUTING_POLICY
01-01 00:01:09.706 204 204 D PermissionCache: checking android.permission.MODIFY_AUDIO_ROUTING for uid=1000 => granted (398 us)
01-01 00:01:09.723 153 153 W /system/bin/hwservicemanager: getTransportFromManifest: Cannot find entry android.hardware.media.omx@1.0::IOmx in either framework or device manifest, using default transport.
01-01 00:01:09.725 481 682 I OMXClient: Treble IOmx obtained
01-01 00:01:09.727 215 661 I OMXMaster: makeComponentInstance(OMX.google.vorbis.decoder) in omx@1.0-service process
01-01 00:01:09.731 215 661 E OMXNodeInstance: getConfig(0xaec233e0:google.vorbis.decoder, ConfigAndroidVendorExtension(0x6f100004)) ERROR: Undefined(0x80001001)
01-01 00:01:09.755 175 649 I automotive.vehicle@2.0-impl: SubscriptionManager::addOrUpdateSubscription, callback: 0xb12b9060
01-01 00:01:09.755 175 649 I automotive.vehicle@2.0-impl: SubscriptionManager::addOrUpdateSubscription, prop: 0x11200407
01-01 00:01:09.755 175 649 I automotive.vehicle@2.0-impl: addOrUpdateSubscription opts.propId: 0x11200407
01-01 00:01:09.755 175 649 I DefaultVehicleHal_v2_0: subscribe propId: 0x11200407, sampleRate: 0.000000
01-01 00:01:09.756 566 566 D CAR.CLUSTER: bindInstrumentClusterRendererService, component: android.car.cluster.loggingrenderer/.LoggingClusterRenderingService
01-01 00:01:09.758 566 566 W ContextImpl: Calling a method in the system process without a qualified user: android.app.ContextImpl.bindService:1540 android.content.ContextWrapper.bindService:678 com.android.car.cluster.InstrumentClusterService.bindInstrumentClusterRendererService:191 com.android.car.cluster.InstrumentClusterService.init:109 com.android.car.ICarImpl.init:159
01-01 00:01:09.758 320 605 W ActivityManager: Unable to start service Intent { cmp=android.car.cluster.loggingrenderer/.LoggingClusterRenderingService } U=0: not found
01-01 00:01:09.759 566 669 I CAR.SYS : Media unmute
01-01 00:01:09.760 320 605 I MediaFocusControl: AudioFocus abandonAudioFocus() from uid/pid 1000/566 clientId=android.media.AudioManager@daaf4fcom.android.car.CarAudioService$MediaMuteAudioFocusListener@4a0e6dc
01-01 00:01:09.762 173 173 W /system/bin/hw/android.hidl.allocator@1.0-service: ashmem_create_region(32768) returning hidl_memory(0xad998820, 32768)
01-01 00:01:09.773 173 173 I chatty : uid=1000(system) allocator@1.0-s identical 2 lines
01-01 00:01:09.773 173 173 W /system/bin/hw/android.hidl.allocator@1.0-service: ashmem_create_region(32768) returning hidl_memory(0xad998820, 32768)
01-01 00:01:09.776 153 153 W /system/bin/hwservicemanager: getTransportFromManifest: Cannot find entry android.hardware.media.omx@1.0::IOmx in either framework or device manifest, using default transport.
01-01 00:01:09.784 175 649 I automotive.vehicle@2.0-impl: SubscriptionManager::addOrUpdateSubscription, callback: 0xb12b9060
01-01 00:01:09.784 173 173 W /system/bin/hw/android.hidl.allocator@1.0-service: ashmem_create_region(32768) returning hidl_memory(0xad998820, 32768)
01-01 00:01:09.785 175 649 I automotive.vehicle@2.0-impl: SubscriptionManager::addOrUpdateSubscription, prop: 0x11400409
01-01 00:01:09.785 175 649 I automotive.vehicle@2.0-impl: addOrUpdateSubscription opts.propId: 0x11400409
01-01 00:01:09.785 175 649 I DefaultVehicleHal_v2_0: subscribe propId: 0x11400409, sampleRate: 0.000000
01-01 00:01:09.785 173 173 W /system/bin/hw/android.hidl.allocator@1.0-service: ashmem_create_region(32768) returning hidl_memory(0xad998820, 32768)
01-01 00:01:09.786 173 173 I chatty : uid=1000(system) allocator@1.0-s identical 1 line
01-01 00:01:09.788 173 173 W /system/bin/hw/android.hidl.allocator@1.0-service: ashmem_create_region(32768) returning hidl_memory(0xad998820, 32768)
01-01 00:01:09.792 320 692 I OMXClient: Treble IOmx obtained
01-01 00:01:09.794 215 661 I OMXMaster: makeComponentInstance(OMX.google.vorbis.decoder) in omx@1.0-service process
01-01 00:01:09.798 215 661 E OMXNodeInstance: getConfig(0xaec23200:google.vorbis.decoder, ConfigAndroidVendorExtension(0x6f100004)) ERROR: Undefined(0x80001001)
01-01 00:01:09.809 173 173 W /system/bin/hw/android.hidl.allocator@1.0-service: ashmem_create_region(32768) returning hidl_memory(0xad998820, 32768)
01-01 00:01:09.815 173 173 W /system/bin/hw/android.hidl.allocator@1.0-service: ashmem_create_region(32768) returning hidl_memory(0xad998820, 32768)
01-01 00:01:09.819 566 566 D CarUserService: onCreate()
01-01 00:01:09.819 462 462 D CarLatinIME: Car Service connected
01-01 00:01:09.820 173 173 W /system/bin/hw/android.hidl.allocator@1.0-service: ashmem_create_region(32768) returning hidl_memory(0xad998820, 32768)
01-01 00:01:09.821 173 173 I chatty : uid=1000(system) allocator@1.0-s identical 1 line
01-01 00:01:09.821 173 173 W /system/bin/hw/android.hidl.allocator@1.0-service: ashmem_create_region(32768) returning hidl_memory(0xad998820, 32768)
01-01 00:01:09.822 566 566 D CarUserService: onBind()
01-01 00:01:09.822 173 173 W /system/bin/hw/android.hidl.allocator@1.0-service: ashmem_create_region(32768) returning hidl_memory(0xad998820, 32768)
01-01 00:01:09.823 566 566 D CarUserService: createBluetoothUserService
01-01 00:01:09.825 566 566 E BluetoothAdapter: Bluetooth binder is null
01-01 00:01:09.825 173 173 W /system/bin/hw/android.hidl.allocator@1.0-service: ashmem_create_region(32768) returning hidl_memory(0xad998820, 32768)
01-01 00:01:09.825 566 566 D CarBluetoothUsrSvc: setupProfileProxy()
01-01 00:01:09.826 173 173 I chatty : uid=1000(system) allocator@1.0-s expire 3 lines
01-01 00:01:09.829 173 173 W /system/bin/hw/android.hidl.allocator@1.0-service: ashmem_create_region(32768) returning hidl_memory(0xad998820, 32768)
01-01 00:01:09.830 566 566 D CarBluetoothUsrSvc: Null BT Adapter
01-01 00:01:09.830 173 173 W /system/bin/hw/android.hidl.allocator@1.0-service: ashmem_create_region(32768) returning hidl_memory(0xad998820, 32768)
01-01 00:01:09.857 173 173 I chatty : uid=1000(system) allocator@1.0-s identical 3 lines
01-01 00:01:09.858 173 173 W /system/bin/hw/android.hidl.allocator@1.0-service: ashmem_create_region(32768) returning hidl_memory(0xad998820, 32768)
01-01 00:01:09.875 320 320 W ContextImpl: Calling a method in the system process without a qualified user: android.app.ContextImpl.startService:1460 com.android.server.content.SyncManager$13.run:659 android.os.Handler.handleCallback:789 android.os.Handler.dispatchMessage:98 android.os.Looper.loop:164
01-01 00:01:09.953 153 153 W /system/bin/hwservicemanager: getTransportFromManifest: Cannot find entry android.hardware.media.omx@1.0::IOmx in either framework or device manifest, using default transport.
01-01 00:01:09.970 320 605 W ActivityManager: Slow operation: 55ms so far, now at attachApplicationLocked: after mServices.attachApplicationLocked
01-01 00:01:09.972 320 720 I OMXClient: Treble IOmx obtained
01-01 00:01:09.973 215 595 I OMXMaster: makeComponentInstance(OMX.google.vorbis.decoder) in omx@1.0-service process
01-01 00:01:09.976 153 153 W /system/bin/hwservicemanager: getTransportFromManifest: Cannot find entry android.hardware.media.omx@1.0::IOmx in either framework or device manifest, using default transport.
01-01 00:01:09.976 481 721 I OMXClient: Treble IOmx obtained
01-01 00:01:09.981 215 661 I OMXMaster: makeComponentInstance(OMX.google.vorbis.decoder) in omx@1.0-service process
01-01 00:01:09.985 215 661 E OMXNodeInstance: getConfig(0xae89f240:google.vorbis.decoder, ConfigAndroidVendorExtension(0x6f100004)) ERROR: Undefined(0x80001001)
01-01 00:01:10.002 215 661 E OMXNodeInstance: getConfig(0xaec23440:google.vorbis.decoder, ConfigAndroidVendorExtension(0x6f100004)) ERROR: Undefined(0x80001001)
01-01 00:01:10.003 173 173 W /system/bin/hw/android.hidl.allocator@1.0-service: ashmem_create_region(32768) returning hidl_memory(0xad998820, 32768)
01-01 00:01:10.039 173 173 I chatty : uid=1000(system) allocator@1.0-s identical 14 lines
01-01 00:01:10.040 173 173 W /system/bin/hw/android.hidl.allocator@1.0-service: ashmem_create_region(32768) returning hidl_memory(0xad998820, 32768)
01-01 00:01:10.054 320 320 E BluetoothAdapter: Bluetooth binder is null
01-01 00:01:10.070 320 320 I Telecom : SystemStateProvider: Registering car mode receiver: android.content.IntentFilter@4a59f8a: TS.init@AAA
01-01 00:01:10.071 320 730 I Telecom : BluetoothRouteManager: getBluetoothAudioConnectedDevice: no headset service available.
01-01 00:01:10.080 320 731 I Telecom : Logging.Events: Non-call EVENT: AUDIO_ROUTE, Entering state QuiescentEarpieceRoute
01-01 00:01:10.087 320 732 I Telecom : CallAudioModeStateMachine: Message received: null.: TS.init->CAMSM.pM_1@AAA
01-01 00:01:10.089 320 320 I Telecom : MissedCallNotifierImpl: Boot not yet complete -- call log db may not be available. Deferring loading until boot complete.: TS.init@AAA
01-01 00:01:10.091 320 320 E BluetoothAdapter: Bluetooth binder is null
01-01 00:01:10.097 173 173 W /system/bin/hw/android.hidl.allocator@1.0-service: ashmem_create_region(32768) returning hidl_memory(0xad998820, 32768)
01-01 00:01:10.103 173 173 I chatty : uid=1000(system) allocator@1.0-s identical 3 lines
01-01 00:01:10.104 173 173 W /system/bin/hw/android.hidl.allocator@1.0-service: ashmem_create_region(32768) returning hidl_memory(0xad998820, 32768)
01-01 00:01:10.104 320 320 I Telecom : Class: TelecomSystem.INSTANCE being set
01-01 00:01:10.104 675 733 D OpenGLRenderer: HWUI GL Pipeline
01-01 00:01:10.104 173 173 W /system/bin/hw/android.hidl.allocator@1.0-service: ashmem_create_region(32768) returning hidl_memory(0xad998820, 32768)
01-01 00:01:10.105 320 320 E BluetoothAdapter: Bluetooth binder is null
01-01 00:01:10.105 173 173 W /system/bin/hw/android.hidl.allocator@1.0-service: ashmem_create_region(32768) returning hidl_memory(0xad998820, 32768)
01-01 00:01:10.111 207 234 D installd: Found storage mount /dev/fuse at /mnt/runtime/default/emulated
01-01 00:01:10.116 173 173 W /system/bin/hw/android.hidl.allocator@1.0-service: ashmem_create_region(32768) returning hidl_memory(0xad998820, 32768)
01-01 00:01:10.165 675 733 I vndksupport: sphal namespace is not configured for this process. Loading /vendor/lib/hw/gralloc.jacinto6.so from the current namespace instead.
01-01 00:01:10.166 320 320 V WiredAccessoryManager: init()
01-01 00:01:10.181 675 733 E IMGSRV : :0: PVRSRVOpenDCDevice: Error - 138 returned
01-01 00:01:10.195 675 733 I vndksupport: sphal namespace is not configured for this process. Loading /vendor/lib/hw/gralloc.jacinto6.so from the current namespace instead.
01-01 00:01:10.197 675 733 I OpenGLRenderer: Initialized EGL, version 1.4
01-01 00:01:10.197 675 733 D OpenGLRenderer: Swap behavior 1
01-01 00:01:10.198 675 733 W OpenGLRenderer: Failed to choose config with EGL_SWAP_BEHAVIOR_PRESERVED, retrying without...
01-01 00:01:10.198 675 733 D OpenGLRenderer: Swap behavior 0
01-01 00:01:10.240 675 733 I vndksupport: sphal namespace is not configured for this process. Loading /vendor/lib/hw/gralloc.jacinto6.so from the current namespace instead.
01-01 00:01:10.274 320 343 I ActivityManager: Displayed com.android.settings/.FallbackHome: +662ms (total +1s514ms)
01-01 00:01:10.274 320 335 W KeyguardServiceDelegate: onScreenTurningOn(): no keyguard service!
01-01 00:01:10.278 320 381 I InputReader: Reconfiguring input devices. changes=0x00000004
01-01 00:01:10.281 153 153 W /system/bin/hwservicemanager: getTransportFromManifest: Cannot find entry android.hardware.media.omx@1.0::IOmx in either framework or device manifest, using default transport.
01-01 00:01:10.282 320 746 I OMXClient: Treble IOmx obtained
01-01 00:01:10.285 320 367 I WindowManager: Screen frozen for +365ms due to Window{ad24697 u0 com.android.settings/com.android.settings.FallbackHome}
01-01 00:01:10.286 215 595 I OMXMaster: makeComponentInstance(OMX.google.vorbis.decoder) in omx@1.0-service process
01-01 00:01:10.292 215 661 E OMXNodeInstance: getConfig(0xae89f420:google.vorbis.decoder, ConfigAndroidVendorExtension(0x6f100004)) ERROR: Undefined(0x80001001)
01-01 00:01:10.297 173 173 W /system/bin/hw/android.hidl.allocator@1.0-service: ashmem_create_region(32768) returning hidl_memory(0xad998820, 32768)
01-01 00:01:10.306 320 320 D ConditionProviders.SCP: onSubscribe condition://android/schedule?days=1.2.3.4.5&start=22.0&end=7.0&exitAtAlarm=false
01-01 00:01:10.311 320 320 D ConditionProviders.SCP: setRegistered true
01-01 00:01:10.311 173 173 I chatty : uid=1000(system) allocator@1.0-s identical 6 lines
01-01 00:01:10.312 320 320 D ConditionProviders.SCP: notifyCondition condition://android/schedule?days=1.2.3.4.5&start=22.0&end=7.0&exitAtAlarm=false STATE_TRUE reason=meetsSchedule
01-01 00:01:10.313 173 173 W /system/bin/hw/android.hidl.allocator@1.0-service: ashmem_create_region(32768) returning hidl_memory(0xad998820, 32768)
01-01 00:01:10.313 320 320 D ConditionProviders.SCP: Scheduling evaluate for Thu Jan 01 07:00:00 GMT+00:00 1970 (25200000), in +6h58m49s689ms, now=Thu Jan 01 00:01:10 GMT+00:00 1970 (70311)
01-01 00:01:10.313 320 320 D ConditionProviders.SCP: onSubscribe condition://android/schedule?days=6.7&start=23.30&end=10.0&exitAtAlarm=false
01-01 00:01:10.314 320 320 D ConditionProviders.SCP: notifyCondition condition://android/schedule?days=6.7&start=23.30&end=10.0&exitAtAlarm=false STATE_FALSE reason=!meetsSchedule
01-01 00:01:10.314 320 320 D ConditionProviders.SCP: notifyCondition condition://android/schedule?days=1.2.3.4.5&start=22.0&end=7.0&exitAtAlarm=false STATE_TRUE reason=meetsSchedule
01-01 00:01:10.315 320 320 D ConditionProviders.SCP: Scheduling evaluate for Thu Jan 01 07:00:00 GMT+00:00 1970 (25200000), in +6h58m49s686ms, now=Thu Jan 01 00:01:10 GMT+00:00 1970 (70314)
01-01 00:01:10.341 153 153 W /system/bin/hwservicemanager: getTransportFromManifest: Cannot find entry android.hardware.media.omx@1.0::IOmx in either framework or device manifest, using default transport.
01-01 00:01:10.342 481 751 I OMXClient: Treble IOmx obtained
01-01 00:01:10.343 215 661 I OMXMaster: makeComponentInstance(OMX.google.vorbis.decoder) in omx@1.0-service process
01-01 00:01:10.345 215 661 E OMXNodeInstance: getConfig(0xaec23440:google.vorbis.decoder, ConfigAndroidVendorExtension(0x6f100004)) ERROR: Undefined(0x80001001)
01-01 00:01:10.347 173 173 W /system/bin/hw/android.hidl.allocator@1.0-service: ashmem_create_region(32768) returning hidl_memory(0xad998820, 32768)
01-01 00:01:10.361 320 334 I SyncManager: Got SyncJobService instance.
01-01 00:01:10.395 173 173 I chatty : uid=1000(system) allocator@1.0-s identical 14 lines
01-01 00:01:10.397 173 173 W /system/bin/hw/android.hidl.allocator@1.0-service: ashmem_create_region(32768) returning hidl_memory(0xad998820, 32768)
01-01 00:01:10.411 320 320 I Telecom : WiredHeadsetManager: ACTION_HEADSET_PLUG event, plugged in: false, : WHC.oADA@AAE
01-01 00:01:10.413 320 439 E ActivityThread: Failed to find provider info for com.android.calendar
01-01 00:01:10.430 320 320 I Telecom : PhoneAccountRegistrar: SimCallManager queried, returning: null: TSI.gSCM@AAM
01-01 00:01:10.431 320 320 D ZenLog : disable_effects: -1|android|32|null|1000,booleanState
01-01 00:01:10.432 320 437 I zygote : Waiting for a blocking GC Alloc
01-01 00:01:10.435 320 759 I zygote : Waiting for a blocking GC Alloc
01-01 00:01:10.438 320 320 D ZenLog : disable_effects: -1|android|26|null|1000,booleanState
01-01 00:01:10.441 320 439 E ActivityThread: Failed to find provider info for com.android.calendar
01-01 00:01:10.441 320 761 I zygote : Waiting for a blocking GC Alloc
01-01 00:01:10.448 320 320 D ZenLog : config: conditionChanged,ZenModeConfig[user=0,allowCalls=true,allowRepeatCallers=false,allowMessages=false,allowCallsFrom=contacts,allowMessagesFrom=contacts,allowReminders=true,allowEvents=true,allowWhenScreenOff=true,allowWhenScreenOn=true,automaticRules={6aba95cc3b3d47ef9b8d142268a2f7ca=ZenRule[enabled=false,snoozing=false,name=Weeknight,zenMode=ZEN_MODE_ALARMS,conditionId=condition://android/schedule?days=1.2.3.4.5&start=22.0&end=7.0&exitAtAlarm=false,condition=Condition[id=condition://android/schedule?days=1.2.3.4.5&start=22.0&end=7.0&exitAtAlarm=false,summary=...,line1=...,line2=...,icon=0,state=STATE_TRUE,flags=2],component=ComponentInfo{android/com.android.server.notification.ScheduleConditionProvider},id=6aba95cc3b3d47ef9b8d142268a2f7ca,creationTime=67301,enabler=null], 11e1a941e50341b7acf4ec6ab89c3b28=ZenRule[enabled=false,snoozing=false,name=Event,zenMode=ZEN_MODE_ALARMS,conditionId=condition://android/event?userId=-10000&calendar=&reply=1,condition=null,component=ComponentInfo{android/com.android.server.notification.EventConditionProvider},id=11e1a941e50341b7acf4ec6ab89c3b28,creationTime=67302,enabler=null], f5240f1ce7c6404c918110fd7ee03fc8=ZenRule[enabled=false,snoozing=false,name=Weekend,zenMode=ZEN_MODE_ALARMS,conditionId=condition://android/schedule?days=6.7&start=23.30&end=10.0&exitAtAlarm=false,condition=null,component=ComponentInfo{android/com.android.server.notification.ScheduleConditionProvider},id=f5240f1ce7c6404c918110fd7ee03fc8,creationTime=67301,enabler=null]},manualRule=null],Diff[automaticRule[6aba95cc3b3d47ef9b8d142268a2f7ca].condition:null->Condition[id=condition://android/schedule?days=1.2.3.4.5&start=22.0&end=7.0&exitAtAlarm=false,summary=...,line1=...,line2=...,icon=0,state=STATE_TRUE,flags=2]]
01-01 00:01:10.456 320 320 I zygote : Waiting for a blocking GC Alloc
01-01 00:01:10.468 481 481 I vol.Events: writeEvent collection_started
01-01 00:01:10.472 320 372 I zygote : Waiting for a blocking GC Alloc
01-01 00:01:10.474 320 491 I zygote : Waiting for a blocking GC Alloc
01-01 00:01:10.518 320 336 I zygote : Waiting for a blocking GC Alloc
01-01 00:01:10.526 320 330 I zygote : Background concurrent copying GC freed 20706(2025KB) AllocSpace objects, 3(60KB) LOS objects, 42% free, 4MB/7MB, paused 314us total 218.622ms
01-01 00:01:10.527 320 437 I zygote : WaitForGcToComplete blocked for 94.899ms for cause Alloc
01-01 00:01:10.527 320 437 I zygote : Starting a blocking GC Alloc
01-01 00:01:10.527 320 759 I zygote : WaitForGcToComplete blocked for 92.425ms for cause Alloc
01-01 00:01:10.527 320 759 I zygote : Starting a blocking GC Alloc
01-01 00:01:10.527 320 761 I zygote : WaitForGcToComplete blocked for 86.195ms for cause Alloc
01-01 00:01:10.528 320 761 I zygote : Starting a blocking GC Alloc
01-01 00:01:10.528 320 320 I zygote : WaitForGcToComplete blocked for 71.482ms for cause Alloc
01-01 00:01:10.528 320 320 I zygote : Starting a blocking GC Alloc
01-01 00:01:10.528 320 372 I zygote : WaitForGcToComplete blocked for 56.604ms for cause Alloc
01-01 00:01:10.528 320 372 I zygote : Starting a blocking GC Alloc
01-01 00:01:10.528 320 491 I zygote : WaitForGcToComplete blocked for 53.955ms for cause Alloc
01-01 00:01:10.528 320 491 I zygote : Starting a blocking GC Alloc
01-01 00:01:10.529 320 336 I zygote : WaitForGcToComplete blocked for 10.798ms for cause Alloc
01-01 00:01:10.529 320 336 I zygote : Starting a blocking GC Alloc
01-01 00:01:10.531 320 320 D ZenLog : config: conditionChanged,ZenModeConfig[user=0,allowCalls=true,allowRepeatCallers=false,allowMessages=false,allowCallsFrom=contacts,allowMessagesFrom=contacts,allowReminders=true,allowEvents=true,allowWhenScreenOff=true,allowWhenScreenOn=true,automaticRules={6aba95cc3b3d47ef9b8d142268a2f7ca=ZenRule[enabled=false,snoozing=false,name=Weeknight,zenMode=ZEN_MODE_ALARMS,conditionId=condition://android/schedule?days=1.2.3.4.5&start=22.0&end=7.0&exitAtAlarm=false,condition=Condition[id=condition://android/schedule?days=1.2.3.4.5&start=22.0&end=7.0&exitAtAlarm=false,summary=...,line1=...,line2=...,icon=0,state=STATE_TRUE,flags=2],component=ComponentInfo{android/com.android.server.notification.ScheduleConditionProvider},id=6aba95cc3b3d47ef9b8d142268a2f7ca,creationTime=67301,enabler=null], 11e1a941e50341b7acf4ec6ab89c3b28=ZenRule[enabled=false,snoozing=false,name=Event,zenMode=ZEN_MODE_ALARMS,conditionId=condition://android/event?userId=-10000&calendar=&reply=1,condition=null,component=ComponentInfo{android/com.android.server.notification.EventConditionProvider},id=11e1a941e50341b7acf4ec6ab89c3b28,creationTime=67302,enabler=null], f5240f1ce7c6404c918110fd7ee03fc8=ZenRule[enabled=false,snoozing=false,name=Weekend,zenMode=ZEN_MODE_ALARMS,conditionId=condition://android/schedule?days=6.7&start=23.30&end=10.0&exitAtAlarm=false,condition=Condition[id=condition://android/schedule?days=6.7&start=23.30&end=10.0&exitAtAlarm=false,summary=...,line1=...,line2=...,icon=0,state=STATE_FALSE,flags=2],component=ComponentInfo{android/com.android.server.notification.ScheduleConditionProvider},id=f5240f1ce7c6404c918110fd7ee03fc8,creationTime=67301,enabler=null]},manualRule=null],Diff[automaticRule[f5240f1ce7c6404c918110fd7ee03fc8].condition:null->Condition[id=condition://android/schedule?days=6.7&start=23.30&end=10.0&exitAtAlarm=false,summary=...,line1=...,line2=...,icon=0,state=STATE_FALSE,flags=2]]
01-01 00:01:10.533 320 320 I FusedLocation: engine started (com.android.location.fused)
01-01 00:01:10.534 320 320 D ZenLog : set_zen_mode: off,conditionChanged
01-01 00:01:10.539 153 153 W /system/bin/hwservicemanager: getTransportFromManifest: Cannot find entry android.hardware.media.omx@1.0::IOmx in either framework or device manifest, using default transport.
01-01 00:01:10.541 320 761 I OMXClient: Treble IOmx obtained
01-01 00:01:10.541 215 595 I OMXMaster: makeComponentInstance(OMX.google.vorbis.decoder) in omx@1.0-service process
01-01 00:01:10.546 215 282 E OMXNodeInstance: getConfig(0xaec23440:google.vorbis.decoder, ConfigAndroidVendorExtension(0x6f100004)) ERROR: Undefined(0x80001001)
01-01 00:01:10.548 173 173 W /system/bin/hw/android.hidl.allocator@1.0-service: ashmem_create_region(32768) returning hidl_memory(0xad998820, 32768)
01-01 00:01:10.550 320 320 D ZenLog : config: conditionChanged,ZenModeConfig[user=0,allowCalls=true,allowRepeatCallers=false,allowMessages=false,allowCallsFrom=contacts,allowMessagesFrom=contacts,allowReminders=true,allowEvents=true,allowWhenScreenOff=true,allowWhenScreenOn=true,automaticRules={6aba95cc3b3d47ef9b8d142268a2f7ca=ZenRule[enabled=false,snoozing=false,name=Weeknight,zenMode=ZEN_MODE_ALARMS,conditionId=condition://android/schedule?days=1.2.3.4.5&start=22.0&end=7.0&exitAtAlarm=false,condition=Condition[id=condition://android/schedule?days=1.2.3.4.5&start=22.0&end=7.0&exitAtAlarm=false,summary=...,line1=...,line2=...,icon=0,state=STATE_TRUE,flags=2],component=ComponentInfo{android/com.android.server.notification.ScheduleConditionProvider},id=6aba95cc3b3d47ef9b8d142268a2f7ca,creationTime=67301,enabler=null], 11e1a941e50341b7acf4ec6ab89c3b28=ZenRule[enabled=false,snoozing=false,name=Event,zenMode=ZEN_MODE_ALARMS,conditionId=condition://android/event?userId=-10000&calendar=&reply=1,condition=Condition[id=condition://android/event?userId=-10000&calendar=&reply=1,summary=...,line1=...,line2=...,icon=0,state=STATE_FALSE,flags=2],component=ComponentInfo{android/com.android.server.notification.EventConditionProvider},id=11e1a941e50341b7acf4ec6ab89c3b28,creationTime=67302,enabler=null], f5240f1ce7c6404c918110fd7ee03fc8=ZenRule[enabled=false,snoozing=false,name=Weekend,zenMode=ZEN_MODE_ALARMS,conditionId=condition://android/schedule?days=6.7&start=23.30&end=10.0&exitAtAlarm=false,condition=Condition[id=condition://android/schedule?days=6.7&start=23.30&end=10.0&exitAtAlarm=false,summary=...,line1=...,line2=...,icon=0,state=STATE_FALSE,flags=2],component=ComponentInfo{android/com.android.server.notification.ScheduleConditionProvider},id=f5240f1ce7c6404c918110fd7ee03fc8,creationTime=67301,enabler=null]},manualRule=null],Diff[automaticRule[11e1a941e50341b7acf4ec6ab89c3b28].condition:null->Condition[id=condition://android/event?userId=-10000&calendar=&reply=1,summary=...,line1=...,line2=...,icon=0,state=STATE_FALSE,flags=2]]
01-01 00:01:10.550 320 320 D ZenLog : set_zen_mode: off,conditionChanged
01-01 00:01:10.554 173 173 I chatty : uid=1000(system) allocator@1.0-s identical 2 lines
01-01 00:01:10.554 173 173 W /system/bin/hw/android.hidl.allocator@1.0-service: ashmem_create_region(32768) returning hidl_memory(0xad998820, 32768)
01-01 00:01:10.557 481 765 I vol.Events: writeEvent external_ringer_mode_changed normal
01-01 00:01:10.557 481 765 I vol.Events: writeEvent internal_ringer_mode_changed normal
01-01 00:01:10.560 173 173 W /system/bin/hw/android.hidl.allocator@1.0-service: ashmem_create_region(32768) returning hidl_memory(0xad998820, 32768)
01-01 00:01:10.575 320 320 D ZenLog : set_zen_mode: off,conditionChanged
01-01 00:01:10.583 173 173 I chatty : uid=1000(system) allocator@1.0-s identical 6 lines
01-01 00:01:10.584 173 173 W /system/bin/hw/android.hidl.allocator@1.0-service: ashmem_create_region(32768) returning hidl_memory(0xad998820, 32768)
01-01 00:01:10.646 153 153 W /system/bin/hwservicemanager: getTransportFromManifest: Cannot find entry android.hardware.media.omx@1.0::IOmx in either framework or device manifest, using default transport.
01-01 00:01:10.647 320 775 I OMXClient: Treble IOmx obtained
01-01 00:01:10.649 215 282 I OMXMaster: makeComponentInstance(OMX.google.vorbis.decoder) in omx@1.0-service process
01-01 00:01:10.652 215 282 E OMXNodeInstance: getConfig(0xae89f360:google.vorbis.decoder, ConfigAndroidVendorExtension(0x6f100004)) ERROR: Undefined(0x80001001)
01-01 00:01:10.655 173 173 W /system/bin/hw/android.hidl.allocator@1.0-service: ashmem_create_region(32768) returning hidl_memory(0xad998820, 32768)
01-01 00:01:10.675 173 173 I chatty : uid=1000(system) allocator@1.0-s identical 10 lines
01-01 00:01:10.675 173 173 W /system/bin/hw/android.hidl.allocator@1.0-service: ashmem_create_region(32768) returning hidl_memory(0xad998820, 32768)
01-01 00:01:10.823 481 765 I vol.Events: writeEvent level_changed STREAM_VOICE_CALL 4
01-01 00:01:10.825 481 765 I vol.Events: writeEvent level_changed STREAM_SYSTEM 5
01-01 00:01:10.826 481 765 I vol.Events: writeEvent level_changed STREAM_RING 5
01-01 00:01:10.827 481 765 I vol.Events: writeEvent level_changed STREAM_MUSIC 11
01-01 00:01:10.831 481 765 I vol.Events: writeEvent level_changed STREAM_ALARM 6
01-01 00:01:10.833 481 765 I vol.Events: writeEvent level_changed STREAM_BLUETOOTH_SCO 7
01-01 00:01:10.883 481 780 D OpenGLRenderer: HWUI GL Pipeline
01-01 00:01:10.912 481 481 D NetworkController.WifiSignalController: Registered score cache
01-01 00:01:10.914 577 577 D TelephonyProvider: dbh.onCreate:+ db=SQLiteDatabase: /data/user_de/0/com.android.providers.telephony/databases/telephony.db
01-01 00:01:10.915 577 577 D TelephonyProvider: dbh.createSimInfoTable:+
01-01 00:01:10.916 577 577 D TelephonyProvider: dbh.createSimInfoTable:-
01-01 00:01:10.916 577 577 D TelephonyProvider: dbh.createCarriersTable: carriers
01-01 00:01:10.919 577 577 D TelephonyProvider: dbh.createCarriersTable:-
01-01 00:01:10.920 577 577 D TelephonyProvider: No APNs in OEM image = /oem/telephony/apns-conf.xml Load APNs from system image
01-01 00:01:10.920 577 577 D TelephonyProvider: No APNs in OEM image = /data/misc/apns-conf.xml Load APNs from system image
01-01 00:01:10.920 577 577 D TelephonyProvider: confFile = /system/etc/apns-conf.xml
01-01 00:01:10.921 577 577 E TelephonyProvider: FileNotFoundException for /system/etc/apns-conf.xml:java.io.FileNotFoundException: /system/etc/apns-conf.xml (No such file or directory)
01-01 00:01:10.925 577 577 D TelephonyProvider: dbh.onCreate:- db=SQLiteDatabase: /data/user_de/0/com.android.providers.telephony/databases/telephony.db
01-01 00:01:10.959 481 481 D StatusBar: disable
01-01 00:01:10.960 320 491 I StatusBarManagerService: registerStatusBar bar=com.android.internal.statusbar.IStatusBar$Stub$Proxy@1dac54f
01-01 00:01:11.020 577 577 D TelephonyProvider: dbh.onOpen: ok, queried table=siminfo
01-01 00:01:11.020 577 577 D TelephonyProvider: dbh.onOpen: ok, queried table=carriers
01-01 00:01:11.022 577 577 D TelephonyProvider: onCreate: build id changed from to OPR6.170623.013
01-01 00:01:11.022 577 577 D TelephonyProvider: No APNs in OEM image = /oem/telephony/apns-conf.xml Load APNs from system image
01-01 00:01:11.022 577 577 D TelephonyProvider: No APNs in OEM image = /data/misc/apns-conf.xml Load APNs from system image
01-01 00:01:11.022 577 577 E TelephonyProvider: FileNotFoundException for /system/etc/apns-conf.xml:java.io.FileNotFoundException: /system/etc/apns-conf.xml (No such file or directory)
01-01 00:01:11.023 577 577 D TelephonyProvider: newChecksum: -1
01-01 00:01:11.023 577 577 D TelephonyProvider: oldChecksum: -1
01-01 00:01:11.024 577 577 D TelephonyProvider: Skipping apn db update since apn-conf has not changed.
01-01 00:01:11.067 481 784 I SecurityController: could not bind to KeyChainService
01-01 00:01:11.112 481 481 I CameraManagerGlobal: Connecting to camera service
01-01 00:01:11.117 205 313 I CameraService: CameraService::connect call (PID -1 "cameraserver", camera ID 0) for HAL version default and Camera API version 1
01-01 00:01:11.119 176 176 D CameraHal: (b2bba4a8) + hardware/ti/dra7xx/camera/CameraProperties.cpp:67 initialize - ENTER
01-01 00:01:11.119 176 176 D CameraHal: (b2bba4a8) - hardware/ti/dra7xx/camera/CameraProperties.cpp:67 initialize - EXIT
01-01 00:01:11.119 176 176 D CameraHal: (b2bba4a8) + hardware/ti/dra7xx/camera/CameraParameters.cpp:152 getProperties - ENTER
01-01 00:01:11.119 176 176 D CameraHal: (b2bba4a8) - hardware/ti/dra7xx/camera/CameraParameters.cpp:163 getProperties - EXIT
01-01 00:01:11.121 212 666 D NuPlayerDriver: NuPlayerDriver(0xaa7b00e0) created, clientPid(205)
01-01 00:01:11.123 153 153 W /system/bin/hwservicemanager: getTransportFromManifest: Cannot find entry android.hardware.media.omx@1.0::IOmx in either framework or device manifest, using default transport.
01-01 00:01:11.139 212 788 D NuPlayerDriver: notifyListener_l(0xaa7b00e0), (1, 0, 0, -1), loop setting(0, 0)
01-01 00:01:11.140 212 666 D NuPlayerDriver: NuPlayerDriver(0xaa7b01c0) created, clientPid(205)
01-01 00:01:11.141 153 153 W /system/bin/hwservicemanager: getTransportFromManifest: Cannot find entry android.hardware.media.omx@1.0::IOmx in either framework or device manifest, using default transport.
01-01 00:01:11.148 577 577 I ImsResolver: Initializing cache and binding.
01-01 00:01:11.152 212 791 D NuPlayerDriver: notifyListener_l(0xaa7b01c0), (1, 0, 0, -1), loop setting(0, 0)
01-01 00:01:11.153 212 666 D NuPlayerDriver: NuPlayerDriver(0xaa7b0620) created, clientPid(205)
01-01 00:01:11.154 153 153 W /system/bin/hwservicemanager: getTransportFromManifest: Cannot find entry android.hardware.media.omx@1.0::IOmx in either framework or device manifest, using default transport.
01-01 00:01:11.159 176 176 I provider@2.4-se: type=1400 audit(0.0:23): avc: denied { read } for name="/" dev="tmpfs" ino=8396 scontext=u:r:hal_camera_default:s0 tcontext=u:object_r:device:s0 tclass=dir permissive=1
01-01 00:01:11.159 176 176 I provider@2.4-se: type=1400 audit(0.0:24): avc: denied { open } for path="/dev" dev="tmpfs" ino=8396 scontext=u:r:hal_camera_default:s0 tcontext=u:object_r:device:s0 tclass=dir permissive=1
01-01 00:01:11.165 212 793 D NuPlayerDriver: notifyListener_l(0xaa7b0620), (1, 0, 0, -1), loop setting(0, 0)
01-01 00:01:11.167 205 313 I CameraHardwareInterface: Opening camera 0
01-01 00:01:11.168 176 176 I CamDev@1.0-impl: Opening camera 0
01-01 00:01:11.168 176 176 D CameraHal: (b2bba4a8) + hardware/ti/dra7xx/camera/CameraProperties.cpp:67 initialize - ENTER
01-01 00:01:11.168 176 176 D CameraHal: (b2bba4a8) - hardware/ti/dra7xx/camera/CameraProperties.cpp:67 initialize - EXIT
01-01 00:01:11.168 176 176 D CameraHal: (b2bba4a8) + hardware/ti/dra7xx/camera/CameraParameters.cpp:152 getProperties - ENTER
01-01 00:01:11.168 176 176 D CameraHal: (b2bba4a8) - hardware/ti/dra7xx/camera/CameraParameters.cpp:163 getProperties - EXIT
