2020-04-29 16:23:52.873 1623-1623/? D/CameraHal: (abcf44a4) hardware/ti/dra7xx/camera/V4LCameraAdapter/V4LCameraAdapter.cpp:456 setParameters - Width * Height 1280 x 800 format 0x56595559
2020-04-29 16:23:52.873 1623-1623/? D/CameraHal: (abcf44a4) hardware/ti/dra7xx/camera/V4LCameraAdapter/V4LCameraAdapter.cpp:218 v4lSetFormat - Width * Height 1280 x 800 format 0x56595559
2020-04-29 16:23:52.884 1623-1623/? D/CameraHal: (abcf44a4) hardware/ti/dra7xx/camera/V4LCameraAdapter/V4LCameraAdapter.cpp:244 v4lSetFormat - VIDIOC_G_FMT : WxH = 1280x800
2020-04-29 16:23:52.884 1623-1623/? D/CameraHal: (abcf44a4) hardware/ti/dra7xx/camera/V4LCameraAdapter/V4LCameraAdapter.cpp:245 v4lSetFormat - ### Using: WxH = 1280x800 pixelformat=0x56595559
2020-04-29 16:23:52.884 1623-1623/? D/CameraHal: (abcf44a4) hardware/ti/dra7xx/camera/V4LCameraAdapter/V4LCameraAdapter.cpp:246 v4lSetFormat - ### Using: bytesperline=2560 sizeimage=2048000 colorspace=0x1
2020-04-29 16:23:52.884 1623-1623/? D/CameraHal: (abcf44a4) hardware/ti/dra7xx/camera/V4LCameraAdapter/V4LCameraAdapter.cpp:465 setParameters - Current fps is 30000 new fps is (30000,30000)
2020-04-29 16:23:52.890 1623-1623/? D/CameraHal: (abcf44a4) hardware/ti/dra7xx/camera/V4LCameraAdapter/V4LCameraAdapter.cpp:456 setParameters - Width * Height 1280 x 800 format 0x56595559
2020-04-29 16:23:52.890 1623-1623/? D/CameraHal: (abcf44a4) hardware/ti/dra7xx/camera/V4LCameraAdapter/V4LCameraAdapter.cpp:218 v4lSetFormat - Width * Height 1280 x 800 format 0x56595559
2020-04-29 16:23:52.904 1623-1623/? D/CameraHal: (abcf44a4) hardware/ti/dra7xx/camera/V4LCameraAdapter/V4LCameraAdapter.cpp:244 v4lSetFormat - VIDIOC_G_FMT : WxH = 1280x800
2020-04-29 16:23:52.904 1623-1623/? D/CameraHal: (abcf44a4) hardware/ti/dra7xx/camera/V4LCameraAdapter/V4LCameraAdapter.cpp:245 v4lSetFormat - ### Using: WxH = 1280x800 pixelformat=0x56595559
2020-04-29 16:23:52.904 1623-1623/? D/CameraHal: (abcf44a4) hardware/ti/dra7xx/camera/V4LCameraAdapter/V4LCameraAdapter.cpp:246 v4lSetFormat - ### Using: bytesperline=2560 sizeimage=2048000 colorspace=0x1
2020-04-29 16:23:52.904 1623-1623/? D/CameraHal: (abcf44a4) hardware/ti/dra7xx/camera/V4LCameraAdapter/V4LCameraAdapter.cpp:465 setParameters - Current fps is 30000 new fps is (30000,30000)
2020-04-29 16:23:52.904 1623-1623/? D/CameraHal: (abcf44a4) hardware/ti/dra7xx/camera/BaseCameraAdapter.cpp:1927 setState - Adapter state switch INTIALIZED_STATE->INTIALIZED_STATE event = CAMERA_QUERY_RESOLUTION_PREVIEW
2020-04-29 16:23:52.925 1623-1623/? D/CameraHal: (abcf44a4) hardware/ti/dra7xx/camera/ANativeWindowDisplayAdapter.cpp:484 allocateBufferList - Number of buffers set to ANativeWindow 8
2020-04-29 16:23:52.926 1623-1623/? D/CameraHal: (abcf44a4) hardware/ti/dra7xx/camera/ANativeWindowDisplayAdapter.cpp:497 allocateBufferList - Configuring 8 buffers for ANativeWindow
2020-04-29 16:23:52.972 1623-1623/? D/CameraHal: (abcf44a4) hardware/ti/dra7xx/camera/ANativeWindowDisplayAdapter.cpp:551 allocateBufferList - got handle 0xab114c40
2020-04-29 16:23:52.977 1623-1623/? D/CameraHal: (abcf44a4) hardware/ti/dra7xx/camera/ANativeWindowDisplayAdapter.cpp:551 allocateBufferList - got handle 0xab114c88
2020-04-29 16:23:52.982 1623-1623/? D/CameraHal: (abcf44a4) hardware/ti/dra7xx/camera/ANativeWindowDisplayAdapter.cpp:551 allocateBufferList - got handle 0xab114d60
2020-04-29 16:23:52.991 1623-1623/? D/CameraHal: (abcf44a4) hardware/ti/dra7xx/camera/ANativeWindowDisplayAdapter.cpp:551 allocateBufferList - got handle 0xab114e50
2020-04-29 16:23:52.997 1623-1623/? D/CameraHal: (abcf44a4) hardware/ti/dra7xx/camera/ANativeWindowDisplayAdapter.cpp:551 allocateBufferList - got handle 0xab114e98
2020-04-29 16:23:53.006 1623-1623/? D/CameraHal: (abcf44a4) hardware/ti/dra7xx/camera/ANativeWindowDisplayAdapter.cpp:551 allocateBufferList - got handle 0xab114d48
2020-04-29 16:23:53.011 1623-1623/? D/CameraHal: (abcf44a4) hardware/ti/dra7xx/camera/ANativeWindowDisplayAdapter.cpp:551 allocateBufferList - got handle 0xab114f10
2020-04-29 16:23:53.015 1623-1623/? D/CameraHal: (abcf44a4) hardware/ti/dra7xx/camera/ANativeWindowDisplayAdapter.cpp:551 allocateBufferList - got handle 0xab114f58
2020-04-29 16:23:53.016 1623-1623/? D/CameraHal: (abcf44a4) hardware/ti/dra7xx/camera/BaseCameraAdapter.cpp:414 sendCommand - Use buffers for preview
2020-04-29 16:23:53.016 1623-1623/? D/CameraHal: (abcf44a4) hardware/ti/dra7xx/camera/BaseCameraAdapter.cpp:1919 setState - Adapter state switch INTIALIZED_STATE->LOADED_PREVIEW_STATE event = CAMERA_USE_BUFFERS_PREVIEW
2020-04-29 16:23:53.016 1623-1623/? E/CameraHal: (abcf44a4) hardware/ti/dra7xx/camera/V4LCameraAdapter/V4LCameraAdapter.cpp:124 v4lInitDmaBuf - Allocate CameraBufferlist [8][1280][800]
2020-04-29 16:23:53.017 1623-1623/? I/chatty: uid=1047(cameraserver) provider@2.4-se identical 6 lines
2020-04-29 16:23:53.017 1623-1623/? D/CameraHal: (abcf44a4) hardware/ti/dra7xx/camera/V4LCameraAdapter/V4LCameraAdapter.cpp:589 UseBuffersPreview - Preview- buff [0] = 0xab141000 length=0
2020-04-29 16:23:53.017 1623-1623/? D/CameraHal: (abcf44a4) hardware/ti/dra7xx/camera/V4LCameraAdapter/V4LCameraAdapter.cpp:589 UseBuffersPreview - Preview- buff [1] = 0xab141080 length=0
2020-04-29 16:23:53.017 1623-1623/? D/CameraHal: (abcf44a4) hardware/ti/dra7xx/camera/V4LCameraAdapter/V4LCameraAdapter.cpp:589 UseBuffersPreview - Preview- buff [2] = 0xab141100 length=0
2020-04-29 16:23:53.017 1623-1623/? D/CameraHal: (abcf44a4) hardware/ti/dra7xx/camera/V4LCameraAdapter/V4LCameraAdapter.cpp:589 UseBuffersPreview - Preview- buff [3] = 0xab141180 length=0
2020-04-29 16:23:53.017 1623-1623/? D/CameraHal: (abcf44a4) hardware/ti/dra7xx/camera/V4LCameraAdapter/V4LCameraAdapter.cpp:589 UseBuffersPreview - Preview- buff [4] = 0xab141200 length=0
2020-04-29 16:23:53.017 1623-1623/? D/CameraHal: (abcf44a4) hardware/ti/dra7xx/camera/V4LCameraAdapter/V4LCameraAdapter.cpp:589 UseBuffersPreview - Preview- buff [5] = 0xab141280 length=0
2020-04-29 16:23:53.017 1623-1623/? D/CameraHal: (abcf44a4) hardware/ti/dra7xx/camera/V4LCameraAdapter/V4LCameraAdapter.cpp:589 UseBuffersPreview - Preview- buff [6] = 0xab141300 length=0
2020-04-29 16:23:53.017 1623-1623/? D/CameraHal: (abcf44a4) hardware/ti/dra7xx/camera/V4LCameraAdapter/V4LCameraAdapter.cpp:589 UseBuffersPreview - Preview- buff [7] = 0xab141380 length=0
2020-04-29 16:23:53.017 1623-1623/? D/CameraHal: (abcf44a4) hardware/ti/dra7xx/camera/AppCallbackNotifier.cpp:1630 start - AppCallbackNotifier already running
2020-04-29 16:23:53.017 1623-1623/? D/CameraHal: (abcf44a4) hardware/ti/dra7xx/camera/CameraHal.cpp:1997 cameraPreviewInitialization - AppCallbackNotifier already running
2020-04-29 16:23:53.017 201-201/? W//system/bin/hw/android.hidl.allocator@1.0-service: ashmem_create_region(12288000) returning hidl_memory(0xa75177d0, 12288000)
2020-04-29 16:23:53.025 1623-1623/? D/CameraHal: (abcf44a4) hardware/ti/dra7xx/camera/CameraHal.cpp:1780 startPreview - Enabling display
2020-04-29 16:23:53.025 1623-1756/? D/CameraHal: (a9cff970) hardware/ti/dra7xx/camera/ANativeWindowDisplayAdapter.cpp:947 processHalMsg - Display thread received DISPLAY_START command from Camera HAL
2020-04-29 16:23:53.025 1623-1756/? D/CameraHal: (a9cff970) hardware/ti/dra7xx/camera/ANativeWindowDisplayAdapter.cpp:992 processHalMsg - +Signalling display semaphore
2020-04-29 16:23:53.025 1623-1756/? D/CameraHal: (a9cff970) hardware/ti/dra7xx/camera/ANativeWindowDisplayAdapter.cpp:997 processHalMsg - -Signalling display semaphore
2020-04-29 16:23:53.025 1623-1623/? D/CameraHal: (abcf44a4) hardware/ti/dra7xx/camera/CameraHal.cpp:1808 startPreview - Starting CameraAdapter preview mode
2020-04-29 16:23:53.025 1623-1623/? D/CameraHal: (abcf44a4) hardware/ti/dra7xx/camera/BaseCameraAdapter.cpp:659 sendCommand - Start Preview
2020-04-29 16:23:53.025 1623-1623/? D/CameraHal: (abcf44a4) hardware/ti/dra7xx/camera/BaseCameraAdapter.cpp:1955 setState - Adapter state switch LOADED_PREVIEW_STATE->PREVIEW_STATE event = CAMERA_START_PREVIEW
2020-04-29 16:23:53.049 202-1332/? W/StreamHAL: Error from HAL stream in function get_presentation_position: Operation not permitted
2020-04-29 16:23:53.007 1623-1623/? I/provider@2.4-se: type=1400 audit(0.0:51): avc: denied { use } for path="/dev/ashmem" dev="tmpfs" ino=5294 scontext=u:r:cameraserver:s0 tcontext=u:r:hal_allocator_default:s0 tclass=fd permissive=1
2020-04-29 16:23:53.075 202-1332/? W/StreamHAL: Error from HAL stream in function get_presentation_position: Operation not permitted
2020-04-29 16:23:53.088 1623-1623/? D/CameraHal: (abcf44a4) hardware/ti/dra7xx/camera/V4LCameraAdapter/V4LCameraAdapter.cpp:440 applyFpsValue - Actual FPS set is : 30.
2020-04-29 16:23:53.134 1623-1623/? D/CameraHal: (abcf44a4) hardware/ti/dra7xx/camera/V4LCameraAdapter/V4LCameraAdapter.cpp:688 startPreview - Created preview thread
2020-04-29 16:23:53.134 1623-1623/? D/CameraHal: (abcf44a4) hardware/ti/dra7xx/camera/CameraHal.cpp:1816 startPreview - Started preview
2020-04-29 16:23:53.137 1623-1623/? D/CameraHal: (abcf44a4) hardware/ti/dra7xx/camera/BaseCameraAdapter.cpp:2037 setState - Adapter state switch PREVIEW_ACTIVE->PREVIEW_ACTIVE event = CAMERA_CANCEL_AUTOFOCUS
2020-04-29 16:23:53.167 1623-1762/? D/CameraHal: (a710e970) hardware/ti/dra7xx/camera/V4LCameraAdapter/V4LCameraAdapter.cpp:1092 previewThread - GOT IN frame with ID=1
2020-04-29 16:23:53.185 1623-1762/? I/CameraHal: (a710e970) hardware/ti/dra7xx/camera/CameraHalCommon.cpp:113 PPM - PPM: Standby to first shot: Sensor Change completed - :295.644 ms : 1588157633185 ms
2020-04-29 16:23:53.185 1623-1762/? D/CameraHal: (a710e970) hardware/ti/dra7xx/camera/ANativeWindowDisplayAdapter.cpp:1067 PostFrame - offset = 0 left = 0 top = 0 right = 1280 bottom = 800
2020-04-29 16:23:53.186 1674-1751/com.android.camera2 I/CameraDeviceState: Legacy camera service transitioning to state CAPTURING
2020-04-29 16:23:53.187 1623-1756/? D/CameraHal: (a9cff970) hardware/ti/dra7xx/camera/V4LCameraAdapter/V4LCameraAdapter.cpp:411 fillThisBuffer - Will return buffer to V4L with id=6
2020-04-29 16:23:53.200 1623-1762/? D/CameraHal: (a710e970) hardware/ti/dra7xx/camera/V4LCameraAdapter/V4LCameraAdapter.cpp:1092 previewThread - GOT IN frame with ID=2
2020-04-29 16:23:53.202 1674-1674/com.android.camera2 D/CAM_CaptureModule: onSurfaceTextureUpdated --> updatePreviewTransform
2020-04-29 16:23:53.203 1674-1674/com.android.camera2 D/CAM_CaptureModule: updatePreviewTransform: 800 x 444
2020-04-29 16:23:53.206 1674-1674/com.android.camera2 D/CameraPerformanceTracker: First preview frame received
2020-04-29 16:23:53.219 1623-1756/? D/CameraHal: (a9cff970) hardware/ti/dra7xx/camera/V4LCameraAdapter/V4LCameraAdapter.cpp:411 fillThisBuffer - Will return buffer to V4L with id=7
2020-04-29 16:23:53.233 1623-1762/? D/CameraHal: (a710e970) hardware/ti/dra7xx/camera/V4LCameraAdapter/V4LCameraAdapter.cpp:1092 previewThread - GOT IN frame with ID=3
2020-04-29 16:23:53.244 1674-1674/com.android.camera2 I/CAM_FocusRingView: Computing center via preview size.
2020-04-29 16:23:53.257 1623-1756/? D/CameraHal: (a9cff970) hardware/ti/dra7xx/camera/V4LCameraAdapter/V4LCameraAdapter.cpp:411 fillThisBuffer - Will return buffer to V4L with id=1
2020-04-29 16:23:53.267 1623-1762/? D/CameraHal: (a710e970) hardware/ti/dra7xx/camera/V4LCameraAdapter/V4LCameraAdapter.cpp:1092 previewThread - GOT IN frame with ID=4
2020-04-29 16:23:53.293 1623-1756/? D/CameraHal: (a9cff970) hardware/ti/dra7xx/camera/V4LCameraAdapter/V4LCameraAdapter.cpp:411 fillThisBuffer - Will return buffer to V4L with id=2
2020-04-29 16:23:53.300 1623-1762/? D/CameraHal: (a710e970) hardware/ti/dra7xx/camera/V4LCameraAdapter/V4LCameraAdapter.cpp:1092 previewThread - GOT IN frame with ID=5
2020-04-29 16:23:53.317 1623-1756/? D/CameraHal: (a9cff970) hardware/ti/dra7xx/camera/V4LCameraAdapter/V4LCameraAdapter.cpp:411 fillThisBuffer - Will return buffer to V4L with id=3
2020-04-29 16:23:53.333 1623-1762/? D/CameraHal: (a710e970) hardware/ti/dra7xx/camera/V4LCameraAdapter/V4LCameraAdapter.cpp:1092 previewThread - GOT IN frame with ID=0 --------- beginning of crash
2020-04-29 16:23:53.347 1623-1762/? A/libc: Fatal signal 11 (SIGSEGV), code 2, fault addr 0xa989a000 in tid 1762 (CameraPreviewTh), pid 1623 (provider@2.4-se)
2020-04-29 16:23:53.389 1768-1768/? I/crash_dump32: obtaining output fd from tombstoned, type: kDebuggerdTombstone
2020-04-29 16:23:53.390 269-269/? I//system/bin/tombstoned: received crash request for pid 1623
2020-04-29 16:23:53.391 1768-1768/? I/crash_dump32: performing dump of process 1623 (target tid = 1762)
2020-04-29 16:23:53.391 1768-1768/? A/DEBUG: *** *** *** *** *** *** *** *** *** *** *** *** *** *** *** ***
2020-04-29 16:23:53.391 1768-1768/? A/DEBUG: Build fingerprint: 'TI/am57xevm_full/am57xevm:8.1.0/OPM1.171019.026/root03201734:userdebug/test-keys'
2020-04-29 16:23:53.392 1768-1768/? A/DEBUG: Revision: '0'
2020-04-29 16:23:53.392 1768-1768/? A/DEBUG: ABI: 'arm'
2020-04-29 16:23:53.392 1768-1768/? A/DEBUG: pid: 1623, tid: 1762, name: CameraPreviewTh >>> /vendor/bin/hw/android.hardware.camera.provider@2.4-service <<<
2020-04-29 16:23:53.392 1768-1768/? A/DEBUG: signal 11 (SIGSEGV), code 2 (SEGV_ACCERR), fault addr 0xa989a000
2020-04-29 16:23:53.392 1768-1768/? A/DEBUG: r0 00000010 r1 a9899ff1 r2 00000000 r3 00000000
2020-04-29 16:23:53.392 1768-1768/? A/DEBUG: r4 ab161000 r5 0000031e r6 a981cb00 r7 00000000
2020-04-29 16:23:53.392 1768-1768/? A/DEBUG: r8 aa813098 r9 00000500 sl ab1611dc fp 00000000
2020-04-29 16:23:53.392 1768-1768/? A/DEBUG: ip a8ce0600 sp a710e860 lr 00000320 pc aa812f42 cpsr 60000030
2020-04-29 16:23:53.406 1768-1768/? A/DEBUG: backtrace:
2020-04-29 16:23:53.406 1768-1768/? A/DEBUG: #00 pc 00034f42 /vendor/lib/hw/camera.am57x.so (Ti::Camera::V4LCameraAdapter::previewThread()+629)
2020-04-29 16:23:53.406 1768-1768/? A/DEBUG: #01 pc 0003597d /vendor/lib/hw/camera.am57x.so (Ti::Camera::V4LCameraAdapter::PreviewThread::threadLoop()+4)
2020-04-29 16:23:53.406 1768-1768/? A/DEBUG: #02 pc 0000d147 /system/lib/vndk-sp/libutils.so (android::Thread::_threadLoop(void*)+274)
2020-04-29 16:23:53.406 1768-1768/? A/DEBUG: #03 pc 00047d4f /system/lib/libc.so (__pthread_start(void*)+22)
2020-04-29 16:23:53.406 1768-1768/? A/DEBUG: #04 pc 0001b039 /system/lib/libc.so (__start_thread+32)
2020-04-29 16:23:53.559 319-433/system_process W/NativeCrashListener: Couldn't find ProcessRecord for pid 1623
2020-04-29 16:23:53.559 269-269/? E//system/bin/tombstoned: Tombstone written to: /data/tombstones/tombstone_04
2020-04-29 16:23:53.561 319-338/system_process I/BootReceiver: Copying /data/tombstones/tombstone_04 to DropBox (SYSTEM_TOMBSTONE)
2020-04-29 16:23:53.636 1630-1631/? I/CameraProviderManager: Camera provider 'legacy/0' has died; removing it
2020-04-29 16:23:53.636 1630-1631/? I/CameraService: onDeviceStatusChanged: Status changed for cameraId=0, newStatus=0
2020-04-29 16:23:53.636 163-163/? E/hw-IPCThreadState: attemptIncStrongHandle(14): Not supported
2020-04-29 16:23:53.636 163-163/? I/chatty: uid=1000(system) hwservicemanage identical 4 lines
2020-04-29 16:23:53.636 163-163/? E/hw-IPCThreadState: attemptIncStrongHandle(14): Not supported
2020-04-29 16:23:53.636 1630-1631/? I/CameraService: onDeviceStatusChanged: Client for camera ID 0 evicted due to device status change from HAL
2020-04-29 16:23:53.644 1674-1738/com.android.camera2 E/Camera: Error 2
2020-04-29 16:23:53.645 1674-1738/com.android.camera2 I/RequestThread-0: Flushing all pending requests.
2020-04-29 16:23:53.645 1674-1738/com.android.camera2 I/RequestQueue: Repeating capture request cancelled.
2020-04-29 16:23:53.645 1674-1738/com.android.camera2 W/RequestHolder: Capture failed for request: 0
2020-04-29 16:23:53.645 1674-1738/com.android.camera2 I/CameraDeviceState: Legacy camera service transitioning to state ERROR
2020-04-29 16:23:53.646 1674-1707/com.android.camera2 E/RequestQueue: cancel failed: no repeating request exists for request id: 0
2020-04-29 16:23:53.647 1674-1749/com.android.camera2 I/CameraDeviceState: Legacy camera service transitioning to state IDLE
2020-04-29 16:23:53.647 1674-1749/com.android.camera2 E/CameraDeviceState: Cannot call idle while in state: 0
2020-04-29 16:23:53.648 1630-1631/? A//system/bin/cameraserver: Status.cpp:149] Failed HIDL return status not checked: Status(EX_TRANSACTION_FAILED): 'DEAD_OBJECT: '
2020-04-29 16:23:53.650 1630-1631/? A/libc: Fatal signal 6 (SIGABRT), code -6 in tid 1631 (HwBinder:1630_1), pid 1630 (cameraserver)
2020-04-29 16:23:53.700 1776-1776/? I/crash_dump32: obtaining output fd from tombstoned, type: kDebuggerdTombstone
2020-04-29 16:23:53.706 269-269/? I//system/bin/tombstoned: received crash request for pid 1630
2020-04-29 16:23:53.707 1776-1776/? I/crash_dump32: performing dump of process 1630 (target tid = 1631)
2020-04-29 16:23:53.708 1776-1776/? A/DEBUG: *** *** *** *** *** *** *** *** *** *** *** *** *** *** *** ***
2020-04-29 16:23:53.708 1776-1776/? A/DEBUG: Build fingerprint: 'TI/am57xevm_full/am57xevm:8.1.0/OPM1.171019.026/root03201734:userdebug/test-keys'
2020-04-29 16:23:53.709 1776-1776/? A/DEBUG: Revision: '0'
2020-04-29 16:23:53.709 1776-1776/? A/DEBUG: ABI: 'arm'
2020-04-29 16:23:53.709 1776-1776/? A/DEBUG: pid: 1630, tid: 1631, name: HwBinder:1630_1 >>> /system/bin/cameraserver <<<
2020-04-29 16:23:53.709 1776-1776/? A/DEBUG: signal 6 (SIGABRT), code -6 (SI_TKILL), fault addr --------
2020-04-29 16:23:53.714 1776-1776/? A/DEBUG: Abort message: 'Status.cpp:149] Failed HIDL return status not checked: Status(EX_TRANSACTION_FAILED): 'DEAD_OBJECT: ''
2020-04-29 16:23:53.714 1776-1776/? A/DEBUG: r0 00000000 r1 0000065f r2 00000006 r3 00000008
2020-04-29 16:23:53.714 1776-1776/? A/DEBUG: r4 0000065e r5 0000065f r6 a52cf584 r7 0000010c
2020-04-29 16:23:53.714 1776-1776/? A/DEBUG: r8 00000000 r9 a554f2a0 sl 00000000 fp a5532235
2020-04-29 16:23:53.714 1776-1776/? A/DEBUG: ip 00000061 sp a52cf570 lr a68f1a3f pc a68eb44c cpsr 20010030
2020-04-29 16:23:53.738 1775-1775/? I/android.hardware.camera.provider@2.4-service: Camera provider Service is starting.
2020-04-29 16:23:53.761 1776-1776/? A/DEBUG: backtrace:
2020-04-29 16:23:53.761 1776-1776/? A/DEBUG: #00 pc 0001a44c /system/lib/libc.so (abort+63)
2020-04-29 16:23:53.761 1776-1776/? A/DEBUG: #01 pc 000074ef /system/lib/libbase.so (android::base::DefaultAborter(char const*)+6)
2020-04-29 16:23:53.761 1776-1776/? A/DEBUG: #02 pc 00007dbb /system/lib/libbase.so (android::base::LogMessage::~LogMessage()+454)
2020-04-29 16:23:53.761 1776-1776/? A/DEBUG: #03 pc 00015947 /system/lib/libhidlbase.so (android::hardware::details::return_status::~return_status()+178)
2020-04-29 16:23:53.761 1776-1776/? A/DEBUG: #04 pc 000a4b95 /system/lib/libcameraservice.so (android::CameraHardwareInterface::disableMsgType(int)+32)
2020-04-29 16:23:53.761 1776-1776/? A/DEBUG: #05 pc 00084759 /system/lib/libcameraservice.so (android::CameraClient::disconnect()+128)
2020-04-29 16:23:53.761 1776-1776/? A/DEBUG: #06 pc 00084955 /system/lib/libcameraservice.so (_ZThn16_N7android12CameraClient10disconnectEv+4)
2020-04-29 16:23:53.761 1776-1776/? A/DEBUG: #07 pc 0006e893 /system/lib/libcameraservice.so (android::CameraService::onDeviceStatusChanged(android::String8 const&, android::hardware::camera::common::V1_0::CameraDeviceStatus)+538)
2020-04-29 16:23:53.761 1776-1776/? A/DEBUG: #08 pc 0007f261 /system/lib/libcameraservice.so (android::CameraProviderManager::removeProvider(std::__1::basic_string, std::__1::allocator> const&)+440)
2020-04-29 16:23:53.761 1776-1776/? A/DEBUG: #09 pc 00080571 /system/lib/libcameraservice.so (_ZTv0_n16_N7android21CameraProviderManager12ProviderInfo11serviceDiedEyRKNS_2wpINS_4hidl4base4V1_05IBaseEEE+12)
2020-04-29 16:23:53.761 1776-1776/? A/DEBUG: #10 pc 00021205 /system/lib/libhidltransport.so (android::hardware::hidl_binder_death_recipient::binderDied(android::wp const&)+68)
2020-04-29 16:23:53.761 1776-1776/? A/DEBUG: #11 pc 0000e92b /system/lib/libhwbinder.so (android::hardware::BpHwBinder::reportOneDeath(android::hardware::BpHwBinder::Obituary const&)+78)
2020-04-29 16:23:53.761 1776-1776/? A/DEBUG: #12 pc 0000e8af /system/lib/libhwbinder.so (android::hardware::BpHwBinder::sendObituary()+100)
2020-04-29 16:23:53.761 1776-1776/? A/DEBUG: #13 pc 00010659 /system/lib/libhwbinder.so (android::hardware::IPCThreadState::executeCommand(int)+660)
2020-04-29 16:23:53.761 1776-1776/? A/DEBUG: #14 pc 000102c1 /system/lib/libhwbinder.so (android::hardware::IPCThreadState::getAndExecuteCommand()+116)
2020-04-29 16:23:53.761 1776-1776/? A/DEBUG: #15 pc 00010863 /system/lib/libhwbinder.so (android::hardware::IPCThreadState::joinThreadPool(bool)+38)
2020-04-29 16:23:53.761 1776-1776/? A/DEBUG: #16 pc 00017675 /system/lib/libhwbinder.so (android::hardware::PoolThread::threadLoop()+12)
2020-04-29 16:23:53.761 1776-1776/? A/DEBUG: #17 pc 0000d19d /system/lib/libutils.so (android::Thread::_threadLoop(void*)+148)
2020-04-29 16:23:53.762 1776-1776/? A/DEBUG: #18 pc 00047d4f /system/lib/libc.so (__pthread_start(void*)+22)
2020-04-29 16:23:53.762 1776-1776/? A/DEBUG: #19 pc 0001b039 /system/lib/libc.so (__start_thread+32)
2020-04-29 16:23:53.823 1775-1775/? I/CamProvider@2.4-impl: Loaded "TI OMAP CameraHal Module" camera module
2020-04-29 16:23:53.823 1775-1775/? I/CamProvider@2.4-impl: setUpVendorTags: No vendor tags defined for this device.
2020-04-29 16:23:53.824 1775-1775/? D/CameraHal: (ab78b4a4) hardware/ti/dra7xx/camera/V4LCameraAdapter/V4LCameraAdapter.cpp:1198 detectVideoDevice - Video device list::dev_list[0]= /dev/video1
2020-04-29 16:23:53.824 1775-1775/? D/CameraHal: (ab78b4a4) hardware/ti/dra7xx/camera/V4LCameraAdapter/V4LCameraAdapter.cpp:1198 detectVideoDevice - Video device list::dev_list[1]= /dev/video0
2020-04-29 16:23:53.824 1775-1775/? D/CameraHal: (ab78b4a4) hardware/ti/dra7xx/camera/V4LCameraAdapter/V4LCameraAdapter.cpp:1198 detectVideoDevice - Video device list::dev_list[2]= /dev/video11
2020-04-29 16:23:53.824 1775-1775/? D/CameraHal: (ab78b4a4) hardware/ti/dra7xx/camera/V4LCameraAdapter/V4LCameraAdapter.cpp:1198 detectVideoDevice - Video device list::dev_list[3]= /dev/video10
2020-04-29 16:23:53.824 1775-1775/? D/CameraHal: (ab78b4a4) hardware/ti/dra7xx/camera/V4LCameraAdapter/V4LCameraAdapter.cpp:1258 V4LCameraAdapter_Capabilities - Opening device[0] = /dev/video0..
2020-04-29 16:23:53.824 1775-1775/? E/CameraHal: (ab78b4a4) hardware/ti/dra7xx/camera/V4LCameraAdapter/V4LCameraAdapter.cpp:1274 V4LCameraAdapter_Capabilities - Error while adapter initialization: video capture not supported.
2020-04-29 16:23:53.824 1775-1775/? D/CameraHal: (ab78b4a4) hardware/ti/dra7xx/camera/V4LCameraAdapter/V4LCameraAdapter.cpp:1258 V4LCameraAdapter_Capabilities - Opening device[1] = /dev/video1..
2020-04-29 16:23:53.824 1775-1775/? D/CameraHal: (ab78b4a4) hardware/ti/dra7xx/camera/V4LCameraAdapter/V4LCapabilities.cpp:263 getCaps - fmtDesc[0].description::pixelformat::flags== (Y/CbCr 4:2:0::842094158::0)
2020-04-29 16:23:53.824 1775-1775/? D/CameraHal: (ab78b4a4) hardware/ti/dra7xx/camera/V4LCameraAdapter/V4LCapabilities.cpp:263 getCaps - fmtDesc[1].description::pixelformat::flags== (UYVY 4:2:2::1498831189::0)
2020-04-29 16:23:53.824 1775-1775/? D/CameraHal: (ab78b4a4) hardware/ti/dra7xx/camera/V4LCameraAdapter/V4LCapabilities.cpp:263 getCaps - fmtDesc[2].description::pixelformat::flags== (YUYV 4:2:2::1448695129::0)
2020-04-29 16:23:53.824 1775-1775/? D/CameraHal: (ab78b4a4) hardware/ti/dra7xx/camera/V4LCameraAdapter/V4LCapabilities.cpp:263 getCaps - fmtDesc[3].description::pixelformat::flags== (VYUY 4:2:2::1498765654::0)
2020-04-29 16:23:53.824 1775-1775/? D/CameraHal: (ab78b4a4) hardware/ti/dra7xx/camera/V4LCameraAdapter/V4LCapabilities.cpp:263 getCaps - fmtDesc[4].description::pixelformat::flags== (YVYU 4:2:2::1431918169::0)
2020-04-29 16:23:53.824 1775-1775/? D/CameraHal: (ab78b4a4) hardware/ti/dra7xx/camera/V4LCameraAdapter/V4LCapabilities.cpp:263 getCaps - fmtDesc[5].description::pixelformat::flags== (24-bit RGB 8-8-8::859981650::0)
2020-04-29 16:23:53.825 1775-1775/? D/CameraHal: (ab78b4a4) hardware/ti/dra7xx/camera/V4LCameraAdapter/V4LCapabilities.cpp:263 getCaps - fmtDesc[6].description::pixelformat::flags== (32-bit A/XRGB 8-8-8-8::876758866::0)
2020-04-29 16:23:53.825 1775-1775/? D/CameraHal: (ab78b4a4) hardware/ti/dra7xx/camera/V4LCameraAdapter/V4LCapabilities.cpp:263 getCaps - fmtDesc[7].description::pixelformat::flags== (24-bit BGR 8-8-8::861030210::0)
2020-04-29 16:23:53.825 1775-1775/? D/CameraHal: (ab78b4a4) hardware/ti/dra7xx/camera/V4LCameraAdapter/V4LCapabilities.cpp:263 getCaps - fmtDesc[8].description::pixelformat::flags== (32-bit BGRA/X 8-8-8-8::877807426::0)
2020-04-29 16:23:53.825 1775-1775/? D/CameraHal: (ab78b4a4) hardware/ti/dra7xx/camera/V4LCameraAdapter/V4LCapabilities.cpp:281 getCaps - frmSizeEnum.index[0].width x height == (1280 x 800)
2020-04-29 16:23:53.825 1775-1775/? D/CameraHal: (ab78b4a4) hardware/ti/dra7xx/camera/V4LCameraAdapter/V4LCapabilities.cpp:281 getCaps - frmSizeEnum.index[1].width x height == (1280 x 720)
2020-04-29 16:23:53.825 1775-1775/? D/CameraHal: (ab78b4a4) hardware/ti/dra7xx/camera/V4LCameraAdapter/V4LCapabilities.cpp:281 getCaps - frmSizeEnum.index[2].width x height == (752 x 480)
2020-04-29 16:23:53.825 1775-1775/? D/CameraHal: (ab78b4a4) hardware/ti/dra7xx/camera/V4LCameraAdapter/V4LCapabilities.cpp:281 getCaps - frmSizeEnum.index[3].width x height == (640 x 480)
2020-04-29 16:23:53.825 1775-1775/? D/CameraHal: (ab78b4a4) hardware/ti/dra7xx/camera/V4LCameraAdapter/V4LCapabilities.cpp:281 getCaps - frmSizeEnum.index[4].width x height == (600 x 400)
2020-04-29 16:23:53.825 1775-1775/? D/CameraHal: (ab78b4a4) hardware/ti/dra7xx/camera/V4LCameraAdapter/V4LCapabilities.cpp:281 getCaps - frmSizeEnum.index[5].width x height == (352 x 288)
2020-04-29 16:23:53.825 1775-1775/? D/CameraHal: (ab78b4a4) hardware/ti/dra7xx/camera/V4LCameraAdapter/V4LCapabilities.cpp:281 getCaps - frmSizeEnum.index[6].width x height == (320 x 240)
2020-04-29 16:23:53.825 1775-1775/? D/CameraHal: (ab78b4a4) hardware/ti/dra7xx/camera/V4LCameraAdapter/V4LCapabilities.cpp:309 getCaps - W x H = 1280 x 800
2020-04-29 16:23:53.825 1775-1775/? D/CameraHal: (ab78b4a4) hardware/ti/dra7xx/camera/V4LCameraAdapter/V4LCapabilities.cpp:309 getCaps - W x H = 1280 x 720
2020-04-29 16:23:53.825 1775-1775/? D/CameraHal: (ab78b4a4) hardware/ti/dra7xx/camera/V4LCameraAdapter/V4LCapabilities.cpp:309 getCaps - W x H = 752 x 480
2020-04-29 16:23:53.825 1775-1775/? D/CameraHal: (ab78b4a4) hardware/ti/dra7xx/camera/V4LCameraAdapter/V4LCapabilities.cpp:309 getCaps - W x H = 640 x 480
2020-04-29 16:23:53.825 1775-1775/? D/CameraHal: (ab78b4a4) hardware/ti/dra7xx/camera/V4LCameraAdapter/V4LCapabilities.cpp:309 getCaps - W x H = 600 x 400
2020-04-29 16:23:53.825 1775-1775/? D/CameraHal: (ab78b4a4) hardware/ti/dra7xx/camera/V4LCameraAdapter/V4LCapabilities.cpp:309 getCaps - W x H = 352 x 288
2020-04-29 16:23:53.825 1775-1775/? D/CameraHal: (ab78b4a4) hardware/ti/dra7xx/camera/V4LCameraAdapter/V4LCapabilities.cpp:309 getCaps - W x H = 320 x 240
2020-04-29 16:23:53.825 1775-1775/? E/CameraHal: (ab78b4a4) hardware/ti/dra7xx/camera/V4LCameraAdapter/V4LCapabilities.cpp:339 getCaps - Error while getting capabilities: V4L2_FRMIVAL_TYPE_CONTINUOUS & V4L2_FRMIVAL_TYPE_STEPWISE are not supported.
2020-04-29 16:23:53.826 1775-1775/? D/CameraHal: (ab78b4a4) hardware/ti/dra7xx/camera/V4LCameraAdapter/V4LCameraAdapter.cpp:1298 V4LCameraAdapter_Capabilities - Number of V4L cameras detected =1
2020-04-29 16:23:53.826 1775-1775/? E/CameraHal: (ab78b4a4) hardware/ti/dra7xx/camera/V4LCameraAdapter/V4LCameraAdapter.cpp:1300 V4LCameraAdapter_Capabilities - Camera device path 0 is /dev/video1
2020-04-29 16:23:53.826 1775-1775/? E/CameraHal: (ab78b4a4) hardware/ti/dra7xx/camera/BaseCameraAdapter.cpp:2713 CameraAdapter_Capabilities - supportedCameras= 1
2020-04-29 16:23:53.826 1775-1775/? I/CameraHal: (ab78b4a4) hardware/ti/dra7xx/camera/CameraProperties.cpp:114 loadProperties - num_cameras = 1
2020-04-29 16:23:53.826 1775-1775/? D/CameraHal: (ab78b4a4) hardware/ti/dra7xx/camera/CameraParameters.cpp:214 dump - ================================
2020-04-29 16:23:53.826 1775-1775/? D/CameraHal: (ab78b4a4) hardware/ti/dra7xx/camera/CameraParameters.cpp:215 dump - Dumping properties for camera: 0
2020-04-29 16:23:53.826 1775-1775/? D/CameraHal: (ab78b4a4) hardware/ti/dra7xx/camera/CameraParameters.cpp:220 dump - prop-antibanding-values = auto
2020-04-29 16:23:53.826 1775-1775/? D/CameraHal: (ab78b4a4) hardware/ti/dra7xx/camera/CameraParameters.cpp:220 dump - prop-camera-name = USBCAMERA
2020-04-29 16:23:53.826 1775-1775/? D/CameraHal: (ab78b4a4) hardware/ti/dra7xx/camera/CameraParameters.cpp:220 dump - prop-effect-values = none
2020-04-29 16:23:53.826 1775-1775/? D/CameraHal: (ab78b4a4) hardware/ti/dra7xx/camera/CameraParameters.cpp:220 dump - prop-exposure-mode-values = auto
2020-04-29 16:23:53.826 1775-1775/? D/CameraHal: (ab78b4a4) hardware/ti/dra7xx/camera/CameraParameters.cpp:220 dump - prop-facing = back
2020-04-29 16:23:53.826 1775-1775/? D/CameraHal: (ab78b4a4) hardware/ti/dra7xx/camera/CameraParameters.cpp:220 dump - prop-flash-mode-values = off
2020-04-29 16:23:53.826 1775-1775/? D/CameraHal: (ab78b4a4) hardware/ti/dra7xx/camera/CameraParameters.cpp:220 dump - prop-focal-length = 1
2020-04-29 16:23:53.826 1775-1775/? D/CameraHal: (ab78b4a4) hardware/ti/dra7xx/camera/CameraParameters.cpp:220 dump - prop-focus-mode-default = fixed
2020-04-29 16:23:53.826 1775-1775/? D/CameraHal: (ab78b4a4) hardware/ti/dra7xx/camera/CameraParameters.cpp:220 dump - prop-focus-mode-values = fixed
2020-04-29 16:23:53.826 1775-1775/? D/CameraHal: (ab78b4a4) hardware/ti/dra7xx/camera/CameraParameters.cpp:220 dump - prop-framerate-range-default = (30000,30000)
2020-04-29 16:23:53.826 1775-1775/? D/CameraHal: (ab78b4a4) hardware/ti/dra7xx/camera/CameraParameters.cpp:220 dump - prop-framerate-range-values =
2020-04-29 16:23:53.826 1775-1775/? D/CameraHal: (ab78b4a4) hardware/ti/dra7xx/camera/CameraParameters.cpp:220 dump - prop-horizontal-angle = 170
2020-04-29 16:23:53.826 1775-1775/? D/CameraHal: (ab78b4a4) hardware/ti/dra7xx/camera/CameraParameters.cpp:220 dump - prop-ipp-values = ldc-nsf
2020-04-29 16:23:53.826 1775-1775/? D/CameraHal: (ab78b4a4) hardware/ti/dra7xx/camera/CameraParameters.cpp:220 dump - prop-iso-mode-values = auto
2020-04-29 16:23:53.826 1775-1775/? D/CameraHal: (ab78b4a4) hardware/ti/dra7xx/camera/CameraParameters.cpp:220 dump - prop-jpeg-quality-default = 90
2020-04-29 16:23:53.826 1775-1775/? D/CameraHal: (ab78b4a4) hardware/ti/dra7xx/camera/CameraParameters.cpp:220 dump - prop-jpeg-thumbnail-quality-default = 50
2020-04-29 16:23:53.826 1775-1775/? D/CameraHal: (ab78b4a4) hardware/ti/dra7xx/camera/CameraParameters.cpp:220 dump - prop-jpeg-thumbnail-size-default = 320x240
2020-04-29 16:23:53.826 1775-1775/? D/CameraHal: (ab78b4a4) hardware/ti/dra7xx/camera/CameraParameters.cpp:220 dump - prop-jpeg-thumbnail-size-values = 0x0,320x240
2020-04-29 16:23:53.826 1775-1775/? D/CameraHal: (ab78b4a4) hardware/ti/dra7xx/camera/CameraParameters.cpp:220 dump - prop-max-fd-hw-faces = 0
2020-04-29 16:23:53.826 1775-1775/? D/CameraHal: (ab78b4a4) hardware/ti/dra7xx/camera/CameraParameters.cpp:220 dump - prop-orientation = 0
2020-04-29 16:23:53.826 1775-1775/? D/CameraHal: (ab78b4a4) hardware/ti/dra7xx/camera/CameraParameters.cpp:220 dump - prop-picture-format-default = jpeg
2020-04-29 16:23:53.826 1775-1775/? D/CameraHal: (ab78b4a4) hardware/ti/dra7xx/camera/CameraParameters.cpp:220 dump - prop-picture-format-values = jpeg
2020-04-29 16:23:53.826 1775-1775/? D/CameraHal: (ab78b4a4) hardware/ti/dra7xx/camera/CameraParameters.cpp:220 dump - prop-picture-size-default = 1280x720
2020-04-29 16:23:53.826 1775-1775/? D/CameraHal: (ab78b4a4) hardware/ti/dra7xx/camera/CameraParameters.cpp:220 dump - prop-picture-size-values = 1280x800,1280x720,752x480,640x480,600x400,352x288,320x240
2020-04-29 16:23:53.826 1775-1775/? D/CameraHal: (ab78b4a4) hardware/ti/dra7xx/camera/CameraParameters.cpp:220 dump - prop-preview-format-default = yuv420sp
2020-04-29 16:23:53.826 1775-1775/? D/CameraHal: (ab78b4a4) hardware/ti/dra7xx/camera/CameraParameters.cpp:220 dump - prop-preview-format-values = yuv420sp
2020-04-29 16:23:53.826 1775-1775/? D/CameraHal: (ab78b4a4) hardware/ti/dra7xx/camera/CameraParameters.cpp:220 dump - prop-preview-frame-rate-default = 30
2020-04-29 16:23:53.826 1775-1775/? D/CameraHal: (ab78b4a4) hardware/ti/dra7xx/camera/CameraParameters.cpp:220 dump - prop-preview-frame-rate-values =
2020-04-29 16:23:53.826 1775-1775/? D/CameraHal: (ab78b4a4) hardware/ti/dra7xx/camera/CameraParameters.cpp:220 dump - prop-preview-size-default = 1280x720
2020-04-29 16:23:53.826 1775-1775/? D/CameraHal: (ab78b4a4) hardware/ti/dra7xx/camera/CameraParameters.cpp:220 dump - prop-preview-size-values = 1280x800,1280x720,752x480,640x480,600x400,352x288,320x240
2020-04-29 16:23:53.826 1775-1775/? D/CameraHal: (ab78b4a4) hardware/ti/dra7xx/camera/CameraParameters.cpp:220 dump - prop-preview-subsampled-size-values = 1280x800,1280x720,752x480,640x480,600x400,352x288,320x240
2020-04-29 16:23:53.826 1775-1775/? D/CameraHal: (ab78b4a4) hardware/ti/dra7xx/camera/CameraParameters.cpp:220 dump - prop-required-preview-bufs = 8
2020-04-29 16:23:53.826 1775-1775/? D/CameraHal: (ab78b4a4) hardware/ti/dra7xx/camera/CameraParameters.cpp:220 dump - prop-s3d-prv-frame-layout = none
2020-04-29 16:23:53.826 1775-1775/? D/CameraHal: (ab78b4a4) hardware/ti/dra7xx/camera/CameraParameters.cpp:220 dump - prop-sensor-index = 0
2020-04-29 16:23:53.826 1775-1775/? D/CameraHal: (ab78b4a4) hardware/ti/dra7xx/camera/CameraParameters.cpp:220 dump - prop-vertical-angle = 170
2020-04-29 16:23:53.826 1775-1775/? D/CameraHal: (ab78b4a4) hardware/ti/dra7xx/camera/CameraParameters.cpp:220 dump - prop-vnf-default = false
2020-04-29 16:23:53.827 1775-1775/? D/CameraHal: (ab78b4a4) hardware/ti/dra7xx/camera/CameraParameters.cpp:220 dump - prop-vstab-default = false
2020-04-29 16:23:53.827 1775-1775/? D/CameraHal: (ab78b4a4) hardware/ti/dra7xx/camera/CameraParameters.cpp:220 dump - prop-zoom-default = 1
2020-04-29 16:23:53.827 1775-1775/? D/CameraHal: (ab78b4a4) hardware/ti/dra7xx/camera/CameraParameters.cpp:220 dump - prop-zoom-ratios = 1
2020-04-29 16:23:53.827 1775-1775/? D/CameraHal: (ab78b4a4) hardware/ti/dra7xx/camera/CameraParameters.cpp:220 dump - prop-zoom-stages = 1
2020-04-29 16:23:53.827 1775-1775/? D/CameraHal: (ab78b4a4) hardware/ti/dra7xx/camera/CameraParameters.cpp:220 dump - prop-zoom-supported = false
2020-04-29 16:23:53.827 1775-1775/? D/CameraHal: (ab78b4a4) hardware/ti/dra7xx/camera/CameraParameters.cpp:220 dump - sensor-orientation = 0
2020-04-29 16:23:53.827 1775-1775/? D/CameraHal: (ab78b4a4) hardware/ti/dra7xx/camera/CameraParameters.cpp:223 dump - --------------------------------
2020-04-29 16:23:53.828 1775-1775/? I/ServiceManagement: Removing namespace from process name android.hardware.camera.provider@2.4-service to provider@2.4-se.
2020-04-29 16:23:53.829 1775-1775/? I/android.hardware.camera.provider@2.4-service: Registration complete for android.hardware.camera.provider@2.4::ICameraProvider/legacy/0.
2020-04-29 16:23:53.887 319-433/system_process W/NativeCrashListener: Couldn't find ProcessRecord for pid 1630
2020-04-29 16:23:53.887 1776-1776/? E/crash_dump32: AM data write failed: Broken pipe
2020-04-29 16:23:53.887 269-269/? E//system/bin/tombstoned: Tombstone written to: /data/tombstones/tombstone_05
2020-04-29 16:23:53.889 319-338/system_process I/BootReceiver: Copying /data/tombstones/tombstone_05 to DropBox (SYSTEM_TOMBSTONE)
2020-04-29 16:23:53.955 1674-1686/com.android.camera2 W/CameraBase: mediaserver's remote binder Camera object died
2020-04-29 16:23:53.955 1674-1688/com.android.camera2 W/CameraBase: Camera service died!
2020-04-29 16:23:53.956 245-1564/? D/NuPlayerDriver: reset(0xac413a80) at state 4
2020-04-29 16:23:53.956 245-1564/? D/NuPlayerDriver: notifyListener_l(0xac413a80), (8, 0, 0, -1), loop setting(0, 0)
2020-04-29 16:23:53.956 245-1740/? D/NuPlayerDriver: notifyResetComplete(0xac413a80)
2020-04-29 16:23:53.957 245-1564/? D/NuPlayerDriver: reset(0xac413b00) at state 4
2020-04-29 16:23:53.957 245-1564/? D/NuPlayerDriver: notifyListener_l(0xac413b00), (8, 0, 0, -1), loop setting(0, 0)
2020-04-29 16:23:53.957 1674-1738/com.android.camera2 E/Camera: Error 100
2020-04-29 16:23:53.957 1674-1738/com.android.camera2 E/RequestThread-0: Received error 100 from the Camera1 ErrorCallback
2020-04-29 16:23:53.958 245-1742/? D/NuPlayerDriver: notifyResetComplete(0xac413b00)
2020-04-29 16:23:53.958 162-162/? I/ServiceManager: service 'media.camera' died
2020-04-29 16:23:53.959 245-1564/? D/NuPlayerDriver: reset(0xac413b80) at state 4
2020-04-29 16:23:53.959 245-1564/? D/NuPlayerDriver: notifyListener_l(0xac413b80), (8, 0, 0, -1), loop setting(0, 0)
2020-04-29 16:23:53.960 245-1744/? D/NuPlayerDriver: notifyResetComplete(0xac413b80)
2020-04-29 16:23:53.968 163-163/? E/hw-IPCThreadState: attemptIncStrongHandle(21): Not supported
2020-04-29 16:23:53.968 163-163/? E/hw-IPCThreadState: attemptIncStrongHandle(21): Not supported
2020-04-29 16:23:54.137 1782-1782/? I/cameraserver: ServiceManager: 0xa9218500
2020-04-29 16:23:54.137 1782-1782/? I/CameraService: CameraService started (pid=1782)
2020-04-29 16:23:54.137 1782-1782/? I/CameraService: CameraService process starting
2020-04-29 16:23:54.140 1782-1782/? I/CameraProviderManager: Connecting to new camera provider: legacy/0, isRemote? 1
2020-04-29 16:23:54.141 1782-1782/? I/CameraProviderManager: Enumerating new camera device: device@1.0/legacy/0
2020-04-29 16:23:54.142 1775-1775/? I/CamDev@1.0-impl: Opening camera 0
2020-04-29 16:23:54.143 1775-1775/? E/CameraHal: (ab78b4a4) hardware/ti/dra7xx/camera/CameraHal_Module.cpp:634 camera_device_open - CameraHal_Module: ******************* 1 *******************
2020-04-29 16:23:54.143 1775-1775/? I/CameraHal: (ab78b4a4) hardware/ti/dra7xx/camera/CameraHal_Module.cpp:638 camera_device_open - camera_device open
2020-04-29 16:23:54.143 1775-1775/? E/CameraHal: (ab78b4a4) hardware/ti/dra7xx/camera/CameraHal.cpp:126 getSocFamily - '/sys/board_properties/soc/family' Not Available
2020-04-29 16:23:54.143 1775-1775/? D/CameraHal: (ab78b4a4) hardware/ti/dra7xx/camera/CameraParameters.cpp:214 dump - ================================
2020-04-29 16:23:54.143 1775-1775/? D/CameraHal: (ab78b4a4) hardware/ti/dra7xx/camera/CameraParameters.cpp:215 dump - Dumping properties for camera: 0
2020-04-29 16:23:54.143 1775-1775/? D/CameraHal: (ab78b4a4) hardware/ti/dra7xx/camera/CameraParameters.cpp:220 dump - prop-antibanding-values = auto
2020-04-29 16:23:54.143 1775-1775/? D/CameraHal: (ab78b4a4) hardware/ti/dra7xx/camera/CameraParameters.cpp:220 dump - prop-camera-name = USBCAMERA
2020-04-29 16:23:54.143 1775-1775/? D/CameraHal: (ab78b4a4) hardware/ti/dra7xx/camera/CameraParameters.cpp:220 dump - prop-effect-values = none
2020-04-29 16:23:54.143 1775-1775/? D/CameraHal: (ab78b4a4) hardware/ti/dra7xx/camera/CameraParameters.cpp:220 dump - prop-exposure-mode-values = auto
2020-04-29 16:23:54.143 1775-1775/? D/CameraHal: (ab78b4a4) hardware/ti/dra7xx/camera/CameraParameters.cpp:220 dump - prop-facing = back
2020-04-29 16:23:54.143 1775-1775/? D/CameraHal: (ab78b4a4) hardware/ti/dra7xx/camera/CameraParameters.cpp:220 dump - prop-flash-mode-values = off
2020-04-29 16:23:54.143 1775-1775/? D/CameraHal: (ab78b4a4) hardware/ti/dra7xx/camera/CameraParameters.cpp:220 dump - prop-focal-length = 1
2020-04-29 16:23:54.143 1775-1775/? D/CameraHal: (ab78b4a4) hardware/ti/dra7xx/camera/CameraParameters.cpp:220 dump - prop-focus-mode-default = fixed
2020-04-29 16:23:54.143 1775-1775/? D/CameraHal: (ab78b4a4) hardware/ti/dra7xx/camera/CameraParameters.cpp:220 dump - prop-focus-mode-values = fixed
2020-04-29 16:23:54.143 1775-1775/? D/CameraHal: (ab78b4a4) hardware/ti/dra7xx/camera/CameraParameters.cpp:220 dump - prop-framerate-range-default = (30000,30000)
2020-04-29 16:23:54.143 1775-1775/? D/CameraHal: (ab78b4a4) hardware/ti/dra7xx/camera/CameraParameters.cpp:220 dump - prop-framerate-range-values =
2020-04-29 16:23:54.143 1775-1775/? D/CameraHal: (ab78b4a4) hardware/ti/dra7xx/camera/CameraParameters.cpp:220 dump - prop-horizontal-angle = 170
2020-04-29 16:23:54.143 1775-1775/? D/CameraHal: (ab78b4a4) hardware/ti/dra7xx/camera/CameraParameters.cpp:220 dump - prop-ipp-values = ldc-nsf
2020-04-29 16:23:54.143 1775-1775/? D/CameraHal: (ab78b4a4) hardware/ti/dra7xx/camera/CameraParameters.cpp:220 dump - prop-iso-mode-values = auto
2020-04-29 16:23:54.143 1775-1775/? D/CameraHal: (ab78b4a4) hardware/ti/dra7xx/camera/CameraParameters.cpp:220 dump - prop-jpeg-quality-default = 90
2020-04-29 16:23:54.143 1775-1775/? D/CameraHal: (ab78b4a4) hardware/ti/dra7xx/camera/CameraParameters.cpp:220 dump - prop-jpeg-thumbnail-quality-default = 50
2020-04-29 16:23:54.143 1775-1775/? D/CameraHal: (ab78b4a4) hardware/ti/dra7xx/camera/CameraParameters.cpp:220 dump - prop-jpeg-thumbnail-size-default = 320x240
2020-04-29 16:23:54.143 1775-1775/? D/CameraHal: (ab78b4a4) hardware/ti/dra7xx/camera/CameraParameters.cpp:220 dump - prop-jpeg-thumbnail-size-values = 0x0,320x240
2020-04-29 16:23:54.143 1775-1775/? D/CameraHal: (ab78b4a4) hardware/ti/dra7xx/camera/CameraParameters.cpp:220 dump - prop-max-fd-hw-faces = 0
2020-04-29 16:23:54.143 1775-1775/? D/CameraHal: (ab78b4a4) hardware/ti/dra7xx/camera/CameraParameters.cpp:220 dump - prop-orientation = 0
2020-04-29 16:23:54.143 1775-1775/? D/CameraHal: (ab78b4a4) hardware/ti/dra7xx/camera/CameraParameters.cpp:220 dump - prop-picture-format-default = jpeg
2020-04-29 16:23:54.143 1775-1775/? D/CameraHal: (ab78b4a4) hardware/ti/dra7xx/camera/CameraParameters.cpp:220 dump - prop-picture-format-values = jpeg
2020-04-29 16:23:54.143 1775-1775/? D/CameraHal: (ab78b4a4) hardware/ti/dra7xx/camera/CameraParameters.cpp:220 dump - prop-picture-size-default = 1280x720
2020-04-29 16:23:54.143 1775-1775/? D/CameraHal: (ab78b4a4) hardware/ti/dra7xx/camera/CameraParameters.cpp:220 dump - prop-picture-size-values = 1280x800,1280x720,752x480,640x480,600x400,352x288,320x240
2020-04-29 16:23:54.143 1775-1775/? D/CameraHal: (ab78b4a4) hardware/ti/dra7xx/camera/CameraParameters.cpp:220 dump - prop-preview-format-default = yuv420sp
2020-04-29 16:23:54.143 1775-1775/? D/CameraHal: (ab78b4a4) hardware/ti/dra7xx/camera/CameraParameters.cpp:220 dump - prop-preview-format-values = yuv420sp
2020-04-29 16:23:54.143 1775-1775/? D/CameraHal: (ab78b4a4) hardware/ti/dra7xx/camera/CameraParameters.cpp:220 dump - prop-preview-frame-rate-default = 30
2020-04-29 16:23:54.143 1775-1775/? D/CameraHal: (ab78b4a4) hardware/ti/dra7xx/camera/CameraParameters.cpp:220 dump - prop-preview-frame-rate-values =
2020-04-29 16:23:54.143 1775-1775/? D/CameraHal: (ab78b4a4) hardware/ti/dra7xx/camera/CameraParameters.cpp:220 dump - prop-preview-size-default = 1280x720
2020-04-29 16:23:54.143 1775-1775/? D/CameraHal: (ab78b4a4) hardware/ti/dra7xx/camera/CameraParameters.cpp:220 dump - prop-preview-size-values = 1280x800,1280x720,752x480,640x480,600x400,352x288,320x240
2020-04-29 16:23:54.143 1775-1775/? D/CameraHal: (ab78b4a4) hardware/ti/dra7xx/camera/CameraParameters.cpp:220 dump - prop-preview-subsampled-size-values = 1280x800,1280x720,752x480,640x480,600x400,352x288,320x240
2020-04-29 16:23:54.143 1775-1775/? D/CameraHal: (ab78b4a4) hardware/ti/dra7xx/camera/CameraParameters.cpp:220 dump - prop-required-preview-bufs = 8
2020-04-29 16:23:54.143 1775-1775/? D/CameraHal: (ab78b4a4) hardware/ti/dra7xx/camera/CameraParameters.cpp:220 dump - prop-s3d-prv-frame-layout = none
2020-04-29 16:23:54.143 1775-1775/? D/CameraHal: (ab78b4a4) hardware/ti/dra7xx/camera/CameraParameters.cpp:220 dump - prop-sensor-index = 0
2020-04-29 16:23:54.143 1775-1775/? D/CameraHal: (ab78b4a4) hardware/ti/dra7xx/camera/CameraParameters.cpp:220 dump - prop-vertical-angle = 170
2020-04-29 16:23:54.143 1775-1775/? D/CameraHal: (ab78b4a4) hardware/ti/dra7xx/camera/CameraParameters.cpp:220 dump - prop-vnf-default = false
2020-04-29 16:23:54.143 1775-1775/? D/CameraHal: (ab78b4a4) hardware/ti/dra7xx/camera/CameraParameters.cpp:220 dump - prop-vstab-default = false
2020-04-29 16:23:54.143 1775-1775/? D/CameraHal: (ab78b4a4) hardware/ti/dra7xx/camera/CameraParameters.cpp:220 dump - prop-zoom-default = 1
2020-04-29 16:23:54.143 1775-1775/? D/CameraHal: (ab78b4a4) hardware/ti/dra7xx/camera/CameraParameters.cpp:220 dump - prop-zoom-ratios = 1
2020-04-29 16:23:54.143 1775-1775/? D/CameraHal: (ab78b4a4) hardware/ti/dra7xx/camera/CameraParameters.cpp:220 dump - prop-zoom-stages = 1
2020-04-29 16:23:54.143 1775-1775/? D/CameraHal: (ab78b4a4) hardware/ti/dra7xx/camera/CameraParameters.cpp:220 dump - prop-zoom-supported = false
2020-04-29 16:23:54.143 1775-1775/? D/CameraHal: (ab78b4a4) hardware/ti/dra7xx/camera/CameraParameters.cpp:220 dump - sensor-orientation = 0
2020-04-29 16:23:54.143 1775-1775/? D/CameraHal: (ab78b4a4) hardware/ti/dra7xx/camera/CameraParameters.cpp:223 dump - --------------------------------
2020-04-29 16:23:54.143 1775-1775/? D/CameraHal: (ab78b4a4) hardware/ti/dra7xx/camera/CameraHal.cpp:4139 initialize - Sensor index= 0; Sensor name= USBCAMERA
2020-04-29 16:23:54.144 1775-1775/? E/CameraHal: Error while adapter initialization: video capture not supported.
2020-04-29 16:23:54.144 1775-1775/? E/CameraHal: Found VPE M2M device /dev/video0!!!
2020-04-29 16:23:54.144 1775-1775/? D/CameraHal: (ab78b4a4) hardware/ti/dra7xx/camera/V4LCameraAdapter/V4LCameraAdapter.cpp:1212 V4LCameraAdapter_Factory - New V4L Camera adapter instance created for sensor 0
2020-04-29 16:23:54.144 1775-1775/? D/CameraHal: (ab78b4a4) hardware/ti/dra7xx/camera/AppCallbackNotifier.cpp:1656 start - --> AppCallbackNotifier NOTIFIER_STARTED
2020-04-29 16:23:54.144 1775-1775/? D/CameraHal: (ab78b4a4) hardware/ti/dra7xx/camera/CameraHal.cpp:4209 initialize - Started AppCallbackNotifier..
2020-04-29 16:23:54.144 1775-1775/? D/CameraHal: (ab78b4a4) hardware/ti/dra7xx/camera/CameraHal.cpp:411 setParameters - PreviewFormat set yuv420sp
2020-04-29 16:23:54.145 1775-1775/? D/CameraHal: (ab78b4a4) hardware/ti/dra7xx/camera/CameraHal.cpp:572 setParameters - Recording Hint is set to NULL
2020-04-29 16:23:54.145 1775-1775/? D/CameraHal: (ab78b4a4) hardware/ti/dra7xx/camera/CameraHal.cpp:593 setParameters - Preview Resolution: 1280 x 720
2020-04-29 16:23:54.145 1775-1775/? D/CameraHal: (ab78b4a4) hardware/ti/dra7xx/camera/CameraHal.cpp:597 setParameters - Focus mode set fixed
2020-04-29 16:23:54.145 1775-1775/? D/CameraHal: (ab78b4a4) hardware/ti/dra7xx/camera/CameraHal.cpp:641 setParameters - Picture Size by App 1280 x 720
2020-04-29 16:23:54.145 1775-1775/? D/CameraHal: (ab78b4a4) hardware/ti/dra7xx/camera/CameraHal.cpp:1000 setParameters - Jpeg quality set 90
2020-04-29 16:23:54.145 1775-1775/? D/CameraHal: (ab78b4a4) hardware/ti/dra7xx/camera/CameraHal.cpp:1006 setParameters - Thumbnail width set 320
2020-04-29 16:23:54.145 1775-1775/? D/CameraHal: (ab78b4a4) hardware/ti/dra7xx/camera/CameraHal.cpp:1012 setParameters - Thumbnail width set 240
2020-04-29 16:23:54.145 1775-1775/? D/CameraHal: (ab78b4a4) hardware/ti/dra7xx/camera/CameraHal.cpp:1018 setParameters - Thumbnail quality set 50
2020-04-29 16:23:54.145 1775-1775/? D/CameraHal: (ab78b4a4) hardware/ti/dra7xx/camera/CameraHal.cpp:1125 setParameters - Zoom set 1
2020-04-29 16:23:54.145 1775-1775/? D/CameraHal: (ab78b4a4) hardware/ti/dra7xx/camera/CameraHal.cpp:1172 setParameters - External Gamma set false
2020-04-29 16:23:54.145 1775-1775/? D/CameraHal: (ab78b4a4) hardware/ti/dra7xx/camera/CameraHal.cpp:1178 setParameters - NSF1 set true
2020-04-29 16:23:54.145 1775-1775/? D/CameraHal: (ab78b4a4) hardware/ti/dra7xx/camera/CameraHal.cpp:1184 setParameters - NSF2 set true
2020-04-29 16:23:54.145 1775-1775/? D/CameraHal: (ab78b4a4) hardware/ti/dra7xx/camera/CameraHal.cpp:1190 setParameters - Sharpening set true
2020-04-29 16:23:54.145 1775-1775/? D/CameraHal: (ab78b4a4) hardware/ti/dra7xx/camera/CameraHal.cpp:1196 setParameters - Color Conversion set true
2020-04-29 16:23:54.145 1775-1775/? D/CameraHal: (ab78b4a4) hardware/ti/dra7xx/camera/CameraHal.cpp:1202 setParameters - Green Inballance Correction set true
2020-04-29 16:23:54.145 1775-1775/? D/CameraHal: (ab78b4a4) hardware/ti/dra7xx/camera/V4LCameraAdapter/V4LCameraAdapter.cpp:456 setParameters - Width * Height 1280 x 720 format 0x56595559
2020-04-29 16:23:54.145 1775-1775/? D/CameraHal: (ab78b4a4) hardware/ti/dra7xx/camera/V4LCameraAdapter/V4LCameraAdapter.cpp:218 v4lSetFormat - Width * Height 1280 x 720 format 0x56595559
2020-04-29 16:23:54.158 1775-1775/? D/CameraHal: (ab78b4a4) hardware/ti/dra7xx/camera/V4LCameraAdapter/V4LCameraAdapter.cpp:244 v4lSetFormat - VIDIOC_G_FMT : WxH = 1280x720
2020-04-29 16:23:54.158 1775-1775/? D/CameraHal: (ab78b4a4) hardware/ti/dra7xx/camera/V4LCameraAdapter/V4LCameraAdapter.cpp:245 v4lSetFormat - ### Using: WxH = 1280x720 pixelformat=0x56595559
2020-04-29 16:23:54.158 1775-1775/? D/CameraHal: (ab78b4a4) hardware/ti/dra7xx/camera/V4LCameraAdapter/V4LCameraAdapter.cpp:246 v4lSetFormat - ### Using: bytesperline=2560 sizeimage=1843200 colorspace=0x1
2020-04-29 16:23:54.158 1775-1775/? D/CameraHal: (ab78b4a4) hardware/ti/dra7xx/camera/V4LCameraAdapter/V4LCameraAdapter.cpp:465 setParameters - Current fps is 0 new fps is (30000,30000)
2020-04-29 16:23:54.159 1775-1775/? I/CamDev@1.0-impl: Closing camera 0
2020-04-29 16:23:54.159 1775-1775/? D/CameraHal: (ab78b4a4) hardware/ti/dra7xx/camera/AppCallbackNotifier.cpp:1678 stop - --> AppCallbackNotifier NOTIFIER_STOPPED
2020-04-29 16:23:54.159 1775-1786/? D/CameraHal: (a9902970) hardware/ti/dra7xx/camera/AppCallbackNotifier.cpp:152 notificationThread - Notification Thread received message
