******************************** Launching Camera APP ********************************************************************************
2020-04-29 16:23:51.576 319-536/system_process I/ActivityManager: START u0 {act=android.intent.action.MAIN cat=[android.intent.category.LAUNCHER] flg=0x10200000 cmp=com.android.camera2/com.android.camera.CameraLauncher bnds=[278,57][389,135]} from uid 10019 --------- beginning of main
2020-04-29 16:23:51.579 202-1332/? I/audio_hw_primary: out_write() open card 0 port 0
2020-04-29 16:23:51.581 202-1332/? W/StreamHAL: Error from HAL stream in function get_presentation_position: Operation not permitted
2020-04-29 16:23:51.611 319-1664/system_process I/ActivityManager: Start proc 1674:com.android.camera2/u0a44 for activity com.android.camera2/com.android.camera.CameraLauncher
2020-04-29 16:23:51.649 1674-1681/? E/zygote: Failed sending reply to debugger: Broken pipe
2020-04-29 16:23:51.656 1674-1681/? I/zygote: Debugger is no longer active
2020-04-29 16:23:51.694 1674-1674/? I/zygote: The ClassLoaderContext is a special shared library.
2020-04-29 16:23:51.765 1674-1674/? I/CAM_Profiler: [ 40.738ms][ui] GUARD: FirstRunDetector getTimeOfFirstRun - [40.092ms] preferences.getLong
2020-04-29 16:23:51.765 1674-1674/? I/CAM_Profiler: [ 41.096ms][ui] GUARD: FirstRunDetector getTimeOfFirstRun - STOP
2020-04-29 16:23:51.765 1674-1674/? I/CAM_Profiler: [ 50.339ms][ui] GUARD: CameraApp onCreate() - [50.339ms] initializeTimeOfFirstRun
2020-04-29 16:23:51.769 1674-1674/? I/CAM_Profiler: [ 54.142ms][ui] GUARD: CameraApp onCreate() - STOP
2020-04-29 16:23:51.791 1674-1674/? D/CAM_LocationManager: Using legacy location provider.
2020-04-29 16:23:51.812 1674-1674/? D/CAM_MemoryManagerImpl: Max native memory: 358 MB
2020-04-29 16:23:51.815 1674-1674/? W/SoundPool: Use of stream types is deprecated for operations other than volume control
2020-04-29 16:23:51.815 1674-1674/? W/SoundPool: See the documentation of SoundPool() for what to use instead with android.media.AudioAttributes to qualify your playback use case
2020-04-29 16:23:51.815 1674-1674/? I/CAM_OneCamFtrCnfgCrtr: CaptureModule? true
2020-04-29 16:23:51.841 1674-1674/? I/CameraManagerGlobal: Connecting to camera service
2020-04-29 16:23:51.866 1674-1701/? I/OMXClient: Treble IOmx obtained
2020-04-29 16:23:51.867 249-1373/? I/OMXMaster: makeComponentInstance(OMX.google.vorbis.decoder) in omx@1.0-service process
2020-04-29 16:23:51.878 249-1373/? E/OMXNodeInstance: getConfig(0xb21a3200:google.vorbis.decoder, ConfigAndroidVendorExtension(0x6f100004)) ERROR: Undefined(0x80001001)
2020-04-29 16:23:51.880 201-201/? W//system/bin/hw/android.hidl.allocator@1.0-service: ashmem_create_region(32768) returning hidl_memory(0xa75177d0, 32768)
2020-04-29 16:23:51.915 201-201/? I/chatty: uid=1000(system) allocator@1.0-s identical 6 lines
2020-04-29 16:23:51.915 201-201/? W//system/bin/hw/android.hidl.allocator@1.0-service: ashmem_create_region(32768) returning hidl_memory(0xa75177d0, 32768)
2020-04-29 16:23:51.919 1674-1674/? W/CAM_Log: Tag RoundedThumbnailView is 1 chars longer than limit.
2020-04-29 16:23:52.036 1674-1674/? I/CAM_Profiler: [245.824ms][ui] GUARD: CameraActivity.onCreateTasks - [179.910ms] setContentView()
2020-04-29 16:23:52.061 1674-1674/? I/CAM_Profiler: [269.957ms][ui] GUARD: CameraActivity.onCreateTasks - [24.133ms] Configure Camera UI
2020-04-29 16:23:52.074 1674-1694/? W/CAM2PORT_AndCamAgntImp: Releasing camera without any camera opened.
2020-04-29 16:23:52.093 1674-1674/? D/CAM_CaptureModule: init UseAutotransformUiLayout = false
2020-04-29 16:23:52.099 1674-1674/? D/CAM_Camera2OneCamMgr: Getting First BACK Camera
2020-04-29 16:23:52.099 1630-1640/? I/CameraService: CameraService::connect call (PID -1 "cameraserver", camera ID 0) for HAL version default and Camera API version 1
2020-04-29 16:23:52.102 245-534/? D/NuPlayerDriver: NuPlayerDriver(0xaab19380) created, clientPid(1630)
2020-04-29 16:23:52.114 245-1709/? D/NuPlayerDriver: notifyListener_l(0xaab19380), (1, 0, 0, -1), loop setting(0, 0)
2020-04-29 16:23:52.115 245-274/? D/NuPlayerDriver: NuPlayerDriver(0xaab19500) created, clientPid(1630)
2020-04-29 16:23:52.122 245-1711/? D/NuPlayerDriver: notifyListener_l(0xaab19500), (1, 0, 0, -1), loop setting(0, 0)
2020-04-29 16:23:52.122 245-534/? D/NuPlayerDriver: NuPlayerDriver(0xac413580) created, clientPid(1630)
2020-04-29 16:23:52.129 245-1713/? D/NuPlayerDriver: notifyListener_l(0xac413580), (1, 0, 0, -1), loop setting(0, 0)
2020-04-29 16:23:52.131 1630-1640/? I/CameraHardwareInterface: Opening camera 0
2020-04-29 16:23:52.131 1623-1623/? I/CamDev@1.0-impl: Opening camera 0
2020-04-29 16:23:52.131 1623-1623/? E/CameraHal: (abcf44a4) hardware/ti/dra7xx/camera/CameraHal_Module.cpp:634 camera_device_open - CameraHal_Module: ******************* 1 *******************
2020-04-29 16:23:52.131 1623-1623/? I/CameraHal: (abcf44a4) hardware/ti/dra7xx/camera/CameraHal_Module.cpp:638 camera_device_open - camera_device open
2020-04-29 16:23:52.131 1623-1623/? E/CameraHal: (abcf44a4) hardware/ti/dra7xx/camera/CameraHal.cpp:126 getSocFamily - '/sys/board_properties/soc/family' Not Available
2020-04-29 16:23:52.131 1623-1623/? D/CameraHal: (abcf44a4) hardware/ti/dra7xx/camera/CameraParameters.cpp:214 dump - ================================
2020-04-29 16:23:52.131 1623-1623/? D/CameraHal: (abcf44a4) hardware/ti/dra7xx/camera/CameraParameters.cpp:215 dump - Dumping properties for camera: 0
2020-04-29 16:23:52.131 1623-1623/? D/CameraHal: (abcf44a4) hardware/ti/dra7xx/camera/CameraParameters.cpp:220 dump - prop-antibanding-values = auto
2020-04-29 16:23:52.131 1623-1623/? D/CameraHal: (abcf44a4) hardware/ti/dra7xx/camera/CameraParameters.cpp:220 dump - prop-camera-name = USBCAMERA
2020-04-29 16:23:52.131 1623-1623/? D/CameraHal: (abcf44a4) hardware/ti/dra7xx/camera/CameraParameters.cpp:220 dump - prop-effect-values = none
2020-04-29 16:23:52.131 1623-1623/? D/CameraHal: (abcf44a4) hardware/ti/dra7xx/camera/CameraParameters.cpp:220 dump - prop-exposure-mode-values = auto
2020-04-29 16:23:52.131 1623-1623/? D/CameraHal: (abcf44a4) hardware/ti/dra7xx/camera/CameraParameters.cpp:220 dump - prop-facing = back
2020-04-29 16:23:52.131 1623-1623/? D/CameraHal: (abcf44a4) hardware/ti/dra7xx/camera/CameraParameters.cpp:220 dump - prop-flash-mode-values = off
2020-04-29 16:23:52.131 1623-1623/? D/CameraHal: (abcf44a4) hardware/ti/dra7xx/camera/CameraParameters.cpp:220 dump - prop-focal-length = 1
2020-04-29 16:23:52.131 1623-1623/? D/CameraHal: (abcf44a4) hardware/ti/dra7xx/camera/CameraParameters.cpp:220 dump - prop-focus-mode-default = fixed
2020-04-29 16:23:52.131 1623-1623/? D/CameraHal: (abcf44a4) hardware/ti/dra7xx/camera/CameraParameters.cpp:220 dump - prop-focus-mode-values = fixed
2020-04-29 16:23:52.131 1623-1623/? D/CameraHal: (abcf44a4) hardware/ti/dra7xx/camera/CameraParameters.cpp:220 dump - prop-framerate-range-default = (30000,30000)
2020-04-29 16:23:52.131 1623-1623/? D/CameraHal: (abcf44a4) hardware/ti/dra7xx/camera/CameraParameters.cpp:220 dump - prop-framerate-range-values =
2020-04-29 16:23:52.131 1623-1623/? D/CameraHal: (abcf44a4) hardware/ti/dra7xx/camera/CameraParameters.cpp:220 dump - prop-horizontal-angle = 170
2020-04-29 16:23:52.131 1623-1623/? D/CameraHal: (abcf44a4) hardware/ti/dra7xx/camera/CameraParameters.cpp:220 dump - prop-ipp-values = ldc-nsf
2020-04-29 16:23:52.131 1623-1623/? D/CameraHal: (abcf44a4) hardware/ti/dra7xx/camera/CameraParameters.cpp:220 dump - prop-iso-mode-values = auto
2020-04-29 16:23:52.131 1623-1623/? D/CameraHal: (abcf44a4) hardware/ti/dra7xx/camera/CameraParameters.cpp:220 dump - prop-jpeg-quality-default = 90
2020-04-29 16:23:52.131 1623-1623/? D/CameraHal: (abcf44a4) hardware/ti/dra7xx/camera/CameraParameters.cpp:220 dump - prop-jpeg-thumbnail-quality-default = 50
2020-04-29 16:23:52.131 1623-1623/? D/CameraHal: (abcf44a4) hardware/ti/dra7xx/camera/CameraParameters.cpp:220 dump - prop-jpeg-thumbnail-size-default = 320x240
2020-04-29 16:23:52.131 1623-1623/? D/CameraHal: (abcf44a4) hardware/ti/dra7xx/camera/CameraParameters.cpp:220 dump - prop-jpeg-thumbnail-size-values = 0x0,320x240
2020-04-29 16:23:52.131 1623-1623/? D/CameraHal: (abcf44a4) hardware/ti/dra7xx/camera/CameraParameters.cpp:220 dump - prop-max-fd-hw-faces = 0
2020-04-29 16:23:52.131 1623-1623/? D/CameraHal: (abcf44a4) hardware/ti/dra7xx/camera/CameraParameters.cpp:220 dump - prop-orientation = 0
2020-04-29 16:23:52.131 1623-1623/? D/CameraHal: (abcf44a4) hardware/ti/dra7xx/camera/CameraParameters.cpp:220 dump - prop-picture-format-default = jpeg
2020-04-29 16:23:52.131 1623-1623/? D/CameraHal: (abcf44a4) hardware/ti/dra7xx/camera/CameraParameters.cpp:220 dump - prop-picture-format-values = jpeg
2020-04-29 16:23:52.131 1623-1623/? D/CameraHal: (abcf44a4) hardware/ti/dra7xx/camera/CameraParameters.cpp:220 dump - prop-picture-size-default = 1280x720
2020-04-29 16:23:52.131 1623-1623/? D/CameraHal: (abcf44a4) hardware/ti/dra7xx/camera/CameraParameters.cpp:220 dump - prop-picture-size-values = 1280x800,1280x720,752x480,640x480,600x400,352x288,320x240
2020-04-29 16:23:52.131 1623-1623/? D/CameraHal: (abcf44a4) hardware/ti/dra7xx/camera/CameraParameters.cpp:220 dump - prop-preview-format-default = yuv420sp
2020-04-29 16:23:52.131 1623-1623/? D/CameraHal: (abcf44a4) hardware/ti/dra7xx/camera/CameraParameters.cpp:220 dump - prop-preview-format-values = yuv420sp
2020-04-29 16:23:52.131 1623-1623/? D/CameraHal: (abcf44a4) hardware/ti/dra7xx/camera/CameraParameters.cpp:220 dump - prop-preview-frame-rate-default = 30
2020-04-29 16:23:52.131 1623-1623/? D/CameraHal: (abcf44a4) hardware/ti/dra7xx/camera/CameraParameters.cpp:220 dump - prop-preview-frame-rate-values =
2020-04-29 16:23:52.131 1623-1623/? D/CameraHal: (abcf44a4) hardware/ti/dra7xx/camera/CameraParameters.cpp:220 dump - prop-preview-size-default = 1280x720
2020-04-29 16:23:52.131 1623-1623/? D/CameraHal: (abcf44a4) hardware/ti/dra7xx/camera/CameraParameters.cpp:220 dump - prop-preview-size-values = 1280x800,1280x720,752x480,640x480,600x400,352x288,320x240
2020-04-29 16:23:52.131 1623-1623/? D/CameraHal: (abcf44a4) hardware/ti/dra7xx/camera/CameraParameters.cpp:220 dump - prop-preview-subsampled-size-values = 1280x800,1280x720,752x480,640x480,600x400,352x288,320x240
2020-04-29 16:23:52.131 1623-1623/? D/CameraHal: (abcf44a4) hardware/ti/dra7xx/camera/CameraParameters.cpp:220 dump - prop-required-preview-bufs = 8
2020-04-29 16:23:52.131 1623-1623/? D/CameraHal: (abcf44a4) hardware/ti/dra7xx/camera/CameraParameters.cpp:220 dump - prop-s3d-prv-frame-layout = none
2020-04-29 16:23:52.131 1623-1623/? D/CameraHal: (abcf44a4) hardware/ti/dra7xx/camera/CameraParameters.cpp:220 dump - prop-sensor-index = 0
2020-04-29 16:23:52.131 1623-1623/? D/CameraHal: (abcf44a4) hardware/ti/dra7xx/camera/CameraParameters.cpp:220 dump - prop-vertical-angle = 170
2020-04-29 16:23:52.131 1623-1623/? D/CameraHal: (abcf44a4) hardware/ti/dra7xx/camera/CameraParameters.cpp:220 dump - prop-vnf-default = false
2020-04-29 16:23:52.132 1623-1623/? D/CameraHal: (abcf44a4) hardware/ti/dra7xx/camera/CameraParameters.cpp:220 dump - prop-vstab-default = false
2020-04-29 16:23:52.132 1623-1623/? D/CameraHal: (abcf44a4) hardware/ti/dra7xx/camera/CameraParameters.cpp:220 dump - prop-zoom-default = 1
2020-04-29 16:23:52.132 1623-1623/? D/CameraHal: (abcf44a4) hardware/ti/dra7xx/camera/CameraParameters.cpp:220 dump - prop-zoom-ratios = 1
2020-04-29 16:23:52.132 1623-1623/? D/CameraHal: (abcf44a4) hardware/ti/dra7xx/camera/CameraParameters.cpp:220 dump - prop-zoom-stages = 1
2020-04-29 16:23:52.132 1623-1623/? D/CameraHal: (abcf44a4) hardware/ti/dra7xx/camera/CameraParameters.cpp:220 dump - prop-zoom-supported = false
2020-04-29 16:23:52.132 1623-1623/? D/CameraHal: (abcf44a4) hardware/ti/dra7xx/camera/CameraParameters.cpp:220 dump - sensor-orientation = 0
2020-04-29 16:23:52.132 1623-1623/? D/CameraHal: (abcf44a4) hardware/ti/dra7xx/camera/CameraParameters.cpp:223 dump - --------------------------------
2020-04-29 16:23:52.132 1623-1623/? D/CameraHal: (abcf44a4) hardware/ti/dra7xx/camera/CameraHal.cpp:4139 initialize - Sensor index= 0; Sensor name= USBCAMERA
2020-04-29 16:23:52.132 1623-1623/? E/CameraHal: Error while adapter initialization: video capture not supported.
2020-04-29 16:23:52.132 1623-1623/? E/CameraHal: Found VPE M2M device /dev/video0!!!
2020-04-29 16:23:52.132 1623-1623/? D/CameraHal: (abcf44a4) hardware/ti/dra7xx/camera/V4LCameraAdapter/V4LCameraAdapter.cpp:1212 V4LCameraAdapter_Factory - New V4L Camera adapter instance created for sensor 0
2020-04-29 16:23:52.132 1623-1623/? D/CameraHal: (abcf44a4) hardware/ti/dra7xx/camera/AppCallbackNotifier.cpp:1656 start - --> AppCallbackNotifier NOTIFIER_STARTED
2020-04-29 16:23:52.132 1623-1623/? D/CameraHal: (abcf44a4) hardware/ti/dra7xx/camera/CameraHal.cpp:4209 initialize - Started AppCallbackNotifier..
2020-04-29 16:23:52.133 1623-1623/? D/CameraHal: (abcf44a4) hardware/ti/dra7xx/camera/CameraHal.cpp:411 setParameters - PreviewFormat set yuv420sp
2020-04-29 16:23:52.133 1623-1623/? D/CameraHal: (abcf44a4) hardware/ti/dra7xx/camera/CameraHal.cpp:572 setParameters - Recording Hint is set to NULL
2020-04-29 16:23:52.133 1623-1623/? D/CameraHal: (abcf44a4) hardware/ti/dra7xx/camera/CameraHal.cpp:593 setParameters - Preview Resolution: 1280 x 720
2020-04-29 16:23:52.133 1623-1623/? D/CameraHal: (abcf44a4) hardware/ti/dra7xx/camera/CameraHal.cpp:597 setParameters - Focus mode set fixed
2020-04-29 16:23:52.133 1623-1623/? D/CameraHal: (abcf44a4) hardware/ti/dra7xx/camera/CameraHal.cpp:641 setParameters - Picture Size by App 1280 x 720
2020-04-29 16:23:52.133 1623-1623/? D/CameraHal: (abcf44a4) hardware/ti/dra7xx/camera/CameraHal.cpp:1000 setParameters - Jpeg quality set 90
2020-04-29 16:23:52.133 1623-1623/? D/CameraHal: (abcf44a4) hardware/ti/dra7xx/camera/CameraHal.cpp:1006 setParameters - Thumbnail width set 320
2020-04-29 16:23:52.133 1623-1623/? D/CameraHal: (abcf44a4) hardware/ti/dra7xx/camera/CameraHal.cpp:1012 setParameters - Thumbnail width set 240
2020-04-29 16:23:52.133 1623-1623/? D/CameraHal: (abcf44a4) hardware/ti/dra7xx/camera/CameraHal.cpp:1018 setParameters - Thumbnail quality set 50
2020-04-29 16:23:52.133 1623-1623/? D/CameraHal: (abcf44a4) hardware/ti/dra7xx/camera/CameraHal.cpp:1125 setParameters - Zoom set 1
2020-04-29 16:23:52.133 1623-1623/? D/CameraHal: (abcf44a4) hardware/ti/dra7xx/camera/CameraHal.cpp:1172 setParameters - External Gamma set false
2020-04-29 16:23:52.133 1623-1623/? D/CameraHal: (abcf44a4) hardware/ti/dra7xx/camera/CameraHal.cpp:1178 setParameters - NSF1 set true
2020-04-29 16:23:52.133 1623-1623/? D/CameraHal: (abcf44a4) hardware/ti/dra7xx/camera/CameraHal.cpp:1184 setParameters - NSF2 set true
2020-04-29 16:23:52.133 1623-1623/? D/CameraHal: (abcf44a4) hardware/ti/dra7xx/camera/CameraHal.cpp:1190 setParameters - Sharpening set true
2020-04-29 16:23:52.133 1623-1623/? D/CameraHal: (abcf44a4) hardware/ti/dra7xx/camera/CameraHal.cpp:1196 setParameters - Color Conversion set true
2020-04-29 16:23:52.133 1623-1623/? D/CameraHal: (abcf44a4) hardware/ti/dra7xx/camera/CameraHal.cpp:1202 setParameters - Green Inballance Correction set true
2020-04-29 16:23:52.133 1623-1623/? D/CameraHal: (abcf44a4) hardware/ti/dra7xx/camera/V4LCameraAdapter/V4LCameraAdapter.cpp:456 setParameters - Width * Height 1280 x 720 format 0x56595559
2020-04-29 16:23:52.133 1623-1623/? D/CameraHal: (abcf44a4) hardware/ti/dra7xx/camera/V4LCameraAdapter/V4LCameraAdapter.cpp:218 v4lSetFormat - Width * Height 1280 x 720 format 0x56595559
2020-04-29 16:23:52.145 1623-1623/? D/CameraHal: (abcf44a4) hardware/ti/dra7xx/camera/V4LCameraAdapter/V4LCameraAdapter.cpp:244 v4lSetFormat - VIDIOC_G_FMT : WxH = 1280x720
2020-04-29 16:23:52.145 1623-1623/? D/CameraHal: (abcf44a4) hardware/ti/dra7xx/camera/V4LCameraAdapter/V4LCameraAdapter.cpp:245 v4lSetFormat - ### Using: WxH = 1280x720 pixelformat=0x56595559
2020-04-29 16:23:52.145 1623-1623/? D/CameraHal: (abcf44a4) hardware/ti/dra7xx/camera/V4LCameraAdapter/V4LCameraAdapter.cpp:246 v4lSetFormat - ### Using: bytesperline=2560 sizeimage=1843200 colorspace=0x1
2020-04-29 16:23:52.145 1623-1623/? D/CameraHal: (abcf44a4) hardware/ti/dra7xx/camera/V4LCameraAdapter/V4LCameraAdapter.cpp:465 setParameters - Current fps is 0 new fps is (30000,30000)
2020-04-29 16:23:52.145 1630-1631/? I/CameraHardwareInterface: Destroying camera 0
2020-04-29 16:23:52.145 1623-1635/? D/CameraHal: (a9f7f970) hardware/ti/dra7xx/camera/CameraHal.cpp:286 enableMsgType - Preview callback not enabled 409
2020-04-29 16:23:52.146 1623-1623/? D/CameraHal: (abcf44a4) hardware/ti/dra7xx/camera/CameraHal.cpp:314 disableMsgType - Disabling Preview Callback
2020-04-29 16:23:52.147 1623-1623/? I/CamDev@1.0-impl: Closing camera 0
2020-04-29 16:23:52.147 1623-1623/? D/CameraHal: (abcf44a4) hardware/ti/dra7xx/camera/AppCallbackNotifier.cpp:1678 stop - --> AppCallbackNotifier NOTIFIER_STOPPED
2020-04-29 16:23:52.147 1623-1715/? D/CameraHal: (a9e82970) hardware/ti/dra7xx/camera/AppCallbackNotifier.cpp:152 notificationThread - Notification Thread received message
2020-04-29 16:23:52.147 1623-1715/? D/CameraHal: (a9e82970) hardware/ti/dra7xx/camera/AppCallbackNotifier.cpp:156 notificationThread - Notification Thread received message from Camera HAL
2020-04-29 16:23:52.148 1623-1715/? D/CameraHal: (a9e82970) hardware/ti/dra7xx/camera/AppCallbackNotifier.cpp:1142 processMessage - +Msg get...
2020-04-29 16:23:52.148 1623-1715/? D/CameraHal: (a9e82970) hardware/ti/dra7xx/camera/AppCallbackNotifier.cpp:1144 processMessage - -Msg get...
2020-04-29 16:23:52.148 1623-1715/? D/CameraHal: (a9e82970) hardware/ti/dra7xx/camera/AppCallbackNotifier.cpp:1151 processMessage - Received NOTIFIER_EXIT command from Camera HAL
2020-04-29 16:23:52.148 1623-1715/? D/CameraHal: (a9e82970) hardware/ti/dra7xx/camera/AppCallbackNotifier.cpp:159 notificationThread - Notification Thread exiting.
2020-04-29 16:23:52.148 1623-1623/? D/CameraHal: (abcf44a4) hardware/ti/dra7xx/camera/AppCallbackNotifier.cpp:1207 ~AppCallbackNotifier - Stopping Event Provider
2020-04-29 16:23:52.148 1623-1623/? D/CameraHal: (abcf44a4) hardware/ti/dra7xx/camera/AppCallbackNotifier.cpp:1215 ~AppCallbackNotifier - Stopping Frame Provider
2020-04-29 16:23:52.149 1630-1640/? I/CameraService: disconnect: Disconnected client for camera 0 for PID 1630
2020-04-29 16:23:52.149 245-534/? D/NuPlayerDriver: reset(0xaab19380) at state 4
2020-04-29 16:23:52.149 245-534/? D/NuPlayerDriver: notifyListener_l(0xaab19380), (8, 0, 0, -1), loop setting(0, 0)
2020-04-29 16:23:52.150 245-1709/? D/NuPlayerDriver: notifyResetComplete(0xaab19380)
2020-04-29 16:23:52.150 245-534/? D/NuPlayerDriver: reset(0xaab19500) at state 4
2020-04-29 16:23:52.150 245-534/? D/NuPlayerDriver: notifyListener_l(0xaab19500), (8, 0, 0, -1), loop setting(0, 0)
2020-04-29 16:23:52.151 245-1711/? D/NuPlayerDriver: notifyResetComplete(0xaab19500)
2020-04-29 16:23:52.154 245-534/? D/NuPlayerDriver: reset(0xac413580) at state 4
2020-04-29 16:23:52.154 245-534/? D/NuPlayerDriver: notifyListener_l(0xac413580), (8, 0, 0, -1), loop setting(0, 0)
2020-04-29 16:23:52.155 245-1713/? D/NuPlayerDriver: notifyResetComplete(0xac413580)
2020-04-29 16:23:52.161 1674-1674/? W/LegacyMetadataMapper: No AWB modes supported (HAL bug); defaulting to AWB_MODE_AUTO only
2020-04-29 16:23:52.171 1674-1674/? W/LegacyMetadataMapper: No AWB modes supported (HAL bug); defaulting to AWB_MODE_AUTO only
2020-04-29 16:23:52.180 1674-1674/? W/SoundPool: Use of stream types is deprecated for operations other than volume control
2020-04-29 16:23:52.180 1674-1674/? W/SoundPool: See the documentation of SoundPool() for what to use instead with android.media.AudioAttributes to qualify your playback use case
2020-04-29 16:23:52.181 1674-1674/? I/CAM_Profiler: [ 88.395ms][ui] GUARD: CaptureModule.init - STOP
2020-04-29 16:23:52.181 1674-1674/? I/CAM_Profiler: [390.755ms][ui] GUARD: CameraActivity.onCreateTasks - [88.930ms] Init CurrentModule
2020-04-29 16:23:52.196 1674-1674/? I/CAM_Profiler: [405.914ms][ui] GUARD: CameraActivity.onCreateTasks - STOP
2020-04-29 16:23:52.211 1674-1674/? W/OrientationEventListener: Cannot detect sensors. Not enabled
2020-04-29 16:23:52.228 1674-1720/? I/OMXClient: Treble IOmx obtained
2020-04-29 16:23:52.228 249-276/? I/OMXMaster: makeComponentInstance(OMX.google.vorbis.decoder) in omx@1.0-service process
2020-04-29 16:23:52.228 1674-1721/? I/OMXClient: Treble IOmx obtained
2020-04-29 16:23:52.229 1674-1674/? D/CAM_LcyLocProvider: provider does not exist provider doesn't exist: network
2020-04-29 16:23:52.230 1674-1674/? D/CAM_LcyLocProvider: provider does not exist provider doesn't exist: gps
2020-04-29 16:23:52.230 1674-1674/? D/CAM_LcyLocProvider: startReceivingLocationUpdates
2020-04-29 16:23:52.230 249-1373/? I/OMXMaster: makeComponentInstance(OMX.google.vorbis.decoder) in omx@1.0-service process
2020-04-29 16:23:52.230 1674-1674/? I/CAM_Profiler: [ 24.325ms][ui] GUARD: CameraActivity.resume - STOP
2020-04-29 16:23:52.233 249-277/? E/OMXNodeInstance: getConfig(0xb21a3140:google.vorbis.decoder, ConfigAndroidVendorExtension(0x6f100004)) ERROR: Undefined(0x80001001)
2020-04-29 16:23:52.255 249-276/? E/OMXNodeInstance: getConfig(0xb21a3200:google.vorbis.decoder, ConfigAndroidVendorExtension(0x6f100004)) ERROR: Undefined(0x80001001)
2020-04-29 16:23:52.282 201-201/? W//system/bin/hw/android.hidl.allocator@1.0-service: ashmem_create_region(32768) returning hidl_memory(0xa75177d0, 32768)
2020-04-29 16:23:52.293 201-201/? I/chatty: uid=1000(system) allocator@1.0-s identical 10 lines
2020-04-29 16:23:52.293 201-201/? W//system/bin/hw/android.hidl.allocator@1.0-service: ashmem_create_region(32768) returning hidl_memory(0xa75177d0, 32768)
2020-04-29 16:23:52.217 1674-1674/? I/android.camera2: type=1400 audit(0.0:50): avc: denied { map } for path="/dev/event-log-tags" dev="tmpfs" ino=9137 scontext=u:r:untrusted_app_25:s0:c512,c768 tcontext=u:object_r:runtime_event_log_tags_file:s0 tclass=file permissive=1
2020-04-29 16:23:52.295 217-232/? E/SurfaceFlinger: ro.sf.lcd_density must be defined as a build property
2020-04-29 16:23:52.295 201-201/? W//system/bin/hw/android.hidl.allocator@1.0-service: ashmem_create_region(32768) returning hidl_memory(0xa75177d0, 32768)
2020-04-29 16:23:52.295 201-201/? I/chatty: uid=1000(system) allocator@1.0-s identical 1 line
2020-04-29 16:23:52.296 201-201/? W//system/bin/hw/android.hidl.allocator@1.0-service: ashmem_create_region(32768) returning hidl_memory(0xa75177d0, 32768)
2020-04-29 16:23:52.297 1674-1727/? D/OpenGLRenderer: HWUI GL Pipeline
2020-04-29 16:23:52.297 201-201/? W//system/bin/hw/android.hidl.allocator@1.0-service: ashmem_create_region(32768) returning hidl_memory(0xa75177d0, 32768)
2020-04-29 16:23:52.316 201-201/? W//system/bin/hw/android.hidl.allocator@1.0-service: ashmem_create_region(32768) returning hidl_memory(0xa75177d0, 32768)
2020-04-29 16:23:52.317 201-201/? I/chatty: uid=1000(system) allocator@1.0-s identical 2 lines
2020-04-29 16:23:52.319 201-201/? W//system/bin/hw/android.hidl.allocator@1.0-service: ashmem_create_region(32768) returning hidl_memory(0xa75177d0, 32768)
2020-04-29 16:23:52.362 1674-1674/? D/CAM_CaptureModule: updatePreviewTransform: 800 x 444
2020-04-29 16:23:52.377 1674-1727/? I/com.android.camera2: android::hardware::configstore::V1_0::ISurfaceFlingerConfigs::hasWideColorDisplay retrieved: 0
2020-04-29 16:23:52.377 1674-1727/? I/OpenGLRenderer: Initialized EGL, version 1.4
2020-04-29 16:23:52.377 1674-1727/? D/OpenGLRenderer: Swap behavior 1
2020-04-29 16:23:52.384 217-234/? E/SurfaceFlinger: ro.sf.lcd_density must be defined as a build property
2020-04-29 16:23:52.407 1674-1674/? D/CAM_CaptureModule: onSurfaceTextureAvailable
2020-04-29 16:23:52.407 1674-1674/? D/CAM_CaptureModule: updatePreviewTransform: 800 x 444
2020-04-29 16:23:52.409 1674-1674/? I/CAM_FocusRingView: Computing center via view bounds.
2020-04-29 16:23:52.447 319-341/system_process I/ActivityManager: Displayed com.android.camera2/com.android.camera.CameraLauncher: +840ms
2020-04-29 16:23:52.450 1674-1674/? I/CAM_FocusRingView: Computing center via view bounds.
2020-04-29 16:23:52.450 1674-1674/? I/CAM_FocusRingView: Computing center via view bounds.
2020-04-29 16:23:52.453 1674-1674/? I/CAM_FocusRingView: Computing center via view bounds.
2020-04-29 16:23:52.508 1674-1732/? I/OMXClient: Treble IOmx obtained
2020-04-29 16:23:52.508 249-1373/? I/OMXMaster: makeComponentInstance(OMX.google.vorbis.decoder) in omx@1.0-service process
2020-04-29 16:23:52.510 249-276/? E/OMXNodeInstance: getConfig(0xb21a3200:google.vorbis.decoder, ConfigAndroidVendorExtension(0x6f100004)) ERROR: Undefined(0x80001001)
2020-04-29 16:23:52.512 201-201/? W//system/bin/hw/android.hidl.allocator@1.0-service: ashmem_create_region(32768) returning hidl_memory(0xa75177d0, 32768)
2020-04-29 16:23:52.516 201-201/? I/chatty: uid=1000(system) allocator@1.0-s identical 6 lines
2020-04-29 16:23:52.517 201-201/? W//system/bin/hw/android.hidl.allocator@1.0-service: ashmem_create_region(32768) returning hidl_memory(0xa75177d0, 32768)
2020-04-29 16:23:52.532 201-201/? W//system/bin/hw/android.hidl.allocator@1.0-service: ashmem_create_region(32768) returning hidl_memory(0xa75177d0, 32768)
2020-04-29 16:23:52.534 201-201/? I/chatty: uid=1000(system) allocator@1.0-s identical 2 lines
2020-04-29 16:23:52.535 201-201/? W//system/bin/hw/android.hidl.allocator@1.0-service: ashmem_create_region(32768) returning hidl_memory(0xa75177d0, 32768)
2020-04-29 16:23:52.552 1674-1718/? D/CAM_Storage: External storage state=mounted
2020-04-29 16:23:52.582 1674-1718/? D/CAM_Camera2OneCamMgr: Getting First BACK Camera
2020-04-29 16:23:52.596 1674-1718/? W/LegacyMetadataMapper: No AWB modes supported (HAL bug); defaulting to AWB_MODE_AUTO only
2020-04-29 16:23:52.599 1674-1718/? I/CAM_OneCamera1Opnr: Opening Camera: CameraId{Api2='0',Api1:0}
2020-04-29 16:23:52.608 1674-1718/? W/LegacyMetadataMapper: No AWB modes supported (HAL bug); defaulting to AWB_MODE_AUTO only
2020-04-29 16:23:52.617 1674-1735/? I/OMXClient: Treble IOmx obtained
2020-04-29 16:23:52.617 249-276/? I/OMXMaster: makeComponentInstance(OMX.google.vorbis.decoder) in omx@1.0-service process
2020-04-29 16:23:52.623 249-1373/? E/OMXNodeInstance: getConfig(0xb1d2a060:google.vorbis.decoder, ConfigAndroidVendorExtension(0x6f100004)) ERROR: Undefined(0x80001001)
2020-04-29 16:23:52.625 201-201/? W//system/bin/hw/android.hidl.allocator@1.0-service: ashmem_create_region(32768) returning hidl_memory(0xa75177d0, 32768)
2020-04-29 16:23:52.627 201-201/? I/chatty: uid=1000(system) allocator@1.0-s identical 2 lines
2020-04-29 16:23:52.628 201-201/? W//system/bin/hw/android.hidl.allocator@1.0-service: ashmem_create_region(32768) returning hidl_memory(0xa75177d0, 32768)
2020-04-29 16:23:52.629 1674-1718/? I/CameraManager: Using legacy camera HAL.
2020-04-29 16:23:52.629 201-201/? W//system/bin/hw/android.hidl.allocator@1.0-service: ashmem_create_region(32768) returning hidl_memory(0xa75177d0, 32768)
2020-04-29 16:23:52.643 201-201/? I/chatty: uid=1000(system) allocator@1.0-s identical 6 lines
2020-04-29 16:23:52.644 201-201/? W//system/bin/hw/android.hidl.allocator@1.0-service: ashmem_create_region(32768) returning hidl_memory(0xa75177d0, 32768)
2020-04-29 16:23:52.661 1630-1630/? I/CameraService: CameraService::connect call (PID -1 "com.android.camera2", camera ID 0) for HAL version default and Camera API version 1
2020-04-29 16:23:52.662 245-1564/? D/NuPlayerDriver: NuPlayerDriver(0xac413a80) created, clientPid(1630)
2020-04-29 16:23:52.692 245-1740/? D/NuPlayerDriver: notifyListener_l(0xac413a80), (1, 0, 0, -1), loop setting(0, 0)
2020-04-29 16:23:52.693 245-1564/? D/NuPlayerDriver: NuPlayerDriver(0xac413b00) created, clientPid(1630)
2020-04-29 16:23:52.714 245-1742/? D/NuPlayerDriver: notifyListener_l(0xac413b00), (1, 0, 0, -1), loop setting(0, 0)
2020-04-29 16:23:52.714 245-1564/? D/NuPlayerDriver: NuPlayerDriver(0xac413b80) created, clientPid(1630)
2020-04-29 16:23:52.720 1674-1719/com.android.camera2 D/CAM_MemoryQuery: timestamp=401678, availMem=1651, totalMem=2010, totalPSS=15, lastTrimLevel=0, largeMemoryClass=512, nativePSS=2, dalvikPSS=1, otherPSS=11,threshold=144, lowMemory=false
2020-04-29 16:23:52.727 245-1744/? D/NuPlayerDriver: notifyListener_l(0xac413b80), (1, 0, 0, -1), loop setting(0, 0)
2020-04-29 16:23:52.729 1630-1630/? I/CameraHardwareInterface: Opening camera 0
2020-04-29 16:23:52.729 1623-1623/? I/CamDev@1.0-impl: Opening camera 0
2020-04-29 16:23:52.729 1623-1623/? E/CameraHal: (abcf44a4) hardware/ti/dra7xx/camera/CameraHal_Module.cpp:634 camera_device_open - CameraHal_Module: ******************* 1 *******************
2020-04-29 16:23:52.729 1623-1623/? I/CameraHal: (abcf44a4) hardware/ti/dra7xx/camera/CameraHal_Module.cpp:638 camera_device_open - camera_device open
2020-04-29 16:23:52.729 1623-1623/? E/CameraHal: (abcf44a4) hardware/ti/dra7xx/camera/CameraHal.cpp:126 getSocFamily - '/sys/board_properties/soc/family' Not Available
2020-04-29 16:23:52.729 1623-1623/? D/CameraHal: (abcf44a4) hardware/ti/dra7xx/camera/CameraParameters.cpp:214 dump - ================================
2020-04-29 16:23:52.729 1623-1623/? D/CameraHal: (abcf44a4) hardware/ti/dra7xx/camera/CameraParameters.cpp:215 dump - Dumping properties for camera: 0
2020-04-29 16:23:52.729 1623-1623/? D/CameraHal: (abcf44a4) hardware/ti/dra7xx/camera/CameraParameters.cpp:220 dump - prop-antibanding-values = auto
2020-04-29 16:23:52.729 1623-1623/? D/CameraHal: (abcf44a4) hardware/ti/dra7xx/camera/CameraParameters.cpp:220 dump - prop-camera-name = USBCAMERA
2020-04-29 16:23:52.729 1623-1623/? D/CameraHal: (abcf44a4) hardware/ti/dra7xx/camera/CameraParameters.cpp:220 dump - prop-effect-values = none
2020-04-29 16:23:52.729 1623-1623/? D/CameraHal: (abcf44a4) hardware/ti/dra7xx/camera/CameraParameters.cpp:220 dump - prop-exposure-mode-values = auto
2020-04-29 16:23:52.729 1623-1623/? D/CameraHal: (abcf44a4) hardware/ti/dra7xx/camera/CameraParameters.cpp:220 dump - prop-facing = back
2020-04-29 16:23:52.729 1623-1623/? D/CameraHal: (abcf44a4) hardware/ti/dra7xx/camera/CameraParameters.cpp:220 dump - prop-flash-mode-values = off
2020-04-29 16:23:52.729 1623-1623/? D/CameraHal: (abcf44a4) hardware/ti/dra7xx/camera/CameraParameters.cpp:220 dump - prop-focal-length = 1
2020-04-29 16:23:52.729 1623-1623/? D/CameraHal: (abcf44a4) hardware/ti/dra7xx/camera/CameraParameters.cpp:220 dump - prop-focus-mode-default = fixed
2020-04-29 16:23:52.729 1623-1623/? D/CameraHal: (abcf44a4) hardware/ti/dra7xx/camera/CameraParameters.cpp:220 dump - prop-focus-mode-values = fixed
2020-04-29 16:23:52.729 1623-1623/? D/CameraHal: (abcf44a4) hardware/ti/dra7xx/camera/CameraParameters.cpp:220 dump - prop-framerate-range-default = (30000,30000)
2020-04-29 16:23:52.729 1623-1623/? D/CameraHal: (abcf44a4) hardware/ti/dra7xx/camera/CameraParameters.cpp:220 dump - prop-framerate-range-values =
2020-04-29 16:23:52.729 1623-1623/? D/CameraHal: (abcf44a4) hardware/ti/dra7xx/camera/CameraParameters.cpp:220 dump - prop-horizontal-angle = 170
2020-04-29 16:23:52.729 1623-1623/? D/CameraHal: (abcf44a4) hardware/ti/dra7xx/camera/CameraParameters.cpp:220 dump - prop-ipp-values = ldc-nsf
2020-04-29 16:23:52.729 1623-1623/? D/CameraHal: (abcf44a4) hardware/ti/dra7xx/camera/CameraParameters.cpp:220 dump - prop-iso-mode-values = auto
2020-04-29 16:23:52.729 1623-1623/? D/CameraHal: (abcf44a4) hardware/ti/dra7xx/camera/CameraParameters.cpp:220 dump - prop-jpeg-quality-default = 90
2020-04-29 16:23:52.729 1623-1623/? D/CameraHal: (abcf44a4) hardware/ti/dra7xx/camera/CameraParameters.cpp:220 dump - prop-jpeg-thumbnail-quality-default = 50
2020-04-29 16:23:52.729 1623-1623/? D/CameraHal: (abcf44a4) hardware/ti/dra7xx/camera/CameraParameters.cpp:220 dump - prop-jpeg-thumbnail-size-default = 320x240
2020-04-29 16:23:52.729 1623-1623/? D/CameraHal: (abcf44a4) hardware/ti/dra7xx/camera/CameraParameters.cpp:220 dump - prop-jpeg-thumbnail-size-values = 0x0,320x240
2020-04-29 16:23:52.729 1623-1623/? D/CameraHal: (abcf44a4) hardware/ti/dra7xx/camera/CameraParameters.cpp:220 dump - prop-max-fd-hw-faces = 0
2020-04-29 16:23:52.729 1623-1623/? D/CameraHal: (abcf44a4) hardware/ti/dra7xx/camera/CameraParameters.cpp:220 dump - prop-orientation = 0
2020-04-29 16:23:52.729 1623-1623/? D/CameraHal: (abcf44a4) hardware/ti/dra7xx/camera/CameraParameters.cpp:220 dump - prop-picture-format-default = jpeg
2020-04-29 16:23:52.729 1623-1623/? D/CameraHal: (abcf44a4) hardware/ti/dra7xx/camera/CameraParameters.cpp:220 dump - prop-picture-format-values = jpeg
2020-04-29 16:23:52.729 1623-1623/? D/CameraHal: (abcf44a4) hardware/ti/dra7xx/camera/CameraParameters.cpp:220 dump - prop-picture-size-default = 1280x720
2020-04-29 16:23:52.729 1623-1623/? D/CameraHal: (abcf44a4) hardware/ti/dra7xx/camera/CameraParameters.cpp:220 dump - prop-picture-size-values = 1280x800,1280x720,752x480,640x480,600x400,352x288,320x240
2020-04-29 16:23:52.729 1623-1623/? D/CameraHal: (abcf44a4) hardware/ti/dra7xx/camera/CameraParameters.cpp:220 dump - prop-preview-format-default = yuv420sp
2020-04-29 16:23:52.729 1623-1623/? D/CameraHal: (abcf44a4) hardware/ti/dra7xx/camera/CameraParameters.cpp:220 dump - prop-preview-format-values = yuv420sp
2020-04-29 16:23:52.729 1623-1623/? D/CameraHal: (abcf44a4) hardware/ti/dra7xx/camera/CameraParameters.cpp:220 dump - prop-preview-frame-rate-default = 30
2020-04-29 16:23:52.729 1623-1623/? D/CameraHal: (abcf44a4) hardware/ti/dra7xx/camera/CameraParameters.cpp:220 dump - prop-preview-frame-rate-values =
2020-04-29 16:23:52.729 1623-1623/? D/CameraHal: (abcf44a4) hardware/ti/dra7xx/camera/CameraParameters.cpp:220 dump - prop-preview-size-default = 1280x720
2020-04-29 16:23:52.729 1623-1623/? D/CameraHal: (abcf44a4) hardware/ti/dra7xx/camera/CameraParameters.cpp:220 dump - prop-preview-size-values = 1280x800,1280x720,752x480,640x480,600x400,352x288,320x240
2020-04-29 16:23:52.729 1623-1623/? D/CameraHal: (abcf44a4) hardware/ti/dra7xx/camera/CameraParameters.cpp:220 dump - prop-preview-subsampled-size-values = 1280x800,1280x720,752x480,640x480,600x400,352x288,320x240
2020-04-29 16:23:52.729 1623-1623/? D/CameraHal: (abcf44a4) hardware/ti/dra7xx/camera/CameraParameters.cpp:220 dump - prop-required-preview-bufs = 8
2020-04-29 16:23:52.729 1623-1623/? D/CameraHal: (abcf44a4) hardware/ti/dra7xx/camera/CameraParameters.cpp:220 dump - prop-s3d-prv-frame-layout = none
2020-04-29 16:23:52.729 1623-1623/? D/CameraHal: (abcf44a4) hardware/ti/dra7xx/camera/CameraParameters.cpp:220 dump - prop-sensor-index = 0
2020-04-29 16:23:52.729 1623-1623/? D/CameraHal: (abcf44a4) hardware/ti/dra7xx/camera/CameraParameters.cpp:220 dump - prop-vertical-angle = 170
2020-04-29 16:23:52.730 1623-1623/? D/CameraHal: (abcf44a4) hardware/ti/dra7xx/camera/CameraParameters.cpp:220 dump - prop-vnf-default = false
2020-04-29 16:23:52.730 1623-1623/? D/CameraHal: (abcf44a4) hardware/ti/dra7xx/camera/CameraParameters.cpp:220 dump - prop-vstab-default = false
2020-04-29 16:23:52.730 1623-1623/? D/CameraHal: (abcf44a4) hardware/ti/dra7xx/camera/CameraParameters.cpp:220 dump - prop-zoom-default = 1
2020-04-29 16:23:52.730 1623-1623/? D/CameraHal: (abcf44a4) hardware/ti/dra7xx/camera/CameraParameters.cpp:220 dump - prop-zoom-ratios = 1
2020-04-29 16:23:52.730 1623-1623/? D/CameraHal: (abcf44a4) hardware/ti/dra7xx/camera/CameraParameters.cpp:220 dump - prop-zoom-stages = 1
2020-04-29 16:23:52.730 1623-1623/? D/CameraHal: (abcf44a4) hardware/ti/dra7xx/camera/CameraParameters.cpp:220 dump - prop-zoom-supported = false
2020-04-29 16:23:52.730 1623-1623/? D/CameraHal: (abcf44a4) hardware/ti/dra7xx/camera/CameraParameters.cpp:220 dump - sensor-orientation = 0
2020-04-29 16:23:52.730 1623-1623/? D/CameraHal: (abcf44a4) hardware/ti/dra7xx/camera/CameraParameters.cpp:223 dump - --------------------------------
2020-04-29 16:23:52.730 1623-1623/? D/CameraHal: (abcf44a4) hardware/ti/dra7xx/camera/CameraHal.cpp:4139 initialize - Sensor index= 0; Sensor name= USBCAMERA
2020-04-29 16:23:52.730 1623-1623/? E/CameraHal: Error while adapter initialization: video capture not supported.
2020-04-29 16:23:52.730 1623-1623/? E/CameraHal: Found VPE M2M device /dev/video0!!!
2020-04-29 16:23:52.730 1623-1623/? D/CameraHal: (abcf44a4) hardware/ti/dra7xx/camera/V4LCameraAdapter/V4LCameraAdapter.cpp:1212 V4LCameraAdapter_Factory - New V4L Camera adapter instance created for sensor 0
2020-04-29 16:23:52.730 1623-1623/? D/CameraHal: (abcf44a4) hardware/ti/dra7xx/camera/AppCallbackNotifier.cpp:1656 start - --> AppCallbackNotifier NOTIFIER_STARTED
2020-04-29 16:23:52.730 1623-1623/? D/CameraHal: (abcf44a4) hardware/ti/dra7xx/camera/CameraHal.cpp:4209 initialize - Started AppCallbackNotifier..
2020-04-29 16:23:52.731 1623-1623/? D/CameraHal: (abcf44a4) hardware/ti/dra7xx/camera/CameraHal.cpp:411 setParameters - PreviewFormat set yuv420sp
2020-04-29 16:23:52.731 1623-1623/? D/CameraHal: (abcf44a4) hardware/ti/dra7xx/camera/CameraHal.cpp:572 setParameters - Recording Hint is set to NULL
2020-04-29 16:23:52.731 1623-1623/? D/CameraHal: (abcf44a4) hardware/ti/dra7xx/camera/CameraHal.cpp:593 setParameters - Preview Resolution: 1280 x 720
2020-04-29 16:23:52.731 1623-1623/? D/CameraHal: (abcf44a4) hardware/ti/dra7xx/camera/CameraHal.cpp:597 setParameters - Focus mode set fixed
2020-04-29 16:23:52.731 1623-1623/? D/CameraHal: (abcf44a4) hardware/ti/dra7xx/camera/CameraHal.cpp:641 setParameters - Picture Size by App 1280 x 720
2020-04-29 16:23:52.731 1623-1623/? D/CameraHal: (abcf44a4) hardware/ti/dra7xx/camera/CameraHal.cpp:1000 setParameters - Jpeg quality set 90
2020-04-29 16:23:52.731 1623-1623/? D/CameraHal: (abcf44a4) hardware/ti/dra7xx/camera/CameraHal.cpp:1006 setParameters - Thumbnail width set 320
2020-04-29 16:23:52.731 1623-1623/? D/CameraHal: (abcf44a4) hardware/ti/dra7xx/camera/CameraHal.cpp:1012 setParameters - Thumbnail width set 240
2020-04-29 16:23:52.731 1623-1623/? D/CameraHal: (abcf44a4) hardware/ti/dra7xx/camera/CameraHal.cpp:1018 setParameters - Thumbnail quality set 50
2020-04-29 16:23:52.731 1623-1623/? D/CameraHal: (abcf44a4) hardware/ti/dra7xx/camera/CameraHal.cpp:1125 setParameters - Zoom set 1
2020-04-29 16:23:52.731 1623-1623/? D/CameraHal: (abcf44a4) hardware/ti/dra7xx/camera/CameraHal.cpp:1172 setParameters - External Gamma set false
2020-04-29 16:23:52.731 1623-1623/? D/CameraHal: (abcf44a4) hardware/ti/dra7xx/camera/CameraHal.cpp:1178 setParameters - NSF1 set true
2020-04-29 16:23:52.731 1623-1623/? D/CameraHal: (abcf44a4) hardware/ti/dra7xx/camera/CameraHal.cpp:1184 setParameters - NSF2 set true
2020-04-29 16:23:52.731 1623-1623/? D/CameraHal: (abcf44a4) hardware/ti/dra7xx/camera/CameraHal.cpp:1190 setParameters - Sharpening set true
2020-04-29 16:23:52.731 1623-1623/? D/CameraHal: (abcf44a4) hardware/ti/dra7xx/camera/CameraHal.cpp:1196 setParameters - Color Conversion set true
2020-04-29 16:23:52.731 1623-1623/? D/CameraHal: (abcf44a4) hardware/ti/dra7xx/camera/CameraHal.cpp:1202 setParameters - Green Inballance Correction set true
2020-04-29 16:23:52.731 1623-1623/? D/CameraHal: (abcf44a4) hardware/ti/dra7xx/camera/V4LCameraAdapter/V4LCameraAdapter.cpp:456 setParameters - Width * Height 1280 x 720 format 0x56595559
2020-04-29 16:23:52.731 1623-1623/? D/CameraHal: (abcf44a4) hardware/ti/dra7xx/camera/V4LCameraAdapter/V4LCameraAdapter.cpp:218 v4lSetFormat - Width * Height 1280 x 720 format 0x56595559
2020-04-29 16:23:52.745 1623-1623/? D/CameraHal: (abcf44a4) hardware/ti/dra7xx/camera/V4LCameraAdapter/V4LCameraAdapter.cpp:244 v4lSetFormat - VIDIOC_G_FMT : WxH = 1280x720
2020-04-29 16:23:52.745 1623-1623/? D/CameraHal: (abcf44a4) hardware/ti/dra7xx/camera/V4LCameraAdapter/V4LCameraAdapter.cpp:245 v4lSetFormat - ### Using: WxH = 1280x720 pixelformat=0x56595559
2020-04-29 16:23:52.745 1623-1623/? D/CameraHal: (abcf44a4) hardware/ti/dra7xx/camera/V4LCameraAdapter/V4LCameraAdapter.cpp:246 v4lSetFormat - ### Using: bytesperline=2560 sizeimage=1843200 colorspace=0x1
2020-04-29 16:23:52.745 1623-1623/? D/CameraHal: (abcf44a4) hardware/ti/dra7xx/camera/V4LCameraAdapter/V4LCameraAdapter.cpp:465 setParameters - Current fps is 0 new fps is (30000,30000)
2020-04-29 16:23:52.745 1630-1631/? I/CameraHardwareInterface: Destroying camera 0
2020-04-29 16:23:52.745 1623-1623/? D/CameraHal: (abcf44a4) hardware/ti/dra7xx/camera/CameraHal.cpp:286 enableMsgType - Preview callback not enabled 409
2020-04-29 16:23:52.756 1674-1718/com.android.camera2 W/LegacyMetadataMapper: No AWB modes supported (HAL bug); defaulting to AWB_MODE_AUTO only
2020-04-29 16:23:52.763 1674-1718/com.android.camera2 I/CAM_Profiler: [188.657ms] GUARD: CaptureModule.openCameraAndStartPreview() - [186.307ms] mOneCameraOpener.open()
2020-04-29 16:23:52.764 1674-1718/com.android.camera2 I/CAM_Profiler: [188.657ms] GUARD: CaptureModule.openCameraAndStartPreview() - STOP
2020-04-29 16:23:52.765 1674-1707/com.android.camera2 W/LegacyMetadataMapper: No AWB modes supported (HAL bug); defaulting to AWB_MODE_AUTO only
2020-04-29 16:23:52.772 1674-1707/com.android.camera2 I/CAM_OneCamCreator: Camera support level: LEGACY_JPEG
2020-04-29 16:23:52.774 1674-1707/com.android.camera2 I/CAM_OneCamCreator: Picture Size Configuration: PictureSizeCalculator.Configuration{native size=1280x800, crop=Rect(0, 0 - 1280, 800)}
2020-04-29 16:23:52.779 1674-1707/com.android.camera2 D/CAM_CaptureModule: onCameraOpened: com.android.camera.one.v2.initialization.GenericOneCameraImpl@ab054c4
2020-04-29 16:23:52.780 1674-1707/com.android.camera2 D/CAM_CaptureModule: starting preview ...
2020-04-29 16:23:52.790 1674-1674/com.android.camera2 W/CAM_IndicatorIconCtrlr: Trying to sync a pano indicator that is not initialized.
2020-04-29 16:23:52.796 1674-1707/com.android.camera2 I/CameraDeviceState: Legacy camera service transitioning to state CONFIGURING
2020-04-29 16:23:52.797 1674-1749/com.android.camera2 I/RequestThread-0: Configure outputs: 2 surfaces configured.
2020-04-29 16:23:52.797 1674-1749/com.android.camera2 D/Camera: app passed NULL surface
2020-04-29 16:23:52.800 1674-1749/com.android.camera2 I/RequestThread-0: configureOutputs - set take picture size to 1280x800
2020-04-29 16:23:52.829 1623-1623/? D/CameraHal: (abcf44a4) hardware/ti/dra7xx/camera/CameraHal.cpp:411 setParameters - PreviewFormat set yuv420sp
2020-04-29 16:23:52.829 1623-1623/? D/CameraHal: (abcf44a4) hardware/ti/dra7xx/camera/CameraHal.cpp:572 setParameters - Recording Hint is set to NULL
2020-04-29 16:23:52.829 1623-1623/? D/CameraHal: (abcf44a4) hardware/ti/dra7xx/camera/CameraHal.cpp:593 setParameters - Preview Resolution: 1280 x 800
2020-04-29 16:23:52.829 1623-1623/? D/CameraHal: (abcf44a4) hardware/ti/dra7xx/camera/CameraHal.cpp:597 setParameters - Focus mode set fixed
2020-04-29 16:23:52.830 1623-1623/? D/CameraHal: (abcf44a4) hardware/ti/dra7xx/camera/CameraHal.cpp:641 setParameters - Picture Size by App 1280 x 800
2020-04-29 16:23:52.830 1623-1623/? D/CameraHal: (abcf44a4) hardware/ti/dra7xx/camera/CameraHal.cpp:1000 setParameters - Jpeg quality set 90
2020-04-29 16:23:52.830 1623-1623/? D/CameraHal: (abcf44a4) hardware/ti/dra7xx/camera/CameraHal.cpp:1006 setParameters - Thumbnail width set 320
2020-04-29 16:23:52.830 1623-1623/? D/CameraHal: (abcf44a4) hardware/ti/dra7xx/camera/CameraHal.cpp:1012 setParameters - Thumbnail width set 240
2020-04-29 16:23:52.830 1623-1623/? D/CameraHal: (abcf44a4) hardware/ti/dra7xx/camera/CameraHal.cpp:1018 setParameters - Thumbnail quality set 50
2020-04-29 16:23:52.830 1623-1623/? D/CameraHal: (abcf44a4) hardware/ti/dra7xx/camera/CameraHal.cpp:1125 setParameters - Zoom set 1
2020-04-29 16:23:52.830 1623-1623/? D/CameraHal: (abcf44a4) hardware/ti/dra7xx/camera/CameraHal.cpp:1172 setParameters - External Gamma set false
2020-04-29 16:23:52.830 1623-1623/? D/CameraHal: (abcf44a4) hardware/ti/dra7xx/camera/CameraHal.cpp:1178 setParameters - NSF1 set true
2020-04-29 16:23:52.830 1623-1623/? D/CameraHal: (abcf44a4) hardware/ti/dra7xx/camera/CameraHal.cpp:1184 setParameters - NSF2 set true
2020-04-29 16:23:52.830 1623-1623/? D/CameraHal: (abcf44a4) hardware/ti/dra7xx/camera/CameraHal.cpp:1190 setParameters - Sharpening set true
2020-04-29 16:23:52.830 1623-1623/? D/CameraHal: (abcf44a4) hardware/ti/dra7xx/camera/CameraHal.cpp:1196 setParameters - Color Conversion set true
2020-04-29 16:23:52.830 1623-1623/? D/CameraHal: (abcf44a4) hardware/ti/dra7xx/camera/CameraHal.cpp:1202 setParameters - Green Inballance Correction set true
2020-04-29 16:23:52.830 1623-1623/? D/CameraHal: (abcf44a4) hardware/ti/dra7xx/camera/V4LCameraAdapter/V4LCameraAdapter.cpp:456 setParameters - Width * Height 1280 x 800 format 0x56595559
2020-04-29 16:23:52.830 1623-1623/? D/CameraHal: (abcf44a4) hardware/ti/dra7xx/camera/V4LCameraAdapter/V4LCameraAdapter.cpp:218 v4lSetFormat - Width * Height 1280 x 800 format 0x56595559
2020-04-29 16:23:52.843 1623-1623/? D/CameraHal: (abcf44a4) hardware/ti/dra7xx/camera/V4LCameraAdapter/V4LCameraAdapter.cpp:244 v4lSetFormat - VIDIOC_G_FMT : WxH = 1280x800
2020-04-29 16:23:52.843 1623-1623/? D/CameraHal: (abcf44a4) hardware/ti/dra7xx/camera/V4LCameraAdapter/V4LCameraAdapter.cpp:245 v4lSetFormat - ### Using: WxH = 1280x800 pixelformat=0x56595559
2020-04-29 16:23:52.843 1623-1623/? D/CameraHal: (abcf44a4) hardware/ti/dra7xx/camera/V4LCameraAdapter/V4LCameraAdapter.cpp:246 v4lSetFormat - ### Using: bytesperline=2560 sizeimage=2048000 colorspace=0x1
2020-04-29 16:23:52.843 1623-1623/? D/CameraHal: (abcf44a4) hardware/ti/dra7xx/camera/V4LCameraAdapter/V4LCameraAdapter.cpp:465 setParameters - Current fps is 30000 new fps is (30000,30000)
2020-04-29 16:23:52.844 1674-1707/com.android.camera2 I/CameraDeviceState: Legacy camera service transitioning to state IDLE
2020-04-29 16:23:52.857 1674-1754/com.android.camera2 D/CAM_CommandExecutor: Executing command: com.android.camera.one.v2.commands.PreviewCommand@4ffcf90 START
2020-04-29 16:23:52.857 1674-1674/com.android.camera2 D/CAM_CaptureModule: Ready for capture.
2020-04-29 16:23:52.862 1674-1754/com.android.camera2 I/RequestQueue: Repeating capture request set.
2020-04-29 16:23:52.865 1674-1749/com.android.camera2 W/LegacyRequestMapper: convertRequestMetadata - control.awbRegions setting is not supported, ignoring value
2020-04-29 16:23:52.865 1674-1754/com.android.camera2 D/CAM_CommandExecutor: Executing command: com.android.camera.one.v2.commands.PreviewCommand@4ffcf90 END
2020-04-29 16:23:52.866 1674-1749/com.android.camera2 W/LegacyRequestMapper: mapAeAndFlashMode - Ignore control.aeMode == ON_AUTO_FLASH;camera does not support it
2020-04-29 16:23:52.867 1674-1749/com.android.camera2 W/LegacyMetadataMapper: convertAfModeToLegacy - ignoring unsupported mode 4, defaulting to fixed
2020-04-29 16:23:52.867 1674-1749/com.android.camera2 W/LegacyRequestMapper: convertRequestToMetadata - Ignoring android.lens.focusDistance false, only 0.0f is supported
2020-04-29 16:23:52.872 1623-1623/? D/CameraHal: (abcf44a4) hardware/ti/dra7xx/camera/CameraHal.cpp:411 setParameters - PreviewFormat set yuv420sp
2020-04-29 16:23:52.872 1623-1623/? D/CameraHal: (abcf44a4) hardware/ti/dra7xx/camera/CameraHal.cpp:548 setParameters - Recording Hint is set to false
2020-04-29 16:23:52.872 1623-1623/? D/CameraHal: (abcf44a4) hardware/ti/dra7xx/camera/CameraHal.cpp:593 setParameters - Preview Resolution: 1280 x 800
2020-04-29 16:23:52.872 1623-1623/? D/CameraHal: (abcf44a4) hardware/ti/dra7xx/camera/CameraHal.cpp:597 setParameters - Focus mode set fixed
2020-04-29 16:23:52.872 1623-1623/? D/CameraHal: (abcf44a4) hardware/ti/dra7xx/camera/CameraHal.cpp:641 setParameters - Picture Size by App 1280 x 800
2020-04-29 16:23:52.872 1623-1623/? D/CameraHal: (abcf44a4) hardware/ti/dra7xx/camera/CameraHal.cpp:905 setParameters - Antibanding set auto
2020-04-29 16:23:52.872 1623-1623/? D/CameraHal: (abcf44a4) hardware/ti/dra7xx/camera/CameraHal.cpp:955 setParameters - Exposure compensation set 0
2020-04-29 16:23:52.872 1623-1623/? D/CameraHal: (abcf44a4) hardware/ti/dra7xx/camera/CameraHal.cpp:984 setParameters - Effect set none
2020-04-29 16:23:52.872 1623-1623/? D/CameraHal: (abcf44a4) hardware/ti/dra7xx/camera/CameraHal.cpp:994 setParameters - Rotation set 0
2020-04-29 16:23:52.872 1623-1623/? D/CameraHal: (abcf44a4) hardware/ti/dra7xx/camera/CameraHal.cpp:1000 setParameters - Jpeg quality set 85
2020-04-29 16:23:52.872 1623-1623/? D/CameraHal: (abcf44a4) hardware/ti/dra7xx/camera/CameraHal.cpp:1006 setParameters - Thumbnail width set 320
2020-04-29 16:23:52.872 1623-1623/? D/CameraHal: (abcf44a4) hardware/ti/dra7xx/camera/CameraHal.cpp:1012 setParameters - Thumbnail width set 240
2020-04-29 16:23:52.872 1623-1623/? D/CameraHal: (abcf44a4) hardware/ti/dra7xx/camera/CameraHal.cpp:1018 setParameters - Thumbnail quality set 85
2020-04-29 16:23:52.872 1623-1623/? D/CameraHal: (abcf44a4) hardware/ti/dra7xx/camera/CameraHal.cpp:1125 setParameters - Zoom set 1
2020-04-29 16:23:52.873 1623-1623/? D/CameraHal: (abcf44a4) hardware/ti/dra7xx/camera/CameraHal.cpp:1172 setParameters - External Gamma set false
2020-04-29 16:23:52.873 1623-1623/? D/CameraHal: (abcf44a4) hardware/ti/dra7xx/camera/CameraHal.cpp:1178 setParameters - NSF1 set true
2020-04-29 16:23:52.873 1623-1623/? D/CameraHal: (abcf44a4) hardware/ti/dra7xx/camera/CameraHal.cpp:1184 setParameters - NSF2 set true
2020-04-29 16:23:52.873 1623-1623/? D/CameraHal: (abcf44a4) hardware/ti/dra7xx/camera/CameraHal.cpp:1190 setParameters - Sharpening set true
2020-04-29 16:23:52.873 1623-1623/? D/CameraHal: (abcf44a4) hardware/ti/dra7xx/camera/CameraHal.cpp:1196 setParameters - Color Conversion set true
2020-04-29 16:23:52.873 1623-1623/? D/CameraHal: (abcf44a4) hardware/ti/dra7xx/camera/CameraHal.cpp:1202 setParameters - Green Inballance Correction set true
