09-30 05:50:09.435 422 422 E android.hardware.memtrack-service.img: Failed to open /proc/1/fdinfo directory: No such file or directory
09-30 05:50:09.435 422 422 W IMGMemtrackHAL: getMemoryRecords:543 Failed to read dmabuf fd references for pid 1
09-30 05:50:09.436 527 587 I system_server: Using smaps_rollup for pss collection
09-30 05:50:05.512 1122 1122 I getprop : type=1400 audit(0.0:831): avc: denied { map } for path="/dev/__properties__/u:object_r:cold_boot_done_prop:s0" dev="tmpfs" ino=76 scontext=u:r:shell:s0 tcontext=u:object_r:cold_boot_done_prop:s0 tclass=file permissive=1
09-30 05:50:09.439 527 960 V StorageManagerService: Found primary storage at VolumeInfo{emulated;0}:
09-30 05:50:09.439 527 960 V StorageManagerService: type=EMULATED diskId=null partGuid= mountFlags=0 mountUserId=0
09-30 05:50:09.439 527 960 V StorageManagerService: state=UNMOUNTED
09-30 05:50:09.439 527 960 V StorageManagerService: fsType=null fsUuid=null fsLabel=null
09-30 05:50:09.439 527 960 V StorageManagerService: path=null internalPath=null
09-30 05:50:09.442 527 652 I StorageManagerService: Mounting volume VolumeInfo{emulated;0}:
09-30 05:50:09.442 527 652 I StorageManagerService: type=EMULATED diskId=null partGuid= mountFlags=PRIMARY|VISIBLE
09-30 05:50:09.442 527 652 I StorageManagerService: mountUserId=0 state=UNMOUNTED
09-30 05:50:09.442 527 652 I StorageManagerService: fsType=null fsUuid=null fsLabel=null
09-30 05:50:09.442 527 652 I StorageManagerService: path=null internalPath=null
09-30 05:50:09.443 422 422 E android.hardware.memtrack-service.img: Failed to open /proc/172/fdinfo directory: No such file or directory
09-30 05:50:09.443 422 422 W IMGMemtrackHAL: getMemoryRecords:543 Failed to read dmabuf fd references for pid 172
09-30 05:50:09.447 422 422 E android.hardware.memtrack-service.img: Failed to open /proc/175/fdinfo directory: No such file or directory
09-30 05:50:09.447 422 422 W IMGMemtrackHAL: getMemoryRecords:543 Failed to read dmabuf fd references for pid 175
09-30 05:50:09.452 422 422 E android.hardware.memtrack-service.img: Failed to open /proc/209/fdinfo directory: No such file or directory
09-30 05:50:09.452 422 422 W IMGMemtrackHAL: getMemoryRecords:543 Failed to read dmabuf fd references for pid 209
09-30 05:50:09.456 422 422 E android.hardware.memtrack-service.img: Failed to open /proc/210/fdinfo directory: No such file or directory
09-30 05:50:09.456 422 422 W IMGMemtrackHAL: getMemoryRecords:543 Failed to read dmabuf fd references for pid 210
09-30 05:50:09.461 807 807 W AudioManager: attempt to call registerAudioRecordingCallback() on a previouslyregistered callback
09-30 05:50:09.479 422 422 E android.hardware.memtrack-service.img: Failed to open /proc/219/fdinfo directory: No such file or directory
09-30 05:50:09.479 422 422 W IMGMemtrackHAL: getMemoryRecords:543 Failed to read dmabuf fd references for pid 219
09-30 05:50:09.483 422 422 E android.hardware.memtrack-service.img: Failed to open /proc/220/fdinfo directory: No such file or directory
09-30 05:50:09.483 422 422 W IMGMemtrackHAL: getMemoryRecords:543 Failed to read dmabuf fd references for pid 220
09-30 05:50:09.485 807 807 V KeyguardUpdateMonitor: onSubscriptionInfoChanged()
09-30 05:50:05.512 1122 1122 I getprop : type=1400 audit(0.0:832): avc: denied { open } for path="/dev/__properties__/u:object_r:cpu_variant_prop:s0" dev="tmpfs" ino=79 scontext=u:r:shell:s0 tcontext=u:object_r:cpu_variant_prop:s0 tclass=file permissive=1
09-30 05:50:09.491 422 422 E android.hardware.memtrack-service.img: Failed to open /proc/226/fdinfo directory: No such file or directory
09-30 05:50:09.492 422 422 W IMGMemtrackHAL: getMemoryRecords:543 Failed to read dmabuf fd references for pid 226
09-30 05:50:09.495 422 422 E android.hardware.memtrack-service.img: Failed to open /proc/227/fdinfo directory: No such file or directory
09-30 05:50:09.495 422 422 W IMGMemtrackHAL: getMemoryRecords:543 Failed to read dmabuf fd references for pid 227
09-30 05:50:09.496 1153 1153 I InputAttributes: InputType.TYPE_NULL is specified
09-30 05:50:09.508 422 422 E android.hardware.memtrack-service.img: Failed to open /proc/231/fdinfo directory: No such file or directory
09-30 05:50:09.508 422 422 W IMGMemtrackHAL: getMemoryRecords:543 Failed to read dmabuf fd references for pid 231
09-30 05:50:09.511 422 422 E android.hardware.memtrack-service.img: Failed to open /proc/232/fdinfo directory: No such file or directory
09-30 05:50:09.511 422 422 W IMGMemtrackHAL: getMemoryRecords:543 Failed to read dmabuf fd references for pid 232
09-30 05:50:09.516 422 422 E android.hardware.memtrack-service.img: Failed to open /proc/254/fdinfo directory: No such file or directory
09-30 05:50:09.516 422 422 W IMGMemtrackHAL: getMemoryRecords:543 Failed to read dmabuf fd references for pid 254
09-30 05:50:09.519 807 1104 I OpenGLRenderer: Davey! duration=3441ms; Flags=0, FrameTimelineVsyncId=639, IntendedVsync=49487916239, Vsync=52421249455, InputEventId=0, HandleInputStart=52432121975, AnimationStart=52432125110, PerformTraversalsStart=52437485790, DrawStart=52877154170, FrameDeadline=49521249571, FrameInterval=52431770400, FrameStartTime=16666666, SyncQueued=52893030505, SyncStart=52904833545, IssueDrawCommandsStart=52905074905, SwapBuffers=52937919510, FrameCompleted=52941047755, DequeueBufferDuration=0, QueueBufferDuration=1967595, GpuCompleted=52938752600, SwapBuffersCompleted=52941047755, DisplayPresentTime=0,
09-30 05:50:05.512 1122 1122 I getprop : type=1400 audit(0.0:833): avc: denied { getattr } for path="/dev/__properties__/u:object_r:cpu_variant_prop:s0" dev="tmpfs" ino=79 scontext=u:r:shell:s0 tcontext=u:object_r:cpu_variant_prop:s0 tclass=file permissive=1
09-30 05:50:09.529 422 422 E android.hardware.memtrack-service.img: Failed to open /proc/255/fdinfo directory: No such file or directory
09-30 05:50:09.529 422 422 W IMGMemtrackHAL: getMemoryRecords:543 Failed to read dmabuf fd references for pid 255
09-30 05:50:09.538 220 220 D vold : DISK mbr
09-30 05:50:09.538 220 220 D vold : PART 1 c
09-30 05:50:09.547 527 579 W Looper : Drained
09-30 05:50:09.548 422 422 E android.hardware.memtrack-service.img: Failed to open /proc/256/fdinfo directory: No such file or directory
09-30 05:50:09.549 422 422 W IMGMemtrackHAL: getMemoryRecords:543 Failed to read dmabuf fd references for pid 256
09-30 05:50:09.554 220 1192 I vold : Mounting emulated fuse volume
09-30 05:50:05.512 1122 1122 I getprop : type=1400 audit(0.0:834): avc: denied { map } for path="/dev/__properties__/u:object_r:cpu_variant_prop:s0" dev="tmpfs" ino=79 scontext=u:r:shell:s0 tcontext=u:object_r:cpu_variant_prop:s0 tclass=file permissive=1
09-30 05:50:05.512 1122 1122 I getprop : type=1400 audit(0.0:835): avc: denied { open } for path="/dev/__properties__/u:object_r:ctl_adbd_prop:s0" dev="tmpfs" ino=80 scontext=u:r:shell:s0 tcontext=u:object_r:ctl_adbd_prop:s0 tclass=file permissive=1
09-30 05:50:09.570 527 588 W SystemServiceManager: Service com.android.server.StorageManagerService$Lifecycle took 144 ms in onUnlockingUser-0
09-30 05:50:09.570 527 588 D SystemServerTimingAsync: ssm.onUnlockingUser-0_com.android.server.StorageManagerService$Lifecycle took to complete: 145ms
09-30 05:50:09.570 527 588 I SystemServerTimingAsync: ssm.onUnlockingUser-0_com.android.server.usage.StorageStatsService$Lifecycle
09-30 05:50:09.570 527 588 D SystemServerTimingAsync: ssm.onUnlockingUser-0_com.android.server.usage.StorageStatsService$Lifecycle took to complete: 0ms
09-30 05:50:09.570 527 588 I SystemServerTimingAsync: ssm.onUnlockingUser-0_com.android.server.UiModeManagerService
09-30 05:50:09.570 527 588 D SystemServerTimingAsync: ssm.onUnlockingUser-0_com.android.server.UiModeManagerService took to complete: 0ms
09-30 05:50:09.570 527 588 I SystemServerTimingAsync: ssm.onUnlockingUser-0_com.android.server.locksettings.LockSettingsService$Lifecycle
09-30 05:50:09.570 527 588 D SystemServerTimingAsync: ssm.onUnlockingUser-0_com.android.server.locksettings.LockSettingsService$Lifecycle took to complete: 0ms
09-30 05:50:09.570 527 588 I SystemServerTimingAsync: ssm.onUnlockingUser-0_com.android.server.testharness.TestHarnessModeService
09-30 05:50:09.570 527 588 D SystemServerTimingAsync: ssm.onUnlockingUser-0_com.android.server.testharness.TestHarnessModeService took to complete: 0ms
09-30 05:50:09.570 527 588 I SystemServerTimingAsync: ssm.onUnlockingUser-0_com.android.server.DeviceIdleController
09-30 05:50:09.570 527 588 D SystemServerTimingAsync: ssm.onUnlockingUser-0_com.android.server.DeviceIdleController took to complete: 0ms
09-30 05:50:09.570 527 588 I SystemServerTimingAsync: ssm.onUnlockingUser-0_com.android.server.devicepolicy.DevicePolicyManagerService$Lifecycle
09-30 05:50:09.571 527 588 D SystemServerTimingAsync: ssm.onUnlockingUser-0_com.android.server.devicepolicy.DevicePolicyManagerService$Lifecycle took to complete: 0ms
09-30 05:50:09.571 527 588 I SystemServerTimingAsync: ssm.onUnlockingUser-0_com.android.server.texttospeech.TextToSpeechManagerService
09-30 05:50:09.571 527 588 D SystemServerTimingAsync: ssm.onUnlockingUser-0_com.android.server.texttospeech.TextToSpeechManagerService took to complete: 1ms
09-30 05:50:09.571 527 588 I SystemServerTimingAsync: ssm.onUnlockingUser-0_com.android.server.speech.SpeechRecognitionManagerService
09-30 05:50:09.572 527 588 D SystemServerTimingAsync: ssm.onUnlockingUser-0_com.android.server.speech.SpeechRecognitionManagerService took to complete: 0ms
09-30 05:50:09.572 527 588 I SystemServerTimingAsync: ssm.onUnlockingUser-0_com.android.server.searchui.SearchUiManagerService
09-30 05:50:09.573 527 588 D SystemServerTimingAsync: ssm.onUnlockingUser-0_com.android.server.searchui.SearchUiManagerService took to complete: 1ms
09-30 05:50:09.573 527 588 I SystemServerTimingAsync: ssm.onUnlockingUser-0_com.android.server.smartspace.SmartspaceManagerService
09-30 05:50:09.573 527 588 D SystemServerTimingAsync: ssm.onUnlockingUser-0_com.android.server.smartspace.SmartspaceManagerService took to complete: 0ms
09-30 05:50:09.573 527 588 I SystemServerTimingAsync: ssm.onUnlockingUser-0_com.android.server.graphics.fonts.FontManagerService$Lifecycle
09-30 05:50:09.573 527 588 D SystemServerTimingAsync: ssm.onUnlockingUser-0_com.android.server.graphics.fonts.FontManagerService$Lifecycle took to complete: 0ms
09-30 05:50:09.574 527 588 I SystemServerTimingAsync: ssm.onUnlockingUser-0_com.android.server.textservices.TextServicesManagerService$Lifecycle
09-30 05:50:09.577 527 588 D SystemServerTimingAsync: ssm.onUnlockingUser-0_com.android.server.textservices.TextServicesManagerService$Lifecycle took to complete: 4ms
09-30 05:50:09.577 527 588 I SystemServerTimingAsync: ssm.onUnlockingUser-0_com.android.server.textclassifier.TextClassificationManagerService$Lifecycle
09-30 05:50:09.578 527 588 D SystemServerTimingAsync: ssm.onUnlockingUser-0_com.android.server.textclassifier.TextClassificationManagerService$Lifecycle took to complete: 1ms
09-30 05:50:09.578 527 588 I SystemServerTimingAsync: ssm.onUnlockingUser-0_com.android.server.NetworkScoreService$Lifecycle
09-30 05:50:09.578 527 588 D SystemServerTimingAsync: ssm.onUnlockingUser-0_com.android.server.NetworkScoreService$Lifecycle took to complete: 0ms
09-30 05:50:09.578 527 588 I SystemServerTimingAsync: ssm.onUnlockingUser-0_com.android.server.wifi.WifiService
09-30 05:50:09.579 527 588 D WifiService: Handle user unlock 0
09-30 05:50:09.581 527 588 D SystemServerTimingAsync: ssm.onUnlockingUser-0_com.android.server.wifi.WifiService took to complete: 2ms
09-30 05:50:09.581 527 588 I SystemServerTimingAsync: ssm.onUnlockingUser-0_com.android.server.wifi.scanner.WifiScanningService
09-30 05:50:09.581 527 588 D SystemServerTimingAsync: ssm.onUnlockingUser-0_com.android.server.wifi.scanner.WifiScanningService took to complete: 0ms
09-30 05:50:09.581 527 588 I SystemServerTimingAsync: ssm.onUnlockingUser-0_com.android.server.wifi.p2p.WifiP2pService
09-30 05:50:09.581 527 588 D SystemServerTimingAsync: ssm.onUnlockingUser-0_com.android.server.wifi.p2p.WifiP2pService took to complete: 0ms
09-30 05:50:09.581 527 588 I SystemServerTimingAsync: ssm.onUnlockingUser-0_com.android.server.ethernet.EthernetService
09-30 05:50:09.581 527 588 D SystemServerTimingAsync: ssm.onUnlockingUser-0_com.android.server.ethernet.EthernetService took to complete: 0ms
09-30 05:50:09.581 527 588 I SystemServerTimingAsync: ssm.onUnlockingUser-0_com.android.server.ConnectivityServiceInitializer
09-30 05:50:09.581 527 588 D SystemServerTimingAsync: ssm.onUnlockingUser-0_com.android.server.ConnectivityServiceInitializer took to complete: 0ms
09-30 05:50:09.581 527 588 I SystemServerTimingAsync: ssm.onUnlockingUser-0_com.android.server.notification.NotificationManagerService
09-30 05:50:09.583 527 527 I NotificationHistory: Attempted to unlock gone/disabled user 0
09-30 05:50:09.583 527 588 D SystemServerTimingAsync: ssm.onUnlockingUser-0_com.android.server.notification.NotificationManagerService took to complete: 2ms
09-30 05:50:09.584 527 588 I SystemServerTimingAsync: ssm.onUnlockingUser-0_com.android.server.storage.DeviceStorageMonitorService
09-30 05:50:09.584 527 588 D SystemServerTimingAsync: ssm.onUnlockingUser-0_com.android.server.storage.DeviceStorageMonitorService took to complete: 0ms
09-30 05:50:09.584 527 588 I SystemServerTimingAsync: ssm.onUnlockingUser-0_com.android.server.location.LocationManagerService$Lifecycle
09-30 05:50:09.584 527 588 D SystemServerTimingAsync: ssm.onUnlockingUser-0_com.android.server.location.LocationManagerService$Lifecycle took to complete: 0ms
09-30 05:50:09.584 527 588 I SystemServerTimingAsync: ssm.onUnlockingUser-0_com.android.server.timedetector.TimeDetectorService$Lifecycle
09-30 05:50:09.584 527 588 D SystemServerTimingAsync: ssm.onUnlockingUser-0_com.android.server.timedetector.TimeDetectorService$Lifecycle took to complete: 0ms
09-30 05:50:09.584 527 588 I SystemServerTimingAsync: ssm.onUnlockingUser-0_com.android.server.timezonedetector.TimeZoneDetectorService$Lifecycle
09-30 05:50:09.584 527 588 D SystemServerTimingAsync: ssm.onUnlockingUser-0_com.android.server.timezonedetector.TimeZoneDetectorService$Lifecycle took to complete: 0ms
09-30 05:50:09.584 527 588 I SystemServerTimingAsync: ssm.onUnlockingUser-0_com.android.server.timezonedetector.location.LocationTimeZoneManagerService$Lifecycle
09-30 05:50:09.584 527 588 D SystemServerTimingAsync: ssm.onUnlockingUser-0_com.android.server.timezonedetector.location.LocationTimeZoneManagerService$Lifecycle took to complete: 0ms
09-30 05:50:09.584 527 588 I SystemServerTimingAsync: ssm.onUnlockingUser-0_com.android.server.search.SearchManagerService$Lifecycle
09-30 05:50:09.584 527 588 D SystemServerTimingAsync: ssm.onUnlockingUser-0_com.android.server.search.SearchManagerService$Lifecycle took to complete: 0ms
09-30 05:50:09.584 527 588 I SystemServerTimingAsync: ssm.onUnlockingUser-0_com.android.server.wallpaper.WallpaperManagerService$Lifecycle
09-30 05:50:09.585 527 588 I WallpaperManagerService: on-unlock-user-0
09-30 05:50:09.591 807 807 D InterruptionStateProvider: No bubble up: not allowed to bubble: -1|android|26|null|1000
09-30 05:50:09.593 527 588 D WallpaperManagerService: on-unlock-user-0 took to complete: 8ms
09-30 05:50:09.593 527 588 D SystemServerTimingAsync: ssm.onUnlockingUser-0_com.android.server.wallpaper.WallpaperManagerService$Lifecycle took to complete: 8ms
09-30 05:50:09.593 527 588 I SystemServerTimingAsync: ssm.onUnlockingUser-0_com.android.server.audio.AudioService$Lifecycle
09-30 05:50:09.593 527 588 D SystemServerTimingAsync: ssm.onUnlockingUser-0_com.android.server.audio.AudioService$Lifecycle took to complete: 0ms
09-30 05:50:09.593 527 588 I SystemServerTimingAsync: ssm.onUnlockingUser-0_com.android.server.soundtrigger_middleware.SoundTriggerMiddlewareService$Lifecycle
09-30 05:50:09.593 527 588 D SystemServerTimingAsync: ssm.onUnlockingUser-0_com.android.server.soundtrigger_middleware.SoundTriggerMiddlewareService$Lifecycle took to complete: 0ms
09-30 05:50:09.593 527 588 I SystemServerTimingAsync: ssm.onUnlockingUser-0_com.android.server.DockObserver
09-30 05:50:09.593 527 588 D SystemServerTimingAsync: ssm.onUnlockingUser-0_com.android.server.DockObserver took to complete: 0ms
09-30 05:50:09.593 527 588 I SystemServerTimingAsync: ssm.onUnlockingUser-0_com.android.server.adb.AdbService$Lifecycle
09-30 05:50:09.593 527 588 D SystemServerTimingAsync: ssm.onUnlockingUser-0_com.android.server.adb.AdbService$Lifecycle took to complete: 0ms
09-30 05:50:09.593 527 588 I SystemServerTimingAsync: ssm.onUnlockingUser-0_com.android.server.usb.UsbService$Lifecycle
09-30 05:50:09.595 527 588 D SystemServerTimingAsync: ssm.onUnlockingUser-0_com.android.server.usb.UsbService$Lifecycle took to complete: 1ms
09-30 05:50:09.595 527 588 I SystemServerTimingAsync: ssm.onUnlockingUser-0_com.android.server.twilight.TwilightService
09-30 05:50:09.595 527 588 D SystemServerTimingAsync: ssm.onUnlockingUser-0_com.android.server.twilight.TwilightService took to complete: 0ms
09-30 05:50:09.595 527 588 I SystemServerTimingAsync: ssm.onUnlockingUser-0_com.android.server.display.color.ColorDisplayService
09-30 05:50:09.595 527 588 D SystemServerTimingAsync: ssm.onUnlockingUser-0_com.android.server.display.color.ColorDisplayService took to complete: 0ms
09-30 05:50:09.595 527 588 I SystemServerTimingAsync: ssm.onUnlockingUser-0_com.android.server.job.JobSchedulerService
09-30 05:50:09.595 527 588 D SystemServerTimingAsync: ssm.onUnlockingUser-0_com.android.server.job.JobSchedulerService took to complete: 0ms
09-30 05:50:09.595 527 588 I SystemServerTimingAsync: ssm.onUnlockingUser-0_com.android.server.soundtrigger.SoundTriggerService
09-30 05:50:09.595 527 588 D SystemServerTimingAsync: ssm.onUnlockingUser-0_com.android.server.soundtrigger.SoundTriggerService took to complete: 0ms
09-30 05:50:09.595 527 588 I SystemServerTimingAsync: ssm.onUnlockingUser-0_com.android.server.trust.TrustManagerService
09-30 05:50:09.598 807 807 W NotifBindPipeline: Row is not set so pipeline will not run. notif = -1|android|26|null|1000
09-30 05:50:09.598 527 588 D SystemServerTimingAsync: ssm.onUnlockingUser-0_com.android.server.trust.TrustManagerService took to complete: 3ms
09-30 05:50:09.599 527 588 I SystemServerTimingAsync: ssm.onUnlockingUser-0_com.android.server.backup.BackupManagerService$Lifecycle
09-30 05:50:09.601 807 1015 D PeopleSpaceWidgetMgr: Sbn doesn't contain valid PeopleTileKey: null/-1/android
09-30 05:50:09.601 527 588 D SystemServerTimingAsync: ssm.onUnlockingUser-0_com.android.server.backup.BackupManagerService$Lifecycle took to complete: 3ms
09-30 05:50:09.601 527 588 I SystemServerTimingAsync: ssm.onUnlockingUser-0_com.android.server.appwidget.AppWidgetService
09-30 05:50:09.601 527 588 D SystemServerTimingAsync: ssm.onUnlockingUser-0_com.android.server.appwidget.AppWidgetService took to complete: 0ms
09-30 05:50:09.601 527 588 I SystemServerTimingAsync: ssm.onUnlockingUser-0_com.android.server.voiceinteraction.VoiceInteractionManagerService
09-30 05:50:09.603 527 588 W VoiceInteractionManager: no available voice recognition services found for user 0
09-30 05:50:09.604 527 658 D WakeupConfigStoreData: WifiWake user data has been read
09-30 05:50:09.606 527 588 D SystemServerTimingAsync: ssm.onUnlockingUser-0_com.android.server.voiceinteraction.VoiceInteractionManagerService took to complete: 5ms
09-30 05:50:09.606 527 588 I SystemServerTimingAsync: ssm.onUnlockingUser-0_com.android.server.apphibernation.AppHibernationService
09-30 05:50:09.608 527 1147 I HibernationStateDiskStore: No hibernation file on disk for file /data/system_ce/0/hibernation/states
09-30 05:50:09.612 527 588 D SystemServerTimingAsync: ssm.onUnlockingUser-0_com.android.server.apphibernation.AppHibernationService took to complete: 5ms
09-30 05:50:09.612 527 588 I SystemServerTimingAsync: ssm.onUnlockingUser-0_com.android.server.GestureLauncherService
09-30 05:50:09.612 527 588 D SystemServerTimingAsync: ssm.onUnlockingUser-0_com.android.server.GestureLauncherService took to complete: 0ms
09-30 05:50:09.612 527 588 I SystemServerTimingAsync: ssm.onUnlockingUser-0_com.android.server.SensorNotificationService
09-30 05:50:09.612 527 588 D SystemServerTimingAsync: ssm.onUnlockingUser-0_com.android.server.SensorNotificationService took to complete: 0ms
09-30 05:50:09.612 527 588 I SystemServerTimingAsync: ssm.onUnlockingUser-0_com.android.server.emergency.EmergencyAffordanceService
09-30 05:50:09.612 527 588 D SystemServerTimingAsync: ssm.onUnlockingUser-0_com.android.server.emergency.EmergencyAffordanceService took to complete: 0ms
09-30 05:50:09.612 527 588 I SystemServerTimingAsync: ssm.onUnlockingUser-0_com.android.server.dreams.DreamManagerService
09-30 05:50:09.612 527 588 D SystemServerTimingAsync: ssm.onUnlockingUser-0_com.android.server.dreams.DreamManagerService took to complete: 0ms
09-30 05:50:09.612 527 588 I SystemServerTimingAsync: ssm.onUnlockingUser-0_com.android.server.blob.BlobStoreManagerService
09-30 05:50:09.612 527 588 D SystemServerTimingAsync: ssm.onUnlockingUser-0_com.android.server.blob.BlobStoreManagerService took to complete: 0ms
09-30 05:50:09.612 527 588 I SystemServerTimingAsync: ssm.onUnlockingUser-0_com.android.server.print.PrintManagerService
09-30 05:50:09.612 527 588 D SystemServerTimingAsync: ssm.onUnlockingUser-0_com.android.server.print.PrintManagerService took to complete: 0ms
09-30 05:50:09.612 527 588 I SystemServerTimingAsync: ssm.onUnlockingUser-0_com.android.server.companion.CompanionDeviceManagerService
09-30 05:50:09.614 527 588 I CompanionDeviceManagerService: Read associations from disk: {0=[]}
09-30 05:50:09.614 527 588 D SystemServerTimingAsync: ssm.onUnlockingUser-0_com.android.server.companion.CompanionDeviceManagerService took to complete: 2ms
09-30 05:50:09.614 527 588 I SystemServerTimingAsync: ssm.onUnlockingUser-0_com.android.server.restrictions.RestrictionsManagerService
09-30 05:50:09.614 527 588 D SystemServerTimingAsync: ssm.onUnlockingUser-0_com.android.server.restrictions.RestrictionsManagerService took to complete: 0ms
09-30 05:50:09.614 527 588 I SystemServerTimingAsync: ssm.onUnlockingUser-0_com.android.server.media.MediaSessionService
09-30 05:50:09.614 527 588 D SystemServerTimingAsync: ssm.onUnlockingUser-0_com.android.server.media.MediaSessionService took to complete: 0ms
09-30 05:50:09.614 527 588 I SystemServerTimingAsync: ssm.onUnlockingUser-0_com.android.server.media.MediaResourceMonitorService
09-30 05:50:09.614 527 588 D SystemServerTimingAsync: ssm.onUnlockingUser-0_com.android.server.media.MediaResourceMonitorService took to complete: 0ms
09-30 05:50:09.614 527 588 I SystemServerTimingAsync: ssm.onUnlockingUser-0_com.android.server.biometrics.BiometricService
09-30 05:50:09.614 527 588 D SystemServerTimingAsync: ssm.onUnlockingUser-0_com.android.server.biometrics.BiometricService took to complete: 0ms
09-30 05:50:09.614 527 588 I SystemServerTimingAsync: ssm.onUnlockingUser-0_com.android.server.biometrics.AuthService
09-30 05:50:09.614 527 588 D SystemServerTimingAsync: ssm.onUnlockingUser-0_com.android.server.biometrics.AuthService took to complete: 0ms
09-30 05:50:09.614 527 588 I SystemServerTimingAsync: ssm.onUnlockingUser-0_com.android.server.pm.ShortcutService$Lifecycle
09-30 05:50:09.616 527 658 D WifiConfigStore: Reading from user stores completed in 27 ms.
09-30 05:50:09.621 527 686 I BackupManagerService: Starting service for user: 0
09-30 05:50:09.621 527 686 V BackupManagerService: [UserID:0] Starting with transport com.android.localtransport/.LocalTransport
09-30 05:50:09.621 527 588 D SystemServerTimingAsync: ssm.onUnlockingUser-0_com.android.server.pm.ShortcutService$Lifecycle took to complete: 7ms
09-30 05:50:09.622 527 588 I SystemServerTimingAsync: ssm.onUnlockingUser-0_com.android.server.pm.LauncherAppsService
09-30 05:50:09.622 527 588 D SystemServerTimingAsync: ssm.onUnlockingUser-0_com.android.server.pm.LauncherAppsService took to complete: 0ms
09-30 05:50:09.622 527 588 I SystemServerTimingAsync: ssm.onUnlockingUser-0_com.android.server.pm.CrossProfileAppsService
09-30 05:50:09.622 527 588 D SystemServerTimingAsync: ssm.onUnlockingUser-0_com.android.server.pm.CrossProfileAppsService took to complete: 0ms
09-30 05:50:09.622 527 588 I SystemServerTimingAsync: ssm.onUnlockingUser-0_com.android.server.people.PeopleService
09-30 05:50:09.622 527 588 D SystemServerTimingAsync: ssm.onUnlockingUser-0_com.android.server.people.PeopleService took to complete: 0ms
09-30 05:50:09.622 527 588 I SystemServerTimingAsync: ssm.onUnlockingUser-0_com.android.server.media.metrics.MediaMetricsManagerService
09-30 05:50:09.622 527 588 D SystemServerTimingAsync: ssm.onUnlockingUser-0_com.android.server.media.metrics.MediaMetricsManagerService took to complete: 0ms
09-30 05:50:09.622 527 588 I SystemServerTimingAsync: ssm.onUnlockingUser-0_com.android.server.media.projection.MediaProjectionManagerService
09-30 05:50:09.622 527 588 D SystemServerTimingAsync: ssm.onUnlockingUser-0_com.android.server.media.projection.MediaProjectionManagerService took to complete: 0ms
09-30 05:50:09.622 527 588 I SystemServerTimingAsync: ssm.onUnlockingUser-0_com.android.server.slice.SliceManagerService$Lifecycle
09-30 05:50:09.622 527 588 D SystemServerTimingAsync: ssm.onUnlockingUser-0_com.android.server.slice.SliceManagerService$Lifecycle took to complete: 0ms
09-30 05:50:09.622 527 588 I SystemServerTimingAsync: ssm.onUnlockingUser-0_com.android.server.stats.StatsCompanion$Lifecycle
09-30 05:50:09.622 527 588 D SystemServerTimingAsync: ssm.onUnlockingUser-0_com.android.server.stats.StatsCompanion$Lifecycle took to complete: 0ms
09-30 05:50:09.622 527 588 I SystemServerTimingAsync: ssm.onUnlockingUser-0_com.android.server.scheduling.RebootReadinessManagerService$Lifecycle
09-30 05:50:09.622 527 588 D SystemServerTimingAsync: ssm.onUnlockingUser-0_com.android.server.scheduling.RebootReadinessManagerService$Lifecycle took to complete: 0ms
09-30 05:50:09.622 527 588 I SystemServerTimingAsync: ssm.onUnlockingUser-0_com.android.server.stats.pull.StatsPullAtomService
09-30 05:50:09.622 527 588 D SystemServerTimingAsync: ssm.onUnlockingUser-0_com.android.server.stats.pull.StatsPullAtomService took to complete: 0ms
09-30 05:50:09.622 527 588 I SystemServerTimingAsync: ssm.onUnlockingUser-0_com.android.server.incident.IncidentCompanionService
09-30 05:50:09.622 527 588 D SystemServerTimingAsync: ssm.onUnlockingUser-0_com.android.server.incident.IncidentCompanionService took to complete: 0ms
09-30 05:50:09.623 807 807 D InterruptionStateProvider: No bubble up: not allowed to bubble: -1|android|55|null|1000
09-30 05:50:09.623 527 588 I SystemServerTimingAsync: ssm.onUnlockingUser-0_com.android.server.MmsServiceBroker
09-30 05:50:09.623 527 588 D SystemServerTimingAsync: ssm.onUnlockingUser-0_com.android.server.MmsServiceBroker took to complete: 0ms
09-30 05:50:09.623 527 588 I SystemServerTimingAsync: ssm.onUnlockingUser-0_com.android.server.autofill.AutofillManagerService
09-30 05:50:09.624 527 588 D AutofillManagerServiceImpl: Reset component for user 0:
09-30 05:50:09.624 807 807 D InterruptionStateProvider: No heads up: unimportant notification: -1|android|55|null|1000
09-30 05:50:05.512 1122 1122 I getprop : type=1400 audit(0.0:836): avc: denied { getattr } for path="/dev/__properties__/u:object_r:ctl_adbd_prop:s0" dev="tmpfs" ino=80 scontext=u:r:shell:s0 tcontext=u:object_r:ctl_adbd_prop:s0 tclass=file permissive=1
09-30 05:50:09.625 527 580 D AutofillUI: destroySaveUiUiThread(): already destroyed
09-30 05:50:09.629 527 588 D FieldClassificationStrategy: reset(): service is not bound. Do nothing.
09-30 05:50:09.629 527 588 D SystemServerTimingAsync: ssm.onUnlockingUser-0_com.android.server.autofill.AutofillManagerService took to complete: 6ms
09-30 05:50:09.629 527 588 I SystemServerTimingAsync: ssm.onUnlockingUser-0_com.android.server.clipboard.ClipboardService
09-30 05:50:09.629 527 588 D SystemServerTimingAsync: ssm.onUnlockingUser-0_com.android.server.clipboard.ClipboardService took to complete: 0ms
09-30 05:50:09.629 527 588 I SystemServerTimingAsync: ssm.onUnlockingUser-0_com.android.server.appbinding.AppBindingService$Lifecycle
09-30 05:50:09.630 527 588 W AppBindingService: [Default SMS app] u0 Target package not found
09-30 05:50:09.630 527 588 D SystemServerTimingAsync: ssm.onUnlockingUser-0_com.android.server.appbinding.AppBindingService$Lifecycle took to complete: 1ms
09-30 05:50:09.630 527 588 I SystemServerTimingAsync: ssm.onUnlockingUser-0_com.android.server.tracing.TracingServiceProxy
09-30 05:50:09.630 527 588 D SystemServerTimingAsync: ssm.onUnlockingUser-0_com.android.server.tracing.TracingServiceProxy took to complete: 0ms
09-30 05:50:09.630 527 588 I SystemServerTimingAsync: ssm.onUnlockingUser-0_com.android.server.policy.PermissionPolicyService
09-30 05:50:09.630 527 588 D SystemServerTimingAsync: ssm.onUnlockingUser-0_com.android.server.policy.PermissionPolicyService took to complete: 0ms
09-30 05:50:09.630 527 588 I SystemServerTimingAsync: ssm.onUnlockingUser-0_com.android.server.pm.StagingManager$Lifecycle
09-30 05:50:09.630 527 588 D SystemServerTimingAsync: ssm.onUnlockingUser-0_com.android.server.pm.StagingManager$Lifecycle took to complete: 0ms
09-30 05:50:09.630 527 588 I SystemServerTimingAsync: ssm.onUnlockingUser-0_com.android.server.app.GameManagerService$Lifecycle
09-30 05:50:09.630 527 588 D SystemServerTimingAsync: ssm.onUnlockingUser-0_com.android.server.app.GameManagerService$Lifecycle took to complete: 0ms
09-30 05:50:09.630 527 588 I SystemServerTimingAsync: ssm.onUnlockingUser-0_com.android.server.appsearch.AppSearchManagerService
09-30 05:50:09.633 807 1015 D PeopleSpaceWidgetMgr: Sbn doesn't contain valid PeopleTileKey: null/-1/android
09-30 05:50:09.652 527 588 D SystemServerTimingAsync: ssm.onUnlockingUser-0_com.android.server.appsearch.AppSearchManagerService took to complete: 22ms
09-30 05:50:09.652 527 588 I SystemServerTimingAsync: ssm.onUnlockingUser-0_com.android.server.media.MediaCommunicationService
09-30 05:50:09.652 527 588 D SystemServerTimingAsync: ssm.onUnlockingUser-0_com.android.server.media.MediaCommunicationService took to complete: 0ms
09-30 05:50:09.653 527 588 D SystemServerTimingAsync: ssm.UnlockingUser-0 took to complete: 243ms
09-30 05:50:09.653 527 658 D WifiConfigStore: Writing to stores completed in 20 ms.
09-30 05:50:09.653 527 588 W ActivityManager: UserLifecycleEvent 5 received without an active userJourneySession.
09-30 05:50:09.653 527 588 W ActivityManager: UserLifecycleEvent 6 received without an active userJourneySession.
09-30 05:50:09.653 527 588 I ActivityManager: User 0 state changed from RUNNING_UNLOCKING to RUNNING_UNLOCKED
09-30 05:50:09.654 527 686 D BackupManagerService: [UserID:0] Started thread backup-0
09-30 05:50:09.655 527 579 I ActivityTaskManager: Loading recents for user 0 into memory.
09-30 05:50:09.657 527 588 D SystemServerTiming: SystemUserUnlock took to complete: 1755ms
09-30 05:50:09.660 527 588 V ContentProviderHelper: Installing ContentProviderInfo{name=com.android.launcher3 className=com.android.quickstep.LauncherSearchIndexablesProvider}
09-30 05:50:09.661 527 588 V ContentProviderHelper: Installing ContentProviderInfo{name=com.android.launcher3.overview.fileprovider className=androidx.core.content.FileProvider}
09-30 05:50:09.662 527 588 V ContentProviderHelper: Installing ContentProviderInfo{name=com.android.launcher3.settings className=com.android.launcher3.LauncherProvider}
09-30 05:50:09.663 527 588 V ContentProviderHelper: Installing ContentProviderInfo{name=com.android.launcher3.grid_control className=com.android.launcher3.graphics.GridCustomizationsProvider}
09-30 05:50:09.666 527 686 I SELinux : SELinux: Loaded file_contexts
09-30 05:50:09.668 527 579 V PackageConfigPersister: loadPackages: empty list files from /data/system_ce/0/package_configs
09-30 05:50:09.670 527 588 I ActivityManager: Posting BOOT_COMPLETED user #0
09-30 05:50:09.672 807 807 D InterruptionStateProvider: No bubble up: not allowed to bubble: -1|android|32|null|1000
09-30 05:50:09.674 807 807 D InterruptionStateProvider: No heads up: unimportant notification: -1|android|32|null|1000
09-30 05:50:09.674 807 1015 D PeopleSpaceWidgetMgr: Sbn doesn't contain valid PeopleTileKey: null/-1/android
09-30 05:50:09.675 527 686 E BackupPasswordManager: Unable to read backup pw version
09-30 05:50:09.676 527 686 E BackupPasswordManager: Unable to read saved backup pw hash
09-30 05:50:05.512 1122 1122 I getprop : type=1400 audit(0.0:837): avc: denied { map } for path="/dev/__properties__/u:object_r:ctl_adbd_prop:s0" dev="tmpfs" ino=80 scontext=u:r:shell:s0 tcontext=u:object_r:ctl_adbd_prop:s0 tclass=file permissive=1
09-30 05:50:09.679 527 581 I DropBoxManagerService: add tag=system_server_strictmode isTagEnabled=true flags=0x2
09-30 05:50:09.688 220 1192 I vold : Bind mounting /data/media to /mnt/pass_through/0/emulated
09-30 05:50:09.694 527 652 I StorageSessionController: On volume mount VolumeInfo{emulated;0}:
09-30 05:50:09.694 527 652 I StorageSessionController: type=EMULATED diskId=null partGuid= mountFlags=PRIMARY|VISIBLE
09-30 05:50:09.694 527 652 I StorageSessionController: mountUserId=0 state=CHECKING
09-30 05:50:09.694 527 652 I StorageSessionController: fsType=null fsUuid=null fsLabel=null
09-30 05:50:09.694 527 652 I StorageSessionController: path=/storage/emulated internalPath=/data/media
09-30 05:50:09.694 527 527 V NotificationAssistants: disabling notification assistant for user 0: ComponentInfo{android.ext.services/android.ext.services.notification.Assistant}
09-30 05:50:09.695 527 527 D NotificationListeners: Removing active service ComponentInfo{android.ext.services/android.ext.services.notification.Assistant}
09-30 05:50:09.696 527 652 I StorageSessionController: Creating connection for user: 0
09-30 05:50:09.710 910 910 D FallbackHome: User unlocked and real home found; let's go!
09-30 05:50:09.714 527 652 I StorageSessionController: Creating and starting session with id: emulated;0
09-30 05:50:09.715 527 652 I StorageUserConnection: Binding to the ExternalStorageService for user 0
09-30 05:50:09.715 892 892 D CarrierSvcBindHelper: Received android.intent.action.USER_UNLOCKED
09-30 05:50:09.716 892 892 E PhoneInterfaceManager: [PhoneIntfMgr] getCarrierPackageNamesForIntentAndPhone: No UICC
09-30 05:50:09.716 892 892 D CarrierSvcBindHelper: No carrier app for: 0
09-30 05:50:05.512 1122 1122 I getprop : type=1400 audit(0.0:838): avc: denied { open } for path="/dev/__properties__/u:object_r:ctl_apexd_prop:s0" dev="tmpfs" ino=81 scontext=u:r:shell:s0 tcontext=u:object_r:ctl_apexd_prop:s0 tclass=file permissive=1
09-30 05:50:09.721 527 527 V NotificationAssistants: enabling notification assistant for 0: ComponentInfo{android.ext.services/android.ext.services.notification.Assistant}
09-30 05:50:09.721 527 527 V NotificationAssistants: binding: Intent { act=android.service.notification.NotificationAssistantService cmp=android.ext.services/.notification.Assistant (has extras) }
09-30 05:50:09.726 527 588 I SystemServerTimingAsync: ssm.UnlockedUser-0
09-30 05:50:09.726 527 588 I SystemServiceManager: Calling onUnlockedUser 0
09-30 05:50:09.726 527 588 I SystemServerTimingAsync: ssm.onUnlockedUser-0_com.android.server.security.FileIntegrityService
09-30 05:50:09.726 527 588 D SystemServerTimingAsync: ssm.onUnlockedUser-0_com.android.server.security.FileIntegrityService took to complete: 0ms
09-30 05:50:09.726 527 588 I SystemServerTimingAsync: ssm.onUnlockedUser-0_com.android.server.pm.Installer
09-30 05:50:09.726 527 588 D SystemServerTimingAsync: ssm.onUnlockedUser-0_com.android.server.pm.Installer took to complete: 0ms
09-30 05:50:09.726 527 588 I SystemServerTimingAsync: ssm.onUnlockedUser-0_com.android.server.os.DeviceIdentifiersPolicyService
09-30 05:50:09.726 527 588 D SystemServerTimingAsync: ssm.onUnlockedUser-0_com.android.server.os.DeviceIdentifiersPolicyService took to complete: 0ms
09-30 05:50:09.726 527 588 I SystemServerTimingAsync: ssm.onUnlockedUser-0_com.android.server.uri.UriGrantsManagerService$Lifecycle
09-30 05:50:09.726 527 588 D SystemServerTimingAsync: ssm.onUnlockedUser-0_com.android.server.uri.UriGrantsManagerService$Lifecycle took to complete: 0ms
09-30 05:50:09.726 527 588 I SystemServerTimingAsync: ssm.onUnlockedUser-0_com.android.server.powerstats.PowerStatsService
09-30 05:50:09.726 527 588 D SystemServerTimingAsync: ssm.onUnlockedUser-0_com.android.server.powerstats.PowerStatsService took to complete: 0ms
09-30 05:50:09.726 527 588 I SystemServerTimingAsync: ssm.onUnlockedUser-0_com.android.server.wm.ActivityTaskManagerService$Lifecycle
09-30 05:50:09.736 527 588 I LaunchParamsPersister: Didn't find launch param folder for user 0
09-30 05:50:09.736 527 588 D SystemServerTimingAsync: ssm.onUnlockedUser-0_com.android.server.wm.ActivityTaskManagerService$Lifecycle took to complete: 10ms
09-30 05:50:09.736 527 588 I SystemServerTimingAsync: ssm.onUnlockedUser-0_com.android.server.am.ActivityManagerService$Lifecycle
09-30 05:50:09.737 527 588 D SystemServerTimingAsync: ssm.onUnlockedUser-0_com.android.server.am.ActivityManagerService$Lifecycle took to complete: 0ms
09-30 05:50:09.737 527 588 I SystemServerTimingAsync: ssm.onUnlockedUser-0_com.android.server.pm.DataLoaderManagerService
09-30 05:50:09.737 527 588 D SystemServerTimingAsync: ssm.onUnlockedUser-0_com.android.server.pm.DataLoaderManagerService took to complete: 0ms
09-30 05:50:09.737 527 588 I SystemServerTimingAsync: ssm.onUnlockedUser-0_com.android.server.power.PowerManagerService
09-30 05:50:09.737 527 588 D SystemServerTimingAsync: ssm.onUnlockedUser-0_com.android.server.power.PowerManagerService took to complete: 0ms
09-30 05:50:09.737 527 588 I SystemServerTimingAsync: ssm.onUnlockedUser-0_com.android.server.power.ThermalManagerService
09-30 05:50:09.737 527 588 D SystemServerTimingAsync: ssm.onUnlockedUser-0_com.android.server.power.ThermalManagerService took to complete: 0ms
09-30 05:50:09.737 527 588 I SystemServerTimingAsync: ssm.onUnlockedUser-0_com.android.server.power.hint.HintManagerService
09-30 05:50:09.737 527 588 D SystemServerTimingAsync: ssm.onUnlockedUser-0_com.android.server.power.hint.HintManagerService took to complete: 0ms
09-30 05:50:09.737 527 588 I SystemServerTimingAsync: ssm.onUnlockedUser-0_com.android.server.recoverysystem.RecoverySystemService$Lifecycle
09-30 05:50:09.737 527 588 D SystemServerTimingAsync: ssm.onUnlockedUser-0_com.android.server.recoverysystem.RecoverySystemService$Lifecycle took to complete: 0ms
09-30 05:50:09.737 527 588 I SystemServerTimingAsync: ssm.onUnlockedUser-0_com.android.server.lights.LightsService
09-30 05:50:09.737 527 588 D SystemServerTimingAsync: ssm.onUnlockedUser-0_com.android.server.lights.LightsService took to complete: 0ms
09-30 05:50:09.737 527 588 I SystemServerTimingAsync: ssm.onUnlockedUser-0_com.android.server.display.DisplayManagerService
09-30 05:50:09.737 527 588 D SystemServerTimingAsync: ssm.onUnlockedUser-0_com.android.server.display.DisplayManagerService took to complete: 0ms
09-30 05:50:09.737 527 588 I SystemServerTimingAsync: ssm.onUnlockedUser-0_com.android.server.pm.verify.domain.DomainVerificationService
09-30 05:50:09.737 527 588 D SystemServerTimingAsync: ssm.onUnlockedUser-0_com.android.server.pm.verify.domain.DomainVerificationService took to complete: 0ms
09-30 05:50:09.737 527 588 I SystemServerTimingAsync: ssm.onUnlockedUser-0_com.android.server.pm.PackageInstallerService$Lifecycle
09-30 05:50:09.737 527 588 D SystemServerTimingAsync: ssm.onUnlockedUser-0_com.android.server.pm.PackageInstallerService$Lifecycle took to complete: 0ms
09-30 05:50:09.737 527 588 I SystemServerTimingAsync: ssm.onUnlockedUser-0_com.android.server.pm.UserManagerService$LifeCycle
09-30 05:50:09.737 527 588 D SystemServerTimingAsync: ssm.onUnlockedUser-0_com.android.server.pm.UserManagerService$LifeCycle took to complete: 0ms
09-30 05:50:09.737 527 588 I SystemServerTimingAsync: ssm.onUnlockedUser-0_com.android.server.om.OverlayManagerService
09-30 05:50:09.737 527 588 D SystemServerTimingAsync: ssm.onUnlockedUser-0_com.android.server.om.OverlayManagerService took to complete: 0ms
09-30 05:50:09.737 527 588 I SystemServerTimingAsync: ssm.onUnlockedUser-0_com.android.server.SensorPrivacyService
09-30 05:50:09.737 527 588 D SystemServerTimingAsync: ssm.onUnlockedUser-0_com.android.server.SensorPrivacyService took to complete: 0ms
09-30 05:50:09.737 527 588 I SystemServerTimingAsync: ssm.onUnlockedUser-0_com.android.server.sensors.SensorService
09-30 05:50:09.737 527 588 D SystemServerTimingAsync: ssm.onUnlockedUser-0_com.android.server.sensors.SensorService took to complete: 0ms
09-30 05:50:09.737 527 588 I SystemServerTimingAsync: ssm.onUnlockedUser-0_com.android.server.SystemConfigService
09-30 05:50:09.737 527 588 D SystemServerTimingAsync: ssm.onUnlockedUser-0_com.android.server.SystemConfigService took to complete: 0ms
09-30 05:50:09.737 527 588 I SystemServerTimingAsync: ssm.onUnlockedUser-0_com.android.server.BatteryService
09-30 05:50:09.737 527 588 D SystemServerTimingAsync: ssm.onUnlockedUser-0_com.android.server.BatteryService took to complete: 0ms
09-30 05:50:09.737 527 588 I SystemServerTimingAsync: ssm.onUnlockedUser-0_com.android.server.usage.UsageStatsService
09-30 05:50:09.737 527 588 D SystemServerTimingAsync: ssm.onUnlockedUser-0_com.android.server.usage.UsageStatsService took to complete: 0ms
09-30 05:50:09.737 527 588 I SystemServerTimingAsync: ssm.onUnlockedUser-0_com.android.server.webkit.WebViewUpdateService
09-30 05:50:09.737 527 588 D SystemServerTimingAsync: ssm.onUnlockedUser-0_com.android.server.webkit.WebViewUpdateService took to complete: 0ms
09-30 05:50:09.737 527 588 I SystemServerTimingAsync: ssm.onUnlockedUser-0_com.android.server.CachedDeviceStateService
09-30 05:50:09.737 527 588 D SystemServerTimingAsync: ssm.onUnlockedUser-0_com.android.server.CachedDeviceStateService took to complete: 0ms
09-30 05:50:09.737 527 588 I SystemServerTimingAsync: ssm.onUnlockedUser-0_com.android.server.BinderCallsStatsService$LifeCycle
09-30 05:50:09.737 527 588 D SystemServerTimingAsync: ssm.onUnlockedUser-0_com.android.server.BinderCallsStatsService$LifeCycle took to complete: 0ms
09-30 05:50:09.737 527 588 I SystemServerTimingAsync: ssm.onUnlockedUser-0_com.android.server.LooperStatsService$Lifecycle
09-30 05:50:09.737 527 588 D SystemServerTimingAsync: ssm.onUnlockedUser-0_com.android.server.LooperStatsService$Lifecycle took to complete: 0ms
09-30 05:50:09.737 527 588 I SystemServerTimingAsync: ssm.onUnlockedUser-0_com.android.server.rollback.RollbackManagerService
09-30 05:50:09.737 527 588 D SystemServerTimingAsync: ssm.onUnlockedUser-0_com.android.server.rollback.RollbackManagerService took to complete: 0ms
09-30 05:50:09.737 527 588 I SystemServerTimingAsync: ssm.onUnlockedUser-0_com.android.server.os.NativeTombstoneManagerService
09-30 05:50:09.737 527 588 D SystemServerTimingAsync: ssm.onUnlockedUser-0_com.android.server.os.NativeTombstoneManagerService took to complete: 0ms
09-30 05:50:09.737 527 588 I SystemServerTimingAsync: ssm.onUnlockedUser-0_com.android.server.os.BugreportManagerService
09-30 05:50:09.738 527 588 D SystemServerTimingAsync: ssm.onUnlockedUser-0_com.android.server.os.BugreportManagerService took to complete: 0ms
09-30 05:50:09.738 527 588 I SystemServerTimingAsync: ssm.onUnlockedUser-0_com.android.server.gpu.GpuService
09-30 05:50:09.738 527 588 D SystemServerTimingAsync: ssm.onUnlockedUser-0_com.android.server.gpu.GpuService took to complete: 0ms
09-30 05:50:09.738 527 588 I SystemServerTimingAsync: ssm.onUnlockedUser-0_com.android.server.security.KeyChainSystemService
09-30 05:50:09.738 527 588 D SystemServerTimingAsync: ssm.onUnlockedUser-0_com.android.server.security.KeyChainSystemService took to complete: 0ms
09-30 05:50:09.738 527 588 I SystemServerTimingAsync: ssm.onUnlockedUser-0_com.android.server.telecom.TelecomLoaderService
09-30 05:50:09.738 527 588 D SystemServerTimingAsync: ssm.onUnlockedUser-0_com.android.server.telecom.TelecomLoaderService took to complete: 0ms
09-30 05:50:09.738 527 588 I SystemServerTimingAsync: ssm.onUnlockedUser-0_com.android.server.accounts.AccountManagerService$Lifecycle
09-30 05:50:09.738 527 588 D SystemServerTimingAsync: ssm.onUnlockedUser-0_com.android.server.accounts.AccountManagerService$Lifecycle took to complete: 0ms
09-30 05:50:09.738 527 588 I SystemServerTimingAsync: ssm.onUnlockedUser-0_com.android.server.content.ContentService$Lifecycle
09-30 05:50:09.738 527 588 D SystemServerTimingAsync: ssm.onUnlockedUser-0_com.android.server.content.ContentService$Lifecycle took to complete: 0ms
09-30 05:50:09.738 527 588 I SystemServerTimingAsync: ssm.onUnlockedUser-0_com.android.server.DropBoxManagerService
09-30 05:50:09.738 527 588 D SystemServerTimingAsync: ssm.onUnlockedUser-0_com.android.server.DropBoxManagerService took to complete: 0ms
09-30 05:50:09.738 527 588 I SystemServerTimingAsync: ssm.onUnlockedUser-0_com.android.role.RoleService
09-30 05:50:09.738 527 588 D SystemServerTimingAsync: ssm.onUnlockedUser-0_com.android.role.RoleService took to complete: 0ms
09-30 05:50:09.738 527 588 I SystemServerTimingAsync: ssm.onUnlockedUser-0_com.android.server.vibrator.VibratorManagerService$Lifecycle
09-30 05:50:09.738 527 588 D SystemServerTimingAsync: ssm.onUnlockedUser-0_com.android.server.vibrator.VibratorManagerService$Lifecycle took to complete: 0ms
09-30 05:50:09.738 527 588 I SystemServerTimingAsync: ssm.onUnlockedUser-0_com.android.server.alarm.AlarmManagerService
09-30 05:50:09.738 527 588 D SystemServerTimingAsync: ssm.onUnlockedUser-0_com.android.server.alarm.AlarmManagerService took to complete: 0ms
09-30 05:50:09.738 527 588 I SystemServerTimingAsync: ssm.onUnlockedUser-0_com.android.server.devicestate.DeviceStateManagerService
09-30 05:50:09.738 527 588 D SystemServerTimingAsync: ssm.onUnlockedUser-0_com.android.server.devicestate.DeviceStateManagerService took to complete: 0ms
09-30 05:50:09.738 527 588 I SystemServerTimingAsync: ssm.onUnlockedUser-0_com.android.server.camera.CameraServiceProxy
09-30 05:50:09.738 527 588 D SystemServerTimingAsync: ssm.onUnlockedUser-0_com.android.server.camera.CameraServiceProxy took to complete: 0ms
09-30 05:50:09.738 527 588 I SystemServerTimingAsync: ssm.onUnlockedUser-0_com.android.server.connectivity.IpConnectivityMetrics
09-30 05:50:09.738 527 588 D SystemServerTimingAsync: ssm.onUnlockedUser-0_com.android.server.connectivity.IpConnectivityMetrics took to complete: 0ms
09-30 05:50:09.738 527 588 I SystemServerTimingAsync: ssm.onUnlockedUser-0_com.android.server.net.watchlist.NetworkWatchlistService$Lifecycle
09-30 05:50:09.738 527 588 D SystemServerTimingAsync: ssm.onUnlockedUser-0_com.android.server.net.watchlist.NetworkWatchlistService$Lifecycle took to complete: 0ms
09-30 05:50:09.738 527 588 I SystemServerTimingAsync: ssm.onUnlockedUser-0_com.android.server.PinnerService
09-30 05:50:09.738 527 588 D SystemServerTimingAsync: ssm.onUnlockedUser-0_com.android.server.PinnerService took to complete: 0ms
09-30 05:50:09.738 527 588 I SystemServerTimingAsync: ssm.onUnlockedUser-0_com.google.android.startop.iorap.IorapForwardingService
09-30 05:50:09.738 527 588 D SystemServerTimingAsync: ssm.onUnlockedUser-0_com.google.android.startop.iorap.IorapForwardingService took to complete: 0ms
09-30 05:50:09.738 527 588 I SystemServerTimingAsync: ssm.onUnlockedUser-0_com.android.server.integrity.AppIntegrityManagerService
09-30 05:50:09.738 527 588 D SystemServerTimingAsync: ssm.onUnlockedUser-0_com.android.server.integrity.AppIntegrityManagerService took to complete: 0ms
09-30 05:50:09.738 527 588 I SystemServerTimingAsync: ssm.onUnlockedUser-0_com.android.server.inputmethod.InputMethodManagerService$Lifecycle
09-30 05:50:09.738 527 588 D SystemServerTimingAsync: ssm.onUnlockedUser-0_com.android.server.inputmethod.InputMethodManagerService$Lifecycle took to complete: 0ms
09-30 05:50:09.738 527 588 I SystemServerTimingAsync: ssm.onUnlockedUser-0_com.android.server.accessibility.AccessibilityManagerService$Lifecycle
09-30 05:50:09.738 527 588 D SystemServerTimingAsync: ssm.onUnlockedUser-0_com.android.server.accessibility.AccessibilityManagerService$Lifecycle took to complete: 0ms
09-30 05:50:09.738 527 588 I SystemServerTimingAsync: ssm.onUnlockedUser-0_com.android.server.StorageManagerService$Lifecycle
09-30 05:50:09.738 527 588 D SystemServerTimingAsync: ssm.onUnlockedUser-0_com.android.server.StorageManagerService$Lifecycle took to complete: 0ms
09-30 05:50:09.738 527 588 I SystemServerTimingAsync: ssm.onUnlockedUser-0_com.android.server.usage.StorageStatsService$Lifecycle
09-30 05:50:09.738 527 588 D SystemServerTimingAsync: ssm.onUnlockedUser-0_com.android.server.usage.StorageStatsService$Lifecycle took to complete: 0ms
09-30 05:50:09.738 527 588 I SystemServerTimingAsync: ssm.onUnlockedUser-0_com.android.server.UiModeManagerService
09-30 05:50:09.738 527 582 I ActivityTaskManager: START u0 {act=android.intent.action.MAIN cat=[android.intent.category.HOME] flg=0x10000100 cmp=com.android.launcher3/.uioverrides.QuickstepLauncher (has extras)} from uid 0
09-30 05:50:09.738 527 588 D SystemServerTimingAsync: ssm.onUnlockedUser-0_com.android.server.UiModeManagerService took to complete: 0ms
09-30 05:50:09.738 527 588 I SystemServerTimingAsync: ssm.onUnlockedUser-0_com.android.server.locksettings.LockSettingsService$Lifecycle
09-30 05:50:09.738 527 588 D SystemServerTimingAsync: ssm.onUnlockedUser-0_com.android.server.locksettings.LockSettingsService$Lifecycle took to complete: 0ms
09-30 05:50:09.738 527 588 I SystemServerTimingAsync: ssm.onUnlockedUser-0_com.android.server.testharness.TestHarnessModeService
09-30 05:50:09.739 527 588 D SystemServerTimingAsync: ssm.onUnlockedUser-0_com.android.server.testharness.TestHarnessModeService took to complete: 0ms
