09-30 05:49:59.142 466 779 V C2Store : in ~ComponentModule
09-30 05:49:59.142 466 779 V C2Store : unloading dll
09-30 05:49:59.145 458 497 I Codec2InfoBuilder: adding type 'audio/opus'
09-30 05:49:59.146 466 780 V C2Store : in init
09-30 05:49:59.146 466 466 V C2Store : in ~ComponentModule
09-30 05:49:59.146 466 780 V C2Store : loading dll
09-30 05:49:59.146 466 466 V C2Store : unloading dll
09-30 05:49:59.150 458 497 I Codec2InfoBuilder: adding type 'audio/raw'
09-30 05:49:59.151 466 466 V C2Store : in init
09-30 05:49:59.151 466 780 V C2Store : in ~ComponentModule
09-30 05:49:59.151 466 466 V C2Store : loading dll
09-30 05:49:59.151 466 780 V C2Store : unloading dll
09-30 05:49:59.155 458 497 I Codec2InfoBuilder: adding type 'audio/vorbis'
09-30 05:49:59.156 466 466 V C2Store : in ~ComponentModule
09-30 05:49:59.156 466 466 V C2Store : unloading dll
09-30 05:49:59.156 466 778 V C2Store : in init
09-30 05:49:59.156 466 778 V C2Store : loading dll
09-30 05:49:59.161 458 497 I Codec2InfoBuilder: adding type 'video/x-vnd.on2.vp8'
09-30 05:49:59.162 466 466 V C2Store : in init
09-30 05:49:59.162 466 466 V C2Store : loading dll
09-30 05:49:59.162 466 778 V C2Store : in ~ComponentModule
09-30 05:49:59.162 466 778 V C2Store : unloading dll
09-30 05:49:59.164 390 390 D libEGL : loaded /vendor/lib/egl/libEGL_powervr.so
09-30 05:49:59.164 466 466 I C2SoftVp8Enc: setting temporal layering 0 + 0
09-30 05:49:59.166 466 466 I C2SoftVp8Enc: setting temporal layering 0 + 0
09-30 05:49:59.168 458 497 I Codec2InfoBuilder: adding type 'video/x-vnd.on2.vp8'
09-30 05:49:59.169 466 778 V C2Store : in init
09-30 05:49:59.170 466 778 V C2Store : loading dll
09-30 05:49:59.170 466 466 V C2Store : in ~ComponentModule
09-30 05:49:59.170 466 466 V C2Store : unloading dll
09-30 05:49:59.174 458 497 I Codec2InfoBuilder: adding type 'video/x-vnd.on2.vp9'
09-30 05:49:59.176 466 466 V C2Store : in init
09-30 05:49:59.177 466 466 V C2Store : loading dll
09-30 05:49:59.177 466 778 V C2Store : in ~ComponentModule
09-30 05:49:59.177 466 778 V C2Store : unloading dll
09-30 05:49:59.178 466 466 I C2SoftVp9Enc: setting temporal layering 0 + 0
09-30 05:49:59.180 466 466 I C2SoftVp9Enc: setting temporal layering 0 + 0
09-30 05:49:59.182 458 497 I Codec2InfoBuilder: adding type 'video/x-vnd.on2.vp9'
09-30 05:49:59.184 466 466 V C2Store : in ~ComponentModule
09-30 05:49:59.184 466 466 V C2Store : unloading dll
09-30 05:49:59.186 527 713 D MediaCodecList: codecHandlesFormat: no format, so no extra checks
09-30 05:49:59.186 527 714 D MediaCodecList: codecHandlesFormat: no format, so no extra checks
09-30 05:49:59.186 527 714 D MediaCodecList: codecHandlesFormat: no format, so no extra checks
09-30 05:49:59.186 527 713 D MediaCodecList: codecHandlesFormat: no format, so no extra checks
09-30 05:49:59.196 527 718 D CCodec : allocate(c2.android.vorbis.decoder)
09-30 05:49:59.196 527 717 D CCodec : allocate(c2.android.vorbis.decoder)
09-30 05:49:59.198 527 718 I Codec2Client: Available Codec2 services: "software"
09-30 05:49:59.202 390 390 D libEGL : loaded /vendor/lib/egl/libGLESv1_CM_powervr.so
09-30 05:49:59.204 466 466 V C2Store : in init
09-30 05:49:59.204 466 466 V C2Store : loading dll
09-30 05:49:59.210 527 718 I CCodec : Created component [c2.android.vorbis.decoder]
09-30 05:49:59.210 527 717 I CCodec : Created component [c2.android.vorbis.decoder]
09-30 05:49:59.211 527 718 D CCodecConfig: read media type: audio/vorbis
09-30 05:49:59.211 527 717 D CCodecConfig: read media type: audio/vorbis
09-30 05:49:59.214 527 718 D ReflectedParamUpdater: extent() != 1 for single value type: algo.buffers.max-count.values
09-30 05:49:59.215 527 717 D ReflectedParamUpdater: extent() != 1 for single value type: algo.buffers.max-count.values
09-30 05:49:59.215 527 718 D ReflectedParamUpdater: extent() != 1 for single value type: output.subscribed-indices.values
09-30 05:49:59.215 527 718 D ReflectedParamUpdater: extent() != 1 for single value type: input.buffers.allocator-ids.values
09-30 05:49:59.215 527 718 D ReflectedParamUpdater: extent() != 1 for single value type: output.buffers.allocator-ids.values
09-30 05:49:59.216 527 717 D ReflectedParamUpdater: extent() != 1 for single value type: output.subscribed-indices.values
09-30 05:49:59.216 527 718 D ReflectedParamUpdater: extent() != 1 for single value type: algo.buffers.allocator-ids.values
09-30 05:49:59.216 527 717 D ReflectedParamUpdater: extent() != 1 for single value type: input.buffers.allocator-ids.values
09-30 05:49:59.216 527 718 D ReflectedParamUpdater: extent() != 1 for single value type: output.buffers.pool-ids.values
09-30 05:49:59.216 527 717 D ReflectedParamUpdater: extent() != 1 for single value type: output.buffers.allocator-ids.values
09-30 05:49:59.216 527 718 D ReflectedParamUpdater: extent() != 1 for single value type: algo.buffers.pool-ids.values
09-30 05:49:59.219 527 717 D ReflectedParamUpdater: extent() != 1 for single value type: algo.buffers.allocator-ids.values
09-30 05:49:59.220 527 717 D ReflectedParamUpdater: extent() != 1 for single value type: output.buffers.pool-ids.values
09-30 05:49:59.220 527 717 D ReflectedParamUpdater: extent() != 1 for single value type: algo.buffers.pool-ids.values
09-30 05:49:59.223 527 718 I CCodecConfig: query failed after returning 7 values (BAD_INDEX)
09-30 05:49:59.224 527 718 D CCodecConfig: c2 config diff is Dict {
09-30 05:49:59.224 527 718 D CCodecConfig: c2::u32 coded.bitrate.value = 64000
09-30 05:49:59.224 527 718 D CCodecConfig: c2::u32 input.buffers.max-size.value = 32768
09-30 05:49:59.224 527 718 D CCodecConfig: c2::u32 input.delay.value = 0
09-30 05:49:59.224 527 718 D CCodecConfig: string input.media-type.value = "audio/vorbis"
09-30 05:49:59.224 527 718 D CCodecConfig: string output.media-type.value = "audio/raw"
09-30 05:49:59.224 527 718 D CCodecConfig: c2::u32 raw.channel-count.value = 1
09-30 05:49:59.224 527 718 D CCodecConfig: c2::u32 raw.sample-rate.value = 48000
09-30 05:49:59.224 527 718 D CCodecConfig: }
09-30 05:49:59.226 527 717 I CCodecConfig: query failed after returning 7 values (BAD_INDEX)
09-30 05:49:59.226 527 718 D CCodec : [c2.android.vorbis.decoder] buffers are bound to CCodec for this session
09-30 05:49:59.226 527 718 D CCodecConfig: no c2 equivalents for durationUs
09-30 05:49:59.226 527 718 D CCodecConfig: no c2 equivalents for track-id
09-30 05:49:59.226 527 717 D CCodecConfig: c2 config diff is Dict {
09-30 05:49:59.226 527 717 D CCodecConfig: c2::u32 coded.bitrate.value = 64000
09-30 05:49:59.226 527 717 D CCodecConfig: c2::u32 input.buffers.max-size.value = 32768
09-30 05:49:59.226 527 717 D CCodecConfig: c2::u32 input.delay.value = 0
09-30 05:49:59.226 527 717 D CCodecConfig: string input.media-type.value = "audio/vorbis"
09-30 05:49:59.226 527 717 D CCodecConfig: string output.media-type.value = "audio/raw"
09-30 05:49:59.226 527 717 D CCodecConfig: c2::u32 raw.channel-count.value = 1
09-30 05:49:59.226 527 717 D CCodecConfig: c2::u32 raw.sample-rate.value = 48000
09-30 05:49:59.226 527 717 D CCodecConfig: }
09-30 05:49:59.226 527 718 D CCodecConfig: no c2 equivalents for csd-1
09-30 05:49:59.227 527 718 D CCodecConfig: no c2 equivalents for channel-mask
09-30 05:49:59.227 527 718 D CCodecConfig: no c2 equivalents for flags
09-30 05:49:59.228 527 717 D CCodec : [c2.android.vorbis.decoder] buffers are bound to CCodec for this session
09-30 05:49:59.228 527 717 D CCodecConfig: no c2 equivalents for durationUs
09-30 05:49:59.228 527 717 D CCodecConfig: no c2 equivalents for track-id
09-30 05:49:59.228 527 717 D CCodecConfig: no c2 equivalents for csd-1
09-30 05:49:59.228 527 717 D CCodecConfig: no c2 equivalents for channel-mask
09-30 05:49:59.228 527 718 D CCodecConfig: c2 config diff is c2::u32 coded.bitrate.value = 140000
09-30 05:49:59.228 527 717 D CCodecConfig: no c2 equivalents for flags
09-30 05:49:59.229 527 718 W Codec2Client: query -- param skipped: index = 1107298332.
09-30 05:49:59.230 527 717 D CCodecConfig: c2 config diff is c2::u32 coded.bitrate.value = 96000
09-30 05:49:59.230 527 717 D CCodecConfig: c2::u32 raw.channel-count.value = 2
09-30 05:49:59.230 527 718 D CCodec : setup formats input: AMessage(what = 0x00000000) = {
09-30 05:49:59.230 527 718 D CCodec : int32_t bitrate = 140000
09-30 05:49:59.230 527 718 D CCodec : int32_t channel-count = 1
09-30 05:49:59.230 527 718 D CCodec : int32_t max-input-size = 32768
09-30 05:49:59.230 527 718 D CCodec : string mime = "audio/vorbis"
09-30 05:49:59.230 527 718 D CCodec : int32_t sample-rate = 48000
09-30 05:49:59.230 527 718 D CCodec : }
09-30 05:49:59.230 527 718 D CCodec : setup formats output: AMessage(what = 0x00000000) = {
09-30 05:49:59.230 527 718 D CCodec : int32_t channel-count = 1
09-30 05:49:59.230 527 718 D CCodec : string mime = "audio/raw"
09-30 05:49:59.230 527 718 D CCodec : int32_t sample-rate = 48000
09-30 05:49:59.230 527 718 D CCodec : int32_t channel-mask = 1
09-30 05:49:59.230 527 718 D CCodec : }
09-30 05:49:59.231 527 718 I CCodecConfig: query failed after returning 7 values (BAD_INDEX)
09-30 05:49:59.232 527 717 W Codec2Client: query -- param skipped: index = 1107298332.
09-30 05:49:59.232 527 718 W Codec2Client: query -- param skipped: index = 1342179345.
09-30 05:49:59.232 527 717 D CCodec : setup formats input: AMessage(what = 0x00000000) = {
09-30 05:49:59.232 527 717 D CCodec : int32_t bitrate = 96000
09-30 05:49:59.232 527 717 D CCodec : int32_t channel-count = 2
09-30 05:49:59.232 527 717 D CCodec : int32_t max-input-size = 32768
09-30 05:49:59.232 527 717 D CCodec : string mime = "audio/vorbis"
09-30 05:49:59.232 527 717 D CCodec : int32_t sample-rate = 48000
09-30 05:49:59.232 527 717 D CCodec : }
09-30 05:49:59.232 527 718 W Codec2Client: query -- param skipped: index = 2415921170.
09-30 05:49:59.232 527 717 D CCodec : setup formats output: AMessage(what = 0x00000000) = {
09-30 05:49:59.232 527 717 D CCodec : int32_t channel-count = 2
09-30 05:49:59.232 527 717 D CCodec : string mime = "audio/raw"
09-30 05:49:59.232 527 717 D CCodec : int32_t sample-rate = 48000
09-30 05:49:59.232 527 717 D CCodec : int32_t channel-mask = 3
09-30 05:49:59.232 527 717 D CCodec : }
09-30 05:49:59.233 527 717 I CCodecConfig: query failed after returning 7 values (BAD_INDEX)
09-30 05:49:59.234 527 717 W Codec2Client: query -- param skipped: index = 1342179345.
09-30 05:49:59.234 527 717 W Codec2Client: query -- param skipped: index = 2415921170.
09-30 05:49:59.235 527 718 D C2Store : Using DMABUF Heaps
09-30 05:49:59.238 527 718 D CCodecBufferChannel: [c2.android.vorbis.decoder#222] Created input block pool with allocatorID 16 => poolID 17 - OK (0)
09-30 05:49:59.239 527 717 D CCodecBufferChannel: [c2.android.vorbis.decoder#311] Created input block pool with allocatorID 16 => poolID 18 - OK (0)
09-30 05:49:59.239 466 781 D C2Store : Using DMABUF Heaps
09-30 05:49:59.245 527 718 I CCodecBufferChannel: [c2.android.vorbis.decoder#222] Created output block pool with allocatorID 16 => poolID 17 - OK
09-30 05:49:59.246 527 718 D CCodecBufferChannel: [c2.android.vorbis.decoder#222] Configured output block pool ids 17 => OK
09-30 05:49:59.246 527 717 I CCodecBufferChannel: [c2.android.vorbis.decoder#311] Created output block pool with allocatorID 16 => poolID 18 - OK
09-30 05:49:59.247 527 717 D CCodecBufferChannel: [c2.android.vorbis.decoder#311] Configured output block pool ids 18 => OK
09-30 05:49:59.248 527 718 I DMABUFHEAPS: Using DMA-BUF heap named: system
09-30 05:49:59.250 390 390 D libEGL : loaded /vendor/lib/egl/libGLESv2_powervr.so
09-30 05:49:59.251 466 788 D SimpleC2Component: Using output block pool with poolID 17 => got 17 - 0
09-30 05:49:59.252 466 787 D SimpleC2Component: Using output block pool with poolID 18 => got 18 - 0
09-30 05:49:59.268 466 788 I DMABUFHEAPS: Using DMA-BUF heap named: system
09-30 05:49:59.298 527 717 D CCodecBufferChannel: [c2.android.vorbis.decoder#311] MediaCodec discarded an unknown buffer
09-30 05:49:59.298 527 717 D CCodecBufferChannel: [c2.android.vorbis.decoder#311] MediaCodec discarded an unknown buffer
09-30 05:49:59.298 527 717 D CCodecBufferChannel: [c2.android.vorbis.decoder#311] MediaCodec discarded an unknown buffer
09-30 05:49:59.301 527 717 I hw-BpHwBinder: onLastStrongRef automatically unlinking death recipients
09-30 05:49:59.327 527 718 D CCodecBufferChannel: [c2.android.vorbis.decoder#222] MediaCodec discarded an unknown buffer
09-30 05:49:59.328 527 718 D CCodecBufferChannel: [c2.android.vorbis.decoder#222] MediaCodec discarded an unknown buffer
09-30 05:49:59.329 527 713 D MediaCodecList: codecHandlesFormat: no format, so no extra checks
09-30 05:49:59.330 527 718 I hw-BpHwBinder: onLastStrongRef automatically unlinking death recipients
09-30 05:49:59.331 466 466 I hw-BpHwBinder: onLastStrongRef automatically unlinking death recipients
09-30 05:49:59.332 466 466 V C2Store : in ~ComponentModule
09-30 05:49:59.332 466 466 V C2Store : unloading dll
09-30 05:49:59.334 527 713 D MediaCodecList: codecHandlesFormat: no format, so no extra checks
09-30 05:49:59.338 527 793 D CCodec : allocate(c2.android.vorbis.decoder)
09-30 05:49:59.338 466 466 V C2Store : in init
09-30 05:49:59.338 466 466 V C2Store : loading dll
09-30 05:49:59.345 527 793 I CCodec : Created component [c2.android.vorbis.decoder]
09-30 05:49:59.346 527 793 D CCodecConfig: read media type: audio/vorbis
09-30 05:49:59.350 527 793 D ReflectedParamUpdater: extent() != 1 for single value type: algo.buffers.max-count.values
09-30 05:49:59.351 527 793 D ReflectedParamUpdater: extent() != 1 for single value type: output.subscribed-indices.values
09-30 05:49:59.352 527 793 D ReflectedParamUpdater: extent() != 1 for single value type: input.buffers.allocator-ids.values
09-30 05:49:59.352 527 793 D ReflectedParamUpdater: extent() != 1 for single value type: output.buffers.allocator-ids.values
09-30 05:49:59.353 527 793 D ReflectedParamUpdater: extent() != 1 for single value type: algo.buffers.allocator-ids.values
09-30 05:49:59.353 527 793 D ReflectedParamUpdater: extent() != 1 for single value type: output.buffers.pool-ids.values
09-30 05:49:59.354 527 793 D ReflectedParamUpdater: extent() != 1 for single value type: algo.buffers.pool-ids.values
09-30 05:49:59.356 527 714 D MediaCodecList: codecHandlesFormat: no format, so no extra checks
09-30 05:49:59.356 527 793 I CCodecConfig: query failed after returning 7 values (BAD_INDEX)
09-30 05:49:59.357 527 714 D MediaCodecList: codecHandlesFormat: no format, so no extra checks
09-30 05:49:59.357 527 793 D CCodecConfig: c2 config diff is Dict {
09-30 05:49:59.357 527 793 D CCodecConfig: c2::u32 coded.bitrate.value = 64000
09-30 05:49:59.357 527 793 D CCodecConfig: c2::u32 input.buffers.max-size.value = 32768
09-30 05:49:59.357 527 793 D CCodecConfig: c2::u32 input.delay.value = 0
09-30 05:49:59.357 527 793 D CCodecConfig: string input.media-type.value = "audio/vorbis"
09-30 05:49:59.357 527 793 D CCodecConfig: string output.media-type.value = "audio/raw"
09-30 05:49:59.357 527 793 D CCodecConfig: c2::u32 raw.channel-count.value = 1
09-30 05:49:59.357 527 793 D CCodecConfig: c2::u32 raw.sample-rate.value = 48000
09-30 05:49:59.357 527 793 D CCodecConfig: }
09-30 05:49:59.358 527 793 D CCodec : [c2.android.vorbis.decoder] buffers are bound to CCodec for this session
09-30 05:49:59.359 527 793 D CCodecConfig: no c2 equivalents for durationUs
09-30 05:49:59.359 527 793 D CCodecConfig: no c2 equivalents for track-id
09-30 05:49:59.359 527 793 D CCodecConfig: no c2 equivalents for csd-1
09-30 05:49:59.359 527 793 D CCodecConfig: no c2 equivalents for channel-mask
09-30 05:49:59.359 527 793 D CCodecConfig: no c2 equivalents for flags
09-30 05:49:59.360 527 796 D CCodec : allocate(c2.android.vorbis.decoder)
09-30 05:49:59.361 527 793 D CCodecConfig: c2 config diff is c2::u32 coded.bitrate.value = 140000
09-30 05:49:59.362 527 793 W Codec2Client: query -- param skipped: index = 1107298332.
09-30 05:49:59.362 527 793 D CCodec : setup formats input: AMessage(what = 0x00000000) = {
09-30 05:49:59.362 527 793 D CCodec : int32_t bitrate = 140000
09-30 05:49:59.362 527 793 D CCodec : int32_t channel-count = 1
09-30 05:49:59.362 527 793 D CCodec : int32_t max-input-size = 32768
09-30 05:49:59.362 527 793 D CCodec : string mime = "audio/vorbis"
09-30 05:49:59.362 527 793 D CCodec : int32_t sample-rate = 48000
09-30 05:49:59.362 527 793 D CCodec : }
09-30 05:49:59.362 527 793 D CCodec : setup formats output: AMessage(what = 0x00000000) = {
09-30 05:49:59.362 527 793 D CCodec : int32_t channel-count = 1
09-30 05:49:59.362 527 793 D CCodec : string mime = "audio/raw"
09-30 05:49:59.362 527 793 D CCodec : int32_t sample-rate = 48000
09-30 05:49:59.362 527 793 D CCodec : int32_t channel-mask = 1
09-30 05:49:59.362 527 793 D CCodec : }
09-30 05:49:59.363 527 793 I CCodecConfig: query failed after returning 7 values (BAD_INDEX)
09-30 05:49:59.364 527 793 W Codec2Client: query -- param skipped: index = 1342179345.
09-30 05:49:59.364 527 796 I CCodec : Created component [c2.android.vorbis.decoder]
09-30 05:49:59.364 527 793 W Codec2Client: query -- param skipped: index = 2415921170.
09-30 05:49:59.365 527 796 D CCodecConfig: read media type: audio/vorbis
09-30 05:49:59.366 527 793 D CCodecBufferChannel: [c2.android.vorbis.decoder#577] Created input block pool with allocatorID 16 => poolID 19 - OK (0)
09-30 05:49:59.369 527 793 I CCodecBufferChannel: [c2.android.vorbis.decoder#577] Created output block pool with allocatorID 16 => poolID 19 - OK
09-30 05:49:59.369 527 793 D CCodecBufferChannel: [c2.android.vorbis.decoder#577] Configured output block pool ids 19 => OK
09-30 05:49:59.370 527 796 D ReflectedParamUpdater: extent() != 1 for single value type: algo.buffers.max-count.values
09-30 05:49:59.371 527 796 D ReflectedParamUpdater: extent() != 1 for single value type: output.subscribed-indices.values
09-30 05:49:59.372 466 795 D SimpleC2Component: Using output block pool with poolID 19 => got 19 - 0
09-30 05:49:59.373 527 796 D ReflectedParamUpdater: extent() != 1 for single value type: input.buffers.allocator-ids.values
09-30 05:49:59.374 527 796 D ReflectedParamUpdater: extent() != 1 for single value type: output.buffers.allocator-ids.values
09-30 05:49:59.374 527 796 D ReflectedParamUpdater: extent() != 1 for single value type: algo.buffers.allocator-ids.values
09-30 05:49:59.375 527 796 D ReflectedParamUpdater: extent() != 1 for single value type: output.buffers.pool-ids.values
09-30 05:49:59.375 527 796 D ReflectedParamUpdater: extent() != 1 for single value type: algo.buffers.pool-ids.values
09-30 05:49:59.378 527 796 I CCodecConfig: query failed after returning 7 values (BAD_INDEX)
09-30 05:49:59.379 527 796 D CCodecConfig: c2 config diff is Dict {
09-30 05:49:59.379 527 796 D CCodecConfig: c2::u32 coded.bitrate.value = 64000
09-30 05:49:59.379 527 796 D CCodecConfig: c2::u32 input.buffers.max-size.value = 32768
09-30 05:49:59.379 527 796 D CCodecConfig: c2::u32 input.delay.value = 0
09-30 05:49:59.379 527 796 D CCodecConfig: string input.media-type.value = "audio/vorbis"
09-30 05:49:59.379 527 796 D CCodecConfig: string output.media-type.value = "audio/raw"
09-30 05:49:59.379 527 796 D CCodecConfig: c2::u32 raw.channel-count.value = 1
09-30 05:49:59.379 527 796 D CCodecConfig: c2::u32 raw.sample-rate.value = 48000
09-30 05:49:59.379 527 796 D CCodecConfig: }
09-30 05:49:59.380 527 796 D CCodec : [c2.android.vorbis.decoder] buffers are bound to CCodec for this session
09-30 05:49:59.380 527 796 D CCodecConfig: no c2 equivalents for durationUs
09-30 05:49:59.380 527 796 D CCodecConfig: no c2 equivalents for track-id
09-30 05:49:59.381 527 796 D CCodecConfig: no c2 equivalents for csd-1
09-30 05:49:59.381 527 796 D CCodecConfig: no c2 equivalents for channel-mask
09-30 05:49:59.381 527 796 D CCodecConfig: no c2 equivalents for flags
09-30 05:49:59.382 527 796 D CCodecConfig: c2 config diff is c2::u32 coded.bitrate.value = 140000
09-30 05:49:59.384 527 796 W Codec2Client: query -- param skipped: index = 1107298332.
09-30 05:49:59.384 527 796 D CCodec : setup formats input: AMessage(what = 0x00000000) = {
09-30 05:49:59.384 527 796 D CCodec : int32_t bitrate = 140000
09-30 05:49:59.384 527 796 D CCodec : int32_t channel-count = 1
09-30 05:49:59.384 527 796 D CCodec : int32_t max-input-size = 32768
09-30 05:49:59.384 527 796 D CCodec : string mime = "audio/vorbis"
09-30 05:49:59.384 527 796 D CCodec : int32_t sample-rate = 48000
09-30 05:49:59.384 527 796 D CCodec : }
09-30 05:49:59.384 527 796 D CCodec : setup formats output: AMessage(what = 0x00000000) = {
09-30 05:49:59.384 527 796 D CCodec : int32_t channel-count = 1
09-30 05:49:59.384 527 796 D CCodec : string mime = "audio/raw"
09-30 05:49:59.384 527 796 D CCodec : int32_t sample-rate = 48000
09-30 05:49:59.384 527 796 D CCodec : int32_t channel-mask = 1
09-30 05:49:59.384 527 796 D CCodec : }
09-30 05:49:59.385 527 796 I CCodecConfig: query failed after returning 7 values (BAD_INDEX)
09-30 05:49:59.386 527 796 W Codec2Client: query -- param skipped: index = 1342179345.
09-30 05:49:59.386 527 796 W Codec2Client: query -- param skipped: index = 2415921170.
09-30 05:49:59.388 527 796 D CCodecBufferChannel: [c2.android.vorbis.decoder#89] Created input block pool with allocatorID 16 => poolID 20 - OK (0)
09-30 05:49:59.393 527 796 I CCodecBufferChannel: [c2.android.vorbis.decoder#89] Created output block pool with allocatorID 16 => poolID 20 - OK
09-30 05:49:59.394 527 796 D CCodecBufferChannel: [c2.android.vorbis.decoder#89] Configured output block pool ids 20 => OK
09-30 05:49:59.399 466 797 D SimpleC2Component: Using output block pool with poolID 20 => got 20 - 0
09-30 05:49:59.436 527 793 D CCodecBufferChannel: [c2.android.vorbis.decoder#577] MediaCodec discarded an unknown buffer
09-30 05:49:59.436 527 793 D CCodecBufferChannel: [c2.android.vorbis.decoder#577] MediaCodec discarded an unknown buffer
09-30 05:49:59.439 527 793 I hw-BpHwBinder: onLastStrongRef automatically unlinking death recipients
09-30 05:49:59.457 527 796 D CCodecBufferChannel: [c2.android.vorbis.decoder#89] MediaCodec discarded an unknown buffer
09-30 05:49:59.458 527 796 D CCodecBufferChannel: [c2.android.vorbis.decoder#89] MediaCodec discarded an unknown buffer
09-30 05:49:59.458 527 796 D CCodecBufferChannel: [c2.android.vorbis.decoder#89] MediaCodec discarded an unknown buffer
09-30 05:49:59.461 527 796 I hw-BpHwBinder: onLastStrongRef automatically unlinking death recipients
09-30 05:49:59.462 466 466 I hw-BpHwBinder: onLastStrongRef automatically unlinking death recipients
09-30 05:49:59.463 466 466 V C2Store : in ~ComponentModule
09-30 05:49:59.463 466 466 V C2Store : unloading dll
09-30 05:49:59.466 527 713 D MediaCodecList: codecHandlesFormat: no format, so no extra checks
09-30 05:49:59.468 527 713 D MediaCodecList: codecHandlesFormat: no format, so no extra checks
09-30 05:49:59.472 527 800 D CCodec : allocate(c2.android.vorbis.decoder)
09-30 05:49:59.474 466 466 V C2Store : in init
09-30 05:49:59.474 466 466 V C2Store : loading dll
09-30 05:49:59.481 527 800 I CCodec : Created component [c2.android.vorbis.decoder]
09-30 05:49:59.481 527 800 D CCodecConfig: read media type: audio/vorbis
09-30 05:49:59.485 527 800 D ReflectedParamUpdater: extent() != 1 for single value type: algo.buffers.max-count.values
09-30 05:49:59.486 527 800 D ReflectedParamUpdater: extent() != 1 for single value type: output.subscribed-indices.values
09-30 05:49:59.487 527 800 D ReflectedParamUpdater: extent() != 1 for single value type: input.buffers.allocator-ids.values
09-30 05:49:59.488 527 800 D ReflectedParamUpdater: extent() != 1 for single value type: output.buffers.allocator-ids.values
09-30 05:49:59.489 527 714 D MediaCodecList: codecHandlesFormat: no format, so no extra checks
09-30 05:49:59.489 527 800 D ReflectedParamUpdater: extent() != 1 for single value type: algo.buffers.allocator-ids.values
09-30 05:49:59.489 527 714 D MediaCodecList: codecHandlesFormat: no format, so no extra checks
09-30 05:49:59.490 527 800 D ReflectedParamUpdater: extent() != 1 for single value type: output.buffers.pool-ids.values
09-30 05:49:59.490 527 800 D ReflectedParamUpdater: extent() != 1 for single value type: algo.buffers.pool-ids.values
09-30 05:49:59.492 527 802 D CCodec : allocate(c2.android.vorbis.decoder)
09-30 05:49:59.496 527 800 I CCodecConfig: query failed after returning 7 values (BAD_INDEX)
09-30 05:49:59.496 527 800 D CCodecConfig: c2 config diff is Dict {
09-30 05:49:59.496 527 800 D CCodecConfig: c2::u32 coded.bitrate.value = 64000
09-30 05:49:59.496 527 800 D CCodecConfig: c2::u32 input.buffers.max-size.value = 32768
09-30 05:49:59.496 527 800 D CCodecConfig: c2::u32 input.delay.value = 0
09-30 05:49:59.496 527 800 D CCodecConfig: string input.media-type.value = "audio/vorbis"
09-30 05:49:59.496 527 800 D CCodecConfig: string output.media-type.value = "audio/raw"
09-30 05:49:59.496 527 800 D CCodecConfig: c2::u32 raw.channel-count.value = 1
09-30 05:49:59.496 527 800 D CCodecConfig: c2::u32 raw.sample-rate.value = 48000
09-30 05:49:59.496 527 800 D CCodecConfig: }
09-30 05:49:59.497 527 802 I CCodec : Created component [c2.android.vorbis.decoder]
09-30 05:49:59.498 527 800 D CCodec : [c2.android.vorbis.decoder] buffers are bound to CCodec for this session
09-30 05:49:59.498 527 800 D CCodecConfig: no c2 equivalents for durationUs
09-30 05:49:59.498 527 802 D CCodecConfig: read media type: audio/vorbis
09-30 05:49:59.498 527 800 D CCodecConfig: no c2 equivalents for track-id
09-30 05:49:59.498 527 800 D CCodecConfig: no c2 equivalents for csd-1
09-30 05:49:59.498 527 800 D CCodecConfig: no c2 equivalents for channel-mask
09-30 05:49:59.498 527 800 D CCodecConfig: no c2 equivalents for flags
09-30 05:49:59.500 527 800 D CCodecConfig: c2 config diff is c2::u32 coded.bitrate.value = 140000
09-30 05:49:59.501 527 800 W Codec2Client: query -- param skipped: index = 1107298332.
09-30 05:49:59.501 527 800 D CCodec : setup formats input: AMessage(what = 0x00000000) = {
09-30 05:49:59.501 527 800 D CCodec : int32_t bitrate = 140000
09-30 05:49:59.501 527 800 D CCodec : int32_t channel-count = 1
09-30 05:49:59.501 527 800 D CCodec : int32_t max-input-size = 32768
09-30 05:49:59.501 527 800 D CCodec : string mime = "audio/vorbis"
09-30 05:49:59.501 527 800 D CCodec : int32_t sample-rate = 48000
09-30 05:49:59.501 527 800 D CCodec : }
09-30 05:49:59.501 527 800 D CCodec : setup formats output: AMessage(what = 0x00000000) = {
09-30 05:49:59.501 527 800 D CCodec : int32_t channel-count = 1
09-30 05:49:59.501 527 800 D CCodec : string mime = "audio/raw"
09-30 05:49:59.501 527 800 D CCodec : int32_t sample-rate = 48000
09-30 05:49:59.501 527 800 D CCodec : int32_t channel-mask = 1
09-30 05:49:59.501 527 800 D CCodec : }
09-30 05:49:59.502 527 800 I CCodecConfig: query failed after returning 7 values (BAD_INDEX)
09-30 05:49:59.503 527 800 W Codec2Client: query -- param skipped: index = 1342179345.
09-30 05:49:59.503 527 800 W Codec2Client: query -- param skipped: index = 2415921170.
09-30 05:49:59.503 527 802 D ReflectedParamUpdater: extent() != 1 for single value type: algo.buffers.max-count.values
09-30 05:49:59.504 527 802 D ReflectedParamUpdater: extent() != 1 for single value type: output.subscribed-indices.values
09-30 05:49:59.504 527 802 D ReflectedParamUpdater: extent() != 1 for single value type: input.buffers.allocator-ids.values
09-30 05:49:59.505 527 800 D CCodecBufferChannel: [c2.android.vorbis.decoder#920] Created input block pool with allocatorID 16 => poolID 21 - OK (0)
09-30 05:49:59.505 527 802 D ReflectedParamUpdater: extent() != 1 for single value type: output.buffers.allocator-ids.values
09-30 05:49:59.505 527 802 D ReflectedParamUpdater: extent() != 1 for single value type: algo.buffers.allocator-ids.values
09-30 05:49:59.506 527 802 D ReflectedParamUpdater: extent() != 1 for single value type: output.buffers.pool-ids.values
09-30 05:49:59.506 527 802 D ReflectedParamUpdater: extent() != 1 for single value type: algo.buffers.pool-ids.values
09-30 05:49:59.508 527 800 I CCodecBufferChannel: [c2.android.vorbis.decoder#920] Created output block pool with allocatorID 16 => poolID 21 - OK
09-30 05:49:59.508 527 800 D CCodecBufferChannel: [c2.android.vorbis.decoder#920] Configured output block pool ids 21 => OK
09-30 05:49:59.509 527 802 I CCodecConfig: query failed after returning 7 values (BAD_INDEX)
09-30 05:49:59.509 527 802 D CCodecConfig: c2 config diff is Dict {
09-30 05:49:59.509 527 802 D CCodecConfig: c2::u32 coded.bitrate.value = 64000
09-30 05:49:59.509 527 802 D CCodecConfig: c2::u32 input.buffers.max-size.value = 32768
09-30 05:49:59.509 527 802 D CCodecConfig: c2::u32 input.delay.value = 0
09-30 05:49:59.509 527 802 D CCodecConfig: string input.media-type.value = "audio/vorbis"
09-30 05:49:59.509 527 802 D CCodecConfig: string output.media-type.value = "audio/raw"
09-30 05:49:59.509 527 802 D CCodecConfig: c2::u32 raw.channel-count.value = 1
09-30 05:49:59.509 527 802 D CCodecConfig: c2::u32 raw.sample-rate.value = 48000
09-30 05:49:59.509 527 802 D CCodecConfig: }
09-30 05:49:59.511 466 801 D SimpleC2Component: Using output block pool with poolID 21 => got 21 - 0
09-30 05:49:59.511 527 802 D CCodec : [c2.android.vorbis.decoder] buffers are bound to CCodec for this session
09-30 05:49:59.511 527 802 D CCodecConfig: no c2 equivalents for durationUs
09-30 05:49:59.511 527 802 D CCodecConfig: no c2 equivalents for track-id
09-30 05:49:59.511 527 802 D CCodecConfig: no c2 equivalents for csd-1
09-30 05:49:59.511 527 802 D CCodecConfig: no c2 equivalents for channel-mask
09-30 05:49:59.511 527 802 D CCodecConfig: no c2 equivalents for flags
09-30 05:49:59.513 527 802 D CCodecConfig: c2 config diff is c2::u32 coded.bitrate.value = 239920
09-30 05:49:59.513 527 802 D CCodecConfig: c2::u32 raw.sample-rate.value = 44100
09-30 05:49:59.514 527 802 W Codec2Client: query -- param skipped: index = 1107298332.
09-30 05:49:59.515 527 802 D CCodec : setup formats input: AMessage(what = 0x00000000) = {
09-30 05:49:59.515 527 802 D CCodec : int32_t bitrate = 239920
09-30 05:49:59.515 527 802 D CCodec : int32_t channel-count = 1
09-30 05:49:59.515 527 802 D CCodec : int32_t max-input-size = 32768
09-30 05:49:59.515 527 802 D CCodec : string mime = "audio/vorbis"
09-30 05:49:59.515 527 802 D CCodec : int32_t sample-rate = 44100
09-30 05:49:59.515 527 802 D CCodec : }
09-30 05:49:59.515 527 802 D CCodec : setup formats output: AMessage(what = 0x00000000) = {
09-30 05:49:59.515 527 802 D CCodec : int32_t channel-count = 1
09-30 05:49:59.515 527 802 D CCodec : string mime = "audio/raw"
09-30 05:49:59.515 527 802 D CCodec : int32_t sample-rate = 44100
09-30 05:49:59.515 527 802 D CCodec : int32_t channel-mask = 1
09-30 05:49:59.515 527 802 D CCodec : }
09-30 05:49:59.515 527 802 I CCodecConfig: query failed after returning 7 values (BAD_INDEX)
09-30 05:49:59.517 527 802 W Codec2Client: query -- param skipped: index = 1342179345.
09-30 05:49:59.517 527 802 W Codec2Client: query -- param skipped: index = 2415921170.
09-30 05:49:59.517 390 390 I Zygote : Preloading shared libraries...
09-30 05:49:59.519 527 802 D CCodecBufferChannel: [c2.android.vorbis.decoder#277] Created input block pool with allocatorID 16 => poolID 22 - OK (0)
09-30 05:49:59.523 527 802 I CCodecBufferChannel: [c2.android.vorbis.decoder#277] Created output block pool with allocatorID 16 => poolID 22 - OK
09-30 05:49:59.523 527 802 D CCodecBufferChannel: [c2.android.vorbis.decoder#277] Configured output block pool ids 22 => OK
09-30 05:49:59.527 466 803 D SimpleC2Component: Using output block pool with poolID 22 => got 22 - 0
09-30 05:49:59.534 390 390 I Zygote : Called ZygoteHooks.endPreload()
09-30 05:49:59.536 390 390 I Zygote : Installed AndroidKeyStoreProvider in 1ms.
09-30 05:49:59.560 390 390 I Zygote : Warmed up JCA providers in 24ms.
09-30 05:49:59.561 390 390 D Zygote : end preload
09-30 05:49:59.562 527 638 D SystemServerTimingAsync: SecondaryZygotePreload took to complete: 4946ms
09-30 05:49:59.562 527 638 D SystemServerInitThreadPool: Finished executing SecondaryZygotePreload
09-30 05:49:59.562 527 638 D SystemServerTimingAsync: InitThreadPoolExec:SecondaryZygotePreload took to complete: 4946ms
09-30 05:49:59.562 527 589 W system_server: Long monitor contention with owner system-server-init-thread4 (638) at boolean android.os.ZygoteProcess.preloadDefault(java.lang.String)(ZygoteProcess.java:1178) waiters=0 in android.os.Process$ProcessStartResult android.os.ZygoteProcess.startViaZygote(java.lang.String, java.lang.String, int, int, int[], int, int, int, java.lang.String, java.lang.String, java.lang.String, java.lang.String, java.lang.String, boolean, java.lang.String, int, boolean, long[], java.util.Map, java.util.Map, boolean, boolean, java.lang.String[]) for 1.303s
09-30 05:49:59.575 527 586 D CompatibilityChangeReporter: Compat change id reported: 135634846; UID 1000; state: DISABLED
09-30 05:49:59.576 527 586 D CompatibilityChangeReporter: Compat change id reported: 177438394; UID 1000; state: DISABLED
09-30 05:49:59.577 527 586 D CompatibilityChangeReporter: Compat change id reported: 135772972; UID 1000; state: DISABLED
09-30 05:49:59.578 527 586 D CompatibilityChangeReporter: Compat change id reported: 178038272; UID 1000; state: DISABLED
09-30 05:49:59.582 527 586 D SystemServerTimingAsync: WebViewFactoryPreparation took to complete: 1141ms
09-30 05:49:59.583 527 586 D SystemServerInitThreadPool: Finished executing WebViewFactoryPreparation
09-30 05:49:59.583 527 586 D SystemServerTimingAsync: InitThreadPoolExec:WebViewFactoryPreparation took to complete: 1142ms
09-30 05:49:59.584 527 527 I SystemServiceManager: Starting phase 600
09-30 05:49:59.584 527 527 I SystemServerTiming: OnBootPhase_600
09-30 05:49:59.584 527 527 I SystemServerTiming: OnBootPhase_600_com.android.server.security.FileIntegrityService
09-30 05:49:59.584 527 527 D SystemServerTiming: OnBootPhase_600_com.android.server.security.FileIntegrityService took to complete: 0ms
09-30 05:49:59.584 527 527 I SystemServerTiming: OnBootPhase_600_com.android.server.pm.Installer
09-30 05:49:59.584 527 527 D SystemServerTiming: OnBootPhase_600_com.android.server.pm.Installer took to complete: 0ms
09-30 05:49:59.584 527 527 I SystemServerTiming: OnBootPhase_600_com.android.server.os.DeviceIdentifiersPolicyService
09-30 05:49:59.584 527 527 D SystemServerTiming: OnBootPhase_600_com.android.server.os.DeviceIdentifiersPolicyService took to complete: 0ms
09-30 05:49:59.584 527 527 I SystemServerTiming: OnBootPhase_600_com.android.server.uri.UriGrantsManagerService$Lifecycle
09-30 05:49:59.584 527 527 D SystemServerTiming: OnBootPhase_600_com.android.server.uri.UriGrantsManagerService$Lifecycle took to complete: 0ms
09-30 05:49:59.584 527 527 I SystemServerTiming: OnBootPhase_600_com.android.server.powerstats.PowerStatsService
09-30 05:49:59.584 527 527 D SystemServerTiming: OnBootPhase_600_com.android.server.powerstats.PowerStatsService took to complete: 0ms
09-30 05:49:59.584 527 527 I SystemServerTiming: OnBootPhase_600_com.android.server.wm.ActivityTaskManagerService$Lifecycle
09-30 05:49:59.584 527 527 D SystemServerTiming: OnBootPhase_600_com.android.server.wm.ActivityTaskManagerService$Lifecycle took to complete: 0ms
09-30 05:49:59.584 527 527 I SystemServerTiming: OnBootPhase_600_com.android.server.am.ActivityManagerService$Lifecycle
09-30 05:49:59.586 527 527 I ExplicitHealthCheckController: Explicit health checks enabled.
09-30 05:49:59.588 527 527 I PackageWatchdog: Syncing state, reason: health check state enabled
09-30 05:49:59.588 527 527 I PackageWatchdog: Not pruning observers, elapsed time: 0ms
09-30 05:49:59.588 527 527 I PackageWatchdog: Cancelling state sync, nothing to sync
09-30 05:49:59.588 527 587 I PackageWatchdog: Saving observer state to file
09-30 05:49:59.590 527 527 D SystemServerTiming: OnBootPhase_600_com.android.server.am.ActivityManagerService$Lifecycle took to complete: 5ms
09-30 05:49:59.590 527 527 I SystemServerTiming: OnBootPhase_600_com.android.server.pm.DataLoaderManagerService
09-30 05:49:59.590 527 527 D SystemServerTiming: OnBootPhase_600_com.android.server.pm.DataLoaderManagerService took to complete: 0ms
09-30 05:49:59.590 527 527 I SystemServerTiming: OnBootPhase_600_com.android.server.power.PowerManagerService
09-30 05:49:59.593 527 527 D SystemServerTiming: OnBootPhase_600_com.android.server.power.PowerManagerService took to complete: 3ms
09-30 05:49:59.594 527 527 I SystemServerTiming: OnBootPhase_600_com.android.server.power.ThermalManagerService
09-30 05:49:59.594 527 527 D SystemServerTiming: OnBootPhase_600_com.android.server.power.ThermalManagerService took to complete: 0ms
09-30 05:49:59.594 527 527 I SystemServerTiming: OnBootPhase_600_com.android.server.power.hint.HintManagerService
09-30 05:49:59.594 527 527 D SystemServerTiming: OnBootPhase_600_com.android.server.power.hint.HintManagerService took to complete: 0ms
09-30 05:49:59.594 527 527 I SystemServerTiming: OnBootPhase_600_com.android.server.recoverysystem.RecoverySystemService$Lifecycle
09-30 05:49:59.594 527 527 D SystemServerTiming: OnBootPhase_600_com.android.server.recoverysystem.RecoverySystemService$Lifecycle took to complete: 0ms
09-30 05:49:59.594 527 527 I SystemServerTiming: OnBootPhase_600_com.android.server.lights.LightsService
09-30 05:49:59.594 527 527 D SystemServerTiming: OnBootPhase_600_com.android.server.lights.LightsService took to complete: 0ms
09-30 05:49:59.594 527 527 I SystemServerTiming: OnBootPhase_600_com.android.server.display.DisplayManagerService
09-30 05:49:59.594 527 527 D SystemServerTiming: OnBootPhase_600_com.android.server.display.DisplayManagerService took to complete: 0ms
09-30 05:49:59.594 527 527 I SystemServerTiming: OnBootPhase_600_com.android.server.pm.verify.domain.DomainVerificationService
09-30 05:49:59.594 527 527 D SystemServerTiming: OnBootPhase_600_com.android.server.pm.verify.domain.DomainVerificationService took to complete: 0ms
09-30 05:49:59.594 527 527 I SystemServerTiming: OnBootPhase_600_com.android.server.pm.PackageInstallerService$Lifecycle
09-30 05:49:59.594 527 527 D SystemServerTiming: OnBootPhase_600_com.android.server.pm.PackageInstallerService$Lifecycle took to complete: 0ms
09-30 05:49:59.594 527 527 I SystemServerTiming: OnBootPhase_600_com.android.server.pm.UserManagerService$LifeCycle
09-30 05:49:59.594 527 527 D SystemServerTiming: OnBootPhase_600_com.android.server.pm.UserManagerService$LifeCycle took to complete: 0ms
09-30 05:49:59.594 527 527 I SystemServerTiming: OnBootPhase_600_com.android.server.om.OverlayManagerService
09-30 05:49:59.594 527 527 D SystemServerTiming: OnBootPhase_600_com.android.server.om.OverlayManagerService took to complete: 0ms
09-30 05:49:59.594 527 527 I SystemServerTiming: OnBootPhase_600_com.android.server.SensorPrivacyService
09-30 05:49:59.594 527 527 D SystemServerTiming: OnBootPhase_600_com.android.server.SensorPrivacyService took to complete: 0ms
09-30 05:49:59.594 527 527 I SystemServerTiming: OnBootPhase_600_com.android.server.sensors.SensorService
09-30 05:49:59.594 527 527 D SystemServerTiming: OnBootPhase_600_com.android.server.sensors.SensorService took to complete: 0ms
09-30 05:49:59.594 527 527 I SystemServerTiming: OnBootPhase_600_com.android.server.SystemConfigService
09-30 05:49:59.594 527 527 D SystemServerTiming: OnBootPhase_600_com.android.server.SystemConfigService took to complete: 0ms
09-30 05:49:59.594 527 527 I SystemServerTiming: OnBootPhase_600_com.android.server.BatteryService
09-30 05:49:59.594 527 527 D SystemServerTiming: OnBootPhase_600_com.android.server.BatteryService took to complete: 0ms
09-30 05:49:59.594 527 527 I SystemServerTiming: OnBootPhase_600_com.android.server.usage.UsageStatsService
09-30 05:49:59.594 527 527 D SystemServerTiming: OnBootPhase_600_com.android.server.usage.UsageStatsService took to complete: 0ms
09-30 05:49:59.595 527 527 I SystemServerTiming: OnBootPhase_600_com.android.server.webkit.WebViewUpdateService
09-30 05:49:59.595 527 527 D SystemServerTiming: OnBootPhase_600_com.android.server.webkit.WebViewUpdateService took to complete: 0ms
09-30 05:49:59.595 527 527 I SystemServerTiming: OnBootPhase_600_com.android.server.CachedDeviceStateService
09-30 05:49:59.595 527 527 D SystemServerTiming: OnBootPhase_600_com.android.server.CachedDeviceStateService took to complete: 0ms
09-30 05:49:59.595 527 527 I SystemServerTiming: OnBootPhase_600_com.android.server.BinderCallsStatsService$LifeCycle
09-30 05:49:59.595 527 527 D SystemServerTiming: OnBootPhase_600_com.android.server.BinderCallsStatsService$LifeCycle took to complete: 0ms
09-30 05:49:59.595 527 527 I SystemServerTiming: OnBootPhase_600_com.android.server.LooperStatsService$Lifecycle
09-30 05:49:59.595 527 527 D SystemServerTiming: OnBootPhase_600_com.android.server.LooperStatsService$Lifecycle took to complete: 0ms
09-30 05:49:59.595 527 527 I SystemServerTiming: OnBootPhase_600_com.android.server.rollback.RollbackManagerService
09-30 05:49:59.595 527 527 D SystemServerTiming: OnBootPhase_600_com.android.server.rollback.RollbackManagerService took to complete: 0ms
09-30 05:49:59.595 527 527 I SystemServerTiming: OnBootPhase_600_com.android.server.os.NativeTombstoneManagerService
09-30 05:49:59.596 527 527 D SystemServerTiming: OnBootPhase_600_com.android.server.os.NativeTombstoneManagerService took to complete: 0ms
09-30 05:49:59.596 527 527 I SystemServerTiming: OnBootPhase_600_com.android.server.os.BugreportManagerService
09-30 05:49:59.596 527 527 D SystemServerTiming: OnBootPhase_600_com.android.server.os.BugreportManagerService took to complete: 0ms
09-30 05:49:59.596 527 527 I SystemServerTiming: OnBootPhase_600_com.android.server.gpu.GpuService
09-30 05:49:59.596 527 527 D SystemServerTiming: OnBootPhase_600_com.android.server.gpu.GpuService took to complete: 0ms
09-30 05:49:59.596 527 527 I SystemServerTiming: OnBootPhase_600_com.android.server.security.KeyChainSystemService
09-30 05:49:59.596 527 527 D SystemServerTiming: OnBootPhase_600_com.android.server.security.KeyChainSystemService took to complete: 0ms
09-30 05:49:59.596 527 527 I SystemServerTiming: OnBootPhase_600_com.android.server.telecom.TelecomLoaderService
09-30 05:49:59.596 527 527 D SystemServerTiming: OnBootPhase_600_com.android.server.telecom.TelecomLoaderService took to complete: 0ms
09-30 05:49:59.596 527 527 I SystemServerTiming: OnBootPhase_600_com.android.server.accounts.AccountManagerService$Lifecycle
09-30 05:49:59.596 527 527 D SystemServerTiming: OnBootPhase_600_com.android.server.accounts.AccountManagerService$Lifecycle took to complete: 0ms
09-30 05:49:59.596 527 527 I SystemServerTiming: OnBootPhase_600_com.android.server.content.ContentService$Lifecycle
09-30 05:49:59.596 527 527 D SystemServerTiming: OnBootPhase_600_com.android.server.content.ContentService$Lifecycle took to complete: 0ms
09-30 05:49:59.596 527 527 I SystemServerTiming: OnBootPhase_600_com.android.server.DropBoxManagerService
09-30 05:49:59.596 527 527 D SystemServerTiming: OnBootPhase_600_com.android.server.DropBoxManagerService took to complete: 0ms
09-30 05:49:59.596 527 527 I SystemServerTiming: OnBootPhase_600_com.android.role.RoleService
09-30 05:49:59.596 527 527 D SystemServerTiming: OnBootPhase_600_com.android.role.RoleService took to complete: 0ms
09-30 05:49:59.596 527 527 I SystemServerTiming: OnBootPhase_600_com.android.server.vibrator.VibratorManagerService$Lifecycle
09-30 05:49:59.596 527 527 D SystemServerTiming: OnBootPhase_600_com.android.server.vibrator.VibratorManagerService$Lifecycle took to complete: 0ms
09-30 05:49:59.596 527 527 I SystemServerTiming: OnBootPhase_600_com.android.server.alarm.AlarmManagerService
09-30 05:49:59.597 527 527 D SystemServerTiming: OnBootPhase_600_com.android.server.alarm.AlarmManagerService took to complete: 0ms
09-30 05:49:59.597 527 527 I SystemServerTiming: OnBootPhase_600_com.android.server.devicestate.DeviceStateManagerService
09-30 05:49:59.597 527 527 D SystemServerTiming: OnBootPhase_600_com.android.server.devicestate.DeviceStateManagerService took to complete: 0ms
09-30 05:49:59.597 527 527 I SystemServerTiming: OnBootPhase_600_com.android.server.camera.CameraServiceProxy
09-30 05:49:59.597 527 527 D SystemServerTiming: OnBootPhase_600_com.android.server.camera.CameraServiceProxy took to complete: 0ms
09-30 05:49:59.597 527 527 I SystemServerTiming: OnBootPhase_600_com.android.server.connectivity.IpConnectivityMetrics
09-30 05:49:59.597 527 527 D SystemServerTiming: OnBootPhase_600_com.android.server.connectivity.IpConnectivityMetrics took to complete: 0ms
09-30 05:49:59.597 527 527 I SystemServerTiming: OnBootPhase_600_com.android.server.net.watchlist.NetworkWatchlistService$Lifecycle
09-30 05:49:59.597 527 527 D SystemServerTiming: OnBootPhase_600_com.android.server.net.watchlist.NetworkWatchlistService$Lifecycle took to complete: 0ms
09-30 05:49:59.597 527 527 I SystemServerTiming: OnBootPhase_600_com.android.server.PinnerService
09-30 05:49:59.597 527 527 D SystemServerTiming: OnBootPhase_600_com.android.server.PinnerService took to complete: 0ms
09-30 05:49:59.597 527 527 I SystemServerTiming: OnBootPhase_600_com.google.android.startop.iorap.IorapForwardingService
09-30 05:49:59.597 527 527 D SystemServerTiming: OnBootPhase_600_com.google.android.startop.iorap.IorapForwardingService took to complete: 0ms
09-30 05:49:59.597 527 527 I SystemServerTiming: OnBootPhase_600_com.android.server.integrity.AppIntegrityManagerService
09-30 05:49:59.597 527 527 D SystemServerTiming: OnBootPhase_600_com.android.server.integrity.AppIntegrityManagerService took to complete: 0ms
09-30 05:49:59.597 527 527 I SystemServerTiming: OnBootPhase_600_com.android.server.inputmethod.InputMethodManagerService$Lifecycle
09-30 05:49:59.597 527 527 D SystemServerTiming: OnBootPhase_600_com.android.server.inputmethod.InputMethodManagerService$Lifecycle took to complete: 0ms
09-30 05:49:59.597 527 527 I SystemServerTiming: OnBootPhase_600_com.android.server.accessibility.AccessibilityManagerService$Lifecycle
09-30 05:49:59.597 527 527 D SystemServerTiming: OnBootPhase_600_com.android.server.accessibility.AccessibilityManagerService$Lifecycle took to complete: 0ms
09-30 05:49:59.597 527 527 I SystemServerTiming: OnBootPhase_600_com.android.server.StorageManagerService$Lifecycle
09-30 05:49:59.597 527 527 D SystemServerTiming: OnBootPhase_600_com.android.server.StorageManagerService$Lifecycle took to complete: 0ms
09-30 05:49:59.597 527 527 I SystemServerTiming: OnBootPhase_600_com.android.server.usage.StorageStatsService$Lifecycle
09-30 05:49:59.597 527 527 D SystemServerTiming: OnBootPhase_600_com.android.server.usage.StorageStatsService$Lifecycle took to complete: 0ms
09-30 05:49:59.597 527 527 I SystemServerTiming: OnBootPhase_600_com.android.server.UiModeManagerService
09-30 05:49:59.597 527 527 D SystemServerTiming: OnBootPhase_600_com.android.server.UiModeManagerService took to complete: 0ms
09-30 05:49:59.597 527 527 I SystemServerTiming: OnBootPhase_600_com.android.server.locksettings.LockSettingsService$Lifecycle
09-30 05:49:59.597 527 527 D SystemServerTiming: OnBootPhase_600_com.android.server.locksettings.LockSettingsService$Lifecycle took to complete: 0ms
09-30 05:49:59.597 527 527 I SystemServerTiming: OnBootPhase_600_com.android.server.testharness.TestHarnessModeService
09-30 05:49:59.597 527 527 D SystemServerTiming: OnBootPhase_600_com.android.server.testharness.TestHarnessModeService took to complete: 0ms
09-30 05:49:59.597 527 527 I SystemServerTiming: OnBootPhase_600_com.android.server.DeviceIdleController
09-30 05:49:59.597 527 527 D SystemServerTiming: OnBootPhase_600_com.android.server.DeviceIdleController took to complete: 0ms
09-30 05:49:59.597 527 527 I SystemServerTiming: OnBootPhase_600_com.android.server.devicepolicy.DevicePolicyManagerService$Lifecycle
09-30 05:49:59.597 527 527 D SystemServerTiming: OnBootPhase_600_com.android.server.devicepolicy.DevicePolicyManagerService$Lifecycle took to complete: 0ms
09-30 05:49:59.597 527 527 I SystemServerTiming: OnBootPhase_600_com.android.server.texttospeech.TextToSpeechManagerService
09-30 05:49:59.599 527 527 D SystemServerTiming: OnBootPhase_600_com.android.server.texttospeech.TextToSpeechManagerService took to complete: 2ms
09-30 05:49:59.599 527 527 I SystemServerTiming: OnBootPhase_600_com.android.server.speech.SpeechRecognitionManagerService
09-30 05:49:59.600 527 527 D SystemServerTiming: OnBootPhase_600_com.android.server.speech.SpeechRecognitionManagerService took to complete: 1ms
09-30 05:49:59.600 527 527 I SystemServerTiming: OnBootPhase_600_com.android.server.searchui.SearchUiManagerService
09-30 05:49:59.602 527 527 D SystemServerTiming: OnBootPhase_600_com.android.server.searchui.SearchUiManagerService took to complete: 1ms
09-30 05:49:59.602 527 527 I SystemServerTiming: OnBootPhase_600_com.android.server.smartspace.SmartspaceManagerService
09-30 05:49:59.603 527 527 D SystemServerTiming: OnBootPhase_600_com.android.server.smartspace.SmartspaceManagerService took to complete: 1ms
09-30 05:49:59.604 527 527 I SystemServerTiming: OnBootPhase_600_com.android.server.graphics.fonts.FontManagerService$Lifecycle
09-30 05:49:59.604 527 527 D SystemServerTiming: OnBootPhase_600_com.android.server.graphics.fonts.FontManagerService$Lifecycle took to complete: 0ms
09-30 05:49:59.604 527 527 I SystemServerTiming: OnBootPhase_600_com.android.server.textservices.TextServicesManagerService$Lifecycle
09-30 05:49:59.604 527 527 D SystemServerTiming: OnBootPhase_600_com.android.server.textservices.TextServicesManagerService$Lifecycle took to complete: 0ms
09-30 05:49:59.604 527 527 I SystemServerTiming: OnBootPhase_600_com.android.server.textclassifier.TextClassificationManagerService$Lifecycle
09-30 05:49:59.604 527 527 D SystemServerTiming: OnBootPhase_600_com.android.server.textclassifier.TextClassificationManagerService$Lifecycle took to complete: 0ms
