09-30 05:50:09.739 527 588 I SystemServerTimingAsync: ssm.onUnlockedUser-0_com.android.server.DeviceIdleController
09-30 05:50:09.739 527 588 D SystemServerTimingAsync: ssm.onUnlockedUser-0_com.android.server.DeviceIdleController took to complete: 0ms
09-30 05:50:09.739 527 588 I SystemServerTimingAsync: ssm.onUnlockedUser-0_com.android.server.devicepolicy.DevicePolicyManagerService$Lifecycle
09-30 05:50:09.739 527 588 D SystemServerTimingAsync: ssm.onUnlockedUser-0_com.android.server.devicepolicy.DevicePolicyManagerService$Lifecycle took to complete: 0ms
09-30 05:50:09.739 527 588 I SystemServerTimingAsync: ssm.onUnlockedUser-0_com.android.server.texttospeech.TextToSpeechManagerService
09-30 05:50:09.739 527 588 D SystemServerTimingAsync: ssm.onUnlockedUser-0_com.android.server.texttospeech.TextToSpeechManagerService took to complete: 0ms
09-30 05:50:09.739 527 588 I SystemServerTimingAsync: ssm.onUnlockedUser-0_com.android.server.speech.SpeechRecognitionManagerService
09-30 05:50:09.739 527 588 D SystemServerTimingAsync: ssm.onUnlockedUser-0_com.android.server.speech.SpeechRecognitionManagerService took to complete: 0ms
09-30 05:50:09.739 527 588 I SystemServerTimingAsync: ssm.onUnlockedUser-0_com.android.server.searchui.SearchUiManagerService
09-30 05:50:09.739 527 588 D SystemServerTimingAsync: ssm.onUnlockedUser-0_com.android.server.searchui.SearchUiManagerService took to complete: 0ms
09-30 05:50:09.739 527 588 I SystemServerTimingAsync: ssm.onUnlockedUser-0_com.android.server.smartspace.SmartspaceManagerService
09-30 05:50:09.739 527 588 D SystemServerTimingAsync: ssm.onUnlockedUser-0_com.android.server.smartspace.SmartspaceManagerService took to complete: 0ms
09-30 05:50:09.739 527 588 I SystemServerTimingAsync: ssm.onUnlockedUser-0_com.android.server.graphics.fonts.FontManagerService$Lifecycle
09-30 05:50:09.739 527 588 D SystemServerTimingAsync: ssm.onUnlockedUser-0_com.android.server.graphics.fonts.FontManagerService$Lifecycle took to complete: 0ms
09-30 05:50:09.739 527 588 I SystemServerTimingAsync: ssm.onUnlockedUser-0_com.android.server.textservices.TextServicesManagerService$Lifecycle
09-30 05:50:09.739 527 588 D SystemServerTimingAsync: ssm.onUnlockedUser-0_com.android.server.textservices.TextServicesManagerService$Lifecycle took to complete: 0ms
09-30 05:50:09.739 527 588 I SystemServerTimingAsync: ssm.onUnlockedUser-0_com.android.server.textclassifier.TextClassificationManagerService$Lifecycle
09-30 05:50:09.739 527 588 D SystemServerTimingAsync: ssm.onUnlockedUser-0_com.android.server.textclassifier.TextClassificationManagerService$Lifecycle took to complete: 0ms
09-30 05:50:09.739 527 588 I SystemServerTimingAsync: ssm.onUnlockedUser-0_com.android.server.NetworkScoreService$Lifecycle
09-30 05:50:09.739 527 588 D SystemServerTimingAsync: ssm.onUnlockedUser-0_com.android.server.NetworkScoreService$Lifecycle took to complete: 0ms
09-30 05:50:09.739 527 588 I SystemServerTimingAsync: ssm.onUnlockedUser-0_com.android.server.wifi.WifiService
09-30 05:50:09.739 527 588 D SystemServerTimingAsync: ssm.onUnlockedUser-0_com.android.server.wifi.WifiService took to complete: 0ms
09-30 05:50:09.739 527 588 I SystemServerTimingAsync: ssm.onUnlockedUser-0_com.android.server.wifi.scanner.WifiScanningService
09-30 05:50:09.739 527 588 D SystemServerTimingAsync: ssm.onUnlockedUser-0_com.android.server.wifi.scanner.WifiScanningService took to complete: 0ms
09-30 05:50:09.739 527 588 I SystemServerTimingAsync: ssm.onUnlockedUser-0_com.android.server.wifi.p2p.WifiP2pService
09-30 05:50:09.739 527 588 D SystemServerTimingAsync: ssm.onUnlockedUser-0_com.android.server.wifi.p2p.WifiP2pService took to complete: 0ms
09-30 05:50:09.739 527 588 I SystemServerTimingAsync: ssm.onUnlockedUser-0_com.android.server.ethernet.EthernetService
09-30 05:50:09.739 527 588 D SystemServerTimingAsync: ssm.onUnlockedUser-0_com.android.server.ethernet.EthernetService took to complete: 0ms
09-30 05:50:09.739 527 588 I SystemServerTimingAsync: ssm.onUnlockedUser-0_com.android.server.ConnectivityServiceInitializer
09-30 05:50:09.739 527 588 D SystemServerTimingAsync: ssm.onUnlockedUser-0_com.android.server.ConnectivityServiceInitializer took to complete: 0ms
09-30 05:50:09.739 527 588 I SystemServerTimingAsync: ssm.onUnlockedUser-0_com.android.server.notification.NotificationManagerService
09-30 05:50:09.739 527 588 D SystemServerTimingAsync: ssm.onUnlockedUser-0_com.android.server.notification.NotificationManagerService took to complete: 0ms
09-30 05:50:09.739 527 588 I SystemServerTimingAsync: ssm.onUnlockedUser-0_com.android.server.storage.DeviceStorageMonitorService
09-30 05:50:09.739 527 588 D SystemServerTimingAsync: ssm.onUnlockedUser-0_com.android.server.storage.DeviceStorageMonitorService took to complete: 0ms
09-30 05:50:09.739 527 588 I SystemServerTimingAsync: ssm.onUnlockedUser-0_com.android.server.location.LocationManagerService$Lifecycle
09-30 05:50:09.739 527 588 D SystemServerTimingAsync: ssm.onUnlockedUser-0_com.android.server.location.LocationManagerService$Lifecycle took to complete: 0ms
09-30 05:50:09.739 527 588 I SystemServerTimingAsync: ssm.onUnlockedUser-0_com.android.server.timedetector.TimeDetectorService$Lifecycle
09-30 05:50:09.739 527 588 D SystemServerTimingAsync: ssm.onUnlockedUser-0_com.android.server.timedetector.TimeDetectorService$Lifecycle took to complete: 0ms
09-30 05:50:09.739 527 588 I SystemServerTimingAsync: ssm.onUnlockedUser-0_com.android.server.timezonedetector.TimeZoneDetectorService$Lifecycle
09-30 05:50:09.739 527 588 D SystemServerTimingAsync: ssm.onUnlockedUser-0_com.android.server.timezonedetector.TimeZoneDetectorService$Lifecycle took to complete: 0ms
09-30 05:50:09.739 527 588 I SystemServerTimingAsync: ssm.onUnlockedUser-0_com.android.server.timezonedetector.location.LocationTimeZoneManagerService$Lifecycle
09-30 05:50:09.739 527 588 D SystemServerTimingAsync: ssm.onUnlockedUser-0_com.android.server.timezonedetector.location.LocationTimeZoneManagerService$Lifecycle took to complete: 0ms
09-30 05:50:09.739 527 588 I SystemServerTimingAsync: ssm.onUnlockedUser-0_com.android.server.search.SearchManagerService$Lifecycle
09-30 05:50:09.739 527 588 D SystemServerTimingAsync: ssm.onUnlockedUser-0_com.android.server.search.SearchManagerService$Lifecycle took to complete: 0ms
09-30 05:50:09.740 527 588 I SystemServerTimingAsync: ssm.onUnlockedUser-0_com.android.server.wallpaper.WallpaperManagerService$Lifecycle
09-30 05:50:09.740 527 588 D SystemServerTimingAsync: ssm.onUnlockedUser-0_com.android.server.wallpaper.WallpaperManagerService$Lifecycle took to complete: 0ms
09-30 05:50:09.740 527 588 I SystemServerTimingAsync: ssm.onUnlockedUser-0_com.android.server.audio.AudioService$Lifecycle
09-30 05:50:05.512 1122 1122 I getprop : type=1400 audit(0.0:839): avc: denied { getattr } for path="/dev/__properties__/u:object_r:ctl_apexd_prop:s0" dev="tmpfs" ino=81 scontext=u:r:shell:s0 tcontext=u:object_r:ctl_apexd_prop:s0 tclass=file permissive=1
09-30 05:50:09.740 527 588 D SystemServerTimingAsync: ssm.onUnlockedUser-0_com.android.server.audio.AudioService$Lifecycle took to complete: 0ms
09-30 05:50:09.740 527 588 I SystemServerTimingAsync: ssm.onUnlockedUser-0_com.android.server.soundtrigger_middleware.SoundTriggerMiddlewareService$Lifecycle
09-30 05:50:09.740 527 588 D SystemServerTimingAsync: ssm.onUnlockedUser-0_com.android.server.soundtrigger_middleware.SoundTriggerMiddlewareService$Lifecycle took to complete: 0ms
09-30 05:50:09.740 527 588 I SystemServerTimingAsync: ssm.onUnlockedUser-0_com.android.server.DockObserver
09-30 05:50:09.740 527 588 D SystemServerTimingAsync: ssm.onUnlockedUser-0_com.android.server.DockObserver took to complete: 0ms
09-30 05:50:09.740 527 588 I SystemServerTimingAsync: ssm.onUnlockedUser-0_com.android.server.adb.AdbService$Lifecycle
09-30 05:50:09.740 527 588 D SystemServerTimingAsync: ssm.onUnlockedUser-0_com.android.server.adb.AdbService$Lifecycle took to complete: 0ms
09-30 05:50:09.740 527 588 I SystemServerTimingAsync: ssm.onUnlockedUser-0_com.android.server.usb.UsbService$Lifecycle
09-30 05:50:09.740 527 588 D SystemServerTimingAsync: ssm.onUnlockedUser-0_com.android.server.usb.UsbService$Lifecycle took to complete: 0ms
09-30 05:50:09.740 527 588 I SystemServerTimingAsync: ssm.onUnlockedUser-0_com.android.server.twilight.TwilightService
09-30 05:50:09.740 527 588 D SystemServerTimingAsync: ssm.onUnlockedUser-0_com.android.server.twilight.TwilightService took to complete: 0ms
09-30 05:50:09.740 527 588 I SystemServerTimingAsync: ssm.onUnlockedUser-0_com.android.server.display.color.ColorDisplayService
09-30 05:50:09.740 527 588 D SystemServerTimingAsync: ssm.onUnlockedUser-0_com.android.server.display.color.ColorDisplayService took to complete: 0ms
09-30 05:50:09.740 527 588 I SystemServerTimingAsync: ssm.onUnlockedUser-0_com.android.server.job.JobSchedulerService
09-30 05:50:09.740 527 588 D SystemServerTimingAsync: ssm.onUnlockedUser-0_com.android.server.job.JobSchedulerService took to complete: 0ms
09-30 05:50:09.740 527 588 I SystemServerTimingAsync: ssm.onUnlockedUser-0_com.android.server.soundtrigger.SoundTriggerService
09-30 05:50:09.740 527 588 D SystemServerTimingAsync: ssm.onUnlockedUser-0_com.android.server.soundtrigger.SoundTriggerService took to complete: 0ms
09-30 05:50:09.740 527 588 I SystemServerTimingAsync: ssm.onUnlockedUser-0_com.android.server.trust.TrustManagerService
09-30 05:50:09.740 527 588 D SystemServerTimingAsync: ssm.onUnlockedUser-0_com.android.server.trust.TrustManagerService took to complete: 0ms
09-30 05:50:09.740 527 588 I SystemServerTimingAsync: ssm.onUnlockedUser-0_com.android.server.backup.BackupManagerService$Lifecycle
09-30 05:50:09.740 527 588 D SystemServerTimingAsync: ssm.onUnlockedUser-0_com.android.server.backup.BackupManagerService$Lifecycle took to complete: 0ms
09-30 05:50:09.740 527 588 I SystemServerTimingAsync: ssm.onUnlockedUser-0_com.android.server.appwidget.AppWidgetService
09-30 05:50:09.740 527 588 D SystemServerTimingAsync: ssm.onUnlockedUser-0_com.android.server.appwidget.AppWidgetService took to complete: 0ms
09-30 05:50:09.740 527 588 I SystemServerTimingAsync: ssm.onUnlockedUser-0_com.android.server.voiceinteraction.VoiceInteractionManagerService
09-30 05:50:09.740 527 588 D SystemServerTimingAsync: ssm.onUnlockedUser-0_com.android.server.voiceinteraction.VoiceInteractionManagerService took to complete: 0ms
09-30 05:50:09.740 527 588 I SystemServerTimingAsync: ssm.onUnlockedUser-0_com.android.server.apphibernation.AppHibernationService
09-30 05:50:09.740 527 588 D SystemServerTimingAsync: ssm.onUnlockedUser-0_com.android.server.apphibernation.AppHibernationService took to complete: 0ms
09-30 05:50:09.740 527 588 I SystemServerTimingAsync: ssm.onUnlockedUser-0_com.android.server.GestureLauncherService
09-30 05:50:09.740 527 588 D SystemServerTimingAsync: ssm.onUnlockedUser-0_com.android.server.GestureLauncherService took to complete: 0ms
09-30 05:50:09.740 527 588 I SystemServerTimingAsync: ssm.onUnlockedUser-0_com.android.server.SensorNotificationService
09-30 05:50:09.740 527 588 D SystemServerTimingAsync: ssm.onUnlockedUser-0_com.android.server.SensorNotificationService took to complete: 0ms
09-30 05:50:09.740 527 588 I SystemServerTimingAsync: ssm.onUnlockedUser-0_com.android.server.emergency.EmergencyAffordanceService
09-30 05:50:09.740 527 588 D SystemServerTimingAsync: ssm.onUnlockedUser-0_com.android.server.emergency.EmergencyAffordanceService took to complete: 0ms
09-30 05:50:09.740 527 588 I SystemServerTimingAsync: ssm.onUnlockedUser-0_com.android.server.dreams.DreamManagerService
09-30 05:50:09.740 527 588 D SystemServerTimingAsync: ssm.onUnlockedUser-0_com.android.server.dreams.DreamManagerService took to complete: 0ms
09-30 05:50:09.740 527 588 I SystemServerTimingAsync: ssm.onUnlockedUser-0_com.android.server.blob.BlobStoreManagerService
09-30 05:50:09.740 527 588 D SystemServerTimingAsync: ssm.onUnlockedUser-0_com.android.server.blob.BlobStoreManagerService took to complete: 0ms
09-30 05:50:09.740 527 588 I SystemServerTimingAsync: ssm.onUnlockedUser-0_com.android.server.print.PrintManagerService
09-30 05:50:09.740 527 588 D SystemServerTimingAsync: ssm.onUnlockedUser-0_com.android.server.print.PrintManagerService took to complete: 0ms
09-30 05:50:09.740 527 588 I SystemServerTimingAsync: ssm.onUnlockedUser-0_com.android.server.companion.CompanionDeviceManagerService
09-30 05:50:09.740 527 588 D SystemServerTimingAsync: ssm.onUnlockedUser-0_com.android.server.companion.CompanionDeviceManagerService took to complete: 0ms
09-30 05:50:09.740 527 588 I SystemServerTimingAsync: ssm.onUnlockedUser-0_com.android.server.restrictions.RestrictionsManagerService
09-30 05:50:09.740 527 588 D SystemServerTimingAsync: ssm.onUnlockedUser-0_com.android.server.restrictions.RestrictionsManagerService took to complete: 0ms
09-30 05:50:09.740 527 588 I SystemServerTimingAsync: ssm.onUnlockedUser-0_com.android.server.media.MediaSessionService
09-30 05:50:09.740 527 588 D SystemServerTimingAsync: ssm.onUnlockedUser-0_com.android.server.media.MediaSessionService took to complete: 0ms
09-30 05:50:09.740 527 588 I SystemServerTimingAsync: ssm.onUnlockedUser-0_com.android.server.media.MediaResourceMonitorService
09-30 05:50:09.740 527 588 D SystemServerTimingAsync: ssm.onUnlockedUser-0_com.android.server.media.MediaResourceMonitorService took to complete: 0ms
09-30 05:50:09.740 527 588 I SystemServerTimingAsync: ssm.onUnlockedUser-0_com.android.server.biometrics.BiometricService
09-30 05:50:09.741 527 588 D SystemServerTimingAsync: ssm.onUnlockedUser-0_com.android.server.biometrics.BiometricService took to complete: 0ms
09-30 05:50:09.741 527 588 I SystemServerTimingAsync: ssm.onUnlockedUser-0_com.android.server.biometrics.AuthService
09-30 05:50:09.741 527 588 D SystemServerTimingAsync: ssm.onUnlockedUser-0_com.android.server.biometrics.AuthService took to complete: 0ms
09-30 05:50:09.741 527 588 I SystemServerTimingAsync: ssm.onUnlockedUser-0_com.android.server.pm.ShortcutService$Lifecycle
09-30 05:50:09.741 527 588 D SystemServerTimingAsync: ssm.onUnlockedUser-0_com.android.server.pm.ShortcutService$Lifecycle took to complete: 0ms
09-30 05:50:09.741 527 588 I SystemServerTimingAsync: ssm.onUnlockedUser-0_com.android.server.pm.LauncherAppsService
09-30 05:50:09.741 527 588 D SystemServerTimingAsync: ssm.onUnlockedUser-0_com.android.server.pm.LauncherAppsService took to complete: 0ms
09-30 05:50:09.741 527 588 I SystemServerTimingAsync: ssm.onUnlockedUser-0_com.android.server.pm.CrossProfileAppsService
09-30 05:50:09.741 527 588 D SystemServerTimingAsync: ssm.onUnlockedUser-0_com.android.server.pm.CrossProfileAppsService took to complete: 0ms
09-30 05:50:09.741 527 588 I SystemServerTimingAsync: ssm.onUnlockedUser-0_com.android.server.people.PeopleService
09-30 05:50:09.742 527 588 D SystemServerTimingAsync: ssm.onUnlockedUser-0_com.android.server.people.PeopleService took to complete: 2ms
09-30 05:50:09.742 527 588 I SystemServerTimingAsync: ssm.onUnlockedUser-0_com.android.server.media.metrics.MediaMetricsManagerService
09-30 05:50:09.742 527 588 D SystemServerTimingAsync: ssm.onUnlockedUser-0_com.android.server.media.metrics.MediaMetricsManagerService took to complete: 0ms
09-30 05:50:09.742 527 588 I SystemServerTimingAsync: ssm.onUnlockedUser-0_com.android.server.media.projection.MediaProjectionManagerService
09-30 05:50:09.742 527 588 D SystemServerTimingAsync: ssm.onUnlockedUser-0_com.android.server.media.projection.MediaProjectionManagerService took to complete: 0ms
09-30 05:50:09.742 527 588 I SystemServerTimingAsync: ssm.onUnlockedUser-0_com.android.server.slice.SliceManagerService$Lifecycle
09-30 05:50:09.742 527 588 D SystemServerTimingAsync: ssm.onUnlockedUser-0_com.android.server.slice.SliceManagerService$Lifecycle took to complete: 0ms
09-30 05:50:09.742 527 588 I SystemServerTimingAsync: ssm.onUnlockedUser-0_com.android.server.stats.StatsCompanion$Lifecycle
09-30 05:50:09.742 527 588 D SystemServerTimingAsync: ssm.onUnlockedUser-0_com.android.server.stats.StatsCompanion$Lifecycle took to complete: 0ms
09-30 05:50:09.742 527 588 I SystemServerTimingAsync: ssm.onUnlockedUser-0_com.android.server.scheduling.RebootReadinessManagerService$Lifecycle
09-30 05:50:09.742 527 588 D SystemServerTimingAsync: ssm.onUnlockedUser-0_com.android.server.scheduling.RebootReadinessManagerService$Lifecycle took to complete: 0ms
09-30 05:50:09.742 527 588 I SystemServerTimingAsync: ssm.onUnlockedUser-0_com.android.server.stats.pull.StatsPullAtomService
09-30 05:50:09.742 527 588 D SystemServerTimingAsync: ssm.onUnlockedUser-0_com.android.server.stats.pull.StatsPullAtomService took to complete: 0ms
09-30 05:50:09.742 527 588 I SystemServerTimingAsync: ssm.onUnlockedUser-0_com.android.server.incident.IncidentCompanionService
09-30 05:50:09.742 527 588 D SystemServerTimingAsync: ssm.onUnlockedUser-0_com.android.server.incident.IncidentCompanionService took to complete: 0ms
09-30 05:50:09.742 527 588 I SystemServerTimingAsync: ssm.onUnlockedUser-0_com.android.server.MmsServiceBroker
09-30 05:50:09.742 527 588 D SystemServerTimingAsync: ssm.onUnlockedUser-0_com.android.server.MmsServiceBroker took to complete: 0ms
09-30 05:50:09.742 527 588 I SystemServerTimingAsync: ssm.onUnlockedUser-0_com.android.server.autofill.AutofillManagerService
09-30 05:50:09.742 527 588 D SystemServerTimingAsync: ssm.onUnlockedUser-0_com.android.server.autofill.AutofillManagerService took to complete: 0ms
09-30 05:50:09.742 527 588 I SystemServerTimingAsync: ssm.onUnlockedUser-0_com.android.server.clipboard.ClipboardService
09-30 05:50:09.742 527 588 D SystemServerTimingAsync: ssm.onUnlockedUser-0_com.android.server.clipboard.ClipboardService took to complete: 0ms
09-30 05:50:09.742 527 588 I SystemServerTimingAsync: ssm.onUnlockedUser-0_com.android.server.appbinding.AppBindingService$Lifecycle
09-30 05:50:09.742 527 588 D SystemServerTimingAsync: ssm.onUnlockedUser-0_com.android.server.appbinding.AppBindingService$Lifecycle took to complete: 0ms
09-30 05:50:09.742 527 588 I SystemServerTimingAsync: ssm.onUnlockedUser-0_com.android.server.tracing.TracingServiceProxy
09-30 05:50:09.742 527 588 D SystemServerTimingAsync: ssm.onUnlockedUser-0_com.android.server.tracing.TracingServiceProxy took to complete: 0ms
09-30 05:50:09.742 527 588 I SystemServerTimingAsync: ssm.onUnlockedUser-0_com.android.server.policy.PermissionPolicyService
09-30 05:50:09.742 527 588 D SystemServerTimingAsync: ssm.onUnlockedUser-0_com.android.server.policy.PermissionPolicyService took to complete: 0ms
09-30 05:50:09.742 527 588 I SystemServerTimingAsync: ssm.onUnlockedUser-0_com.android.server.pm.StagingManager$Lifecycle
09-30 05:50:09.742 527 588 D SystemServerTimingAsync: ssm.onUnlockedUser-0_com.android.server.pm.StagingManager$Lifecycle took to complete: 0ms
09-30 05:50:09.742 527 588 I SystemServerTimingAsync: ssm.onUnlockedUser-0_com.android.server.app.GameManagerService$Lifecycle
09-30 05:50:09.742 527 588 D SystemServerTimingAsync: ssm.onUnlockedUser-0_com.android.server.app.GameManagerService$Lifecycle took to complete: 0ms
09-30 05:50:09.742 527 588 I SystemServerTimingAsync: ssm.onUnlockedUser-0_com.android.server.appsearch.AppSearchManagerService
09-30 05:50:09.742 527 588 D SystemServerTimingAsync: ssm.onUnlockedUser-0_com.android.server.appsearch.AppSearchManagerService took to complete: 0ms
09-30 05:50:09.742 527 588 I SystemServerTimingAsync: ssm.onUnlockedUser-0_com.android.server.media.MediaCommunicationService
09-30 05:50:09.742 527 588 D SystemServerTimingAsync: ssm.onUnlockedUser-0_com.android.server.media.MediaCommunicationService took to complete: 0ms
09-30 05:50:09.743 527 588 D SystemServerTimingAsync: ssm.UnlockedUser-0 took to complete: 16ms
09-30 05:50:09.743 527 588 W ActivityManager: UserLifecycleEvent 6 received without an active userJourneySession.
09-30 05:50:09.771 527 582 D CompatibilityChangeReporter: Compat change id reported: 184838306; UID 10059; state: DISABLED
09-30 05:50:09.771 422 422 E android.hardware.memtrack-service.img: Failed to open /proc/277/fdinfo directory: No such file or directory
09-30 05:50:09.771 422 422 W IMGMemtrackHAL: getMemoryRecords:543 Failed to read dmabuf fd references for pid 277
09-30 05:50:09.772 527 581 I DropBoxManagerService: add tag=system_server_strictmode isTagEnabled=true flags=0x2
09-30 05:50:05.512 1122 1122 I getprop : type=1400 audit(0.0:840): avc: denied { map } for path="/dev/__properties__/u:object_r:ctl_apexd_prop:s0" dev="tmpfs" ino=81 scontext=u:r:shell:s0 tcontext=u:object_r:ctl_apexd_prop:s0 tclass=file permissive=1
09-30 05:50:09.797 527 686 V BackupManagerService: [UserID:0] No ancestral data
09-30 05:50:09.810 527 1216 V BackupManagerConstants: getKeyValueBackupIntervalMilliseconds(...) returns 14400000
09-30 05:50:09.810 527 1216 V BackupManagerConstants: getKeyValueBackupFuzzMilliseconds(...) returns 600000
09-30 05:50:09.810 527 1216 V BackupManagerConstants: getKeyValueBackupRequiredNetworkType(...) returns 1
09-30 05:50:09.810 527 1216 V BackupManagerConstants: getKeyValueBackupRequireCharging(...) returns true
09-30 05:50:09.810 527 1216 V KeyValueBackupJob: Scheduling k/v pass in 242 minutes
09-30 05:50:09.814 527 582 D CompatibilityChangeReporter: Compat change id reported: 185004937; UID 10059; state: DISABLED
09-30 05:50:09.815 527 1216 D ConnectivityService: requestNetwork for uid/pid:1000/527 activeRequest: null callbackRequest: 30 [NetworkRequest [ REQUEST id=31, [ Capabilities: INTERNET&NOT_RESTRICTED&TRUSTED&NOT_VCN_MANAGED Uid: 1000 RequestorUid: 1000 RequestorPkg: android] ]] callback flags: 0 priority: 2147483647
09-30 05:50:09.816 527 665 D ConnectivityService: NetReassign [no changes]
09-30 05:50:09.816 527 582 D CompatibilityChangeReporter: Compat change id reported: 181136395; UID 10059; state: DISABLED
09-30 05:50:09.818 527 582 D CompatibilityChangeReporter: Compat change id reported: 174042936; UID 10059; state: DISABLED
09-30 05:50:09.818 527 658 D WifiNetworkFactory: got request NetworkRequest [ REQUEST id=31, [ Capabilities: INTERNET&NOT_RESTRICTED&TRUSTED&NOT_VCN_MANAGED Uid: 1000 RequestorUid: 1000 RequestorPkg: android] ]
09-30 05:50:09.819 527 582 D CompatibilityChangeReporter: Compat change id reported: 174042980; UID 10059; state: DISABLED
09-30 05:50:09.824 527 658 D UntrustedWifiNetworkFactory: got request NetworkRequest [ REQUEST id=31, [ Capabilities: INTERNET&NOT_RESTRICTED&TRUSTED&NOT_VCN_MANAGED Uid: 1000 RequestorUid: 1000 RequestorPkg: android] ]
09-30 05:50:09.825 527 658 D OemPaidWifiNetworkFactory: got request NetworkRequest [ REQUEST id=31, [ Capabilities: INTERNET&NOT_RESTRICTED&TRUSTED&NOT_VCN_MANAGED Uid: 1000 RequestorUid: 1000 RequestorPkg: android] ]
09-30 05:50:09.827 527 701 D Ethernet: got request NetworkRequest [ REQUEST id=31, [ Capabilities: INTERNET&NOT_RESTRICTED&TRUSTED&NOT_VCN_MANAGED Uid: 1000 RequestorUid: 1000 RequestorPkg: android] ]
09-30 05:50:09.827 527 701 D EthernetNetworkFactory: acceptRequest, request: NetworkRequest [ REQUEST id=31, [ Capabilities: INTERNET&NOT_RESTRICTED&TRUSTED&NOT_VCN_MANAGED Uid: 1000 RequestorUid: 1000 RequestorPkg: android] ]
09-30 05:50:09.828 527 701 I EthernetNetworkFactory: networkForRequest, request: NetworkRequest [ REQUEST id=31, [ Capabilities: INTERNET&NOT_RESTRICTED&TRUSTED&NOT_VCN_MANAGED Uid: 1000 RequestorUid: 1000 RequestorPkg: android] ], network: null
09-30 05:50:05.512 1122 1122 I getprop : type=1400 audit(0.0:841): avc: denied { open } for path="/dev/__properties__/u:object_r:ctl_bootanim_prop:s0" dev="tmpfs" ino=82 scontext=u:r:shell:s0 tcontext=u:object_r:ctl_bootanim_prop:s0 tclass=file permissive=1
09-30 05:50:05.512 1122 1122 I getprop : type=1400 audit(0.0:842): avc: denied { getattr } for path="/dev/__properties__/u:object_r:ctl_bootanim_prop:s0" dev="tmpfs" ino=82 scontext=u:r:shell:s0 tcontext=u:object_r:ctl_bootanim_prop:s0 tclass=file permissive=1
09-30 05:50:09.843 527 527 D CompatibilityChangeReporter: Compat change id reported: 168419799; UID 10069; state: DISABLED
09-30 05:50:09.851 422 422 E android.hardware.memtrack-service.img: Failed to open /proc/281/fdinfo directory: No such file or directory
09-30 05:50:09.851 422 422 W IMGMemtrackHAL: getMemoryRecords:543 Failed to read dmabuf fd references for pid 281
09-30 05:50:09.854 527 577 W system_server: Long monitor contention with owner main (527) at int com.android.server.am.ActivityManagerService.bindIsolatedService(android.app.IApplicationThread, android.os.IBinder, android.content.Intent, java.lang.String, android.app.IServiceConnection, int, java.lang.String, java.lang.String, int)(ActivityManagerService.java:11992) waiters=2 in void com.android.server.am.ActivityManagerService.unregisterReceiver(android.content.IIntentReceiver) for 125ms
09-30 05:50:09.854 254 254 I BpBinder: onLastStrongRef automatically unlinking death recipients:
09-30 05:50:09.875 527 629 D CompatibilityChangeReporter: Compat change id reported: 135634846; UID 1000; state: DISABLED
09-30 05:50:09.875 527 629 D CompatibilityChangeReporter: Compat change id reported: 177438394; UID 1000; state: DISABLED
09-30 05:50:09.875 527 579 I AppWidgetServiceImpl: Processing of handleUserUnlocked u0 took 200 ms
09-30 05:50:09.875 527 629 D CompatibilityChangeReporter: Compat change id reported: 135772972; UID 1000; state: DISABLED
09-30 05:50:09.875 527 579 W Looper : Slow dispatch took 200ms android.fg h=android.os.Handler c=com.android.server.am.UserController$Injector$$ExternalSyntheticLambda0@85a4a3e m=0
09-30 05:50:09.876 527 629 D CompatibilityChangeReporter: Compat change id reported: 135754954; UID 1000; state: ENABLED
09-30 05:50:09.876 807 807 I Choreographer: Skipped 53 frames! The application may be doing too much work on its main thread.
09-30 05:50:09.890 527 588 D CompatibilityChangeReporter: Compat change id reported: 135634846; UID 10050; state: DISABLED
09-30 05:50:09.891 527 588 D CompatibilityChangeReporter: Compat change id reported: 177438394; UID 10050; state: DISABLED
09-30 05:50:09.891 527 588 D CompatibilityChangeReporter: Compat change id reported: 135772972; UID 10050; state: DISABLED
09-30 05:50:09.891 527 588 D CompatibilityChangeReporter: Compat change id reported: 135754954; UID 10050; state: DISABLED
09-30 05:50:05.512 1122 1122 I getprop : type=1400 audit(0.0:843): avc: denied { map } for path="/dev/__properties__/u:object_r:ctl_bootanim_prop:s0" dev="tmpfs" ino=82 scontext=u:r:shell:s0 tcontext=u:object_r:ctl_bootanim_prop:s0 tclass=file permissive=1
09-30 05:50:09.892 527 527 W Looper : Slow dispatch took 198ms main h=android.app.ActivityThread$H c=android.app.LoadedApk$ReceiverDispatcher$Args$$ExternalSyntheticLambda0@8c9d5ec m=0
09-30 05:50:09.899 527 652 D CompatibilityChangeReporter: Compat change id reported: 135634846; UID 10064; state: DISABLED
09-30 05:50:09.900 527 652 D CompatibilityChangeReporter: Compat change id reported: 177438394; UID 10064; state: DISABLED
09-30 05:50:09.901 527 652 D CompatibilityChangeReporter: Compat change id reported: 135772972; UID 10064; state: DISABLED
09-30 05:50:09.902 527 652 D CompatibilityChangeReporter: Compat change id reported: 135754954; UID 10064; state: ENABLED
09-30 05:50:09.903 527 652 I StorageUserConnection: Bound to the ExternalStorageService for user 0
09-30 05:50:09.919 527 1215 E system_server: No package ID 7f found for ID 0x7f0802bb.
09-30 05:50:09.919 527 1215 E system_server: No package ID 7f found for ID 0x7f121598.
09-30 05:50:09.920 527 1215 E system_server: No package ID 7f found for ID 0x7f0802ba.
09-30 05:50:09.920 527 1215 E system_server: No package ID 7f found for ID 0x7f120676.
09-30 05:50:09.920 527 1215 E system_server: No package ID 7f found for ID 0x7f0802b9.
09-30 05:50:09.920 527 1215 E system_server: No package ID 7f found for ID 0x7f120e12.
09-30 05:50:09.926 527 579 W Looper : Slow delivery took 203ms android.fg h=android.os.Handler c=com.android.server.am.UserController$$ExternalSyntheticLambda9@3cbbeee m=0
09-30 05:50:05.512 1122 1122 I getprop : type=1400 audit(0.0:844): avc: denied { open } for path="/dev/__properties__/u:object_r:ctl_console_prop:s0" dev="tmpfs" ino=84 scontext=u:r:shell:s0 tcontext=u:object_r:ctl_console_prop:s0 tclass=file permissive=1
09-30 05:50:09.933 527 527 I AccountManagerService: User 0 is unlocked - opening CE database
09-30 05:50:09.934 527 579 W Looper : Drained
09-30 05:50:09.971 422 422 E android.hardware.memtrack-service.img: Failed to open /proc/384/fdinfo directory: No such file or directory
09-30 05:50:09.971 422 422 W IMGMemtrackHAL: getMemoryRecords:543 Failed to read dmabuf fd references for pid 384
09-30 05:50:09.980 527 527 W Looper : Slow delivery took 266ms main h=com.android.server.power.Notifier$NotifierHandler c=null m=1
09-30 05:50:05.512 1122 1122 I getprop : type=1400 audit(0.0:845): avc: denied { getattr } for path="/dev/__properties__/u:object_r:ctl_console_prop:s0" dev="tmpfs" ino=84 scontext=u:r:shell:s0 tcontext=u:object_r:ctl_console_prop:s0 tclass=file permissive=1
09-30 05:50:05.512 1122 1122 I getprop : type=1400 audit(0.0:846): avc: denied { map } for path="/dev/__properties__/u:object_r:ctl_console_prop:s0" dev="tmpfs" ino=84 scontext=u:r:shell:s0 tcontext=u:object_r:ctl_console_prop:s0 tclass=file permissive=1
09-30 05:50:09.996 389 389 D Zygote : Forked child process 1225
09-30 05:50:10.004 527 527 V NotificationAssistants: 0 notification assistant service connected: ComponentInfo{android.ext.services/android.ext.services.notification.Assistant}
09-30 05:50:10.006 527 589 W ActivityManager: Slow operation: 133ms so far, now at startProcess: returned from zygote!
09-30 05:50:10.007 527 589 W ActivityManager: Slow operation: 134ms so far, now at startProcess: done updating battery stats
09-30 05:50:10.007 527 589 W ActivityManager: Slow operation: 134ms so far, now at startProcess: building log message
09-30 05:50:10.007 527 589 I ActivityManager: Start proc 1225:com.android.keychain/1000 for service {com.android.keychain/com.android.keychain.KeyChainService}
09-30 05:50:10.008 527 589 W ActivityManager: Slow operation: 134ms so far, now at startProcess: starting to update pids map
09-30 05:50:10.008 211 211 I servicemanager: Notifying apexservice they have clients: 1
09-30 05:50:10.021 807 1001 I OpenGLRenderer: Davey! duration=968ms; Flags=0, FrameTimelineVsyncId=965, IntendedVsync=52437916121, Vsync=53321249419, InputEventId=0, HandleInputStart=53333595060, AnimationStart=53333599185, PerformTraversalsStart=53362426130, DrawStart=53363363275, FrameDeadline=52471249453, FrameInterval=53333435485, FrameStartTime=16666666, SyncQueued=53364522560, SyncStart=53402563305, IssueDrawCommandsStart=53402821680, SwapBuffers=53409006210, FrameCompleted=53444583690, DequeueBufferDuration=0, QueueBufferDuration=34721785, GpuCompleted=53410013355, SwapBuffersCompleted=53444583690, DisplayPresentTime=16338055593984,
09-30 05:50:10.032 527 1220 E TaskPersister: File error accessing recents directory (directory doesn't exist?).
09-30 05:50:05.512 1122 1122 I getprop : type=1400 audit(0.0:847): avc: denied { open } for path="/dev/__properties__/u:object_r:ctl_default_prop:s0" dev="tmpfs" ino=85 scontext=u:r:shell:s0 tcontext=u:object_r:ctl_default_prop:s0 tclass=file permissive=1
09-30 05:50:10.034 527 589 W ActivityManager: Slow operation: 160ms so far, now at startProcess: done updating pids map
09-30 05:50:10.034 527 589 W ActivityManager: Slow operation: 145ms so far, now at startProcess: asking zygote to start proc
09-30 05:50:10.035 527 589 D CompatibilityChangeReporter: Compat change id reported: 143937733; UID 10050; state: DISABLED
09-30 05:50:10.068 527 1215 E system_server: No package ID 7f found for ID 0x7f08006f.
09-30 05:50:10.068 527 1215 E system_server: No package ID 7f found for ID 0x7f10023b.
09-30 05:50:10.069 1225 1225 I Zygote : seccomp disabled by setenforce 0
09-30 05:50:10.091 422 422 E android.hardware.memtrack-service.img: Failed to open /proc/385/fdinfo directory: No such file or directory
09-30 05:50:10.079 527 711 I SyncManager: Loaded persisted syncs: 0 periodic syncs, 0 oneshot syncs, 17 total system server jobs, JobStats: FirstLoad: 5/4/0 LastSave: -1/-1/-1
09-30 05:50:10.091 422 422 W IMGMemtrackHAL: getMemoryRecords:543 Failed to read dmabuf fd references for pid 385
09-30 05:50:10.093 389 389 D Zygote : Forked child process 1229
09-30 05:50:10.094 527 589 W ActivityManager: Slow operation: 205ms so far, now at startProcess: returned from zygote!
09-30 05:50:05.512 1122 1122 I getprop : type=1400 audit(0.0:848): avc: denied { getattr } for path="/dev/__properties__/u:object_r:ctl_default_prop:s0" dev="tmpfs" ino=85 scontext=u:r:shell:s0 tcontext=u:object_r:ctl_default_prop:s0 tclass=file permissive=1
09-30 05:50:10.106 527 589 W ActivityManager: Slow operation: 217ms so far, now at startProcess: done updating battery stats
09-30 05:50:10.107 527 589 W ActivityManager: Slow operation: 217ms so far, now at startProcess: building log message
09-30 05:50:10.110 422 422 E android.hardware.memtrack-service.img: Failed to open /proc/389/fdinfo directory: No such file or directory
09-30 05:50:10.111 422 422 W IMGMemtrackHAL: getMemoryRecords:543 Failed to read dmabuf fd references for pid 389
09-30 05:50:05.512 1122 1122 I getprop : type=1400 audit(0.0:849): avc: denied { map } for path="/dev/__properties__/u:object_r:ctl_default_prop:s0" dev="tmpfs" ino=85 scontext=u:r:shell:s0 tcontext=u:object_r:ctl_default_prop:s0 tclass=file permissive=1
09-30 05:50:10.139 527 589 I ActivityManager: Start proc 1229:com.android.quicksearchbox/u0a50 for broadcast {com.android.quicksearchbox/com.android.quicksearchbox.SearchWidgetProvider}
09-30 05:50:10.139 527 589 W ActivityManager: Slow operation: 250ms so far, now at startProcess: starting to update pids map
09-30 05:50:10.139 527 589 W ActivityManager: Slow operation: 250ms so far, now at startProcess: done updating pids map
09-30 05:50:10.140 527 589 W ActivityManager: Slow operation: 241ms so far, now at startProcess: asking zygote to start proc
09-30 05:50:10.140 527 589 D CompatibilityChangeReporter: Compat change id reported: 143937733; UID 10064; state: ENABLED
09-30 05:50:10.154 479 489 I adbd : jdwp connection from 1225
09-30 05:50:10.158 527 1215 E system_server: No package ID 7f found for ID 0x7f070090.
09-30 05:50:10.158 527 1215 E system_server: No package ID 7f found for ID 0x7f10009b.
09-30 05:50:05.512 1122 1122 I getprop : type=1400 audit(0.0:850): avc: denied { open } for path="/dev/__properties__/u:object_r:ctl_fuse_prop:s0" dev="tmpfs" ino=87 scontext=u:r:shell:s0 tcontext=u:object_r:ctl_fuse_prop:s0 tclass=file permissive=1
09-30 05:50:10.193 422 422 E android.hardware.memtrack-service.img: Failed to open /proc/390/fdinfo directory: No such file or directory
09-30 05:50:10.193 422 422 W IMGMemtrackHAL: getMemoryRecords:543 Failed to read dmabuf fd references for pid 390
09-30 05:50:10.195 389 389 D Zygote : Forked child process 1245
09-30 05:50:10.201 527 589 W ActivityManager: Slow operation: 303ms so far, now at startProcess: returned from zygote!
09-30 05:50:10.203 527 589 W ActivityManager: Slow operation: 304ms so far, now at startProcess: done updating battery stats
09-30 05:50:10.203 527 589 I Watchdog: Interesting Java process com.android.providers.media.module started. Pid 1245
09-30 05:50:10.203 527 589 W ActivityManager: Slow operation: 305ms so far, now at startProcess: building log message
09-30 05:50:10.203 527 589 I ActivityManager: Start proc 1245:com.android.providers.media.module/u0a64 for service {com.android.providers.media.module/com.android.providers.media.fuse.ExternalStorageServiceImpl}
09-30 05:50:10.203 527 589 W ActivityManager: Slow operation: 305ms so far, now at startProcess: starting to update pids map
09-30 05:50:10.204 527 589 W ActivityManager: Slow operation: 306ms so far, now at startProcess: done updating pids map
09-30 05:50:10.214 527 629 D CompatibilityChangeReporter: Compat change id reported: 168419799; UID 1000; state: DISABLED
09-30 05:50:10.238 807 1098 I OpenGLRenderer: Davey! duration=1206ms; Flags=0, FrameTimelineVsyncId=965, IntendedVsync=52437916121, Vsync=53321249419, InputEventId=0, HandleInputStart=53333595060, AnimationStart=53333599185, PerformTraversalsStart=53362426130, DrawStart=53623541155, FrameDeadline=52471249453, FrameInterval=53333435485, FrameStartTime=16666666, SyncQueued=53635658720, SyncStart=53672166950, IssueDrawCommandsStart=53672479725, SwapBuffers=53677936505, FrameCompleted=53681132920, DequeueBufferDuration=0, QueueBufferDuration=2327030, GpuCompleted=53681050835, SwapBuffersCompleted=53681132920, DisplayPresentTime=0,
09-30 05:50:10.238 1225 1225 D CompatibilityChangeReporter: Compat change id reported: 171979766; UID 1000; state: ENABLED
09-30 05:50:10.248 422 422 E android.hardware.memtrack-service.img: Failed to open /proc/391/fdinfo directory: No such file or directory
09-30 05:50:10.248 422 422 W IMGMemtrackHAL: getMemoryRecords:543 Failed to read dmabuf fd references for pid 391
09-30 05:50:10.251 422 422 E android.hardware.memtrack-service.img: Failed to open /proc/392/fdinfo directory: No such file or directory
09-30 05:50:10.251 422 422 W IMGMemtrackHAL: getMemoryRecords:543 Failed to read dmabuf fd references for pid 392
09-30 05:50:10.259 422 422 E android.hardware.memtrack-service.img: Failed to open /proc/411/fdinfo directory: No such file or directory
09-30 05:50:10.259 422 422 W IMGMemtrackHAL: getMemoryRecords:543 Failed to read dmabuf fd references for pid 411
09-30 05:50:05.512 1122 1122 I getprop : type=1400 audit(0.0:851): avc: denied { getattr } for path="/dev/__properties__/u:object_r:ctl_fuse_prop:s0" dev="tmpfs" ino=87 scontext=u:r:shell:s0 tcontext=u:object_r:ctl_fuse_prop:s0 tclass=file permissive=1
09-30 05:50:10.306 422 422 E android.hardware.memtrack-service.img: Failed to open /proc/412/fdinfo directory: No such file or directory
09-30 05:50:10.307 422 422 W IMGMemtrackHAL: getMemoryRecords:543 Failed to read dmabuf fd references for pid 412
09-30 05:50:05.512 1122 1122 I getprop : type=1400 audit(0.0:852): avc: denied { map } for path="/dev/__properties__/u:object_r:ctl_fuse_prop:s0" dev="tmpfs" ino=87 scontext=u:r:shell:s0 tcontext=u:object_r:ctl_fuse_prop:s0 tclass=file permissive=1
09-30 05:50:10.317 1245 1245 I Zygote : seccomp disabled by setenforce 0
09-30 05:50:10.317 1229 1229 I Zygote : seccomp disabled by setenforce 0
09-30 05:50:05.512 1122 1122 I getprop : type=1400 audit(0.0:853): avc: denied { open } for path="/dev/__properties__/u:object_r:ctl_interface_restart_prop:s0" dev="tmpfs" ino=89 scontext=u:r:shell:s0 tcontext=u:object_r:ctl_interface_restart_prop:s0 tclass=file permissive=1
09-30 05:50:05.512 1122 1122 I getprop : type=1400 audit(0.0:854): avc: denied { getattr } for path="/dev/__properties__/u:object_r:ctl_interface_restart_prop:s0" dev="tmpfs" ino=89 scontext=u:r:shell:s0 tcontext=u:object_r:ctl_interface_restart_prop:s0 tclass=file permissive=1
09-30 05:50:10.323 1229 1229 I libc : SetHeapTaggingLevel: tag level set to 0
09-30 05:50:10.353 479 489 I adbd : jdwp connection from 1245
09-30 05:50:10.355 807 807 D InterruptionStateProvider: No bubble up: not allowed to bubble: -1|android|55|null|1000
09-30 05:50:10.356 422 422 E android.hardware.memtrack-service.img: Failed to open /proc/413/fdinfo directory: No such file or directory
09-30 05:50:10.356 422 422 W IMGMemtrackHAL: getMemoryRecords:543 Failed to read dmabuf fd references for pid 413
09-30 05:50:10.360 422 422 E android.hardware.memtrack-service.img: Failed to open /proc/414/fdinfo directory: No such file or directory
09-30 05:50:10.360 422 422 W IMGMemtrackHAL: getMemoryRecords:543 Failed to read dmabuf fd references for pid 414
09-30 05:50:10.360 807 807 D InterruptionStateProvider: No heads up: unimportant notification: -1|android|55|null|1000
09-30 05:50:10.376 1225 1225 V GraphicsEnvironment: ANGLE Developer option for 'com.android.keychain' set to: 'default'
09-30 05:50:10.376 1225 1225 V GraphicsEnvironment: Neither updatable production driver nor prerelease driver is supported.
09-30 05:50:10.380 527 527 W Looper : Drained
09-30 05:50:10.385 422 422 E android.hardware.memtrack-service.img: Failed to open /proc/419/fdinfo directory: No such file or directory
09-30 05:50:10.385 422 422 W IMGMemtrackHAL: getMemoryRecords:543 Failed to read dmabuf fd references for pid 419
09-30 05:50:10.404 479 489 I adbd : jdwp connection from 1229
09-30 05:50:10.412 422 422 E android.hardware.memtrack-service.img: Failed to open /proc/427/fdinfo directory: No such file or directory
09-30 05:50:10.412 422 422 W IMGMemtrackHAL: getMemoryRecords:543 Failed to read dmabuf fd references for pid 427
09-30 05:50:10.416 1225 1225 D NetworkSecurityConfig: No Network Security Config specified, using platform default
09-30 05:50:10.416 422 422 E android.hardware.memtrack-service.img: Failed to open /proc/429/fdinfo directory: No such file or directory
09-30 05:50:10.416 422 422 W IMGMemtrackHAL: getMemoryRecords:543 Failed to read dmabuf fd references for pid 429
09-30 05:50:10.417 1225 1225 D NetworkSecurityConfig: No Network Security Config specified, using platform default
09-30 05:50:10.420 1074 1074 D CompatibilityChangeReporter: Compat change id reported: 160794467; UID 10059; state: ENABLED
09-30 05:50:10.429 422 422 E android.hardware.memtrack-service.img: Failed to open /proc/430/fdinfo directory: No such file or directory
09-30 05:50:10.429 422 422 W IMGMemtrackHAL: getMemoryRecords:543 Failed to read dmabuf fd references for pid 430
09-30 05:50:10.437 422 422 E android.hardware.memtrack-service.img: Failed to open /proc/432/fdinfo directory: No such file or directory
09-30 05:50:10.437 422 422 W IMGMemtrackHAL: getMemoryRecords:543 Failed to read dmabuf fd references for pid 432
09-30 05:50:10.442 422 422 E android.hardware.memtrack-service.img: Failed to open /proc/443/fdinfo directory: No such file or directory
09-30 05:50:10.442 422 422 W IMGMemtrackHAL: getMemoryRecords:543 Failed to read dmabuf fd references for pid 443
09-30 05:50:10.445 422 422 E android.hardware.memtrack-service.img: Failed to open /proc/449/fdinfo directory: No such file or directory
09-30 05:50:10.445 422 422 W IMGMemtrackHAL: getMemoryRecords:543 Failed to read dmabuf fd references for pid 449
09-30 05:50:10.454 422 422 E android.hardware.memtrack-service.img: Failed to open /proc/451/fdinfo directory: No such file or directory
09-30 05:50:10.454 422 422 W IMGMemtrackHAL: getMemoryRecords:543 Failed to read dmabuf fd references for pid 451
09-30 05:50:10.460 527 630 D CompatibilityChangeReporter: Compat change id reported: 168419799; UID 10064; state: DISABLED
09-30 05:50:10.475 422 422 E android.hardware.memtrack-service.img: Failed to open /proc/453/fdinfo directory: No such file or directory
09-30 05:50:10.475 422 422 W IMGMemtrackHAL: getMemoryRecords:543 Failed to read dmabuf fd references for pid 453
09-30 05:50:10.479 422 422 E android.hardware.memtrack-service.img: Failed to open /proc/454/fdinfo directory: No such file or directory
09-30 05:50:10.479 422 422 W IMGMemtrackHAL: getMemoryRecords:543 Failed to read dmabuf fd references for pid 454
09-30 05:50:10.484 422 422 E android.hardware.memtrack-service.img: Failed to open /proc/455/fdinfo directory: No such file or directory
09-30 05:50:10.484 422 422 W IMGMemtrackHAL: getMemoryRecords:543 Failed to read dmabuf fd references for pid 455
09-30 05:50:10.487 527 686 I BackupManagerService: isBackupEnabled() => false due to absent settings file
09-30 05:50:10.493 527 686 D BackupManagerService: user:0 readBackupEnableState enabled:false
09-30 05:50:10.493 527 686 I BackupManagerService: [UserID:0] Backup enabled => false
09-30 05:50:10.501 1245 1245 D CompatibilityChangeReporter: Compat change id reported: 171979766; UID 10064; state: DISABLED
09-30 05:50:05.512 1122 1122 I getprop : type=1400 audit(0.0:855): avc: denied { map } for path="/dev/__properties__/u:object_r:ctl_interface_restart_prop:s0" dev="tmpfs" ino=89 scontext=u:r:shell:s0 tcontext=u:object_r:ctl_interface_restart_prop:s0 tclass=file permissive=1
09-30 05:50:05.512 1122 1122 I getprop : type=1400 audit(0.0:856): avc: denied { open } for path="/dev/__properties__/u:object_r:ctl_interface_start_prop:s0" dev="tmpfs" ino=90 scontext=u:r:shell:s0 tcontext=u:object_r:ctl_interface_start_prop:s0 tclass=file permissive=1
09-30 05:50:10.528 422 422 E android.hardware.memtrack-service.img: Failed to open /proc/456/fdinfo directory: No such file or directory
09-30 05:50:10.529 422 422 W IMGMemtrackHAL: getMemoryRecords:543 Failed to read dmabuf fd references for pid 456
09-30 05:50:10.534 422 422 E android.hardware.memtrack-service.img: Failed to open /proc/458/fdinfo directory: No such file or directory
09-30 05:50:10.534 422 422 W IMGMemtrackHAL: getMemoryRecords:543 Failed to read dmabuf fd references for pid 458
09-30 05:50:10.535 527 629 D CompatibilityChangeReporter: Compat change id reported: 168419799; UID 10050; state: DISABLED
09-30 05:50:10.546 422 422 E android.hardware.memtrack-service.img: Failed to open /proc/463/fdinfo directory: No such file or directory
09-30 05:50:10.546 422 422 W IMGMemtrackHAL: getMemoryRecords:543 Failed to read dmabuf fd references for pid 463
09-30 05:50:10.559 1229 1229 D CompatibilityChangeReporter: Compat change id reported: 171979766; UID 10050; state: DISABLED
09-30 05:50:10.584 527 537 I system_server: Background concurrent copying GC freed 59755(3284KB) AllocSpace objects, 25(876KB) LOS objects, 17% free, 9379KB/11MB, paused 876us total 967.136ms
09-30 05:50:10.598 1074 1279 E ion : open /dev/ion failed: No such file or directory
09-30 05:50:10.601 807 817 I ndroid.systemu: Background young concurrent copying GC freed 15618(1081KB) AllocSpace objects, 2(40KB) LOS objects, 16% free, 7595KB/9045KB, paused 321us total 319.135ms
09-30 05:50:10.608 216 216 I hwservicemanager: getTransport: Cannot find entry android.hardware.configstore@1.0::ISurfaceFlingerConfigs/default in either framework or device VINTF manifest.
09-30 05:50:05.512 1122 1122 I getprop : type=1400 audit(0.0:857): avc: denied { getattr } for path="/dev/__properties__/u:object_r:ctl_interface_start_prop:s0" dev="tmpfs" ino=90 scontext=u:r:shell:s0 tcontext=u:object_r:ctl_interface_start_prop:s0 tclass=file permissive=1
09-30 05:50:10.642 807 807 I Choreographer: Skipped 45 frames! The application may be doing too much work on its main thread.
09-30 05:50:10.651 1229 1229 D ApplicationLoaders: Returning zygote-cached class loader: /system/framework/android.test.base.jar
09-30 05:50:10.652 1245 1245 V GraphicsEnvironment: ANGLE Developer option for 'com.android.providers.media.module' set to: 'default'
09-30 05:50:10.652 1245 1245 V GraphicsEnvironment: Neither updatable production driver nor prerelease driver is supported.
09-30 05:50:10.656 1245 1245 D NetworkSecurityConfig: No Network Security Config specified, using platform default
09-30 05:50:10.657 1245 1245 D NetworkSecurityConfig: No Network Security Config specified, using platform default
09-30 05:50:05.512 1122 1122 I getprop : type=1400 audit(0.0:858): avc: denied { map } for path="/dev/__properties__/u:object_r:ctl_interface_start_prop:s0" dev="tmpfs" ino=90 scontext=u:r:shell:s0 tcontext=u:object_r:ctl_interface_start_prop:s0 tclass=file permissive=1
09-30 05:50:10.738 1245 1245 V MediaProvider: Attached media from com.android.providers.media.module
09-30 05:50:10.744 1074 1279 E FrameEvents: updateAcquireFence: Did not find frame.
09-30 05:50:10.757 422 422 E android.hardware.memtrack-service.img: Failed to open /proc/464/fdinfo directory: No such file or directory
09-30 05:50:10.762 1229 1229 D nativeloader: classloader namespace configured for unbundled product apk. library_path=/system/product/app/QuickSearchBox/lib/arm64:/product/lib64:/system/product/lib64
09-30 05:50:10.765 422 422 W IMGMemtrackHAL: getMemoryRecords:543 Failed to read dmabuf fd references for pid 464
09-30 05:50:05.512 1122 1122 I getprop : type=1400 audit(0.0:859): avc: denied { open } for path="/dev/__properties__/u:object_r:ctl_interface_stop_prop:s0" dev="tmpfs" ino=91 scontext=u:r:shell:s0 tcontext=u:object_r:ctl_interface_stop_prop:s0 tclass=file permissive=1
09-30 05:50:10.778 422 422 E android.hardware.memtrack-service.img: Failed to open /proc/465/fdinfo directory: No such file or directory
09-30 05:50:10.778 422 422 W IMGMemtrackHAL: getMemoryRecords:543 Failed to read dmabuf fd references for pid 465
09-30 05:50:10.782 422 422 E android.hardware.memtrack-service.img: Failed to open /proc/466/fdinfo directory: No such file or directory
09-30 05:50:10.782 422 422 W IMGMemtrackHAL: getMemoryRecords:543 Failed to read dmabuf fd references for pid 466
09-30 05:50:10.785 1074 1279 E FrameEvents: updateAcquireFence: Did not find frame.
09-30 05:50:10.790 527 1221 W UsageStatsService: Failed to query events for locked user 0
09-30 05:50:10.791 1229 1229 V GraphicsEnvironment: ANGLE Developer option for 'com.android.quicksearchbox' set to: 'default'
09-30 05:50:10.794 422 422 E android.hardware.memtrack-service.img: Failed to open /proc/467/fdinfo directory: No such file or directory
09-30 05:50:10.794 422 422 W IMGMemtrackHAL: getMemoryRecords:543 Failed to read dmabuf fd references for pid 467
09-30 05:50:10.798 422 422 E android.hardware.memtrack-service.img: Failed to open /proc/468/fdinfo directory: No such file or directory
09-30 05:50:10.798 422 422 W IMGMemtrackHAL: getMemoryRecords:543 Failed to read dmabuf fd references for pid 468
09-30 05:50:10.803 422 422 E android.hardware.memtrack-service.img: Failed to open /proc/475/fdinfo directory: No such file or directory
09-30 05:50:10.803 422 422 W IMGMemtrackHAL: getMemoryRecords:543 Failed to read dmabuf fd references for pid 475
