01-01 00:00:24.332 381 381 D LibBpfLoader: cs[0].name:tracepoint_gpu_mem_gpu_mem_total min_kver:0 .max_kver:ffffffff (kvers:50a008c)
01-01 00:00:24.332 381 381 D LibBpfLoader: cs[0].name:tracepoint_gpu_mem_gpu_mem_total requires bpfloader version [0x00000,0x10000)
01-01 00:00:24.333 381 381 D LibBpfLoader: bpf_prog_load lib call for /system/etc/bpf/gpu_mem.o (tracepoint_gpu_mem_gpu_mem_total) returned fd: 7 (no error)
01-01 00:00:24.334 381 381 I bpfloader: Loaded object: /system/etc/bpf/gpu_mem.o
01-01 00:00:24.336 381 381 D LibBpfLoader: Loading critical for netd ELF object /system/etc/bpf/netd.o with license Apache 2.0
01-01 00:00:24.336 381 381 I LibBpfLoader: Section bpfloader_min_ver value is 0 [0x0]
01-01 00:00:24.336 381 381 I LibBpfLoader: Section bpfloader_max_ver value is 65536 [0x10000]
01-01 00:00:24.336 381 381 I LibBpfLoader: Section size_of_bpf_map_def value is 48 [0x30]
01-01 00:00:24.336 381 381 I LibBpfLoader: Section size_of_bpf_prog_def value is 28 [0x1c]
01-01 00:00:24.336 381 381 I LibBpfLoader: BpfLoader version 0x00002 processing ELF object /system/etc/bpf/netd.o with ver [0x00000,0x10000)
01-01 00:00:24.338 381 381 D LibBpfLoader: Loaded code section 3 (cgroupskb_ingress_stats)
01-01 00:00:24.339 381 381 D LibBpfLoader: Loaded relo section 3 (.relcgroupskb/ingress/stats)
01-01 00:00:24.339 381 381 D LibBpfLoader: Adding section 3 to cs list
01-01 00:00:24.340 381 381 D LibBpfLoader: Loaded code section 5 (cgroupskb_egress_stats)
01-01 00:00:24.341 381 381 D LibBpfLoader: Loaded relo section 5 (.relcgroupskb/egress/stats)
01-01 00:00:24.341 381 381 D LibBpfLoader: Adding section 5 to cs list
01-01 00:00:24.342 381 381 D LibBpfLoader: Loaded code section 7 (skfilter_egress_xtbpf)
01-01 00:00:24.342 381 381 D LibBpfLoader: Loaded relo section 7 (.relskfilter/egress/xtbpf)
01-01 00:00:24.342 381 381 D LibBpfLoader: Adding section 7 to cs list
01-01 00:00:24.342 381 381 D LibBpfLoader: Loaded code section 9 (skfilter_ingress_xtbpf)
01-01 00:00:24.343 381 381 D LibBpfLoader: Loaded relo section 9 (.relskfilter/ingress/xtbpf)
01-01 00:00:24.343 381 381 D LibBpfLoader: Adding section 9 to cs list
01-01 00:00:24.343 381 381 D LibBpfLoader: Loaded code section 11 (skfilter_allowlist_xtbpf)
01-01 00:00:24.344 381 381 D LibBpfLoader: Loaded relo section 11 (.relskfilter/allowlist/xtbpf)
01-01 00:00:24.344 381 381 D LibBpfLoader: Adding section 11 to cs list
01-01 00:00:24.344 381 381 D LibBpfLoader: Loaded code section 13 (skfilter_denylist_xtbpf)
01-01 00:00:24.345 381 381 D LibBpfLoader: Loaded relo section 13 (.relskfilter/denylist/xtbpf)
01-01 00:00:24.345 381 381 D LibBpfLoader: Adding section 13 to cs list
01-01 00:00:24.345 381 381 D LibBpfLoader: Loaded code section 15 (cgroupsock_inet_create)
01-01 00:00:24.346 381 381 D LibBpfLoader: Loaded relo section 15 (.relcgroupsock/inet/create)
01-01 00:00:24.346 381 381 D LibBpfLoader: Adding section 15 to cs list
01-01 00:00:24.350 381 381 D LibBpfLoader: bpf_create_map name cookie_tag_map, ret: 6
01-01 00:00:24.350 381 381 D LibBpfLoader: bpf_create_map name uid_counterset_map, ret: 7
01-01 00:00:24.353 381 381 D LibBpfLoader: bpf_create_map name app_uid_stats_map, ret: 8
01-01 00:00:24.355 381 381 D LibBpfLoader: bpf_create_map name stats_map_A, ret: 9
01-01 00:00:24.356 381 381 D LibBpfLoader: bpf_create_map name stats_map_B, ret: 10
01-01 00:00:24.357 381 381 D LibBpfLoader: bpf_create_map name iface_stats_map, ret: 11
01-01 00:00:24.358 381 381 D LibBpfLoader: bpf_create_map name configuration_map, ret: 12
01-01 00:00:24.358 381 381 D LibBpfLoader: bpf_create_map name uid_owner_map, ret: 13
01-01 00:00:24.359 381 381 D LibBpfLoader: bpf_create_map name iface_index_name_map, ret: 14
01-01 00:00:24.360 381 381 D LibBpfLoader: bpf_create_map name uid_permission_map, ret: 15
01-01 00:00:24.360 381 381 D LibBpfLoader: map_fd found at 0 is 6 in /system/etc/bpf/netd.o
01-01 00:00:24.360 381 381 D LibBpfLoader: map_fd found at 1 is 7 in /system/etc/bpf/netd.o
01-01 00:00:24.360 381 381 D LibBpfLoader: map_fd found at 2 is 8 in /system/etc/bpf/netd.o
01-01 00:00:24.360 381 381 D LibBpfLoader: map_fd found at 3 is 9 in /system/etc/bpf/netd.o
01-01 00:00:24.360 381 381 D LibBpfLoader: map_fd found at 4 is 10 in /system/etc/bpf/netd.o
01-01 00:00:24.360 381 381 D LibBpfLoader: map_fd found at 5 is 11 in /system/etc/bpf/netd.o
01-01 00:00:24.360 381 381 D LibBpfLoader: map_fd found at 6 is 12 in /system/etc/bpf/netd.o
01-01 00:00:24.360 381 381 D LibBpfLoader: map_fd found at 7 is 13 in /system/etc/bpf/netd.o
01-01 00:00:24.360 381 381 D LibBpfLoader: map_fd found at 8 is 14 in /system/etc/bpf/netd.o
01-01 00:00:24.360 381 381 D LibBpfLoader: map_fd found at 9 is 15 in /system/etc/bpf/netd.o
01-01 00:00:24.362 381 381 D LibBpfLoader: applying relo to instruction at byte offset: 472, insn offset 59 , insn 118
01-01 00:00:24.362 381 381 D LibBpfLoader: applying relo to instruction at byte offset: 544, insn offset 68 , insn 118
01-01 00:00:24.362 381 381 D LibBpfLoader: applying relo to instruction at byte offset: 1008, insn offset 126 , insn 118
01-01 00:00:24.362 381 381 D LibBpfLoader: applying relo to instruction at byte offset: 1304, insn offset 163 , insn 118
01-01 00:00:24.362 381 381 D LibBpfLoader: applying relo to instruction at byte offset: 1384, insn offset 173 , insn 118
01-01 00:00:24.362 381 381 D LibBpfLoader: applying relo to instruction at byte offset: 1488, insn offset 186 , insn 118
01-01 00:00:24.362 381 381 D LibBpfLoader: applying relo to instruction at byte offset: 1600, insn offset 200 , insn 118
01-01 00:00:24.362 381 381 D LibBpfLoader: applying relo to instruction at byte offset: 1640, insn offset 205 , insn 118
01-01 00:00:24.362 381 381 D LibBpfLoader: applying relo to instruction at byte offset: 1992, insn offset 249 , insn 118
01-01 00:00:24.362 381 381 D LibBpfLoader: applying relo to instruction at byte offset: 2104, insn offset 263 , insn 118
01-01 00:00:24.362 381 381 D LibBpfLoader: applying relo to instruction at byte offset: 2144, insn offset 268 , insn 118
01-01 00:00:24.362 381 381 D LibBpfLoader: applying relo to instruction at byte offset: 2424, insn offset 303 , insn 118
01-01 00:00:24.363 381 381 D LibBpfLoader: applying relo to instruction at byte offset: 2528, insn offset 316 , insn 118
01-01 00:00:24.363 381 381 D LibBpfLoader: applying relo to instruction at byte offset: 2568, insn offset 321 , insn 118
01-01 00:00:24.363 381 381 D LibBpfLoader: applying relo to instruction at byte offset: 2712, insn offset 339 , insn 118
01-01 00:00:24.363 381 381 D LibBpfLoader: applying relo to instruction at byte offset: 2816, insn offset 352 , insn 118
01-01 00:00:24.363 381 381 D LibBpfLoader: applying relo to instruction at byte offset: 2856, insn offset 357 , insn 118
01-01 00:00:24.363 381 381 D LibBpfLoader: applying relo to instruction at byte offset: 3088, insn offset 386 , insn 118
01-01 00:00:24.363 381 381 D LibBpfLoader: applying relo to instruction at byte offset: 3192, insn offset 399 , insn 118
01-01 00:00:24.363 381 381 D LibBpfLoader: applying relo to instruction at byte offset: 3232, insn offset 404 , insn 118
01-01 00:00:24.363 381 381 D LibBpfLoader: applying relo to instruction at byte offset: 448, insn offset 56 , insn 118
01-01 00:00:24.363 381 381 D LibBpfLoader: applying relo to instruction at byte offset: 520, insn offset 65 , insn 118
01-01 00:00:24.363 381 381 D LibBpfLoader: applying relo to instruction at byte offset: 992, insn offset 124 , insn 118
01-01 00:00:24.363 381 381 D LibBpfLoader: applying relo to instruction at byte offset: 1272, insn offset 159 , insn 118
01-01 00:00:24.363 381 381 D LibBpfLoader: applying relo to instruction at byte offset: 1352, insn offset 169 , insn 118
01-01 00:00:24.364 381 381 D LibBpfLoader: applying relo to instruction at byte offset: 1456, insn offset 182 , insn 118
01-01 00:00:24.364 381 381 D LibBpfLoader: applying relo to instruction at byte offset: 1560, insn offset 195 , insn 118
01-01 00:00:24.364 381 381 D LibBpfLoader: applying relo to instruction at byte offset: 1600, insn offset 200 , insn 118
01-01 00:00:24.364 381 381 D LibBpfLoader: applying relo to instruction at byte offset: 1744, insn offset 218 , insn 118
01-01 00:00:24.364 381 381 D LibBpfLoader: applying relo to instruction at byte offset: 1848, insn offset 231 , insn 118
01-01 00:00:24.364 381 381 D LibBpfLoader: applying relo to instruction at byte offset: 1888, insn offset 236 , insn 118
01-01 00:00:24.364 381 381 D LibBpfLoader: applying relo to instruction at byte offset: 2160, insn offset 270 , insn 118
01-01 00:00:24.364 381 381 D LibBpfLoader: applying relo to instruction at byte offset: 2264, insn offset 283 , insn 118
01-01 00:00:24.364 381 381 D LibBpfLoader: applying relo to instruction at byte offset: 2304, insn offset 288 , insn 118
01-01 00:00:24.364 381 381 D LibBpfLoader: applying relo to instruction at byte offset: 2448, insn offset 306 , insn 118
01-01 00:00:24.364 381 381 D LibBpfLoader: applying relo to instruction at byte offset: 2552, insn offset 319 , insn 118
01-01 00:00:24.364 381 381 D LibBpfLoader: applying relo to instruction at byte offset: 2592, insn offset 324 , insn 118
01-01 00:00:24.364 381 381 D LibBpfLoader: applying relo to instruction at byte offset: 2824, insn offset 353 , insn 118
01-01 00:00:24.365 381 381 D LibBpfLoader: applying relo to instruction at byte offset: 2928, insn offset 366 , insn 118
01-01 00:00:24.365 381 381 D LibBpfLoader: applying relo to instruction at byte offset: 2968, insn offset 371 , insn 118
01-01 00:00:24.365 381 381 D LibBpfLoader: applying relo to instruction at byte offset: 88, insn offset 11 , insn 118
01-01 00:00:24.365 381 381 D LibBpfLoader: applying relo to instruction at byte offset: 192, insn offset 24 , insn 118
01-01 00:00:24.365 381 381 D LibBpfLoader: applying relo to instruction at byte offset: 232, insn offset 29 , insn 118
01-01 00:00:24.365 381 381 D LibBpfLoader: applying relo to instruction at byte offset: 40, insn offset 5 , insn 118
01-01 00:00:24.365 381 381 D LibBpfLoader: applying relo to instruction at byte offset: 144, insn offset 18 , insn 118
01-01 00:00:24.365 381 381 D LibBpfLoader: applying relo to instruction at byte offset: 184, insn offset 23 , insn 118
01-01 00:00:24.365 381 381 D LibBpfLoader: applying relo to instruction at byte offset: 136, insn offset 17 , insn 118
01-01 00:00:24.365 381 381 D LibBpfLoader: applying relo to instruction at byte offset: 32, insn offset 4 , insn 118
01-01 00:00:24.365 381 381 D LibBpfLoader: applying relo to instruction at byte offset: 80, insn offset 10 , insn 118
01-01 00:00:24.365 381 381 D LibBpfLoader: cs[0].name:cgroupskb_ingress_stats min_kver:0 .max_kver:ffffffff (kvers:50a008c)
01-01 00:00:24.365 381 381 D LibBpfLoader: cs[0].name:cgroupskb_ingress_stats requires bpfloader version [0x00000,0x10000)
01-01 00:00:24.370 381 381 D LibBpfLoader: bpf_prog_load lib call for /system/etc/bpf/netd.o (cgroupskb_ingress_stats) returned fd: 16 (no error)
01-01 00:00:24.371 381 381 D LibBpfLoader: cs[1].name:cgroupskb_egress_stats min_kver:0 .max_kver:ffffffff (kvers:50a008c)
01-01 00:00:24.371 381 381 D LibBpfLoader: cs[1].name:cgroupskb_egress_stats requires bpfloader version [0x00000,0x10000)
01-01 00:00:24.375 381 381 D LibBpfLoader: bpf_prog_load lib call for /system/etc/bpf/netd.o (cgroupskb_egress_stats) returned fd: 17 (no error)
01-01 00:00:24.375 381 381 D LibBpfLoader: cs[2].name:skfilter_egress_xtbpf min_kver:0 .max_kver:ffffffff (kvers:50a008c)
01-01 00:00:24.375 381 381 D LibBpfLoader: cs[2].name:skfilter_egress_xtbpf requires bpfloader version [0x00000,0x10000)
01-01 00:00:24.376 381 381 D LibBpfLoader: bpf_prog_load lib call for /system/etc/bpf/netd.o (skfilter_egress_xtbpf) returned fd: 18 (no error)
01-01 00:00:24.377 381 381 D LibBpfLoader: cs[3].name:skfilter_ingress_xtbpf min_kver:0 .max_kver:ffffffff (kvers:50a008c)
01-01 00:00:24.377 381 381 D LibBpfLoader: cs[3].name:skfilter_ingress_xtbpf requires bpfloader version [0x00000,0x10000)
01-01 00:00:24.378 381 381 D LibBpfLoader: bpf_prog_load lib call for /system/etc/bpf/netd.o (skfilter_ingress_xtbpf) returned fd: 19 (no error)
01-01 00:00:24.378 381 381 D LibBpfLoader: cs[4].name:skfilter_allowlist_xtbpf min_kver:0 .max_kver:ffffffff (kvers:50a008c)
01-01 00:00:24.378 381 381 D LibBpfLoader: cs[4].name:skfilter_allowlist_xtbpf requires bpfloader version [0x00000,0x10000)
01-01 00:00:24.379 381 381 D LibBpfLoader: bpf_prog_load lib call for /system/etc/bpf/netd.o (skfilter_allowlist_xtbpf) returned fd: 20 (no error)
01-01 00:00:24.379 381 381 D LibBpfLoader: cs[5].name:skfilter_denylist_xtbpf min_kver:0 .max_kver:ffffffff (kvers:50a008c)
01-01 00:00:24.379 381 381 D LibBpfLoader: cs[5].name:skfilter_denylist_xtbpf requires bpfloader version [0x00000,0x10000)
01-01 00:00:24.380 381 381 D LibBpfLoader: bpf_prog_load lib call for /system/etc/bpf/netd.o (skfilter_denylist_xtbpf) returned fd: 21 (no error)
01-01 00:00:24.380 381 381 D LibBpfLoader: cs[6].name:cgroupsock_inet_create min_kver:40e0000 .max_kver:ffffffff (kvers:50a008c)
01-01 00:00:24.380 381 381 D LibBpfLoader: cs[6].name:cgroupsock_inet_create requires bpfloader version [0x00000,0x10000)
01-01 00:00:24.381 381 381 D LibBpfLoader: bpf_prog_load lib call for /system/etc/bpf/netd.o (cgroupsock_inet_create) returned fd: 22 (no error)
01-01 00:00:24.382 381 381 I bpfloader: Loaded object: /system/etc/bpf/netd.o
01-01 00:00:24.383 381 381 D LibBpfLoader: Loading optional ELF object /system/etc/bpf/time_in_state.o with license GPL
01-01 00:00:24.383 381 381 I LibBpfLoader: Section bpfloader_min_ver value is 0 [0x0]
01-01 00:00:24.383 381 381 I LibBpfLoader: Section bpfloader_max_ver value is 65536 [0x10000]
01-01 00:00:24.383 381 381 I LibBpfLoader: Section size_of_bpf_map_def value is 48 [0x30]
01-01 00:00:24.383 381 381 I LibBpfLoader: Section size_of_bpf_prog_def value is 28 [0x1c]
01-01 00:00:24.383 381 381 I LibBpfLoader: BpfLoader version 0x00002 processing ELF object /system/etc/bpf/time_in_state.o with ver [0x00000,0x10000)
01-01 00:00:24.384 381 381 D LibBpfLoader: Loaded code section 3 (tracepoint_sched_sched_switch)
01-01 00:00:24.385 381 381 D LibBpfLoader: Loaded relo section 3 (.reltracepoint/sched/sched_switch)
01-01 00:00:24.385 381 381 D LibBpfLoader: Adding section 3 to cs list
01-01 00:00:24.385 381 381 D LibBpfLoader: Loaded code section 5 (tracepoint_power_cpu_frequency)
01-01 00:00:24.385 381 381 D LibBpfLoader: Loaded relo section 5 (.reltracepoint/power/cpu_frequency)
01-01 00:00:24.385 381 381 D LibBpfLoader: Adding section 5 to cs list
01-01 00:00:24.386 381 381 D LibBpfLoader: Loaded code section 7 (tracepoint_sched_sched_process_free)
01-01 00:00:24.386 381 381 D LibBpfLoader: Loaded relo section 7 (.reltracepoint/sched/sched_process_free)
01-01 00:00:24.387 381 381 D LibBpfLoader: Adding section 7 to cs list
01-01 00:00:24.388 381 381 D LibBpfLoader: bpf_create_map name total_time_in_state_map, ret: 6
01-01 00:00:24.391 381 381 D LibBpfLoader: bpf_create_map name uid_time_in_state_map, ret: 7
01-01 00:00:24.394 381 381 D LibBpfLoader: bpf_create_map name uid_concurrent_times_map, ret: 8
01-01 00:00:24.395 381 381 D LibBpfLoader: bpf_create_map name uid_last_update_map, ret: 9
01-01 00:00:24.395 381 381 D LibBpfLoader: bpf_create_map name cpu_last_update_map, ret: 10
01-01 00:00:24.395 381 381 D LibBpfLoader: bpf_create_map name cpu_policy_map, ret: 11
01-01 00:00:24.395 381 381 D LibBpfLoader: bpf_create_map name policy_freq_idx_map, ret: 12
01-01 00:00:24.396 381 381 D LibBpfLoader: bpf_create_map name freq_to_idx_map, ret: 13
01-01 00:00:24.396 381 381 D LibBpfLoader: bpf_create_map name nr_active_map, ret: 14
01-01 00:00:24.396 381 381 D LibBpfLoader: bpf_create_map name policy_nr_active_map, ret: 15
01-01 00:00:24.397 381 381 D LibBpfLoader: bpf_create_map name pid_tracked_hash_map, ret: 16
01-01 00:00:24.397 381 381 D LibBpfLoader: bpf_create_map name pid_tracked_map, ret: 17
01-01 00:00:24.397 381 381 D LibBpfLoader: bpf_create_map name pid_task_aggregation_map, ret: 18
01-01 00:00:24.400 381 381 D LibBpfLoader: bpf_create_map name pid_time_in_state_map, ret: 19
01-01 00:00:24.400 381 381 D LibBpfLoader: map_fd found at 0 is 6 in /system/etc/bpf/time_in_state.o
01-01 00:00:24.400 381 381 D LibBpfLoader: map_fd found at 1 is 7 in /system/etc/bpf/time_in_state.o
01-01 00:00:24.401 381 381 D LibBpfLoader: map_fd found at 2 is 8 in /system/etc/bpf/time_in_state.o
01-01 00:00:24.401 381 381 D LibBpfLoader: map_fd found at 3 is 9 in /system/etc/bpf/time_in_state.o
01-01 00:00:24.401 381 381 D LibBpfLoader: map_fd found at 4 is 10 in /system/etc/bpf/time_in_state.o
01-01 00:00:24.401 381 381 D LibBpfLoader: map_fd found at 5 is 11 in /system/etc/bpf/time_in_state.o
01-01 00:00:24.401 381 381 D LibBpfLoader: map_fd found at 6 is 12 in /system/etc/bpf/time_in_state.o
01-01 00:00:24.401 381 381 D LibBpfLoader: map_fd found at 7 is 13 in /system/etc/bpf/time_in_state.o
01-01 00:00:24.401 381 381 D LibBpfLoader: map_fd found at 8 is 14 in /system/etc/bpf/time_in_state.o
01-01 00:00:24.401 381 381 D LibBpfLoader: map_fd found at 9 is 15 in /system/etc/bpf/time_in_state.o
01-01 00:00:24.401 381 381 D LibBpfLoader: map_fd found at 10 is 16 in /system/etc/bpf/time_in_state.o
01-01 00:00:24.401 381 381 D LibBpfLoader: map_fd found at 11 is 17 in /system/etc/bpf/time_in_state.o
01-01 00:00:24.401 381 381 D LibBpfLoader: map_fd found at 12 is 18 in /system/etc/bpf/time_in_state.o
01-01 00:00:24.401 381 381 D LibBpfLoader: map_fd found at 13 is 19 in /system/etc/bpf/time_in_state.o
01-01 00:00:24.402 381 381 D LibBpfLoader: applying relo to instruction at byte offset: 40, insn offset 5 , insn 118
01-01 00:00:24.402 381 381 D LibBpfLoader: applying relo to instruction at byte offset: 128, insn offset 16 , insn 118
01-01 00:00:24.402 381 381 D LibBpfLoader: applying relo to instruction at byte offset: 200, insn offset 25 , insn 118
01-01 00:00:24.402 381 381 D LibBpfLoader: applying relo to instruction at byte offset: 264, insn offset 33 , insn 118
01-01 00:00:24.402 381 381 D LibBpfLoader: applying relo to instruction at byte offset: 504, insn offset 63 , insn 118
01-01 00:00:24.402 381 381 D LibBpfLoader: applying relo to instruction at byte offset: 640, insn offset 80 , insn 118
01-01 00:00:24.402 381 381 D LibBpfLoader: applying relo to instruction at byte offset: 1000, insn offset 125 , insn 118
01-01 00:00:24.402 381 381 D LibBpfLoader: applying relo to instruction at byte offset: 1040, insn offset 130 , insn 118
01-01 00:00:24.402 381 381 D LibBpfLoader: applying relo to instruction at byte offset: 1216, insn offset 152 , insn 118
01-01 00:00:24.402 381 381 D LibBpfLoader: applying relo to instruction at byte offset: 1344, insn offset 168 , insn 118
01-01 00:00:24.402 381 381 D LibBpfLoader: applying relo to instruction at byte offset: 1440, insn offset 180 , insn 118
01-01 00:00:24.402 381 381 D LibBpfLoader: applying relo to instruction at byte offset: 1536, insn offset 192 , insn 118
01-01 00:00:24.402 381 381 D LibBpfLoader: applying relo to instruction at byte offset: 1864, insn offset 233 , insn 118
01-01 00:00:24.403 381 381 D LibBpfLoader: applying relo to instruction at byte offset: 1904, insn offset 238 , insn 118
01-01 00:00:24.403 381 381 D LibBpfLoader: applying relo to instruction at byte offset: 2080, insn offset 260 , insn 118
01-01 00:00:24.403 381 381 D LibBpfLoader: applying relo to instruction at byte offset: 2288, insn offset 286 , insn 118
01-01 00:00:24.403 381 381 D LibBpfLoader: applying relo to instruction at byte offset: 2328, insn offset 291 , insn 118
01-01 00:00:24.403 381 381 D LibBpfLoader: applying relo to instruction at byte offset: 2504, insn offset 313 , insn 118
01-01 00:00:24.403 381 381 D LibBpfLoader: applying relo to instruction at byte offset: 2712, insn offset 339 , insn 118
01-01 00:00:24.403 381 381 D LibBpfLoader: applying relo to instruction at byte offset: 2752, insn offset 344 , insn 118
01-01 00:00:24.403 381 381 D LibBpfLoader: applying relo to instruction at byte offset: 2864, insn offset 358 , insn 118
01-01 00:00:24.403 381 381 D LibBpfLoader: applying relo to instruction at byte offset: 2952, insn offset 369 , insn 118
01-01 00:00:24.403 381 381 D LibBpfLoader: applying relo to instruction at byte offset: 3056, insn offset 382 , insn 118
01-01 00:00:24.403 381 381 D LibBpfLoader: applying relo to instruction at byte offset: 3160, insn offset 395 , insn 118
01-01 00:00:24.403 381 381 D LibBpfLoader: applying relo to instruction at byte offset: 3264, insn offset 408 , insn 118
01-01 00:00:24.403 381 381 D LibBpfLoader: applying relo to instruction at byte offset: 3368, insn offset 421 , insn 118
01-01 00:00:24.403 381 381 D LibBpfLoader: applying relo to instruction at byte offset: 3472, insn offset 434 , insn 118
01-01 00:00:24.403 381 381 D LibBpfLoader: applying relo to instruction at byte offset: 3576, insn offset 447 , insn 118
01-01 00:00:24.404 381 381 D LibBpfLoader: applying relo to instruction at byte offset: 3688, insn offset 461 , insn 118
01-01 00:00:24.404 381 381 D LibBpfLoader: applying relo to instruction at byte offset: 40, insn offset 5 , insn 118
01-01 00:00:24.404 381 381 D LibBpfLoader: applying relo to instruction at byte offset: 120, insn offset 15 , insn 118
01-01 00:00:24.404 381 381 D LibBpfLoader: applying relo to instruction at byte offset: 200, insn offset 25 , insn 118
01-01 00:00:24.404 381 381 D LibBpfLoader: applying relo to instruction at byte offset: 48, insn offset 6 , insn 118
01-01 00:00:24.404 381 381 D LibBpfLoader: applying relo to instruction at byte offset: 200, insn offset 25 , insn 118
01-01 00:00:24.404 381 381 D LibBpfLoader: applying relo to instruction at byte offset: 328, insn offset 41 , insn 118
01-01 00:00:24.404 381 381 D LibBpfLoader: applying relo to instruction at byte offset: 456, insn offset 57 , insn 118
01-01 00:00:24.404 381 381 D LibBpfLoader: applying relo to instruction at byte offset: 584, insn offset 73 , insn 118
01-01 00:00:24.404 381 381 D LibBpfLoader: applying relo to instruction at byte offset: 712, insn offset 89 , insn 118
01-01 00:00:24.404 381 381 D LibBpfLoader: applying relo to instruction at byte offset: 840, insn offset 105 , insn 118
01-01 00:00:24.404 381 381 D LibBpfLoader: applying relo to instruction at byte offset: 968, insn offset 121 , insn 118
01-01 00:00:24.404 381 381 D LibBpfLoader: applying relo to instruction at byte offset: 1104, insn offset 138 , insn 118
01-01 00:00:24.404 381 381 D LibBpfLoader: applying relo to instruction at byte offset: 1144, insn offset 143 , insn 118
01-01 00:00:24.405 381 381 D LibBpfLoader: cs[0].name:tracepoint_sched_sched_switch min_kver:0 .max_kver:ffffffff (kvers:50a008c)
01-01 00:00:24.405 381 381 D LibBpfLoader: cs[0].name:tracepoint_sched_sched_switch requires bpfloader version [0x00000,0x10000)
01-01 00:00:24.410 381 381 D LibBpfLoader: bpf_prog_load lib call for /system/etc/bpf/time_in_state.o (tracepoint_sched_sched_switch) returned fd: 20 (no error)
01-01 00:00:24.411 381 381 D LibBpfLoader: cs[1].name:tracepoint_power_cpu_frequency min_kver:0 .max_kver:ffffffff (kvers:50a008c)
01-01 00:00:24.411 381 381 D LibBpfLoader: cs[1].name:tracepoint_power_cpu_frequency requires bpfloader version [0x00000,0x10000)
01-01 00:00:24.412 381 381 D LibBpfLoader: bpf_prog_load lib call for /system/etc/bpf/time_in_state.o (tracepoint_power_cpu_frequency) returned fd: 21 (no error)
01-01 00:00:24.412 381 381 D LibBpfLoader: cs[2].name:tracepoint_sched_sched_process_free min_kver:0 .max_kver:ffffffff (kvers:50a008c)
01-01 00:00:24.412 381 381 D LibBpfLoader: cs[2].name:tracepoint_sched_sched_process_free requires bpfloader version [0x00000,0x10000)
01-01 00:00:24.414 381 381 D LibBpfLoader: bpf_prog_load lib call for /system/etc/bpf/time_in_state.o (tracepoint_sched_sched_process_free) returned fd: 22 (no error)
01-01 00:00:24.415 381 381 I bpfloader: Loaded object: /system/etc/bpf/time_in_state.o
01-01 00:00:24.674 384 384 I ServiceManager: Waiting for service 'statscompanion' on '/dev/binder'...
01-01 00:00:24.787 385 385 I netdClient: Skipping libnetd_client init since *we* are netd
01-01 00:00:24.816 385 385 I netd : netd 1.0 starting
01-01 00:00:24.834 385 385 I netd : Pid file removed
01-01 00:00:24.834 385 385 I netd : SIGPIPE is blocked
01-01 00:00:24.834 385 385 I netd : setCloseOnExec(dnsproxyd)
01-01 00:00:24.834 385 385 I netd : setCloseOnExec(fwmarkd)
01-01 00:00:24.834 385 385 I netd : setCloseOnExec(mdns)
01-01 00:00:24.835 385 385 I netd : BPF programs are loaded
01-01 00:00:24.836 385 385 I netd : NetlinkManager instanced
01-01 00:00:24.837 385 385 I netd : enter NetworkController ctor
01-01 00:00:24.839 385 385 I netd : leave NetworkController ctor
01-01 00:00:24.839 385 385 I netd : enter TetherController ctor
01-01 00:00:24.840 385 385 D TetherController: Setting IP forward enable = 0
01-01 00:00:24.842 385 385 I netd : leave TetherController ctor
01-01 00:00:24.842 385 385 D FirewallController: Could not read /proc/self/uid_map, max uid defaulting to 4294967294
01-01 00:00:24.953 385 385 I netd : Creating child chains: 88489us
01-01 00:00:24.954 385 385 I netd : Setting up OEM hooks: 545us
01-01 00:00:24.954 385 385 I netd : Setting up FirewallController hooks: 135us
01-01 00:00:24.967 385 385 I netd : Setting up TetherController hooks: 12857us
01-01 00:00:24.973 385 385 I netd : Setting up BandwidthController hooks: 6000us
01-01 00:00:24.973 385 385 I netd : Setting up IdletimerController hooks: 228us
01-01 00:00:24.984 385 385 I netd : Setting up StrictController hooks: 11215us
01-01 00:00:24.985 385 385 I netd : Initializing ClatdController: 466us
01-01 00:00:24.987 385 385 I netd : Initializing traffic control: 2443us
01-01 00:00:25.011 385 385 I netd : Enabling bandwidth control: 23324us
01-01 00:00:25.026 385 385 I netd : Initializing RouteController: 15461us
01-01 00:00:25.027 385 385 D XfrmController: XfrmController::ipSecAddXfrmInterface, line=1479
01-01 00:00:25.028 385 385 D XfrmController: XfrmController::ipSecRemoveTunnelInterface, line=1692
01-01 00:00:25.028 385 385 D XfrmController: deviceName=ipsec_test
01-01 00:00:25.153 385 385 D XfrmController: Sending Netlink XFRM Message: XFRM_MSG_FLUSHSA
01-01 00:00:25.153 385 385 D XfrmController: Sending Netlink XFRM Message: XFRM_MSG_FLUSHPOLICY
01-01 00:00:25.154 385 385 I netd : Initializing XfrmController: 127566us
01-01 00:00:25.160 385 385 I libnetd_resolv: resolv_init: Initializing resolver
01-01 00:00:25.170 385 385 D MDnsDS : MDnsSdListener::Hander starting up
01-01 00:00:25.174 385 385 I netd : Registering NetdNativeService: 3189us
01-01 00:00:25.185 385 404 D MDnsDS : MDnsSdListener starting to monitor
01-01 00:00:25.185 385 404 D MDnsDS : Going to poll with pollCount 1
01-01 00:00:25.194 385 385 I HidlServiceManagement: Registered android.system.net.netd@1.1::INetd/default
01-01 00:00:25.195 385 385 I netd : Registering NetdHwService: 20534us
01-01 00:00:25.195 385 385 I netd : Netd started in 379169us
01-01 00:00:25.291 410 410 I HidlServiceManagement: Registered android.hidl.allocator@1.0::IAllocator/ashmem
01-01 00:00:25.292 410 410 I HidlServiceManagement: Removing namespace from process name android.hidl.allocator@1.0-service to allocator@1.0-service.
01-01 00:00:25.304 408 408 I chown : type=1400 audit(0.0:3): avc: denied { dac_read_search } for capability=2 scontext=u:r:init_gadgethal:s0 tcontext=u:r:init_gadgethal:s0 tclass=capability permissive=1
01-01 00:00:25.519 413 413 I HidlServiceManagement: Registered android.hardware.cas@1.2::IMediaCasService/default
01-01 00:00:25.520 413 413 I HidlServiceManagement: Removing namespace from process name android.hardware.cas@1.2-service to cas@1.2-service.
01-01 00:00:25.522 389 389 D AndroidRuntime: >>>>>> START com.android.internal.os.ZygoteInit uid 0 <<<<<<
01-01 00:00:25.554 415 415 I HidlServiceManagement: Registered android.hardware.dumpstate@1.1::IDumpstateDevice/default
01-01 00:00:25.554 415 415 I HidlServiceManagement: Removing namespace from process name android.hardware.dumpstate@1.1-service.img to dumpstate@1.1-service.img.
01-01 00:00:25.557 216 216 I hwservicemanager: getTransport: Cannot find entry android.hardware.audio@7.0::IDevicesFactory/default in either framework or device VINTF manifest.
01-01 00:00:25.565 411 411 E LegacySupport: Could not get passthrough implementation for android.hardware.audio@7.0::IDevicesFactory/default.
01-01 00:00:25.593 389 389 I AndroidRuntime: Using default boot image
01-01 00:00:25.594 389 389 I AndroidRuntime: Leaving lock profiling enabled
01-01 00:00:25.617 417 417 I HidlServiceManagement: Registered android.hardware.gatekeeper@1.0::IGatekeeper/default
01-01 00:00:25.619 414 414 I HidlServiceManagement: Registered android.hardware.drm@1.4::IDrmFactory/clearkey
01-01 00:00:25.620 414 414 I HidlServiceManagement: Removing namespace from process name android.hardware.drm@1.4-service.clearkey to drm@1.4-service.clearkey.
01-01 00:00:25.620 417 417 I HidlServiceManagement: Removing namespace from process name android.hardware.gatekeeper@1.0-service.software to gatekeeper@1.0-service.software.
01-01 00:00:25.626 389 389 I zygote64: option[0]=-Xzygote
01-01 00:00:25.626 389 389 I zygote64: option[1]=exit
01-01 00:00:25.627 389 389 I zygote64: option[2]=vfprintf
01-01 00:00:25.627 389 389 I zygote64: option[3]=sensitiveThread
01-01 00:00:25.627 389 389 I zygote64: option[4]=-verbose:gc
01-01 00:00:25.627 389 389 I zygote64: option[5]=-XX:PerfettoHprof=true
01-01 00:00:25.627 389 389 I zygote64: option[6]=-XX:PerfettoJavaHeapStackProf=true
01-01 00:00:25.627 389 389 I zygote64: option[7]=-Xprimaryzygote
01-01 00:00:25.627 389 389 I zygote64: option[8]=-Xms1m
01-01 00:00:25.627 389 389 I zygote64: option[9]=-Xmx128m
01-01 00:00:25.627 389 389 I zygote64: option[10]=-XX:HeapGrowthLimit=48m
01-01 00:00:25.627 389 389 I zygote64: option[11]=-XX:HeapMinFree=512k
01-01 00:00:25.627 389 389 I zygote64: option[12]=-XX:HeapMaxFree=2m
01-01 00:00:25.627 389 389 I zygote64: option[13]=-XX:HeapTargetUtilization=0.75
01-01 00:00:25.627 389 389 I zygote64: option[14]=-Xusejit:false
01-01 00:00:25.627 389 389 I zygote64: option[15]=-Xjitsaveprofilinginfo
01-01 00:00:25.627 389 389 I zygote64: option[16]=-XMadviseWillNeedVdexFileSize:104857600
01-01 00:00:25.627 389 389 I zygote64: option[17]=-XMadviseWillNeedOdexFileSize:104857600
01-01 00:00:25.627 389 389 I zygote64: option[18]=-XMadviseWillNeedArtFileSize:4294967295
01-01 00:00:25.627 389 389 I zygote64: option[19]=-XX:LowMemoryMode
01-01 00:00:25.628 389 389 I zygote64: option[20]=-XjdwpOptions:suspend=n,server=y
01-01 00:00:25.628 389 389 I zygote64: option[21]=-XjdwpProvider:default
01-01 00:00:25.628 389 389 I zygote64: option[22]=-Xopaque-jni-ids:swapable
01-01 00:00:25.628 389 389 I zygote64: option[23]=-Xlockprofthreshold:500
01-01 00:00:25.628 389 389 I zygote64: option[24]=-Xcompiler-option
01-01 00:00:25.628 389 389 I zygote64: option[25]=--instruction-set-variant=cortex-a53
01-01 00:00:25.628 389 389 I zygote64: option[26]=-Xcompiler-option
01-01 00:00:25.628 389 389 I zygote64: option[27]=--instruction-set-features=default
01-01 00:00:25.628 389 389 I zygote64: option[28]=-Xcompiler-option
01-01 00:00:25.628 389 389 I zygote64: option[29]=--generate-mini-debug-info
01-01 00:00:25.628 389 389 I zygote64: option[30]=-Ximage-compiler-option
01-01 00:00:25.628 389 389 I zygote64: option[31]=--runtime-arg
01-01 00:00:25.628 389 389 I zygote64: option[32]=-Ximage-compiler-option
01-01 00:00:25.628 389 389 I zygote64: option[33]=-Xms64m
01-01 00:00:25.628 389 389 I zygote64: option[34]=-Ximage-compiler-option
01-01 00:00:25.628 389 389 I zygote64: option[35]=--runtime-arg
01-01 00:00:25.628 389 389 I zygote64: option[36]=-Ximage-compiler-option
01-01 00:00:25.628 389 389 I zygote64: option[37]=-Xmx64m
01-01 00:00:25.628 389 389 I zygote64: option[38]=-Ximage-compiler-option
01-01 00:00:25.628 389 389 I zygote64: option[39]=--dirty-image-objects=/system/etc/dirty-image-objects
01-01 00:00:25.628 389 389 I zygote64: option[40]=-Ximage-compiler-option
01-01 00:00:25.629 389 389 I zygote64: option[41]=--instruction-set-variant=cortex-a53
01-01 00:00:25.629 389 389 I zygote64: option[42]=-Ximage-compiler-option
01-01 00:00:25.629 389 389 I zygote64: option[43]=--instruction-set-features=default
01-01 00:00:25.629 389 389 I zygote64: option[44]=-Ximage-compiler-option
01-01 00:00:25.629 389 389 I zygote64: option[45]=--generate-mini-debug-info
01-01 00:00:25.629 389 389 I zygote64: option[46]=-Duser.locale=en-US
01-01 00:00:25.629 389 389 I zygote64: option[47]=--cpu-abilist=arm64-v8a
01-01 00:00:25.629 389 389 I zygote64: option[48]=-Xcore-platform-api-policy:just-warn
01-01 00:00:25.629 389 389 I zygote64: option[49]=-Xfingerprint:TI/am62x/am62x:12/SP1A.210812.016.C2/eng.baylib.20220930.064412:userdebug/test-keys
01-01 00:00:25.631 414 414 I HidlServiceManagement: Registered android.hardware.drm@1.4::ICryptoFactory/clearkey
01-01 00:00:25.631 414 414 I HidlServiceManagement: Removing namespace from process name android.hardware.drm@1.4-service.clearkey to drm@1.4-service.clearkey.
01-01 00:00:25.707 419 419 I android.hardware.health@2.1-service: default instance initializing with healthd_config...
01-01 00:00:25.728 419 419 I HidlServiceManagement: Registered android.hardware.health@2.1::IHealth/default
01-01 00:00:25.729 419 419 I HidlServiceManagement: Removing namespace from process name android.hardware.health@2.1-service to health@2.1-service.
01-01 00:00:25.729 419 419 I android.hardware.health@2.1-service: default: Hal init done
01-01 00:00:25.756 425 425 I IMGThermalHAL: main:22 IMG Thermal HAL Service 2.0 starting...
01-01 00:00:25.770 211 211 I servicemanager: Found android.hardware.memtrack.IMemtrack/default in device VINTF manifest.
01-01 00:00:25.777 425 425 I HidlServiceManagement: Registered android.hardware.thermal@2.0::IThermal/default
01-01 00:00:25.778 425 425 I HidlServiceManagement: Removing namespace from process name android.hardware.thermal@2.0-service.img to thermal@2.0-service.img.
01-01 00:00:25.779 425 425 E IMGThermalHAL: thermalInitialize:150 Unknown temperature -1 type
01-01 00:00:25.779 425 425 E IMGThermalHAL: thermalInitialize:150 Unknown temperature -1 type
01-01 00:00:25.780 425 425 I IMGThermalHAL: main:43 IMG Thermal Service started successfully.
01-01 00:00:25.785 389 389 I zygote64: Core platform API reporting enabled, enforcing=false
01-01 00:00:25.828 426 426 I HidlServiceManagement: Registered android.hardware.usb@1.2::IUsb/default
01-01 00:00:25.830 426 426 I HidlServiceManagement: Removing namespace from process name android.hardware.usb@1.2-service.generic to usb@1.2-service.generic.
01-01 00:00:25.842 426 426 I HidlServiceManagement: Registered android.hardware.usb.gadget@1.1::IUsbGadget/default
01-01 00:00:25.842 426 426 I android.hardware.usb@1.2-service.generic: USB HAL Ready.
01-01 00:00:25.844 211 211 I servicemanager: Found android.hardware.power.IPower/default in device VINTF manifest.
01-01 00:00:25.908 412 412 I android.hardware.camera.provider@2.4-external-service: External camera provider service is starting.
01-01 00:00:26.015 430 430 I credstore: Registered binder service
01-01 00:00:26.126 434 434 I gsid : no DSU: No such file or directory
01-01 00:00:26.146 411 411 I HidlServiceManagement: Registered android.hardware.audio@6.0::IDevicesFactory/default
01-01 00:00:26.147 411 411 I HidlServiceManagement: Removing namespace from process name android.hardware.audio.service to audio.service.
01-01 00:00:26.169 411 411 I LegacySupport: Registration complete for android.hardware.audio@6.0::IDevicesFactory/default.
01-01 00:00:26.170 216 216 I hwservicemanager: getTransport: Cannot find entry android.hardware.audio.effect@7.0::IEffectsFactory/default in either framework or device VINTF manifest.
01-01 00:00:26.171 411 411 E LegacySupport: Could not get passthrough implementation for android.hardware.audio.effect@7.0::IEffectsFactory/default.
01-01 00:00:26.246 411 411 I HidlServiceManagement: Registered android.hardware.audio.effect@6.0::IEffectsFactory/default
01-01 00:00:26.247 411 411 I LegacySupport: Registration complete for android.hardware.audio.effect@6.0::IEffectsFactory/default.
01-01 00:00:26.247 216 216 I hwservicemanager: getTransport: Cannot find entry android.hardware.soundtrigger@2.3::ISoundTriggerHw/default in either framework or device VINTF manifest.
01-01 00:00:26.248 411 411 E LegacySupport: Could not get passthrough implementation for android.hardware.soundtrigger@2.3::ISoundTriggerHw/default.
01-01 00:00:26.248 216 216 I hwservicemanager: getTransport: Cannot find entry android.hardware.soundtrigger@2.2::ISoundTriggerHw/default in either framework or device VINTF manifest.
01-01 00:00:26.249 411 411 E LegacySupport: Could not get passthrough implementation for android.hardware.soundtrigger@2.2::ISoundTriggerHw/default.
01-01 00:00:26.250 216 216 I hwservicemanager: getTransport: Cannot find entry android.hardware.soundtrigger@2.1::ISoundTriggerHw/default in either framework or device VINTF manifest.
01-01 00:00:26.255 411 411 E LegacySupport: Could not get passthrough implementation for android.hardware.soundtrigger@2.1::ISoundTriggerHw/default.
01-01 00:00:26.258 216 216 I hwservicemanager: getTransport: Cannot find entry android.hardware.soundtrigger@2.0::ISoundTriggerHw/default in either framework or device VINTF manifest.
01-01 00:00:26.259 411 411 E LegacySupport: Could not get passthrough implementation for android.hardware.soundtrigger@2.0::ISoundTriggerHw/default.
01-01 00:00:26.259 411 411 W audiohalservice: Could not register Soundtrigger API
01-01 00:00:26.260 216 216 I hwservicemanager: getTransport: Cannot find entry android.hardware.bluetooth.audio@2.1::IBluetoothAudioProvidersFactory/default in either framework or device VINTF manifest.
01-01 00:00:26.261 411 411 E LegacySupport: Could not get passthrough implementation for android.hardware.bluetooth.audio@2.1::IBluetoothAudioProvidersFactory/default.
01-01 00:00:26.261 216 216 I hwservicemanager: getTransport: Cannot find entry android.hardware.bluetooth.audio@2.0::IBluetoothAudioProvidersFactory/default in either framework or device VINTF manifest.
01-01 00:00:26.262 411 411 E LegacySupport: Could not get passthrough implementation for android.hardware.bluetooth.audio@2.0::IBluetoothAudioProvidersFactory/default.
01-01 00:00:26.262 411 411 W audiohalservice: Could not register Bluetooth Audio API
01-01 00:00:26.263 216 216 I hwservicemanager: getTransport: Cannot find entry android.hardware.bluetooth.a2dp@1.0::IBluetoothAudioOffload/default in either framework or device VINTF manifest.
01-01 00:00:26.264 411 411 E LegacySupport: Could not get passthrough implementation for android.hardware.bluetooth.a2dp@1.0::IBluetoothAudioOffload/default.
01-01 00:00:26.264 411 411 W audiohalservice: Could not register Bluetooth Audio Offload API
01-01 00:00:26.881 429 429 I FastMixerState: sMaxFastTracks = 8
01-01 00:00:26.884 412 412 I ExtCamUtils@3.4: loadFromCfg: load external camera config succeed!
01-01 00:00:26.893 412 412 I ExtCamUtils@3.4: loadFromCfg: depth output is not enabled
01-01 00:00:26.893 412 412 I ExtCamUtils@3.4: loadFromCfg: no minimum stream size specified
01-01 00:00:26.893 412 412 I ExtCamUtils@3.4: loadFromCfg: no sensor orientation specified
01-01 00:00:26.893 412 412 I ExtCamUtils@3.4: loadFromCfg: external camera cfg loaded: maxJpgBufSize 3145728, num video buffers 4, num still buffers 2, orientation 0
01-01 00:00:26.893 412 412 I ExtCamUtils@3.4: loadFromCfg: fpsLimitList: 640x480@30.000000
01-01 00:00:26.893 412 412 I ExtCamUtils@3.4: loadFromCfg: fpsLimitList: 1280x720@15.000000
01-01 00:00:26.893 412 412 I ExtCamUtils@3.4: loadFromCfg: fpsLimitList: 1920x1080@10.000000
01-01 00:00:26.893 412 412 I ExtCamUtils@3.4: loadFromCfg: minStreamSize: 0x0
01-01 00:00:26.894 441 441 I bootstat: Service started: /system/bin/bootstat --set_system_boot_reason
01-01 00:00:26.896 441 441 I bootstat: Canonical boot reason: reboot
01-01 00:00:26.896 441 441 I bootstat: Canonical boot reason: reboot
01-01 00:00:26.899 429 429 V MediaUtils: physMem: 2014470144
01-01 00:00:26.899 429 429 V MediaUtils: requested limit: 402894020
01-01 00:00:26.899 429 429 I libc : malloc_limit: Allocation limit enabled, max size 402894020 bytes
01-01 00:00:26.902 429 429 I audioserver: ServiceManager: 0xb400eab464e36cd0
01-01 00:00:26.903 412 442 I CamPrvdr@2.4-external: threadLoop start monitoring new V4L2 devices
01-01 00:00:26.910 441 441 E bootstat: Failed to read /metadata/bootstat/persist.sys.boot.reason: No such file or directory
01-01 00:00:26.910 441 441 I bootstat: Value of persist.sys.boot.reason :
01-01 00:00:26.910 441 441 I bootstat: Normalized last reboot reason : reboot
01-01 00:00:26.917 429 429 W BatteryNotifier: batterystats service unavailable!
01-01 00:00:26.919 412 412 I HidlServiceManagement: Registered android.hardware.camera.provider@2.4::ICameraProvider/external/0
01-01 00:00:26.920 412 412 I HidlServiceManagement: Removing namespace from process name android.hardware.camera.provider@2.4-external-service to provider@2.4-external-service.
01-01 00:00:26.920 412 412 I LegacySupport: Registration complete for android.hardware.camera.provider@2.4::ICameraProvider/external/0.
01-01 00:00:26.922 441 441 E bootstat: Failed to unlink /metadata/bootstat/persist.sys.boot.reason: No such file or directory
01-01 00:00:26.934 216 216 I hwservicemanager: getTransport: Cannot find entry android.hardware.audio@7.0::IDevicesFactory/default in either framework or device VINTF manifest.
01-01 00:00:26.972 443 443 I perfetto: probes.cc:84 Starting /system/bin/traced_probes service
01-01 00:00:26.977 443 448 I perfetto: _activity_trigger.cc:71 mm_events ftrace instance not found. Triggering of traces on memory pressure will not be available on this device.
01-01 00:00:26.978 443 443 I perfetto: probes_producer.cc:129 Disconnected from tracing service
01-01 00:00:27.059 449 449 W perfetto: service.cc:207 Started traced, listening on /dev/socket/traced_producer /dev/socket/traced_consumer
01-01 00:00:27.185 443 443 I perfetto: probes_producer.cc:112 Connected to the service
01-01 00:00:27.214 390 390 D AndroidRuntime: >>>>>> START com.android.internal.os.ZygoteInit uid 0 <<<<<<
01-01 00:00:27.288 454 454 I installd: installd firing up
01-01 00:00:27.477 464 464 I wificond: wificond is starting up...
01-01 00:00:27.493 456 456 V MediaUtils: physMem: 2014470144
01-01 00:00:27.494 456 456 V MediaUtils: requested limit: 134217728
01-01 00:00:27.494 456 456 I libc : malloc_limit: Allocation limit enabled, max size 134217728 bytes
01-01 00:00:27.503 464 464 I HidlServiceManagement: Registered android.system.wifi.keystore@1.0::IKeystore/default
01-01 00:00:27.514 390 390 I AndroidRuntime: Using default boot image
01-01 00:00:27.514 390 390 I AndroidRuntime: Leaving lock profiling enabled
01-01 00:00:27.522 456 456 D AudioPowerUsage: AudioPowerUsage
01-01 00:00:27.528 456 456 D AudioAnalytics: AudioAnalytics
01-01 00:00:27.529 456 456 D MediaMetricsService: MediaMetricsService
01-01 00:00:27.533 463 463 I ServiceManager: Waiting for service 'package_native' on '/dev/binder'...
01-01 00:00:27.571 390 390 I zygote : option[0]=-Xzygote
01-01 00:00:27.571 390 390 I zygote : option[1]=exit
01-01 00:00:27.571 390 390 I zygote : option[2]=vfprintf
01-01 00:00:27.571 390 390 I zygote : option[3]=sensitiveThread
01-01 00:00:27.571 390 390 I zygote : option[4]=-verbose:gc
01-01 00:00:27.571 390 390 I zygote : option[5]=-XX:PerfettoHprof=true
01-01 00:00:27.571 390 390 I zygote : option[6]=-XX:PerfettoJavaHeapStackProf=true
01-01 00:00:27.571 390 390 I zygote : option[7]=-Xms1m
01-01 00:00:27.571 390 390 I zygote : option[8]=-Xmx128m
01-01 00:00:27.571 390 390 I zygote : option[9]=-XX:HeapGrowthLimit=48m
01-01 00:00:27.571 390 390 I zygote : option[10]=-XX:HeapMinFree=512k
01-01 00:00:27.571 390 390 I zygote : option[11]=-XX:HeapMaxFree=2m
01-01 00:00:27.571 390 390 I zygote : option[12]=-XX:HeapTargetUtilization=0.75
01-01 00:00:27.571 390 390 I zygote : option[13]=-Xusejit:false
01-01 00:00:27.572 390 390 I zygote : option[14]=-Xjitsaveprofilinginfo
01-01 00:00:27.572 390 390 I zygote : option[15]=-XMadviseWillNeedVdexFileSize:104857600
01-01 00:00:27.572 390 390 I zygote : option[16]=-XMadviseWillNeedOdexFileSize:104857600
01-01 00:00:27.572 390 390 I zygote : option[17]=-XMadviseWillNeedArtFileSize:4294967295
01-01 00:00:27.572 390 390 I zygote : option[18]=-XX:LowMemoryMode
01-01 00:00:27.572 390 390 I zygote : option[19]=-XjdwpOptions:suspend=n,server=y
01-01 00:00:27.572 390 390 I zygote : option[20]=-XjdwpProvider:default
01-01 00:00:27.572 390 390 I zygote : option[21]=-Xopaque-jni-ids:swapable
01-01 00:00:27.572 390 390 I zygote : option[22]=-Xlockprofthreshold:500
01-01 00:00:27.572 390 390 I zygote : option[23]=-Xcompiler-option
01-01 00:00:27.572 390 390 I zygote : option[24]=--instruction-set-variant=cortex-a53
01-01 00:00:27.572 390 390 I zygote : option[25]=-Xcompiler-option
01-01 00:00:27.572 390 390 I zygote : option[26]=--instruction-set-features=default
01-01 00:00:27.572 390 390 I zygote : option[27]=-Xcompiler-option
01-01 00:00:27.572 390 390 I zygote : option[28]=--generate-mini-debug-info
01-01 00:00:27.572 390 390 I zygote : option[29]=-Ximage-compiler-option
01-01 00:00:27.572 390 390 I zygote : option[30]=--runtime-arg
01-01 00:00:27.572 390 390 I zygote : option[31]=-Ximage-compiler-option
01-01 00:00:27.572 390 390 I zygote : option[32]=-Xms64m
01-01 00:00:27.572 390 390 I zygote : option[33]=-Ximage-compiler-option
01-01 00:00:27.572 390 390 I zygote : option[34]=--runtime-arg
01-01 00:00:27.572 390 390 I zygote : option[35]=-Ximage-compiler-option
01-01 00:00:27.572 390 390 I zygote : option[36]=-Xmx64m
01-01 00:00:27.572 390 390 I zygote : option[37]=-Ximage-compiler-option
01-01 00:00:27.572 390 390 I zygote : option[38]=--dirty-image-objects=/system/etc/dirty-image-objects
01-01 00:00:27.572 390 390 I zygote : option[39]=-Ximage-compiler-option
01-01 00:00:27.572 390 390 I zygote : option[40]=--instruction-set-variant=cortex-a53
01-01 00:00:27.572 390 390 I zygote : option[41]=-Ximage-compiler-option
01-01 00:00:27.572 390 390 I zygote : option[42]=--instruction-set-features=default
01-01 00:00:27.572 390 390 I zygote : option[43]=-Ximage-compiler-option
01-01 00:00:27.572 390 390 I zygote : option[44]=--generate-mini-debug-info
01-01 00:00:27.572 390 390 I zygote : option[45]=-Duser.locale=en-US
01-01 00:00:27.572 390 390 I zygote : option[46]=--cpu-abilist=armeabi-v7a,armeabi
01-01 00:00:27.572 390 390 I zygote : option[47]=-Xcore-platform-api-policy:just-warn
01-01 00:00:27.572 390 390 I zygote : option[48]=-Xfingerprint:TI/am62x/am62x:12/SP1A.210812.016.C2/eng.baylib.20220930.064412:userdebug/test-keys
01-01 00:00:27.655 390 390 W zygote : Could not reserve sentinel fault page
01-01 00:00:27.660 390 390 I zygote : Core platform API reporting enabled, enforcing=false
01-01 00:00:27.705 216 216 I hwservicemanager: getTransport: Cannot find entry android.hardware.audio.effect@7.0::IEffectsFactory/default in either framework or device VINTF manifest.
01-01 00:00:27.735 465 465 I android.hardware.media.omx@1.0-service: mediacodecservice starting
01-01 00:00:27.742 465 465 W android.hardware.media.omx@1.0-service: Could not read additional policy file '/vendor/etc/seccomp_policy/mediacodec.policy'
01-01 00:00:27.759 467 467 I gatekeeperd: Starting gatekeeperd...
01-01 00:00:27.763 465 465 W android.hardware.media.omx@1.0-service: libminijail[465]: failed to get path of fd 4: No such file or directory
01-01 00:00:27.764 465 465 W android.hardware.media.omx@1.0-service: libminijail[465]: allowing syscall: clock_gettime
01-01 00:00:27.765 465 465 W android.hardware.media.omx@1.0-service: libminijail[465]: allowing syscall: connect
01-01 00:00:27.766 465 465 W android.hardware.media.omx@1.0-service: libminijail[465]: allowing syscall: fcntl64
01-01 00:00:27.766 465 465 W android.hardware.media.omx@1.0-service: libminijail[465]: allowing syscall: socket
01-01 00:00:27.766 465 465 W android.hardware.media.omx@1.0-service: libminijail[465]: allowing syscall: writev
01-01 00:00:27.767 465 465 W android.hardware.media.omx@1.0-service: libminijail[465]: compile_file: (59): syscall getrandom redefined here
01-01 00:00:27.768 465 465 W android.hardware.media.omx@1.0-service: libminijail[465]: compile_file: (15): previous definition here
01-01 00:00:27.781 465 465 W android.hardware.media.omx@1.0-service: libminijail[465]: compile_file: /system/etc/seccomp_policy/crash_dump.arm.policy(1): syscall read redefined here
01-01 00:00:27.781 465 465 W android.hardware.media.omx@1.0-service: libminijail[465]: compile_file: (9): previous definition here
01-01 00:00:27.781 465 465 W android.hardware.media.omx@1.0-service: libminijail[465]: compile_file: /system/etc/seccomp_policy/crash_dump.arm.policy(2): syscall write redefined here
01-01 00:00:27.781 465 465 W android.hardware.media.omx@1.0-service: libminijail[465]: compile_file: (5): previous definition here
01-01 00:00:27.781 465 465 W android.hardware.media.omx@1.0-service: libminijail[465]: compile_file: /system/etc/seccomp_policy/crash_dump.arm.policy(3): syscall exit redefined here
01-01 00:00:27.781 465 465 W android.hardware.media.omx@1.0-service: libminijail[465]: compile_file: (40): previous definition here
01-01 00:00:27.781 465 465 W android.hardware.media.omx@1.0-service: libminijail[465]: compile_file: /system/etc/seccomp_policy/crash_dump.arm.policy(4): syscall rt_sigreturn redefined here
01-01 00:00:27.781 465 465 W android.hardware.media.omx@1.0-service: libminijail[465]: compile_file: (45): previous definition here
