09-30 05:50:13.457 527 792 W system_server: Long monitor contention with owner android.bg (587) at void com.android.server.pm.ShortcutService.saveDirtyInfo()(ShortcutService.java:1205) waiters=0 in boolean com.android.server.pm.ShortcutService.hasShortcutHostPermissionInner(java.lang.String, int) for 120ms
09-30 05:50:13.460 1074 1115 D LoaderTask: loadAllApps
09-30 05:50:13.474 1074 1115 D LoaderTask: bindAllApps
09-30 05:50:05.516 1122 1122 I getprop : type=1400 audit(0.0:923): avc: denied { getattr } for path="/dev/__properties__/u:object_r:device_config_statsd_native_prop:s0" dev="tmpfs" ino=122 scontext=u:r:shell:s0 tcontext=u:object_r:device_config_statsd_native_prop:s0 tclass=file permissive=1
09-30 05:50:05.516 1122 1122 I getprop : type=1400 audit(0.0:924): avc: denied { map } for path="/dev/__properties__/u:object_r:device_config_statsd_native_prop:s0" dev="tmpfs" ino=122 scontext=u:r:shell:s0 tcontext=u:object_r:device_config_statsd_native_prop:s0 tclass=file permissive=1
09-30 05:50:05.516 1122 1122 I getprop : type=1400 audit(0.0:925): avc: denied { open } for path="/dev/__properties__/u:object_r:device_config_storage_native_boot_prop:s0" dev="tmpfs" ino=123 scontext=u:r:shell:s0 tcontext=u:object_r:device_config_storage_native_boot_prop:s0 tclass=file permissive=1
09-30 05:50:05.516 1122 1122 I getprop : type=1400 audit(0.0:926): avc: denied { getattr } for path="/dev/__properties__/u:object_r:device_config_storage_native_boot_prop:s0" dev="tmpfs" ino=123 scontext=u:r:shell:s0 tcontext=u:object_r:device_config_storage_native_boot_prop:s0 tclass=file permissive=1
09-30 05:50:13.628 1382 1382 V GraphicsEnvironment: ANGLE Developer option for 'com.android.calendar' set to: 'default'
09-30 05:50:13.628 1382 1382 V GraphicsEnvironment: Neither updatable production driver nor prerelease driver is supported.
09-30 05:50:05.516 1122 1122 I getprop : type=1400 audit(0.0:927): avc: denied { map } for path="/dev/__properties__/u:object_r:device_config_storage_native_boot_prop:s0" dev="tmpfs" ino=123 scontext=u:r:shell:s0 tcontext=u:object_r:device_config_storage_native_boot_prop:s0 tclass=file permissive=1
09-30 05:50:13.632 1382 1382 D NetworkSecurityConfig: No Network Security Config specified, using platform default
09-30 05:50:13.637 1074 1115 D LoaderTask: update icon cache
09-30 05:50:13.640 1368 1368 I ContactsPerf: VoicemailContentProvider.onCreate start
09-30 05:50:13.637 1074 1115 D LoaderTask: save shortcuts in icon cache
09-30 05:50:13.633 1382 1382 D NetworkSecurityConfig: No Network Security Config specified, using platform default
09-30 05:50:13.650 527 581 I DropBoxManagerService: add tag=system_app_strictmode isTagEnabled=true flags=0x2
09-30 05:50:13.663 1074 1115 D LoaderTask: step 2 complete
09-30 05:50:13.665 527 1216 D BackupTransportManager: Transport com.android.localtransport/.LocalTransportService registered
09-30 05:50:13.665 527 1216 D BackupManagerService: [UserID:0] Transport com.android.localtransport/.LocalTransport registered 3886ms after first request (delay = 3000ms)
09-30 05:50:05.516 1122 1122 I getprop : type=1400 audit(0.0:928): avc: denied { open } for path="/dev/__properties__/u:object_r:device_config_swcodec_native_prop:s0" dev="tmpfs" ino=124 scontext=u:r:shell:s0 tcontext=u:object_r:device_config_swcodec_native_prop:s0 tclass=file permissive=1
09-30 05:50:05.516 1122 1122 I getprop : type=1400 audit(0.0:929): avc: denied { getattr } for path="/dev/__properties__/u:object_r:device_config_swcodec_native_prop:s0" dev="tmpfs" ino=124 scontext=u:r:shell:s0 tcontext=u:object_r:device_config_swcodec_native_prop:s0 tclass=file permissive=1
09-30 05:50:13.669 1074 1115 D LoaderTask: loadDeepShortcuts
09-30 05:50:13.670 1074 1115 D LoaderTask: bindDeepShortcuts
09-30 05:50:13.670 1074 1115 D LoaderTask: save deep shortcuts in icon cache
09-30 05:50:13.679 1368 1368 I ContactsPerf: VoicemailContentProvider.onCreate finish
09-30 05:50:13.680 527 1216 I BackupManagerService: [UserID:0] Found 7 stale backup journal(s), scheduling.
09-30 05:50:13.683 527 1216 V BackupManagerConstants: getKeyValueBackupIntervalMilliseconds(...) returns 14400000
09-30 05:50:13.685 527 1216 V BackupManagerConstants: getKeyValueBackupFuzzMilliseconds(...) returns 600000
09-30 05:50:13.685 527 1216 V BackupManagerConstants: getKeyValueBackupRequiredNetworkType(...) returns 1
09-30 05:50:13.685 527 1216 V BackupManagerConstants: getKeyValueBackupRequireCharging(...) returns true
09-30 05:50:13.686 527 1216 V KeyValueBackupJob: Scheduling k/v pass in 242 minutes
09-30 05:50:13.691 1074 1115 D LoaderTask: step 3 complete
09-30 05:50:13.755 1382 1382 D AlertReceiver: onReceive: a=android.intent.action.BOOT_COMPLETED Intent { act=android.intent.action.BOOT_COMPLETED flg=0x89000010 cmp=com.android.calendar/.alerts.AlertReceiver (has extras) }
09-30 05:50:05.516 1122 1122 I getprop : type=1400 audit(0.0:930): avc: denied { map } for path="/dev/__properties__/u:object_r:device_config_swcodec_native_prop:s0" dev="tmpfs" ino=124 scontext=u:r:shell:s0 tcontext=u:object_r:device_config_swcodec_native_prop:s0 tclass=file permissive=1
09-30 05:50:13.770 527 630 D CountryDetector: The first listener is added
09-30 05:50:13.771 1368 1368 I ContactsDatabaseHelper: updateUseStrictPhoneNumberComparison: US
09-30 05:50:13.776 527 808 D CompatibilityChangeReporter: Compat change id reported: 174664365; UID 10053; state: DISABLED
09-30 05:50:13.788 527 808 D CompatibilityChangeReporter: Compat change id reported: 174664120; UID 10053; state: ENABLED
09-30 05:50:13.788 527 808 E ActivityTaskManager: Permission Denial: android.intent.action.CLOSE_SYSTEM_DIALOGS broadcast from com.android.calendar (pid=1382, uid=10053) requires android.permission.BROADCAST_CLOSE_SYSTEM_DIALOGS, dropping broadcast.
09-30 05:50:05.520 1122 1122 I getprop : type=1400 audit(0.0:931): avc: denied { open } for path="/dev/__properties__/u:object_r:device_config_sys_traced_prop:s0" dev="tmpfs" ino=125 scontext=u:r:shell:s0 tcontext=u:object_r:device_config_sys_traced_prop:s0 tclass=file permissive=1
09-30 05:50:13.817 1074 1115 D LoaderTask: load widgets
09-30 05:50:13.843 527 630 D CompatibilityChangeReporter: Compat change id reported: 135634846; UID 10054; state: DISABLED
09-30 05:50:13.844 527 630 D CompatibilityChangeReporter: Compat change id reported: 177438394; UID 10054; state: DISABLED
09-30 05:50:13.844 527 630 D CompatibilityChangeReporter: Compat change id reported: 135772972; UID 10054; state: DISABLED
09-30 05:50:13.844 527 630 D CompatibilityChangeReporter: Compat change id reported: 135754954; UID 10054; state: ENABLED
09-30 05:50:13.845 527 589 D CompatibilityChangeReporter: Compat change id reported: 143937733; UID 10054; state: ENABLED
09-30 05:50:13.854 527 581 I DropBoxManagerService: add tag=system_app_strictmode isTagEnabled=true flags=0x2
09-30 05:50:13.857 1074 1115 D LoaderTask: bindWidgets
09-30 05:50:13.872 527 581 I DropBoxManagerService: add tag=system_app_strictmode isTagEnabled=true flags=0x2
09-30 05:50:05.520 1122 1122 I getprop : type=1400 audit(0.0:932): avc: denied { getattr } for path="/dev/__properties__/u:object_r:device_config_sys_traced_prop:s0" dev="tmpfs" ino=125 scontext=u:r:shell:s0 tcontext=u:object_r:device_config_sys_traced_prop:s0 tclass=file permissive=1
09-30 05:50:13.880 1368 1457 I CallLogProvider: Syncing call composer pics -- source user=0, isShadow=true, forAllUser=false
09-30 05:50:13.881 1368 1457 I CallLogProvider: Fetching list of Uris to sync
09-30 05:50:13.889 527 581 I DropBoxManagerService: add tag=system_app_strictmode isTagEnabled=true flags=0x2
09-30 05:50:13.890 527 1216 I BackupManagerService: [UserID:0] Stale backup journals: Scheduled 11 package(s) total
09-30 05:50:13.891 1074 1115 D LoaderTask: save widgets in icon cache
09-30 05:50:13.892 1074 1115 D LoaderTask: finish icon update
09-30 05:50:13.900 389 389 D Zygote : Forked child process 1461
09-30 05:50:05.520 1122 1122 I getprop : type=1400 audit(0.0:933): avc: denied { map } for path="/dev/__properties__/u:object_r:device_config_sys_traced_prop:s0" dev="tmpfs" ino=125 scontext=u:r:shell:s0 tcontext=u:object_r:device_config_sys_traced_prop:s0 tclass=file permissive=1
09-30 05:50:13.914 1368 1460 D ContactsDatabaseHelper: WAL enabled for contacts2.db: false
09-30 05:50:13.930 1461 1461 I Zygote : seccomp disabled by setenforce 0
09-30 05:50:13.947 527 589 W ActivityManager: Slow operation: 104ms so far, now at startProcess: returned from zygote!
09-30 05:50:13.950 527 589 W ActivityManager: Slow operation: 107ms so far, now at startProcess: done updating battery stats
09-30 05:50:13.950 527 589 W ActivityManager: Slow operation: 108ms so far, now at startProcess: building log message
09-30 05:50:13.950 527 589 I ActivityManager: Start proc 1461:com.android.camera2/u0a54 for broadcast {com.android.camera2/com.android.camera.SetActivitiesCameraReceiver}
09-30 05:50:13.950 527 589 W ActivityManager: Slow operation: 108ms so far, now at startProcess: starting to update pids map
09-30 05:50:13.950 527 589 W ActivityManager: Slow operation: 108ms so far, now at startProcess: done updating pids map
09-30 05:50:13.957 479 489 I adbd : jdwp connection from 1461
09-30 05:50:05.520 1122 1122 I getprop : type=1400 audit(0.0:934): avc: denied { open } for path="/dev/__properties__/u:object_r:device_config_window_manager_native_boot_prop:s0" dev="tmpfs" ino=126 scontext=u:r:shell:s0 tcontext=u:object_r:device_config_window_manager_native_boot_prop:s0 tclass=file permissive=1
09-30 05:50:14.000 527 630 D CompatibilityChangeReporter: Compat change id reported: 168419799; UID 10054; state: DISABLED
09-30 05:50:05.520 1122 1122 I getprop : type=1400 audit(0.0:935): avc: denied { getattr } for path="/dev/__properties__/u:object_r:device_config_window_manager_native_boot_prop:s0" dev="tmpfs" ino=126 scontext=u:r:shell:s0 tcontext=u:object_r:device_config_window_manager_native_boot_prop:s0 tclass=file permissive=1
09-30 05:50:05.520 1122 1122 I getprop : type=1400 audit(0.0:936): avc: denied { map } for path="/dev/__properties__/u:object_r:device_config_window_manager_native_boot_prop:s0" dev="tmpfs" ino=126 scontext=u:r:shell:s0 tcontext=u:object_r:device_config_window_manager_native_boot_prop:s0 tclass=file permissive=1
09-30 05:50:05.520 1122 1122 I getprop : type=1400 audit(0.0:937): avc: denied { open } for path="/dev/__properties__/u:object_r:drm_service_config_prop:s0" dev="tmpfs" ino=129 scontext=u:r:shell:s0 tcontext=u:object_r:drm_service_config_prop:s0 tclass=file permissive=1
09-30 05:50:14.022 1461 1461 D CompatibilityChangeReporter: Compat change id reported: 171979766; UID 10054; state: ENABLED
09-30 05:50:14.045 1368 1457 I CallLogProvider: Will sync following Uris:[]
09-30 05:50:14.045 1368 1457 I CallLogProvider: Syncing call composer pics -- got []
09-30 05:50:05.520 1122 1122 I getprop : type=1400 audit(0.0:938): avc: denied { getattr } for path="/dev/__properties__/u:object_r:drm_service_config_prop:s0" dev="tmpfs" ino=129 scontext=u:r:shell:s0 tcontext=u:object_r:drm_service_config_prop:s0 tclass=file permissive=1
09-30 05:50:05.520 1122 1122 I getprop : type=1400 audit(0.0:939): avc: denied { map } for path="/dev/__properties__/u:object_r:drm_service_config_prop:s0" dev="tmpfs" ino=129 scontext=u:r:shell:s0 tcontext=u:object_r:drm_service_config_prop:s0 tclass=file permissive=1
09-30 05:50:14.133 1461 1461 D nativeloader: classloader namespace configured for unbundled product apk. library_path=/system/product/app/Camera2/lib/arm64:/system/product/app/Camera2/Camera2.apk!/lib/arm64-v8a:/product/lib64:/system/product/lib64
09-30 05:50:14.148 1368 1460 I ContactLocale: AddressBook Labels [[en_US]]: […, A, B, C, D, E, F, G, H, I, J, K, L, M, N, O, P, Q, R, S, T, U, V, W, X, Y, Z, Α, Β, Γ, Δ, Ε, Ζ, Η, Θ, Ι, Κ, Λ, Μ, Ν, Ξ, Ο, Π, Ρ, Σ, Τ, Υ, Φ, Χ, Ψ, Ω, …, А, Б, В, Г, Д, Ђ, Е, Є, Ж, З, И, І, Й, Ј, К, Л, Љ, М, Н, Њ, О, П, Р, С, Т, Ћ, У, Ф, Х, Ц, Ч, Џ, Ш, Щ, Ю, Я, …, א, ב, ג, ד, ה, ו, ז, ח, ט, י, כ, ל, מ, נ, ס, ע, פ, צ, ק, ר, ש, ת, …, ا, ب, ت, ث, ج, ح, خ, د, ذ, ر, ز, س, ش, ص, ض, ط, ظ, ع, غ, ف, ق, ك, ل, م, ن, ه, و, ي, …, ก, ข, ฃ, ค, ฅ, ฆ, ง, จ, ฉ, ช, ซ, ฌ, ญ, ฎ, ฏ, ฐ, ฑ, ฒ, ณ, ด, ต, ถ, ท, ธ, น, บ, ป, ผ, ฝ, พ, ฟ, ภ, ม, ย, ร, ฤ, ล, ฦ, ว, ศ, ษ, ส, ห, ฬ, อ, ฮ, …, ㄱ, ㄴ, ㄷ, ㄹ, ㅁ, ㅂ, ㅅ, ㅇ, ㅈ, ㅊ, ㅋ, ㅌ, ㅍ, ㅎ, …, あ, か, さ, た, な, は, ま, や, ら, わ, #, …]
09-30 05:50:05.520 1122 1122 I getprop : type=1400 audit(0.0:940): avc: denied { open } for path="/dev/__properties__/u:object_r:dumpstate_options_prop:s0" dev="tmpfs" ino=130 scontext=u:r:shell:s0 tcontext=u:object_r:dumpstate_options_prop:s0 tclass=file permissive=1
09-30 05:50:14.209 1368 1460 D ContactsDatabaseHelper: WAL enabled for profile.db: false
09-30 05:50:14.293 1461 1461 V GraphicsEnvironment: ANGLE Developer option for 'com.android.camera2' set to: 'default'
09-30 05:50:14.294 1461 1461 V GraphicsEnvironment: Neither updatable production driver nor prerelease driver is supported.
09-30 05:50:14.298 1461 1461 D NetworkSecurityConfig: No Network Security Config specified, using platform default
09-30 05:50:14.300 1461 1461 D NetworkSecurityConfig: No Network Security Config specified, using platform default
09-30 05:50:14.311 527 537 I system_server: Background concurrent copying GC freed 18439(1494KB) AllocSpace objects, 13(564KB) LOS objects, 18% free, 9249KB/11MB, paused 420us total 459.375ms
09-30 05:50:14.332 1461 1461 V CAM_Profiler: [ 0.000ms][ui] GUARD: CameraApp onCreate() - START
09-30 05:50:14.333 1461 1461 V CAM_Profiler: [ 0.000ms][ui] GUARD: FirstRunDetector getTimeOfFirstRun - START
09-30 05:50:14.336 1461 1461 V CAM_Profiler: [ 3.194ms][ui] GUARD: FirstRunDetector getTimeOfFirstRun - [ 3.194ms] PreferenceManager.getDefaultSharedPreferences
09-30 05:50:14.356 1461 1461 I CAM_Profiler: [ 18.882ms][ui] GUARD: FirstRunDetector getTimeOfFirstRun - [15.689ms] preferences.getLong
09-30 05:50:14.357 1461 1461 I CAM_Profiler: [ 24.163ms][ui] GUARD: FirstRunDetector getTimeOfFirstRun - STOP
09-30 05:50:14.358 1461 1461 I CAM_Profiler: [ 29.887ms][ui] GUARD: CameraApp onCreate() - [29.887ms] initializeTimeOfFirstRun
09-30 05:50:14.359 1461 1461 V CAM_Profiler: [ 30.820ms][ui] GUARD: CameraApp onCreate() - [ 0.934ms] UsageStatistics.initialize
09-30 05:50:14.363 1461 1461 V CAM_Profiler: [ 35.423ms][ui] GUARD: CameraApp onCreate() - [ 4.603ms] clearNotifications
09-30 05:50:14.364 1461 1461 I CAM_Profiler: [ 35.423ms][ui] GUARD: CameraApp onCreate() - STOP
09-30 05:50:14.371 1461 1461 W CAM_Log : Tag SetActivitiesCameraReceiver is 8 chars longer than limit.
09-30 05:50:14.376 451 632 W ServiceManager: Permission failure: android.permission.SYSTEM_CAMERA from uid=10054 pid=1461
09-30 05:50:14.377 1461 1461 I CAM_SetActivitiesCamera: number of camera: 0
09-30 05:50:14.379 1461 1461 I CAM_SetActivitiesCamera: component state is 2
09-30 05:50:14.388 527 792 D CompatibilityChangeReporter: Compat change id reported: 135634846; UID 10045; state: DISABLED
09-30 05:50:14.388 527 792 D CompatibilityChangeReporter: Compat change id reported: 177438394; UID 10045; state: DISABLED
09-30 05:50:14.389 527 792 D CompatibilityChangeReporter: Compat change id reported: 135772972; UID 10045; state: DISABLED
09-30 05:50:14.391 527 792 D CompatibilityChangeReporter: Compat change id reported: 135754954; UID 10045; state: ENABLED
09-30 05:50:14.394 527 589 D CompatibilityChangeReporter: Compat change id reported: 143937733; UID 10045; state: ENABLED
09-30 05:50:14.402 220 1192 I vold : Configuring read_ahead of /mnt/user/0/43F0-93AE fuse filesystem to 256kb
09-30 05:50:14.403 220 1192 I vold : Writing 256 to /sys/class/bdi/0:98/read_ahead_kb
09-30 05:50:14.404 220 1192 I vold : Configuring max_ratio of /mnt/user/0/43F0-93AE fuse filesystem to 40
09-30 05:50:14.404 220 1192 I vold : Writing 40 to /sys/class/bdi/0:98/max_ratio
09-30 05:50:14.406 527 652 I StorageManagerService: Mounted volume VolumeInfo{public:179,97}:
09-30 05:50:14.406 527 652 I StorageManagerService: type=PUBLIC diskId=disk:179,96 partGuid= mountFlags=VISIBLE mountUserId=0
09-30 05:50:14.406 527 652 I StorageManagerService: state=MOUNTED
09-30 05:50:14.406 527 652 I StorageManagerService: fsType=vfat fsUuid=43F0-93AE fsLabel=boot
09-30 05:50:14.406 527 652 I StorageManagerService: path=/storage/43F0-93AE internalPath=/mnt/media_rw/43F0-93AE
09-30 05:50:14.409 527 652 I StorageSessionController: Notifying volume state changed for session with id: public:179,97
09-30 05:50:14.421 527 652 E StorageManagerService: Failed to notify volume state changed to the Storage Service
09-30 05:50:14.421 527 652 E StorageManagerService: com.android.server.storage.StorageSessionController$ExternalStorageServiceException: Failed to notify volume state changed for vol : StorageVolume: Transcend SD card
09-30 05:50:14.421 527 652 E StorageManagerService: at com.android.server.storage.StorageUserConnection$ActiveConnection.notifyVolumeStateChanged(StorageUserConnection.java:420)
09-30 05:50:14.421 527 652 E StorageManagerService: at com.android.server.storage.StorageUserConnection.notifyVolumeStateChanged(StorageUserConnection.java:131)
09-30 05:50:14.421 527 652 E StorageManagerService: at com.android.server.storage.StorageSessionController.notifyVolumeStateChanged(StorageSessionController.java:157)
09-30 05:50:14.421 527 652 E StorageManagerService: at com.android.server.StorageManagerService.onVolumeStateChangedAsync(StorageManagerService.java:1714)
09-30 05:50:14.421 527 652 E StorageManagerService: at com.android.server.StorageManagerService.access$2600(StorageManagerService.java:203)
09-30 05:50:14.421 527 652 E StorageManagerService: at com.android.server.StorageManagerService$StorageManagerServiceHandler.handleMessage(StorageManagerService.java:839)
09-30 05:50:14.421 527 652 E StorageManagerService: at android.os.Handler.dispatchMessage(Handler.java:106)
09-30 05:50:14.421 527 652 E StorageManagerService: at android.os.Looper.loopOnce(Looper.java:201)
09-30 05:50:14.421 527 652 E StorageManagerService: at android.os.Looper.loop(Looper.java:288)
09-30 05:50:14.421 527 652 E StorageManagerService: at android.os.HandlerThread.run(HandlerThread.java:67)
09-30 05:50:14.421 527 652 E StorageManagerService: Caused by: java.util.concurrent.ExecutionException: android.os.ParcelableException: java.lang.IllegalArgumentException
09-30 05:50:14.421 527 652 E StorageManagerService: at java.util.concurrent.CompletableFuture.reportGet(CompletableFuture.java:361)
09-30 05:50:14.421 527 652 E StorageManagerService: at java.util.concurrent.CompletableFuture.get(CompletableFuture.java:1943)
09-30 05:50:14.421 527 652 E StorageManagerService: at com.android.server.storage.StorageUserConnection$ActiveConnection.waitForAsync(StorageUserConnection.java:379)
09-30 05:50:14.421 527 652 E StorageManagerService: at com.android.server.storage.StorageUserConnection$ActiveConnection.waitForAsyncVoid(StorageUserConnection.java:358)
09-30 05:50:14.421 527 652 E StorageManagerService: at com.android.server.storage.StorageUserConnection$ActiveConnection.notifyVolumeStateChanged(StorageUserConnection.java:417)
09-30 05:50:14.421 527 652 E StorageManagerService: ... 9 more
09-30 05:50:14.421 527 652 E StorageManagerService: Caused by: android.os.ParcelableException: java.lang.IllegalArgumentException
09-30 05:50:14.421 527 652 E StorageManagerService: at android.os.ParcelableException$1.createFromParcel(ParcelableException.java:82)
09-30 05:50:14.421 527 652 E StorageManagerService: at android.os.ParcelableException$1.createFromParcel(ParcelableException.java:79)
09-30 05:50:14.421 527 652 E StorageManagerService: at android.os.Parcel.readParcelable(Parcel.java:3333)
09-30 05:50:14.421 527 652 E StorageManagerService: at android.os.Parcel.readValue(Parcel.java:3226)
09-30 05:50:14.421 527 652 E StorageManagerService: at android.os.Parcel.readArrayMapInternal(Parcel.java:3623)
09-30 05:50:14.421 527 652 E StorageManagerService: at android.os.BaseBundle.initializeFromParcelLocked(BaseBundle.java:292)
09-30 05:50:14.421 527 652 E StorageManagerService: at android.os.BaseBundle.unparcel(BaseBundle.java:236)
09-30 05:50:14.421 527 652 E StorageManagerService: at android.os.Bundle.getParcelable(Bundle.java:1002)
09-30 05:50:14.421 527 652 E StorageManagerService: at com.android.server.storage.StorageUserConnection$ActiveConnection.setResult(StorageUserConnection.java:448)
09-30 05:50:14.421 527 652 E StorageManagerService: at com.android.server.storage.StorageUserConnection$ActiveConnection.lambda$waitForAsyncVoid$0$StorageUserConnection$ActiveConnection(StorageUserConnection.java:356)
09-30 05:50:14.421 527 652 E StorageManagerService: at com.android.server.storage.StorageUserConnection$ActiveConnection$$ExternalSyntheticLambda0.onResult(Unknown Source:4)
09-30 05:50:14.421 527 652 E StorageManagerService: at android.os.RemoteCallback.sendResult(RemoteCallback.java:75)
09-30 05:50:14.421 527 652 E StorageManagerService: at android.os.RemoteCallback$1.sendResult(RemoteCallback.java:52)
09-30 05:50:14.421 527 652 E StorageManagerService: at android.os.IRemoteCallback$Stub.onTransact(IRemoteCallback.java:89)
09-30 05:50:14.421 527 652 E StorageManagerService: at android.os.Binder.execTransactInternal(Binder.java:1184)
09-30 05:50:14.421 527 652 E StorageManagerService: at android.os.Binder.execTransact(Binder.java:1143)
09-30 05:50:14.421 527 652 E StorageManagerService: Caused by: java.lang.IllegalArgumentException
09-30 05:50:14.421 527 652 E StorageManagerService: at java.lang.reflect.Constructor.newInstance0(Native Method)
09-30 05:50:14.421 527 652 E StorageManagerService: at java.lang.reflect.Constructor.newInstance(Constructor.java:343)
09-30 05:50:14.421 527 652 E StorageManagerService: at android.os.ParcelableException.readFromParcel(ParcelableException.java:56)
09-30 05:50:14.421 527 652 E StorageManagerService: ... 16 more
09-30 05:50:14.427 527 652 I StorageSessionController: Notifying volume state changed for session with id: emulated;0
09-30 05:50:14.427 389 389 D Zygote : Forked child process 1484
09-30 05:50:14.429 1245 1301 I ExternalStorageServiceImpl: Ignoring volume state for vol:external_primary. State: checking
09-30 05:50:14.431 807 807 D StorageNotification: Notifying about public volume: VolumeInfo{public:179,97}:
09-30 05:50:14.431 807 807 D StorageNotification: type=PUBLIC diskId=disk:179,96 partGuid= mountFlags=VISIBLE mountUserId=0
09-30 05:50:14.431 807 807 D StorageNotification: state=UNMOUNTED
09-30 05:50:14.431 807 807 D StorageNotification: fsType=null fsUuid=null fsLabel=null
09-30 05:50:14.431 807 807 D StorageNotification: path=null internalPath=null
09-30 05:50:14.433 527 589 I ActivityManager: Start proc 1484:com.android.contacts/u0a45 for broadcast {com.android.contacts/com.android.contacts.interactions.OnBootOrUpgradeReceiver}
09-30 05:50:14.438 1245 1301 V MediaStore: Examining volume emulated;0 with name external_primary and state mounted
09-30 05:50:14.438 1245 1301 V MediaStore: Examining volume public:179,97 with name 43f0-93ae and state mounted
09-30 05:50:14.459 527 652 I StorageSessionController: Notifying volume state changed for session with id: emulated;0
09-30 05:50:14.478 1245 1245 V MediaStore: Examining volume emulated;0 with name external_primary and state mounted
09-30 05:50:14.479 1245 1245 V MediaStore: Examining volume public:179,97 with name 43f0-93ae and state mounted
09-30 05:50:14.497 1484 1484 I Zygote : seccomp disabled by setenforce 0
09-30 05:50:14.529 1245 1245 V MediaStore: Examining volume emulated;0 with name external_primary and state mounted
09-30 05:50:14.529 1245 1245 V MediaStore: Examining volume public:179,97 with name 43f0-93ae and state mounted
09-30 05:50:14.536 527 808 D CompatibilityChangeReporter: Compat change id reported: 168419799; UID 10064; state: DISABLED
09-30 05:50:14.545 479 489 I adbd : jdwp connection from 1484
09-30 05:50:14.556 1245 1301 V MediaStore: Examining volume emulated;0 with name external_primary and state mounted
09-30 05:50:14.557 1245 1301 V MediaStore: Examining volume public:179,97 with name 43f0-93ae and state mounted
09-30 05:50:14.583 1245 1499 I MediaProvider: Begin Intent { act=com.android.providers.media.action.SCAN_VOLUME (has extras) }
09-30 05:50:14.602 527 652 I StorageSessionController: Notifying volume state changed for session with id: public:179,97
09-30 05:50:14.606 454 462 D installd: Found quota mount /dev/block/dm-2 at /data
09-30 05:50:14.607 454 462 D installd: Found quota mount /dev/block/dm-2 at /data/user/0
09-30 05:50:14.608 454 462 D installd: Found quota mount /dev/block/dm-2 at /mnt/pass_through/0/emulated
09-30 05:50:14.608 454 462 D installd: Found quota mount /dev/block/dm-2 at /mnt/androidwritable/0/emulated/0/Android/data
09-30 05:50:14.609 454 462 D installd: Found quota mount /dev/block/dm-2 at /mnt/installer/0/emulated/0/Android/data
09-30 05:50:14.609 454 462 D installd: Found quota mount /dev/block/dm-2 at /mnt/user/0/emulated/0/Android/data
09-30 05:50:14.609 454 462 D installd: Found quota mount /dev/block/dm-2 at /storage/emulated/0/Android/data
09-30 05:50:14.609 454 462 D installd: Found quota mount /dev/block/dm-2 at /mnt/androidwritable/0/emulated/0/Android/obb
09-30 05:50:14.609 454 462 D installd: Found quota mount /dev/block/dm-2 at /mnt/installer/0/emulated/0/Android/obb
09-30 05:50:14.609 454 462 D installd: Found quota mount /dev/block/dm-2 at /mnt/user/0/emulated/0/Android/obb
09-30 05:50:14.609 454 462 D installd: Found quota mount /dev/block/dm-2 at /storage/emulated/0/Android/obb
09-30 05:50:14.612 1245 1245 V MediaStore: Examining volume emulated;0 with name external_primary and state mounted
09-30 05:50:14.612 1245 1245 V MediaStore: Examining volume public:179,97 with name 43f0-93ae and state mounted
09-30 05:50:14.613 454 462 D installd: Found storage mount /dev/block/dm-2 at /mnt/pass_through/0/emulated
09-30 05:50:14.613 454 462 D installd: Found storage mount /dev/block/vold/public:179,97 at /mnt/pass_through/0/43F0-93AE
09-30 05:50:14.614 454 462 D installd: Found storage mount at /mnt/pass_through/0/43F0-93AE
09-30 05:50:14.619 1245 1301 I ExternalStorageServiceImpl: Ignoring volume state for vol:null. State: checking
09-30 05:50:14.655 527 808 D CompatibilityChangeReporter: Compat change id reported: 168419799; UID 10045; state: DISABLED
09-30 05:50:14.662 1245 1301 V MediaStore: Examining volume emulated;0 with name external_primary and state mounted
09-30 05:50:14.663 1245 1301 V MediaStore: Examining volume public:179,97 with name 43f0-93ae and state mounted
09-30 05:50:14.680 1245 1499 V MediaProvider: onConfigure() for internal.db
09-30 05:50:14.684 1245 1245 V MediaStore: Examining volume emulated;0 with name external_primary and state mounted
09-30 05:50:14.684 1245 1245 V MediaStore: Examining volume public:179,97 with name 43f0-93ae and state mounted
09-30 05:50:14.694 1245 1499 V MediaProvider: onOpen() for internal.db
09-30 05:50:14.694 1484 1484 D CompatibilityChangeReporter: Compat change id reported: 171979766; UID 10045; state: DISABLED
09-30 05:50:14.695 1245 1499 V MediaProvider: onOpen() finished for internal.db
09-30 05:50:14.713 807 807 D StorageNotification: Notifying about public volume: VolumeInfo{public:179,97}:
09-30 05:50:14.713 807 807 D StorageNotification: type=PUBLIC diskId=disk:179,96 partGuid= mountFlags=VISIBLE mountUserId=0
09-30 05:50:14.713 807 807 D StorageNotification: state=CHECKING
09-30 05:50:14.713 807 807 D StorageNotification: fsType=null fsUuid=null fsLabel=null
09-30 05:50:14.713 807 807 D StorageNotification: path=null internalPath=null
09-30 05:50:14.726 1245 1499 W ModernMediaScanner: Failed to visit /system/media: java.nio.file.NoSuchFileException: /system/media
09-30 05:50:14.745 527 978 D CompatibilityChangeReporter: Compat change id reported: 149924527; UID 10064; state: ENABLED
09-30 05:50:14.747 527 978 D CompatibilityChangeReporter: Compat change id reported: 132649864; UID 10064; state: DISABLED
09-30 05:50:14.748 527 652 I StorageSessionController: Notifying volume state changed for session with id: public:179,97
09-30 05:50:14.761 527 978 D CompatibilityChangeReporter: Compat change id reported: 182734110; UID 10064; state: DISABLED
09-30 05:50:14.775 1484 1484 D nativeloader: classloader namespace configured for unbundled product apk. library_path=/system/product/priv-app/Contacts/lib/arm64:/product/lib64:/system/product/lib64
09-30 05:50:14.792 1245 1301 V MediaStore: Examining volume emulated;0 with name external_primary and state mounted
09-30 05:50:14.793 1245 1301 V MediaStore: Examining volume public:179,97 with name 43f0-93ae and state mounted
09-30 05:50:14.810 527 652 D StorageManagerService: Volume emulated;0 broadcasting mounted to UserHandle{0}
09-30 05:50:14.810 807 807 D StorageNotification: Notifying about public volume: VolumeInfo{public:179,97}:
09-30 05:50:14.810 807 807 D StorageNotification: type=PUBLIC diskId=disk:179,96 partGuid= mountFlags=VISIBLE mountUserId=0
09-30 05:50:14.810 807 807 D StorageNotification: state=MOUNTED
09-30 05:50:14.810 807 807 D StorageNotification: fsType=vfat fsUuid=43F0-93AE fsLabel=boot
09-30 05:50:14.810 807 807 D StorageNotification: path=/storage/43F0-93AE internalPath=/mnt/media_rw/43F0-93AE
09-30 05:50:14.812 527 652 D StorageManagerService: Volume public:179,97 broadcasting mounted to UserHandle{0}
09-30 05:50:14.819 454 462 D installd: Found quota mount /dev/block/dm-2 at /data
09-30 05:50:14.819 454 462 D installd: Found quota mount /dev/block/dm-2 at /data/user/0
09-30 05:50:14.820 1245 1499 I MediaProvider: Scanned internal due to REASON_MOUNTED, found 0 items in 122ms, 0 inserts 0 updates 0 deletes
09-30 05:50:14.821 454 462 D installd: Found quota mount /dev/block/dm-2 at /mnt/pass_through/0/emulated
09-30 05:50:14.821 454 462 D installd: Found quota mount /dev/block/dm-2 at /mnt/androidwritable/0/emulated/0/Android/data
09-30 05:50:14.821 454 462 D installd: Found quota mount /dev/block/dm-2 at /mnt/installer/0/emulated/0/Android/data
09-30 05:50:14.821 454 462 D installd: Found quota mount /dev/block/dm-2 at /mnt/user/0/emulated/0/Android/data
09-30 05:50:14.821 454 462 D installd: Found quota mount /dev/block/dm-2 at /storage/emulated/0/Android/data
09-30 05:50:14.821 454 462 D installd: Found quota mount /dev/block/dm-2 at /mnt/androidwritable/0/emulated/0/Android/obb
09-30 05:50:14.821 454 462 D installd: Found quota mount /dev/block/dm-2 at /mnt/installer/0/emulated/0/Android/obb
09-30 05:50:14.821 454 462 D installd: Found quota mount /dev/block/dm-2 at /mnt/user/0/emulated/0/Android/obb
09-30 05:50:14.821 454 462 D installd: Found quota mount /dev/block/dm-2 at /storage/emulated/0/Android/obb
09-30 05:50:14.825 1245 1245 V MediaStore: Examining volume emulated;0 with name external_primary and state mounted
09-30 05:50:14.825 1245 1245 V MediaStore: Examining volume public:179,97 with name 43f0-93ae and state mounted
09-30 05:50:14.827 454 462 D installd: Found storage mount /dev/block/dm-2 at /mnt/pass_through/0/emulated
09-30 05:50:14.827 454 462 D installd: Found storage mount /dev/block/vold/public:179,97 at /mnt/pass_through/0/43F0-93AE
09-30 05:50:14.827 454 462 D installd: Found storage mount at /mnt/pass_through/0/43F0-93AE
09-30 05:50:14.829 527 652 D StorageManagerService: Volume emulated;0 broadcasting mounted to UserHandle{0}
09-30 05:50:14.833 1245 1499 W ModernMediaScanner: Failed to visit /oem/media: java.nio.file.NoSuchFileException: /oem/media
09-30 05:50:14.840 527 652 D StorageManagerService: Volume public:179,97 broadcasting checking to UserHandle{0}
09-30 05:50:14.841 1245 1499 I MediaProvider: Scanned internal due to REASON_MOUNTED, found 0 items in 11ms, 0 inserts 0 updates 0 deletes
09-30 05:50:14.848 527 652 D StorageManagerService: Volume public:179,97 broadcasting mounted to UserHandle{0}
09-30 05:50:14.852 1245 1245 V MediaStore: Examining volume emulated;0 with name external_primary and state mounted
09-30 05:50:14.852 1245 1245 V MediaStore: Examining volume public:179,97 with name 43f0-93ae and state mounted
09-30 05:50:14.876 1484 1484 V GraphicsEnvironment: ANGLE Developer option for 'com.android.contacts' set to: 'default'
09-30 05:50:14.877 1484 1484 V GraphicsEnvironment: Neither updatable production driver nor prerelease driver is supported.
09-30 05:50:14.880 1484 1484 D NetworkSecurityConfig: No Network Security Config specified, using platform default
09-30 05:50:14.880 1484 1484 D NetworkSecurityConfig: No Network Security Config specified, using platform default
09-30 05:50:14.932 527 577 D CompatibilityChangeReporter: Compat change id reported: 168419799; UID 10056; state: DISABLED
09-30 05:50:14.944 1176 1176 I AlarmClock: AlarmInitReceiver android.intent.action.BOOT_COMPLETED
09-30 05:50:14.963 527 527 W NotificationHistory: Attempted to add notif for locked/gone/disabled user 0
09-30 05:50:14.993 807 807 W System : ClassLoader referenced unknown path:
09-30 05:50:15.001 807 807 D InterruptionStateProvider: No bubble up: not allowed to bubble: 0|com.android.systemui|1397773634|public:179,97|10062
09-30 05:50:15.002 807 807 D InterruptionStateProvider: No heads up: unimportant notification: 0|com.android.systemui|1397773634|public:179,97|10062
09-30 05:50:15.003 807 1015 D PeopleSpaceWidgetMgr: Sbn doesn't contain valid PeopleTileKey: null/0/com.android.systemui
09-30 05:50:15.004 1176 1211 I AlarmClock: Fixing alarm instances
09-30 05:50:15.006 211 211 I servicemanager: Notifying apexservice they have clients: 0
09-30 05:50:15.021 1176 1211 V AlarmClock: AlarmInitReceiver finished
09-30 05:50:15.037 527 978 D CompatibilityChangeReporter: Compat change id reported: 135634846; UID 1000; state: DISABLED
09-30 05:50:15.038 527 978 D CompatibilityChangeReporter: Compat change id reported: 177438394; UID 1000; state: DISABLED
09-30 05:50:15.038 527 978 D CompatibilityChangeReporter: Compat change id reported: 135772972; UID 1000; state: DISABLED
09-30 05:50:15.038 527 978 D CompatibilityChangeReporter: Compat change id reported: 135754954; UID 1000; state: ENABLED
09-30 05:50:15.046 527 527 W NotificationHistory: Attempted to add notif for locked/gone/disabled user 0
09-30 05:50:15.082 389 389 D Zygote : Forked child process 1508
09-30 05:50:15.085 527 589 I ActivityManager: Start proc 1508:com.android.dynsystem/1000 for broadcast {com.android.dynsystem/com.android.dynsystem.BootCompletedReceiver}
09-30 05:50:15.086 527 589 W ActivityManager: Slow operation: 51ms so far, now at startProcess: done updating pids map
09-30 05:50:15.102 1508 1508 I Zygote : seccomp disabled by setenforce 0
09-30 05:50:15.111 807 807 D InterruptionStateProvider: No bubble up: not allowed to bubble: 0|com.android.systemui|1397773634|public:179,97|10062
09-30 05:50:15.113 807 807 D InterruptionStateProvider: No heads up: unimportant notification: 0|com.android.systemui|1397773634|public:179,97|10062
09-30 05:50:15.134 479 489 I adbd : jdwp connection from 1508
09-30 05:50:15.156 807 1015 D PeopleSpaceWidgetMgr: Sbn doesn't contain valid PeopleTileKey: null/0/com.android.systemui
09-30 05:50:15.188 527 978 D CompatibilityChangeReporter: Compat change id reported: 168419799; UID 1000; state: DISABLED
09-30 05:50:15.221 1508 1508 D CompatibilityChangeReporter: Compat change id reported: 171979766; UID 1000; state: ENABLED
09-30 05:50:15.328 1508 1508 V GraphicsEnvironment: ANGLE Developer option for 'com.android.dynsystem' set to: 'default'
09-30 05:50:15.329 1508 1508 V GraphicsEnvironment: Neither updatable production driver nor prerelease driver is supported.
09-30 05:50:15.332 1508 1508 D NetworkSecurityConfig: No Network Security Config specified, using platform default
09-30 05:50:15.332 1508 1508 D NetworkSecurityConfig: No Network Security Config specified, using platform default
09-30 05:50:15.342 527 978 D CompatibilityChangeReporter: Compat change id reported: 135634846; UID 1000; state: DISABLED
09-30 05:50:15.342 527 978 D CompatibilityChangeReporter: Compat change id reported: 177438394; UID 1000; state: DISABLED
09-30 05:50:15.343 527 978 D CompatibilityChangeReporter: Compat change id reported: 135772972; UID 1000; state: DISABLED
09-30 05:50:15.343 527 978 D CompatibilityChangeReporter: Compat change id reported: 135754954; UID 1000; state: ENABLED
09-30 05:50:15.350 527 792 I BroadcastQueue: Delay finish: com.android.dynsystem/.BootCompletedReceiver
09-30 05:50:15.372 389 389 D Zygote : Forked child process 1528
09-30 05:50:15.374 527 589 I ActivityManager: Start proc 1528:com.android.dynsystem:dynsystem/1000 for service {com.android.dynsystem/com.android.dynsystem.DynamicSystemInstallationService}
09-30 05:50:15.384 1528 1528 I Zygote : seccomp disabled by setenforce 0
09-30 05:50:15.407 479 489 I adbd : jdwp connection from 1528
09-30 05:50:15.450 1528 1528 D CompatibilityChangeReporter: Compat change id reported: 171979766; UID 1000; state: ENABLED
09-30 05:50:15.490 1528 1528 V GraphicsEnvironment: ANGLE Developer option for 'com.android.dynsystem' set to: 'default'
09-30 05:50:15.490 1528 1528 V GraphicsEnvironment: Neither updatable production driver nor prerelease driver is supported.
09-30 05:50:15.494 1528 1528 D NetworkSecurityConfig: No Network Security Config specified, using platform default
09-30 05:50:15.495 1528 1528 D NetworkSecurityConfig: No Network Security Config specified, using platform default
09-30 05:50:15.512 1528 1528 D DynamicSystemInstallationService: onStartCommand(): action=android.os.image.action.NOTIFY_IF_IN_USE
09-30 05:50:15.515 527 978 I DynamicSystemService: isInstalled(): false
09-30 05:50:15.520 527 588 I BroadcastQueue: Resuming delayed broadcast
09-30 05:50:15.542 527 978 D CompatibilityChangeReporter: Compat change id reported: 172100307; UID 10064; state: DISABLED
09-30 05:50:15.549 527 588 D CompatibilityChangeReporter: Compat change id reported: 168419799; UID 10055; state: DISABLED
09-30 05:50:15.560 1153 1153 I SystemBroadcastReceiver: Boot has been completed
09-30 05:50:15.561 1153 1153 I SystemBroadcastReceiver: toggleAppIcon() : FLAG_SYSTEM = true
09-30 05:50:15.605 527 792 I ActivityManager: com.android.managedprovisioning is exempt from freezer
09-30 05:50:15.606 527 792 D CompatibilityChangeReporter: Compat change id reported: 135634846; UID 10026; state: DISABLED
09-30 05:50:15.606 527 792 D CompatibilityChangeReporter: Compat change id reported: 177438394; UID 10026; state: DISABLED
09-30 05:50:15.607 527 792 D CompatibilityChangeReporter: Compat change id reported: 135772972; UID 10026; state: DISABLED
09-30 05:50:15.607 527 792 D CompatibilityChangeReporter: Compat change id reported: 135754954; UID 10026; state: ENABLED
09-30 05:50:15.609 527 589 D CompatibilityChangeReporter: Compat change id reported: 143937733; UID 10026; state: ENABLED
09-30 05:50:15.621 1245 1298 W MediaProvider: getVolumePath for unknown volume: internal
09-30 05:50:15.632 1245 1298 W MediaProvider: getVolumePath for unknown volume: internal
09-30 05:50:15.660 389 389 D Zygote : Forked child process 1548
09-30 05:50:15.662 527 589 W ActivityManager: Slow operation: 58ms so far, now at startProcess: returned from zygote!
09-30 05:50:15.663 527 589 W ActivityManager: Slow operation: 58ms so far, now at startProcess: done updating battery stats
09-30 05:50:15.663 527 589 W ActivityManager: Slow operation: 59ms so far, now at startProcess: building log message
09-30 05:50:15.663 527 589 I ActivityManager: Start proc 1548:com.android.managedprovisioning/u0a26 for broadcast {com.android.managedprovisioning/com.android.managedprovisioning.BootReminder}
09-30 05:50:15.663 527 589 W ActivityManager: Slow operation: 59ms so far, now at startProcess: starting to update pids map
09-30 05:50:15.664 527 589 W ActivityManager: Slow operation: 60ms so far, now at startProcess: done updating pids map
09-30 05:50:15.686 1548 1548 I Zygote : seccomp disabled by setenforce 0
09-30 05:50:15.721 479 489 I adbd : jdwp connection from 1548
09-30 05:50:15.754 527 792 D CompatibilityChangeReporter: Compat change id reported: 168419799; UID 10026; state: DISABLED
09-30 05:50:15.782 1548 1548 D CompatibilityChangeReporter: Compat change id reported: 171979766; UID 10026; state: ENABLED
09-30 05:50:15.874 1548 1548 V GraphicsEnvironment: ANGLE Developer option for 'com.android.managedprovisioning' set to: 'default'
09-30 05:50:15.875 1548 1548 V GraphicsEnvironment: Neither updatable production driver nor prerelease driver is supported.
09-30 05:50:15.879 1548 1548 D NetworkSecurityConfig: No Network Security Config specified, using platform default
09-30 05:50:15.880 1548 1548 D NetworkSecurityConfig: No Network Security Config specified, using platform default
09-30 05:50:15.927 1548 1548 I CarUiInstaller: CarUiInstaller started for com.android.managedprovisioning
09-30 05:50:15.960 527 792 D CompatibilityChangeReporter: Compat change id reported: 168419799; UID 10012; state: DISABLED
09-30 05:50:15.968 1410 1410 D NetworkSecurityConfig: No Network Security Config specified, using platform default
09-30 05:50:15.980 527 978 D CompatibilityChangeReporter: Compat change id reported: 135634846; UID 10043; state: DISABLED
09-30 05:50:15.985 527 978 D CompatibilityChangeReporter: Compat change id reported: 177438394; UID 10043; state: DISABLED
09-30 05:50:15.985 527 978 D CompatibilityChangeReporter: Compat change id reported: 135772972; UID 10043; state: DISABLED
09-30 05:50:15.985 527 978 D CompatibilityChangeReporter: Compat change id reported: 135754954; UID 10043; state: ENABLED
09-30 05:50:15.986 527 589 D CompatibilityChangeReporter: Compat change id reported: 143937733; UID 10043; state: ENABLED
09-30 05:50:16.017 389 389 D Zygote : Forked child process 1566
09-30 05:50:16.019 527 589 I ActivityManager: Start proc 1566:com.android.onetimeinitializer/u0a43 for broadcast {com.android.onetimeinitializer/com.android.onetimeinitializer.OneTimeInitializerReceiver}
09-30 05:50:16.041 1566 1566 I Zygote : seccomp disabled by setenforce 0
09-30 05:50:16.072 479 489 I adbd : jdwp connection from 1566
09-30 05:50:16.102 527 978 D CompatibilityChangeReporter: Compat change id reported: 168419799; UID 10043; state: DISABLED
09-30 05:50:16.126 1566 1566 D CompatibilityChangeReporter: Compat change id reported: 171979766; UID 10043; state: ENABLED
09-30 05:50:16.164 1566 1566 D nativeloader: classloader namespace configured for unbundled product apk. library_path=/system/product/priv-app/OneTimeInitializer/lib/arm64:/product/lib64:/system/product/lib64
09-30 05:50:16.181 1566 1566 V GraphicsEnvironment: ANGLE Developer option for 'com.android.onetimeinitializer' set to: 'default'
09-30 05:50:16.184 1566 1566 V GraphicsEnvironment: Neither updatable production driver nor prerelease driver is supported.
09-30 05:50:16.188 1566 1566 D NetworkSecurityConfig: No Network Security Config specified, using platform default
09-30 05:50:16.190 1566 1566 D NetworkSecurityConfig: No Network Security Config specified, using platform default
09-30 05:50:16.197 1566 1566 V OneTimeInitializerReceiver: OneTimeInitializerReceiver.onReceive
09-30 05:50:16.218 527 978 I ActivityManager: com.android.packageinstaller is exempt from freezer
09-30 05:50:16.219 527 978 D CompatibilityChangeReporter: Compat change id reported: 135634846; UID 10014; state: DISABLED
09-30 05:50:16.219 527 978 D CompatibilityChangeReporter: Compat change id reported: 177438394; UID 10014; state: DISABLED
09-30 05:50:16.220 527 978 D CompatibilityChangeReporter: Compat change id reported: 135772972; UID 10014; state: DISABLED
09-30 05:50:16.220 527 978 D CompatibilityChangeReporter: Compat change id reported: 135754954; UID 10014; state: ENABLED
09-30 05:50:16.221 527 589 D CompatibilityChangeReporter: Compat change id reported: 143937733; UID 10014; state: ENABLED
09-30 05:50:16.250 389 389 D Zygote : Forked child process 1586
09-30 05:50:16.252 527 589 I ActivityManager: Start proc 1586:com.android.packageinstaller/u0a14 for broadcast {com.android.packageinstaller/com.android.packageinstaller.TemporaryFileManager}
09-30 05:50:16.278 1586 1586 I Zygote : seccomp disabled by setenforce 0
09-30 05:50:16.304 479 489 I adbd : jdwp connection from 1586
09-30 05:50:16.335 527 978 D CompatibilityChangeReporter: Compat change id reported: 168419799; UID 10014; state: DISABLED
09-30 05:50:16.366 1586 1586 D CompatibilityChangeReporter: Compat change id reported: 171979766; UID 10014; state: ENABLED
09-30 05:50:16.462 1586 1586 V GraphicsEnvironment: ANGLE Developer option for 'com.android.packageinstaller' set to: 'default'
09-30 05:50:16.462 1586 1586 V GraphicsEnvironment: Neither updatable production driver nor prerelease driver is supported.
09-30 05:50:16.469 1586 1586 D NetworkSecurityConfig: No Network Security Config specified, using platform default
09-30 05:50:16.471 1586 1586 D NetworkSecurityConfig: No Network Security Config specified, using platform default
09-30 05:50:16.497 527 792 D CompatibilityChangeReporter: Compat change id reported: 135634846; UID 10065; state: DISABLED
09-30 05:50:16.497 527 792 D CompatibilityChangeReporter: Compat change id reported: 177438394; UID 10065; state: DISABLED
09-30 05:50:16.498 527 792 D CompatibilityChangeReporter: Compat change id reported: 135772972; UID 10065; state: DISABLED
09-30 05:50:16.498 527 792 D CompatibilityChangeReporter: Compat change id reported: 135754954; UID 10065; state: DISABLED
09-30 05:50:16.499 527 589 D CompatibilityChangeReporter: Compat change id reported: 143937733; UID 10065; state: DISABLED
09-30 05:50:16.538 389 389 D Zygote : Forked child process 1606
09-30 05:50:16.541 527 589 I ActivityManager: Start proc 1606:com.android.permissioncontroller/u0a65 for broadcast {com.android.permissioncontroller/com.android.permissioncontroller.permission.service.LocationAccessCheck$SetupPeriodicBackgroundLocationAccessCheck}
09-30 05:50:16.562 1606 1606 I Zygote : seccomp disabled by setenforce 0
09-30 05:50:16.568 1606 1606 I libc : SetHeapTaggingLevel: tag level set to 0
09-30 05:50:16.596 479 489 I adbd : jdwp connection from 1606
09-30 05:50:16.643 527 792 D CompatibilityChangeReporter: Compat change id reported: 168419799; UID 10065; state: DISABLED
09-30 05:50:16.674 1606 1606 D CompatibilityChangeReporter: Compat change id reported: 171979766; UID 10065; state: DISABLED
09-30 05:50:16.691 1606 1606 D ApplicationLoaders: Returning zygote-cached class loader: /system/framework/android.test.base.jar
09-30 05:50:16.795 1606 1606 V GraphicsEnvironment: ANGLE Developer option for 'com.android.permissioncontroller' set to: 'default'
09-30 05:50:16.796 1606 1606 V GraphicsEnvironment: Neither updatable production driver nor prerelease driver is supported.
09-30 05:50:16.799 1606 1606 D NetworkSecurityConfig: No Network Security Config specified, using platform default
09-30 05:50:16.800 1606 1606 D NetworkSecurityConfig: No Network Security Config specified, using platform default
09-30 05:50:16.855 1606 1606 I CarUiInstaller: CarUiInstaller started for com.android.permissioncontroller
09-30 05:50:16.924 1606 1606 W Role : Cannot get ApplicationInfo for default holder: com.android.messaging
09-30 05:50:17.009 1606 1606 I HibernationPolicy: scheduleHibernationJob with frequency 1296000000ms and threshold 7776000000ms
09-30 05:50:17.015 1606 1606 I HibernationPolicy: user 0 is a profileowner. Running hibernation job.
09-30 05:50:17.019 1606 1606 I HibernationPolicy: Job already scheduled.
09-30 05:50:17.029 892 892 I VvmSimStateTracker: android.intent.action.BOOT_COMPLETED
09-30 05:50:17.033 527 792 D CompatibilityChangeReporter: Compat change id reported: 135634846; UID 10022; state: DISABLED
09-30 05:50:17.033 527 792 D CompatibilityChangeReporter: Compat change id reported: 177438394; UID 10022; state: DISABLED
09-30 05:50:17.034 527 792 D CompatibilityChangeReporter: Compat change id reported: 135772972; UID 10022; state: DISABLED
09-30 05:50:17.034 527 792 D CompatibilityChangeReporter: Compat change id reported: 135754954; UID 10022; state: ENABLED
09-30 05:50:17.036 527 589 D CompatibilityChangeReporter: Compat change id reported: 143937733; UID 10022; state: ENABLED
09-30 05:50:17.062 389 389 D Zygote : Forked child process 1629
09-30 05:50:17.064 527 589 I ActivityManager: Start proc 1629:com.android.providers.calendar/u0a22 for broadcast {com.android.providers.calendar/com.android.providers.calendar.CalendarReceiver}
09-30 05:50:17.080 1629 1629 I Zygote : seccomp disabled by setenforce 0
09-30 05:50:17.085 1245 1298 W MediaProvider: getVolumePath for unknown volume: internal
09-30 05:50:17.089 1245 1298 W MediaProvider: getVolumePath for unknown volume: internal
09-30 05:50:17.090 1245 1499 I MediaProvider: Scanned internal due to REASON_MOUNTED, found 230 items in 2245ms, 0 inserts 7 updates 0 deletes
09-30 05:50:17.092 1245 1298 W MediaProvider: getVolumePath for unknown volume: internal
09-30 05:50:17.095 1245 1298 W MediaProvider: getVolumePath for unknown volume: internal
09-30 05:50:17.097 1245 1298 W MediaProvider: getVolumePath for unknown volume: internal
09-30 05:50:17.109 479 489 I adbd : jdwp connection from 1629
09-30 05:50:17.131 527 978 D CompatibilityChangeReporter: Compat change id reported: 168419799; UID 10022; state: DISABLED
09-30 05:50:17.149 1629 1629 D CompatibilityChangeReporter: Compat change id reported: 171979766; UID 10022; state: ENABLED
09-30 05:50:17.189 1629 1629 V GraphicsEnvironment: ANGLE Developer option for 'com.android.providers.calendar' set to: 'default'
09-30 05:50:17.190 1629 1629 V GraphicsEnvironment: Neither updatable production driver nor prerelease driver is supported.
09-30 05:50:17.193 1629 1629 D NetworkSecurityConfig: No Network Security Config specified, using platform default
09-30 05:50:17.194 1629 1629 D NetworkSecurityConfig: No Network Security Config specified, using platform default
09-30 05:50:17.208 807 807 W TouchableRegionManager: onHeadsUpPinnedModeChanged
