09-30 05:50:02.737 527 576 W ContextImpl: Calling a method in the system process without a qualified user: android.app.ContextImpl.sendBroadcastMultiplePermissions:1256 com.android.server.TelephonyRegistry.broadcastDataConnectionStateChanged:3004 com.android.server.TelephonyRegistry.notifyDataConnectionForSubscriber:2051 com.android.internal.telephony.ITelephonyRegistry$Stub.onTransact:544 android.os.Binder.execTransactInternal:1179
09-30 05:50:02.743 468 468 I update_engine: [INFO:cleanup_previous_update_action.cc(112)] Executing task 13
09-30 05:50:02.746 468 468 I update_engine: [INFO:cleanup_previous_update_action.cc(124)] CleanupPreviousUpdateAction scheduled task ID 14 for WaitBootCompleted
09-30 05:50:01.052 980 980 I getprop : type=1400 audit(0.0:587): avc: denied { getattr } for path="/dev/__properties__/u:object_r:ctl_bootanim_prop:s0" dev="tmpfs" ino=82 scontext=u:r:shell:s0 tcontext=u:object_r:ctl_bootanim_prop:s0 tclass=file permissive=1
09-30 05:50:02.755 527 577 W ContextImpl: Calling a method in the system process without a qualified user: android.app.ContextImpl.sendBroadcastMultiplePermissions:1256 com.android.server.TelephonyRegistry.broadcastDataConnectionStateChanged:3004 com.android.server.TelephonyRegistry.notifyDataConnectionForSubscriber:2051 com.android.internal.telephony.ITelephonyRegistry$Stub.onTransact:544 android.os.Binder.execTransactInternal:1179
09-30 05:50:02.760 527 577 W ContextImpl: Calling a method in the system process without a qualified user: android.app.ContextImpl.sendBroadcastMultiplePermissions:1256 com.android.server.TelephonyRegistry.broadcastDataConnectionStateChanged:3004 com.android.server.TelephonyRegistry.notifyDataConnectionForSubscriber:2051 com.android.internal.telephony.ITelephonyRegistry$Stub.onTransact:544 android.os.Binder.execTransactInternal:1179
09-30 05:50:02.761 807 807 V SystemUIService: Starting SystemUI services for user 0.
09-30 05:50:02.764 527 576 W ContextImpl: Calling a method in the system process without a qualified user: android.app.ContextImpl.sendBroadcastMultiplePermissions:1256 com.android.server.TelephonyRegistry.broadcastDataConnectionStateChanged:3004 com.android.server.TelephonyRegistry.notifyDataConnectionForSubscriber:2051 com.android.internal.telephony.ITelephonyRegistry$Stub.onTransact:544 android.os.Binder.execTransactInternal:1179
09-30 05:50:02.769 527 577 W ContextImpl: Calling a method in the system process without a qualified user: android.app.ContextImpl.sendBroadcastMultiplePermissions:1256 com.android.server.TelephonyRegistry.broadcastDataConnectionStateChanged:3004 com.android.server.TelephonyRegistry.notifyDataConnectionForSubscriber:2051 com.android.internal.telephony.ITelephonyRegistry$Stub.onTransact:544 android.os.Binder.execTransactInternal:1179
09-30 05:50:02.771 807 807 D SystemUIBootTiming: StartServicescom.android.systemui.util.NotificationChannels took to complete: 10ms
09-30 05:50:01.052 980 980 I getprop : type=1400 audit(0.0:588): avc: denied { map } for path="/dev/__properties__/u:object_r:ctl_bootanim_prop:s0" dev="tmpfs" ino=82 scontext=u:r:shell:s0 tcontext=u:object_r:ctl_bootanim_prop:s0 tclass=file permissive=1
09-30 05:50:02.773 527 576 W ContextImpl: Calling a method in the system process without a qualified user: android.app.ContextImpl.sendBroadcastMultiplePermissions:1256 com.android.server.TelephonyRegistry.broadcastDataConnectionStateChanged:3004 com.android.server.TelephonyRegistry.notifyDataConnectionForSubscriber:2051 com.android.internal.telephony.ITelephonyRegistry$Stub.onTransact:544 android.os.Binder.execTransactInternal:1179
09-30 05:50:02.775 807 807 I FalsingManager: xdpi, ydpi: 159.568, 159.895
09-30 05:50:02.775 807 807 I FalsingManager: width, height: 1024, 696
09-30 05:50:02.778 527 577 W ContextImpl: Calling a method in the system process without a qualified user: android.app.ContextImpl.sendBroadcastMultiplePermissions:1256 com.android.server.TelephonyRegistry.broadcastDataConnectionStateChanged:3004 com.android.server.TelephonyRegistry.notifyDataConnectionForSubscriber:2051 com.android.internal.telephony.ITelephonyRegistry$Stub.onTransact:544 android.os.Binder.execTransactInternal:1179
09-30 05:50:01.052 980 980 I getprop : type=1400 audit(0.0:589): avc: denied { open } for path="/dev/__properties__/u:object_r:ctl_console_prop:s0" dev="tmpfs" ino=84 scontext=u:r:shell:s0 tcontext=u:object_r:ctl_console_prop:s0 tclass=file permissive=1
09-30 05:50:02.812 527 576 W ServiceManager: Permission failure: android.permission.HIGH_SAMPLING_RATE_SENSORS from uid=10062 pid=807
09-30 05:50:02.814 527 577 D ConnectivityService: requestNetwork for uid/pid:1001/892 activeRequest: null callbackRequest: 20 [NetworkRequest [ REQUEST id=21, [ Capabilities: INTERNET&NOT_RESTRICTED&TRUSTED&NOT_VCN_MANAGED Uid: 1001 RequestorUid: 1001 RequestorPkg: com.android.phone] ]] callback flags: 0 priority: 2147483647
09-30 05:50:02.815 527 665 D ConnectivityService: NetReassign [no changes]
09-30 05:50:02.817 527 701 D Ethernet: got request NetworkRequest [ REQUEST id=21, [ Capabilities: INTERNET&NOT_RESTRICTED&TRUSTED&NOT_VCN_MANAGED Uid: 1001 RequestorUid: 1001 RequestorPkg: com.android.phone] ]
09-30 05:50:02.817 527 701 D EthernetNetworkFactory: acceptRequest, request: NetworkRequest [ REQUEST id=21, [ Capabilities: INTERNET&NOT_RESTRICTED&TRUSTED&NOT_VCN_MANAGED Uid: 1001 RequestorUid: 1001 RequestorPkg: com.android.phone] ]
09-30 05:50:02.817 527 701 I EthernetNetworkFactory: networkForRequest, request: NetworkRequest [ REQUEST id=21, [ Capabilities: INTERNET&NOT_RESTRICTED&TRUSTED&NOT_VCN_MANAGED Uid: 1001 RequestorUid: 1001 RequestorPkg: com.android.phone] ], network: null
09-30 05:50:02.823 527 577 D CompatibilityChangeReporter: Compat change id reported: 182478738; UID 1001; state: ENABLED
09-30 05:50:01.052 980 980 I getprop : type=1400 audit(0.0:590): avc: denied { getattr } for path="/dev/__properties__/u:object_r:ctl_console_prop:s0" dev="tmpfs" ino=84 scontext=u:r:shell:s0 tcontext=u:object_r:ctl_console_prop:s0 tclass=file permissive=1
09-30 05:50:02.846 527 581 I DropBoxManagerService: add tag=system_app_strictmode isTagEnabled=true flags=0x2
09-30 05:50:01.052 980 980 I getprop : type=1400 audit(0.0:591): avc: denied { map } for path="/dev/__properties__/u:object_r:ctl_console_prop:s0" dev="tmpfs" ino=84 scontext=u:r:shell:s0 tcontext=u:object_r:ctl_console_prop:s0 tclass=file permissive=1
09-30 05:50:01.052 980 980 I getprop : type=1400 audit(0.0:592): avc: denied { open } for path="/dev/__properties__/u:object_r:ctl_default_prop:s0" dev="tmpfs" ino=85 scontext=u:r:shell:s0 tcontext=u:object_r:ctl_default_prop:s0 tclass=file permissive=1
09-30 05:50:02.883 807 807 D NavigationModeController: getCurrentUserContext: contextUser=0 currentUser=0
09-30 05:50:02.884 807 807 D NavigationModeController: getCurrentInteractionMode: mode=0 contextUser=0
09-30 05:50:02.885 807 807 D NavigationModeController: updateCurrentInteractionMode: mode=0
09-30 05:50:02.885 807 807 D NavigationModeController: contextUser=0
09-30 05:50:02.885 807 807 D NavigationModeController: assetPaths=
09-30 05:50:02.886 807 807 D NavigationModeController: and /system/framework/framework-res.apk
09-30 05:50:02.886 807 807 D NavigationModeController: and /system/system_ext/priv-app/SystemUI/SystemUI.apk
09-30 05:50:02.890 807 807 D NavigationModeController: getCurrentInteractionMode: mode=0 contextUser=0
09-30 05:50:02.890 892 892 E MmTelFeatureConn [0]: ImsRegistrationCallbackAdapter: ImsRegistration is null
09-30 05:50:01.052 980 980 I getprop : type=1400 audit(0.0:593): avc: denied { getattr } for path="/dev/__properties__/u:object_r:ctl_default_prop:s0" dev="tmpfs" ino=85 scontext=u:r:shell:s0 tcontext=u:object_r:ctl_default_prop:s0 tclass=file permissive=1
09-30 05:50:02.902 892 892 D PhoneSwitcherNetworkRequstListener: Registering NetworkFactory
09-30 05:50:02.904 527 665 D ConnectivityService: Got NetworkProvider Messenger for PhoneSwitcherNetworkRequstListener
09-30 05:50:02.906 216 216 I hwservicemanager: getTransport: Cannot find entry android.hardware.radio.config@1.3::IRadioConfig/default in either framework or device VINTF manifest.
09-30 05:50:02.907 216 216 I hwservicemanager: getTransport: Cannot find entry android.hardware.radio.config@1.1::IRadioConfig/default in either framework or device VINTF manifest.
09-30 05:50:02.909 216 216 I hwservicemanager: getTransport: Cannot find entry android.hardware.radio.config@1.0::IRadioConfig/default in either framework or device VINTF manifest.
09-30 05:50:01.052 980 980 I getprop : type=1400 audit(0.0:594): avc: denied { map } for path="/dev/__properties__/u:object_r:ctl_default_prop:s0" dev="tmpfs" ino=85 scontext=u:r:shell:s0 tcontext=u:object_r:ctl_default_prop:s0 tclass=file permissive=1
09-30 05:50:02.933 527 581 I DropBoxManagerService: add tag=system_app_strictmode isTagEnabled=true flags=0x2
09-30 05:50:02.936 527 665 D ConnectivityService: Got NetworkProvider Messenger for TelephonyNetworkFactory[0]
09-30 05:50:02.937 807 1057 V MediaRouter: Selecting route: RouteInfo{ name=Tablet, description=null, status=null, category=RouteCategory{ name=System types=ROUTE_TYPE_LIVE_AUDIO ROUTE_TYPE_LIVE_VIDEO groupable=false }, supportedTypes=ROUTE_TYPE_LIVE_AUDIO ROUTE_TYPE_LIVE_VIDEO , presentationDisplay=null }
09-30 05:50:02.938 807 1057 I MediaRouter: Skip setBluetoothA2dpOn(): types=8388615, isPlaybackActive()=false, BT route=null
09-30 05:50:02.942 527 581 I DropBoxManagerService: add tag=system_app_strictmode isTagEnabled=true flags=0x2
09-30 05:50:01.052 980 980 I getprop : type=1400 audit(0.0:595): avc: denied { open } for path="/dev/__properties__/u:object_r:ctl_fuse_prop:s0" dev="tmpfs" ino=87 scontext=u:r:shell:s0 tcontext=u:object_r:ctl_fuse_prop:s0 tclass=file permissive=1
09-30 05:50:02.952 527 581 I DropBoxManagerService: add tag=system_app_strictmode isTagEnabled=true flags=0x2
09-30 05:50:01.052 980 980 I getprop : type=1400 audit(0.0:596): avc: denied { getattr } for path="/dev/__properties__/u:object_r:ctl_fuse_prop:s0" dev="tmpfs" ino=87 scontext=u:r:shell:s0 tcontext=u:object_r:ctl_fuse_prop:s0 tclass=file permissive=1
09-30 05:50:02.981 807 807 D SystemUIBootTiming: StartServicescom.android.systemui.keyguard.KeyguardViewMediator took to complete: 210ms
09-30 05:50:02.987 892 1062 W ActivityThread: Failed to find provider info for com.android.contacts (user not unlocked)
09-30 05:50:02.987 892 1062 W CallerInfoCache: cursor is null
09-30 05:50:02.992 807 1061 D MediaCodecList: codecHandlesFormat: no format, so no extra checks
09-30 05:50:02.993 807 1061 D MediaCodecList: codecHandlesFormat: no format, so no extra checks
09-30 05:50:02.995 807 1060 D MediaCodecList: codecHandlesFormat: no format, so no extra checks
09-30 05:50:01.052 980 980 I getprop : type=1400 audit(0.0:597): avc: denied { map } for path="/dev/__properties__/u:object_r:ctl_fuse_prop:s0" dev="tmpfs" ino=87 scontext=u:r:shell:s0 tcontext=u:object_r:ctl_fuse_prop:s0 tclass=file permissive=1
09-30 05:50:02.996 807 1060 D MediaCodecList: codecHandlesFormat: no format, so no extra checks
09-30 05:50:03.000 807 807 D NavigationModeController: getCurrentInteractionMode: mode=0 contextUser=0
09-30 05:50:03.000 807 1063 D CCodec : allocate(c2.android.vorbis.decoder)
09-30 05:50:03.004 807 1064 D CCodec : allocate(c2.android.vorbis.decoder)
09-30 05:50:03.005 807 1063 I Codec2Client: Available Codec2 services: "software"
09-30 05:50:03.010 466 779 V C2Store : in init
09-30 05:50:03.011 466 779 V C2Store : loading dll
09-30 05:50:03.012 892 892 I ImsRcsController: ImsRcsController
09-30 05:50:03.020 807 1063 I CCodec : Created component [c2.android.vorbis.decoder]
09-30 05:50:01.052 980 980 I getprop : type=1400 audit(0.0:598): avc: denied { open } for path="/dev/__properties__/u:object_r:ctl_interface_restart_prop:s0" dev="tmpfs" ino=89 scontext=u:r:shell:s0 tcontext=u:object_r:ctl_interface_restart_prop:s0 tclass=file permissive=1
09-30 05:50:03.022 807 1064 I CCodec : Created component [c2.android.vorbis.decoder]
09-30 05:50:03.023 807 1063 D CCodecConfig: read media type: audio/vorbis
09-30 05:50:03.026 807 1063 D ReflectedParamUpdater: extent() != 1 for single value type: algo.buffers.max-count.values
09-30 05:50:03.027 807 1063 D ReflectedParamUpdater: extent() != 1 for single value type: output.subscribed-indices.values
09-30 05:50:03.027 807 1063 D ReflectedParamUpdater: extent() != 1 for single value type: input.buffers.allocator-ids.values
09-30 05:50:03.027 807 1063 D ReflectedParamUpdater: extent() != 1 for single value type: output.buffers.allocator-ids.values
09-30 05:50:03.027 807 1063 D ReflectedParamUpdater: extent() != 1 for single value type: algo.buffers.allocator-ids.values
09-30 05:50:03.028 807 1063 D ReflectedParamUpdater: extent() != 1 for single value type: output.buffers.pool-ids.values
09-30 05:50:03.028 807 1063 D ReflectedParamUpdater: extent() != 1 for single value type: algo.buffers.pool-ids.values
09-30 05:50:03.030 807 1063 I CCodecConfig: query failed after returning 7 values (BAD_INDEX)
09-30 05:50:03.030 807 1063 D CCodecConfig: c2 config diff is Dict {
09-30 05:50:03.030 807 1063 D CCodecConfig: c2::u32 coded.bitrate.value = 64000
09-30 05:50:03.030 807 1063 D CCodecConfig: c2::u32 input.buffers.max-size.value = 32768
09-30 05:50:03.030 807 1063 D CCodecConfig: c2::u32 input.delay.value = 0
09-30 05:50:03.030 807 1063 D CCodecConfig: string input.media-type.value = "audio/vorbis"
09-30 05:50:03.030 807 1063 D CCodecConfig: string output.media-type.value = "audio/raw"
09-30 05:50:03.030 807 1063 D CCodecConfig: c2::u32 raw.channel-count.value = 1
09-30 05:50:03.030 807 1063 D CCodecConfig: c2::u32 raw.sample-rate.value = 48000
09-30 05:50:03.030 807 1063 D CCodecConfig: }
09-30 05:50:03.031 807 1063 D CCodec : [c2.android.vorbis.decoder] buffers are bound to CCodec for this session
09-30 05:50:03.031 807 1063 D CCodecConfig: no c2 equivalents for durationUs
09-30 05:50:03.031 807 1063 D CCodecConfig: no c2 equivalents for track-id
09-30 05:50:03.031 807 1063 D CCodecConfig: no c2 equivalents for csd-1
09-30 05:50:03.031 807 1063 D CCodecConfig: no c2 equivalents for channel-mask
09-30 05:50:03.031 807 1063 D CCodecConfig: no c2 equivalents for flags
09-30 05:50:03.033 807 1063 D CCodecConfig: c2 config diff is c2::u32 coded.bitrate.value = 160000
09-30 05:50:03.033 807 1063 D CCodecConfig: c2::u32 raw.channel-count.value = 2
09-30 05:50:03.033 807 1063 D CCodecConfig: c2::u32 raw.sample-rate.value = 44100
09-30 05:50:03.035 807 1063 W Codec2Client: query -- param skipped: index = 1107298332.
09-30 05:50:03.035 807 1063 D CCodec : setup formats input: AMessage(what = 0x00000000) = {
09-30 05:50:03.035 807 1063 D CCodec : int32_t bitrate = 160000
09-30 05:50:03.035 807 1063 D CCodec : int32_t channel-count = 2
09-30 05:50:03.035 807 1063 D CCodec : int32_t max-input-size = 32768
09-30 05:50:03.035 807 1063 D CCodec : string mime = "audio/vorbis"
09-30 05:50:03.035 807 1063 D CCodec : int32_t sample-rate = 44100
09-30 05:50:03.035 807 1063 D CCodec : }
09-30 05:50:03.035 807 1063 D CCodec : setup formats output: AMessage(what = 0x00000000) = {
09-30 05:50:03.035 807 1063 D CCodec : int32_t channel-count = 2
09-30 05:50:03.035 807 1063 D CCodec : string mime = "audio/raw"
09-30 05:50:03.035 807 1063 D CCodec : int32_t sample-rate = 44100
09-30 05:50:03.035 807 1063 D CCodec : int32_t channel-mask = 3
09-30 05:50:03.035 807 1063 D CCodec : }
09-30 05:50:03.036 807 1063 I CCodecConfig: query failed after returning 7 values (BAD_INDEX)
09-30 05:50:03.036 807 1063 W Codec2Client: query -- param skipped: index = 1342179345.
09-30 05:50:03.037 807 1063 W Codec2Client: query -- param skipped: index = 2415921170.
09-30 05:50:03.038 807 1063 D C2Store : Using DMABUF Heaps
09-30 05:50:03.039 807 1063 D CCodecBufferChannel: [c2.android.vorbis.decoder#987] Created input block pool with allocatorID 16 => poolID 17 - OK (0)
09-30 05:50:03.041 807 1063 I CCodecBufferChannel: [c2.android.vorbis.decoder#987] Created output block pool with allocatorID 16 => poolID 23 - OK
09-30 05:50:03.041 807 1063 D CCodecBufferChannel: [c2.android.vorbis.decoder#987] Configured output block pool ids 23 => OK
09-30 05:50:03.043 807 1063 I DMABUFHEAPS: Using DMA-BUF heap named: system
09-30 05:50:03.044 466 1069 D SimpleC2Component: Using output block pool with poolID 23 => got 23 - 0
09-30 05:50:01.052 980 980 I getprop : type=1400 audit(0.0:599): avc: denied { getattr } for path="/dev/__properties__/u:object_r:ctl_interface_restart_prop:s0" dev="tmpfs" ino=89 scontext=u:r:shell:s0 tcontext=u:object_r:ctl_interface_restart_prop:s0 tclass=file permissive=1
09-30 05:50:03.051 527 978 D CompatibilityChangeReporter: Compat change id reported: 135634846; UID 10059; state: DISABLED
09-30 05:50:03.052 527 978 D CompatibilityChangeReporter: Compat change id reported: 177438394; UID 10059; state: DISABLED
09-30 05:50:03.053 807 1064 D CCodecConfig: read media type: audio/vorbis
09-30 05:50:03.053 527 978 D CompatibilityChangeReporter: Compat change id reported: 135772972; UID 10059; state: DISABLED
09-30 05:50:03.054 527 978 D CompatibilityChangeReporter: Compat change id reported: 135754954; UID 10059; state: ENABLED
09-30 05:50:03.055 807 807 D SystemUIBootTiming: StartServicescom.android.systemui.recents.Recents took to complete: 72ms
09-30 05:50:03.057 527 589 D CompatibilityChangeReporter: Compat change id reported: 143937733; UID 10059; state: ENABLED
09-30 05:50:03.058 807 1064 D ReflectedParamUpdater: extent() != 1 for single value type: algo.buffers.max-count.values
09-30 05:50:03.059 807 1064 D ReflectedParamUpdater: extent() != 1 for single value type: output.subscribed-indices.values
09-30 05:50:03.059 807 1064 D ReflectedParamUpdater: extent() != 1 for single value type: input.buffers.allocator-ids.values
09-30 05:50:03.060 807 1064 D ReflectedParamUpdater: extent() != 1 for single value type: output.buffers.allocator-ids.values
09-30 05:50:03.060 807 1064 D ReflectedParamUpdater: extent() != 1 for single value type: algo.buffers.allocator-ids.values
09-30 05:50:03.061 807 1064 D ReflectedParamUpdater: extent() != 1 for single value type: output.buffers.pool-ids.values
09-30 05:50:03.061 807 1064 D ReflectedParamUpdater: extent() != 1 for single value type: algo.buffers.pool-ids.values
09-30 05:50:03.064 807 1064 I CCodecConfig: query failed after returning 7 values (BAD_INDEX)
09-30 05:50:03.064 807 1064 D CCodecConfig: c2 config diff is Dict {
09-30 05:50:03.064 807 1064 D CCodecConfig: c2::u32 coded.bitrate.value = 64000
09-30 05:50:03.064 807 1064 D CCodecConfig: c2::u32 input.buffers.max-size.value = 32768
09-30 05:50:03.064 807 1064 D CCodecConfig: c2::u32 input.delay.value = 0
09-30 05:50:03.064 807 1064 D CCodecConfig: string input.media-type.value = "audio/vorbis"
09-30 05:50:03.064 807 1064 D CCodecConfig: string output.media-type.value = "audio/raw"
09-30 05:50:03.064 807 1064 D CCodecConfig: c2::u32 raw.channel-count.value = 1
09-30 05:50:03.064 807 1064 D CCodecConfig: c2::u32 raw.sample-rate.value = 48000
09-30 05:50:03.064 807 1064 D CCodecConfig: }
09-30 05:50:03.065 807 1064 D CCodec : [c2.android.vorbis.decoder] buffers are bound to CCodec for this session
09-30 05:50:03.066 807 1064 D CCodecConfig: no c2 equivalents for durationUs
09-30 05:50:03.066 807 1064 D CCodecConfig: no c2 equivalents for track-id
09-30 05:50:03.066 807 1064 D CCodecConfig: no c2 equivalents for csd-1
09-30 05:50:03.066 807 1064 D CCodecConfig: no c2 equivalents for channel-mask
09-30 05:50:03.066 807 1064 D CCodecConfig: no c2 equivalents for flags
09-30 05:50:03.068 807 1064 D CCodecConfig: c2 config diff is c2::u32 coded.bitrate.value = 160000
09-30 05:50:03.068 807 1064 D CCodecConfig: c2::u32 raw.channel-count.value = 2
09-30 05:50:03.068 807 1064 D CCodecConfig: c2::u32 raw.sample-rate.value = 44100
09-30 05:50:03.069 807 1064 W Codec2Client: query -- param skipped: index = 1107298332.
09-30 05:50:03.069 807 1064 D CCodec : setup formats input: AMessage(what = 0x00000000) = {
09-30 05:50:03.069 807 1064 D CCodec : int32_t bitrate = 160000
09-30 05:50:03.069 807 1064 D CCodec : int32_t channel-count = 2
09-30 05:50:03.069 807 1064 D CCodec : int32_t max-input-size = 32768
09-30 05:50:03.069 807 1064 D CCodec : string mime = "audio/vorbis"
09-30 05:50:03.069 807 1064 D CCodec : int32_t sample-rate = 44100
09-30 05:50:03.069 807 1064 D CCodec : }
09-30 05:50:03.069 807 1064 D CCodec : setup formats output: AMessage(what = 0x00000000) = {
09-30 05:50:03.069 807 1064 D CCodec : int32_t channel-count = 2
09-30 05:50:03.069 807 1064 D CCodec : string mime = "audio/raw"
09-30 05:50:03.069 807 1064 D CCodec : int32_t sample-rate = 44100
09-30 05:50:03.069 807 1064 D CCodec : int32_t channel-mask = 3
09-30 05:50:03.069 807 1064 D CCodec : }
09-30 05:50:03.069 807 1064 I CCodecConfig: query failed after returning 7 values (BAD_INDEX)
09-30 05:50:03.071 807 1064 W Codec2Client: query -- param skipped: index = 1342179345.
09-30 05:50:03.071 807 1064 W Codec2Client: query -- param skipped: index = 2415921170.
09-30 05:50:03.071 807 807 I vol.Events: writeEvent collection_started
09-30 05:50:03.073 807 1064 D CCodecBufferChannel: [c2.android.vorbis.decoder#809] Created input block pool with allocatorID 16 => poolID 18 - OK (0)
09-30 05:50:01.052 980 980 I getprop : type=1400 audit(0.0:600): avc: denied { map } for path="/dev/__properties__/u:object_r:ctl_interface_restart_prop:s0" dev="tmpfs" ino=89 scontext=u:r:shell:s0 tcontext=u:object_r:ctl_interface_restart_prop:s0 tclass=file permissive=1
09-30 05:50:03.076 807 1064 I CCodecBufferChannel: [c2.android.vorbis.decoder#809] Created output block pool with allocatorID 16 => poolID 24 - OK
09-30 05:50:03.077 807 1064 D CCodecBufferChannel: [c2.android.vorbis.decoder#809] Configured output block pool ids 24 => OK
09-30 05:50:03.079 466 1070 D SimpleC2Component: Using output block pool with poolID 24 => got 24 - 0
09-30 05:50:03.088 892 892 D CarrierConfigLoader: CarrierConfigLoader has started
09-30 05:50:03.089 389 389 D Zygote : Forked child process 1074
09-30 05:50:03.094 527 589 I ActivityManager: Start proc 1074:com.android.launcher3/u0a59 for service {com.android.launcher3/com.android.quickstep.TouchInteractionService}
09-30 05:50:03.095 892 892 E BluetoothAdapter: Bluetooth binder is null
09-30 05:50:01.052 980 980 I getprop : type=1400 audit(0.0:601): avc: denied { open } for path="/dev/__properties__/u:object_r:ctl_interface_start_prop:s0" dev="tmpfs" ino=90 scontext=u:r:shell:s0 tcontext=u:object_r:ctl_interface_start_prop:s0 tclass=file permissive=1
09-30 05:50:03.116 1074 1074 I Zygote : seccomp disabled by setenforce 0
09-30 05:50:01.052 980 980 I getprop : type=1400 audit(0.0:602): avc: denied { getattr } for path="/dev/__properties__/u:object_r:ctl_interface_start_prop:s0" dev="tmpfs" ino=90 scontext=u:r:shell:s0 tcontext=u:object_r:ctl_interface_start_prop:s0 tclass=file permissive=1
09-30 05:50:03.145 479 618 I adbd : UsbFfs: connection terminated: received too many bytes while waiting for payload
09-30 05:50:03.146 479 479 I adbd : UsbFfs: offline
09-30 05:50:03.146 479 479 I adbd : destroying transport UsbFfs
09-30 05:50:03.146 479 479 I adbd : UsbFfsConnection being destroyed
09-30 05:50:03.146 479 615 E adbd : failed to send interruption signal to worker: No such process
09-30 05:50:01.052 980 980 I getprop : type=1400 audit(0.0:603): avc: denied { map } for path="/dev/__properties__/u:object_r:ctl_interface_start_prop:s0" dev="tmpfs" ino=90 scontext=u:r:shell:s0 tcontext=u:object_r:ctl_interface_start_prop:s0 tclass=file permissive=1
09-30 05:50:01.052 980 980 I getprop : type=1400 audit(0.0:604): avc: denied { open } for path="/dev/__properties__/u:object_r:ctl_interface_stop_prop:s0" dev="tmpfs" ino=91 scontext=u:r:shell:s0 tcontext=u:object_r:ctl_interface_stop_prop:s0 tclass=file permissive=1
09-30 05:50:03.180 892 892 I Telephony: TelecomAccountRegistry: setupOnBoot - register subscription listener
09-30 05:50:01.052 980 980 I getprop : type=1400 audit(0.0:605): avc: denied { getattr } for path="/dev/__properties__/u:object_r:ctl_interface_stop_prop:s0" dev="tmpfs" ino=91 scontext=u:r:shell:s0 tcontext=u:object_r:ctl_interface_stop_prop:s0 tclass=file permissive=1
09-30 05:50:03.206 479 489 I adbd : jdwp connection from 1074
09-30 05:50:01.052 980 980 I getprop : type=1400 audit(0.0:606): avc: denied { map } for path="/dev/__properties__/u:object_r:ctl_interface_stop_prop:s0" dev="tmpfs" ino=91 scontext=u:r:shell:s0 tcontext=u:object_r:ctl_interface_stop_prop:s0 tclass=file permissive=1
09-30 05:50:03.231 527 576 D CompatibilityChangeReporter: Compat change id reported: 168419799; UID 10059; state: DISABLED
09-30 05:50:03.249 1074 1074 D CompatibilityChangeReporter: Compat change id reported: 171979766; UID 10059; state: ENABLED
09-30 05:50:01.052 980 980 I getprop : type=1400 audit(0.0:607): avc: denied { open } for path="/dev/__properties__/u:object_r:ctl_mdnsd_prop:s0" dev="tmpfs" ino=92 scontext=u:r:shell:s0 tcontext=u:object_r:ctl_mdnsd_prop:s0 tclass=file permissive=1
09-30 05:50:01.052 980 980 I getprop : type=1400 audit(0.0:608): avc: denied { getattr } for path="/dev/__properties__/u:object_r:ctl_mdnsd_prop:s0" dev="tmpfs" ino=92 scontext=u:r:shell:s0 tcontext=u:object_r:ctl_mdnsd_prop:s0 tclass=file permissive=1
09-30 05:50:03.296 807 1063 D CCodecBufferChannel: [c2.android.vorbis.decoder#987] MediaCodec discarded an unknown buffer
09-30 05:50:03.296 807 1063 D CCodecBufferChannel: [c2.android.vorbis.decoder#987] MediaCodec discarded an unknown buffer
09-30 05:50:03.296 807 1063 D CCodecBufferChannel: [c2.android.vorbis.decoder#987] MediaCodec discarded an unknown buffer
09-30 05:50:01.052 980 980 I getprop : type=1400 audit(0.0:609): avc: denied { map } for path="/dev/__properties__/u:object_r:ctl_mdnsd_prop:s0" dev="tmpfs" ino=92 scontext=u:r:shell:s0 tcontext=u:object_r:ctl_mdnsd_prop:s0 tclass=file permissive=1
09-30 05:50:03.310 807 1093 I hw-BpHwBinder: onLastStrongRef automatically unlinking death recipients
09-30 05:50:01.052 980 980 I getprop : type=1400 audit(0.0:610): avc: denied { open } for path="/dev/__properties__/u:object_r:ctl_mediatranscoding_prop:s0" dev="tmpfs" ino=93 scontext=u:r:shell:s0 tcontext=u:object_r:ctl_mediatranscoding_prop:s0 tclass=file permissive=1
09-30 05:50:01.052 980 980 I getprop : type=1400 audit(0.0:611): avc: denied { getattr } for path="/dev/__properties__/u:object_r:ctl_mediatranscoding_prop:s0" dev="tmpfs" ino=93 scontext=u:r:shell:s0 tcontext=u:object_r:ctl_mediatranscoding_prop:s0 tclass=file permissive=1
09-30 05:50:03.332 426 484 I libusbconfigfs: event=1 on fd=8
09-30 05:50:03.344 1074 1074 W ContextImpl: Failed to ensure /data/user/0/com.android.launcher3/cache: mkdir failed: errno 126 (Required key not available)
09-30 05:50:03.346 1074 1074 W ContextImpl: Failed to update user.inode_cache: stat failed: ENOENT (No such file or directory)
09-30 05:50:03.353 1074 1074 V GraphicsEnvironment: ANGLE Developer option for 'com.android.launcher3' set to: 'default'
09-30 05:50:03.353 1074 1074 V GraphicsEnvironment: Neither updatable production driver nor prerelease driver is supported.
09-30 05:50:03.359 479 488 I adbd : opening control endpoint /dev/usb-ffs/adb/ep0
09-30 05:50:03.361 1074 1074 D NetworkSecurityConfig: No Network Security Config specified, using platform default
09-30 05:50:03.362 1074 1074 D NetworkSecurityConfig: No Network Security Config specified, using platform default
09-30 05:50:03.366 807 1064 D CCodecBufferChannel: [c2.android.vorbis.decoder#809] MediaCodec discarded an unknown buffer
09-30 05:50:03.367 807 1064 D CCodecBufferChannel: [c2.android.vorbis.decoder#809] MediaCodec discarded an unknown buffer
09-30 05:50:03.367 807 1064 D CCodecBufferChannel: [c2.android.vorbis.decoder#809] MediaCodec discarded an unknown buffer
09-30 05:50:03.386 426 484 I libusbconfigfs: event=1 on fd=8
09-30 05:50:03.390 426 484 I libusbconfigfs: event=1 on fd=8
09-30 05:50:03.392 466 781 I hw-BpHwBinder: onLastStrongRef automatically unlinking death recipients
09-30 05:50:01.052 980 980 I getprop : type=1400 audit(0.0:612): avc: denied { map } for path="/dev/__properties__/u:object_r:ctl_mediatranscoding_prop:s0" dev="tmpfs" ino=93 scontext=u:r:shell:s0 tcontext=u:object_r:ctl_mediatranscoding_prop:s0 tclass=file permissive=1
09-30 05:50:03.393 466 781 V C2Store : in ~ComponentModule
09-30 05:50:03.393 466 781 V C2Store : unloading dll
09-30 05:50:03.393 807 1097 I hw-BpHwBinder: onLastStrongRef automatically unlinking death recipients
09-30 05:50:03.430 426 484 I libusbconfigfs: event=1 on fd=8
09-30 05:50:01.052 980 980 I getprop : type=1400 audit(0.0:613): avc: denied { open } for path="/dev/__properties__/u:object_r:ctl_odsign_prop:s0" dev="tmpfs" ino=94 scontext=u:r:shell:s0 tcontext=u:object_r:ctl_odsign_prop:s0 tclass=file permissive=1
09-30 05:50:03.434 479 488 I adbd : UsbFfsConnection constructed
09-30 05:50:03.436 807 1061 D MediaCodecList: codecHandlesFormat: no format, so no extra checks
09-30 05:50:03.436 807 1061 D MediaCodecList: codecHandlesFormat: no format, so no extra checks
09-30 05:50:03.443 479 1100 I adbd : UsbFfs-monitor thread spawned
09-30 05:50:03.444 807 1099 D CCodec : allocate(c2.android.vorbis.decoder)
09-30 05:50:03.445 466 781 V C2Store : in init
09-30 05:50:03.445 466 781 V C2Store : loading dll
09-30 05:50:03.451 807 1099 I CCodec : Created component [c2.android.vorbis.decoder]
09-30 05:50:03.452 807 1099 D CCodecConfig: read media type: audio/vorbis
09-30 05:50:03.454 807 1099 D ReflectedParamUpdater: extent() != 1 for single value type: algo.buffers.max-count.values
09-30 05:50:03.454 807 1099 D ReflectedParamUpdater: extent() != 1 for single value type: output.subscribed-indices.values
09-30 05:50:03.454 807 1099 D ReflectedParamUpdater: extent() != 1 for single value type: input.buffers.allocator-ids.values
09-30 05:50:03.454 807 1099 D ReflectedParamUpdater: extent() != 1 for single value type: output.buffers.allocator-ids.values
09-30 05:50:03.454 807 1099 D ReflectedParamUpdater: extent() != 1 for single value type: algo.buffers.allocator-ids.values
09-30 05:50:03.455 807 1099 D ReflectedParamUpdater: extent() != 1 for single value type: output.buffers.pool-ids.values
09-30 05:50:03.455 807 1099 D ReflectedParamUpdater: extent() != 1 for single value type: algo.buffers.pool-ids.values
09-30 05:50:01.052 980 980 I getprop : type=1400 audit(0.0:614): avc: denied { getattr } for path="/dev/__properties__/u:object_r:ctl_odsign_prop:s0" dev="tmpfs" ino=94 scontext=u:r:shell:s0 tcontext=u:object_r:ctl_odsign_prop:s0 tclass=file permissive=1
09-30 05:50:03.458 807 1099 I CCodecConfig: query failed after returning 7 values (BAD_INDEX)
09-30 05:50:03.458 807 1099 D CCodecConfig: c2 config diff is Dict {
09-30 05:50:03.458 807 1099 D CCodecConfig: c2::u32 coded.bitrate.value = 64000
09-30 05:50:03.458 807 1099 D CCodecConfig: c2::u32 input.buffers.max-size.value = 32768
09-30 05:50:03.458 807 1099 D CCodecConfig: c2::u32 input.delay.value = 0
09-30 05:50:03.458 807 1099 D CCodecConfig: string input.media-type.value = "audio/vorbis"
09-30 05:50:03.458 807 1099 D CCodecConfig: string output.media-type.value = "audio/raw"
09-30 05:50:03.458 807 1099 D CCodecConfig: c2::u32 raw.channel-count.value = 1
09-30 05:50:03.458 807 1099 D CCodecConfig: c2::u32 raw.sample-rate.value = 48000
09-30 05:50:03.458 807 1099 D CCodecConfig: }
09-30 05:50:03.460 807 1099 D CCodec : [c2.android.vorbis.decoder] buffers are bound to CCodec for this session
09-30 05:50:03.461 807 1099 D CCodecConfig: no c2 equivalents for durationUs
09-30 05:50:03.461 807 1099 D CCodecConfig: no c2 equivalents for track-id
09-30 05:50:03.461 807 1099 D CCodecConfig: no c2 equivalents for csd-1
09-30 05:50:03.461 807 1099 D CCodecConfig: no c2 equivalents for channel-mask
09-30 05:50:03.461 807 1099 D CCodecConfig: no c2 equivalents for flags
09-30 05:50:03.463 807 1099 D CCodecConfig: c2 config diff is c2::u32 coded.bitrate.value = 160000
09-30 05:50:03.463 807 1099 D CCodecConfig: c2::u32 raw.channel-count.value = 2
09-30 05:50:03.464 807 1099 W Codec2Client: query -- param skipped: index = 1107298332.
09-30 05:50:03.464 807 1099 D CCodec : setup formats input: AMessage(what = 0x00000000) = {
09-30 05:50:03.464 807 1099 D CCodec : int32_t bitrate = 160000
09-30 05:50:03.464 807 1099 D CCodec : int32_t channel-count = 2
09-30 05:50:03.464 807 1099 D CCodec : int32_t max-input-size = 32768
09-30 05:50:03.464 807 1099 D CCodec : string mime = "audio/vorbis"
09-30 05:50:03.464 807 1099 D CCodec : int32_t sample-rate = 48000
09-30 05:50:03.464 807 1099 D CCodec : }
09-30 05:50:03.464 807 1099 D CCodec : setup formats output: AMessage(what = 0x00000000) = {
09-30 05:50:03.464 807 1099 D CCodec : int32_t channel-count = 2
09-30 05:50:03.464 807 1099 D CCodec : string mime = "audio/raw"
09-30 05:50:03.464 807 1099 D CCodec : int32_t sample-rate = 48000
09-30 05:50:03.464 807 1099 D CCodec : int32_t channel-mask = 3
09-30 05:50:03.464 807 1099 D CCodec : }
09-30 05:50:03.465 807 1099 I CCodecConfig: query failed after returning 7 values (BAD_INDEX)
09-30 05:50:03.466 807 1099 W Codec2Client: query -- param skipped: index = 1342179345.
09-30 05:50:03.466 807 1099 W Codec2Client: query -- param skipped: index = 2415921170.
09-30 05:50:03.468 807 1099 D CCodecBufferChannel: [c2.android.vorbis.decoder#665] Created input block pool with allocatorID 16 => poolID 19 - OK (0)
09-30 05:50:03.470 807 1099 I CCodecBufferChannel: [c2.android.vorbis.decoder#665] Created output block pool with allocatorID 16 => poolID 25 - OK
09-30 05:50:03.471 807 1099 D CCodecBufferChannel: [c2.android.vorbis.decoder#665] Configured output block pool ids 25 => OK
09-30 05:50:03.473 466 1101 D SimpleC2Component: Using output block pool with poolID 25 => got 25 - 0
09-30 05:50:01.052 980 980 I getprop : type=1400 audit(0.0:615): avc: denied { map } for path="/dev/__properties__/u:object_r:ctl_odsign_prop:s0" dev="tmpfs" ino=94 scontext=u:r:shell:s0 tcontext=u:object_r:ctl_odsign_prop:s0 tclass=file permissive=1
09-30 05:50:01.052 980 980 I getprop : type=1400 audit(0.0:616): avc: denied { open } for path="/dev/__properties__/u:object_r:ctl_restart_prop:s0" dev="tmpfs" ino=95 scontext=u:r:shell:s0 tcontext=u:object_r:ctl_restart_prop:s0 tclass=file permissive=1
09-30 05:50:03.526 807 1099 I hw-BpHwBinder: onLastStrongRef automatically unlinking death recipients
09-30 05:50:01.052 980 980 I getprop : type=1400 audit(0.0:617): avc: denied { getattr } for path="/dev/__properties__/u:object_r:ctl_restart_prop:s0" dev="tmpfs" ino=95 scontext=u:r:shell:s0 tcontext=u:object_r:ctl_restart_prop:s0 tclass=file permissive=1
09-30 05:50:03.528 466 781 I hw-BpHwBinder: onLastStrongRef automatically unlinking death recipients
09-30 05:50:03.529 466 781 V C2Store : in ~ComponentModule
09-30 05:50:03.529 466 781 V C2Store : unloading dll
09-30 05:50:01.052 980 980 I getprop : type=1400 audit(0.0:618): avc: denied { map } for path="/dev/__properties__/u:object_r:ctl_restart_prop:s0" dev="tmpfs" ino=95 scontext=u:r:shell:s0 tcontext=u:object_r:ctl_restart_prop:s0 tclass=file permissive=1
09-30 05:50:01.052 980 980 I getprop : type=1400 audit(0.0:619): avc: denied { open } for path="/dev/__properties__/u:object_r:ctl_rildaemon_prop:s0" dev="tmpfs" ino=96 scontext=u:r:shell:s0 tcontext=u:object_r:ctl_rildaemon_prop:s0 tclass=file permissive=1
09-30 05:50:03.574 527 581 I DropBoxManagerService: add tag=system_app_strictmode isTagEnabled=true flags=0x2
09-30 05:50:03.593 527 537 I system_server: NativeAlloc concurrent copying GC freed 19445(1517KB) AllocSpace objects, 2(56KB) LOS objects, 16% free, 10MB/12MB, paused 529us total 1.029s
09-30 05:50:01.052 980 980 I getprop : type=1400 audit(0.0:620): avc: denied { getattr } for path="/dev/__properties__/u:object_r:ctl_rildaemon_prop:s0" dev="tmpfs" ino=96 scontext=u:r:shell:s0 tcontext=u:object_r:ctl_rildaemon_prop:s0 tclass=file permissive=1
09-30 05:50:03.597 527 581 I DropBoxManagerService: add tag=system_app_strictmode isTagEnabled=true flags=0x2
09-30 05:50:03.611 527 581 I DropBoxManagerService: add tag=system_app_strictmode isTagEnabled=true flags=0x2
09-30 05:50:01.052 980 980 I getprop : type=1400 audit(0.0:621): avc: denied { map } for path="/dev/__properties__/u:object_r:ctl_rildaemon_prop:s0" dev="tmpfs" ino=96 scontext=u:r:shell:s0 tcontext=u:object_r:ctl_rildaemon_prop:s0 tclass=file permissive=1
09-30 05:50:03.638 527 581 I DropBoxManagerService: add tag=system_app_strictmode isTagEnabled=true flags=0x2
09-30 05:50:03.639 807 1073 I vol.Events: writeEvent level_changed STREAM_VOICE_CALL 3
09-30 05:50:03.642 807 1073 I vol.Events: writeEvent level_changed STREAM_SYSTEM 5
09-30 05:50:03.644 807 1073 I vol.Events: writeEvent level_changed STREAM_RING 5
09-30 05:50:01.052 980 980 I getprop : type=1400 audit(0.0:622): avc: denied { open } for path="/dev/__properties__/u:object_r:ctl_sigstop_prop:s0" dev="tmpfs" ino=97 scontext=u:r:shell:s0 tcontext=u:object_r:ctl_sigstop_prop:s0 tclass=file permissive=1
09-30 05:50:03.647 807 1073 I vol.Events: writeEvent level_changed STREAM_MUSIC 5
09-30 05:50:03.652 807 1073 I vol.Events: writeEvent level_changed STREAM_ALARM 6
09-30 05:50:03.657 807 1073 I vol.Events: writeEvent level_changed STREAM_BLUETOOTH_SCO 7
09-30 05:50:03.664 807 1073 I vol.Events: writeEvent external_ringer_mode_changed unknown
09-30 05:50:03.668 807 1073 I vol.Events: writeEvent zen_mode_config_changed [disallowAlarms=false disallowMedia=false disallowSystem=true disallowRinger=false]
09-30 05:50:01.052 980 980 I getprop : type=1400 audit(0.0:623): avc: denied { getattr } for path="/dev/__properties__/u:object_r:ctl_sigstop_prop:s0" dev="tmpfs" ino=97 scontext=u:r:shell:s0 tcontext=u:object_r:ctl_sigstop_prop:s0 tclass=file permissive=1
09-30 05:50:03.672 807 807 D SystemUIBootTiming: StartServicescom.android.systemui.volume.VolumeUI took to complete: 611ms
09-30 05:50:01.052 980 980 I getprop : type=1400 audit(0.0:624): avc: denied { map } for path="/dev/__properties__/u:object_r:ctl_sigstop_prop:s0" dev="tmpfs" ino=97 scontext=u:r:shell:s0 tcontext=u:object_r:ctl_sigstop_prop:s0 tclass=file permissive=1
09-30 05:50:01.052 980 980 I getprop : type=1400 audit(0.0:625): avc: denied { open } for path="/dev/__properties__/u:object_r:ctl_start_prop:s0" dev="tmpfs" ino=99 scontext=u:r:shell:s0 tcontext=u:object_r:ctl_start_prop:s0 tclass=file permissive=1
09-30 05:50:01.052 980 980 I getprop : type=1400 audit(0.0:626): avc: denied { getattr } for path="/dev/__properties__/u:object_r:ctl_start_prop:s0" dev="tmpfs" ino=99 scontext=u:r:shell:s0 tcontext=u:object_r:ctl_start_prop:s0 tclass=file permissive=1
09-30 05:50:01.052 980 980 I getprop : type=1400 audit(0.0:627): avc: denied { map } for path="/dev/__properties__/u:object_r:ctl_start_prop:s0" dev="tmpfs" ino=99 scontext=u:r:shell:s0 tcontext=u:object_r:ctl_start_prop:s0 tclass=file permissive=1
09-30 05:50:03.776 892 892 D MultiSimSettingController: notifySubscriptionInfoChanged
09-30 05:50:03.778 527 656 W BestClock: java.time.DateTimeException: Missing NTP fix
09-30 05:50:01.052 980 980 I getprop : type=1400 audit(0.0:628): avc: denied { open } for path="/dev/__properties__/u:object_r:ctl_stop_prop:s0" dev="tmpfs" ino=100 scontext=u:r:shell:s0 tcontext=u:object_r:ctl_stop_prop:s0 tclass=file permissive=1
09-30 05:50:03.785 527 667 D VcnManagementService: new snapshot: TelephonySubscriptionSnapshot{ mActiveDataSubId=-1, mSubIdToInfoMap={}, mPrivilegedPackages={} }
09-30 05:50:03.785 527 656 W BestClock: java.time.DateTimeException: Missing NTP fix
09-30 05:50:01.052 980 980 I getprop : type=1400 audit(0.0:629): avc: denied { getattr } for path="/dev/__properties__/u:object_r:ctl_stop_prop:s0" dev="tmpfs" ino=100 scontext=u:r:shell:s0 tcontext=u:object_r:ctl_stop_prop:s0 tclass=file permissive=1
09-30 05:50:01.052 980 980 I getprop : type=1400 audit(0.0:630): avc: denied { map } for path="/dev/__properties__/u:object_r:ctl_stop_prop:s0" dev="tmpfs" ino=100 scontext=u:r:shell:s0 tcontext=u:object_r:ctl_stop_prop:s0 tclass=file permissive=1
09-30 05:50:03.834 807 807 D InterruptionStateProvider: heads up is enabled
09-30 05:50:03.846 807 807 D NavigationModeController: getCurrentInteractionMode: mode=0 contextUser=0
09-30 05:50:03.852 216 216 I hwservicemanager: getTransport: Cannot find entry android.hardware.radio.config@1.3::IRadioConfig/default in either framework or device VINTF manifest.
09-30 05:50:01.052 980 980 I getprop : type=1400 audit(0.0:631): avc: denied { open } for path="/dev/__properties__/u:object_r:dck_prop:s0" dev="tmpfs" ino=104 scontext=u:r:shell:s0 tcontext=u:object_r:dck_prop:s0 tclass=file permissive=1
09-30 05:50:03.855 216 216 I hwservicemanager: getTransport: Cannot find entry android.hardware.radio.config@1.1::IRadioConfig/default in either framework or device VINTF manifest.
09-30 05:50:03.856 216 216 I hwservicemanager: getTransport: Cannot find entry android.hardware.radio.config@1.0::IRadioConfig/default in either framework or device VINTF manifest.
09-30 05:50:01.056 980 980 I getprop : type=1400 audit(0.0:632): avc: denied { getattr } for path="/dev/__properties__/u:object_r:dck_prop:s0" dev="tmpfs" ino=104 scontext=u:r:shell:s0 tcontext=u:object_r:dck_prop:s0 tclass=file permissive=1
09-30 05:50:03.879 527 576 I DefaultPermGrantPolicy: Revoking permissions from disabled data services for user:0
09-30 05:50:03.895 527 576 I DefaultPermGrantPolicy: Granting permissions to enabled data services for user:0
09-30 05:50:01.056 980 980 I getprop : type=1400 audit(0.0:633): avc: denied { map } for path="/dev/__properties__/u:object_r:dck_prop:s0" dev="tmpfs" ino=104 scontext=u:r:shell:s0 tcontext=u:object_r:dck_prop:s0 tclass=file permissive=1
09-30 05:50:01.056 980 980 I getprop : type=1400 audit(0.0:634): avc: denied { open } for path="/dev/__properties__/u:object_r:debugfs_restriction_prop:s0" dev="tmpfs" ino=106 scontext=u:r:shell:s0 tcontext=u:object_r:debugfs_restriction_prop:s0 tclass=file permissive=1
09-30 05:50:03.932 479 1100 I adbd : USB event: FUNCTIONFS_BIND
09-30 05:50:01.056 980 980 I getprop : type=1400 audit(0.0:635): avc: denied { getattr } for path="/dev/__properties__/u:object_r:debugfs_restriction_prop:s0" dev="tmpfs" ino=106 scontext=u:r:shell:s0 tcontext=u:object_r:debugfs_restriction_prop:s0 tclass=file permissive=1
09-30 05:50:03.953 426 484 I libusbconfigfs: GADGET pulled up
09-30 05:50:03.953 426 484 I libusbconfigfs: event=1 on fd=8
09-30 05:50:01.056 980 980 I getprop : type=1400 audit(0.0:636): avc: denied { map } for path="/dev/__properties__/u:object_r:debugfs_restriction_prop:s0" dev="tmpfs" ino=106 scontext=u:r:shell:s0 tcontext=u:object_r:debugfs_restriction_prop:s0 tclass=file permissive=1
09-30 05:50:03.990 527 665 D ConnectivityService: NetReassign [no changes]
09-30 05:50:03.991 527 576 D ConnectivityService: requestNetwork for uid/pid:10062/807 activeRequest: null callbackRequest: 23 [NetworkRequest [ REQUEST id=24, [ Capabilities: INTERNET&NOT_RESTRICTED&TRUSTED&NOT_VCN_MANAGED Uid: 10062 RequestorUid: 10062 RequestorPkg: com.android.systemui] ]] callback flags: 1 priority: 2147483647
09-30 05:50:03.992 527 665 D ConnectivityService: NetReassign [no changes]
09-30 05:50:03.993 527 701 D Ethernet: got request NetworkRequest [ REQUEST id=24, [ Capabilities: INTERNET&NOT_RESTRICTED&TRUSTED&NOT_VCN_MANAGED Uid: 10062 RequestorUid: 10062 RequestorPkg: com.android.systemui] ]
09-30 05:50:03.994 807 807 V WifiManager: registerTrafficStateCallback: callback=com.android.systemui.statusbar.policy.WifiSignalController$WifiTrafficStateCallback@3e10bc4, executor=android.os.HandlerExecutor@6cc202c
09-30 05:50:03.994 527 701 D EthernetNetworkFactory: acceptRequest, request: NetworkRequest [ REQUEST id=24, [ Capabilities: INTERNET&NOT_RESTRICTED&TRUSTED&NOT_VCN_MANAGED Uid: 10062 RequestorUid: 10062 RequestorPkg: com.android.systemui] ]
09-30 05:50:03.995 527 701 I EthernetNetworkFactory: networkForRequest, request: NetworkRequest [ REQUEST id=24, [ Capabilities: INTERNET&NOT_RESTRICTED&TRUSTED&NOT_VCN_MANAGED Uid: 10062 RequestorUid: 10062 RequestorPkg: com.android.systemui] ], network: null
09-30 05:50:01.056 980 980 I getprop : type=1400 audit(0.0:637): avc: denied { open } for path="/dev/__properties__/u:object_r:device_config_activity_manager_native_boot_prop:s0" dev="tmpfs" ino=109 scontext=u:r:shell:s0 tcontext=u:object_r:device_config_activity_manager_native_boot_prop:s0 tclass=file permissive=1
09-30 05:50:04.010 807 807 V WifiManager: registerScanResultsCallback: callback=com.android.systemui.statusbar.policy.NetworkControllerImpl$5@5ffeaad, executor=androidx.mediarouter.media.MediaRoute2Provider$$ExternalSyntheticLambda0@645d1e2
09-30 05:50:04.018 527 576 D ConnectivityService: requestNetwork for uid/pid:10062/807 activeRequest: null callbackRequest: 25 [NetworkRequest [ REQUEST id=26, [ Capabilities: INTERNET&NOT_RESTRICTED&TRUSTED&NOT_VCN_MANAGED Uid: 10062 RequestorUid: 10062 RequestorPkg: com.android.systemui] ]] callback flags: 1 priority: 2147483647
09-30 05:50:04.023 527 665 D ConnectivityService: NetReassign [no changes]
09-30 05:50:04.024 527 701 D Ethernet: got request NetworkRequest [ REQUEST id=26, [ Capabilities: INTERNET&NOT_RESTRICTED&TRUSTED&NOT_VCN_MANAGED Uid: 10062 RequestorUid: 10062 RequestorPkg: com.android.systemui] ]
09-30 05:50:04.025 527 701 D EthernetNetworkFactory: acceptRequest, request: NetworkRequest [ REQUEST id=26, [ Capabilities: INTERNET&NOT_RESTRICTED&TRUSTED&NOT_VCN_MANAGED Uid: 10062 RequestorUid: 10062 RequestorPkg: com.android.systemui] ]
09-30 05:50:04.025 527 701 I EthernetNetworkFactory: networkForRequest, request: NetworkRequest [ REQUEST id=26, [ Capabilities: INTERNET&NOT_RESTRICTED&TRUSTED&NOT_VCN_MANAGED Uid: 10062 RequestorUid: 10062 RequestorPkg: com.android.systemui] ], network: null
09-30 05:50:01.056 980 980 I getprop : type=1400 audit(0.0:638): avc: denied { getattr } for path="/dev/__properties__/u:object_r:device_config_activity_manager_native_boot_prop:s0" dev="tmpfs" ino=109 scontext=u:r:shell:s0 tcontext=u:object_r:device_config_activity_manager_native_boot_prop:s0 tclass=file permissive=1
09-30 05:50:04.043 527 665 D ConnectivityService: NetReassign [no changes]
09-30 05:50:01.056 980 980 I getprop : type=1400 audit(0.0:639): avc: denied { map } for path="/dev/__properties__/u:object_r:device_config_activity_manager_native_boot_prop:s0" dev="tmpfs" ino=109 scontext=u:r:shell:s0 tcontext=u:object_r:device_config_activity_manager_native_boot_prop:s0 tclass=file permissive=1
09-30 05:50:04.083 892 892 D TelephonyProvider: subIdString = -1 subId = -1
09-30 05:50:01.056 980 980 I getprop : type=1400 audit(0.0:640): avc: denied { open } for path="/dev/__properties__/u:object_r:device_config_boot_count_prop:s0" dev="tmpfs" ino=110 scontext=u:r:shell:s0 tcontext=u:object_r:device_config_boot_count_prop:s0 tclass=file permissive=1
09-30 05:50:04.096 807 807 D CompatibilityChangeReporter: Compat change id reported: 171228096; UID 10062; state: ENABLED
09-30 05:50:04.101 892 892 D TelephonyProvider: subIdString = -1 subId = -1
09-30 05:50:01.056 980 980 I getprop : type=1400 audit(0.0:641): avc: denied { getattr } for path="/dev/__properties__/u:object_r:device_config_boot_count_prop:s0" dev="tmpfs" ino=110 scontext=u:r:shell:s0 tcontext=u:object_r:device_config_boot_count_prop:s0 tclass=file permissive=1
09-30 05:50:01.056 980 980 I getprop : type=1400 audit(0.0:642): avc: denied { map } for path="/dev/__properties__/u:object_r:device_config_boot_count_prop:s0" dev="tmpfs" ino=110 scontext=u:r:shell:s0 tcontext=u:object_r:device_config_boot_count_prop:s0 tclass=file permissive=1
09-30 05:50:01.056 980 980 I getprop : type=1400 audit(0.0:643): avc: denied { open } for path="/dev/__properties__/u:object_r:device_config_configuration_prop:s0" dev="tmpfs" ino=111 scontext=u:r:shell:s0 tcontext=u:object_r:device_config_configuration_prop:s0 tclass=file permissive=1
09-30 05:50:04.174 892 892 D TelephonyProvider: getPreferredApnIdFromApn: for subId -1
09-30 05:50:01.056 980 980 I getprop : type=1400 audit(0.0:644): avc: denied { getattr } for path="/dev/__properties__/u:object_r:device_config_configuration_prop:s0" dev="tmpfs" ino=111 scontext=u:r:shell:s0 tcontext=u:object_r:device_config_configuration_prop:s0 tclass=file permissive=1
09-30 05:50:04.201 892 892 D TelephonyProvider: subIdString = -1 subId = -1
09-30 05:50:04.208 807 807 D NavigationModeController: getCurrentInteractionMode: mode=0 contextUser=0
09-30 05:50:04.208 807 807 D NavigationModeController: getCurrentInteractionMode: mode=0 contextUser=0
09-30 05:50:04.214 527 979 D ConnectivityService: requestNetwork for uid/pid:1001/892 activeRequest: null callbackRequest: 28 [NetworkRequest [ REQUEST id=29, [ Capabilities: INTERNET&NOT_RESTRICTED&TRUSTED&NOT_VCN_MANAGED Uid: 1001 RequestorUid: 1001 RequestorPkg: com.android.phone] ]] callback flags: 0 priority: 2147483647
09-30 05:50:04.216 527 665 D ConnectivityService: NetReassign [no changes]
09-30 05:50:04.217 527 701 D Ethernet: got request NetworkRequest [ REQUEST id=29, [ Capabilities: INTERNET&NOT_RESTRICTED&TRUSTED&NOT_VCN_MANAGED Uid: 1001 RequestorUid: 1001 RequestorPkg: com.android.phone] ]
09-30 05:50:04.217 527 701 D EthernetNetworkFactory: acceptRequest, request: NetworkRequest [ REQUEST id=29, [ Capabilities: INTERNET&NOT_RESTRICTED&TRUSTED&NOT_VCN_MANAGED Uid: 1001 RequestorUid: 1001 RequestorPkg: com.android.phone] ]
09-30 05:50:04.218 527 701 I EthernetNetworkFactory: networkForRequest, request: NetworkRequest [ REQUEST id=29, [ Capabilities: INTERNET&NOT_RESTRICTED&TRUSTED&NOT_VCN_MANAGED Uid: 1001 RequestorUid: 1001 RequestorPkg: com.android.phone] ], network: null
