09-30 05:49:59.604 527 527 I SystemServerTiming: OnBootPhase_600_com.android.server.NetworkScoreService$Lifecycle
09-30 05:49:59.605 527 802 D CCodecBufferChannel: [c2.android.vorbis.decoder#277] MediaCodec discarded an unknown buffer
09-30 05:49:59.606 527 802 D CCodecBufferChannel: [c2.android.vorbis.decoder#277] MediaCodec discarded an unknown buffer
09-30 05:49:59.606 527 802 D CCodecBufferChannel: [c2.android.vorbis.decoder#277] MediaCodec discarded an unknown buffer
09-30 05:49:59.606 527 527 D SystemServerTiming: OnBootPhase_600_com.android.server.NetworkScoreService$Lifecycle took to complete: 0ms
09-30 05:49:59.606 527 527 I SystemServerTiming: OnBootPhase_600_com.android.server.wifi.WifiService
09-30 05:49:59.606 527 527 D SystemServerTiming: OnBootPhase_600_com.android.server.wifi.WifiService took to complete: 0ms
09-30 05:49:59.606 527 527 I SystemServerTiming: OnBootPhase_600_com.android.server.wifi.scanner.WifiScanningService
09-30 05:49:59.606 527 527 D SystemServerTiming: OnBootPhase_600_com.android.server.wifi.scanner.WifiScanningService took to complete: 0ms
09-30 05:49:59.606 527 527 I SystemServerTiming: OnBootPhase_600_com.android.server.wifi.p2p.WifiP2pService
09-30 05:49:59.606 527 527 D SystemServerTiming: OnBootPhase_600_com.android.server.wifi.p2p.WifiP2pService took to complete: 0ms
09-30 05:49:59.606 527 527 I SystemServerTiming: OnBootPhase_600_com.android.server.ethernet.EthernetService
09-30 05:49:59.606 527 527 D SystemServerTiming: OnBootPhase_600_com.android.server.ethernet.EthernetService took to complete: 0ms
09-30 05:49:59.606 527 527 I SystemServerTiming: OnBootPhase_600_com.android.server.ConnectivityServiceInitializer
09-30 05:49:59.606 527 527 D SystemServerTiming: OnBootPhase_600_com.android.server.ConnectivityServiceInitializer took to complete: 0ms
09-30 05:49:59.607 527 527 I SystemServerTiming: OnBootPhase_600_com.android.server.notification.NotificationManagerService
09-30 05:49:59.610 527 800 D CCodecBufferChannel: [c2.android.vorbis.decoder#920] MediaCodec discarded an unknown buffer
09-30 05:49:59.610 527 800 D CCodecBufferChannel: [c2.android.vorbis.decoder#920] MediaCodec discarded an unknown buffer
09-30 05:49:59.610 527 800 D CCodecBufferChannel: [c2.android.vorbis.decoder#920] MediaCodec discarded an unknown buffer
09-30 05:49:59.612 527 802 I hw-BpHwBinder: onLastStrongRef automatically unlinking death recipients
09-30 05:49:59.615 527 527 D SystemServerTiming: OnBootPhase_600_com.android.server.notification.NotificationManagerService took to complete: 8ms
09-30 05:49:59.615 527 527 I SystemServerTiming: OnBootPhase_600_com.android.server.storage.DeviceStorageMonitorService
09-30 05:49:59.616 527 527 D SystemServerTiming: OnBootPhase_600_com.android.server.storage.DeviceStorageMonitorService took to complete: 0ms
09-30 05:49:59.616 527 527 I SystemServerTiming: OnBootPhase_600_com.android.server.location.LocationManagerService$Lifecycle
09-30 05:49:59.620 466 778 I hw-BpHwBinder: onLastStrongRef automatically unlinking death recipients
09-30 05:49:59.620 527 806 I hw-BpHwBinder: onLastStrongRef automatically unlinking death recipients
09-30 05:49:59.621 389 389 D Zygote : Forked child process 807
09-30 05:49:59.622 527 589 W ActivityManager: Slow operation: 1369ms so far, now at startProcess: returned from zygote!
09-30 05:49:59.622 466 778 V C2Store : in ~ComponentModule
09-30 05:49:59.623 466 778 V C2Store : unloading dll
09-30 05:49:59.624 527 589 W ActivityManager: Slow operation: 1370ms so far, now at startProcess: done updating battery stats
09-30 05:49:59.624 527 589 W ActivityManager: Slow operation: 1371ms so far, now at startProcess: building log message
09-30 05:49:59.624 527 589 I ActivityManager: Start proc 807:com.android.systemui/u0a62 for service {com.android.systemui/com.android.systemui.ImageWallpaper}
09-30 05:49:59.624 527 589 W ActivityManager: Slow operation: 1371ms so far, now at startProcess: starting to update pids map
09-30 05:49:59.624 527 589 W ActivityManager: Slow operation: 1371ms so far, now at startProcess: done updating pids map
09-30 05:49:59.629 527 527 W LocationManagerService: no network location provider found
09-30 05:49:59.634 527 527 I ServiceWatcher: [fused] chose new implementation 1000/com.android.location.fused/.FusedLocationService@0
09-30 05:49:59.640 527 579 W Looper : Drained
09-30 05:49:59.640 807 807 I Zygote : seccomp disabled by setenforce 0
09-30 05:49:59.643 211 211 E servicemanager: Could not find android.hardware.gnss.IGnss/default in the VINTF manifest.
09-30 05:49:59.644 527 527 D GnssLocationProviderJni: Trying IGnss_V2_1::getService()
09-30 05:49:59.646 216 216 I hwservicemanager: getTransport: Cannot find entry android.hardware.gnss@2.1::IGnss/default in either framework or device VINTF manifest.
09-30 05:49:59.647 527 527 D GnssLocationProviderJni: gnssHal 2.1 was null, trying 2.0
09-30 05:49:59.648 216 216 I hwservicemanager: getTransport: Cannot find entry android.hardware.gnss@2.0::IGnss/default in either framework or device VINTF manifest.
09-30 05:49:59.648 527 527 D GnssLocationProviderJni: gnssHal 2.0 was null, trying 1.1
09-30 05:49:59.649 216 216 I hwservicemanager: getTransport: Cannot find entry android.hardware.gnss@1.1::IGnss/default in either framework or device VINTF manifest.
09-30 05:49:59.649 527 527 D GnssLocationProviderJni: gnssHal 1.1 was null, trying 1.0
09-30 05:49:59.649 216 216 I hwservicemanager: getTransport: Cannot find entry android.hardware.gnss@1.0::IGnss/default in either framework or device VINTF manifest.
09-30 05:49:59.658 527 527 E LocationManagerService: no geocoder provider found
09-30 05:49:59.658 527 527 E ActivityRecognitionHardware: activity_recognition HAL is deprecated. is_supported is effectively a no-op
09-30 05:49:59.659 527 527 E LocationManagerService: unable to bind ActivityRecognitionProxy
09-30 05:49:59.659 527 527 D SystemServerTiming: OnBootPhase_600_com.android.server.location.LocationManagerService$Lifecycle took to complete: 44ms
09-30 05:49:59.659 527 527 I SystemServerTiming: OnBootPhase_600_com.android.server.timedetector.TimeDetectorService$Lifecycle
09-30 05:49:59.660 527 527 D SystemServerTiming: OnBootPhase_600_com.android.server.timedetector.TimeDetectorService$Lifecycle took to complete: 0ms
09-30 05:49:59.660 527 527 I SystemServerTiming: OnBootPhase_600_com.android.server.timezonedetector.TimeZoneDetectorService$Lifecycle
09-30 05:49:59.660 527 527 D SystemServerTiming: OnBootPhase_600_com.android.server.timezonedetector.TimeZoneDetectorService$Lifecycle took to complete: 0ms
09-30 05:49:59.660 527 527 I SystemServerTiming: OnBootPhase_600_com.android.server.timezonedetector.location.LocationTimeZoneManagerService$Lifecycle
09-30 05:49:59.660 527 527 D SystemServerTiming: OnBootPhase_600_com.android.server.timezonedetector.location.LocationTimeZoneManagerService$Lifecycle took to complete: 0ms
09-30 05:49:59.660 527 527 I SystemServerTiming: OnBootPhase_600_com.android.server.search.SearchManagerService$Lifecycle
09-30 05:49:59.661 527 527 D SystemServerTiming: OnBootPhase_600_com.android.server.search.SearchManagerService$Lifecycle took to complete: 0ms
09-30 05:49:59.661 527 527 I SystemServerTiming: OnBootPhase_600_com.android.server.wallpaper.WallpaperManagerService$Lifecycle
09-30 05:49:59.661 527 527 I WallpaperManagerService: switch-user-0
09-30 05:49:59.662 527 527 V WallpaperManagerService: bindWallpaperComponentLocked: componentName=ComponentInfo{com.android.systemui/com.android.systemui.ImageWallpaper}
09-30 05:49:59.672 479 489 I adbd : jdwp connection from 807
09-30 05:49:59.742 527 527 D WallpaperManagerService: switch-user-0 took to complete: 80ms
09-30 05:49:59.742 527 527 W SystemServiceManager: Service com.android.server.wallpaper.WallpaperManagerService$Lifecycle took 81 ms in onBootPhase
09-30 05:49:59.742 527 527 D SystemServerTiming: OnBootPhase_600_com.android.server.wallpaper.WallpaperManagerService$Lifecycle took to complete: 81ms
09-30 05:49:59.742 527 527 I SystemServerTiming: OnBootPhase_600_com.android.server.audio.AudioService$Lifecycle
09-30 05:49:59.742 527 527 D SystemServerTiming: OnBootPhase_600_com.android.server.audio.AudioService$Lifecycle took to complete: 0ms
09-30 05:49:59.742 527 527 I SystemServerTiming: OnBootPhase_600_com.android.server.soundtrigger_middleware.SoundTriggerMiddlewareService$Lifecycle
09-30 05:49:59.742 527 527 D SystemServerTiming: OnBootPhase_600_com.android.server.soundtrigger_middleware.SoundTriggerMiddlewareService$Lifecycle took to complete: 0ms
09-30 05:49:59.742 527 527 I SystemServerTiming: OnBootPhase_600_com.android.server.DockObserver
09-30 05:49:59.742 527 527 D SystemServerTiming: OnBootPhase_600_com.android.server.DockObserver took to complete: 0ms
09-30 05:49:59.742 527 527 I SystemServerTiming: OnBootPhase_600_com.android.server.adb.AdbService$Lifecycle
09-30 05:49:59.742 527 527 D SystemServerTiming: OnBootPhase_600_com.android.server.adb.AdbService$Lifecycle took to complete: 0ms
09-30 05:49:59.742 527 527 I SystemServerTiming: OnBootPhase_600_com.android.server.usb.UsbService$Lifecycle
09-30 05:49:59.742 527 527 D SystemServerTiming: OnBootPhase_600_com.android.server.usb.UsbService$Lifecycle took to complete: 0ms
09-30 05:49:59.742 527 527 I SystemServerTiming: OnBootPhase_600_com.android.server.twilight.TwilightService
09-30 05:49:59.742 527 527 D SystemServerTiming: OnBootPhase_600_com.android.server.twilight.TwilightService took to complete: 0ms
09-30 05:49:59.742 527 527 I SystemServerTiming: OnBootPhase_600_com.android.server.display.color.ColorDisplayService
09-30 05:49:59.742 527 527 D SystemServerTiming: OnBootPhase_600_com.android.server.display.color.ColorDisplayService took to complete: 0ms
09-30 05:49:59.742 527 527 I SystemServerTiming: OnBootPhase_600_com.android.server.job.JobSchedulerService
09-30 05:49:59.746 527 527 D SystemServerTiming: OnBootPhase_600_com.android.server.job.JobSchedulerService took to complete: 4ms
09-30 05:49:59.747 527 527 I SystemServerTiming: OnBootPhase_600_com.android.server.soundtrigger.SoundTriggerService
09-30 05:49:59.747 527 527 D SoundTriggerService: onBootPhase: 600 : false
09-30 05:49:59.747 527 527 D SystemServerTiming: OnBootPhase_600_com.android.server.soundtrigger.SoundTriggerService took to complete: 1ms
09-30 05:49:59.747 527 527 I SystemServerTiming: OnBootPhase_600_com.android.server.trust.TrustManagerService
09-30 05:49:59.750 527 808 D CompatibilityChangeReporter: Compat change id reported: 168419799; UID 10062; state: DISABLED
09-30 05:49:59.753 227 227 I keystore2: keystore2::authorization: on_lock_screen_event(LockScreenEvent(0), user_id=0, password.is_some()=false, unlocking_sids=Some([]))
09-30 05:49:59.755 527 527 D SystemServerTiming: OnBootPhase_600_com.android.server.trust.TrustManagerService took to complete: 8ms
09-30 05:49:59.756 527 527 I SystemServerTiming: OnBootPhase_600_com.android.server.backup.BackupManagerService$Lifecycle
09-30 05:49:59.756 527 527 D SystemServerTiming: OnBootPhase_600_com.android.server.backup.BackupManagerService$Lifecycle took to complete: 0ms
09-30 05:49:59.756 527 527 I SystemServerTiming: OnBootPhase_600_com.android.server.appwidget.AppWidgetService
09-30 05:49:59.756 527 527 D SystemServerTiming: OnBootPhase_600_com.android.server.appwidget.AppWidgetService took to complete: 0ms
09-30 05:49:59.756 527 527 I SystemServerTiming: OnBootPhase_600_com.android.server.voiceinteraction.VoiceInteractionManagerService
09-30 05:49:59.779 527 527 D SystemServerTiming: OnBootPhase_600_com.android.server.voiceinteraction.VoiceInteractionManagerService took to complete: 23ms
09-30 05:49:59.779 527 527 I SystemServerTiming: OnBootPhase_600_com.android.server.apphibernation.AppHibernationService
09-30 05:49:59.779 527 527 D SystemServerTiming: OnBootPhase_600_com.android.server.apphibernation.AppHibernationService took to complete: 0ms
09-30 05:49:59.779 527 527 I SystemServerTiming: OnBootPhase_600_com.android.server.GestureLauncherService
09-30 05:49:59.781 527 527 D SystemServerTiming: OnBootPhase_600_com.android.server.GestureLauncherService took to complete: 2ms
09-30 05:49:59.781 527 527 I SystemServerTiming: OnBootPhase_600_com.android.server.SensorNotificationService
09-30 05:49:59.782 527 527 D SystemServerTiming: OnBootPhase_600_com.android.server.SensorNotificationService took to complete: 1ms
09-30 05:49:59.782 527 527 I SystemServerTiming: OnBootPhase_600_com.android.server.emergency.EmergencyAffordanceService
09-30 05:49:59.782 527 527 D SystemServerTiming: OnBootPhase_600_com.android.server.emergency.EmergencyAffordanceService took to complete: 0ms
09-30 05:49:59.783 527 527 I SystemServerTiming: OnBootPhase_600_com.android.server.dreams.DreamManagerService
09-30 05:49:59.785 527 527 D SystemServerTiming: OnBootPhase_600_com.android.server.dreams.DreamManagerService took to complete: 2ms
09-30 05:49:59.785 527 527 I SystemServerTiming: OnBootPhase_600_com.android.server.blob.BlobStoreManagerService
09-30 05:49:59.788 527 527 D SystemServerTiming: OnBootPhase_600_com.android.server.blob.BlobStoreManagerService took to complete: 3ms
09-30 05:49:59.788 527 527 I SystemServerTiming: OnBootPhase_600_com.android.server.print.PrintManagerService
09-30 05:49:59.788 527 527 D SystemServerTiming: OnBootPhase_600_com.android.server.print.PrintManagerService took to complete: 0ms
09-30 05:49:59.788 527 527 I SystemServerTiming: OnBootPhase_600_com.android.server.companion.CompanionDeviceManagerService
09-30 05:49:59.788 527 527 D SystemServerTiming: OnBootPhase_600_com.android.server.companion.CompanionDeviceManagerService took to complete: 0ms
09-30 05:49:59.788 527 527 I SystemServerTiming: OnBootPhase_600_com.android.server.restrictions.RestrictionsManagerService
09-30 05:49:59.788 527 527 D SystemServerTiming: OnBootPhase_600_com.android.server.restrictions.RestrictionsManagerService took to complete: 0ms
09-30 05:49:59.788 527 527 I SystemServerTiming: OnBootPhase_600_com.android.server.media.MediaSessionService
09-30 05:49:59.788 527 527 D SystemServerTiming: OnBootPhase_600_com.android.server.media.MediaSessionService took to complete: 0ms
09-30 05:49:59.788 527 527 I SystemServerTiming: OnBootPhase_600_com.android.server.media.MediaResourceMonitorService
09-30 05:49:59.788 527 527 D SystemServerTiming: OnBootPhase_600_com.android.server.media.MediaResourceMonitorService took to complete: 0ms
09-30 05:49:59.788 527 527 I SystemServerTiming: OnBootPhase_600_com.android.server.biometrics.BiometricService
09-30 05:49:59.788 527 527 D SystemServerTiming: OnBootPhase_600_com.android.server.biometrics.BiometricService took to complete: 0ms
09-30 05:49:59.788 527 527 I SystemServerTiming: OnBootPhase_600_com.android.server.biometrics.AuthService
09-30 05:49:59.788 527 527 D SystemServerTiming: OnBootPhase_600_com.android.server.biometrics.AuthService took to complete: 0ms
09-30 05:49:59.788 527 527 I SystemServerTiming: OnBootPhase_600_com.android.server.pm.ShortcutService$Lifecycle
09-30 05:49:59.788 527 527 D SystemServerTiming: OnBootPhase_600_com.android.server.pm.ShortcutService$Lifecycle took to complete: 0ms
09-30 05:49:59.788 527 527 I SystemServerTiming: OnBootPhase_600_com.android.server.pm.LauncherAppsService
09-30 05:49:59.788 527 527 D SystemServerTiming: OnBootPhase_600_com.android.server.pm.LauncherAppsService took to complete: 0ms
09-30 05:49:59.789 527 527 I SystemServerTiming: OnBootPhase_600_com.android.server.pm.CrossProfileAppsService
09-30 05:49:59.789 527 527 D SystemServerTiming: OnBootPhase_600_com.android.server.pm.CrossProfileAppsService took to complete: 0ms
09-30 05:49:59.789 527 527 I SystemServerTiming: OnBootPhase_600_com.android.server.people.PeopleService
09-30 05:49:59.789 527 527 D SystemServerTiming: OnBootPhase_600_com.android.server.people.PeopleService took to complete: 0ms
09-30 05:49:59.789 527 527 I SystemServerTiming: OnBootPhase_600_com.android.server.media.metrics.MediaMetricsManagerService
09-30 05:49:59.789 527 527 D SystemServerTiming: OnBootPhase_600_com.android.server.media.metrics.MediaMetricsManagerService took to complete: 0ms
09-30 05:49:59.789 527 527 I SystemServerTiming: OnBootPhase_600_com.android.server.media.projection.MediaProjectionManagerService
09-30 05:49:59.789 527 527 D SystemServerTiming: OnBootPhase_600_com.android.server.media.projection.MediaProjectionManagerService took to complete: 0ms
09-30 05:49:59.789 527 527 I SystemServerTiming: OnBootPhase_600_com.android.server.slice.SliceManagerService$Lifecycle
09-30 05:49:59.789 527 527 D SystemServerTiming: OnBootPhase_600_com.android.server.slice.SliceManagerService$Lifecycle took to complete: 0ms
09-30 05:49:59.789 527 527 I SystemServerTiming: OnBootPhase_600_com.android.server.stats.StatsCompanion$Lifecycle
09-30 05:49:59.791 527 527 W AlarmManager: Unrecognized alarm listener com.android.server.stats.StatsCompanionService$AnomalyAlarmListener@bcdcdc4
09-30 05:49:59.791 527 527 W AlarmManager: Unrecognized alarm listener com.android.server.stats.StatsCompanionService$PullingAlarmListener@4ea84ad
09-30 05:49:59.791 527 527 W AlarmManager: Unrecognized alarm listener com.android.server.stats.StatsCompanionService$PeriodicAlarmListener@71563e2
09-30 05:49:59.791 807 807 D CompatibilityChangeReporter: Compat change id reported: 171979766; UID 10062; state: ENABLED
09-30 05:49:59.809 527 527 I StatsCompanionService: Told statsd that StatsCompanionService is alive.
09-30 05:49:59.810 527 527 D SystemServerTiming: OnBootPhase_600_com.android.server.stats.StatsCompanion$Lifecycle took to complete: 20ms
09-30 05:49:59.810 527 527 I SystemServerTiming: OnBootPhase_600_com.android.server.scheduling.RebootReadinessManagerService$Lifecycle
09-30 05:49:59.812 527 527 D SystemServerTiming: OnBootPhase_600_com.android.server.scheduling.RebootReadinessManagerService$Lifecycle took to complete: 0ms
09-30 05:49:59.813 527 527 I SystemServerTiming: OnBootPhase_600_com.android.server.stats.pull.StatsPullAtomService
09-30 05:49:59.816 527 527 D SystemServerTiming: OnBootPhase_600_com.android.server.stats.pull.StatsPullAtomService took to complete: 3ms
09-30 05:49:59.816 527 587 D StatsPullAtomService: Registering NetworkStats pullers with statsd
09-30 05:49:59.816 527 527 I SystemServerTiming: OnBootPhase_600_com.android.server.incident.IncidentCompanionService
09-30 05:49:59.816 527 527 D SystemServerTiming: OnBootPhase_600_com.android.server.incident.IncidentCompanionService took to complete: 0ms
09-30 05:49:59.816 527 527 I SystemServerTiming: OnBootPhase_600_com.android.server.MmsServiceBroker
09-30 05:49:59.816 527 527 D SystemServerTiming: OnBootPhase_600_com.android.server.MmsServiceBroker took to complete: 0ms
09-30 05:49:59.816 527 527 I SystemServerTiming: OnBootPhase_600_com.android.server.autofill.AutofillManagerService
09-30 05:49:59.816 390 390 I zygote : Background concurrent copying GC freed 7172(373KB) AllocSpace objects, 0(0B) LOS objects, 19% free, 8723KB/10MB, paused 83us total 179.553ms
09-30 05:49:59.833 527 587 W BestClock: java.time.DateTimeException: Missing NTP fix
09-30 05:49:59.835 527 527 D SystemServerTiming: OnBootPhase_600_com.android.server.autofill.AutofillManagerService took to complete: 18ms
09-30 05:49:59.835 527 527 I SystemServerTiming: OnBootPhase_600_com.android.server.clipboard.ClipboardService
09-30 05:49:59.835 527 527 D SystemServerTiming: OnBootPhase_600_com.android.server.clipboard.ClipboardService took to complete: 0ms
09-30 05:49:59.835 527 527 I SystemServerTiming: OnBootPhase_600_com.android.server.appbinding.AppBindingService$Lifecycle
09-30 05:49:59.836 527 527 D SystemServerTiming: OnBootPhase_600_com.android.server.appbinding.AppBindingService$Lifecycle took to complete: 1ms
09-30 05:49:59.836 527 527 I SystemServerTiming: OnBootPhase_600_com.android.server.tracing.TracingServiceProxy
09-30 05:49:59.836 527 527 D SystemServerTiming: OnBootPhase_600_com.android.server.tracing.TracingServiceProxy took to complete: 0ms
09-30 05:49:59.836 527 527 I SystemServerTiming: OnBootPhase_600_com.android.server.policy.PermissionPolicyService
09-30 05:49:59.836 527 527 D SystemServerTiming: OnBootPhase_600_com.android.server.policy.PermissionPolicyService took to complete: 0ms
09-30 05:49:59.836 527 527 I SystemServerTiming: OnBootPhase_600_com.android.server.pm.StagingManager$Lifecycle
09-30 05:49:59.836 527 527 D SystemServerTiming: OnBootPhase_600_com.android.server.pm.StagingManager$Lifecycle took to complete: 0ms
09-30 05:49:59.836 527 527 I SystemServerTiming: OnBootPhase_600_com.android.server.app.GameManagerService$Lifecycle
09-30 05:49:59.836 527 527 D SystemServerTiming: OnBootPhase_600_com.android.server.app.GameManagerService$Lifecycle took to complete: 0ms
09-30 05:49:59.836 527 527 I SystemServerTiming: OnBootPhase_600_com.android.server.appsearch.AppSearchManagerService
09-30 05:49:59.836 527 527 D SystemServerTiming: OnBootPhase_600_com.android.server.appsearch.AppSearchManagerService took to complete: 0ms
09-30 05:49:59.836 527 527 I SystemServerTiming: OnBootPhase_600_com.android.server.media.MediaCommunicationService
09-30 05:49:59.836 527 527 D SystemServerTiming: OnBootPhase_600_com.android.server.media.MediaCommunicationService took to complete: 0ms
09-30 05:49:59.836 527 527 D SystemServerTiming: OnBootPhase_600 took to complete: 252ms
09-30 05:49:59.836 527 527 D SystemServerTiming: PhaseThirdPartyAppsCanStart took to complete: 1132ms
09-30 05:49:59.836 527 527 I SystemServerTiming: StartNetworkStack
09-30 05:49:59.837 527 527 D ConnectivityModuleConnector: Starting networking module android.net.INetworkStackConnector
09-30 05:49:59.838 527 527 D ConnectivityModuleConnector: Starting networking module in network_stack process
09-30 05:49:59.846 527 527 D CompatibilityChangeReporter: Compat change id reported: 135634846; UID 1073; state: DISABLED
09-30 05:49:59.846 527 527 D CompatibilityChangeReporter: Compat change id reported: 177438394; UID 1073; state: DISABLED
09-30 05:49:59.846 527 527 D CompatibilityChangeReporter: Compat change id reported: 135772972; UID 1073; state: DISABLED
09-30 05:49:59.847 527 527 D CompatibilityChangeReporter: Compat change id reported: 135754954; UID 1073; state: ENABLED
09-30 05:49:59.848 527 527 D ConnectivityModuleConnector: Networking module service start requested
09-30 05:49:59.848 527 527 D SystemServerTiming: StartNetworkStack took to complete: 12ms
09-30 05:49:59.848 527 527 I SystemServerTiming: StartTethering
09-30 05:49:59.849 527 527 D ConnectivityModuleConnector: Starting networking module android.net.ITetheringConnector
09-30 05:49:59.850 527 527 D ConnectivityModuleConnector: Starting networking module in network_stack process
09-30 05:49:59.853 527 527 D ConnectivityModuleConnector: Networking module service start requested
09-30 05:49:59.853 527 527 D SystemServerTiming: StartTethering took to complete: 5ms
09-30 05:49:59.853 527 527 I SystemServerTiming: MakeCountryDetectionServiceReady
09-30 05:49:59.854 527 527 D SystemServerTiming: MakeCountryDetectionServiceReady took to complete: 1ms
09-30 05:49:59.854 527 527 I SystemServerTiming: MakeNetworkTimeUpdateReady
09-30 05:49:59.857 527 527 D ConnectivityService: requestNetwork for uid/pid:1000/527 activeRequest: null callbackRequest: 13 [NetworkRequest [ REQUEST id=14, [ Capabilities: INTERNET&NOT_RESTRICTED&TRUSTED&NOT_VCN_MANAGED Uid: 1000 RequestorUid: 1000 RequestorPkg: android] ]] callback flags: 0 priority: 2147483647
09-30 05:49:59.858 527 665 D ConnectivityService: NetReassign [no changes]
09-30 05:49:59.859 527 527 D SystemServerTiming: MakeNetworkTimeUpdateReady took to complete: 4ms
09-30 05:49:59.860 527 527 I SystemServerTiming: MakeInputManagerServiceReady
09-30 05:49:59.867 385 385 I netd : trafficSwapActiveStatsMap() <32.95ms>
09-30 05:49:59.873 385 385 I netd : tetherGetStats() -> {[]} <3.12ms>
09-30 05:49:59.876 527 527 D SystemServerTiming: MakeInputManagerServiceReady took to complete: 17ms
09-30 05:49:59.877 527 527 I SystemServerTiming: MakeTelephonyRegistryReady
09-30 05:49:59.878 527 527 D SystemServerTiming: MakeTelephonyRegistryReady took to complete: 1ms
09-30 05:49:59.879 527 527 I SystemServerTiming: MakeMediaRouterServiceReady
09-30 05:49:59.879 527 587 W BestClock: java.time.DateTimeException: Missing NTP fix
09-30 05:49:59.881 527 527 D SystemServerTiming: MakeMediaRouterServiceReady took to complete: 0ms
09-30 05:49:59.881 527 527 I SystemServerTiming: MakeMmsServiceReady
09-30 05:49:59.881 527 527 I MmsServiceBroker: Delay connecting to MmsService until an API is called
09-30 05:49:59.881 527 527 D SystemServerTiming: MakeMmsServiceReady took to complete: 0ms
09-30 05:49:59.881 527 527 I SystemServerTiming: IncidentDaemonReady
09-30 05:49:59.884 527 656 W BestClock: java.time.DateTimeException: Missing NTP fix
09-30 05:49:59.885 527 527 D SystemServerTiming: IncidentDaemonReady took to complete: 4ms
09-30 05:49:59.886 527 527 I SystemServerTiming: MakeIncrementalServiceReady
09-30 05:49:59.886 527 656 W BestClock: java.time.DateTimeException: Missing NTP fix
09-30 05:49:59.887 527 527 D SystemServerTiming: MakeIncrementalServiceReady took to complete: 0ms
09-30 05:49:59.887 527 527 I SystemServerTiming: getCurrentUser
09-30 05:49:59.887 527 527 I ActivityManager: Current user:0
09-30 05:49:59.887 527 527 D SystemServerTiming: getCurrentUser took to complete: 0ms
09-30 05:49:59.887 527 527 I SystemServerTiming: ActivityManagerStartApps
09-30 05:49:59.889 527 527 I SystemServerTiming: ssm.StartUser-0
09-30 05:49:59.889 527 527 I SystemServiceManager: Calling onStartUser 0
09-30 05:49:59.890 527 527 I SystemServerTiming: ssm.onStartUser-0_com.android.server.security.FileIntegrityService
09-30 05:49:59.891 527 527 D SystemServerTiming: ssm.onStartUser-0_com.android.server.security.FileIntegrityService took to complete: 0ms
09-30 05:49:59.891 527 527 I SystemServerTiming: ssm.onStartUser-0_com.android.server.pm.Installer
09-30 05:49:59.891 527 527 D SystemServerTiming: ssm.onStartUser-0_com.android.server.pm.Installer took to complete: 0ms
09-30 05:49:59.891 527 527 I SystemServerTiming: ssm.onStartUser-0_com.android.server.os.DeviceIdentifiersPolicyService
09-30 05:49:59.891 527 527 D SystemServerTiming: ssm.onStartUser-0_com.android.server.os.DeviceIdentifiersPolicyService took to complete: 0ms
09-30 05:49:59.891 527 527 I SystemServerTiming: ssm.onStartUser-0_com.android.server.uri.UriGrantsManagerService$Lifecycle
09-30 05:49:59.891 527 527 D SystemServerTiming: ssm.onStartUser-0_com.android.server.uri.UriGrantsManagerService$Lifecycle took to complete: 0ms
09-30 05:49:59.891 527 527 I SystemServerTiming: ssm.onStartUser-0_com.android.server.powerstats.PowerStatsService
09-30 05:49:59.891 527 527 D SystemServerTiming: ssm.onStartUser-0_com.android.server.powerstats.PowerStatsService took to complete: 0ms
09-30 05:49:59.891 527 527 I SystemServerTiming: ssm.onStartUser-0_com.android.server.wm.ActivityTaskManagerService$Lifecycle
09-30 05:49:59.891 527 527 D SystemServerTiming: ssm.onStartUser-0_com.android.server.wm.ActivityTaskManagerService$Lifecycle took to complete: 0ms
09-30 05:49:59.891 527 527 I SystemServerTiming: ssm.onStartUser-0_com.android.server.am.ActivityManagerService$Lifecycle
09-30 05:49:59.891 527 527 D SystemServerTiming: ssm.onStartUser-0_com.android.server.am.ActivityManagerService$Lifecycle took to complete: 0ms
09-30 05:49:59.891 527 527 I SystemServerTiming: ssm.onStartUser-0_com.android.server.pm.DataLoaderManagerService
09-30 05:49:59.891 527 527 D SystemServerTiming: ssm.onStartUser-0_com.android.server.pm.DataLoaderManagerService took to complete: 0ms
09-30 05:49:59.892 527 527 I SystemServerTiming: ssm.onStartUser-0_com.android.server.power.PowerManagerService
09-30 05:49:59.892 527 527 D SystemServerTiming: ssm.onStartUser-0_com.android.server.power.PowerManagerService took to complete: 0ms
09-30 05:49:59.892 527 527 I SystemServerTiming: ssm.onStartUser-0_com.android.server.power.ThermalManagerService
09-30 05:49:59.892 527 527 D SystemServerTiming: ssm.onStartUser-0_com.android.server.power.ThermalManagerService took to complete: 0ms
09-30 05:49:59.892 527 527 I SystemServerTiming: ssm.onStartUser-0_com.android.server.power.hint.HintManagerService
09-30 05:49:59.892 527 527 D SystemServerTiming: ssm.onStartUser-0_com.android.server.power.hint.HintManagerService took to complete: 0ms
09-30 05:49:59.892 527 527 I SystemServerTiming: ssm.onStartUser-0_com.android.server.recoverysystem.RecoverySystemService$Lifecycle
09-30 05:49:59.892 527 527 D SystemServerTiming: ssm.onStartUser-0_com.android.server.recoverysystem.RecoverySystemService$Lifecycle took to complete: 0ms
09-30 05:49:59.892 527 527 I SystemServerTiming: ssm.onStartUser-0_com.android.server.lights.LightsService
09-30 05:49:59.892 527 527 D SystemServerTiming: ssm.onStartUser-0_com.android.server.lights.LightsService took to complete: 0ms
09-30 05:49:59.892 527 527 I SystemServerTiming: ssm.onStartUser-0_com.android.server.display.DisplayManagerService
09-30 05:49:59.892 527 527 D SystemServerTiming: ssm.onStartUser-0_com.android.server.display.DisplayManagerService took to complete: 0ms
09-30 05:49:59.892 527 527 I SystemServerTiming: ssm.onStartUser-0_com.android.server.pm.verify.domain.DomainVerificationService
09-30 05:49:59.892 527 527 D SystemServerTiming: ssm.onStartUser-0_com.android.server.pm.verify.domain.DomainVerificationService took to complete: 0ms
09-30 05:49:59.892 527 527 I SystemServerTiming: ssm.onStartUser-0_com.android.server.pm.PackageInstallerService$Lifecycle
09-30 05:49:59.892 527 527 D SystemServerTiming: ssm.onStartUser-0_com.android.server.pm.PackageInstallerService$Lifecycle took to complete: 0ms
09-30 05:49:59.892 527 527 I SystemServerTiming: ssm.onStartUser-0_com.android.server.pm.UserManagerService$LifeCycle
09-30 05:49:59.892 527 527 D SystemServerTiming: ssm.onStartUser-0_com.android.server.pm.UserManagerService$LifeCycle took to complete: 0ms
09-30 05:49:59.892 527 527 I SystemServerTiming: ssm.onStartUser-0_com.android.server.om.OverlayManagerService
09-30 05:49:59.892 527 527 D SystemServerTiming: ssm.onStartUser-0_com.android.server.om.OverlayManagerService took to complete: 0ms
09-30 05:49:59.892 527 527 I SystemServerTiming: ssm.onStartUser-0_com.android.server.SensorPrivacyService
09-30 05:49:59.892 527 527 D SystemServerTiming: ssm.onStartUser-0_com.android.server.SensorPrivacyService took to complete: 0ms
09-30 05:49:59.892 527 527 I SystemServerTiming: ssm.onStartUser-0_com.android.server.sensors.SensorService
09-30 05:49:59.892 527 527 D SystemServerTiming: ssm.onStartUser-0_com.android.server.sensors.SensorService took to complete: 0ms
09-30 05:49:59.892 527 527 I SystemServerTiming: ssm.onStartUser-0_com.android.server.SystemConfigService
09-30 05:49:59.892 527 527 D SystemServerTiming: ssm.onStartUser-0_com.android.server.SystemConfigService took to complete: 0ms
09-30 05:49:59.892 527 527 I SystemServerTiming: ssm.onStartUser-0_com.android.server.BatteryService
09-30 05:49:59.892 527 527 D SystemServerTiming: ssm.onStartUser-0_com.android.server.BatteryService took to complete: 0ms
09-30 05:49:59.892 527 527 I SystemServerTiming: ssm.onStartUser-0_com.android.server.usage.UsageStatsService
09-30 05:49:59.892 527 527 D SystemServerTiming: ssm.onStartUser-0_com.android.server.usage.UsageStatsService took to complete: 0ms
09-30 05:49:59.892 527 527 I SystemServerTiming: ssm.onStartUser-0_com.android.server.webkit.WebViewUpdateService
09-30 05:49:59.892 527 527 D SystemServerTiming: ssm.onStartUser-0_com.android.server.webkit.WebViewUpdateService took to complete: 0ms
09-30 05:49:59.892 527 527 I SystemServerTiming: ssm.onStartUser-0_com.android.server.CachedDeviceStateService
09-30 05:49:59.892 527 527 D SystemServerTiming: ssm.onStartUser-0_com.android.server.CachedDeviceStateService took to complete: 0ms
09-30 05:49:59.892 527 527 I SystemServerTiming: ssm.onStartUser-0_com.android.server.BinderCallsStatsService$LifeCycle
09-30 05:49:59.892 527 527 D SystemServerTiming: ssm.onStartUser-0_com.android.server.BinderCallsStatsService$LifeCycle took to complete: 0ms
09-30 05:49:59.892 527 527 I SystemServerTiming: ssm.onStartUser-0_com.android.server.LooperStatsService$Lifecycle
09-30 05:49:59.892 527 527 D SystemServerTiming: ssm.onStartUser-0_com.android.server.LooperStatsService$Lifecycle took to complete: 0ms
09-30 05:49:59.892 527 527 I SystemServerTiming: ssm.onStartUser-0_com.android.server.rollback.RollbackManagerService
09-30 05:49:59.892 527 527 D SystemServerTiming: ssm.onStartUser-0_com.android.server.rollback.RollbackManagerService took to complete: 0ms
09-30 05:49:59.892 527 527 I SystemServerTiming: ssm.onStartUser-0_com.android.server.os.NativeTombstoneManagerService
09-30 05:49:59.892 527 527 D SystemServerTiming: ssm.onStartUser-0_com.android.server.os.NativeTombstoneManagerService took to complete: 0ms
09-30 05:49:59.892 527 527 I SystemServerTiming: ssm.onStartUser-0_com.android.server.os.BugreportManagerService
09-30 05:49:59.892 527 527 D SystemServerTiming: ssm.onStartUser-0_com.android.server.os.BugreportManagerService took to complete: 0ms
09-30 05:49:59.892 527 527 I SystemServerTiming: ssm.onStartUser-0_com.android.server.gpu.GpuService
09-30 05:49:59.892 527 527 D SystemServerTiming: ssm.onStartUser-0_com.android.server.gpu.GpuService took to complete: 0ms
09-30 05:49:59.892 527 527 I SystemServerTiming: ssm.onStartUser-0_com.android.server.security.KeyChainSystemService
09-30 05:49:59.893 527 527 D SystemServerTiming: ssm.onStartUser-0_com.android.server.security.KeyChainSystemService took to complete: 0ms
09-30 05:49:59.893 527 527 I SystemServerTiming: ssm.onStartUser-0_com.android.server.telecom.TelecomLoaderService
09-30 05:49:59.893 527 527 D SystemServerTiming: ssm.onStartUser-0_com.android.server.telecom.TelecomLoaderService took to complete: 0ms
09-30 05:49:59.893 527 527 I SystemServerTiming: ssm.onStartUser-0_com.android.server.accounts.AccountManagerService$Lifecycle
09-30 05:49:59.893 527 527 D SystemServerTiming: ssm.onStartUser-0_com.android.server.accounts.AccountManagerService$Lifecycle took to complete: 0ms
09-30 05:49:59.893 527 527 I SystemServerTiming: ssm.onStartUser-0_com.android.server.content.ContentService$Lifecycle
09-30 05:49:59.893 527 587 W BestClock: java.time.DateTimeException: Missing NTP fix
09-30 05:49:59.903 527 527 D SystemServerTiming: ssm.onStartUser-0_com.android.server.content.ContentService$Lifecycle took to complete: 11ms
09-30 05:49:59.904 527 527 I SystemServerTiming: ssm.onStartUser-0_com.android.server.DropBoxManagerService
09-30 05:49:59.904 527 527 D SystemServerTiming: ssm.onStartUser-0_com.android.server.DropBoxManagerService took to complete: 0ms
09-30 05:49:59.904 527 527 I SystemServerTiming: ssm.onStartUser-0_com.android.role.RoleService
09-30 05:49:59.908 527 647 I InputReader: Reconfiguring input devices, changes=DEVICE_ALIAS |
09-30 05:49:59.911 385 385 I netd : trafficSwapActiveStatsMap() <17.53ms>
09-30 05:49:59.919 527 527 D SystemServerTiming: ssm.onStartUser-0_com.android.role.RoleService took to complete: 16ms
09-30 05:49:59.919 527 527 I SystemServerTiming: ssm.onStartUser-0_com.android.server.vibrator.VibratorManagerService$Lifecycle
09-30 05:49:59.920 527 527 D SystemServerTiming: ssm.onStartUser-0_com.android.server.vibrator.VibratorManagerService$Lifecycle took to complete: 0ms
09-30 05:49:59.920 527 527 I SystemServerTiming: ssm.onStartUser-0_com.android.server.alarm.AlarmManagerService
09-30 05:49:59.920 385 385 I netd : tetherGetStats() -> {[]} <6.84ms>
09-30 05:49:59.922 527 527 D SystemServerTiming: ssm.onStartUser-0_com.android.server.alarm.AlarmManagerService took to complete: 3ms
09-30 05:49:59.924 527 527 I SystemServerTiming: ssm.onStartUser-0_com.android.server.devicestate.DeviceStateManagerService
09-30 05:49:59.924 527 527 D SystemServerTiming: ssm.onStartUser-0_com.android.server.devicestate.DeviceStateManagerService took to complete: 0ms
09-30 05:49:59.924 527 527 I SystemServerTiming: ssm.onStartUser-0_com.android.server.camera.CameraServiceProxy
09-30 05:49:59.924 527 587 W BestClock: java.time.DateTimeException: Missing NTP fix
09-30 05:49:59.930 527 527 D SystemServerTiming: ssm.onStartUser-0_com.android.server.camera.CameraServiceProxy took to complete: 6ms
09-30 05:49:59.930 527 527 I SystemServerTiming: ssm.onStartUser-0_com.android.server.connectivity.IpConnectivityMetrics
09-30 05:49:59.930 527 527 D SystemServerTiming: ssm.onStartUser-0_com.android.server.connectivity.IpConnectivityMetrics took to complete: 0ms
09-30 05:49:59.930 527 527 I SystemServerTiming: ssm.onStartUser-0_com.android.server.net.watchlist.NetworkWatchlistService$Lifecycle
09-30 05:49:59.930 527 527 D SystemServerTiming: ssm.onStartUser-0_com.android.server.net.watchlist.NetworkWatchlistService$Lifecycle took to complete: 0ms
09-30 05:49:59.930 527 527 I SystemServerTiming: ssm.onStartUser-0_com.android.server.PinnerService
09-30 05:49:59.930 527 527 D SystemServerTiming: ssm.onStartUser-0_com.android.server.PinnerService took to complete: 0ms
09-30 05:49:59.931 527 527 I SystemServerTiming: ssm.onStartUser-0_com.google.android.startop.iorap.IorapForwardingService
09-30 05:49:59.931 527 527 D SystemServerTiming: ssm.onStartUser-0_com.google.android.startop.iorap.IorapForwardingService took to complete: 0ms
09-30 05:49:59.931 527 527 I SystemServerTiming: ssm.onStartUser-0_com.android.server.integrity.AppIntegrityManagerService
09-30 05:49:59.931 527 527 D SystemServerTiming: ssm.onStartUser-0_com.android.server.integrity.AppIntegrityManagerService took to complete: 0ms
09-30 05:49:59.931 527 527 I SystemServerTiming: ssm.onStartUser-0_com.android.server.inputmethod.InputMethodManagerService$Lifecycle
09-30 05:49:59.931 527 527 D SystemServerTiming: ssm.onStartUser-0_com.android.server.inputmethod.InputMethodManagerService$Lifecycle took to complete: 0ms
09-30 05:49:59.931 527 527 I SystemServerTiming: ssm.onStartUser-0_com.android.server.accessibility.AccessibilityManagerService$Lifecycle
09-30 05:49:59.931 527 527 D SystemServerTiming: ssm.onStartUser-0_com.android.server.accessibility.AccessibilityManagerService$Lifecycle took to complete: 0ms
09-30 05:49:59.931 527 527 I SystemServerTiming: ssm.onStartUser-0_com.android.server.StorageManagerService$Lifecycle
09-30 05:49:59.934 527 527 V StorageManagerService: Package com.android.cts.priv.ctsshim does not have legacy storage
09-30 05:49:59.936 527 527 V StorageManagerService: Package com.android.internal.display.cutout.emulation.corner does not have legacy storage
09-30 05:49:59.938 527 527 V StorageManagerService: Package com.android.internal.display.cutout.emulation.double does not have legacy storage
09-30 05:49:59.939 527 587 W BestClock: java.time.DateTimeException: Missing NTP fix
09-30 05:49:59.939 527 527 V StorageManagerService: Package com.android.providers.telephony does not have legacy storage
09-30 05:49:59.940 527 656 W BestClock: java.time.DateTimeException: Missing NTP fix
09-30 05:49:59.940 527 527 V StorageManagerService: Package com.android.dynsystem does not have legacy storage
09-30 05:49:59.941 527 527 V StorageManagerService: Package com.android.providers.calendar does not have legacy storage
09-30 05:49:59.944 527 656 W BestClock: java.time.DateTimeException: Missing NTP fix
09-30 05:49:59.944 527 527 V StorageManagerService: Package com.android.providers.media does not have legacy storage
09-30 05:49:59.946 527 527 V StorageManagerService: Package com.android.internal.systemui.navbar.gestural_wide_back does not have legacy storage
09-30 05:49:59.948 527 527 V StorageManagerService: Package com.android.wallpapercropper does not have legacy storage
09-30 05:49:59.950 527 527 V StorageManagerService: Package com.android.documentsui does not have legacy storage
09-30 05:49:59.955 527 647 I InputReader: Reconfiguring input devices, changes=KEYBOARD_LAYOUTS |
09-30 05:49:59.958 527 527 V StorageManagerService: Package com.skyla.qbi does not have legacy storage
09-30 05:49:59.958 527 527 V StorageManagerService: Package com.android.externalstorage does not have legacy storage
09-30 05:49:59.958 527 527 V StorageManagerService: Package com.android.htmlviewer does not have legacy storage
09-30 05:49:59.959 527 527 V StorageManagerService: Package com.android.companiondevicemanager does not have legacy storage
09-30 05:49:59.959 527 527 V StorageManagerService: Package com.android.quicksearchbox does not have legacy storage
09-30 05:49:59.959 527 527 V StorageManagerService: Package com.android.mms.service does not have legacy storage
09-30 05:49:59.960 527 527 V StorageManagerService: Package com.android.providers.downloads does not have legacy storage
09-30 05:49:59.960 527 527 V StorageManagerService: Package com.android.internal.systemui.onehanded.gestural does not have legacy storage
09-30 05:49:59.960 527 527 V StorageManagerService: Package com.android.providers.downloads.ui does not have legacy storage
09-30 05:49:59.960 527 527 V StorageManagerService: Package com.android.pacprocessor does not have legacy storage
09-30 05:49:59.960 527 527 V StorageManagerService: Package com.android.simappdialog does not have legacy storage
09-30 05:49:59.961 527 527 V StorageManagerService: Package com.android.networkstack does not have legacy storage
09-30 05:49:59.961 527 527 V StorageManagerService: Package com.android.connectivity.resources does not have legacy storage
09-30 05:49:59.961 527 527 V StorageManagerService: Package com.android.internal.display.cutout.emulation.hole does not have legacy storage
09-30 05:49:59.961 527 527 V StorageManagerService: Package com.android.internal.display.cutout.emulation.tall does not have legacy storage
09-30 05:49:59.961 527 527 V StorageManagerService: Package com.android.modulemetadata does not have legacy storage
09-30 05:49:59.961 527 527 V StorageManagerService: Package com.android.certinstaller does not have legacy storage
09-30 05:49:59.962 527 527 V StorageManagerService: Package com.android.internal.systemui.navbar.threebutton does not have legacy storage
09-30 05:49:59.962 527 527 V StorageManagerService: Package android does not have legacy storage
09-30 05:49:59.962 527 527 V StorageManagerService: Package com.android.contacts does not have legacy storage
09-30 05:49:59.962 527 527 V StorageManagerService: Package com.android.camera2 does not have legacy storage
09-30 05:49:59.962 527 527 V StorageManagerService: Package com.android.egg does not have legacy storage
09-30 05:49:59.962 527 527 V StorageManagerService: Package com.android.mtp does not have legacy storage
09-30 05:49:59.963 527 527 V StorageManagerService: Package com.android.nfc does not have legacy storage
09-30 05:49:59.963 527 527 V StorageManagerService: Package com.android.launcher3 does not have legacy storage
09-30 05:49:59.963 527 527 V StorageManagerService: Package com.android.backupconfirm does not have legacy storage
09-30 05:49:59.963 527 527 V StorageManagerService: Package com.android.provision does not have legacy storage
09-30 05:49:59.964 527 527 V StorageManagerService: Package com.android.statementservice does not have legacy storage
09-30 05:49:59.964 527 527 V StorageManagerService: Package com.android.settings.intelligence does not have legacy storage
09-30 05:49:59.964 527 527 V StorageManagerService: Package com.android.calendar does not have legacy storage
09-30 05:49:59.964 527 527 V StorageManagerService: Package com.android.internal.systemui.navbar.gestural_extra_wide_back does not have legacy storage
09-30 05:49:59.964 527 527 V StorageManagerService: Package com.android.providers.settings does not have legacy storage
09-30 05:49:59.964 527 527 V StorageManagerService: Package com.android.sharedstoragebackup does not have legacy storage
09-30 05:49:59.964 527 527 V StorageManagerService: Package com.android.printspooler does not have legacy storage
09-30 05:49:59.965 527 527 V StorageManagerService: Package com.android.dreams.basic does not have legacy storage
09-30 05:49:59.965 527 527 V StorageManagerService: Package com.android.webview does not have legacy storage
09-30 05:49:59.965 527 527 V StorageManagerService: Package com.android.se does not have legacy storage
09-30 05:49:59.966 527 527 V StorageManagerService: Package com.android.inputdevices does not have legacy storage
09-30 05:49:59.966 527 527 V StorageManagerService: Package com.android.bips does not have legacy storage
09-30 05:49:59.966 527 527 V StorageManagerService: Package com.android.musicfx does not have legacy storage
09-30 05:49:59.966 527 527 V StorageManagerService: Package android.ext.shared does not have legacy storage
09-30 05:49:59.966 527 527 V StorageManagerService: Package com.android.onetimeinitializer does not have legacy storage
09-30 05:49:59.966 527 527 V StorageManagerService: Package com.android.server.telecom does not have legacy storage
09-30 05:49:59.966 527 527 V StorageManagerService: Package com.android.keychain does not have legacy storage
09-30 05:49:59.967 527 527 V StorageManagerService: Package com.android.printservice.recommendation does not have legacy storage
09-30 05:49:59.967 527 527 V StorageManagerService: Package com.android.gallery3d has legacy storage
09-30 05:49:59.967 385 385 I netd : trafficSwapActiveStatsMap() <26.10ms>
09-30 05:49:59.967 527 527 V StorageManagerService: Package android.ext.services does not have legacy storage
09-30 05:49:59.967 527 527 V StorageManagerService: Package com.android.wifi.resources does not have legacy storage
09-30 05:49:59.967 527 527 V StorageManagerService: Package com.android.cameraextensions does not have legacy storage
09-30 05:49:59.968 527 527 V StorageManagerService: Package com.android.localtransport does not have legacy storage
09-30 05:49:59.968 527 527 V StorageManagerService: Package com.android.packageinstaller does not have legacy storage
09-30 05:49:59.968 527 527 V StorageManagerService: Package com.android.theme.font.notoserifsource does not have legacy storage
09-30 05:49:59.968 527 527 V StorageManagerService: Package com.android.proxyhandler does not have legacy storage
09-30 05:49:59.968 527 527 V StorageManagerService: Package com.android.internal.display.cutout.emulation.waterfall does not have legacy storage
09-30 05:49:59.968 527 527 V StorageManagerService: Package com.android.inputmethod.latin does not have legacy storage
09-30 05:49:59.968 527 527 V StorageManagerService: Package org.chromium.webview_shell does not have legacy storage
09-30 05:49:59.968 527 527 V StorageManagerService: Package com.android.managedprovisioning does not have legacy storage
09-30 05:49:59.968 527 527 V StorageManagerService: Package com.android.networkstack.tethering does not have legacy storage
09-30 05:49:59.969 527 527 V StorageManagerService: Package com.android.soundpicker does not have legacy storage
09-30 05:49:59.969 527 527 V StorageManagerService: Package com.android.dreams.phototable does not have legacy storage
09-30 05:49:59.969 527 527 V StorageManagerService: Package com.android.smspush does not have legacy storage
09-30 05:49:59.969 527 527 V StorageManagerService: Package com.android.wallpaper.livepicker does not have legacy storage
09-30 05:49:59.969 527 527 V StorageManagerService: Package com.android.storagemanager does not have legacy storage
09-30 05:49:59.969 527 527 V StorageManagerService: Package com.android.bookmarkprovider does not have legacy storage
09-30 05:49:59.969 527 527 V StorageManagerService: Package com.android.settings does not have legacy storage
09-30 05:49:59.969 527 527 V StorageManagerService: Package com.android.networkstack.permissionconfig does not have legacy storage
09-30 05:49:59.969 527 527 V StorageManagerService: Package com.android.cts.ctsshim does not have legacy storage
09-30 05:49:59.970 527 527 V StorageManagerService: Package com.example.android.systemupdatersample does not have legacy storage
09-30 05:49:59.970 527 527 V StorageManagerService: Package com.android.vpndialogs does not have legacy storage
09-30 05:49:59.970 527 527 V StorageManagerService: Package com.android.music has legacy storage
09-30 05:49:59.970 527 527 V StorageManagerService: Package com.android.phone does not have legacy storage
09-30 05:49:59.970 527 527 V StorageManagerService: Package com.android.shell does not have legacy storage
09-30 05:49:59.970 527 527 V StorageManagerService: Package com.android.wallpaperbackup does not have legacy storage
09-30 05:49:59.970 527 527 V StorageManagerService: Package com.example.myapplication does not have legacy storage
09-30 05:49:59.970 527 527 V StorageManagerService: Package com.android.providers.blockednumber does not have legacy storage
09-30 05:49:59.970 527 527 V StorageManagerService: Package com.android.providers.userdictionary does not have legacy storage
09-30 05:49:59.971 527 527 V StorageManagerService: Package com.android.providers.media.module does not have legacy storage
09-30 05:49:59.971 527 527 V StorageManagerService: Package com.android.hotspot2.osulogin does not have legacy storage
09-30 05:49:59.971 527 527 V StorageManagerService: Package com.android.internal.systemui.navbar.gestural does not have legacy storage
09-30 05:49:59.971 527 527 V StorageManagerService: Package com.android.location.fused does not have legacy storage
09-30 05:49:59.971 527 527 V StorageManagerService: Package com.android.deskclock does not have legacy storage
09-30 05:49:59.971 527 527 V StorageManagerService: Package com.android.systemui does not have legacy storage
09-30 05:49:59.971 527 527 V StorageManagerService: Package com.android.bluetoothmidiservice does not have legacy storage
09-30 05:49:59.972 527 527 V StorageManagerService: Package com.android.permissioncontroller does not have legacy storage
09-30 05:49:59.972 385 385 I netd : tetherGetStats() -> {[]} <2.66ms>
