09-30 05:50:05.512 1122 1122 I getprop : type=1400 audit(0.0:860): avc: denied { getattr } for path="/dev/__properties__/u:object_r:ctl_interface_stop_prop:s0" dev="tmpfs" ino=91 scontext=u:r:shell:s0 tcontext=u:object_r:ctl_interface_stop_prop:s0 tclass=file permissive=1
09-30 05:50:10.805 1229 1229 V GraphicsEnvironment: Neither updatable production driver nor prerelease driver is supported.
09-30 05:50:10.813 422 422 E android.hardware.memtrack-service.img: Failed to open /proc/479/fdinfo directory: No such file or directory
09-30 05:50:10.814 422 422 W IMGMemtrackHAL: getMemoryRecords:543 Failed to read dmabuf fd references for pid 479
09-30 05:50:10.814 1245 1245 I TranscodeHelper: Empty transcode compat stale
09-30 05:50:10.817 1245 1245 I TranscodeHelper: Parsed 8 packages from resource
09-30 05:50:10.817 1245 1245 I TranscodeHelper: Empty device config transcode compat manifest
09-30 05:50:10.818 422 422 E android.hardware.memtrack-service.img: Failed to open /proc/944/fdinfo directory: No such file or directory
09-30 05:50:10.818 422 422 W IMGMemtrackHAL: getMemoryRecords:543 Failed to read dmabuf fd references for pid 944
09-30 05:50:10.824 1229 1229 D NetworkSecurityConfig: No Network Security Config specified, using platform default
09-30 05:50:10.825 1229 1229 D NetworkSecurityConfig: No Network Security Config specified, using platform default
09-30 05:50:05.512 1122 1122 I getprop : type=1400 audit(0.0:861): avc: denied { map } for path="/dev/__properties__/u:object_r:ctl_interface_stop_prop:s0" dev="tmpfs" ino=91 scontext=u:r:shell:s0 tcontext=u:object_r:ctl_interface_stop_prop:s0 tclass=file permissive=1
09-30 05:50:10.840 1074 1074 V Launcher: LauncherAppState initiated
09-30 05:50:10.840 1245 1245 V MediaStore: Examining volume emulated;0 with name external_primary and state checking
09-30 05:50:10.840 1245 1245 V MediaStore: Examining volume public:179,97 with name null and state unmounted
09-30 05:50:10.855 1245 1245 D CompatibilityChangeReporter: Compat change id reported: 148180766; UID 10064; state: ENABLED
09-30 05:50:05.516 1122 1122 I getprop : type=1400 audit(0.0:862): avc: denied { open } for path="/dev/__properties__/u:object_r:ctl_mdnsd_prop:s0" dev="tmpfs" ino=92 scontext=u:r:shell:s0 tcontext=u:object_r:ctl_mdnsd_prop:s0 tclass=file permissive=1
09-30 05:50:10.871 1245 1245 D PulledMetrics: Registering callback with StatsManager
09-30 05:50:10.905 1229 1229 D CompatibilityChangeReporter: Compat change id reported: 160794467; UID 10050; state: DISABLED
09-30 05:50:10.908 527 1218 I StorageUserConnection: Service: [ComponentInfo{com.android.providers.media.module/com.android.providers.media.fuse.ExternalStorageServiceImpl}] connected. User [0]
09-30 05:50:05.516 1122 1122 I getprop : type=1400 audit(0.0:863): avc: denied { getattr } for path="/dev/__properties__/u:object_r:ctl_mdnsd_prop:s0" dev="tmpfs" ino=92 scontext=u:r:shell:s0 tcontext=u:object_r:ctl_mdnsd_prop:s0 tclass=file permissive=1
09-30 05:50:10.916 1245 1301 I ExternalStorageServiceImpl: Starting session for id: emulated;0
09-30 05:50:10.923 1245 1301 V FuseDaemonThread: Waiting 1000ms for FUSE start. Count 4
09-30 05:50:10.923 527 629 D CompatibilityChangeReporter: Compat change id reported: 135634846; UID 10020; state: DISABLED
09-30 05:50:10.924 527 629 D CompatibilityChangeReporter: Compat change id reported: 177438394; UID 10020; state: DISABLED
09-30 05:50:10.924 527 629 D CompatibilityChangeReporter: Compat change id reported: 135772972; UID 10020; state: DISABLED
09-30 05:50:10.924 527 629 D CompatibilityChangeReporter: Compat change id reported: 135754954; UID 10020; state: ENABLED
09-30 05:50:10.925 527 589 D CompatibilityChangeReporter: Compat change id reported: 143937733; UID 10020; state: ENABLED
09-30 05:50:10.926 1245 1299 V MediaProvider: onConfigure() for external.db
09-30 05:50:10.941 1245 1302 I FuseDaemonThread: Starting thread for emulated;0 ...
09-30 05:50:10.950 422 422 E android.hardware.memtrack-service.img: Failed to open /proc/1153/fdinfo directory: No such file or directory
09-30 05:50:10.950 422 422 W IMGMemtrackHAL: getMemoryRecords:543 Failed to read dmabuf fd references for pid 1153
09-30 05:50:10.951 1245 1302 I FuseDaemon: Starting fuse...
09-30 05:50:10.952 1245 1299 V MediaProvider: onOpen() for external.db
09-30 05:50:10.953 1245 1299 V MediaProvider: onOpen() finished for external.db
09-30 05:50:05.516 1122 1122 I getprop : type=1400 audit(0.0:864): avc: denied { map } for path="/dev/__properties__/u:object_r:ctl_mdnsd_prop:s0" dev="tmpfs" ino=92 scontext=u:r:shell:s0 tcontext=u:object_r:ctl_mdnsd_prop:s0 tclass=file permissive=1
09-30 05:50:10.966 422 422 E android.hardware.memtrack-service.img: Failed to open /proc/1028/fdinfo directory: No such file or directory
09-30 05:50:10.966 422 422 W IMGMemtrackHAL: getMemoryRecords:543 Failed to read dmabuf fd references for pid 1028
09-30 05:50:10.974 1074 1074 D CompatibilityChangeReporter: Compat change id reported: 171228096; UID 10059; state: ENABLED
09-30 05:50:10.974 389 389 D Zygote : Forked child process 1306
09-30 05:50:10.978 422 422 E android.hardware.memtrack-service.img: Failed to open /proc/959/fdinfo directory: No such file or directory
09-30 05:50:10.978 422 422 W IMGMemtrackHAL: getMemoryRecords:543 Failed to read dmabuf fd references for pid 959
09-30 05:50:10.980 527 589 W ActivityManager: Slow operation: 57ms so far, now at startProcess: returned from zygote!
09-30 05:50:10.986 527 589 W ActivityManager: Slow operation: 64ms so far, now at startProcess: done updating battery stats
09-30 05:50:10.986 527 589 W ActivityManager: Slow operation: 64ms so far, now at startProcess: building log message
09-30 05:50:10.986 527 589 I ActivityManager: Start proc 1306:com.android.traceur/u0a20 for broadcast {com.android.traceur/com.android.traceur.Receiver}
09-30 05:50:10.987 527 589 W ActivityManager: Slow operation: 64ms so far, now at startProcess: starting to update pids map
09-30 05:50:10.987 527 589 W ActivityManager: Slow operation: 65ms so far, now at startProcess: done updating pids map
09-30 05:50:05.516 1122 1122 I getprop : type=1400 audit(0.0:865): avc: denied { open } for path="/dev/__properties__/u:object_r:ctl_mediatranscoding_prop:s0" dev="tmpfs" ino=93 scontext=u:r:shell:s0 tcontext=u:object_r:ctl_mediatranscoding_prop:s0 tclass=file permissive=1
09-30 05:50:10.999 422 422 E android.hardware.memtrack-service.img: Failed to open /proc/892/fdinfo directory: No such file or directory
09-30 05:50:10.999 422 422 W IMGMemtrackHAL: getMemoryRecords:543 Failed to read dmabuf fd references for pid 892
09-30 05:50:11.014 422 422 E android.hardware.memtrack-service.img: Failed to open /proc/877/fdinfo directory: No such file or directory
09-30 05:50:11.014 422 422 W IMGMemtrackHAL: getMemoryRecords:543 Failed to read dmabuf fd references for pid 877
09-30 05:50:05.516 1122 1122 I getprop : type=1400 audit(0.0:866): avc: denied { getattr } for path="/dev/__properties__/u:object_r:ctl_mediatranscoding_prop:s0" dev="tmpfs" ino=93 scontext=u:r:shell:s0 tcontext=u:object_r:ctl_mediatranscoding_prop:s0 tclass=file permissive=1
09-30 05:50:11.034 807 1098 I OpenGLRenderer: Davey! duration=1123ms; Flags=0, FrameTimelineVsyncId=1057, IntendedVsync=53337916085, Vsync=54087916055, InputEventId=0, HandleInputStart=54099032875, AnimationStart=54099036760, PerformTraversalsStart=54101911215, DrawStart=54231445260, FrameDeadline=53371249417, FrameInterval=54098693915, FrameStartTime=16666666, SyncQueued=54448591725, SyncStart=54468547720, IssueDrawCommandsStart=54468752760, SwapBuffers=54477860720, FrameCompleted=54481332580, DequeueBufferDuration=0, QueueBufferDuration=2271810, GpuCompleted=54480697140, SwapBuffersCompleted=54481332580, DisplayPresentTime=0,
09-30 05:50:11.035 422 422 E android.hardware.memtrack-service.img: Failed to open /proc/890/fdinfo directory: No such file or directory
09-30 05:50:11.035 422 422 W IMGMemtrackHAL: getMemoryRecords:543 Failed to read dmabuf fd references for pid 890
09-30 05:50:11.039 1306 1306 I Zygote : seccomp disabled by setenforce 0
09-30 05:50:05.516 1122 1122 I getprop : type=1400 audit(0.0:867): avc: denied { map } for path="/dev/__properties__/u:object_r:ctl_mediatranscoding_prop:s0" dev="tmpfs" ino=93 scontext=u:r:shell:s0 tcontext=u:object_r:ctl_mediatranscoding_prop:s0 tclass=file permissive=1
09-30 05:50:11.053 807 1098 I OpenGLRenderer: Davey! duration=1138ms; Flags=0, FrameTimelineVsyncId=1057, IntendedVsync=53337916085, Vsync=54087916055, InputEventId=0, HandleInputStart=54099032875, AnimationStart=54099036760, PerformTraversalsStart=54101911215, DrawStart=54468943890, FrameDeadline=53371249417, FrameInterval=54098693915, FrameStartTime=16666666, SyncQueued=54469013890, SyncStart=54481701845, IssueDrawCommandsStart=54481912280, SwapBuffers=54486488490, FrameCompleted=54488798680, DequeueBufferDuration=0, QueueBufferDuration=1492590, GpuCompleted=54488707135, SwapBuffersCompleted=54488798680, DisplayPresentTime=0,
09-30 05:50:11.072 807 1015 D PeopleSpaceWidgetMgr: Sbn doesn't contain valid PeopleTileKey: null/-1/android
09-30 05:50:11.075 422 422 E android.hardware.memtrack-service.img: Failed to open /proc/807/fdinfo directory: No such file or directory
09-30 05:50:11.075 422 422 W IMGMemtrackHAL: getMemoryRecords:543 Failed to read dmabuf fd references for pid 807
09-30 05:50:11.090 479 489 I adbd : jdwp connection from 1306
09-30 05:50:05.516 1122 1122 I getprop : type=1400 audit(0.0:868): avc: denied { open } for path="/dev/__properties__/u:object_r:ctl_odsign_prop:s0" dev="tmpfs" ino=94 scontext=u:r:shell:s0 tcontext=u:object_r:ctl_odsign_prop:s0 tclass=file permissive=1
09-30 05:50:05.516 1122 1122 I getprop : type=1400 audit(0.0:869): avc: denied { getattr } for path="/dev/__properties__/u:object_r:ctl_odsign_prop:s0" dev="tmpfs" ino=94 scontext=u:r:shell:s0 tcontext=u:object_r:ctl_odsign_prop:s0 tclass=file permissive=1
09-30 05:50:05.516 1122 1122 I getprop : type=1400 audit(0.0:870): avc: denied { map } for path="/dev/__properties__/u:object_r:ctl_odsign_prop:s0" dev="tmpfs" ino=94 scontext=u:r:shell:s0 tcontext=u:object_r:ctl_odsign_prop:s0 tclass=file permissive=1
09-30 05:50:05.516 1122 1122 I getprop : type=1400 audit(0.0:871): avc: denied { open } for path="/dev/__properties__/u:object_r:ctl_restart_prop:s0" dev="tmpfs" ino=95 scontext=u:r:shell:s0 tcontext=u:object_r:ctl_restart_prop:s0 tclass=file permissive=1
09-30 05:50:11.193 527 577 D CompatibilityChangeReporter: Compat change id reported: 168419799; UID 10020; state: DISABLED
09-30 05:50:11.202 527 577 W ActivityManager: Slow operation: 55ms so far, now at attachApplicationLocked: immediately before bindApplication
09-30 05:50:11.205 527 577 W ActivityManager: Slow operation: 57ms so far, now at attachApplicationLocked: immediately after bindApplication
09-30 05:50:11.205 527 577 W ActivityManager: Slow operation: 58ms so far, now at attachApplicationLocked: after updateLruProcessLocked
09-30 05:50:11.206 527 577 W ActivityManager: Slow operation: 58ms so far, now at attachApplicationLocked: after mServices.attachApplicationLocked
09-30 05:50:11.217 422 422 E android.hardware.memtrack-service.img: Failed to open /proc/527/fdinfo directory: No such file or directory
09-30 05:50:11.217 422 422 W IMGMemtrackHAL: getMemoryRecords:543 Failed to read dmabuf fd references for pid 527
09-30 05:50:11.229 527 577 W ActivityManager: Slow operation: 82ms so far, now at attachApplicationLocked: after sendPendingBroadcastsLocked
09-30 05:50:05.516 1122 1122 I getprop : type=1400 audit(0.0:872): avc: denied { getattr } for path="/dev/__properties__/u:object_r:ctl_restart_prop:s0" dev="tmpfs" ino=95 scontext=u:r:shell:s0 tcontext=u:object_r:ctl_restart_prop:s0 tclass=file permissive=1
09-30 05:50:11.307 1306 1306 D CompatibilityChangeReporter: Compat change id reported: 171979766; UID 10020; state: ENABLED
09-30 05:50:05.516 1122 1122 I getprop : type=1400 audit(0.0:873): avc: denied { map } for path="/dev/__properties__/u:object_r:ctl_restart_prop:s0" dev="tmpfs" ino=95 scontext=u:r:shell:s0 tcontext=u:object_r:ctl_restart_prop:s0 tclass=file permissive=1
09-30 05:50:05.516 1122 1122 I getprop : type=1400 audit(0.0:874): avc: denied { open } for path="/dev/__properties__/u:object_r:ctl_rildaemon_prop:s0" dev="tmpfs" ino=96 scontext=u:r:shell:s0 tcontext=u:object_r:ctl_rildaemon_prop:s0 tclass=file permissive=1
09-30 05:50:05.516 1122 1122 I getprop : type=1400 audit(0.0:875): avc: denied { getattr } for path="/dev/__properties__/u:object_r:ctl_rildaemon_prop:s0" dev="tmpfs" ino=96 scontext=u:r:shell:s0 tcontext=u:object_r:ctl_rildaemon_prop:s0 tclass=file permissive=1
09-30 05:50:05.516 1122 1122 I getprop : type=1400 audit(0.0:876): avc: denied { map } for path="/dev/__properties__/u:object_r:ctl_rildaemon_prop:s0" dev="tmpfs" ino=96 scontext=u:r:shell:s0 tcontext=u:object_r:ctl_rildaemon_prop:s0 tclass=file permissive=1
09-30 05:50:11.435 527 587 I UsageStatsService: User[0] Rollover scheduled @ 2022-10-01 05:50:09(1664603409138)
09-30 05:50:11.441 527 587 I UsageStatsService: Time changed in by 1664516950 seconds
09-30 05:50:05.516 1122 1122 I getprop : type=1400 audit(0.0:877): avc: denied { open } for path="/dev/__properties__/u:object_r:ctl_sigstop_prop:s0" dev="tmpfs" ino=97 scontext=u:r:shell:s0 tcontext=u:object_r:ctl_sigstop_prop:s0 tclass=file permissive=1
09-30 05:50:11.457 527 587 I UsageStatsService: User[0] Flushing usage stats to disk
09-30 05:50:05.516 1122 1122 I getprop : type=1400 audit(0.0:878): avc: denied { getattr } for path="/dev/__properties__/u:object_r:ctl_sigstop_prop:s0" dev="tmpfs" ino=97 scontext=u:r:shell:s0 tcontext=u:object_r:ctl_sigstop_prop:s0 tclass=file permissive=1
09-30 05:50:11.487 1306 1306 V GraphicsEnvironment: ANGLE Developer option for 'com.android.traceur' set to: 'default'
09-30 05:50:11.488 1306 1306 V GraphicsEnvironment: Neither updatable production driver nor prerelease driver is supported.
09-30 05:50:05.516 1122 1122 I getprop : type=1400 audit(0.0:879): avc: denied { map } for path="/dev/__properties__/u:object_r:ctl_sigstop_prop:s0" dev="tmpfs" ino=97 scontext=u:r:shell:s0 tcontext=u:object_r:ctl_sigstop_prop:s0 tclass=file permissive=1
09-30 05:50:11.500 1306 1306 D NetworkSecurityConfig: No Network Security Config specified, using platform default
09-30 05:50:11.501 1306 1306 D NetworkSecurityConfig: No Network Security Config specified, using platform default
09-30 05:50:05.516 1122 1122 I getprop : type=1400 audit(0.0:880): avc: denied { open } for path="/dev/__properties__/u:object_r:ctl_start_prop:s0" dev="tmpfs" ino=99 scontext=u:r:shell:s0 tcontext=u:object_r:ctl_start_prop:s0 tclass=file permissive=1
09-30 05:50:11.537 1153 1153 I LatinIME: Timeout waiting for dictionary load
09-30 05:50:11.541 807 807 D StatusBar: disable disable2
09-30 05:50:11.547 807 807 W TouchableRegionManager: onHeadsUpPinnedModeChanged
09-30 05:50:05.516 1122 1122 I getprop : type=1400 audit(0.0:881): avc: denied { getattr } for path="/dev/__properties__/u:object_r:ctl_start_prop:s0" dev="tmpfs" ino=99 scontext=u:r:shell:s0 tcontext=u:object_r:ctl_start_prop:s0 tclass=file permissive=1
09-30 05:50:11.593 527 587 D CompatibilityChangeReporter: Compat change id reported: 135634846; UID 10034; state: DISABLED
09-30 05:50:11.593 527 587 D CompatibilityChangeReporter: Compat change id reported: 177438394; UID 10034; state: DISABLED
09-30 05:50:11.594 527 587 D CompatibilityChangeReporter: Compat change id reported: 135772972; UID 10034; state: DISABLED
09-30 05:50:11.594 527 587 D CompatibilityChangeReporter: Compat change id reported: 135754954; UID 10034; state: ENABLED
09-30 05:50:11.595 527 589 D CompatibilityChangeReporter: Compat change id reported: 143937733; UID 10034; state: ENABLED
09-30 05:50:11.630 389 389 D Zygote : Forked child process 1330
09-30 05:50:11.636 527 589 I ActivityManager: Start proc 1330:com.android.printspooler/u0a34 for service {com.android.printspooler/com.android.printspooler.model.PrintSpoolerService}
09-30 05:50:11.645 1074 1115 D LoaderTask: loadWorkspace: loading default favorites
09-30 05:50:05.516 1122 1122 I getprop : type=1400 audit(0.0:882): avc: denied { map } for path="/dev/__properties__/u:object_r:ctl_start_prop:s0" dev="tmpfs" ino=99 scontext=u:r:shell:s0 tcontext=u:object_r:ctl_start_prop:s0 tclass=file permissive=1
09-30 05:50:11.682 1330 1330 I Zygote : seccomp disabled by setenforce 0
09-30 05:50:11.712 479 489 I adbd : jdwp connection from 1330
09-30 05:50:11.718 1306 1306 I Traceur : Received BOOT_COMPLETE
09-30 05:50:11.742 1074 1074 D TouchInteractionService: Touch service destroyed: user=0
09-30 05:50:11.746 527 630 W InputManager-JNI: Input channel object 'recents_animation_input_consumer (client)' was disposed without first being removed with the input manager!
09-30 05:50:05.516 1122 1122 I getprop : type=1400 audit(0.0:883): avc: denied { open } for path="/dev/__properties__/u:object_r:ctl_stop_prop:s0" dev="tmpfs" ino=100 scontext=u:r:shell:s0 tcontext=u:object_r:ctl_stop_prop:s0 tclass=file permissive=1
09-30 05:50:11.760 527 629 D CompatibilityChangeReporter: Compat change id reported: 168419799; UID 10034; state: DISABLED
09-30 05:50:11.777 1330 1330 D CompatibilityChangeReporter: Compat change id reported: 171979766; UID 10034; state: ENABLED
09-30 05:50:11.830 1074 1074 D TouchInteractionService: Touch service connected: user=0
09-30 05:50:11.870 1330 1330 V GraphicsEnvironment: ANGLE Developer option for 'com.android.printspooler' set to: 'default'
09-30 05:50:11.870 1330 1330 V GraphicsEnvironment: Neither updatable production driver nor prerelease driver is supported.
09-30 05:50:11.874 1330 1330 D NetworkSecurityConfig: No Network Security Config specified, using platform default
09-30 05:50:05.516 1122 1122 I getprop : type=1400 audit(0.0:884): avc: denied { getattr } for path="/dev/__properties__/u:object_r:ctl_stop_prop:s0" dev="tmpfs" ino=100 scontext=u:r:shell:s0 tcontext=u:object_r:ctl_stop_prop:s0 tclass=file permissive=1
09-30 05:50:11.876 1330 1330 D NetworkSecurityConfig: No Network Security Config specified, using platform default
09-30 05:50:05.516 1122 1122 I getprop : type=1400 audit(0.0:885): avc: denied { map } for path="/dev/__properties__/u:object_r:ctl_stop_prop:s0" dev="tmpfs" ino=100 scontext=u:r:shell:s0 tcontext=u:object_r:ctl_stop_prop:s0 tclass=file permissive=1
09-30 05:50:11.922 527 583 D CompatibilityChangeReporter: Compat change id reported: 158002302; UID 10059; state: ENABLED
09-30 05:50:05.516 1122 1122 I getprop : type=1400 audit(0.0:886): avc: denied { open } for path="/dev/__properties__/u:object_r:dck_prop:s0" dev="tmpfs" ino=104 scontext=u:r:shell:s0 tcontext=u:object_r:dck_prop:s0 tclass=file permissive=1
09-30 05:50:11.934 254 993 W ServiceManager: Permission failure: android.permission.ACCESS_SURFACE_FLINGER from uid=10059 pid=1074
09-30 05:50:11.934 254 993 D PermissionCache: checking android.permission.ACCESS_SURFACE_FLINGER for uid=10059 => denied (1134 us)
09-30 05:50:11.940 254 993 D PermissionCache: checking android.permission.ROTATE_SURFACE_FLINGER for uid=10059 => granted (5713 us)
09-30 05:50:11.998 220 1192 I vold : Bind mounting //data/media/0/Android/data on /mnt/user/0/emulated/0/Android/data
09-30 05:50:05.516 1122 1122 I getprop : type=1400 audit(0.0:887): avc: denied { getattr } for path="/dev/__properties__/u:object_r:dck_prop:s0" dev="tmpfs" ino=104 scontext=u:r:shell:s0 tcontext=u:object_r:dck_prop:s0 tclass=file permissive=1
09-30 05:50:05.516 1122 1122 I getprop : type=1400 audit(0.0:888): avc: denied { map } for path="/dev/__properties__/u:object_r:dck_prop:s0" dev="tmpfs" ino=104 scontext=u:r:shell:s0 tcontext=u:object_r:dck_prop:s0 tclass=file permissive=1
09-30 05:50:12.011 220 1192 I vold : Bind mounted //data/media/0/Android/data on /mnt/user/0/emulated/0/Android/data
09-30 05:50:12.011 220 1192 I vold : Bind mounting //data/media/0/Android/obb on /mnt/user/0/emulated/0/Android/obb
09-30 05:50:12.013 220 1192 I vold : Bind mounted //data/media/0/Android/obb on /mnt/user/0/emulated/0/Android/obb
09-30 05:50:12.013 220 1192 I vold : Configuring read_ahead of /mnt/user/0/emulated fuse filesystem to 256kb
09-30 05:50:12.014 220 1192 I vold : Writing 256 to /sys/class/bdi/0:72/read_ahead_kb
09-30 05:50:12.014 220 1192 I vold : Configuring max_ratio of /mnt/user/0/emulated fuse filesystem to 40
09-30 05:50:12.014 220 1192 I vold : Writing 40 to /sys/class/bdi/0:72/max_ratio
09-30 05:50:12.024 527 652 I StorageManagerService: Mounted volume VolumeInfo{emulated;0}:
09-30 05:50:12.024 527 652 I StorageManagerService: type=EMULATED diskId=null partGuid= mountFlags=PRIMARY|VISIBLE
09-30 05:50:12.024 527 652 I StorageManagerService: mountUserId=0 state=MOUNTED
09-30 05:50:12.024 527 652 I StorageManagerService: fsType=null fsUuid=null fsLabel=null
09-30 05:50:12.024 527 652 I StorageManagerService: path=/storage/emulated internalPath=/data/media
09-30 05:50:12.026 527 652 I StorageSessionController: Notifying volume state changed for session with id: emulated;0
09-30 05:50:12.053 1245 1301 V MediaStore: Examining volume emulated;0 with name external_primary and state mounted
09-30 05:50:12.053 1245 1301 V MediaStore: Examining volume public:179,97 with name null and state unmounted
09-30 05:50:05.516 1122 1122 I getprop : type=1400 audit(0.0:889): avc: denied { open } for path="/dev/__properties__/u:object_r:debugfs_restriction_prop:s0" dev="tmpfs" ino=106 scontext=u:r:shell:s0 tcontext=u:object_r:debugfs_restriction_prop:s0 tclass=file permissive=1
09-30 05:50:05.516 1122 1122 I getprop : type=1400 audit(0.0:890): avc: denied { getattr } for path="/dev/__properties__/u:object_r:debugfs_restriction_prop:s0" dev="tmpfs" ino=106 scontext=u:r:shell:s0 tcontext=u:object_r:debugfs_restriction_prop:s0 tclass=file permissive=1
09-30 05:50:12.107 527 652 I StorageManagerService: Mounting volume VolumeInfo{public:179,97}:
09-30 05:50:12.107 527 652 I StorageManagerService: type=PUBLIC diskId=disk:179,96 partGuid= mountFlags=VISIBLE mountUserId=0
09-30 05:50:12.107 527 652 I StorageManagerService: state=UNMOUNTED
09-30 05:50:12.107 527 652 I StorageManagerService: fsType=null fsUuid=null fsLabel=null
09-30 05:50:12.107 527 652 I StorageManagerService: path=null internalPath=null
09-30 05:50:12.111 220 1192 D vold : /system/bin/blkid
09-30 05:50:12.111 220 1192 D vold : -c
09-30 05:50:12.111 220 1192 D vold : /dev/null
09-30 05:50:12.111 220 1192 D vold : -s
09-30 05:50:12.111 220 1192 D vold : TYPE
09-30 05:50:12.111 220 1192 D vold : -s
09-30 05:50:12.111 220 1192 D vold : UUID
09-30 05:50:12.111 220 1192 D vold : -s
09-30 05:50:12.111 220 1192 D vold : LABEL
09-30 05:50:12.111 220 1192 D vold : /dev/block/vold/public:179,97
09-30 05:50:12.134 1074 1074 D TouchInteractionService: Touch service connected: user=0
09-30 05:50:05.516 1122 1122 I getprop : type=1400 audit(0.0:891): avc: denied { map } for path="/dev/__properties__/u:object_r:debugfs_restriction_prop:s0" dev="tmpfs" ino=106 scontext=u:r:shell:s0 tcontext=u:object_r:debugfs_restriction_prop:s0 tclass=file permissive=1
09-30 05:50:12.156 807 817 I ndroid.systemu: Background concurrent copying GC freed 23057(1236KB) AllocSpace objects, 0(0B) LOS objects, 20% free, 7797KB/9845KB, paused 246us total 322.159ms
09-30 05:50:05.516 1122 1122 I getprop : type=1400 audit(0.0:892): avc: denied { open } for path="/dev/__properties__/u:object_r:device_config_activity_manager_native_boot_prop:s0" dev="tmpfs" ino=109 scontext=u:r:shell:s0 tcontext=u:object_r:device_config_activity_manager_native_boot_prop:s0 tclass=file permissive=1
09-30 05:50:05.516 1122 1122 I getprop : type=1400 audit(0.0:893): avc: denied { getattr } for path="/dev/__properties__/u:object_r:device_config_activity_manager_native_boot_prop:s0" dev="tmpfs" ino=109 scontext=u:r:shell:s0 tcontext=u:object_r:device_config_activity_manager_native_boot_prop:s0 tclass=file permissive=1
09-30 05:50:12.193 1074 1074 W UnsafeUtil: platform method missing - proto runtime falling back to safer methods: java.lang.NoSuchMethodException: sun.misc.Unsafe.copyMemory [class java.lang.Object, long, class java.lang.Object, long, long]
09-30 05:50:12.219 807 807 I Choreographer: Skipped 32 frames! The application may be doing too much work on its main thread.
09-30 05:50:12.239 527 579 I ActivityTaskManager: Displayed com.android.launcher3/.uioverrides.QuickstepLauncher: +2s417ms
09-30 05:50:12.270 1074 1115 D LoaderTask: loadWorkspace
09-30 05:50:05.516 1122 1122 I getprop : type=1400 audit(0.0:894): avc: denied { map } for path="/dev/__properties__/u:object_r:device_config_activity_manager_native_boot_prop:s0" dev="tmpfs" ino=109 scontext=u:r:shell:s0 tcontext=u:object_r:device_config_activity_manager_native_boot_prop:s0 tclass=file permissive=1
09-30 05:50:12.308 1074 1115 D LoaderTask: sanitizeData
09-30 05:50:12.315 220 1192 D vold : /dev/block/vold/public:179,97: LABEL="boot" UUID="43F0-93AE" TYPE="vfat"
09-30 05:50:12.319 220 1192 D vold : /system/bin/fsck_msdos
09-30 05:50:12.319 220 1192 D vold : -p
09-30 05:50:12.319 220 1192 D vold : -f
09-30 05:50:12.319 220 1192 D vold : -y
09-30 05:50:12.319 220 1192 D vold : /dev/block/vold/public:179,97
09-30 05:50:12.325 1074 1115 D LoaderTask: bindWorkspace
09-30 05:50:12.329 1074 1115 D LoaderTask: sendFirstScreenActiveInstallsBroadcast
09-30 05:50:05.516 1122 1122 I getprop : type=1400 audit(0.0:895): avc: denied { open } for path="/dev/__properties__/u:object_r:device_config_boot_count_prop:s0" dev="tmpfs" ino=110 scontext=u:r:shell:s0 tcontext=u:object_r:device_config_boot_count_prop:s0 tclass=file permissive=1
09-30 05:50:05.516 1122 1122 I getprop : type=1400 audit(0.0:896): avc: denied { getattr } for path="/dev/__properties__/u:object_r:device_config_boot_count_prop:s0" dev="tmpfs" ino=110 scontext=u:r:shell:s0 tcontext=u:object_r:device_config_boot_count_prop:s0 tclass=file permissive=1
09-30 05:50:05.516 1122 1122 I getprop : type=1400 audit(0.0:897): avc: denied { map } for path="/dev/__properties__/u:object_r:device_config_boot_count_prop:s0" dev="tmpfs" ino=110 scontext=u:r:shell:s0 tcontext=u:object_r:device_config_boot_count_prop:s0 tclass=file permissive=1
09-30 05:50:05.516 1122 1122 I getprop : type=1400 audit(0.0:898): avc: denied { open } for path="/dev/__properties__/u:object_r:device_config_connectivity_prop:s0" dev="tmpfs" ino=112 scontext=u:r:shell:s0 tcontext=u:object_r:device_config_connectivity_prop:s0 tclass=file permissive=1
09-30 05:50:05.516 1122 1122 I getprop : type=1400 audit(0.0:899): avc: denied { getattr } for path="/dev/__properties__/u:object_r:device_config_connectivity_prop:s0" dev="tmpfs" ino=112 scontext=u:r:shell:s0 tcontext=u:object_r:device_config_connectivity_prop:s0 tclass=file permissive=1
09-30 05:50:05.516 1122 1122 I getprop : type=1400 audit(0.0:900): avc: denied { map } for path="/dev/__properties__/u:object_r:device_config_connectivity_prop:s0" dev="tmpfs" ino=112 scontext=u:r:shell:s0 tcontext=u:object_r:device_config_connectivity_prop:s0 tclass=file permissive=1
09-30 05:50:12.518 807 807 W View : requestLayout() improperly called by com.android.systemui.statusbar.phone.StatusIconContainer{c3561be V.E...... ......ID 0,0-9,72 #7f0b0571 app:id/statusIcons} during layout: running second layout pass
09-30 05:50:05.516 1122 1122 I getprop : type=1400 audit(0.0:901): avc: denied { open } for path="/dev/__properties__/u:object_r:device_config_input_native_boot_prop:s0" dev="tmpfs" ino=113 scontext=u:r:shell:s0 tcontext=u:object_r:device_config_input_native_boot_prop:s0 tclass=file permissive=1
09-30 05:50:05.516 1122 1122 I getprop : type=1400 audit(0.0:902): avc: denied { getattr } for path="/dev/__properties__/u:object_r:device_config_input_native_boot_prop:s0" dev="tmpfs" ino=113 scontext=u:r:shell:s0 tcontext=u:object_r:device_config_input_native_boot_prop:s0 tclass=file permissive=1
09-30 05:50:05.516 1122 1122 I getprop : type=1400 audit(0.0:903): avc: denied { map } for path="/dev/__properties__/u:object_r:device_config_input_native_boot_prop:s0" dev="tmpfs" ino=113 scontext=u:r:shell:s0 tcontext=u:object_r:device_config_input_native_boot_prop:s0 tclass=file permissive=1
09-30 05:50:12.621 527 630 W InputManager-JNI: Input channel object '5fb4004 com.android.settings/com.android.settings.FallbackHome (client)' was disposed without first being removed with the input manager!
09-30 05:50:05.516 1122 1122 I getprop : type=1400 audit(0.0:904): avc: denied { open } for path="/dev/__properties__/u:object_r:device_config_lmkd_native_prop:s0" dev="tmpfs" ino=114 scontext=u:r:shell:s0 tcontext=u:object_r:device_config_lmkd_native_prop:s0 tclass=file permissive=1
09-30 05:50:05.516 1122 1122 I getprop : type=1400 audit(0.0:905): avc: denied { getattr } for path="/dev/__properties__/u:object_r:device_config_lmkd_native_prop:s0" dev="tmpfs" ino=114 scontext=u:r:shell:s0 tcontext=u:object_r:device_config_lmkd_native_prop:s0 tclass=file permissive=1
09-30 05:50:05.516 1122 1122 I getprop : type=1400 audit(0.0:906): avc: denied { map } for path="/dev/__properties__/u:object_r:device_config_lmkd_native_prop:s0" dev="tmpfs" ino=114 scontext=u:r:shell:s0 tcontext=u:object_r:device_config_lmkd_native_prop:s0 tclass=file permissive=1
09-30 05:50:12.686 807 1104 I OpenGLRenderer: Davey! duration=915ms; Flags=1, FrameTimelineVsyncId=1235, IntendedVsync=55137916013, Vsync=55671249325, InputEventId=0, HandleInputStart=55676591060, AnimationStart=55676595130, PerformTraversalsStart=55678562090, DrawStart=56022061025, FrameDeadline=55154582679, FrameInterval=55676368890, FrameStartTime=16666666, SyncQueued=56039358620, SyncStart=56097562255, IssueDrawCommandsStart=56098437365, SwapBuffers=56109155195, FrameCompleted=56111737180, DequeueBufferDuration=0, QueueBufferDuration=2046280, GpuCompleted=56111673535, SwapBuffersCompleted=56111737180, DisplayPresentTime=0,
09-30 05:50:12.687 807 1104 I OpenGLRenderer: Davey! duration=997ms; Flags=1, FrameTimelineVsyncId=1235, IntendedVsync=55137916013, Vsync=55671249325, InputEventId=0, HandleInputStart=55676591060, AnimationStart=55676595130, PerformTraversalsStart=55678562090, DrawStart=56113158805, FrameDeadline=55171249345, FrameInterval=55676368890, FrameStartTime=16666666, SyncQueued=56113310740, SyncStart=56113696135, IssueDrawCommandsStart=56113898500, SwapBuffers=56133614520, FrameCompleted=56135838345, DequeueBufferDuration=0, QueueBufferDuration=1486785, GpuCompleted=56135612805, SwapBuffersCompleted=56135838345, DisplayPresentTime=0,
09-30 05:50:12.693 1074 1115 D LoaderTask: step 1 complete
09-30 05:50:05.516 1122 1122 I getprop : type=1400 audit(0.0:907): avc: denied { open } for path="/dev/__properties__/u:object_r:device_config_media_native_prop:s0" dev="tmpfs" ino=115 scontext=u:r:shell:s0 tcontext=u:object_r:device_config_media_native_prop:s0 tclass=file permissive=1
09-30 05:50:12.729 527 792 D CompatibilityChangeReporter: Compat change id reported: 168419799; UID 1000; state: DISABLED
09-30 05:50:05.516 1122 1122 I getprop : type=1400 audit(0.0:908): avc: denied { getattr } for path="/dev/__properties__/u:object_r:device_config_media_native_prop:s0" dev="tmpfs" ino=115 scontext=u:r:shell:s0 tcontext=u:object_r:device_config_media_native_prop:s0 tclass=file permissive=1
09-30 05:50:12.754 527 527 D NetworkSecurityConfig: No Network Security Config specified, using platform default
09-30 05:50:12.765 807 807 I Choreographer: Skipped 32 frames! The application may be doing too much work on its main thread.
09-30 05:50:05.516 1122 1122 I getprop : type=1400 audit(0.0:909): avc: denied { map } for path="/dev/__properties__/u:object_r:device_config_media_native_prop:s0" dev="tmpfs" ino=115 scontext=u:r:shell:s0 tcontext=u:object_r:device_config_media_native_prop:s0 tclass=file permissive=1
09-30 05:50:12.780 527 527 I Telecom : DefaultDialerCache: Refreshing default dialer for user 0: now null: DDC.oR@AAw
09-30 05:50:12.782 527 527 I Telecom : MissedCallNotifierImpl: reloadAfterBootComplete: user=0: TSBCR.oR@AA0
09-30 05:50:12.801 527 527 I Telecom : MissedCallNotifierImpl: reloadAfterBootComplete: user=0: TSBCR.oR@AA0
09-30 05:50:12.803 527 1365 I RecoverySystem: No recovery log file
09-30 05:50:12.809 527 1366 D CompatibilityChangeReporter: Compat change id reported: 135634846; UID 10016; state: DISABLED
09-30 05:50:12.809 527 1366 D CompatibilityChangeReporter: Compat change id reported: 177438394; UID 10016; state: DISABLED
09-30 05:50:12.810 527 1366 D CompatibilityChangeReporter: Compat change id reported: 135772972; UID 10016; state: DISABLED
09-30 05:50:12.810 527 1366 D CompatibilityChangeReporter: Compat change id reported: 135754954; UID 10016; state: ENABLED
09-30 05:50:05.516 1122 1122 I getprop : type=1400 audit(0.0:910): avc: denied { open } for path="/dev/__properties__/u:object_r:device_config_netd_native_prop:s0" dev="tmpfs" ino=116 scontext=u:r:shell:s0 tcontext=u:object_r:device_config_netd_native_prop:s0 tclass=file permissive=1
09-30 05:50:12.810 1074 1074 E libprocessgroup: set_timerslack_ns write failed: Operation not permitted
09-30 05:50:12.812 527 589 D CompatibilityChangeReporter: Compat change id reported: 143937733; UID 10016; state: ENABLED
09-30 05:50:12.833 892 892 D CarrierConfigLoader: mHandler: EVENT_SYSTEM_UNLOCKED phoneId: 0
09-30 05:50:05.516 1122 1122 I getprop : type=1400 audit(0.0:911): avc: denied { getattr } for path="/dev/__properties__/u:object_r:device_config_netd_native_prop:s0" dev="tmpfs" ino=116 scontext=u:r:shell:s0 tcontext=u:object_r:device_config_netd_native_prop:s0 tclass=file permissive=1
09-30 05:50:12.849 527 1365 I DropBoxManagerService: add tag=SYSTEM_BOOT isTagEnabled=true flags=0x2
09-30 05:50:12.851 527 1216 D CompatibilityChangeReporter: Compat change id reported: 135634846; UID 1000; state: DISABLED
09-30 05:50:12.851 527 1216 D CompatibilityChangeReporter: Compat change id reported: 177438394; UID 1000; state: DISABLED
09-30 05:50:12.851 527 1216 D CompatibilityChangeReporter: Compat change id reported: 135772972; UID 1000; state: DISABLED
09-30 05:50:12.852 527 1216 D CompatibilityChangeReporter: Compat change id reported: 135754954; UID 1000; state: ENABLED
09-30 05:50:12.865 527 1365 I BootReceiver: Copying audit failures to DropBox
09-30 05:50:12.869 527 792 D CompatibilityChangeReporter: Compat change id reported: 168419799; UID 1001; state: DISABLED
09-30 05:50:05.516 1122 1122 I getprop : type=1400 audit(0.0:912): avc: denied { map } for path="/dev/__properties__/u:object_r:device_config_netd_native_prop:s0" dev="tmpfs" ino=116 scontext=u:r:shell:s0 tcontext=u:object_r:device_config_netd_native_prop:s0 tclass=file permissive=1
09-30 05:50:12.879 527 1365 I BootReceiver: Checking for fsck errors
09-30 05:50:12.892 527 792 D CompatibilityChangeReporter: Compat change id reported: 135634846; UID 10053; state: DISABLED
09-30 05:50:12.893 527 792 D CompatibilityChangeReporter: Compat change id reported: 177438394; UID 10053; state: DISABLED
09-30 05:50:12.893 527 792 D CompatibilityChangeReporter: Compat change id reported: 135772972; UID 10053; state: DISABLED
09-30 05:50:12.894 527 792 D CompatibilityChangeReporter: Compat change id reported: 135754954; UID 10053; state: DISABLED
09-30 05:50:12.914 389 389 D Zygote : Forked child process 1368
09-30 05:50:12.921 527 589 W ActivityManager: Slow operation: 114ms so far, now at startProcess: returned from zygote!
09-30 05:50:12.921 527 589 W ActivityManager: Slow operation: 115ms so far, now at startProcess: done updating battery stats
09-30 05:50:12.922 527 589 W ActivityManager: Slow operation: 115ms so far, now at startProcess: building log message
09-30 05:50:12.922 527 589 I ActivityManager: Start proc 1368:android.process.acore/u0a16 for content provider {com.android.providers.contacts/com.android.providers.contacts.CallLogProvider}
09-30 05:50:12.922 527 589 W ActivityManager: Slow operation: 116ms so far, now at startProcess: starting to update pids map
09-30 05:50:12.922 527 589 W ActivityManager: Slow operation: 116ms so far, now at startProcess: done updating pids map
09-30 05:50:05.516 1122 1122 I getprop : type=1400 audit(0.0:913): avc: denied { open } for path="/dev/__properties__/u:object_r:device_config_profcollect_native_boot_prop:s0" dev="tmpfs" ino=117 scontext=u:r:shell:s0 tcontext=u:object_r:device_config_profcollect_native_boot_prop:s0 tclass=file permissive=1
09-30 05:50:12.930 527 589 W ActivityManager: Slow operation: 86ms so far, now at startProcess: asking zygote to start proc
09-30 05:50:12.936 1368 1368 I Zygote : seccomp disabled by setenforce 0
09-30 05:50:12.945 527 1365 D CompatibilityChangeReporter: Compat change id reported: 135634846; UID 10012; state: DISABLED
09-30 05:50:12.950 527 1365 D CompatibilityChangeReporter: Compat change id reported: 177438394; UID 10012; state: DISABLED
09-30 05:50:12.950 527 1365 D CompatibilityChangeReporter: Compat change id reported: 135772972; UID 10012; state: DISABLED
09-30 05:50:12.951 527 1365 D CompatibilityChangeReporter: Compat change id reported: 135754954; UID 10012; state: ENABLED
09-30 05:50:05.516 1122 1122 I getprop : type=1400 audit(0.0:914): avc: denied { getattr } for path="/dev/__properties__/u:object_r:device_config_profcollect_native_boot_prop:s0" dev="tmpfs" ino=117 scontext=u:r:shell:s0 tcontext=u:object_r:device_config_profcollect_native_boot_prop:s0 tclass=file permissive=1
09-30 05:50:12.965 389 389 D Zygote : Forked child process 1376
09-30 05:50:12.966 527 589 W ActivityManager: Slow operation: 123ms so far, now at startProcess: returned from zygote!
09-30 05:50:12.968 527 589 W ActivityManager: Slow operation: 124ms so far, now at startProcess: done updating battery stats
09-30 05:50:12.968 527 589 W ActivityManager: Slow operation: 125ms so far, now at startProcess: building log message
09-30 05:50:12.968 527 589 I ActivityManager: Start proc 1376:com.android.localtransport/1000 for service {com.android.localtransport/com.android.localtransport.LocalTransportService}
09-30 05:50:12.968 527 589 W ActivityManager: Slow operation: 125ms so far, now at startProcess: starting to update pids map
09-30 05:50:12.969 527 589 W ActivityManager: Slow operation: 125ms so far, now at startProcess: done updating pids map
09-30 05:50:12.969 527 589 W ActivityManager: Slow operation: 81ms so far, now at startProcess: asking zygote to start proc
09-30 05:50:12.969 527 589 D CompatibilityChangeReporter: Compat change id reported: 143937733; UID 10053; state: DISABLED
09-30 05:50:12.977 1376 1376 I Zygote : seccomp disabled by setenforce 0
09-30 05:50:12.979 527 537 I system_server: Background young concurrent copying GC freed 21294(1647KB) AllocSpace objects, 9(212KB) LOS objects, 14% free, 9757KB/11MB, paused 358us total 223.978ms
09-30 05:50:05.516 1122 1122 I getprop : type=1400 audit(0.0:915): avc: denied { map } for path="/dev/__properties__/u:object_r:device_config_profcollect_native_boot_prop:s0" dev="tmpfs" ino=117 scontext=u:r:shell:s0 tcontext=u:object_r:device_config_profcollect_native_boot_prop:s0 tclass=file permissive=1
09-30 05:50:12.995 479 489 I adbd : jdwp connection from 1368
09-30 05:50:13.014 479 489 I adbd : jdwp connection from 1376
09-30 05:50:13.015 1382 1382 I Zygote : seccomp disabled by setenforce 0
09-30 05:50:13.021 389 389 D Zygote : Forked child process 1382
09-30 05:50:13.021 1382 1382 I libc : SetHeapTaggingLevel: tag level set to 0
09-30 05:50:13.022 527 589 W ActivityManager: Slow operation: 133ms so far, now at startProcess: returned from zygote!
09-30 05:50:13.023 527 589 W ActivityManager: Slow operation: 135ms so far, now at startProcess: done updating battery stats
09-30 05:50:13.026 527 589 W ActivityManager: Slow operation: 135ms so far, now at startProcess: building log message
09-30 05:50:13.026 527 589 I ActivityManager: Start proc 1382:com.android.calendar/u0a53 for broadcast {com.android.calendar/com.android.calendar.alerts.AlertReceiver}
09-30 05:50:13.026 527 589 W ActivityManager: Slow operation: 138ms so far, now at startProcess: starting to update pids map
09-30 05:50:13.026 527 589 W ActivityManager: Slow operation: 138ms so far, now at startProcess: done updating pids map
09-30 05:50:13.026 527 589 W ActivityManager: Slow operation: 85ms so far, now at startProcess: asking zygote to start proc
09-30 05:50:13.027 527 589 D CompatibilityChangeReporter: Compat change id reported: 143937733; UID 10012; state: ENABLED
09-30 05:50:13.037 807 822 I OpenGLRenderer: Davey! duration=720ms; Flags=0, FrameTimelineVsyncId=1311, IntendedVsync=55687915991, Vsync=56221249303, InputEventId=0, HandleInputStart=56222560330, AnimationStart=56222620150, PerformTraversalsStart=56229481845, DrawStart=56369220220, FrameDeadline=55721249323, FrameInterval=56222296195, FrameStartTime=16666666, SyncQueued=56374958700, SyncStart=56452169635, IssueDrawCommandsStart=56453065010, SwapBuffers=56479730245, FrameCompleted=56485832520, DequeueBufferDuration=0, QueueBufferDuration=2770815, GpuCompleted=56485832520, SwapBuffersCompleted=56484388130, DisplayPresentTime=0,
09-30 05:50:05.516 1122 1122 I getprop : type=1400 audit(0.0:916): avc: denied { open } for path="/dev/__properties__/u:object_r:device_config_reset_performed_prop:s0" dev="tmpfs" ino=118 scontext=u:r:shell:s0 tcontext=u:object_r:device_config_reset_performed_prop:s0 tclass=file permissive=1
09-30 05:50:13.046 807 1353 V PerfettoTrigger: Triggering /system/bin/trigger_perfetto com.android.telemetry.interaction-jank-monitor-12
09-30 05:50:13.076 807 830 I OpenGLRenderer: Davey! duration=799ms; Flags=0, FrameTimelineVsyncId=1311, IntendedVsync=55687915991, Vsync=56221249303, InputEventId=0, HandleInputStart=56222560330, AnimationStart=56222620150, PerformTraversalsStart=56229481845, DrawStart=56460428000, FrameDeadline=55721249323, FrameInterval=56222296195, FrameStartTime=16666666, SyncQueued=56462598310, SyncStart=56484769610, IssueDrawCommandsStart=56485163400, SwapBuffers=56507387750, FrameCompleted=56509852595, DequeueBufferDuration=0, QueueBufferDuration=1518530, GpuCompleted=56508292010, SwapBuffersCompleted=56509852595, DisplayPresentTime=0,
09-30 05:50:05.516 1122 1122 I getprop : type=1400 audit(0.0:917): avc: denied { getattr } for path="/dev/__properties__/u:object_r:device_config_reset_performed_prop:s0" dev="tmpfs" ino=118 scontext=u:r:shell:s0 tcontext=u:object_r:device_config_reset_performed_prop:s0 tclass=file permissive=1
09-30 05:50:13.090 389 389 D Zygote : Forked child process 1410
09-30 05:50:13.091 527 589 W ActivityManager: Slow operation: 150ms so far, now at startProcess: returned from zygote!
09-30 05:50:13.095 479 489 I adbd : jdwp connection from 1382
09-30 05:50:13.099 527 589 W ActivityManager: Slow operation: 158ms so far, now at startProcess: done updating battery stats
09-30 05:50:13.100 527 589 W ActivityManager: Slow operation: 158ms so far, now at startProcess: building log message
09-30 05:50:13.100 527 589 I ActivityManager: Start proc 1410:android.process.media/u0a12 for content provider {com.android.providers.downloads/com.android.providers.downloads.DownloadProvider}
09-30 05:50:13.100 527 589 W ActivityManager: Slow operation: 158ms so far, now at startProcess: starting to update pids map
09-30 05:50:13.103 527 589 W ActivityManager: Slow operation: 162ms so far, now at startProcess: done updating pids map
09-30 05:50:05.516 1122 1122 I getprop : type=1400 audit(0.0:918): avc: denied { map } for path="/dev/__properties__/u:object_r:device_config_reset_performed_prop:s0" dev="tmpfs" ino=118 scontext=u:r:shell:s0 tcontext=u:object_r:device_config_reset_performed_prop:s0 tclass=file permissive=1
09-30 05:50:13.119 527 577 D CompatibilityChangeReporter: Compat change id reported: 168419799; UID 10016; state: DISABLED
09-30 05:50:05.516 1122 1122 I getprop : type=1400 audit(0.0:919): avc: denied { open } for path="/dev/__properties__/u:object_r:device_config_statsd_native_boot_prop:s0" dev="tmpfs" ino=121 scontext=u:r:shell:s0 tcontext=u:object_r:device_config_statsd_native_boot_prop:s0 tclass=file permissive=1
09-30 05:50:13.135 1410 1410 I Zygote : seccomp disabled by setenforce 0
09-30 05:50:13.150 1368 1368 D CompatibilityChangeReporter: Compat change id reported: 171979766; UID 10016; state: ENABLED
09-30 05:50:13.164 479 489 I adbd : jdwp connection from 1410
09-30 05:50:13.170 527 792 D CompatibilityChangeReporter: Compat change id reported: 168419799; UID 10053; state: DISABLED
09-30 05:50:13.170 1376 1376 D CompatibilityChangeReporter: Compat change id reported: 171979766; UID 1000; state: ENABLED
09-30 05:50:05.516 1122 1122 I getprop : type=1400 audit(0.0:920): avc: denied { getattr } for path="/dev/__properties__/u:object_r:device_config_statsd_native_boot_prop:s0" dev="tmpfs" ino=121 scontext=u:r:shell:s0 tcontext=u:object_r:device_config_statsd_native_boot_prop:s0 tclass=file permissive=1
09-30 05:50:13.199 1382 1382 D CompatibilityChangeReporter: Compat change id reported: 171979766; UID 10053; state: DISABLED
09-30 05:50:13.200 527 808 D CompatibilityChangeReporter: Compat change id reported: 168419799; UID 10012; state: DISABLED
09-30 05:50:13.213 385 385 I netd : bandwidthAddNiceApp(10012) <0.18ms>
09-30 05:50:13.226 1410 1410 D CompatibilityChangeReporter: Compat change id reported: 171979766; UID 10012; state: ENABLED
09-30 05:50:13.230 220 1192 D vold : /dev/block/vold/public:179,97: 44 files, 15170616 KiB free (1896327 clusters)
09-30 05:50:05.516 1122 1122 I getprop : type=1400 audit(0.0:921): avc: denied { map } for path="/dev/__properties__/u:object_r:device_config_statsd_native_boot_prop:s0" dev="tmpfs" ino=121 scontext=u:r:shell:s0 tcontext=u:object_r:device_config_statsd_native_boot_prop:s0 tclass=file permissive=1
09-30 05:50:13.244 1382 1382 D ApplicationLoaders: Returning zygote-cached class loader: /system/framework/android.test.base.jar
09-30 05:50:13.250 220 1192 I vold : Filesystem check completed OK
09-30 05:50:13.287 1376 1376 V GraphicsEnvironment: ANGLE Developer option for 'com.android.localtransport' set to: 'default'
09-30 05:50:13.287 1376 1376 V GraphicsEnvironment: Neither updatable production driver nor prerelease driver is supported.
09-30 05:50:13.291 1376 1376 D NetworkSecurityConfig: No Network Security Config specified, using platform default
09-30 05:50:13.291 1376 1376 D NetworkSecurityConfig: No Network Security Config specified, using platform default
09-30 05:50:13.304 220 1192 I vold : Mounting public fuse volume
09-30 05:50:13.321 1410 1410 V GraphicsEnvironment: ANGLE Developer option for 'com.android.providers.downloads' set to: 'default'
09-30 05:50:13.322 1410 1410 V GraphicsEnvironment: Neither updatable production driver nor prerelease driver is supported.
09-30 05:50:13.328 1410 1410 D NetworkSecurityConfig: No Network Security Config specified, using platform default
09-30 05:50:13.330 1410 1410 D NetworkSecurityConfig: No Network Security Config specified, using platform default
09-30 05:50:13.331 220 1192 I vold : Bind mounting /mnt/media_rw/43F0-93AE to /mnt/pass_through/0/43F0-93AE
09-30 05:50:13.334 1382 1382 D nativeloader: classloader namespace configured for unbundled product apk. library_path=/system/product/app/Calendar/lib/arm64:/product/lib64:/system/product/lib64
09-30 05:50:13.348 1368 1368 V GraphicsEnvironment: ANGLE Developer option for 'com.android.providers.contacts' set to: 'default'
09-30 05:50:13.348 527 652 I StorageSessionController: On volume mount VolumeInfo{public:179,97}:
09-30 05:50:13.348 527 652 I StorageSessionController: type=PUBLIC diskId=disk:179,96 partGuid= mountFlags=VISIBLE mountUserId=0
09-30 05:50:13.348 527 652 I StorageSessionController: state=CHECKING
09-30 05:50:13.348 527 652 I StorageSessionController: fsType=vfat fsUuid=43F0-93AE fsLabel=boot
09-30 05:50:13.348 527 652 I StorageSessionController: path=/storage/43F0-93AE internalPath=/mnt/media_rw/43F0-93AE
09-30 05:50:13.349 1368 1368 V GraphicsEnvironment: Neither updatable production driver nor prerelease driver is supported.
09-30 05:50:13.350 527 652 I StorageSessionController: Creating and starting session with id: public:179,97
09-30 05:50:13.352 807 830 I OpenGLRenderer: Davey! duration=1118ms; Flags=0, FrameTimelineVsyncId=1311, IntendedVsync=55687915991, Vsync=56221249303, InputEventId=0, HandleInputStart=56222560330, AnimationStart=56222620150, PerformTraversalsStart=56229481845, DrawStart=56485623810, FrameDeadline=55704582657, FrameInterval=56222296195, FrameStartTime=16666666, SyncQueued=56792864880, SyncStart=56793435590, IssueDrawCommandsStart=56793690490, SwapBuffers=56797213780, FrameCompleted=56807034830, DequeueBufferDuration=0, QueueBufferDuration=8905485, GpuCompleted=56798343250, SwapBuffersCompleted=56807034830, DisplayPresentTime=72906447096317214,
09-30 05:50:13.356 1245 1301 I ExternalStorageServiceImpl: Starting session for id: public:179,97
09-30 05:50:13.358 1245 1301 V FuseDaemonThread: Waiting 1000ms for FUSE start. Count 4
09-30 05:50:13.358 807 807 I Choreographer: Skipped 33 frames! The application may be doing too much work on its main thread.
09-30 05:50:13.360 1368 1368 D NetworkSecurityConfig: No Network Security Config specified, using platform default
09-30 05:50:13.361 1368 1368 D NetworkSecurityConfig: No Network Security Config specified, using platform default
09-30 05:50:13.367 527 527 I TransportClient: LocalTransportService#0: Notifying [TransportManager.registerTransport()] transport = IBackupTransport
09-30 05:50:13.373 1245 1446 I FuseDaemonThread: Starting thread for public:179,97 ...
09-30 05:50:13.379 1245 1446 I FuseDaemon: Starting fuse...
09-30 05:50:05.516 1122 1122 I getprop : type=1400 audit(0.0:922): avc: denied { open } for path="/dev/__properties__/u:object_r:device_config_statsd_native_prop:s0" dev="tmpfs" ino=122 scontext=u:r:shell:s0 tcontext=u:object_r:device_config_statsd_native_prop:s0 tclass=file permissive=1
