01-01 00:00:29.228 512 512 I getprop : type=1400 audit(0.0:63): avc: denied { map } for path="/dev/__properties__/u:object_r:cold_boot_done_prop:s0" dev="tmpfs" ino=76 scontext=u:r:shell:s0 tcontext=u:object_r:cold_boot_done_prop:s0 tclass=file permissive=1
01-01 00:00:30.708 389 498 W zygote64: Verification of void android.net.NetworkAgent$NetworkAgentHandler.handleMessage(android.os.Message) took 112.792ms (3971.89 bytecodes/s) (10104B approximate peak alloc)
01-01 00:00:29.232 512 512 I getprop : type=1400 audit(0.0:64): avc: denied { open } for path="/dev/__properties__/u:object_r:cpu_variant_prop:s0" dev="tmpfs" ino=79 scontext=u:r:shell:s0 tcontext=u:object_r:cpu_variant_prop:s0 tclass=file permissive=1
01-01 00:00:29.232 512 512 I getprop : type=1400 audit(0.0:65): avc: denied { getattr } for path="/dev/__properties__/u:object_r:cpu_variant_prop:s0" dev="tmpfs" ino=79 scontext=u:r:shell:s0 tcontext=u:object_r:cpu_variant_prop:s0 tclass=file permissive=1
01-01 00:00:29.232 512 512 I getprop : type=1400 audit(0.0:66): avc: denied { map } for path="/dev/__properties__/u:object_r:cpu_variant_prop:s0" dev="tmpfs" ino=79 scontext=u:r:shell:s0 tcontext=u:object_r:cpu_variant_prop:s0 tclass=file permissive=1
01-01 00:00:29.232 512 512 I getprop : type=1400 audit(0.0:67): avc: denied { open } for path="/dev/__properties__/u:object_r:ctl_adbd_prop:s0" dev="tmpfs" ino=80 scontext=u:r:shell:s0 tcontext=u:object_r:ctl_adbd_prop:s0 tclass=file permissive=1
01-01 00:00:29.232 512 512 I getprop : type=1400 audit(0.0:68): avc: denied { getattr } for path="/dev/__properties__/u:object_r:ctl_adbd_prop:s0" dev="tmpfs" ino=80 scontext=u:r:shell:s0 tcontext=u:object_r:ctl_adbd_prop:s0 tclass=file permissive=1
01-01 00:00:30.806 389 499 I zygote64: Background young concurrent copying GC freed 6774(593KB) AllocSpace objects, 0(0B) LOS objects, 8% free, 2042KB/2237KB, paused 65.333ms total 302.854ms
01-01 00:00:29.232 512 512 I getprop : type=1400 audit(0.0:69): avc: denied { map } for path="/dev/__properties__/u:object_r:ctl_adbd_prop:s0" dev="tmpfs" ino=80 scontext=u:r:shell:s0 tcontext=u:object_r:ctl_adbd_prop:s0 tclass=file permissive=1
01-01 00:00:30.822 254 269 D RenderEngine: Shader cache generated 90 shaders in 10921.093750 ms
01-01 00:00:30.827 389 389 I Typeface: Preloading /system/fonts/Roboto-Regular.ttf
01-01 00:00:29.232 512 512 I getprop : type=1400 audit(0.0:70): avc: denied { open } for path="/dev/__properties__/u:object_r:ctl_apexd_prop:s0" dev="tmpfs" ino=81 scontext=u:r:shell:s0 tcontext=u:object_r:ctl_apexd_prop:s0 tclass=file permissive=1
01-01 00:00:30.845 389 389 I Typeface: Preloading /system/fonts/RobotoStatic-Regular.ttf
01-01 00:00:30.865 253 288 D libEGL : loaded /vendor/lib64/egl/libEGL_powervr.so
01-01 00:00:29.232 512 512 I getprop : type=1400 audit(0.0:71): avc: denied { getattr } for path="/dev/__properties__/u:object_r:ctl_apexd_prop:s0" dev="tmpfs" ino=81 scontext=u:r:shell:s0 tcontext=u:object_r:ctl_apexd_prop:s0 tclass=file permissive=1
01-01 00:00:30.887 253 288 D libEGL : loaded /vendor/lib64/egl/libGLESv1_CM_powervr.so
01-01 00:00:29.232 512 512 I getprop : type=1400 audit(0.0:72): avc: denied { map } for path="/dev/__properties__/u:object_r:ctl_apexd_prop:s0" dev="tmpfs" ino=81 scontext=u:r:shell:s0 tcontext=u:object_r:ctl_apexd_prop:s0 tclass=file permissive=1
01-01 00:00:29.232 512 512 I getprop : type=1400 audit(0.0:73): avc: denied { open } for path="/dev/__properties__/u:object_r:ctl_bootanim_prop:s0" dev="tmpfs" ino=82 scontext=u:r:shell:s0 tcontext=u:object_r:ctl_bootanim_prop:s0 tclass=file permissive=1
01-01 00:00:29.232 512 512 I getprop : type=1400 audit(0.0:74): avc: denied { getattr } for path="/dev/__properties__/u:object_r:ctl_bootanim_prop:s0" dev="tmpfs" ino=82 scontext=u:r:shell:s0 tcontext=u:object_r:ctl_bootanim_prop:s0 tclass=file permissive=1
01-01 00:00:29.232 512 512 I getprop : type=1400 audit(0.0:75): avc: denied { map } for path="/dev/__properties__/u:object_r:ctl_bootanim_prop:s0" dev="tmpfs" ino=82 scontext=u:r:shell:s0 tcontext=u:object_r:ctl_bootanim_prop:s0 tclass=file permissive=1
01-01 00:00:29.232 512 512 I getprop : type=1400 audit(0.0:76): avc: denied { open } for path="/dev/__properties__/u:object_r:ctl_console_prop:s0" dev="tmpfs" ino=84 scontext=u:r:shell:s0 tcontext=u:object_r:ctl_console_prop:s0 tclass=file permissive=1
01-01 00:00:30.980 253 288 D libEGL : loaded /vendor/lib64/egl/libGLESv2_powervr.so
01-01 00:00:29.232 512 512 I getprop : type=1400 audit(0.0:77): avc: denied { getattr } for path="/dev/__properties__/u:object_r:ctl_console_prop:s0" dev="tmpfs" ino=84 scontext=u:r:shell:s0 tcontext=u:object_r:ctl_console_prop:s0 tclass=file permissive=1
01-01 00:00:29.232 512 512 I getprop : type=1400 audit(0.0:78): avc: denied { map } for path="/dev/__properties__/u:object_r:ctl_console_prop:s0" dev="tmpfs" ino=84 scontext=u:r:shell:s0 tcontext=u:object_r:ctl_console_prop:s0 tclass=file permissive=1
01-01 00:00:29.232 512 512 I getprop : type=1400 audit(0.0:79): avc: denied { open } for path="/dev/__properties__/u:object_r:ctl_default_prop:s0" dev="tmpfs" ino=85 scontext=u:r:shell:s0 tcontext=u:object_r:ctl_default_prop:s0 tclass=file permissive=1
01-01 00:00:31.067 253 288 E ion : open /dev/ion failed: No such file or directory
01-01 00:00:29.232 512 512 I getprop : type=1400 audit(0.0:80): avc: denied { getattr } for path="/dev/__properties__/u:object_r:ctl_default_prop:s0" dev="tmpfs" ino=85 scontext=u:r:shell:s0 tcontext=u:object_r:ctl_default_prop:s0 tclass=file permissive=1
01-01 00:00:31.071 216 216 I hwservicemanager: getTransport: Cannot find entry android.hardware.configstore@1.0::ISurfaceFlingerConfigs/default in either framework or device VINTF manifest.
01-01 00:00:31.076 253 288 E IMGSRV : :1326: Creating GLES1 context
01-01 00:00:29.232 512 512 I getprop : type=1400 audit(0.0:81): avc: denied { map } for path="/dev/__properties__/u:object_r:ctl_default_prop:s0" dev="tmpfs" ino=85 scontext=u:r:shell:s0 tcontext=u:object_r:ctl_default_prop:s0 tclass=file permissive=1
01-01 00:00:29.232 512 512 I getprop : type=1400 audit(0.0:82): avc: denied { open } for path="/dev/__properties__/u:object_r:ctl_fuse_prop:s0" dev="tmpfs" ino=87 scontext=u:r:shell:s0 tcontext=u:object_r:ctl_fuse_prop:s0 tclass=file permissive=1
01-01 00:00:29.232 512 512 I getprop : type=1400 audit(0.0:83): avc: denied { getattr } for path="/dev/__properties__/u:object_r:ctl_fuse_prop:s0" dev="tmpfs" ino=87 scontext=u:r:shell:s0 tcontext=u:object_r:ctl_fuse_prop:s0 tclass=file permissive=1
01-01 00:00:29.232 512 512 I getprop : type=1400 audit(0.0:84): avc: denied { map } for path="/dev/__properties__/u:object_r:ctl_fuse_prop:s0" dev="tmpfs" ino=87 scontext=u:r:shell:s0 tcontext=u:object_r:ctl_fuse_prop:s0 tclass=file permissive=1
01-01 00:00:29.232 512 512 I getprop : type=1400 audit(0.0:85): avc: denied { open } for path="/dev/__properties__/u:object_r:ctl_interface_restart_prop:s0" dev="tmpfs" ino=89 scontext=u:r:shell:s0 tcontext=u:object_r:ctl_interface_restart_prop:s0 tclass=file permissive=1
01-01 00:00:31.188 253 288 D BootAnimation: BootAnimationShownTiming start time: 25187ms
01-01 00:00:29.232 512 512 I getprop : type=1400 audit(0.0:86): avc: denied { getattr } for path="/dev/__properties__/u:object_r:ctl_interface_restart_prop:s0" dev="tmpfs" ino=89 scontext=u:r:shell:s0 tcontext=u:object_r:ctl_interface_restart_prop:s0 tclass=file permissive=1
01-01 00:00:29.232 512 512 I getprop : type=1400 audit(0.0:87): avc: denied { map } for path="/dev/__properties__/u:object_r:ctl_interface_restart_prop:s0" dev="tmpfs" ino=89 scontext=u:r:shell:s0 tcontext=u:object_r:ctl_interface_restart_prop:s0 tclass=file permissive=1
01-01 00:00:31.233 389 389 E ActivityRecognitionHardware: activity_recognition HAL is deprecated. class_init is effectively a no-op
01-01 00:00:29.232 512 512 I getprop : type=1400 audit(0.0:88): avc: denied { open } for path="/dev/__properties__/u:object_r:ctl_interface_start_prop:s0" dev="tmpfs" ino=90 scontext=u:r:shell:s0 tcontext=u:object_r:ctl_interface_start_prop:s0 tclass=file permissive=1
01-01 00:00:29.232 512 512 I getprop : type=1400 audit(0.0:89): avc: denied { getattr } for path="/dev/__properties__/u:object_r:ctl_interface_start_prop:s0" dev="tmpfs" ino=90 scontext=u:r:shell:s0 tcontext=u:object_r:ctl_interface_start_prop:s0 tclass=file permissive=1
01-01 00:00:29.232 512 512 I getprop : type=1400 audit(0.0:90): avc: denied { map } for path="/dev/__properties__/u:object_r:ctl_interface_start_prop:s0" dev="tmpfs" ino=90 scontext=u:r:shell:s0 tcontext=u:object_r:ctl_interface_start_prop:s0 tclass=file permissive=1
01-01 00:00:31.312 254 254 I SurfaceFlinger: Enter boot animation
01-01 00:00:29.232 512 512 I getprop : type=1400 audit(0.0:91): avc: denied { open } for path="/dev/__properties__/u:object_r:ctl_interface_stop_prop:s0" dev="tmpfs" ino=91 scontext=u:r:shell:s0 tcontext=u:object_r:ctl_interface_stop_prop:s0 tclass=file permissive=1
01-01 00:00:29.236 512 512 I getprop : type=1400 audit(0.0:92): avc: denied { getattr } for path="/dev/__properties__/u:object_r:ctl_interface_stop_prop:s0" dev="tmpfs" ino=91 scontext=u:r:shell:s0 tcontext=u:object_r:ctl_interface_stop_prop:s0 tclass=file permissive=1
01-01 00:00:29.236 512 512 I getprop : type=1400 audit(0.0:93): avc: denied { map } for path="/dev/__properties__/u:object_r:ctl_interface_stop_prop:s0" dev="tmpfs" ino=91 scontext=u:r:shell:s0 tcontext=u:object_r:ctl_interface_stop_prop:s0 tclass=file permissive=1
01-01 00:00:29.236 512 512 I getprop : type=1400 audit(0.0:94): avc: denied { open } for path="/dev/__properties__/u:object_r:ctl_mdnsd_prop:s0" dev="tmpfs" ino=92 scontext=u:r:shell:s0 tcontext=u:object_r:ctl_mdnsd_prop:s0 tclass=file permissive=1
01-01 00:00:29.236 512 512 I getprop : type=1400 audit(0.0:95): avc: denied { getattr } for path="/dev/__properties__/u:object_r:ctl_mdnsd_prop:s0" dev="tmpfs" ino=92 scontext=u:r:shell:s0 tcontext=u:object_r:ctl_mdnsd_prop:s0 tclass=file permissive=1
01-01 00:00:29.236 512 512 I getprop : type=1400 audit(0.0:96): avc: denied { map } for path="/dev/__properties__/u:object_r:ctl_mdnsd_prop:s0" dev="tmpfs" ino=92 scontext=u:r:shell:s0 tcontext=u:object_r:ctl_mdnsd_prop:s0 tclass=file permissive=1
01-01 00:00:29.236 512 512 I getprop : type=1400 audit(0.0:97): avc: denied { open } for path="/dev/__properties__/u:object_r:ctl_mediatranscoding_prop:s0" dev="tmpfs" ino=93 scontext=u:r:shell:s0 tcontext=u:object_r:ctl_mediatranscoding_prop:s0 tclass=file permissive=1
01-01 00:00:29.236 512 512 I getprop : type=1400 audit(0.0:98): avc: denied { getattr } for path="/dev/__properties__/u:object_r:ctl_mediatranscoding_prop:s0" dev="tmpfs" ino=93 scontext=u:r:shell:s0 tcontext=u:object_r:ctl_mediatranscoding_prop:s0 tclass=file permissive=1
01-01 00:00:29.236 512 512 I getprop : type=1400 audit(0.0:99): avc: denied { map } for path="/dev/__properties__/u:object_r:ctl_mediatranscoding_prop:s0" dev="tmpfs" ino=93 scontext=u:r:shell:s0 tcontext=u:object_r:ctl_mediatranscoding_prop:s0 tclass=file permissive=1
01-01 00:00:29.236 512 512 I getprop : type=1400 audit(0.0:100): avc: denied { open } for path="/dev/__properties__/u:object_r:ctl_odsign_prop:s0" dev="tmpfs" ino=94 scontext=u:r:shell:s0 tcontext=u:object_r:ctl_odsign_prop:s0 tclass=file permissive=1
01-01 00:00:31.559 390 514 I zygote : Verified 2763 classes from mainline modules in 1.307s
01-01 00:00:29.236 512 512 I getprop : type=1400 audit(0.0:101): avc: denied { getattr } for path="/dev/__properties__/u:object_r:ctl_odsign_prop:s0" dev="tmpfs" ino=94 scontext=u:r:shell:s0 tcontext=u:object_r:ctl_odsign_prop:s0 tclass=file permissive=1
01-01 00:00:29.236 512 512 I getprop : type=1400 audit(0.0:102): avc: denied { map } for path="/dev/__properties__/u:object_r:ctl_odsign_prop:s0" dev="tmpfs" ino=94 scontext=u:r:shell:s0 tcontext=u:object_r:ctl_odsign_prop:s0 tclass=file permissive=1
01-01 00:00:29.236 512 512 I getprop : type=1400 audit(0.0:103): avc: denied { open } for path="/dev/__properties__/u:object_r:ctl_restart_prop:s0" dev="tmpfs" ino=95 scontext=u:r:shell:s0 tcontext=u:object_r:ctl_restart_prop:s0 tclass=file permissive=1
01-01 00:00:29.236 512 512 I getprop : type=1400 audit(0.0:104): avc: denied { getattr } for path="/dev/__properties__/u:object_r:ctl_restart_prop:s0" dev="tmpfs" ino=95 scontext=u:r:shell:s0 tcontext=u:object_r:ctl_restart_prop:s0 tclass=file permissive=1
01-01 00:00:29.236 512 512 I getprop : type=1400 audit(0.0:105): avc: denied { map } for path="/dev/__properties__/u:object_r:ctl_restart_prop:s0" dev="tmpfs" ino=95 scontext=u:r:shell:s0 tcontext=u:object_r:ctl_restart_prop:s0 tclass=file permissive=1
01-01 00:00:29.236 512 512 I getprop : type=1400 audit(0.0:106): avc: denied { open } for path="/dev/__properties__/u:object_r:ctl_rildaemon_prop:s0" dev="tmpfs" ino=96 scontext=u:r:shell:s0 tcontext=u:object_r:ctl_rildaemon_prop:s0 tclass=file permissive=1
01-01 00:00:29.236 512 512 I getprop : type=1400 audit(0.0:107): avc: denied { getattr } for path="/dev/__properties__/u:object_r:ctl_rildaemon_prop:s0" dev="tmpfs" ino=96 scontext=u:r:shell:s0 tcontext=u:object_r:ctl_rildaemon_prop:s0 tclass=file permissive=1
01-01 00:00:29.236 512 512 I getprop : type=1400 audit(0.0:108): avc: denied { map } for path="/dev/__properties__/u:object_r:ctl_rildaemon_prop:s0" dev="tmpfs" ino=96 scontext=u:r:shell:s0 tcontext=u:object_r:ctl_rildaemon_prop:s0 tclass=file permissive=1
01-01 00:00:29.236 512 512 I getprop : type=1400 audit(0.0:109): avc: denied { open } for path="/dev/__properties__/u:object_r:ctl_sigstop_prop:s0" dev="tmpfs" ino=97 scontext=u:r:shell:s0 tcontext=u:object_r:ctl_sigstop_prop:s0 tclass=file permissive=1
01-01 00:00:29.236 512 512 I getprop : type=1400 audit(0.0:110): avc: denied { getattr } for path="/dev/__properties__/u:object_r:ctl_sigstop_prop:s0" dev="tmpfs" ino=97 scontext=u:r:shell:s0 tcontext=u:object_r:ctl_sigstop_prop:s0 tclass=file permissive=1
01-01 00:00:29.236 512 512 I getprop : type=1400 audit(0.0:111): avc: denied { map } for path="/dev/__properties__/u:object_r:ctl_sigstop_prop:s0" dev="tmpfs" ino=97 scontext=u:r:shell:s0 tcontext=u:object_r:ctl_sigstop_prop:s0 tclass=file permissive=1
01-01 00:00:29.236 512 512 I getprop : type=1400 audit(0.0:112): avc: denied { open } for path="/dev/__properties__/u:object_r:ctl_start_prop:s0" dev="tmpfs" ino=99 scontext=u:r:shell:s0 tcontext=u:object_r:ctl_start_prop:s0 tclass=file permissive=1
01-01 00:00:31.826 389 498 I zygote64: Verified 2763 classes from mainline modules in 1.563s
01-01 00:00:29.236 512 512 I getprop : type=1400 audit(0.0:113): avc: denied { getattr } for path="/dev/__properties__/u:object_r:ctl_start_prop:s0" dev="tmpfs" ino=99 scontext=u:r:shell:s0 tcontext=u:object_r:ctl_start_prop:s0 tclass=file permissive=1
01-01 00:00:29.236 512 512 I getprop : type=1400 audit(0.0:114): avc: denied { map } for path="/dev/__properties__/u:object_r:ctl_start_prop:s0" dev="tmpfs" ino=99 scontext=u:r:shell:s0 tcontext=u:object_r:ctl_start_prop:s0 tclass=file permissive=1
01-01 00:00:31.878 389 499 I zygote64: Background concurrent copying GC freed 4729(369KB) AllocSpace objects, 3(200KB) LOS objects, 20% free, 7830KB/9878KB, paused 81us total 110.422ms
01-01 00:00:29.236 512 512 I getprop : type=1400 audit(0.0:115): avc: denied { open } for path="/dev/__properties__/u:object_r:ctl_stop_prop:s0" dev="tmpfs" ino=100 scontext=u:r:shell:s0 tcontext=u:object_r:ctl_stop_prop:s0 tclass=file permissive=1
01-01 00:00:29.236 512 512 I getprop : type=1400 audit(0.0:116): avc: denied { getattr } for path="/dev/__properties__/u:object_r:ctl_stop_prop:s0" dev="tmpfs" ino=100 scontext=u:r:shell:s0 tcontext=u:object_r:ctl_stop_prop:s0 tclass=file permissive=1
01-01 00:00:29.236 512 512 I getprop : type=1400 audit(0.0:117): avc: denied { map } for path="/dev/__properties__/u:object_r:ctl_stop_prop:s0" dev="tmpfs" ino=100 scontext=u:r:shell:s0 tcontext=u:object_r:ctl_stop_prop:s0 tclass=file permissive=1
01-01 00:00:29.236 512 512 I getprop : type=1400 audit(0.0:118): avc: denied { open } for path="/dev/__properties__/u:object_r:dck_prop:s0" dev="tmpfs" ino=104 scontext=u:r:shell:s0 tcontext=u:object_r:dck_prop:s0 tclass=file permissive=1
01-01 00:00:29.236 512 512 I getprop : type=1400 audit(0.0:119): avc: denied { getattr } for path="/dev/__properties__/u:object_r:dck_prop:s0" dev="tmpfs" ino=104 scontext=u:r:shell:s0 tcontext=u:object_r:dck_prop:s0 tclass=file permissive=1
01-01 00:00:29.236 512 512 I getprop : type=1400 audit(0.0:120): avc: denied { map } for path="/dev/__properties__/u:object_r:dck_prop:s0" dev="tmpfs" ino=104 scontext=u:r:shell:s0 tcontext=u:object_r:dck_prop:s0 tclass=file permissive=1
01-01 00:00:29.240 512 512 I getprop : type=1400 audit(0.0:121): avc: denied { open } for path="/dev/__properties__/u:object_r:debugfs_restriction_prop:s0" dev="tmpfs" ino=106 scontext=u:r:shell:s0 tcontext=u:object_r:debugfs_restriction_prop:s0 tclass=file permissive=1
01-01 00:00:29.240 512 512 I getprop : type=1400 audit(0.0:122): avc: denied { getattr } for path="/dev/__properties__/u:object_r:debugfs_restriction_prop:s0" dev="tmpfs" ino=106 scontext=u:r:shell:s0 tcontext=u:object_r:debugfs_restriction_prop:s0 tclass=file permissive=1
01-01 00:00:29.240 512 512 I getprop : type=1400 audit(0.0:123): avc: denied { map } for path="/dev/__properties__/u:object_r:debugfs_restriction_prop:s0" dev="tmpfs" ino=106 scontext=u:r:shell:s0 tcontext=u:object_r:debugfs_restriction_prop:s0 tclass=file permissive=1
01-01 00:00:29.240 512 512 I getprop : type=1400 audit(0.0:124): avc: denied { open } for path="/dev/__properties__/u:object_r:device_config_activity_manager_native_boot_prop:s0" dev="tmpfs" ino=109 scontext=u:r:shell:s0 tcontext=u:object_r:device_config_activity_manager_native_boot_prop:s0 tclass=file permissive=1
01-01 00:00:29.240 512 512 I getprop : type=1400 audit(0.0:125): avc: denied { getattr } for path="/dev/__properties__/u:object_r:device_config_activity_manager_native_boot_prop:s0" dev="tmpfs" ino=109 scontext=u:r:shell:s0 tcontext=u:object_r:device_config_activity_manager_native_boot_prop:s0 tclass=file permissive=1
01-01 00:00:32.115 468 468 I update_engine: [INFO:cleanup_previous_update_action.cc(112)] Executing task 3
01-01 00:00:32.120 468 468 I update_engine: [INFO:cleanup_previous_update_action.cc(124)] CleanupPreviousUpdateAction scheduled task ID 4 for WaitBootCompleted
01-01 00:00:29.240 512 512 I getprop : type=1400 audit(0.0:126): avc: denied { map } for path="/dev/__properties__/u:object_r:device_config_activity_manager_native_boot_prop:s0" dev="tmpfs" ino=109 scontext=u:r:shell:s0 tcontext=u:object_r:device_config_activity_manager_native_boot_prop:s0 tclass=file permissive=1
01-01 00:00:29.240 512 512 I getprop : type=1400 audit(0.0:127): avc: denied { open } for path="/dev/__properties__/u:object_r:device_config_boot_count_prop:s0" dev="tmpfs" ino=110 scontext=u:r:shell:s0 tcontext=u:object_r:device_config_boot_count_prop:s0 tclass=file permissive=1
01-01 00:00:29.240 512 512 I getprop : type=1400 audit(0.0:128): avc: denied { getattr } for path="/dev/__properties__/u:object_r:device_config_boot_count_prop:s0" dev="tmpfs" ino=110 scontext=u:r:shell:s0 tcontext=u:object_r:device_config_boot_count_prop:s0 tclass=file permissive=1
01-01 00:00:29.240 512 512 I getprop : type=1400 audit(0.0:129): avc: denied { map } for path="/dev/__properties__/u:object_r:device_config_boot_count_prop:s0" dev="tmpfs" ino=110 scontext=u:r:shell:s0 tcontext=u:object_r:device_config_boot_count_prop:s0 tclass=file permissive=1
01-01 00:00:29.240 512 512 I getprop : type=1400 audit(0.0:130): avc: denied { open } for path="/dev/__properties__/u:object_r:device_config_configuration_prop:s0" dev="tmpfs" ino=111 scontext=u:r:shell:s0 tcontext=u:object_r:device_config_configuration_prop:s0 tclass=file permissive=1
01-01 00:00:29.240 512 512 I getprop : type=1400 audit(0.0:131): avc: denied { getattr } for path="/dev/__properties__/u:object_r:device_config_configuration_prop:s0" dev="tmpfs" ino=111 scontext=u:r:shell:s0 tcontext=u:object_r:device_config_configuration_prop:s0 tclass=file permissive=1
01-01 00:00:29.240 512 512 I getprop : type=1400 audit(0.0:132): avc: denied { map } for path="/dev/__properties__/u:object_r:device_config_configuration_prop:s0" dev="tmpfs" ino=111 scontext=u:r:shell:s0 tcontext=u:object_r:device_config_configuration_prop:s0 tclass=file permissive=1
01-01 00:00:29.240 512 512 I getprop : type=1400 audit(0.0:133): avc: denied { open } for path="/dev/__properties__/u:object_r:device_config_connectivity_prop:s0" dev="tmpfs" ino=112 scontext=u:r:shell:s0 tcontext=u:object_r:device_config_connectivity_prop:s0 tclass=file permissive=1
01-01 00:00:29.240 512 512 I getprop : type=1400 audit(0.0:134): avc: denied { getattr } for path="/dev/__properties__/u:object_r:device_config_connectivity_prop:s0" dev="tmpfs" ino=112 scontext=u:r:shell:s0 tcontext=u:object_r:device_config_connectivity_prop:s0 tclass=file permissive=1
01-01 00:00:29.240 512 512 I getprop : type=1400 audit(0.0:135): avc: denied { map } for path="/dev/__properties__/u:object_r:device_config_connectivity_prop:s0" dev="tmpfs" ino=112 scontext=u:r:shell:s0 tcontext=u:object_r:device_config_connectivity_prop:s0 tclass=file permissive=1
01-01 00:00:29.240 512 512 I getprop : type=1400 audit(0.0:136): avc: denied { open } for path="/dev/__properties__/u:object_r:device_config_input_native_boot_prop:s0" dev="tmpfs" ino=113 scontext=u:r:shell:s0 tcontext=u:object_r:device_config_input_native_boot_prop:s0 tclass=file permissive=1
01-01 00:00:29.240 512 512 I getprop : type=1400 audit(0.0:137): avc: denied { getattr } for path="/dev/__properties__/u:object_r:device_config_input_native_boot_prop:s0" dev="tmpfs" ino=113 scontext=u:r:shell:s0 tcontext=u:object_r:device_config_input_native_boot_prop:s0 tclass=file permissive=1
01-01 00:00:29.240 512 512 I getprop : type=1400 audit(0.0:138): avc: denied { map } for path="/dev/__properties__/u:object_r:device_config_input_native_boot_prop:s0" dev="tmpfs" ino=113 scontext=u:r:shell:s0 tcontext=u:object_r:device_config_input_native_boot_prop:s0 tclass=file permissive=1
01-01 00:00:29.268 512 512 I getprop : type=1400 audit(0.0:139): avc: denied { open } for path="/dev/__properties__/u:object_r:device_config_lmkd_native_prop:s0" dev="tmpfs" ino=114 scontext=u:r:shell:s0 tcontext=u:object_r:device_config_lmkd_native_prop:s0 tclass=file permissive=1
01-01 00:00:29.268 512 512 I getprop : type=1400 audit(0.0:140): avc: denied { getattr } for path="/dev/__properties__/u:object_r:device_config_lmkd_native_prop:s0" dev="tmpfs" ino=114 scontext=u:r:shell:s0 tcontext=u:object_r:device_config_lmkd_native_prop:s0 tclass=file permissive=1
01-01 00:00:29.268 512 512 I getprop : type=1400 audit(0.0:141): avc: denied { map } for path="/dev/__properties__/u:object_r:device_config_lmkd_native_prop:s0" dev="tmpfs" ino=114 scontext=u:r:shell:s0 tcontext=u:object_r:device_config_lmkd_native_prop:s0 tclass=file permissive=1
01-01 00:00:29.268 512 512 I getprop : type=1400 audit(0.0:142): avc: denied { open } for path="/dev/__properties__/u:object_r:device_config_media_native_prop:s0" dev="tmpfs" ino=115 scontext=u:r:shell:s0 tcontext=u:object_r:device_config_media_native_prop:s0 tclass=file permissive=1
01-01 00:00:29.268 512 512 I getprop : type=1400 audit(0.0:143): avc: denied { getattr } for path="/dev/__properties__/u:object_r:device_config_media_native_prop:s0" dev="tmpfs" ino=115 scontext=u:r:shell:s0 tcontext=u:object_r:device_config_media_native_prop:s0 tclass=file permissive=1
01-01 00:00:29.268 512 512 I getprop : type=1400 audit(0.0:144): avc: denied { map } for path="/dev/__properties__/u:object_r:device_config_media_native_prop:s0" dev="tmpfs" ino=115 scontext=u:r:shell:s0 tcontext=u:object_r:device_config_media_native_prop:s0 tclass=file permissive=1
01-01 00:00:32.583 463 463 W ServiceManager: Service package_native didn't start. Returning NULL
01-01 00:00:32.584 463 463 E storaged: getService package_native failed
01-01 00:00:32.586 463 524 I storaged: storaged: Start
01-01 00:00:32.589 463 524 I ServiceManager: Waiting for service 'package_native' on '/dev/binder'...
01-01 00:00:29.268 512 512 I getprop : type=1400 audit(0.0:145): avc: denied { open } for path="/dev/__properties__/u:object_r:device_config_netd_native_prop:s0" dev="tmpfs" ino=116 scontext=u:r:shell:s0 tcontext=u:object_r:device_config_netd_native_prop:s0 tclass=file permissive=1
01-01 00:00:29.268 512 512 I getprop : type=1400 audit(0.0:146): avc: denied { getattr } for path="/dev/__properties__/u:object_r:device_config_netd_native_prop:s0" dev="tmpfs" ino=116 scontext=u:r:shell:s0 tcontext=u:object_r:device_config_netd_native_prop:s0 tclass=file permissive=1
01-01 00:00:29.268 512 512 I getprop : type=1400 audit(0.0:147): avc: denied { map } for path="/dev/__properties__/u:object_r:device_config_netd_native_prop:s0" dev="tmpfs" ino=116 scontext=u:r:shell:s0 tcontext=u:object_r:device_config_netd_native_prop:s0 tclass=file permissive=1
01-01 00:00:29.268 512 512 I getprop : type=1400 audit(0.0:148): avc: denied { open } for path="/dev/__properties__/u:object_r:device_config_profcollect_native_boot_prop:s0" dev="tmpfs" ino=117 scontext=u:r:shell:s0 tcontext=u:object_r:device_config_profcollect_native_boot_prop:s0 tclass=file permissive=1
01-01 00:00:29.268 512 512 I getprop : type=1400 audit(0.0:149): avc: denied { getattr } for path="/dev/__properties__/u:object_r:device_config_profcollect_native_boot_prop:s0" dev="tmpfs" ino=117 scontext=u:r:shell:s0 tcontext=u:object_r:device_config_profcollect_native_boot_prop:s0 tclass=file permissive=1
01-01 00:00:29.268 512 512 I getprop : type=1400 audit(0.0:150): avc: denied { map } for path="/dev/__properties__/u:object_r:device_config_profcollect_native_boot_prop:s0" dev="tmpfs" ino=117 scontext=u:r:shell:s0 tcontext=u:object_r:device_config_profcollect_native_boot_prop:s0 tclass=file permissive=1
01-01 00:00:29.268 512 512 I getprop : type=1400 audit(0.0:151): avc: denied { open } for path="/dev/__properties__/u:object_r:device_config_reset_performed_prop:s0" dev="tmpfs" ino=118 scontext=u:r:shell:s0 tcontext=u:object_r:device_config_reset_performed_prop:s0 tclass=file permissive=1
01-01 00:00:29.268 512 512 I getprop : type=1400 audit(0.0:152): avc: denied { getattr } for path="/dev/__properties__/u:object_r:device_config_reset_performed_prop:s0" dev="tmpfs" ino=118 scontext=u:r:shell:s0 tcontext=u:object_r:device_config_reset_performed_prop:s0 tclass=file permissive=1
01-01 00:00:29.268 512 512 I getprop : type=1400 audit(0.0:153): avc: denied { map } for path="/dev/__properties__/u:object_r:device_config_reset_performed_prop:s0" dev="tmpfs" ino=118 scontext=u:r:shell:s0 tcontext=u:object_r:device_config_reset_performed_prop:s0 tclass=file permissive=1
01-01 00:00:29.268 512 512 I getprop : type=1400 audit(0.0:154): avc: denied { open } for path="/dev/__properties__/u:object_r:device_config_statsd_native_boot_prop:s0" dev="tmpfs" ino=121 scontext=u:r:shell:s0 tcontext=u:object_r:device_config_statsd_native_boot_prop:s0 tclass=file permissive=1
01-01 00:00:29.268 512 512 I getprop : type=1400 audit(0.0:155): avc: denied { getattr } for path="/dev/__properties__/u:object_r:device_config_statsd_native_boot_prop:s0" dev="tmpfs" ino=121 scontext=u:r:shell:s0 tcontext=u:object_r:device_config_statsd_native_boot_prop:s0 tclass=file permissive=1
01-01 00:00:29.268 512 512 I getprop : type=1400 audit(0.0:156): avc: denied { map } for path="/dev/__properties__/u:object_r:device_config_statsd_native_boot_prop:s0" dev="tmpfs" ino=121 scontext=u:r:shell:s0 tcontext=u:object_r:device_config_statsd_native_boot_prop:s0 tclass=file permissive=1
01-01 00:00:29.268 512 512 I getprop : type=1400 audit(0.0:157): avc: denied { open } for path="/dev/__properties__/u:object_r:device_config_statsd_native_prop:s0" dev="tmpfs" ino=122 scontext=u:r:shell:s0 tcontext=u:object_r:device_config_statsd_native_prop:s0 tclass=file permissive=1
01-01 00:00:29.268 512 512 I getprop : type=1400 audit(0.0:158): avc: denied { getattr } for path="/dev/__properties__/u:object_r:device_config_statsd_native_prop:s0" dev="tmpfs" ino=122 scontext=u:r:shell:s0 tcontext=u:object_r:device_config_statsd_native_prop:s0 tclass=file permissive=1
01-01 00:00:29.268 512 512 I getprop : type=1400 audit(0.0:159): avc: denied { map } for path="/dev/__properties__/u:object_r:device_config_statsd_native_prop:s0" dev="tmpfs" ino=122 scontext=u:r:shell:s0 tcontext=u:object_r:device_config_statsd_native_prop:s0 tclass=file permissive=1
01-01 00:00:29.268 512 512 I getprop : type=1400 audit(0.0:160): avc: denied { open } for path="/dev/__properties__/u:object_r:device_config_storage_native_boot_prop:s0" dev="tmpfs" ino=123 scontext=u:r:shell:s0 tcontext=u:object_r:device_config_storage_native_boot_prop:s0 tclass=file permissive=1
01-01 00:00:32.990 456 471 W ServiceManager: Service package_native didn't start. Returning NULL
01-01 00:00:32.990 456 471 E ServiceUtilities: getInfo: Cannot find package_native
01-01 00:00:32.991 456 471 W AudioAnalytics: (key=audio.flinger) Audioflinger constructor event detected
01-01 00:00:29.268 512 512 I getprop : type=1400 audit(0.0:161): avc: denied { getattr } for path="/dev/__properties__/u:object_r:device_config_storage_native_boot_prop:s0" dev="tmpfs" ino=123 scontext=u:r:shell:s0 tcontext=u:object_r:device_config_storage_native_boot_prop:s0 tclass=file permissive=1
01-01 00:00:29.268 512 512 I getprop : type=1400 audit(0.0:162): avc: denied { map } for path="/dev/__properties__/u:object_r:device_config_storage_native_boot_prop:s0" dev="tmpfs" ino=123 scontext=u:r:shell:s0 tcontext=u:object_r:device_config_storage_native_boot_prop:s0 tclass=file permissive=1
01-01 00:00:29.268 512 512 I getprop : type=1400 audit(0.0:163): avc: denied { open } for path="/dev/__properties__/u:object_r:device_config_swcodec_native_prop:s0" dev="tmpfs" ino=124 scontext=u:r:shell:s0 tcontext=u:object_r:device_config_swcodec_native_prop:s0 tclass=file permissive=1
01-01 00:00:33.086 227 237 I keystore2: keystore2::watchdog: Watchdog thread idle -> terminating. Have a great day.
01-01 00:00:29.272 512 512 I getprop : type=1400 audit(0.0:164): avc: denied { getattr } for path="/dev/__properties__/u:object_r:device_config_swcodec_native_prop:s0" dev="tmpfs" ino=124 scontext=u:r:shell:s0 tcontext=u:object_r:device_config_swcodec_native_prop:s0 tclass=file permissive=1
01-01 00:00:29.272 512 512 I getprop : type=1400 audit(0.0:165): avc: denied { map } for path="/dev/__properties__/u:object_r:device_config_swcodec_native_prop:s0" dev="tmpfs" ino=124 scontext=u:r:shell:s0 tcontext=u:object_r:device_config_swcodec_native_prop:s0 tclass=file permissive=1
01-01 00:00:29.272 512 512 I getprop : type=1400 audit(0.0:166): avc: denied { open } for path="/dev/__properties__/u:object_r:device_config_sys_traced_prop:s0" dev="tmpfs" ino=125 scontext=u:r:shell:s0 tcontext=u:object_r:device_config_sys_traced_prop:s0 tclass=file permissive=1
01-01 00:00:33.147 389 389 D MtpDeviceJNI: register_android_mtp_MtpDevice
01-01 00:00:33.149 389 389 W MediaProfiles: Could not find a validated xml file. Using the default instance instead.
01-01 00:00:29.272 512 512 I getprop : type=1400 audit(0.0:167): avc: denied { getattr } for path="/dev/__properties__/u:object_r:device_config_sys_traced_prop:s0" dev="tmpfs" ino=125 scontext=u:r:shell:s0 tcontext=u:object_r:device_config_sys_traced_prop:s0 tclass=file permissive=1
01-01 00:00:29.272 512 512 I getprop : type=1400 audit(0.0:168): avc: denied { map } for path="/dev/__properties__/u:object_r:device_config_sys_traced_prop:s0" dev="tmpfs" ino=125 scontext=u:r:shell:s0 tcontext=u:object_r:device_config_sys_traced_prop:s0 tclass=file permissive=1
01-01 00:00:29.272 512 512 I getprop : type=1400 audit(0.0:169): avc: denied { open } for path="/dev/__properties__/u:object_r:device_config_window_manager_native_boot_prop:s0" dev="tmpfs" ino=126 scontext=u:r:shell:s0 tcontext=u:object_r:device_config_window_manager_native_boot_prop:s0 tclass=file permissive=1
01-01 00:00:33.231 389 389 I zygote64: Thread[1,tid=389,Native,Thread*=0xb400fdb4a82707b0,peer=0x12c80170,"main"] recursive attempt to load library "librtp_jni.so"
01-01 00:00:29.272 512 512 I getprop : type=1400 audit(0.0:170): avc: denied { getattr } for path="/dev/__properties__/u:object_r:device_config_window_manager_native_boot_prop:s0" dev="tmpfs" ino=126 scontext=u:r:shell:s0 tcontext=u:object_r:device_config_window_manager_native_boot_prop:s0 tclass=file permissive=1
01-01 00:00:29.272 512 512 I getprop : type=1400 audit(0.0:171): avc: denied { map } for path="/dev/__properties__/u:object_r:device_config_window_manager_native_boot_prop:s0" dev="tmpfs" ino=126 scontext=u:r:shell:s0 tcontext=u:object_r:device_config_window_manager_native_boot_prop:s0 tclass=file permissive=1
01-01 00:00:29.272 512 512 I getprop : type=1400 audit(0.0:172): avc: denied { open } for path="/dev/__properties__/u:object_r:drm_service_config_prop:s0" dev="tmpfs" ino=129 scontext=u:r:shell:s0 tcontext=u:object_r:drm_service_config_prop:s0 tclass=file permissive=1
01-01 00:00:29.272 512 512 I getprop : type=1400 audit(0.0:173): avc: denied { getattr } for path="/dev/__properties__/u:object_r:drm_service_config_prop:s0" dev="tmpfs" ino=129 scontext=u:r:shell:s0 tcontext=u:object_r:drm_service_config_prop:s0 tclass=file permissive=1
01-01 00:00:29.272 512 512 I getprop : type=1400 audit(0.0:174): avc: denied { map } for path="/dev/__properties__/u:object_r:drm_service_config_prop:s0" dev="tmpfs" ino=129 scontext=u:r:shell:s0 tcontext=u:object_r:drm_service_config_prop:s0 tclass=file permissive=1
01-01 00:00:29.272 512 512 I getprop : type=1400 audit(0.0:175): avc: denied { open } for path="/dev/__properties__/u:object_r:dumpstate_options_prop:s0" dev="tmpfs" ino=130 scontext=u:r:shell:s0 tcontext=u:object_r:dumpstate_options_prop:s0 tclass=file permissive=1
01-01 00:00:29.272 512 512 I getprop : type=1400 audit(0.0:176): avc: denied { getattr } for path="/dev/__properties__/u:object_r:dumpstate_options_prop:s0" dev="tmpfs" ino=130 scontext=u:r:shell:s0 tcontext=u:object_r:dumpstate_options_prop:s0 tclass=file permissive=1
01-01 00:00:29.272 512 512 I getprop : type=1400 audit(0.0:177): avc: denied { map } for path="/dev/__properties__/u:object_r:dumpstate_options_prop:s0" dev="tmpfs" ino=130 scontext=u:r:shell:s0 tcontext=u:object_r:dumpstate_options_prop:s0 tclass=file permissive=1
01-01 00:00:29.272 512 512 I getprop : type=1400 audit(0.0:178): avc: denied { open } for path="/dev/__properties__/u:object_r:exported_bluetooth_prop:s0" dev="tmpfs" ino=134 scontext=u:r:shell:s0 tcontext=u:object_r:exported_bluetooth_prop:s0 tclass=file permissive=1
01-01 00:00:29.272 512 512 I getprop : type=1400 audit(0.0:179): avc: denied { getattr } for path="/dev/__properties__/u:object_r:exported_bluetooth_prop:s0" dev="tmpfs" ino=134 scontext=u:r:shell:s0 tcontext=u:object_r:exported_bluetooth_prop:s0 tclass=file permissive=1
01-01 00:00:33.467 389 389 W Zygote : Class not found for preloading: android.view.SurfaceView$2
01-01 00:00:29.272 512 512 I getprop : type=1400 audit(0.0:180): avc: denied { map } for path="/dev/__properties__/u:object_r:exported_bluetooth_prop:s0" dev="tmpfs" ino=134 scontext=u:r:shell:s0 tcontext=u:object_r:exported_bluetooth_prop:s0 tclass=file permissive=1
01-01 00:00:29.272 512 512 I getprop : type=1400 audit(0.0:181): avc: denied { open } for path="/dev/__properties__/u:object_r:exported_overlay_prop:s0" dev="tmpfs" ino=138 scontext=u:r:shell:s0 tcontext=u:object_r:exported_overlay_prop:s0 tclass=file permissive=1
01-01 00:00:29.276 512 512 I getprop : type=1400 audit(0.0:182): avc: denied { getattr } for path="/dev/__properties__/u:object_r:exported_overlay_prop:s0" dev="tmpfs" ino=138 scontext=u:r:shell:s0 tcontext=u:object_r:exported_overlay_prop:s0 tclass=file permissive=1
01-01 00:00:29.276 512 512 I getprop : type=1400 audit(0.0:183): avc: denied { map } for path="/dev/__properties__/u:object_r:exported_overlay_prop:s0" dev="tmpfs" ino=138 scontext=u:r:shell:s0 tcontext=u:object_r:exported_overlay_prop:s0 tclass=file permissive=1
01-01 00:00:29.276 512 512 I getprop : type=1400 audit(0.0:184): avc: denied { open } for path="/dev/__properties__/u:object_r:fastbootd_protocol_prop:s0" dev="tmpfs" ino=141 scontext=u:r:shell:s0 tcontext=u:object_r:fastbootd_protocol_prop:s0 tclass=file permissive=1
01-01 00:00:29.276 512 512 I getprop : type=1400 audit(0.0:185): avc: denied { getattr } for path="/dev/__properties__/u:object_r:fastbootd_protocol_prop:s0" dev="tmpfs" ino=141 scontext=u:r:shell:s0 tcontext=u:object_r:fastbootd_protocol_prop:s0 tclass=file permissive=1
01-01 00:00:29.276 512 512 I getprop : type=1400 audit(0.0:186): avc: denied { map } for path="/dev/__properties__/u:object_r:fastbootd_protocol_prop:s0" dev="tmpfs" ino=141 scontext=u:r:shell:s0 tcontext=u:object_r:fastbootd_protocol_prop:s0 tclass=file permissive=1
01-01 00:00:29.276 512 512 I getprop : type=1400 audit(0.0:187): avc: denied { open } for path="/dev/__properties__/u:object_r:ffs_control_prop:s0" dev="tmpfs" ino=143 scontext=u:r:shell:s0 tcontext=u:object_r:ffs_control_prop:s0 tclass=file permissive=1
01-01 00:00:29.276 512 512 I getprop : type=1400 audit(0.0:188): avc: denied { getattr } for path="/dev/__properties__/u:object_r:ffs_control_prop:s0" dev="tmpfs" ino=143 scontext=u:r:shell:s0 tcontext=u:object_r:ffs_control_prop:s0 tclass=file permissive=1
01-01 00:00:29.276 512 512 I getprop : type=1400 audit(0.0:189): avc: denied { map } for path="/dev/__properties__/u:object_r:ffs_control_prop:s0" dev="tmpfs" ino=143 scontext=u:r:shell:s0 tcontext=u:object_r:ffs_control_prop:s0 tclass=file permissive=1
01-01 00:00:29.276 512 512 I getprop : type=1400 audit(0.0:190): avc: denied { open } for path="/dev/__properties__/u:object_r:firstboot_prop:s0" dev="tmpfs" ino=145 scontext=u:r:shell:s0 tcontext=u:object_r:firstboot_prop:s0 tclass=file permissive=1
01-01 00:00:29.276 512 512 I getprop : type=1400 audit(0.0:191): avc: denied { getattr } for path="/dev/__properties__/u:object_r:firstboot_prop:s0" dev="tmpfs" ino=145 scontext=u:r:shell:s0 tcontext=u:object_r:firstboot_prop:s0 tclass=file permissive=1
01-01 00:00:29.276 512 512 I getprop : type=1400 audit(0.0:192): avc: denied { map } for path="/dev/__properties__/u:object_r:firstboot_prop:s0" dev="tmpfs" ino=145 scontext=u:r:shell:s0 tcontext=u:object_r:firstboot_prop:s0 tclass=file permissive=1
01-01 00:00:29.276 512 512 I getprop : type=1400 audit(0.0:193): avc: denied { open } for path="/dev/__properties__/u:object_r:framework_watchdog_config_prop:s0" dev="tmpfs" ino=146 scontext=u:r:shell:s0 tcontext=u:object_r:framework_watchdog_config_prop:s0 tclass=file permissive=1
01-01 00:00:29.276 512 512 I getprop : type=1400 audit(0.0:194): avc: denied { getattr } for path="/dev/__properties__/u:object_r:framework_watchdog_config_prop:s0" dev="tmpfs" ino=146 scontext=u:r:shell:s0 tcontext=u:object_r:framework_watchdog_config_prop:s0 tclass=file permissive=1
01-01 00:00:29.276 512 512 I getprop : type=1400 audit(0.0:195): avc: denied { map } for path="/dev/__properties__/u:object_r:framework_watchdog_config_prop:s0" dev="tmpfs" ino=146 scontext=u:r:shell:s0 tcontext=u:object_r:framework_watchdog_config_prop:s0 tclass=file permissive=1
01-01 00:00:29.276 512 512 I getprop : type=1400 audit(0.0:196): avc: denied { open } for path="/dev/__properties__/u:object_r:gsid_prop:s0" dev="tmpfs" ino=148 scontext=u:r:shell:s0 tcontext=u:object_r:gsid_prop:s0 tclass=file permissive=1
01-01 00:00:29.276 512 512 I getprop : type=1400 audit(0.0:197): avc: denied { getattr } for path="/dev/__properties__/u:object_r:gsid_prop:s0" dev="tmpfs" ino=148 scontext=u:r:shell:s0 tcontext=u:object_r:gsid_prop:s0 tclass=file permissive=1
01-01 00:00:29.276 512 512 I getprop : type=1400 audit(0.0:198): avc: denied { map } for path="/dev/__properties__/u:object_r:gsid_prop:s0" dev="tmpfs" ino=148 scontext=u:r:shell:s0 tcontext=u:object_r:gsid_prop:s0 tclass=file permissive=1
01-01 00:00:29.276 512 512 I getprop : type=1400 audit(0.0:199): avc: denied { open } for path="/dev/__properties__/u:object_r:hal_dumpstate_config_prop:s0" dev="tmpfs" ino=149 scontext=u:r:shell:s0 tcontext=u:object_r:hal_dumpstate_config_prop:s0 tclass=file permissive=1
01-01 00:00:29.276 512 512 I getprop : type=1400 audit(0.0:200): avc: denied { getattr } for path="/dev/__properties__/u:object_r:hal_dumpstate_config_prop:s0" dev="tmpfs" ino=149 scontext=u:r:shell:s0 tcontext=u:object_r:hal_dumpstate_config_prop:s0 tclass=file permissive=1
01-01 00:00:29.276 512 512 I getprop : type=1400 audit(0.0:201): avc: denied { map } for path="/dev/__properties__/u:object_r:hal_dumpstate_config_prop:s0" dev="tmpfs" ino=149 scontext=u:r:shell:s0 tcontext=u:object_r:hal_dumpstate_config_prop:s0 tclass=file permissive=1
01-01 00:00:29.276 512 512 I getprop : type=1400 audit(0.0:202): avc: denied { open } for path="/dev/__properties__/u:object_r:incremental_prop:s0" dev="tmpfs" ino=156 scontext=u:r:shell:s0 tcontext=u:object_r:incremental_prop:s0 tclass=file permissive=1
01-01 00:00:29.276 512 512 I getprop : type=1400 audit(0.0:203): avc: denied { getattr } for path="/dev/__properties__/u:object_r:incremental_prop:s0" dev="tmpfs" ino=156 scontext=u:r:shell:s0 tcontext=u:object_r:incremental_prop:s0 tclass=file permissive=1
01-01 00:00:29.276 512 512 I getprop : type=1400 audit(0.0:204): avc: denied { map } for path="/dev/__properties__/u:object_r:incremental_prop:s0" dev="tmpfs" ino=156 scontext=u:r:shell:s0 tcontext=u:object_r:incremental_prop:s0 tclass=file permissive=1
01-01 00:00:29.276 512 512 I getprop : type=1400 audit(0.0:205): avc: denied { open } for path="/dev/__properties__/u:object_r:init_svc_debug_prop:s0" dev="tmpfs" ino=160 scontext=u:r:shell:s0 tcontext=u:object_r:init_svc_debug_prop:s0 tclass=file permissive=1
01-01 00:00:29.276 512 512 I getprop : type=1400 audit(0.0:206): avc: denied { getattr } for path="/dev/__properties__/u:object_r:init_svc_debug_prop:s0" dev="tmpfs" ino=160 scontext=u:r:shell:s0 tcontext=u:object_r:init_svc_debug_prop:s0 tclass=file permissive=1
01-01 00:00:29.276 512 512 I getprop : type=1400 audit(0.0:207): avc: denied { map } for path="/dev/__properties__/u:object_r:init_svc_debug_prop:s0" dev="tmpfs" ino=160 scontext=u:r:shell:s0 tcontext=u:object_r:init_svc_debug_prop:s0 tclass=file permissive=1
01-01 00:00:29.276 512 512 I getprop : type=1400 audit(0.0:208): avc: denied { open } for path="/dev/__properties__/u:object_r:keyguard_config_prop:s0" dev="tmpfs" ino=161 scontext=u:r:shell:s0 tcontext=u:object_r:keyguard_config_prop:s0 tclass=file permissive=1
01-01 00:00:34.121 468 468 I update_engine: [INFO:cleanup_previous_update_action.cc(112)] Executing task 4
01-01 00:00:34.123 468 468 I update_engine: [INFO:cleanup_previous_update_action.cc(124)] CleanupPreviousUpdateAction scheduled task ID 5 for WaitBootCompleted
01-01 00:00:29.276 512 512 I getprop : type=1400 audit(0.0:209): avc: denied { getattr } for path="/dev/__properties__/u:object_r:keyguard_config_prop:s0" dev="tmpfs" ino=161 scontext=u:r:shell:s0 tcontext=u:object_r:keyguard_config_prop:s0 tclass=file permissive=1
01-01 00:00:29.276 512 512 I getprop : type=1400 audit(0.0:210): avc: denied { map } for path="/dev/__properties__/u:object_r:keyguard_config_prop:s0" dev="tmpfs" ino=161 scontext=u:r:shell:s0 tcontext=u:object_r:keyguard_config_prop:s0 tclass=file permissive=1
01-01 00:00:29.276 512 512 I getprop : type=1400 audit(0.0:211): avc: denied { open } for path="/dev/__properties__/u:object_r:keystore_crash_prop:s0" dev="tmpfs" ino=162 scontext=u:r:shell:s0 tcontext=u:object_r:keystore_crash_prop:s0 tclass=file permissive=1
01-01 00:00:29.276 512 512 I getprop : type=1400 audit(0.0:212): avc: denied { getattr } for path="/dev/__properties__/u:object_r:keystore_crash_prop:s0" dev="tmpfs" ino=162 scontext=u:r:shell:s0 tcontext=u:object_r:keystore_crash_prop:s0 tclass=file permissive=1
01-01 00:00:29.276 512 512 I getprop : type=1400 audit(0.0:213): avc: denied { map } for path="/dev/__properties__/u:object_r:keystore_crash_prop:s0" dev="tmpfs" ino=162 scontext=u:r:shell:s0 tcontext=u:object_r:keystore_crash_prop:s0 tclass=file permissive=1
01-01 00:00:29.276 512 512 I getprop : type=1400 audit(0.0:214): avc: denied { open } for path="/dev/__properties__/u:object_r:keystore_listen_prop:s0" dev="tmpfs" ino=163 scontext=u:r:shell:s0 tcontext=u:object_r:keystore_listen_prop:s0 tclass=file permissive=1
01-01 00:00:29.276 512 512 I getprop : type=1400 audit(0.0:215): avc: denied { getattr } for path="/dev/__properties__/u:object_r:keystore_listen_prop:s0" dev="tmpfs" ino=163 scontext=u:r:shell:s0 tcontext=u:object_r:keystore_listen_prop:s0 tclass=file permissive=1
01-01 00:00:29.276 512 512 I getprop : type=1400 audit(0.0:216): avc: denied { map } for path="/dev/__properties__/u:object_r:keystore_listen_prop:s0" dev="tmpfs" ino=163 scontext=u:r:shell:s0 tcontext=u:object_r:keystore_listen_prop:s0 tclass=file permissive=1
01-01 00:00:34.299 389 389 I Zygote : ...preloaded 13903 classes in 4826ms.
01-01 00:00:34.300 389 389 D Zygote64Timing: PreloadClasses took to complete: 4828ms
01-01 00:00:34.313 389 389 D ApplicationLoaders: Created zygote-cached class loader: /system/framework/android.hidl.base-V1.0-java.jar
01-01 00:00:29.276 512 512 I getprop : type=1400 audit(0.0:217): avc: denied { open } for path="/dev/__properties__/u:object_r:llkd_prop:s0" dev="tmpfs" ino=166 scontext=u:r:shell:s0 tcontext=u:object_r:llkd_prop:s0 tclass=file permissive=1
01-01 00:00:34.320 389 389 D ApplicationLoaders: Created zygote-cached class loader: /system/framework/android.hidl.manager-V1.0-java.jar
01-01 00:00:34.328 389 389 D ApplicationLoaders: Created zygote-cached class loader: /system/framework/android.test.base.jar
01-01 00:00:34.328 389 389 D Zygote64Timing: CacheNonBootClasspathClassLoaders took to complete: 28ms
01-01 00:00:34.328 389 389 I Zygote : Preloading resources...
01-01 00:00:29.276 512 512 I getprop : type=1400 audit(0.0:218): avc: denied { getattr } for path="/dev/__properties__/u:object_r:llkd_prop:s0" dev="tmpfs" ino=166 scontext=u:r:shell:s0 tcontext=u:object_r:llkd_prop:s0 tclass=file permissive=1
01-01 00:00:34.357 389 389 W Resources: Preloaded drawable resource #0x1080285 (android:drawable/dialog_background_material) that varies with configuration!!
01-01 00:00:29.276 512 512 I getprop : type=1400 audit(0.0:219): avc: denied { map } for path="/dev/__properties__/u:object_r:llkd_prop:s0" dev="tmpfs" ino=166 scontext=u:r:shell:s0 tcontext=u:object_r:llkd_prop:s0 tclass=file permissive=1
01-01 00:00:29.276 512 512 I getprop : type=1400 audit(0.0:220): avc: denied { open } for path="/dev/__properties__/u:object_r:lmkd_prop:s0" dev="tmpfs" ino=168 scontext=u:r:shell:s0 tcontext=u:object_r:lmkd_prop:s0 tclass=file permissive=1
01-01 00:00:29.276 512 512 I getprop : type=1400 audit(0.0:221): avc: denied { getattr } for path="/dev/__properties__/u:object_r:lmkd_prop:s0" dev="tmpfs" ino=168 scontext=u:r:shell:s0 tcontext=u:object_r:lmkd_prop:s0 tclass=file permissive=1
01-01 00:00:34.413 389 389 I Zygote : ...preloaded 64 resources in 85ms.
01-01 00:00:34.421 389 389 I Zygote : ...preloaded 41 resources in 8ms.
01-01 00:00:34.421 389 389 D Zygote64Timing: PreloadResources took to complete: 93ms
01-01 00:00:29.280 512 512 I getprop : type=1400 audit(0.0:222): avc: denied { map } for path="/dev/__properties__/u:object_r:lmkd_prop:s0" dev="tmpfs" ino=168 scontext=u:r:shell:s0 tcontext=u:object_r:lmkd_prop:s0 tclass=file permissive=1
01-01 00:00:29.280 512 512 I getprop : type=1400 audit(0.0:223): avc: denied { open } for path="/dev/__properties__/u:object_r:lower_kptr_restrict_prop:s0" dev="tmpfs" ino=174 scontext=u:r:shell:s0 tcontext=u:object_r:lower_kptr_restrict_prop:s0 tclass=file permissive=1
01-01 00:00:29.280 512 512 I getprop : type=1400 audit(0.0:224): avc: denied { getattr } for path="/dev/__properties__/u:object_r:lower_kptr_restrict_prop:s0" dev="tmpfs" ino=174 scontext=u:r:shell:s0 tcontext=u:object_r:lower_kptr_restrict_prop:s0 tclass=file permissive=1
01-01 00:00:34.472 389 389 D libEGL : loaded /vendor/lib64/egl/libEGL_powervr.so
01-01 00:00:34.487 389 389 D libEGL : loaded /vendor/lib64/egl/libGLESv1_CM_powervr.so
01-01 00:00:29.280 512 512 I getprop : type=1400 audit(0.0:225): avc: denied { map } for path="/dev/__properties__/u:object_r:lower_kptr_restrict_prop:s0" dev="tmpfs" ino=174 scontext=u:r:shell:s0 tcontext=u:object_r:lower_kptr_restrict_prop:s0 tclass=file permissive=1
01-01 00:00:34.501 389 389 D libEGL : loaded /vendor/lib64/egl/libGLESv2_powervr.so
01-01 00:00:29.280 512 512 I getprop : type=1400 audit(0.0:226): avc: denied { open } for path="/dev/__properties__/u:object_r:lowpan_prop:s0" dev="tmpfs" ino=175 scontext=u:r:shell:s0 tcontext=u:object_r:lowpan_prop:s0 tclass=file permissive=1
01-01 00:00:29.280 512 512 I getprop : type=1400 audit(0.0:227): avc: denied { getattr } for path="/dev/__properties__/u:object_r:lowpan_prop:s0" dev="tmpfs" ino=175 scontext=u:r:shell:s0 tcontext=u:object_r:lowpan_prop:s0 tclass=file permissive=1
01-01 00:00:29.280 512 512 I getprop : type=1400 audit(0.0:228): avc: denied { map } for path="/dev/__properties__/u:object_r:lowpan_prop:s0" dev="tmpfs" ino=175 scontext=u:r:shell:s0 tcontext=u:object_r:lowpan_prop:s0 tclass=file permissive=1
01-01 00:00:34.564 389 389 I Zygote : Preloading shared libraries...
01-01 00:00:34.579 389 389 I Zygote : Called ZygoteHooks.endPreload()
01-01 00:00:29.280 512 512 I getprop : type=1400 audit(0.0:229): avc: denied { open } for path="/dev/__properties__/u:object_r:mm_events_config_prop:s0" dev="tmpfs" ino=180 scontext=u:r:shell:s0 tcontext=u:object_r:mm_events_config_prop:s0 tclass=file permissive=1
