09-30 05:49:57.930 527 527 I SystemServerTiming: OnBootPhase_520_com.android.server.devicestate.DeviceStateManagerService
09-30 05:49:57.930 527 527 D SystemServerTiming: OnBootPhase_520_com.android.server.devicestate.DeviceStateManagerService took to complete: 0ms
09-30 05:49:57.930 527 527 I SystemServerTiming: OnBootPhase_520_com.android.server.camera.CameraServiceProxy
09-30 05:49:57.930 527 527 D SystemServerTiming: OnBootPhase_520_com.android.server.camera.CameraServiceProxy took to complete: 0ms
09-30 05:49:57.930 527 527 I SystemServerTiming: OnBootPhase_520_com.android.server.connectivity.IpConnectivityMetrics
09-30 05:49:57.930 527 527 D SystemServerTiming: OnBootPhase_520_com.android.server.connectivity.IpConnectivityMetrics took to complete: 0ms
09-30 05:49:57.930 527 527 I SystemServerTiming: OnBootPhase_520_com.android.server.net.watchlist.NetworkWatchlistService$Lifecycle
09-30 05:49:57.930 527 527 D SystemServerTiming: OnBootPhase_520_com.android.server.net.watchlist.NetworkWatchlistService$Lifecycle took to complete: 0ms
09-30 05:49:57.930 527 527 I SystemServerTiming: OnBootPhase_520_com.android.server.PinnerService
09-30 05:49:57.930 527 527 D SystemServerTiming: OnBootPhase_520_com.android.server.PinnerService took to complete: 0ms
09-30 05:49:57.930 527 527 I SystemServerTiming: OnBootPhase_520_com.google.android.startop.iorap.IorapForwardingService
09-30 05:49:57.930 527 527 D SystemServerTiming: OnBootPhase_520_com.google.android.startop.iorap.IorapForwardingService took to complete: 0ms
09-30 05:49:57.931 527 527 I SystemServerTiming: OnBootPhase_520_com.android.server.integrity.AppIntegrityManagerService
09-30 05:49:57.931 527 527 D SystemServerTiming: OnBootPhase_520_com.android.server.integrity.AppIntegrityManagerService took to complete: 0ms
09-30 05:49:57.931 527 527 I SystemServerTiming: OnBootPhase_520_com.android.server.inputmethod.InputMethodManagerService$Lifecycle
09-30 05:49:57.931 527 527 D SystemServerTiming: OnBootPhase_520_com.android.server.inputmethod.InputMethodManagerService$Lifecycle took to complete: 0ms
09-30 05:49:57.931 527 527 I SystemServerTiming: OnBootPhase_520_com.android.server.accessibility.AccessibilityManagerService$Lifecycle
09-30 05:49:57.931 527 527 D SystemServerTiming: OnBootPhase_520_com.android.server.accessibility.AccessibilityManagerService$Lifecycle took to complete: 0ms
09-30 05:49:57.931 527 527 I SystemServerTiming: OnBootPhase_520_com.android.server.StorageManagerService$Lifecycle
09-30 05:49:57.931 527 527 D SystemServerTiming: OnBootPhase_520_com.android.server.StorageManagerService$Lifecycle took to complete: 0ms
09-30 05:49:57.931 527 527 I SystemServerTiming: OnBootPhase_520_com.android.server.usage.StorageStatsService$Lifecycle
09-30 05:49:57.931 527 527 D SystemServerTiming: OnBootPhase_520_com.android.server.usage.StorageStatsService$Lifecycle took to complete: 0ms
09-30 05:49:57.931 527 527 I SystemServerTiming: OnBootPhase_520_com.android.server.UiModeManagerService
09-30 05:49:57.931 527 527 D SystemServerTiming: OnBootPhase_520_com.android.server.UiModeManagerService took to complete: 0ms
09-30 05:49:57.931 527 527 I SystemServerTiming: OnBootPhase_520_com.android.server.locksettings.LockSettingsService$Lifecycle
09-30 05:49:57.931 527 527 D SystemServerTiming: OnBootPhase_520_com.android.server.locksettings.LockSettingsService$Lifecycle took to complete: 0ms
09-30 05:49:57.931 527 527 I SystemServerTiming: OnBootPhase_520_com.android.server.testharness.TestHarnessModeService
09-30 05:49:57.931 527 527 D SystemServerTiming: OnBootPhase_520_com.android.server.testharness.TestHarnessModeService took to complete: 0ms
09-30 05:49:57.931 527 527 I SystemServerTiming: OnBootPhase_520_com.android.server.DeviceIdleController
09-30 05:49:57.931 527 527 D SystemServerTiming: OnBootPhase_520_com.android.server.DeviceIdleController took to complete: 0ms
09-30 05:49:57.931 527 527 I SystemServerTiming: OnBootPhase_520_com.android.server.devicepolicy.DevicePolicyManagerService$Lifecycle
09-30 05:49:57.931 527 527 D SystemServerTiming: OnBootPhase_520_com.android.server.devicepolicy.DevicePolicyManagerService$Lifecycle took to complete: 0ms
09-30 05:49:57.931 527 527 I SystemServerTiming: OnBootPhase_520_com.android.server.texttospeech.TextToSpeechManagerService
09-30 05:49:57.931 527 527 D SystemServerTiming: OnBootPhase_520_com.android.server.texttospeech.TextToSpeechManagerService took to complete: 0ms
09-30 05:49:57.931 527 527 I SystemServerTiming: OnBootPhase_520_com.android.server.speech.SpeechRecognitionManagerService
09-30 05:49:57.931 527 527 D SystemServerTiming: OnBootPhase_520_com.android.server.speech.SpeechRecognitionManagerService took to complete: 0ms
09-30 05:49:57.931 527 527 I SystemServerTiming: OnBootPhase_520_com.android.server.searchui.SearchUiManagerService
09-30 05:49:57.931 527 527 D SystemServerTiming: OnBootPhase_520_com.android.server.searchui.SearchUiManagerService took to complete: 0ms
09-30 05:49:57.931 527 527 I SystemServerTiming: OnBootPhase_520_com.android.server.smartspace.SmartspaceManagerService
09-30 05:49:57.931 527 527 D SystemServerTiming: OnBootPhase_520_com.android.server.smartspace.SmartspaceManagerService took to complete: 0ms
09-30 05:49:57.931 527 527 I SystemServerTiming: OnBootPhase_520_com.android.server.graphics.fonts.FontManagerService$Lifecycle
09-30 05:49:57.931 527 527 D SystemServerTiming: OnBootPhase_520_com.android.server.graphics.fonts.FontManagerService$Lifecycle took to complete: 0ms
09-30 05:49:57.931 527 527 I SystemServerTiming: OnBootPhase_520_com.android.server.textservices.TextServicesManagerService$Lifecycle
09-30 05:49:57.931 527 527 D SystemServerTiming: OnBootPhase_520_com.android.server.textservices.TextServicesManagerService$Lifecycle took to complete: 0ms
09-30 05:49:57.931 527 527 I SystemServerTiming: OnBootPhase_520_com.android.server.textclassifier.TextClassificationManagerService$Lifecycle
09-30 05:49:57.931 527 527 D SystemServerTiming: OnBootPhase_520_com.android.server.textclassifier.TextClassificationManagerService$Lifecycle took to complete: 0ms
09-30 05:49:57.931 527 527 I SystemServerTiming: OnBootPhase_520_com.android.server.NetworkScoreService$Lifecycle
09-30 05:49:57.931 527 527 D SystemServerTiming: OnBootPhase_520_com.android.server.NetworkScoreService$Lifecycle took to complete: 0ms
09-30 05:49:57.931 527 527 I SystemServerTiming: OnBootPhase_520_com.android.server.wifi.WifiService
09-30 05:49:57.931 527 527 D SystemServerTiming: OnBootPhase_520_com.android.server.wifi.WifiService took to complete: 0ms
09-30 05:49:57.931 527 527 I SystemServerTiming: OnBootPhase_520_com.android.server.wifi.scanner.WifiScanningService
09-30 05:49:57.931 527 527 D SystemServerTiming: OnBootPhase_520_com.android.server.wifi.scanner.WifiScanningService took to complete: 0ms
09-30 05:49:57.931 527 527 I SystemServerTiming: OnBootPhase_520_com.android.server.wifi.p2p.WifiP2pService
09-30 05:49:57.931 527 527 D SystemServerTiming: OnBootPhase_520_com.android.server.wifi.p2p.WifiP2pService took to complete: 0ms
09-30 05:49:57.931 527 527 I SystemServerTiming: OnBootPhase_520_com.android.server.ethernet.EthernetService
09-30 05:49:57.931 527 527 D SystemServerTiming: OnBootPhase_520_com.android.server.ethernet.EthernetService took to complete: 0ms
09-30 05:49:57.931 527 527 I SystemServerTiming: OnBootPhase_520_com.android.server.ConnectivityServiceInitializer
09-30 05:49:57.931 527 527 D SystemServerTiming: OnBootPhase_520_com.android.server.ConnectivityServiceInitializer took to complete: 0ms
09-30 05:49:57.931 527 527 I SystemServerTiming: OnBootPhase_520_com.android.server.notification.NotificationManagerService
09-30 05:49:57.931 527 527 D SystemServerTiming: OnBootPhase_520_com.android.server.notification.NotificationManagerService took to complete: 0ms
09-30 05:49:57.932 527 527 I SystemServerTiming: OnBootPhase_520_com.android.server.storage.DeviceStorageMonitorService
09-30 05:49:57.932 527 527 D SystemServerTiming: OnBootPhase_520_com.android.server.storage.DeviceStorageMonitorService took to complete: 0ms
09-30 05:49:57.932 527 527 I SystemServerTiming: OnBootPhase_520_com.android.server.location.LocationManagerService$Lifecycle
09-30 05:49:57.932 527 527 D SystemServerTiming: OnBootPhase_520_com.android.server.location.LocationManagerService$Lifecycle took to complete: 0ms
09-30 05:49:57.932 527 527 I SystemServerTiming: OnBootPhase_520_com.android.server.timedetector.TimeDetectorService$Lifecycle
09-30 05:49:57.932 527 527 D SystemServerTiming: OnBootPhase_520_com.android.server.timedetector.TimeDetectorService$Lifecycle took to complete: 0ms
09-30 05:49:57.932 527 527 I SystemServerTiming: OnBootPhase_520_com.android.server.timezonedetector.TimeZoneDetectorService$Lifecycle
09-30 05:49:57.932 527 527 D SystemServerTiming: OnBootPhase_520_com.android.server.timezonedetector.TimeZoneDetectorService$Lifecycle took to complete: 0ms
09-30 05:49:57.932 527 527 I SystemServerTiming: OnBootPhase_520_com.android.server.timezonedetector.location.LocationTimeZoneManagerService$Lifecycle
09-30 05:49:57.932 527 527 D SystemServerTiming: OnBootPhase_520_com.android.server.timezonedetector.location.LocationTimeZoneManagerService$Lifecycle took to complete: 0ms
09-30 05:49:57.932 527 527 I SystemServerTiming: OnBootPhase_520_com.android.server.search.SearchManagerService$Lifecycle
09-30 05:49:57.932 527 527 D SystemServerTiming: OnBootPhase_520_com.android.server.search.SearchManagerService$Lifecycle took to complete: 0ms
09-30 05:49:57.932 527 527 I SystemServerTiming: OnBootPhase_520_com.android.server.wallpaper.WallpaperManagerService$Lifecycle
09-30 05:49:57.932 527 527 D SystemServerTiming: OnBootPhase_520_com.android.server.wallpaper.WallpaperManagerService$Lifecycle took to complete: 0ms
09-30 05:49:57.932 527 527 I SystemServerTiming: OnBootPhase_520_com.android.server.audio.AudioService$Lifecycle
09-30 05:49:57.932 527 527 D SystemServerTiming: OnBootPhase_520_com.android.server.audio.AudioService$Lifecycle took to complete: 0ms
09-30 05:49:57.932 527 527 I SystemServerTiming: OnBootPhase_520_com.android.server.soundtrigger_middleware.SoundTriggerMiddlewareService$Lifecycle
09-30 05:49:57.932 527 527 D SystemServerTiming: OnBootPhase_520_com.android.server.soundtrigger_middleware.SoundTriggerMiddlewareService$Lifecycle took to complete: 0ms
09-30 05:49:57.932 527 527 I SystemServerTiming: OnBootPhase_520_com.android.server.DockObserver
09-30 05:49:57.932 527 527 D SystemServerTiming: OnBootPhase_520_com.android.server.DockObserver took to complete: 0ms
09-30 05:49:57.932 527 527 I SystemServerTiming: OnBootPhase_520_com.android.server.adb.AdbService$Lifecycle
09-30 05:49:57.932 527 527 D SystemServerTiming: OnBootPhase_520_com.android.server.adb.AdbService$Lifecycle took to complete: 0ms
09-30 05:49:57.932 527 527 I SystemServerTiming: OnBootPhase_520_com.android.server.usb.UsbService$Lifecycle
09-30 05:49:57.932 527 527 D SystemServerTiming: OnBootPhase_520_com.android.server.usb.UsbService$Lifecycle took to complete: 0ms
09-30 05:49:57.932 527 527 I SystemServerTiming: OnBootPhase_520_com.android.server.twilight.TwilightService
09-30 05:49:57.932 527 527 D SystemServerTiming: OnBootPhase_520_com.android.server.twilight.TwilightService took to complete: 0ms
09-30 05:49:57.932 527 527 I SystemServerTiming: OnBootPhase_520_com.android.server.display.color.ColorDisplayService
09-30 05:49:57.932 527 527 D SystemServerTiming: OnBootPhase_520_com.android.server.display.color.ColorDisplayService took to complete: 0ms
09-30 05:49:57.932 527 527 I SystemServerTiming: OnBootPhase_520_com.android.server.job.JobSchedulerService
09-30 05:49:57.932 527 527 D SystemServerTiming: OnBootPhase_520_com.android.server.job.JobSchedulerService took to complete: 0ms
09-30 05:49:57.932 527 527 I SystemServerTiming: OnBootPhase_520_com.android.server.soundtrigger.SoundTriggerService
09-30 05:49:57.932 527 527 D SoundTriggerService: onBootPhase: 520 : false
09-30 05:49:57.932 527 527 D SystemServerTiming: OnBootPhase_520_com.android.server.soundtrigger.SoundTriggerService took to complete: 0ms
09-30 05:49:57.932 527 527 I SystemServerTiming: OnBootPhase_520_com.android.server.trust.TrustManagerService
09-30 05:49:57.932 527 527 D SystemServerTiming: OnBootPhase_520_com.android.server.trust.TrustManagerService took to complete: 0ms
09-30 05:49:57.932 527 527 I SystemServerTiming: OnBootPhase_520_com.android.server.backup.BackupManagerService$Lifecycle
09-30 05:49:57.932 527 527 D SystemServerTiming: OnBootPhase_520_com.android.server.backup.BackupManagerService$Lifecycle took to complete: 0ms
09-30 05:49:57.932 527 527 I SystemServerTiming: OnBootPhase_520_com.android.server.appwidget.AppWidgetService
09-30 05:49:57.932 527 527 D SystemServerTiming: OnBootPhase_520_com.android.server.appwidget.AppWidgetService took to complete: 0ms
09-30 05:49:57.932 527 527 I SystemServerTiming: OnBootPhase_520_com.android.server.voiceinteraction.VoiceInteractionManagerService
09-30 05:49:57.932 527 527 D SystemServerTiming: OnBootPhase_520_com.android.server.voiceinteraction.VoiceInteractionManagerService took to complete: 0ms
09-30 05:49:57.932 527 527 I SystemServerTiming: OnBootPhase_520_com.android.server.apphibernation.AppHibernationService
09-30 05:49:57.932 527 527 D SystemServerTiming: OnBootPhase_520_com.android.server.apphibernation.AppHibernationService took to complete: 0ms
09-30 05:49:57.932 527 527 I SystemServerTiming: OnBootPhase_520_com.android.server.GestureLauncherService
09-30 05:49:57.932 527 527 D SystemServerTiming: OnBootPhase_520_com.android.server.GestureLauncherService took to complete: 0ms
09-30 05:49:57.932 527 527 I SystemServerTiming: OnBootPhase_520_com.android.server.SensorNotificationService
09-30 05:49:57.932 527 527 D SystemServerTiming: OnBootPhase_520_com.android.server.SensorNotificationService took to complete: 0ms
09-30 05:49:57.932 527 527 I SystemServerTiming: OnBootPhase_520_com.android.server.emergency.EmergencyAffordanceService
09-30 05:49:57.932 527 527 D SystemServerTiming: OnBootPhase_520_com.android.server.emergency.EmergencyAffordanceService took to complete: 0ms
09-30 05:49:57.932 527 527 I SystemServerTiming: OnBootPhase_520_com.android.server.dreams.DreamManagerService
09-30 05:49:57.932 527 527 D SystemServerTiming: OnBootPhase_520_com.android.server.dreams.DreamManagerService took to complete: 0ms
09-30 05:49:57.933 527 527 I SystemServerTiming: OnBootPhase_520_com.android.server.blob.BlobStoreManagerService
09-30 05:49:57.933 527 527 D SystemServerTiming: OnBootPhase_520_com.android.server.blob.BlobStoreManagerService took to complete: 0ms
09-30 05:49:57.933 527 527 I SystemServerTiming: OnBootPhase_520_com.android.server.print.PrintManagerService
09-30 05:49:57.933 527 527 D SystemServerTiming: OnBootPhase_520_com.android.server.print.PrintManagerService took to complete: 0ms
09-30 05:49:57.933 527 527 I SystemServerTiming: OnBootPhase_520_com.android.server.companion.CompanionDeviceManagerService
09-30 05:49:57.933 527 527 D SystemServerTiming: OnBootPhase_520_com.android.server.companion.CompanionDeviceManagerService took to complete: 0ms
09-30 05:49:57.933 527 527 I SystemServerTiming: OnBootPhase_520_com.android.server.restrictions.RestrictionsManagerService
09-30 05:49:57.933 527 527 D SystemServerTiming: OnBootPhase_520_com.android.server.restrictions.RestrictionsManagerService took to complete: 0ms
09-30 05:49:57.933 527 527 I SystemServerTiming: OnBootPhase_520_com.android.server.media.MediaSessionService
09-30 05:49:57.933 527 527 D SystemServerTiming: OnBootPhase_520_com.android.server.media.MediaSessionService took to complete: 0ms
09-30 05:49:57.933 527 527 I SystemServerTiming: OnBootPhase_520_com.android.server.media.MediaResourceMonitorService
09-30 05:49:57.933 527 527 D SystemServerTiming: OnBootPhase_520_com.android.server.media.MediaResourceMonitorService took to complete: 0ms
09-30 05:49:57.933 527 527 I SystemServerTiming: OnBootPhase_520_com.android.server.biometrics.BiometricService
09-30 05:49:57.933 527 527 D SystemServerTiming: OnBootPhase_520_com.android.server.biometrics.BiometricService took to complete: 0ms
09-30 05:49:57.933 527 527 I SystemServerTiming: OnBootPhase_520_com.android.server.biometrics.AuthService
09-30 05:49:57.933 527 527 D SystemServerTiming: OnBootPhase_520_com.android.server.biometrics.AuthService took to complete: 0ms
09-30 05:49:57.933 527 527 I SystemServerTiming: OnBootPhase_520_com.android.server.pm.ShortcutService$Lifecycle
09-30 05:49:57.933 527 527 D SystemServerTiming: OnBootPhase_520_com.android.server.pm.ShortcutService$Lifecycle took to complete: 0ms
09-30 05:49:57.933 527 527 I SystemServerTiming: OnBootPhase_520_com.android.server.pm.LauncherAppsService
09-30 05:49:57.933 527 527 D SystemServerTiming: OnBootPhase_520_com.android.server.pm.LauncherAppsService took to complete: 0ms
09-30 05:49:57.933 527 527 I SystemServerTiming: OnBootPhase_520_com.android.server.pm.CrossProfileAppsService
09-30 05:49:57.933 527 527 D SystemServerTiming: OnBootPhase_520_com.android.server.pm.CrossProfileAppsService took to complete: 0ms
09-30 05:49:57.933 527 527 I SystemServerTiming: OnBootPhase_520_com.android.server.people.PeopleService
09-30 05:49:57.933 527 527 D SystemServerTiming: OnBootPhase_520_com.android.server.people.PeopleService took to complete: 0ms
09-30 05:49:57.933 527 527 I SystemServerTiming: OnBootPhase_520_com.android.server.media.metrics.MediaMetricsManagerService
09-30 05:49:57.933 527 527 D SystemServerTiming: OnBootPhase_520_com.android.server.media.metrics.MediaMetricsManagerService took to complete: 0ms
09-30 05:49:57.933 527 527 I SystemServerTiming: OnBootPhase_520_com.android.server.media.projection.MediaProjectionManagerService
09-30 05:49:57.933 527 527 D SystemServerTiming: OnBootPhase_520_com.android.server.media.projection.MediaProjectionManagerService took to complete: 0ms
09-30 05:49:57.933 527 527 I SystemServerTiming: OnBootPhase_520_com.android.server.slice.SliceManagerService$Lifecycle
09-30 05:49:57.933 527 527 D SystemServerTiming: OnBootPhase_520_com.android.server.slice.SliceManagerService$Lifecycle took to complete: 0ms
09-30 05:49:57.933 527 527 I SystemServerTiming: OnBootPhase_520_com.android.server.stats.StatsCompanion$Lifecycle
09-30 05:49:57.933 527 527 D SystemServerTiming: OnBootPhase_520_com.android.server.stats.StatsCompanion$Lifecycle took to complete: 0ms
09-30 05:49:57.933 527 527 I SystemServerTiming: OnBootPhase_520_com.android.server.scheduling.RebootReadinessManagerService$Lifecycle
09-30 05:49:57.933 527 527 D SystemServerTiming: OnBootPhase_520_com.android.server.scheduling.RebootReadinessManagerService$Lifecycle took to complete: 0ms
09-30 05:49:57.933 527 527 I SystemServerTiming: OnBootPhase_520_com.android.server.stats.pull.StatsPullAtomService
09-30 05:49:57.933 527 527 D SystemServerTiming: OnBootPhase_520_com.android.server.stats.pull.StatsPullAtomService took to complete: 0ms
09-30 05:49:57.933 527 527 I SystemServerTiming: OnBootPhase_520_com.android.server.incident.IncidentCompanionService
09-30 05:49:57.933 527 527 D SystemServerTiming: OnBootPhase_520_com.android.server.incident.IncidentCompanionService took to complete: 0ms
09-30 05:49:57.933 527 527 I SystemServerTiming: OnBootPhase_520_com.android.server.MmsServiceBroker
09-30 05:49:57.933 527 527 D SystemServerTiming: OnBootPhase_520_com.android.server.MmsServiceBroker took to complete: 0ms
09-30 05:49:57.933 527 527 I SystemServerTiming: OnBootPhase_520_com.android.server.autofill.AutofillManagerService
09-30 05:49:57.933 527 527 D SystemServerTiming: OnBootPhase_520_com.android.server.autofill.AutofillManagerService took to complete: 0ms
09-30 05:49:57.933 527 527 I SystemServerTiming: OnBootPhase_520_com.android.server.clipboard.ClipboardService
09-30 05:49:57.933 527 527 D SystemServerTiming: OnBootPhase_520_com.android.server.clipboard.ClipboardService took to complete: 0ms
09-30 05:49:57.933 527 527 I SystemServerTiming: OnBootPhase_520_com.android.server.appbinding.AppBindingService$Lifecycle
09-30 05:49:57.933 527 527 D SystemServerTiming: OnBootPhase_520_com.android.server.appbinding.AppBindingService$Lifecycle took to complete: 0ms
09-30 05:49:57.933 527 527 I SystemServerTiming: OnBootPhase_520_com.android.server.tracing.TracingServiceProxy
09-30 05:49:57.933 527 527 D SystemServerTiming: OnBootPhase_520_com.android.server.tracing.TracingServiceProxy took to complete: 0ms
09-30 05:49:57.933 527 527 I SystemServerTiming: OnBootPhase_520_com.android.server.policy.PermissionPolicyService
09-30 05:49:57.933 527 527 D SystemServerTiming: OnBootPhase_520_com.android.server.policy.PermissionPolicyService took to complete: 0ms
09-30 05:49:57.933 527 527 I SystemServerTiming: OnBootPhase_520_com.android.server.pm.StagingManager$Lifecycle
09-30 05:49:57.933 527 527 D SystemServerTiming: OnBootPhase_520_com.android.server.pm.StagingManager$Lifecycle took to complete: 0ms
09-30 05:49:57.933 527 527 I SystemServerTiming: OnBootPhase_520_com.android.server.app.GameManagerService$Lifecycle
09-30 05:49:57.934 527 527 D SystemServerTiming: OnBootPhase_520_com.android.server.app.GameManagerService$Lifecycle took to complete: 0ms
09-30 05:49:57.934 527 527 D SystemServerTiming: OnBootPhase_520 took to complete: 5ms
09-30 05:49:57.934 527 527 D SystemServerTiming: StartBootPhaseDeviceSpecificServicesReady took to complete: 5ms
09-30 05:49:57.934 527 527 I SystemServerTiming: AppSearchManagerService
09-30 05:49:57.934 527 527 I system_server: Waiting for a blocking GC ClassLinker
09-30 05:49:57.995 390 390 D MtpDeviceJNI: register_android_mtp_MtpDevice
09-30 05:49:57.997 390 390 W MediaProfiles: Could not find a validated xml file. Using the default instance instead.
09-30 05:49:58.044 527 537 I system_server: Background concurrent copying GC freed 36740(1608KB) AllocSpace objects, 4(112KB) LOS objects, 23% free, 6842KB/8890KB, paused 340us total 184.751ms
09-30 05:49:58.044 527 527 I system_server: WaitForGcToComplete blocked ClassLinker on Background for 109.980ms
09-30 05:49:58.046 527 527 I SystemServiceManager: Starting com.android.server.appsearch.AppSearchManagerService
09-30 05:49:58.052 527 527 D SystemServerTiming: AppSearchManagerService took to complete: 119ms
09-30 05:49:58.052 527 527 I SystemServerTiming: StartMediaCommunicationService
09-30 05:49:58.053 527 527 I SystemServiceManager: Starting com.android.server.media.MediaCommunicationService
09-30 05:49:58.057 527 527 D SystemServerTiming: StartMediaCommunicationService took to complete: 4ms
09-30 05:49:58.060 527 527 I SystemServerTiming: PhaseActivityManagerReady
09-30 05:49:58.060 527 527 I SystemServerTiming: controllersReady
09-30 05:49:58.067 527 623 I SystemServerTimingAsync: InitThreadPoolExec:Update app-ops uidState in case package com.android.providers.media.module changed
09-30 05:49:58.067 527 623 D SystemServerInitThreadPool: Started executing Update app-ops uidState in case package com.android.providers.media.module changed
09-30 05:49:58.068 527 586 I SystemServerTimingAsync: InitThreadPoolExec:Update app-ops uidState in case package com.android.deskclock changed
09-30 05:49:58.068 527 586 D SystemServerInitThreadPool: Started executing Update app-ops uidState in case package com.android.deskclock changed
09-30 05:49:58.068 527 628 I SystemServerTimingAsync: InitThreadPoolExec:Update app-ops uidState in case package com.android.systemui changed
09-30 05:49:58.068 527 628 D SystemServerInitThreadPool: Started executing Update app-ops uidState in case package com.android.systemui changed
09-30 05:49:58.068 527 586 D SystemServerInitThreadPool: Finished executing Update app-ops uidState in case package com.android.deskclock changed
09-30 05:49:58.068 527 586 D SystemServerTimingAsync: InitThreadPoolExec:Update app-ops uidState in case package com.android.deskclock changed took to complete: 0ms
09-30 05:49:58.068 527 586 I SystemServerTimingAsync: InitThreadPoolExec:Update app-ops uidState in case package com.android.providers.calendar changed
09-30 05:49:58.069 527 586 D SystemServerInitThreadPool: Started executing Update app-ops uidState in case package com.android.providers.calendar changed
09-30 05:49:58.069 527 628 D SystemServerInitThreadPool: Finished executing Update app-ops uidState in case package com.android.systemui changed
09-30 05:49:58.069 527 628 D SystemServerTimingAsync: InitThreadPoolExec:Update app-ops uidState in case package com.android.systemui changed took to complete: 0ms
09-30 05:49:58.069 527 527 D SystemServerTiming: controllersReady took to complete: 9ms
09-30 05:49:58.069 527 623 D SystemServerInitThreadPool: Finished executing Update app-ops uidState in case package com.android.providers.media.module changed
09-30 05:49:58.069 527 623 D SystemServerTimingAsync: InitThreadPoolExec:Update app-ops uidState in case package com.android.providers.media.module changed took to complete: 2ms
09-30 05:49:58.070 527 623 I SystemServerTimingAsync: InitThreadPoolExec:Update app-ops uidState in case package com.android.phone changed
09-30 05:49:58.070 527 623 D SystemServerInitThreadPool: Started executing Update app-ops uidState in case package com.android.phone changed
09-30 05:49:58.070 527 623 D SystemServerInitThreadPool: Finished executing Update app-ops uidState in case package com.android.phone changed
09-30 05:49:58.070 527 623 D SystemServerTimingAsync: InitThreadPoolExec:Update app-ops uidState in case package com.android.phone changed took to complete: 1ms
09-30 05:49:58.070 527 623 I SystemServerTimingAsync: InitThreadPoolExec:Update app-ops uidState in case package android changed
09-30 05:49:58.070 527 623 D SystemServerInitThreadPool: Started executing Update app-ops uidState in case package android changed
09-30 05:49:58.070 527 623 D SystemServerInitThreadPool: Finished executing Update app-ops uidState in case package android changed
09-30 05:49:58.070 527 623 D SystemServerTimingAsync: InitThreadPoolExec:Update app-ops uidState in case package android changed took to complete: 0ms
09-30 05:49:58.070 527 586 D SystemServerInitThreadPool: Finished executing Update app-ops uidState in case package com.android.providers.calendar changed
09-30 05:49:58.071 527 628 I SystemServerTimingAsync: InitThreadPoolExec:Update app-ops uidState in case package com.android.providers.contacts changed
09-30 05:49:58.071 527 586 D SystemServerTimingAsync: InitThreadPoolExec:Update app-ops uidState in case package com.android.providers.calendar changed took to complete: 2ms
09-30 05:49:58.071 527 628 D SystemServerInitThreadPool: Started executing Update app-ops uidState in case package com.android.providers.contacts changed
09-30 05:49:58.071 527 586 I SystemServerTimingAsync: InitThreadPoolExec:Update app-ops uidState in case package com.android.settings changed
09-30 05:49:58.071 527 586 D SystemServerInitThreadPool: Started executing Update app-ops uidState in case package com.android.settings changed
09-30 05:49:58.071 527 628 D SystemServerInitThreadPool: Finished executing Update app-ops uidState in case package com.android.providers.contacts changed
09-30 05:49:58.071 527 628 D SystemServerTimingAsync: InitThreadPoolExec:Update app-ops uidState in case package com.android.providers.contacts changed took to complete: 1ms
09-30 05:49:58.071 527 586 D SystemServerInitThreadPool: Finished executing Update app-ops uidState in case package com.android.settings changed
09-30 05:49:58.071 527 586 D SystemServerTimingAsync: InitThreadPoolExec:Update app-ops uidState in case package com.android.settings changed took to complete: 1ms
09-30 05:49:58.071 527 623 I SystemServerTimingAsync: InitThreadPoolExec:Update app-ops uidState in case package com.android.server.telecom changed
09-30 05:49:58.071 527 623 D SystemServerInitThreadPool: Started executing Update app-ops uidState in case package com.android.server.telecom changed
09-30 05:49:58.072 527 623 D SystemServerInitThreadPool: Finished executing Update app-ops uidState in case package com.android.server.telecom changed
09-30 05:49:58.072 527 623 D SystemServerTimingAsync: InitThreadPoolExec:Update app-ops uidState in case package com.android.server.telecom changed took to complete: 0ms
09-30 05:49:58.073 527 527 I SystemServerTiming: killProcesses
09-30 05:49:58.074 527 527 D SystemServerTiming: killProcesses took to complete: 0ms
09-30 05:49:58.074 527 527 I ActivityManager: System now ready
09-30 05:49:58.074 527 527 I SystemServerTiming: updateTopComponentForFactoryTest
09-30 05:49:58.074 527 527 D SystemServerTiming: updateTopComponentForFactoryTest took to complete: 0ms
09-30 05:49:58.074 527 527 I SystemServerTiming: registerActivityLaunchObserver
09-30 05:49:58.074 527 527 D SystemServerTiming: registerActivityLaunchObserver took to complete: 0ms
09-30 05:49:58.074 527 527 I SystemServerTiming: watchDeviceProvisioning
09-30 05:49:58.085 390 390 I zygote : Thread[1,tid=390,Native,Thread*=0xe3200e10,peer=0x13040000,"main"] recursive attempt to load library "librtp_jni.so"
09-30 05:49:58.090 527 527 D SystemServerTiming: watchDeviceProvisioning took to complete: 16ms
09-30 05:49:58.091 527 527 I SystemServerTiming: retrieveSettings
09-30 05:49:58.094 527 527 I ActivityTaskManager: Config changes=10000000 {1.0 ?mcc?mnc [en_US] ldltr sw512dp w682dp h440dp 240dpi nrml land -touch -keyb/v/h -nav/h winConfig={ mBounds=Rect(0, 0 - 1024, 768) mAppBounds=Rect(0, 0 - 1024, 696) mMaxBounds=Rect(0, 0 - 1024, 768) mWindowingMode=fullscreen mDisplayWindowingMode=fullscreen mActivityType=undefined mAlwaysOnTop=undefined mRotation=ROTATION_0} s.6 fontWeightAdjustment=0}
09-30 05:49:58.095 527 527 I WindowManager: Override config changes=10000000 {1.0 ?mcc?mnc [en_US] ldltr sw512dp w682dp h440dp 240dpi nrml land -touch -keyb/v/h -nav/h winConfig={ mBounds=Rect(0, 0 - 1024, 768) mAppBounds=Rect(0, 0 - 1024, 696) mMaxBounds=Rect(0, 0 - 1024, 768) mWindowingMode=fullscreen mDisplayWindowingMode=fullscreen mActivityType=undefined mAlwaysOnTop=undefined mRotation=ROTATION_0} s.6 fontWeightAdjustment=0} for displayId=0
09-30 05:49:58.149 527 527 D SystemServerTiming: retrieveSettings took to complete: 58ms
09-30 05:49:58.149 527 527 I SystemServerTiming: Ugm.onSystemReady
09-30 05:49:58.150 527 527 D SystemServerTiming: Ugm.onSystemReady took to complete: 1ms
09-30 05:49:58.150 527 527 I SystemServerTiming: updateForceBackgroundCheck
09-30 05:49:58.150 527 527 D SystemServerTiming: updateForceBackgroundCheck took to complete: 0ms
09-30 05:49:58.150 527 527 I SystemServer: Making services ready
09-30 05:49:58.150 527 527 I SystemServerTiming: StartActivityManagerReadyPhase
09-30 05:49:58.150 527 527 I SystemServiceManager: Starting phase 550
09-30 05:49:58.150 527 527 I SystemServerTiming: OnBootPhase_550
09-30 05:49:58.150 527 527 I SystemServerTiming: OnBootPhase_550_com.android.server.security.FileIntegrityService
09-30 05:49:58.150 527 527 D SystemServerTiming: OnBootPhase_550_com.android.server.security.FileIntegrityService took to complete: 0ms
09-30 05:49:58.150 527 527 I SystemServerTiming: OnBootPhase_550_com.android.server.pm.Installer
09-30 05:49:58.150 527 527 D SystemServerTiming: OnBootPhase_550_com.android.server.pm.Installer took to complete: 0ms
09-30 05:49:58.150 527 527 I SystemServerTiming: OnBootPhase_550_com.android.server.os.DeviceIdentifiersPolicyService
09-30 05:49:58.150 527 527 D SystemServerTiming: OnBootPhase_550_com.android.server.os.DeviceIdentifiersPolicyService took to complete: 0ms
09-30 05:49:58.151 527 527 I SystemServerTiming: OnBootPhase_550_com.android.server.uri.UriGrantsManagerService$Lifecycle
09-30 05:49:58.151 527 527 D SystemServerTiming: OnBootPhase_550_com.android.server.uri.UriGrantsManagerService$Lifecycle took to complete: 0ms
09-30 05:49:58.151 527 527 I SystemServerTiming: OnBootPhase_550_com.android.server.powerstats.PowerStatsService
09-30 05:49:58.151 527 527 D SystemServerTiming: OnBootPhase_550_com.android.server.powerstats.PowerStatsService took to complete: 0ms
09-30 05:49:58.151 527 527 I SystemServerTiming: OnBootPhase_550_com.android.server.wm.ActivityTaskManagerService$Lifecycle
09-30 05:49:58.151 527 527 D SystemServerTiming: OnBootPhase_550_com.android.server.wm.ActivityTaskManagerService$Lifecycle took to complete: 0ms
09-30 05:49:58.151 527 527 I SystemServerTiming: OnBootPhase_550_com.android.server.am.ActivityManagerService$Lifecycle
09-30 05:49:58.152 527 527 D SystemServerTiming: OnBootPhase_550_com.android.server.am.ActivityManagerService$Lifecycle took to complete: 2ms
09-30 05:49:58.152 527 527 I SystemServerTiming: OnBootPhase_550_com.android.server.pm.DataLoaderManagerService
09-30 05:49:58.152 527 527 D SystemServerTiming: OnBootPhase_550_com.android.server.pm.DataLoaderManagerService took to complete: 0ms
09-30 05:49:58.152 527 527 I SystemServerTiming: OnBootPhase_550_com.android.server.power.PowerManagerService
09-30 05:49:58.152 527 527 D SystemServerTiming: OnBootPhase_550_com.android.server.power.PowerManagerService took to complete: 0ms
09-30 05:49:58.153 527 527 I SystemServerTiming: OnBootPhase_550_com.android.server.power.ThermalManagerService
09-30 05:49:58.155 527 527 I android_os_HwBinder: HwBinder: Starting thread pool for getting: android.hardware.thermal@2.0::IThermal/default
09-30 05:49:58.156 425 425 I IMGThermalHAL: registerThermalChangedCallback:447 A callback has been registered to ThermalHAL, isFilter: 0, Type: CPU
09-30 05:49:58.157 527 527 I ThermalHalWrapper: Thermal HAL 2.0 service connected.
09-30 05:49:58.157 527 527 E ThermalHalWrapper: Couldn't get temperatures because of HAL error: Failed to read temperature data
09-30 05:49:58.158 527 527 W ThermalManagerService: Thermal HAL reported invalid data, abort connection
09-30 05:49:58.158 527 527 E ThermalHalWrapper: Couldn't get temperature thresholds because of HAL error: Failed to read temperature threshold data
09-30 05:49:58.158 527 527 D SystemServerTiming: OnBootPhase_550_com.android.server.power.ThermalManagerService took to complete: 6ms
09-30 05:49:58.158 527 527 I SystemServerTiming: OnBootPhase_550_com.android.server.power.hint.HintManagerService
09-30 05:49:58.159 527 527 D SystemServerTiming: OnBootPhase_550_com.android.server.power.hint.HintManagerService took to complete: 0ms
09-30 05:49:58.159 527 527 I SystemServerTiming: OnBootPhase_550_com.android.server.recoverysystem.RecoverySystemService$Lifecycle
09-30 05:49:58.159 527 527 D SystemServerTiming: OnBootPhase_550_com.android.server.recoverysystem.RecoverySystemService$Lifecycle took to complete: 0ms
09-30 05:49:58.159 527 527 I SystemServerTiming: OnBootPhase_550_com.android.server.lights.LightsService
09-30 05:49:58.159 527 527 D SystemServerTiming: OnBootPhase_550_com.android.server.lights.LightsService took to complete: 0ms
09-30 05:49:58.159 527 527 I SystemServerTiming: OnBootPhase_550_com.android.server.display.DisplayManagerService
09-30 05:49:58.159 527 527 D SystemServerTiming: OnBootPhase_550_com.android.server.display.DisplayManagerService took to complete: 0ms
09-30 05:49:58.159 527 527 I SystemServerTiming: OnBootPhase_550_com.android.server.pm.verify.domain.DomainVerificationService
09-30 05:49:58.159 527 527 D SystemServerTiming: OnBootPhase_550_com.android.server.pm.verify.domain.DomainVerificationService took to complete: 0ms
09-30 05:49:58.159 527 527 I SystemServerTiming: OnBootPhase_550_com.android.server.pm.PackageInstallerService$Lifecycle
09-30 05:49:58.159 527 527 D SystemServerTiming: OnBootPhase_550_com.android.server.pm.PackageInstallerService$Lifecycle took to complete: 0ms
09-30 05:49:58.159 527 527 I SystemServerTiming: OnBootPhase_550_com.android.server.pm.UserManagerService$LifeCycle
09-30 05:49:58.159 527 527 D SystemServerTiming: OnBootPhase_550_com.android.server.pm.UserManagerService$LifeCycle took to complete: 0ms
09-30 05:49:58.159 527 527 I SystemServerTiming: OnBootPhase_550_com.android.server.om.OverlayManagerService
09-30 05:49:58.159 527 527 D SystemServerTiming: OnBootPhase_550_com.android.server.om.OverlayManagerService took to complete: 0ms
09-30 05:49:58.159 527 527 I SystemServerTiming: OnBootPhase_550_com.android.server.SensorPrivacyService
09-30 05:49:58.159 527 527 D SystemServerTiming: OnBootPhase_550_com.android.server.SensorPrivacyService took to complete: 0ms
09-30 05:49:58.159 527 527 I SystemServerTiming: OnBootPhase_550_com.android.server.sensors.SensorService
09-30 05:49:58.159 527 527 D SystemServerTiming: OnBootPhase_550_com.android.server.sensors.SensorService took to complete: 0ms
09-30 05:49:58.159 527 527 I SystemServerTiming: OnBootPhase_550_com.android.server.SystemConfigService
09-30 05:49:58.159 527 527 D SystemServerTiming: OnBootPhase_550_com.android.server.SystemConfigService took to complete: 0ms
09-30 05:49:58.159 527 527 I SystemServerTiming: OnBootPhase_550_com.android.server.BatteryService
09-30 05:49:58.161 527 527 D SystemServerTiming: OnBootPhase_550_com.android.server.BatteryService took to complete: 1ms
09-30 05:49:58.161 527 527 I SystemServerTiming: OnBootPhase_550_com.android.server.usage.UsageStatsService
09-30 05:49:58.161 527 527 D SystemServerTiming: OnBootPhase_550_com.android.server.usage.UsageStatsService took to complete: 0ms
09-30 05:49:58.161 527 527 I SystemServerTiming: OnBootPhase_550_com.android.server.webkit.WebViewUpdateService
09-30 05:49:58.161 527 527 D SystemServerTiming: OnBootPhase_550_com.android.server.webkit.WebViewUpdateService took to complete: 0ms
09-30 05:49:58.161 527 527 I SystemServerTiming: OnBootPhase_550_com.android.server.CachedDeviceStateService
09-30 05:49:58.161 527 527 D SystemServerTiming: OnBootPhase_550_com.android.server.CachedDeviceStateService took to complete: 0ms
09-30 05:49:58.161 527 527 I SystemServerTiming: OnBootPhase_550_com.android.server.BinderCallsStatsService$LifeCycle
09-30 05:49:58.161 527 527 D SystemServerTiming: OnBootPhase_550_com.android.server.BinderCallsStatsService$LifeCycle took to complete: 0ms
09-30 05:49:58.161 527 527 I SystemServerTiming: OnBootPhase_550_com.android.server.LooperStatsService$Lifecycle
09-30 05:49:58.161 527 527 D SystemServerTiming: OnBootPhase_550_com.android.server.LooperStatsService$Lifecycle took to complete: 0ms
09-30 05:49:58.161 527 527 I SystemServerTiming: OnBootPhase_550_com.android.server.rollback.RollbackManagerService
09-30 05:49:58.161 527 527 D SystemServerTiming: OnBootPhase_550_com.android.server.rollback.RollbackManagerService took to complete: 0ms
09-30 05:49:58.161 527 527 I SystemServerTiming: OnBootPhase_550_com.android.server.os.NativeTombstoneManagerService
09-30 05:49:58.162 527 527 D SystemServerTiming: OnBootPhase_550_com.android.server.os.NativeTombstoneManagerService took to complete: 1ms
09-30 05:49:58.162 527 527 I SystemServerTiming: OnBootPhase_550_com.android.server.os.BugreportManagerService
09-30 05:49:58.162 527 527 D SystemServerTiming: OnBootPhase_550_com.android.server.os.BugreportManagerService took to complete: 0ms
09-30 05:49:58.162 527 527 I SystemServerTiming: OnBootPhase_550_com.android.server.gpu.GpuService
09-30 05:49:58.162 527 527 D SystemServerTiming: OnBootPhase_550_com.android.server.gpu.GpuService took to complete: 0ms
09-30 05:49:58.162 527 527 I SystemServerTiming: OnBootPhase_550_com.android.server.security.KeyChainSystemService
09-30 05:49:58.162 527 527 D SystemServerTiming: OnBootPhase_550_com.android.server.security.KeyChainSystemService took to complete: 0ms
09-30 05:49:58.162 527 527 I SystemServerTiming: OnBootPhase_550_com.android.server.telecom.TelecomLoaderService
09-30 05:49:58.168 527 527 W ActivityManager: Too early to start/bind service in system_server: Phase=550 ComponentInfo{com.android.server.telecom/com.android.server.telecom.components.TelecomService}
09-30 05:49:58.170 527 527 D CompatibilityChangeReporter: Compat change id reported: 168419799; UID 1000; state: DISABLED
09-30 05:49:58.171 527 527 W ActivityManager: Too early to start/bind service in system_server: Phase=550 ComponentInfo{com.android.server.telecom/com.android.server.telecom.components.TelecomService}
09-30 05:49:58.172 527 527 D SystemServerTiming: OnBootPhase_550_com.android.server.telecom.TelecomLoaderService took to complete: 10ms
09-30 05:49:58.172 527 527 I SystemServerTiming: OnBootPhase_550_com.android.server.accounts.AccountManagerService$Lifecycle
09-30 05:49:58.172 527 527 D SystemServerTiming: OnBootPhase_550_com.android.server.accounts.AccountManagerService$Lifecycle took to complete: 0ms
09-30 05:49:58.172 527 527 I SystemServerTiming: OnBootPhase_550_com.android.server.content.ContentService$Lifecycle
09-30 05:49:58.178 527 527 I SyncManager: No initial accounts
09-30 05:49:58.186 527 527 D SystemServerTiming: OnBootPhase_550_com.android.server.content.ContentService$Lifecycle took to complete: 14ms
09-30 05:49:58.187 527 527 I SystemServerTiming: OnBootPhase_550_com.android.server.DropBoxManagerService
09-30 05:49:58.187 527 527 D SystemServerTiming: OnBootPhase_550_com.android.server.DropBoxManagerService took to complete: 0ms
09-30 05:49:58.187 527 527 I SystemServerTiming: OnBootPhase_550_com.android.role.RoleService
09-30 05:49:58.187 527 527 D SystemServerTiming: OnBootPhase_550_com.android.role.RoleService took to complete: 0ms
09-30 05:49:58.187 527 527 I SystemServerTiming: OnBootPhase_550_com.android.server.vibrator.VibratorManagerService$Lifecycle
09-30 05:49:58.187 527 527 D SystemServerTiming: OnBootPhase_550_com.android.server.vibrator.VibratorManagerService$Lifecycle took to complete: 0ms
09-30 05:49:58.187 527 527 I SystemServerTiming: OnBootPhase_550_com.android.server.alarm.AlarmManagerService
09-30 05:49:58.187 527 527 D SystemServerTiming: OnBootPhase_550_com.android.server.alarm.AlarmManagerService took to complete: 0ms
09-30 05:49:58.187 527 527 I SystemServerTiming: OnBootPhase_550_com.android.server.devicestate.DeviceStateManagerService
09-30 05:49:58.187 527 527 D SystemServerTiming: OnBootPhase_550_com.android.server.devicestate.DeviceStateManagerService took to complete: 0ms
09-30 05:49:58.187 527 527 I SystemServerTiming: OnBootPhase_550_com.android.server.camera.CameraServiceProxy
09-30 05:49:58.187 527 527 D SystemServerTiming: OnBootPhase_550_com.android.server.camera.CameraServiceProxy took to complete: 0ms
09-30 05:49:58.187 527 527 I SystemServerTiming: OnBootPhase_550_com.android.server.connectivity.IpConnectivityMetrics
09-30 05:49:58.187 527 527 D SystemServerTiming: OnBootPhase_550_com.android.server.connectivity.IpConnectivityMetrics took to complete: 0ms
09-30 05:49:58.187 527 527 I SystemServerTiming: OnBootPhase_550_com.android.server.net.watchlist.NetworkWatchlistService$Lifecycle
09-30 05:49:58.190 527 527 D SystemServerTiming: OnBootPhase_550_com.android.server.net.watchlist.NetworkWatchlistService$Lifecycle took to complete: 3ms
09-30 05:49:58.190 527 527 I SystemServerTiming: OnBootPhase_550_com.android.server.PinnerService
09-30 05:49:58.190 527 527 D SystemServerTiming: OnBootPhase_550_com.android.server.PinnerService took to complete: 0ms
09-30 05:49:58.190 527 527 I SystemServerTiming: OnBootPhase_550_com.google.android.startop.iorap.IorapForwardingService
09-30 05:49:58.190 527 527 D SystemServerTiming: OnBootPhase_550_com.google.android.startop.iorap.IorapForwardingService took to complete: 0ms
09-30 05:49:58.190 527 527 I SystemServerTiming: OnBootPhase_550_com.android.server.integrity.AppIntegrityManagerService
09-30 05:49:58.190 527 527 D SystemServerTiming: OnBootPhase_550_com.android.server.integrity.AppIntegrityManagerService took to complete: 0ms
09-30 05:49:58.190 527 527 I SystemServerTiming: OnBootPhase_550_com.android.server.inputmethod.InputMethodManagerService$Lifecycle
09-30 05:49:58.236 527 527 D SystemServerTiming: OnBootPhase_550_com.android.server.inputmethod.InputMethodManagerService$Lifecycle took to complete: 46ms
09-30 05:49:58.236 527 527 I SystemServerTiming: OnBootPhase_550_com.android.server.accessibility.AccessibilityManagerService$Lifecycle
09-30 05:49:58.236 527 527 D SystemServerTiming: OnBootPhase_550_com.android.server.accessibility.AccessibilityManagerService$Lifecycle took to complete: 0ms
09-30 05:49:58.236 527 527 I SystemServerTiming: OnBootPhase_550_com.android.server.StorageManagerService$Lifecycle
09-30 05:49:58.236 527 527 D SystemServerTiming: OnBootPhase_550_com.android.server.StorageManagerService$Lifecycle took to complete: 0ms
09-30 05:49:58.236 527 527 I SystemServerTiming: OnBootPhase_550_com.android.server.usage.StorageStatsService$Lifecycle
09-30 05:49:58.236 527 527 D SystemServerTiming: OnBootPhase_550_com.android.server.usage.StorageStatsService$Lifecycle took to complete: 0ms
09-30 05:49:58.236 527 527 I SystemServerTiming: OnBootPhase_550_com.android.server.UiModeManagerService
09-30 05:49:58.237 527 527 D SystemServerTiming: OnBootPhase_550_com.android.server.UiModeManagerService took to complete: 0ms
09-30 05:49:58.237 527 527 I SystemServerTiming: OnBootPhase_550_com.android.server.locksettings.LockSettingsService$Lifecycle
09-30 05:49:58.239 527 527 I RebootEscrowManager: No reboot escrow data found for users, skipping loading escrow data
09-30 05:49:58.243 527 527 D SystemServerTiming: OnBootPhase_550_com.android.server.locksettings.LockSettingsService$Lifecycle took to complete: 7ms
09-30 05:49:58.243 527 527 I SystemServerTiming: OnBootPhase_550_com.android.server.testharness.TestHarnessModeService
09-30 05:49:58.243 527 527 D SystemServerTiming: OnBootPhase_550_com.android.server.testharness.TestHarnessModeService took to complete: 0ms
09-30 05:49:58.243 527 527 I SystemServerTiming: OnBootPhase_550_com.android.server.DeviceIdleController
09-30 05:49:58.243 527 527 D SystemServerTiming: OnBootPhase_550_com.android.server.DeviceIdleController took to complete: 0ms
09-30 05:49:58.243 527 527 I SystemServerTiming: OnBootPhase_550_com.android.server.devicepolicy.DevicePolicyManagerService$Lifecycle
09-30 05:49:58.244 527 527 D SystemServerTiming: OnBootPhase_550_com.android.server.devicepolicy.DevicePolicyManagerService$Lifecycle took to complete: 0ms
09-30 05:49:58.244 527 527 I SystemServerTiming: OnBootPhase_550_com.android.server.texttospeech.TextToSpeechManagerService
09-30 05:49:58.244 527 527 D SystemServerTiming: OnBootPhase_550_com.android.server.texttospeech.TextToSpeechManagerService took to complete: 0ms
09-30 05:49:58.244 527 527 I SystemServerTiming: OnBootPhase_550_com.android.server.speech.SpeechRecognitionManagerService
09-30 05:49:58.244 527 527 D SystemServerTiming: OnBootPhase_550_com.android.server.speech.SpeechRecognitionManagerService took to complete: 0ms
09-30 05:49:58.244 527 527 I SystemServerTiming: OnBootPhase_550_com.android.server.searchui.SearchUiManagerService
09-30 05:49:58.244 527 527 D SystemServerTiming: OnBootPhase_550_com.android.server.searchui.SearchUiManagerService took to complete: 0ms
09-30 05:49:58.244 527 527 I SystemServerTiming: OnBootPhase_550_com.android.server.smartspace.SmartspaceManagerService
09-30 05:49:58.244 527 527 D SystemServerTiming: OnBootPhase_550_com.android.server.smartspace.SmartspaceManagerService took to complete: 0ms
09-30 05:49:58.244 527 527 I SystemServerTiming: OnBootPhase_550_com.android.server.graphics.fonts.FontManagerService$Lifecycle
09-30 05:49:58.244 527 527 D SystemServerTiming: OnBootPhase_550_com.android.server.graphics.fonts.FontManagerService$Lifecycle took to complete: 0ms
09-30 05:49:58.244 527 527 I SystemServerTiming: OnBootPhase_550_com.android.server.textservices.TextServicesManagerService$Lifecycle
09-30 05:49:58.244 527 527 D SystemServerTiming: OnBootPhase_550_com.android.server.textservices.TextServicesManagerService$Lifecycle took to complete: 0ms
09-30 05:49:58.244 527 527 I SystemServerTiming: OnBootPhase_550_com.android.server.textclassifier.TextClassificationManagerService$Lifecycle
09-30 05:49:58.244 527 527 D SystemServerTiming: OnBootPhase_550_com.android.server.textclassifier.TextClassificationManagerService$Lifecycle took to complete: 0ms
09-30 05:49:58.244 527 527 I SystemServerTiming: OnBootPhase_550_com.android.server.NetworkScoreService$Lifecycle
09-30 05:49:58.244 527 527 D SystemServerTiming: OnBootPhase_550_com.android.server.NetworkScoreService$Lifecycle took to complete: 0ms
09-30 05:49:58.244 527 527 I SystemServerTiming: OnBootPhase_550_com.android.server.wifi.WifiService
09-30 05:49:58.244 527 527 D SystemServerTiming: OnBootPhase_550_com.android.server.wifi.WifiService took to complete: 0ms
09-30 05:49:58.244 527 527 I SystemServerTiming: OnBootPhase_550_com.android.server.wifi.scanner.WifiScanningService
09-30 05:49:58.244 527 527 D SystemServerTiming: OnBootPhase_550_com.android.server.wifi.scanner.WifiScanningService took to complete: 0ms
09-30 05:49:58.244 527 527 I SystemServerTiming: OnBootPhase_550_com.android.server.wifi.p2p.WifiP2pService
09-30 05:49:58.244 527 527 D SystemServerTiming: OnBootPhase_550_com.android.server.wifi.p2p.WifiP2pService took to complete: 0ms
09-30 05:49:58.244 527 527 I SystemServerTiming: OnBootPhase_550_com.android.server.ethernet.EthernetService
09-30 05:49:58.244 527 527 D SystemServerTiming: OnBootPhase_550_com.android.server.ethernet.EthernetService took to complete: 0ms
09-30 05:49:58.244 527 527 I SystemServerTiming: OnBootPhase_550_com.android.server.ConnectivityServiceInitializer
09-30 05:49:58.245 527 527 D SystemServerTiming: OnBootPhase_550_com.android.server.ConnectivityServiceInitializer took to complete: 0ms
09-30 05:49:58.245 527 527 I SystemServerTiming: OnBootPhase_550_com.android.server.notification.NotificationManagerService
09-30 05:49:58.245 527 527 D SystemServerTiming: OnBootPhase_550_com.android.server.notification.NotificationManagerService took to complete: 0ms
09-30 05:49:58.245 527 527 I SystemServerTiming: OnBootPhase_550_com.android.server.storage.DeviceStorageMonitorService
