--------- beginning of main
01-01 00:00:14.383 210 210 I lowmemorykiller: Using psi monitors for memory pressure detection
01-01 00:00:14.389 210 210 I lowmemorykiller: Process polling is supported
01-01 00:00:00.052 209 209 W auditd : type=2000 audit(0.0:1): state=initialized audit_enabled=0 res=1
01-01 00:00:09.740 209 209 W auditd : type=1403 audit(0.0:2): auid=4294967295 ses=4294967295 lsm=selinux res=1
01-01 00:00:14.461 211 211 I SELinux : SELinux: Loaded service_contexts from:
01-01 00:00:14.462 211 211 I SELinux : /system/etc/selinux/plat_service_contexts
01-01 00:00:14.462 211 211 I SELinux : /product/etc/selinux/product_service_contexts
01-01 00:00:14.462 211 211 I SELinux : /vendor/etc/selinux/vendor_service_contexts
01-01 00:00:14.470 216 216 I hwservicemanager: getFrameworkHalManifest: Reading VINTF information.
01-01 00:00:14.481 216 216 I hwservicemanager: getDeviceHalManifest: Reading VINTF information.
01-01 00:00:14.512 216 216 I hwservicemanager: getDeviceHalManifest: Successfully processed VINTF information
01-01 00:00:14.512 216 216 I hwservicemanager: getFrameworkHalManifest: Successfully processed VINTF information
01-01 00:00:14.520 216 216 I hwservicemanager: hwservicemanager is ready now. --------- beginning of system
01-01 00:00:14.724 220 220 I vold : Vold 3.0 (the awakening) firing up
01-01 00:00:14.725 220 220 D vold : Detected support for: ext4 f2fs vfat
01-01 00:00:14.730 220 220 D vold : Found unmanaged dm device named system_a
01-01 00:00:14.730 220 220 D vold : Found unmanaged dm device named vendor_a
01-01 00:00:14.732 220 220 D vold : Found unmanaged loop device at /dev/block/loop1 named apex:
01-01 00:00:14.732 220 220 D vold : Found unmanaged loop device at /dev/block/loop0 named apex:
01-01 00:00:14.732 220 220 D vold : Found unmanaged loop device at /dev/block/loop3 named apex:
01-01 00:00:14.732 220 220 D vold : Found unmanaged loop device at /dev/block/loop2 named apex:
01-01 00:00:14.736 220 220 D vold : VoldNativeService::start() completed OK
01-01 00:00:14.778 220 224 I vold : Found disk at /devices/platform/bus@f0000/fa00000.mmc/mmc_host/mmc1/mmc1:59b4/block/mmcblk1 but delaying scan due to secure keyguard
01-01 00:00:15.863 226 226 I HidlServiceManagement: Registered android.system.suspend@1.0::ISystemSuspend/default
01-01 00:00:15.864 226 226 I HidlServiceManagement: Removing namespace from process name android.system.suspend@1.0-service to suspend@1.0-service.
01-01 00:00:15.943 228 228 I HidlServiceManagement: Registered android.hardware.atrace@1.0::IAtraceDevice/default
01-01 00:00:15.944 228 228 I HidlServiceManagement: Removing namespace from process name android.hardware.atrace@1.0-service.img to atrace@1.0-service.img.
01-01 00:00:15.952 231 231 I HidlServiceManagement: Registered android.hardware.boot@1.2::IBootControl/default
01-01 00:00:15.953 231 231 I HidlServiceManagement: Removing namespace from process name android.hardware.boot@1.2-service to boot@1.2-service.
01-01 00:00:15.954 231 231 I LegacySupport: Registration complete for android.hardware.boot@1.0::IBootControl/default.
01-01 00:00:15.975 232 232 I android.hardware.keymaster@3.0-impl: Fetching keymaster device name default
01-01 00:00:15.976 232 232 I android.hardware.keymaster@3.0-impl: Could not find any keystore module, using software-only implementation.
01-01 00:00:15.980 232 232 I HidlServiceManagement: Registered android.hardware.keymaster@3.0::IKeymasterDevice/default
01-01 00:00:15.981 232 232 I HidlServiceManagement: Removing namespace from process name android.hardware.keymaster@3.0-service to keymaster@3.0-service.
01-01 00:00:15.982 232 232 I LegacySupport: Registration complete for android.hardware.keymaster@3.0::IKeymasterDevice/default.
01-01 00:00:15.989 233 233 I fsverity_init: LoadKeyFromFile path=/system/etc/security/fsverity/fsverity-release.x509.der keyname=fsv_system_0
01-01 00:00:16.018 227 227 I keystore2: keystore2_main: Keystore2 is starting.
01-01 00:00:16.025 227 227 I keystore2: keystore2_main: Starting thread pool now.
01-01 00:00:16.026 227 234 I keystore2: getDeviceHalManifest: Reading VINTF information.
01-01 00:00:16.031 227 234 I keystore2: getDeviceHalManifest: Successfully processed VINTF information
01-01 00:00:16.031 227 234 I keystore2: keystore2::shared_secret_negotiation: Shared secret negotiation concluded successfully.
01-01 00:00:16.036 216 216 I hwservicemanager: getTransport: Cannot find entry android.hardware.keymaster@4.0::IKeymasterDevice/default in either framework or device VINTF manifest.
01-01 00:00:16.038 227 227 I keystore2: found android.hardware.keymaster@3.0::IKeymasterDevice with interface name default and seclevel SOFTWARE
01-01 00:00:16.038 227 227 W keystore2: No secure Keymaster implementation found, but device offers insecure Keymaster HAL. Using as default.
01-01 00:00:16.044 211 211 I servicemanager: getDeviceHalManifest: Reading VINTF information.
01-01 00:00:16.049 211 211 I servicemanager: getDeviceHalManifest: Successfully processed VINTF information
01-01 00:00:16.050 211 211 I servicemanager: getFrameworkHalManifest: Reading VINTF information.
01-01 00:00:16.052 211 211 I servicemanager: getFrameworkHalManifest: Successfully processed VINTF information
01-01 00:00:16.052 211 211 I servicemanager: Found android.system.keystore2.IKeystoreService/default in framework VINTF manifest.
01-01 00:00:16.055 227 227 I keystore2: keystore2_main: Successfully registered Keystore 2.0 service.
01-01 00:00:16.055 227 227 I keystore2: keystore2_main: Joining thread pool now.
01-01 00:00:16.153 220 220 D vold : fscrypt_mount_metadata_encrypted: /data encrypt: 0 format: 0 with null
01-01 00:00:16.153 220 220 D vold : metadata_key_dir/key: /metadata/vold/metadata_encryption/key
01-01 00:00:16.154 220 220 D vold : Key exists, using: /metadata/vold/metadata_encryption/key
01-01 00:00:16.160 227 227 I SELinux : SELinux: Loaded keystore2_key_contexts from:
01-01 00:00:16.160 227 227 I SELinux : /system/etc/selinux/plat_keystore2_key_contexts
01-01 00:00:16.659 227 237 W keystore2: keystore2::watchdog: Keystore Watchdog report:
01-01 00:00:16.659 227 237 W keystore2: keystore2::watchdog: Overdue records:
01-01 00:00:16.660 227 237 W keystore2: keystore2::watchdog: ThreadId(1) IKeystoreSecurityLevel::createOperation Pending: 500.305255ms Overdue 309.41µs: SecurityLevel SecurityLevel(1)
01-01 00:00:17.662 227 237 W keystore2: keystore2::watchdog: Keystore Watchdog report:
01-01 00:00:17.662 227 237 W keystore2: keystore2::watchdog: Overdue records:
01-01 00:00:17.662 227 237 W keystore2: keystore2::watchdog: ThreadId(1) In KeystoreSecurityLevel::create_operation: calling begin Pending: 1.500555955s Overdue 1.00055944s: SecurityLevel SecurityLevel(1)
01-01 00:00:17.662 227 237 W keystore2: keystore2::watchdog: ThreadId(1) IKeystoreSecurityLevel::createOperation Pending: 1.50328137s Overdue 1.003285335s: SecurityLevel SecurityLevel(1)
01-01 00:00:18.492 220 220 D vold : Mounting metadata-encrypted filesystem:/data
01-01 00:00:18.497 220 220 I vold : [libfs_mgr]Running /system/bin/fsck.f2fs -a -c 10000 --debug-cache /dev/block/dm-2
01-01 00:00:19.103 220 220 I vold : [libfs_mgr]__mount(source=/dev/block/dm-2,target=/data,type=f2fs)=0: Success
01-01 00:00:19.104 220 220 D vold : Mounted /data
01-01 00:00:19.104 220 224 D vold : Disk at 252:2 changed
01-01 00:00:19.316 255 255 I HidlServiceManagement: Registered android.hardware.graphics.allocator@4.0::IAllocator/default
01-01 00:00:19.319 255 255 I HidlServiceManagement: Removing namespace from process name android.hardware.graphics.allocator@4.0-service.img to allocator@4.0-service.img.
01-01 00:00:19.339 220 220 I Checkpoint: cp_prepareCheckpoint called
01-01 00:00:19.404 255 255 E ion : open /dev/ion failed: No such file or directory
01-01 00:00:19.417 256 256 I HidlServiceManagement: Registered android.hardware.graphics.composer@2.4::IComposer/default
01-01 00:00:19.418 256 256 I HidlServiceManagement: Removing namespace from process name android.hardware.graphics.composer@2.4-service to composer@2.4-service.
01-01 00:00:19.441 220 220 I vold : fscrypt_initialize_systemwide_keys
01-01 00:00:19.443 220 220 D vold : Key exists, using: /data/unencrypted/key
01-01 00:00:19.455 220 220 D vold : Installed fscrypt key with ref 54cdd1c0a94bc4453760805fd12b00c5 to /data
01-01 00:00:19.455 220 220 D vold : Added fscrypt-provisioning key for 54cdd1c0a94bc4453760805fd12b00c5 to session keyring
01-01 00:00:19.459 220 220 I vold : Wrote system DE key reference to:/data/unencrypted/ref
01-01 00:00:19.459 220 220 D vold : Generating standard storage key
01-01 00:00:19.459 220 220 D vold : Installed fscrypt key with ref cbd5a7c39a6dcd6f3c9480dd7ece1532 to /data
01-01 00:00:19.459 220 220 D vold : Added fscrypt-provisioning key for cbd5a7c39a6dcd6f3c9480dd7ece1532 to session keyring
01-01 00:00:19.461 220 220 I vold : Wrote per boot key reference to:/data/unencrypted/per_boot_ref
01-01 00:00:19.511 216 216 I hwservicemanager: getTransport: Cannot find entry android.hardware.configstore@1.0::ISurfaceFlingerConfigs/default in either framework or device VINTF manifest.
01-01 00:00:19.520 254 254 I SurfaceFlinger: Using HWComposer service: default
01-01 00:00:19.522 254 254 I SurfaceFlinger: SurfaceFlinger is starting
01-01 00:00:19.523 216 216 I hwservicemanager: getTransport: Cannot find entry android.hardware.configstore@1.1::ISurfaceFlingerConfigs/default in either framework or device VINTF manifest.
01-01 00:00:19.523 254 254 I SurfaceFlinger: Disabling blur effects, they are not supported.
01-01 00:00:19.530 254 254 I SurfaceFlinger: SurfaceFlinger's main thread ready to run. Initializing graphics H/W...
01-01 00:00:19.530 254 254 D RenderEngine: Threaded RenderEngine with SkiaGL Backend
01-01 00:00:19.552 254 269 D libEGL : loaded /vendor/lib64/egl/libEGL_powervr.so
01-01 00:00:19.554 256 264 E ion : open /dev/ion failed: No such file or directory
01-01 00:00:19.567 256 264 I hwc-drm-two: No pipelines available. Creating null-display for headless mode
01-01 00:00:19.568 254 254 I SurfaceFlinger: onComposerHalHotplug(0, connected)
01-01 00:00:19.569 254 254 I HWComposer: Switching to legacy multi-display mode
01-01 00:00:19.572 254 273 W EventThread: Ignoring VSYNC request while display is disconnected
01-01 00:00:19.573 254 273 W EventThread: Ignoring VSYNC request while display is disconnected
01-01 00:00:19.573 254 274 W EventThread: Ignoring VSYNC request while display is disconnected
01-01 00:00:19.574 254 274 W EventThread: Ignoring VSYNC request while display is disconnected
01-01 00:00:19.574 254 273 W EventThread: Ignoring VSYNC request while display is disconnected
01-01 00:00:19.575 254 273 W EventThread: Ignoring VSYNC request while display is disconnected
01-01 00:00:19.592 254 254 W HwcComposer: getPerFrameMetadataKeys failed with 8
01-01 00:00:19.616 254 254 E ion : open /dev/ion failed: No such file or directory
01-01 00:00:19.619 255 255 I DMABUFHEAPS: Using DMA-BUF heap named: reserved
01-01 00:00:19.624 254 269 D libEGL : loaded /vendor/lib64/egl/libGLESv1_CM_powervr.so
01-01 00:00:19.641 254 269 D libEGL : loaded /vendor/lib64/egl/libGLESv2_powervr.so
01-01 00:00:19.665 277 277 I tombstoned: tombstoned successfully initialized
01-01 00:00:19.699 254 254 I SurfaceFlinger: Dispatching display hotplug event displayId=0, connected=1
01-01 00:00:19.728 220 220 I incfs : Initial API level of the device: 31
01-01 00:00:19.728 220 220 I incfs : ro.incremental.enable: true
01-01 00:00:19.729 220 220 I incfs : isFsAvailable: true
01-01 00:00:19.729 220 220 I incfs : isFsAvailable: true
01-01 00:00:19.729 220 220 I incfs : IncFs_Features: v2
01-01 00:00:19.733 227 236 I keystore2: keystore2::maintenance: In early_boot_ended.
01-01 00:00:19.752 227 236 I keystore2: keystore2::globals: Touching Keystore 2.0 database for this first time since boot.
01-01 00:00:19.753 254 269 I RenderEngine: OpenGL ES informations:
01-01 00:00:19.753 254 269 I RenderEngine: vendor : Imagination Technologies
01-01 00:00:19.753 254 269 I RenderEngine: renderer : PowerVR Rogue AXE-1-16M
01-01 00:00:19.753 254 269 I RenderEngine: version : OpenGL ES 3.1 build 1.15@6133109
01-01 00:00:19.753 254 269 I RenderEngine: extensions: GL_EXT_debug_marker GL_APPLE_texture_format_BGRA8888 GL_EXT_blend_minmax GL_EXT_buffer_storage GL_EXT_clear_texture GL_EXT_clip_control GL_EXT_color_buffer_float GL_EXT_color_buffer_half_float GL_EXT_compressed_ETC1_RGB8_sub_texture GL_EXT_conservative_depth GL_EXT_copy_image GL_EXT_discard_framebuffer GL_EXT_draw_buffers GL_EXT_draw_buffers_indexed GL_EXT_draw_elements_base_vertex GL_EXT_EGL_image_array GL_EXT_external_buffer GL_EXT_float_blend GL_EXT_gpu_shader5 GL_EXT_memory_object GL_EXT_memory_object_fd GL_EXT_multi_draw_arrays GL_EXT_multisampled_render_to_texture GL_EXT_multisampled_render_to_texture2 GL_EXT_occlusion_query_boolean GL_EXT_polygon_offset_clamp GL_EXT_read_format_bgra GL_EXT_robustness GL_EXT_separate_shader_objects GL_EXT_shader_framebuffer_fetch GL_EXT_shader_group_vote GL_EXT_shader_implicit_conversions GL_EXT_shader_io_blocks GL_EXT_shader_non_constant_global_initializers GL_EXT_shader_pixel_local_storage GL_EXT_shader_pixel_local_storage2 GL_EXT_shader_texture_lod GL_EX
01-01 00:00:19.753 254 269 I RenderEngine: GL_MAX_TEXTURE_SIZE = 8192
01-01 00:00:19.753 254 269 I RenderEngine: GL_MAX_VIEWPORT_DIMS = 8192
01-01 00:00:19.753 227 236 I keystore2: keystore2::globals: Calling cleanup leftovers.
01-01 00:00:19.764 227 236 I keystore2: keystore2::super_key: Starting boot level watcher.
01-01 00:00:19.765 227 236 I keystore2: keystore2::maintenance: Call to earlyBootEnded succeeded for security level TRUSTED_ENVIRONMENT.
01-01 00:00:19.765 227 280 I keystore2: keystore2::super_key: Read keystore.boot_level value 30
01-01 00:00:19.766 227 280 I keystore2: keystore2::super_key: Read keystore.boot_level value 30
01-01 00:00:19.766 227 236 E keystore2: keystore2::maintenance: Call to earlyBootEnded failed for security level STRONGBOX: In call_with_watchdog: getting keymint device.
01-01 00:00:19.766 227 236 E keystore2: keystore2::error: In call_with_watchdog: getting keymint device
01-01 00:00:19.766 227 236 E keystore2:
01-01 00:00:19.766 227 236 E keystore2: Caused by:
01-01 00:00:19.766 227 236 E keystore2: 0: In get_keymint_device.
01-01 00:00:19.766 227 236 E keystore2: 1: In connect_keymint: Trying to get Legacy wrapper.
01-01 00:00:19.766 227 236 E keystore2: 2: Error::Km(ErrorCode(-68))
01-01 00:00:19.766 220 220 E vold : keystore2 Keystore earlyBootEnded returned service specific error: -68
01-01 00:00:19.901 254 282 W SurfaceFlinger: Failed to set thread name on dispatch thread
01-01 00:00:19.907 254 254 I HidlServiceManagement: Registered android.frameworks.displayservice@1.0::IDisplayService/default
01-01 00:00:19.908 254 254 D SurfaceFlinger: Setting power mode 2 on display 0
01-01 00:00:19.909 254 254 D SurfaceFlinger: Finished setting power mode 2 on display 0
01-01 00:00:20.107 253 253 D BootAnimation: BootAnimationStartTiming start time: 14106ms
01-01 00:00:20.108 253 253 D BootAnimation: BootAnimationPreloadTiming start time: 14107ms
01-01 00:00:20.120 253 253 D BootAnimation: BootAnimationPreloadStopTiming start time: 14119ms
01-01 00:00:20.853 220 224 D vold : Disk at 7:4 changed
01-01 00:00:20.855 220 224 D vold : Disk at 7:5 changed
01-01 00:00:20.897 220 224 D vold : Disk at 7:6 changed
01-01 00:00:20.903 220 224 D vold : Disk at 7:7 changed
01-01 00:00:20.949 220 224 D vold : Disk at 7:8 changed
01-01 00:00:20.953 220 224 D vold : Disk at 7:9 changed
01-01 00:00:20.993 220 224 D vold : Disk at 7:10 changed
01-01 00:00:21.005 220 224 D vold : Disk at 7:11 changed
01-01 00:00:21.036 220 224 D vold : Disk at 7:12 changed
01-01 00:00:21.061 220 224 D vold : Disk at 7:13 changed
01-01 00:00:21.086 220 224 D vold : Disk at 7:14 changed
01-01 00:00:21.095 220 224 D vold : Disk at 7:15 changed
01-01 00:00:21.112 220 224 D vold : Disk at 252:4 changed
01-01 00:00:21.113 220 224 D vold : Disk at 252:4 changed
01-01 00:00:21.114 220 224 D vold : Disk at 252:3 changed
01-01 00:00:21.114 220 224 D vold : Disk at 252:3 changed
01-01 00:00:21.170 220 224 D vold : Disk at 7:16 changed
01-01 00:00:21.184 220 224 D vold : Disk at 7:17 changed
01-01 00:00:21.206 220 224 D vold : Disk at 252:5 changed
01-01 00:00:21.206 220 224 D vold : Disk at 252:5 changed
01-01 00:00:21.214 220 224 D vold : Disk at 252:6 changed
01-01 00:00:21.215 220 224 D vold : Disk at 252:6 changed
01-01 00:00:21.247 220 224 D vold : Disk at 7:18 changed
01-01 00:00:21.275 220 224 D vold : Disk at 252:7 changed
01-01 00:00:21.276 220 224 D vold : Disk at 252:7 changed
01-01 00:00:21.281 220 224 D vold : Disk at 7:19 changed
01-01 00:00:21.312 220 224 D vold : Disk at 7:20 changed
01-01 00:00:21.320 220 224 D vold : Disk at 252:8 changed
01-01 00:00:21.320 220 224 D vold : Disk at 252:8 changed
01-01 00:00:21.328 220 224 D vold : Disk at 252:9 changed
01-01 00:00:21.328 220 224 D vold : Disk at 252:9 changed
01-01 00:00:21.354 220 224 D vold : Disk at 7:21 changed
01-01 00:00:21.385 220 224 D vold : Disk at 7:22 changed
01-01 00:00:21.385 220 224 D vold : Disk at 252:10 changed
01-01 00:00:21.386 220 224 D vold : Disk at 252:10 changed
01-01 00:00:21.421 220 224 D vold : Disk at 252:11 changed
01-01 00:00:21.421 220 224 D vold : Disk at 252:11 changed
01-01 00:00:21.429 220 224 D vold : Disk at 7:23 changed
01-01 00:00:21.466 220 224 D vold : Disk at 252:12 changed
01-01 00:00:21.467 220 224 D vold : Disk at 252:12 changed
01-01 00:00:21.473 220 224 D vold : Disk at 7:24 changed
01-01 00:00:21.486 220 224 D vold : Disk at 252:13 changed
01-01 00:00:21.486 220 224 D vold : Disk at 252:13 changed
01-01 00:00:21.521 220 224 D vold : Disk at 7:25 changed
01-01 00:00:21.548 220 224 D vold : Disk at 252:14 changed
01-01 00:00:21.548 220 224 D vold : Disk at 252:14 changed
01-01 00:00:22.066 364 364 I derive_sdk: Read version 1 from 7
01-01 00:00:22.067 364 364 I derive_sdk: Read version 1 from 4
01-01 00:00:22.068 364 364 I derive_sdk: Read version 1 from 8
01-01 00:00:22.069 364 364 I derive_sdk: Read version 1 from 3
01-01 00:00:22.070 364 364 I derive_sdk: Read version 1 from 1
01-01 00:00:22.072 364 364 I derive_sdk: Read version 1 from 2
01-01 00:00:22.073 364 364 I derive_sdk: Read version 1 from 5
01-01 00:00:22.075 364 364 I derive_sdk: Read version 1 from 9
01-01 00:00:22.076 364 364 I derive_sdk: Read version 1 from 10
01-01 00:00:22.078 364 364 I derive_sdk: Read version 1 from 6
01-01 00:00:22.078 364 364 I derive_sdk: R extension version is 1
01-01 00:00:22.081 364 364 I derive_sdk: S extension version is 1
01-01 00:00:22.164 220 220 D vold : fscrypt_init_user0
01-01 00:00:22.165 220 220 D vold : Preparing: /data/misc/vold/user_keys
01-01 00:00:22.166 220 220 D vold : Preparing: /data/misc/vold/user_keys/ce
01-01 00:00:22.167 220 220 D vold : Preparing: /data/misc/vold/user_keys/de
01-01 00:00:22.180 220 220 D vold : Installed fscrypt key with ref 6c5079e3d488cee5dc712bc5ea5ff6cd to /data
01-01 00:00:22.180 220 220 D vold : Added fscrypt-provisioning key for 6c5079e3d488cee5dc712bc5ea5ff6cd to session keyring
01-01 00:00:22.180 220 220 D vold : Installed de key for user 0
01-01 00:00:22.180 220 220 D vold : fscrypt_prepare_user_storage for volume null, user 0, serial 0, flags 1
01-01 00:00:22.180 220 220 D vold : Preparing: /data/system/users/0
01-01 00:00:22.181 220 220 D vold : Preparing: /data/misc/profiles/cur/0
01-01 00:00:22.182 220 220 D vold : Preparing: /data/system_de/0
01-01 00:00:22.183 220 220 D vold : Preparing: /data/misc_de/0
01-01 00:00:22.184 220 220 D vold : Preparing: /data/vendor_de/0
01-01 00:00:22.184 220 220 D vold : Preparing: /data/user_de/0
01-01 00:00:22.185 220 220 I vold : Verified that /data/system_de/0 has the encryption policy 6c5079e3d488cee5dc712bc5ea5ff6cd v2 modes 1/4 flags 0x2
01-01 00:00:22.186 220 220 I vold : Verified that /data/misc_de/0 has the encryption policy 6c5079e3d488cee5dc712bc5ea5ff6cd v2 modes 1/4 flags 0x2
01-01 00:00:22.186 220 220 I vold : Verified that /data/vendor_de/0 has the encryption policy 6c5079e3d488cee5dc712bc5ea5ff6cd v2 modes 1/4 flags 0x2
01-01 00:00:22.186 220 220 I vold : Verified that /data/user_de/0 has the encryption policy 6c5079e3d488cee5dc712bc5ea5ff6cd v2 modes 1/4 flags 0x2
01-01 00:00:22.186 220 220 D vold : /system/bin/vold_prepare_subdirs
01-01 00:00:22.186 220 220 D vold : prepare
01-01 00:00:22.186 220 220 D vold :
01-01 00:00:22.186 220 220 D vold : 0
01-01 00:00:22.186 220 220 D vold : 1
01-01 00:00:22.228 366 366 D vold_prepare_subdirs: Setting up mode 771 uid 1000 gid 1000 context u:object_r:system_data_file:s0:c512,c768 on path: /data/user_de/0
01-01 00:00:22.230 366 366 D vold_prepare_subdirs: Setting up mode 700 uid 0 gid 0 context u:object_r:vold_data_file:s0 on path: /data/misc_de/0/vold
01-01 00:00:22.233 366 366 D vold_prepare_subdirs: Setting up mode 700 uid 0 gid 0 context u:object_r:storaged_data_file:s0 on path: /data/misc_de/0/storaged
01-01 00:00:22.235 366 366 D vold_prepare_subdirs: Setting up mode 700 uid 0 gid 0 context u:object_r:rollback_data_file:s0 on path: /data/misc_de/0/rollback
01-01 00:00:22.237 366 366 D vold_prepare_subdirs: Setting up mode 700 uid 0 gid 0 context u:object_r:apex_rollback_data_file:s0 on path: /data/misc_de/0/apexrollback
01-01 00:00:22.239 366 366 D vold_prepare_subdirs: Setting up mode 711 uid 0 gid 0 context u:object_r:apex_module_data_file:s0 on path: /data/misc_de/0/apexdata
01-01 00:00:22.242 366 366 D vold_prepare_subdirs: Setting up mode 771 uid 0 gid 1000 context u:object_r:apex_module_data_file:s0 on path: /data/misc_de/0/apexdata/com.android.media.swcodec
01-01 00:00:22.245 366 366 D vold_prepare_subdirs: Setting up mode 771 uid 0 gid 1000 context u:object_r:apex_wifi_data_file:s0 on path: /data/misc_de/0/apexdata/com.android.wifi
01-01 00:00:22.247 366 366 D vold_prepare_subdirs: Setting up mode 771 uid 0 gid 1000 context u:object_r:apex_module_data_file:s0 on path: /data/misc_de/0/apexdata/com.android.tethering
01-01 00:00:22.250 366 366 D vold_prepare_subdirs: Setting up mode 771 uid 0 gid 1000 context u:object_r:apex_module_data_file:s0 on path: /data/misc_de/0/apexdata/com.android.adbd
01-01 00:00:22.252 366 366 D vold_prepare_subdirs: Setting up mode 771 uid 0 gid 1000 context u:object_r:apex_permission_data_file:s0 on path: /data/misc_de/0/apexdata/com.android.permission
01-01 00:00:22.255 366 366 D vold_prepare_subdirs: Setting up mode 771 uid 0 gid 1000 context u:object_r:apex_module_data_file:s0 on path: /data/misc_de/0/apexdata/com.android.art
01-01 00:00:22.257 366 366 D vold_prepare_subdirs: Setting up mode 771 uid 0 gid 1000 context u:object_r:apex_module_data_file:s0 on path: /data/misc_de/0/apexdata/com.android.extservices
01-01 00:00:22.260 366 366 D vold_prepare_subdirs: Setting up mode 771 uid 0 gid 1000 context u:object_r:apex_module_data_file:s0 on path: /data/misc_de/0/apexdata/com.android.resolv
01-01 00:00:22.262 366 366 D vold_prepare_subdirs: Setting up mode 771 uid 0 gid 1000 context u:object_r:apex_module_data_file:s0 on path: /data/misc_de/0/apexdata/com.android.neuralnetworks
01-01 00:00:22.265 366 366 D vold_prepare_subdirs: Setting up mode 771 uid 0 gid 1000 context u:object_r:apex_module_data_file:s0 on path: /data/misc_de/0/apexdata/com.android.mediaprovider
01-01 00:00:22.268 366 366 D vold_prepare_subdirs: Setting up mode 771 uid 0 gid 1000 context u:object_r:apex_module_data_file:s0 on path: /data/misc_de/0/apexdata/com.android.ipsec
01-01 00:00:22.271 366 366 D vold_prepare_subdirs: Setting up mode 771 uid 0 gid 1000 context u:object_r:apex_module_data_file:s0 on path: /data/misc_de/0/apexdata/com.android.media
01-01 00:00:22.273 366 366 D vold_prepare_subdirs: Setting up mode 771 uid 0 gid 1000 context u:object_r:apex_module_data_file:s0 on path: /data/misc_de/0/apexdata/com.android.sdkext
01-01 00:00:22.276 366 366 D vold_prepare_subdirs: Setting up mode 771 uid 0 gid 1000 context u:object_r:apex_module_data_file:s0 on path: /data/misc_de/0/apexdata/com.android.apex.cts.shim
01-01 00:00:22.279 366 366 D vold_prepare_subdirs: Setting up mode 771 uid 0 gid 1000 context u:object_r:apex_module_data_file:s0 on path: /data/misc_de/0/apexdata/com.android.appsearch
01-01 00:00:22.281 366 366 D vold_prepare_subdirs: Setting up mode 771 uid 0 gid 1000 context u:object_r:apex_module_data_file:s0 on path: /data/misc_de/0/apexdata/com.android.scheduling
01-01 00:00:22.284 366 366 D vold_prepare_subdirs: Setting up mode 771 uid 0 gid 1000 context u:object_r:apex_module_data_file:s0 on path: /data/misc_de/0/apexdata/com.android.conscrypt
01-01 00:00:22.287 366 366 D vold_prepare_subdirs: Setting up mode 771 uid 0 gid 1000 context u:object_r:apex_module_data_file:s0 on path: /data/misc_de/0/apexdata/com.android.os.statsd
01-01 00:00:22.290 366 366 D vold_prepare_subdirs: Setting up mode 771 uid 0 gid 1000 context u:object_r:apex_module_data_file:s0 on path: /data/misc_de/0/apexdata/com.android.vndk.v31
01-01 00:00:22.292 366 366 D vold_prepare_subdirs: Setting up mode 771 uid 0 gid 1000 context u:object_r:apex_module_data_file:s0 on path: /data/misc_de/0/apexdata/com.android.i18n
01-01 00:00:22.295 366 366 D vold_prepare_subdirs: Setting up mode 771 uid 0 gid 1000 context u:object_r:apex_module_data_file:s0 on path: /data/misc_de/0/apexdata/com.android.tzdata
01-01 00:00:22.298 366 366 D vold_prepare_subdirs: Setting up mode 771 uid 0 gid 1000 context u:object_r:apex_module_data_file:s0 on path: /data/misc_de/0/apexdata/com.android.runtime
01-01 00:00:22.300 366 366 D vold_prepare_subdirs: Setting up mode 771 uid 0 gid 1000 context u:object_r:apex_module_data_file:s0 on path: /data/misc_de/0/apexdata/sharedlibs
01-01 00:00:22.303 366 366 D vold_prepare_subdirs: Setting up mode 771 uid 1000 gid 1000 context u:object_r:user_profile_root_file:s0:c512,c768 on path: /data/misc/profiles/cur/0
01-01 00:00:22.304 366 366 D vold_prepare_subdirs: Setting up mode 700 uid 1000 gid 1000 context u:object_r:fingerprint_vendor_data_file:s0 on path: /data/vendor_de/0/fpdata
01-01 00:00:22.307 366 366 D vold_prepare_subdirs: Setting up mode 700 uid 1000 gid 1000 context u:object_r:face_vendor_data_file:s0 on path: /data/vendor_de/0/facedata
01-01 00:00:22.312 220 220 D vold : Detected support for FS_IOC_ADD_ENCRYPTION_KEY
01-01 00:00:22.407 368 368 I derive_classpath: ParseFragments for bootclasspath
01-01 00:00:22.427 368 368 I derive_classpath: ReadClasspathFragment /apex/com.android.art/etc/classpaths/bootclasspath.pb
01-01 00:00:22.429 368 368 I derive_classpath: ReadClasspathFragment /system/etc/classpaths/bootclasspath.pb
01-01 00:00:22.430 368 368 I derive_classpath: ReadClasspathFragment /apex/com.android.appsearch/etc/classpaths/bootclasspath.pb
01-01 00:00:22.431 368 368 I derive_classpath: ReadClasspathFragment /apex/com.android.conscrypt/etc/classpaths/bootclasspath.pb
01-01 00:00:22.432 368 368 I derive_classpath: ReadClasspathFragment /apex/com.android.i18n/etc/classpaths/bootclasspath.pb
01-01 00:00:22.433 368 368 I derive_classpath: ReadClasspathFragment /apex/com.android.ipsec/etc/classpaths/bootclasspath.pb
01-01 00:00:22.433 368 368 I derive_classpath: ReadClasspathFragment /apex/com.android.media/etc/classpaths/bootclasspath.pb
01-01 00:00:22.434 368 368 I derive_classpath: ReadClasspathFragment /apex/com.android.mediaprovider/etc/classpaths/bootclasspath.pb
01-01 00:00:22.435 368 368 I derive_classpath: ReadClasspathFragment /apex/com.android.os.statsd/etc/classpaths/bootclasspath.pb
01-01 00:00:22.436 368 368 I derive_classpath: ReadClasspathFragment /apex/com.android.permission/etc/classpaths/bootclasspath.pb
01-01 00:00:22.437 368 368 I derive_classpath: ReadClasspathFragment /apex/com.android.scheduling/etc/classpaths/bootclasspath.pb
01-01 00:00:22.438 368 368 I derive_classpath: ReadClasspathFragment /apex/com.android.sdkext/etc/classpaths/bootclasspath.pb
01-01 00:00:22.439 368 368 I derive_classpath: ReadClasspathFragment /apex/com.android.tethering/etc/classpaths/bootclasspath.pb
01-01 00:00:22.440 368 368 I derive_classpath: ReadClasspathFragment /apex/com.android.wifi/etc/classpaths/bootclasspath.pb
01-01 00:00:22.441 368 368 I derive_classpath: ParseFragments for systemserverclasspath
01-01 00:00:22.444 368 368 I derive_classpath: ReadClasspathFragment /system/etc/classpaths/systemserverclasspath.pb
01-01 00:00:22.445 368 368 I derive_classpath: ReadClasspathFragment /apex/com.android.appsearch/etc/classpaths/systemserverclasspath.pb
01-01 00:00:22.446 368 368 I derive_classpath: ReadClasspathFragment /apex/com.android.media/etc/classpaths/systemserverclasspath.pb
01-01 00:00:22.447 368 368 I derive_classpath: ReadClasspathFragment /apex/com.android.permission/etc/classpaths/systemserverclasspath.pb
01-01 00:00:22.448 368 368 I derive_classpath: WriteClasspathExports /data/system/environ/classpath
01-01 00:00:22.448 368 368 I derive_classpath: WriteClasspathExports content
01-01 00:00:22.448 368 368 I derive_classpath: export BOOTCLASSPATH /apex/com.android.art/javalib/core-oj.jar:/apex/com.android.art/javalib/core-libart.jar:/apex/com.android.art/javalib/okhttp.jar:/apex/com.android.art/javalib/bouncycastle.jar:/apex/com.android.art/javalib/apache-xml.jar:/system/framework/framework.jar:/system/framework/framework-graphics.jar:/system/framework/ext.jar:/system/framework/telephony-common.jar:/system/framework/voip-common.jar:/system/framework/ims-common.jar:/apex/com.android.i18n/javalib/core-icu4j.jar:/apex/com.android.appsearch/javalib/framework-appsearch.jar:/apex/com.android.conscrypt/javalib/conscrypt.jar:/apex/com.android.ipsec/javalib/android.net.ipsec.ike.jar:/apex/com.android.media/javalib/updatable-media.jar:/apex/com.android.mediaprovider/javalib/framework-mediaprovider.jar:/apex/com.android.os.statsd/javalib/framework-statsd.jar:/apex/com.android.permission/javalib/framework-permission.jar:/apex/com.android.permission/javalib/framework-permission-s.jar:/apex/com.android.scheduling/javalib/framework-scheduling.jar:/apex/com.android.sdkext/javalib/framework-sdkextensions.jar:/apex/com.android.tethering/javalib/framework-connectivity.jar:/apex/com.android.tethering/javalib/framework-tethering.jar:/apex/com.android.wifi/javalib/framework-wifi.jar
01-01 00:00:22.448 368 368 I derive_classpath: export DEX2OATBOOTCLASSPATH /apex/com.android.art/javalib/core-oj.jar:/apex/com.android.art/javalib/core-libart.jar:/apex/com.android.art/javalib/okhttp.jar:/apex/com.android.art/javalib/bouncycastle.jar:/apex/com.android.art/javalib/apache-xml.jar:/system/framework/framework.jar:/system/framework/framework-graphics.jar:/system/framework/ext.jar:/system/framework/telephony-common.jar:/system/framework/voip-common.jar:/system/framework/ims-common.jar:/apex/com.android.i18n/javalib/core-icu4j.jar
01-01 00:00:22.448 368 368 I derive_classpath: export SYSTEMSERVERCLASSPATH /system/framework/com.android.location.provider.jar:/system/framework/services.jar:/system/framework/ethernet-service.jar:/apex/com.android.appsearch/javalib/service-appsearch.jar:/apex/com.android.media/javalib/service-media-s.jar:/apex/com.android.permission/javalib/service-permission.jar
01-01 00:00:22.563 369 369 I odsign : Trying to retrieve existing HMAC key...
01-01 00:00:22.571 369 369 I odsign : Trying to retrieve existing keystore key...
01-01 00:00:22.586 369 369 I odsign : Verified public key signature.
01-01 00:00:22.586 369 369 E odsign : Initialized Keystore key.
01-01 00:00:22.589 369 369 I odsign : Found and verified existing public key certificate: /data/misc/odsign/key.cert
01-01 00:00:22.914 371 371 I odrefresh: Factory APEX mounted.
01-01 00:00:22.916 371 371 E odrefresh: statvfs '/data/misc/apexdata/com.android.art/dalvik-cache': No such file or directory
01-01 00:00:22.926 369 369 I odsign : odrefresh said artifacts are VALID
01-01 00:00:22.926 369 369 I odsign : On-device signing done.
01-01 00:00:23.048 227 280 I keystore2: keystore2::super_key: keystore.boot_level 1000000000 hits maximum 1000000000, finishing.
01-01 00:00:23.214 374 374 I tzdatacheck: timezone distro dir /data/misc/zoneinfo/current does not exist. No action required.
01-01 00:00:23.569 377 377 I otapreopt_slot: No A/B artifacts found for slot _a.
01-01 00:00:23.987 380 380 I flags_health_check: ServerConfigurableFlagsReset reset_mode value: 0
01-01 00:00:23.987 380 380 I flags_health_check: ServerConfigurableFlagsReset attempted boot count is under threshold, skipping reset.
01-01 00:00:24.120 381 381 D LibBpfLoader: Loading optional ELF object /apex/com.android.tethering/etc/bpf/test.o with license Apache 2.0
01-01 00:00:24.121 381 381 I LibBpfLoader: Section bpfloader_min_ver value is 0 [0x0]
01-01 00:00:24.121 381 381 I LibBpfLoader: Section bpfloader_max_ver value is 65536 [0x10000]
01-01 00:00:24.121 381 381 I LibBpfLoader: Section size_of_bpf_map_def value is 48 [0x30]
01-01 00:00:24.121 381 381 I LibBpfLoader: Section size_of_bpf_prog_def value is 28 [0x1c]
01-01 00:00:24.121 381 381 I LibBpfLoader: BpfLoader version 0x00002 processing ELF object /apex/com.android.tethering/etc/bpf/test.o with ver [0x00000,0x10000)
01-01 00:00:24.122 381 381 D LibBpfLoader: Loaded code section 3 (xdp_drop_ipv4_udp_ether)
01-01 00:00:24.122 381 381 D LibBpfLoader: Adding section 3 to cs list
01-01 00:00:24.123 381 381 D LibBpfLoader: bpf_create_map name tether_downstream6_map, ret: 6
01-01 00:00:24.124 381 381 D LibBpfLoader: map_fd found at 0 is 6 in /apex/com.android.tethering/etc/bpf/test.o
01-01 00:00:24.124 381 381 D LibBpfLoader: cs[0].name:xdp_drop_ipv4_udp_ether min_kver:5090000 .max_kver:ffffffff (kvers:50a008c)
01-01 00:00:24.124 381 381 D LibBpfLoader: cs[0].name:xdp_drop_ipv4_udp_ether requires bpfloader version [0x00000,0x10000)
01-01 00:00:24.125 381 381 D LibBpfLoader: bpf_prog_load lib call for /apex/com.android.tethering/etc/bpf/test.o (xdp_drop_ipv4_udp_ether) returned fd: 7 (no error)
01-01 00:00:24.126 381 381 I bpfloader: Loaded object: /apex/com.android.tethering/etc/bpf/test.o
01-01 00:00:24.129 381 381 D LibBpfLoader: Loading critical for tethering ELF object /apex/com.android.tethering/etc/bpf/offload.o with license Apache 2.0
01-01 00:00:24.130 381 381 I LibBpfLoader: Section bpfloader_min_ver value is 0 [0x0]
01-01 00:00:24.130 381 381 I LibBpfLoader: Section bpfloader_max_ver value is 65536 [0x10000]
01-01 00:00:24.130 381 381 I LibBpfLoader: Section size_of_bpf_map_def value is 48 [0x30]
01-01 00:00:24.130 381 381 I LibBpfLoader: Section size_of_bpf_prog_def value is 28 [0x1c]
01-01 00:00:24.130 381 381 I LibBpfLoader: BpfLoader version 0x00002 processing ELF object /apex/com.android.tethering/etc/bpf/offload.o with ver [0x00000,0x10000)
01-01 00:00:24.135 381 381 D LibBpfLoader: Loaded code section 3 (schedcls_tether_downstream6_ether)
01-01 00:00:24.137 381 381 D LibBpfLoader: Loaded relo section 3 (.relschedcls/tether_downstream6_ether)
01-01 00:00:24.137 381 381 D LibBpfLoader: Adding section 3 to cs list
01-01 00:00:24.137 381 381 D LibBpfLoader: Loaded code section 5 (schedcls_tether_upstream6_ether)
01-01 00:00:24.138 381 381 D LibBpfLoader: Loaded relo section 5 (.relschedcls/tether_upstream6_ether)
01-01 00:00:24.138 381 381 D LibBpfLoader: Adding section 5 to cs list
01-01 00:00:24.139 381 381 D LibBpfLoader: Loaded code section 7 (schedcls_tether_downstream6_rawip$5_4)
01-01 00:00:24.140 381 381 D LibBpfLoader: Loaded relo section 7 (.relschedcls/tether_downstream6_rawip$5_4)
01-01 00:00:24.140 381 381 D LibBpfLoader: Adding section 7 to cs list
01-01 00:00:24.141 381 381 D LibBpfLoader: Loaded code section 9 (schedcls_tether_upstream6_rawip$5_4)
01-01 00:00:24.142 381 381 D LibBpfLoader: Loaded relo section 9 (.relschedcls/tether_upstream6_rawip$5_4)
01-01 00:00:24.143 381 381 D LibBpfLoader: Adding section 9 to cs list
01-01 00:00:24.143 381 381 D LibBpfLoader: Loaded code section 11 (schedcls_tether_downstream6_rawip$4_14)
01-01 00:00:24.144 381 381 D LibBpfLoader: Loaded relo section 11 (.relschedcls/tether_downstream6_rawip$4_14)
01-01 00:00:24.145 381 381 D LibBpfLoader: Adding section 11 to cs list
01-01 00:00:24.145 381 381 D LibBpfLoader: Loaded code section 13 (schedcls_tether_upstream6_rawip$4_14)
01-01 00:00:24.147 381 381 D LibBpfLoader: Loaded relo section 13 (.relschedcls/tether_upstream6_rawip$4_14)
01-01 00:00:24.147 381 381 D LibBpfLoader: Adding section 13 to cs list
01-01 00:00:24.147 381 381 D LibBpfLoader: Loaded code section 15 (schedcls_tether_downstream6_rawip$stub)
01-01 00:00:24.149 381 381 D LibBpfLoader: Adding section 15 to cs list
01-01 00:00:24.149 381 381 D LibBpfLoader: Loaded code section 16 (schedcls_tether_upstream6_rawip$stub)
01-01 00:00:24.150 381 381 D LibBpfLoader: Adding section 16 to cs list
01-01 00:00:24.150 381 381 D LibBpfLoader: Loaded code section 17 (schedcls_tether_downstream4_rawip$5_8)
01-01 00:00:24.153 381 381 D LibBpfLoader: Loaded relo section 17 (.relschedcls/tether_downstream4_rawip$5_8)
01-01 00:00:24.153 381 381 D LibBpfLoader: Adding section 17 to cs list
01-01 00:00:24.153 381 381 D LibBpfLoader: Loaded code section 19 (schedcls_tether_upstream4_rawip$5_8)
01-01 00:00:24.156 381 381 D LibBpfLoader: Loaded relo section 19 (.relschedcls/tether_upstream4_rawip$5_8)
01-01 00:00:24.156 381 381 D LibBpfLoader: Adding section 19 to cs list
01-01 00:00:24.156 381 381 D LibBpfLoader: Loaded code section 21 (schedcls_tether_downstream4_ether$5_8)
01-01 00:00:24.158 381 381 D LibBpfLoader: Loaded relo section 21 (.relschedcls/tether_downstream4_ether$5_8)
01-01 00:00:24.159 381 381 D LibBpfLoader: Adding section 21 to cs list
01-01 00:00:24.159 381 381 D LibBpfLoader: Loaded code section 23 (schedcls_tether_upstream4_ether$5_8)
01-01 00:00:24.161 381 381 D LibBpfLoader: Loaded relo section 23 (.relschedcls/tether_upstream4_ether$5_8)
01-01 00:00:24.161 381 381 D LibBpfLoader: Adding section 23 to cs list
01-01 00:00:24.162 381 381 D LibBpfLoader: Loaded code section 25 (schedcls_tether_downstream4_rawip$opt)
01-01 00:00:24.164 381 381 D LibBpfLoader: Loaded relo section 25 (.relschedcls/tether_downstream4_rawip$opt)
01-01 00:00:24.164 381 381 D LibBpfLoader: Adding section 25 to cs list
01-01 00:00:24.164 381 381 D LibBpfLoader: Loaded code section 27 (schedcls_tether_upstream4_rawip$opt)
01-01 00:00:24.167 381 381 D LibBpfLoader: Loaded relo section 27 (.relschedcls/tether_upstream4_rawip$opt)
01-01 00:00:24.167 381 381 D LibBpfLoader: Adding section 27 to cs list
01-01 00:00:24.167 381 381 D LibBpfLoader: Loaded code section 29 (schedcls_tether_downstream4_ether$opt)
01-01 00:00:24.170 381 381 D LibBpfLoader: Loaded relo section 29 (.relschedcls/tether_downstream4_ether$opt)
01-01 00:00:24.170 381 381 D LibBpfLoader: Adding section 29 to cs list
01-01 00:00:24.170 381 381 D LibBpfLoader: Loaded code section 31 (schedcls_tether_upstream4_ether$opt)
01-01 00:00:24.173 381 381 D LibBpfLoader: Loaded relo section 31 (.relschedcls/tether_upstream4_ether$opt)
01-01 00:00:24.173 381 381 D LibBpfLoader: Adding section 31 to cs list
01-01 00:00:24.173 381 381 D LibBpfLoader: Loaded code section 33 (schedcls_tether_downstream4_rawip$5_4)
01-01 00:00:24.176 381 381 D LibBpfLoader: Loaded relo section 33 (.relschedcls/tether_downstream4_rawip$5_4)
01-01 00:00:24.176 381 381 D LibBpfLoader: Adding section 33 to cs list
01-01 00:00:24.176 381 381 D LibBpfLoader: Loaded code section 35 (schedcls_tether_upstream4_rawip$5_4)
01-01 00:00:24.179 381 381 D LibBpfLoader: Loaded relo section 35 (.relschedcls/tether_upstream4_rawip$5_4)
01-01 00:00:24.179 381 381 D LibBpfLoader: Adding section 35 to cs list
01-01 00:00:24.180 381 381 D LibBpfLoader: Loaded code section 37 (schedcls_tether_downstream4_rawip$4_14)
01-01 00:00:24.182 381 381 D LibBpfLoader: Loaded relo section 37 (.relschedcls/tether_downstream4_rawip$4_14)
01-01 00:00:24.183 381 381 D LibBpfLoader: Adding section 37 to cs list
01-01 00:00:24.183 381 381 D LibBpfLoader: Loaded code section 39 (schedcls_tether_upstream4_rawip$4_14)
01-01 00:00:24.186 381 381 D LibBpfLoader: Loaded relo section 39 (.relschedcls/tether_upstream4_rawip$4_14)
01-01 00:00:24.186 381 381 D LibBpfLoader: Adding section 39 to cs list
01-01 00:00:24.186 381 381 D LibBpfLoader: Loaded code section 41 (schedcls_tether_downstream4_ether$4_14)
01-01 00:00:24.189 381 381 D LibBpfLoader: Loaded relo section 41 (.relschedcls/tether_downstream4_ether$4_14)
01-01 00:00:24.189 381 381 D LibBpfLoader: Adding section 41 to cs list
01-01 00:00:24.190 381 381 D LibBpfLoader: Loaded code section 43 (schedcls_tether_upstream4_ether$4_14)
01-01 00:00:24.193 381 381 D LibBpfLoader: Loaded relo section 43 (.relschedcls/tether_upstream4_ether$4_14)
01-01 00:00:24.193 381 381 D LibBpfLoader: Adding section 43 to cs list
01-01 00:00:24.193 381 381 D LibBpfLoader: Loaded code section 45 (schedcls_tether_downstream4_rawip$stub)
01-01 00:00:24.195 381 381 D LibBpfLoader: Adding section 45 to cs list
01-01 00:00:24.195 381 381 D LibBpfLoader: Loaded code section 46 (schedcls_tether_upstream4_rawip$stub)
01-01 00:00:24.197 381 381 D LibBpfLoader: Adding section 46 to cs list
01-01 00:00:24.198 381 381 D LibBpfLoader: Loaded code section 47 (schedcls_tether_downstream4_ether$stub)
01-01 00:00:24.200 381 381 D LibBpfLoader: Adding section 47 to cs list
01-01 00:00:24.200 381 381 D LibBpfLoader: Loaded code section 48 (schedcls_tether_upstream4_ether$stub)
01-01 00:00:24.202 381 381 D LibBpfLoader: Adding section 48 to cs list
01-01 00:00:24.202 381 381 D LibBpfLoader: Loaded code section 49 (xdp_tether_downstream_ether)
01-01 00:00:24.204 381 381 D LibBpfLoader: Adding section 49 to cs list
01-01 00:00:24.205 381 381 D LibBpfLoader: Loaded code section 50 (xdp_tether_downstream_rawip)
01-01 00:00:24.207 381 381 D LibBpfLoader: Adding section 50 to cs list
01-01 00:00:24.207 381 381 D LibBpfLoader: Loaded code section 51 (xdp_tether_upstream_ether)
01-01 00:00:24.210 381 381 D LibBpfLoader: Adding section 51 to cs list
01-01 00:00:24.210 381 381 D LibBpfLoader: Loaded code section 52 (xdp_tether_upstream_rawip)
01-01 00:00:24.212 381 381 D LibBpfLoader: Adding section 52 to cs list
01-01 00:00:24.216 381 381 D LibBpfLoader: bpf_create_map name tether_error_map, ret: 6
01-01 00:00:24.216 381 381 D LibBpfLoader: bpf_create_map name tether_stats_map, ret: 7
01-01 00:00:24.216 381 381 D LibBpfLoader: bpf_create_map name tether_limit_map, ret: 8
01-01 00:00:24.217 381 381 D LibBpfLoader: bpf_create_map name tether_downstream6_map, ret: 9
01-01 00:00:24.217 381 381 D LibBpfLoader: bpf_create_map name tether_downstream64_map, ret: 10
01-01 00:00:24.218 381 381 D LibBpfLoader: bpf_create_map name tether_upstream6_map, ret: 11
01-01 00:00:24.218 381 381 D LibBpfLoader: bpf_create_map name tether_downstream4_map, ret: 12
01-01 00:00:24.219 381 381 D LibBpfLoader: bpf_create_map name tether_upstream4_map, ret: 13
01-01 00:00:24.220 381 381 D LibBpfLoader: bpf_create_map name tether_dev_map, ret: 14
01-01 00:00:24.220 381 381 D LibBpfLoader: map_fd found at 0 is 6 in /apex/com.android.tethering/etc/bpf/offload.o
01-01 00:00:24.220 381 381 D LibBpfLoader: map_fd found at 1 is 7 in /apex/com.android.tethering/etc/bpf/offload.o
01-01 00:00:24.220 381 381 D LibBpfLoader: map_fd found at 2 is 8 in /apex/com.android.tethering/etc/bpf/offload.o
01-01 00:00:24.220 381 381 D LibBpfLoader: map_fd found at 3 is 9 in /apex/com.android.tethering/etc/bpf/offload.o
01-01 00:00:24.220 381 381 D LibBpfLoader: map_fd found at 4 is 10 in /apex/com.android.tethering/etc/bpf/offload.o
01-01 00:00:24.220 381 381 D LibBpfLoader: map_fd found at 5 is 11 in /apex/com.android.tethering/etc/bpf/offload.o
01-01 00:00:24.220 381 381 D LibBpfLoader: map_fd found at 6 is 12 in /apex/com.android.tethering/etc/bpf/offload.o
01-01 00:00:24.220 381 381 D LibBpfLoader: map_fd found at 7 is 13 in /apex/com.android.tethering/etc/bpf/offload.o
01-01 00:00:24.220 381 381 D LibBpfLoader: map_fd found at 8 is 14 in /apex/com.android.tethering/etc/bpf/offload.o
01-01 00:00:24.223 381 381 D LibBpfLoader: applying relo to instruction at byte offset: 296, insn offset 37 , insn 118
01-01 00:00:24.223 381 381 D LibBpfLoader: applying relo to instruction at byte offset: 400, insn offset 50 , insn 118
01-01 00:00:24.224 381 381 D LibBpfLoader: applying relo to instruction at byte offset: 528, insn offset 66 , insn 118
01-01 00:00:24.224 381 381 D LibBpfLoader: applying relo to instruction at byte offset: 624, insn offset 78 , insn 118
01-01 00:00:24.224 381 381 D LibBpfLoader: applying relo to instruction at byte offset: 744, insn offset 93 , insn 118
01-01 00:00:24.224 381 381 D LibBpfLoader: applying relo to instruction at byte offset: 848, insn offset 106 , insn 118
01-01 00:00:24.224 381 381 D LibBpfLoader: applying relo to instruction at byte offset: 1144, insn offset 143 , insn 118
01-01 00:00:24.224 381 381 D LibBpfLoader: applying relo to instruction at byte offset: 1216, insn offset 152 , insn 118
01-01 00:00:24.224 381 381 D LibBpfLoader: applying relo to instruction at byte offset: 1288, insn offset 161 , insn 118
01-01 00:00:24.225 381 381 D LibBpfLoader: applying relo to instruction at byte offset: 1368, insn offset 171 , insn 118
01-01 00:00:24.225 381 381 D LibBpfLoader: applying relo to instruction at byte offset: 1432, insn offset 179 , insn 118
01-01 00:00:24.225 381 381 D LibBpfLoader: applying relo to instruction at byte offset: 1520, insn offset 190 , insn 118
01-01 00:00:24.225 381 381 D LibBpfLoader: applying relo to instruction at byte offset: 1792, insn offset 224 , insn 118
01-01 00:00:24.225 381 381 D LibBpfLoader: applying relo to instruction at byte offset: 296, insn offset 37 , insn 118
01-01 00:00:24.225 381 381 D LibBpfLoader: applying relo to instruction at byte offset: 400, insn offset 50 , insn 118
01-01 00:00:24.225 381 381 D LibBpfLoader: applying relo to instruction at byte offset: 528, insn offset 66 , insn 118
01-01 00:00:24.226 381 381 D LibBpfLoader: applying relo to instruction at byte offset: 624, insn offset 78 , insn 118
01-01 00:00:24.226 381 381 D LibBpfLoader: applying relo to instruction at byte offset: 752, insn offset 94 , insn 118
01-01 00:00:24.226 381 381 D LibBpfLoader: applying relo to instruction at byte offset: 864, insn offset 108 , insn 118
01-01 00:00:24.226 381 381 D LibBpfLoader: applying relo to instruction at byte offset: 968, insn offset 121 , insn 118
01-01 00:00:24.226 381 381 D LibBpfLoader: applying relo to instruction at byte offset: 1184, insn offset 148 , insn 118
01-01 00:00:24.226 381 381 D LibBpfLoader: applying relo to instruction at byte offset: 1256, insn offset 157 , insn 118
01-01 00:00:24.226 381 381 D LibBpfLoader: applying relo to instruction at byte offset: 1328, insn offset 166 , insn 118
01-01 00:00:24.226 381 381 D LibBpfLoader: applying relo to instruction at byte offset: 1408, insn offset 176 , insn 118
01-01 00:00:24.227 381 381 D LibBpfLoader: applying relo to instruction at byte offset: 1472, insn offset 184 , insn 118
01-01 00:00:24.227 381 381 D LibBpfLoader: applying relo to instruction at byte offset: 1560, insn offset 195 , insn 118
01-01 00:00:24.227 381 381 D LibBpfLoader: applying relo to instruction at byte offset: 1832, insn offset 229 , insn 118
01-01 00:00:24.227 381 381 D LibBpfLoader: applying relo to instruction at byte offset: 240, insn offset 30 , insn 118
01-01 00:00:24.227 381 381 D LibBpfLoader: applying relo to instruction at byte offset: 344, insn offset 43 , insn 118
01-01 00:00:24.227 381 381 D LibBpfLoader: applying relo to instruction at byte offset: 472, insn offset 59 , insn 118
01-01 00:00:24.227 381 381 D LibBpfLoader: applying relo to instruction at byte offset: 568, insn offset 71 , insn 118
01-01 00:00:24.228 381 381 D LibBpfLoader: applying relo to instruction at byte offset: 688, insn offset 86 , insn 118
01-01 00:00:24.228 381 381 D LibBpfLoader: applying relo to instruction at byte offset: 792, insn offset 99 , insn 118
01-01 00:00:24.228 381 381 D LibBpfLoader: applying relo to instruction at byte offset: 960, insn offset 120 , insn 118
01-01 00:00:24.228 381 381 D LibBpfLoader: applying relo to instruction at byte offset: 1032, insn offset 129 , insn 118
01-01 00:00:24.228 381 381 D LibBpfLoader: applying relo to instruction at byte offset: 1104, insn offset 138 , insn 118
01-01 00:00:24.228 381 381 D LibBpfLoader: applying relo to instruction at byte offset: 1184, insn offset 148 , insn 118
01-01 00:00:24.228 381 381 D LibBpfLoader: applying relo to instruction at byte offset: 1248, insn offset 156 , insn 118
01-01 00:00:24.229 381 381 D LibBpfLoader: applying relo to instruction at byte offset: 1336, insn offset 167 , insn 118
01-01 00:00:24.229 381 381 D LibBpfLoader: applying relo to instruction at byte offset: 1592, insn offset 199 , insn 118
01-01 00:00:24.229 381 381 D LibBpfLoader: applying relo to instruction at byte offset: 1752, insn offset 219 , insn 118
01-01 00:00:24.229 381 381 D LibBpfLoader: applying relo to instruction at byte offset: 1896, insn offset 237 , insn 118
01-01 00:00:24.229 381 381 D LibBpfLoader: applying relo to instruction at byte offset: 240, insn offset 30 , insn 118
01-01 00:00:24.229 381 381 D LibBpfLoader: applying relo to instruction at byte offset: 344, insn offset 43 , insn 118
01-01 00:00:24.230 381 381 D LibBpfLoader: applying relo to instruction at byte offset: 472, insn offset 59 , insn 118
01-01 00:00:24.230 381 381 D LibBpfLoader: applying relo to instruction at byte offset: 568, insn offset 71 , insn 118
01-01 00:00:24.230 381 381 D LibBpfLoader: applying relo to instruction at byte offset: 696, insn offset 87 , insn 118
01-01 00:00:24.230 381 381 D LibBpfLoader: applying relo to instruction at byte offset: 808, insn offset 101 , insn 118
01-01 00:00:24.230 381 381 D LibBpfLoader: applying relo to instruction at byte offset: 912, insn offset 114 , insn 118
