09-30 05:55:06.253 1822 1822 E StrictMode: at com.android.internal.os.ZygoteInit.main(ZygoteInit.java:1003)
09-30 05:55:06.261 1822 1822 E StrictMode: Tried to access the API:ViewConfiguration which needs to have proper configuration from a non-UI Context:com.android.documentsui.DocumentsApplication@b3ec0d5 The API:ViewConfiguration needs a proper configuration. Use UI contexts such as an activity or a context created via createWindowContext(Display, int, Bundle) or createConfigurationContext(Configuration) with a proper configuration.
09-30 05:55:06.261 1822 1822 E StrictMode: java.lang.IllegalAccessException: Tried to access the API:ViewConfiguration which needs to have proper configuration from a non-UI Context:com.android.documentsui.DocumentsApplication@b3ec0d5
09-30 05:55:06.261 1822 1822 E StrictMode: at android.os.StrictMode.assertConfigurationContext(StrictMode.java:2296)
09-30 05:55:06.261 1822 1822 E StrictMode: at android.view.ViewConfiguration.get(ViewConfiguration.java:522)
09-30 05:55:06.261 1822 1822 E StrictMode: at android.view.View.(View.java:5307)
09-30 05:55:06.261 1822 1822 E StrictMode: at android.view.View.(View.java:5452)
09-30 05:55:06.261 1822 1822 E StrictMode: at android.view.ViewGroup.(ViewGroup.java:702)
09-30 05:55:06.261 1822 1822 E StrictMode: at android.widget.LinearLayout.(LinearLayout.java:254)
09-30 05:55:06.261 1822 1822 E StrictMode: at android.widget.LinearLayout.(LinearLayout.java:250)
09-30 05:55:06.261 1822 1822 E StrictMode: at android.widget.LinearLayout.(LinearLayout.java:246)
09-30 05:55:06.261 1822 1822 E StrictMode: at java.lang.reflect.Constructor.newInstance0(Native Method)
09-30 05:55:06.261 1822 1822 E StrictMode: at java.lang.reflect.Constructor.newInstance(Constructor.java:343)
09-30 05:55:06.261 1822 1822 E StrictMode: at android.view.LayoutInflater.createView(LayoutInflater.java:858)
09-30 05:55:06.261 1822 1822 E StrictMode: at android.view.LayoutInflater.createView(LayoutInflater.java:780)
09-30 05:55:06.261 1822 1822 E StrictMode: at com.android.internal.policy.PhoneLayoutInflater.onCreateView(PhoneLayoutInflater.java:58)
09-30 05:55:06.261 1822 1822 E StrictMode: at android.view.LayoutInflater.onCreateView(LayoutInflater.java:934)
09-30 05:55:06.261 1822 1822 E StrictMode: at android.view.LayoutInflater.onCreateView(LayoutInflater.java:954)
09-30 05:55:06.261 1822 1822 E StrictMode: at android.view.LayoutInflater.createViewFromTag(LayoutInflater.java:1008)
09-30 05:55:06.261 1822 1822 E StrictMode: at android.view.LayoutInflater.createViewFromTag(LayoutInflater.java:965)
09-30 05:55:06.261 1822 1822 E StrictMode: at android.view.LayoutInflater.inflate(LayoutInflater.java:663)
09-30 05:55:06.261 1822 1822 E StrictMode: at android.view.LayoutInflater.inflate(LayoutInflater.java:538)
09-30 05:55:06.261 1822 1822 E StrictMode: at android.view.LayoutInflater.inflate(LayoutInflater.java:485)
09-30 05:55:06.261 1822 1822 E StrictMode: at com.android.documentsui.DragShadowBuilder.(DragShadowBuilder.java:49)
09-30 05:55:06.261 1822 1822 E StrictMode: at com.android.documentsui.DragAndDropManager$RuntimeDragAndDropManager.(DragAndDropManager.java:195)
09-30 05:55:06.261 1822 1822 E StrictMode: at com.android.documentsui.DragAndDropManager$RuntimeDragAndDropManager.(DragAndDropManager.java:166)
09-30 05:55:06.261 1822 1822 E StrictMode: at com.android.documentsui.DragAndDropManager.create(DragAndDropManager.java:163)
09-30 05:55:06.261 1822 1822 E StrictMode: at com.android.documentsui.DocumentsApplication.onCreate(DocumentsApplication.java:145)
09-30 05:55:06.261 1822 1822 E StrictMode: at android.app.Instrumentation.callApplicationOnCreate(Instrumentation.java:1211)
09-30 05:55:06.261 1822 1822 E StrictMode: at android.app.ActivityThread.handleBindApplication(ActivityThread.java:6728)
09-30 05:55:06.261 1822 1822 E StrictMode: at android.app.ActivityThread.access$1500(ActivityThread.java:247)
09-30 05:55:06.261 1822 1822 E StrictMode: at android.app.ActivityThread$H.handleMessage(ActivityThread.java:2057)
09-30 05:55:06.261 1822 1822 E StrictMode: at android.os.Handler.dispatchMessage(Handler.java:106)
09-30 05:55:06.261 1822 1822 E StrictMode: at android.os.Looper.loopOnce(Looper.java:201)
09-30 05:55:06.261 1822 1822 E StrictMode: at android.os.Looper.loop(Looper.java:288)
09-30 05:55:06.261 1822 1822 E StrictMode: at android.app.ActivityThread.main(ActivityThread.java:7842)
09-30 05:55:06.261 1822 1822 E StrictMode: at java.lang.reflect.Method.invoke(Native Method)
09-30 05:55:06.261 1822 1822 E StrictMode: at com.android.internal.os.RuntimeInit$MethodAndArgsCaller.run(RuntimeInit.java:548)
09-30 05:55:06.261 1822 1822 E StrictMode: at com.android.internal.os.ZygoteInit.main(ZygoteInit.java:1003)
09-30 05:55:06.263 1822 1822 E ContextImpl: Tried to access visual service WindowManager from a non-visual Context:com.android.documentsui.DocumentsApplication@b3ec0d5 WindowManager should be accessed from Activity or other visual Context. Use an Activity or a Context created with Context#createWindowContext(int, Bundle), which are adjusted to the configuration and visual bounds of an area on screen.
09-30 05:55:06.263 1822 1822 E ContextImpl: java.lang.IllegalAccessException: Tried to access visual service WindowManager from a non-visual Context:com.android.documentsui.DocumentsApplication@b3ec0d5
09-30 05:55:06.263 1822 1822 E ContextImpl: at android.app.ContextImpl.getSystemService(ContextImpl.java:2059)
09-30 05:55:06.263 1822 1822 E ContextImpl: at android.content.ContextWrapper.getSystemService(ContextWrapper.java:857)
09-30 05:55:06.263 1822 1822 E ContextImpl: at android.content.Context.getSystemService(Context.java:3932)
09-30 05:55:06.263 1822 1822 E ContextImpl: at android.view.ViewConfiguration.(ViewConfiguration.java:436)
09-30 05:55:06.263 1822 1822 E ContextImpl: at android.view.ViewConfiguration.get(ViewConfiguration.java:529)
09-30 05:55:06.263 1822 1822 E ContextImpl: at android.view.View.(View.java:5307)
09-30 05:55:06.263 1822 1822 E ContextImpl: at android.view.View.(View.java:5452)
09-30 05:55:06.263 1822 1822 E ContextImpl: at android.view.ViewGroup.(ViewGroup.java:702)
09-30 05:55:06.263 1822 1822 E ContextImpl: at android.widget.LinearLayout.(LinearLayout.java:254)
09-30 05:55:06.263 1822 1822 E ContextImpl: at android.widget.LinearLayout.(LinearLayout.java:250)
09-30 05:55:06.263 1822 1822 E ContextImpl: at android.widget.LinearLayout.(LinearLayout.java:246)
09-30 05:55:06.263 1822 1822 E ContextImpl: at java.lang.reflect.Constructor.newInstance0(Native Method)
09-30 05:55:06.263 1822 1822 E ContextImpl: at java.lang.reflect.Constructor.newInstance(Constructor.java:343)
09-30 05:55:06.263 1822 1822 E ContextImpl: at android.view.LayoutInflater.createView(LayoutInflater.java:858)
09-30 05:55:06.263 1822 1822 E ContextImpl: at android.view.LayoutInflater.createView(LayoutInflater.java:780)
09-30 05:55:06.263 1822 1822 E ContextImpl: at com.android.internal.policy.PhoneLayoutInflater.onCreateView(PhoneLayoutInflater.java:58)
09-30 05:55:06.263 1822 1822 E ContextImpl: at android.view.LayoutInflater.onCreateView(LayoutInflater.java:934)
09-30 05:55:06.263 1822 1822 E ContextImpl: at android.view.LayoutInflater.onCreateView(LayoutInflater.java:954)
09-30 05:55:06.263 1822 1822 E ContextImpl: at android.view.LayoutInflater.createViewFromTag(LayoutInflater.java:1008)
09-30 05:55:06.263 1822 1822 E ContextImpl: at android.view.LayoutInflater.createViewFromTag(LayoutInflater.java:965)
09-30 05:55:06.263 1822 1822 E ContextImpl: at android.view.LayoutInflater.inflate(LayoutInflater.java:663)
09-30 05:55:06.263 1822 1822 E ContextImpl: at android.view.LayoutInflater.inflate(LayoutInflater.java:538)
09-30 05:55:06.263 1822 1822 E ContextImpl: at android.view.LayoutInflater.inflate(LayoutInflater.java:485)
09-30 05:55:06.263 1822 1822 E ContextImpl: at com.android.documentsui.DragShadowBuilder.(DragShadowBuilder.java:49)
09-30 05:55:06.263 1822 1822 E ContextImpl: at com.android.documentsui.DragAndDropManager$RuntimeDragAndDropManager.(DragAndDropManager.java:195)
09-30 05:55:06.263 1822 1822 E ContextImpl: at com.android.documentsui.DragAndDropManager$RuntimeDragAndDropManager.(DragAndDropManager.java:166)
09-30 05:55:06.263 1822 1822 E ContextImpl: at com.android.documentsui.DragAndDropManager.create(DragAndDropManager.java:163)
09-30 05:55:06.263 1822 1822 E ContextImpl: at com.android.documentsui.DocumentsApplication.onCreate(DocumentsApplication.java:145)
09-30 05:55:06.263 1822 1822 E ContextImpl: at android.app.Instrumentation.callApplicationOnCreate(Instrumentation.java:1211)
09-30 05:55:06.263 1822 1822 E ContextImpl: at android.app.ActivityThread.handleBindApplication(ActivityThread.java:6728)
09-30 05:55:06.263 1822 1822 E ContextImpl: at android.app.ActivityThread.access$1500(ActivityThread.java:247)
09-30 05:55:06.263 1822 1822 E ContextImpl: at android.app.ActivityThread$H.handleMessage(ActivityThread.java:2057)
09-30 05:55:06.263 1822 1822 E ContextImpl: at android.os.Handler.dispatchMessage(Handler.java:106)
09-30 05:55:06.263 1822 1822 E ContextImpl: at android.os.Looper.loopOnce(Looper.java:201)
09-30 05:55:06.263 1822 1822 E ContextImpl: at android.os.Looper.loop(Looper.java:288)
09-30 05:55:06.263 1822 1822 E ContextImpl: at android.app.ActivityThread.main(ActivityThread.java:7842)
09-30 05:55:06.263 1822 1822 E ContextImpl: at java.lang.reflect.Method.invoke(Native Method)
09-30 05:55:06.263 1822 1822 E ContextImpl: at com.android.internal.os.RuntimeInit$MethodAndArgsCaller.run(RuntimeInit.java:548)
09-30 05:55:06.263 1822 1822 E ContextImpl: at com.android.internal.os.ZygoteInit.main(ZygoteInit.java:1003)
09-30 05:55:06.280 422 422 E android.hardware.memtrack-service.img: Failed to open /proc/1410/fdinfo directory: No such file or directory
09-30 05:55:06.281 422 422 W IMGMemtrackHAL: getMemoryRecords:543 Failed to read dmabuf fd references for pid 1410
09-30 05:55:06.287 1822 1822 E StrictMode: Tried to access the API:ViewConfiguration which needs to have proper configuration from a non-UI Context:com.android.documentsui.DocumentsApplication@b3ec0d5 The API:ViewConfiguration needs a proper configuration. Use UI contexts such as an activity or a context created via createWindowContext(Display, int, Bundle) or createConfigurationContext(Configuration) with a proper configuration.
09-30 05:55:06.287 1822 1822 E StrictMode: java.lang.IllegalAccessException: Tried to access the API:ViewConfiguration which needs to have proper configuration from a non-UI Context:com.android.documentsui.DocumentsApplication@b3ec0d5
09-30 05:55:06.287 1822 1822 E StrictMode: at android.os.StrictMode.assertConfigurationContext(StrictMode.java:2296)
09-30 05:55:06.287 1822 1822 E StrictMode: at android.view.ViewConfiguration.get(ViewConfiguration.java:522)
09-30 05:55:06.287 1822 1822 E StrictMode: at android.view.View.(View.java:5307)
09-30 05:55:06.287 1822 1822 E StrictMode: at android.view.View.(View.java:5452)
09-30 05:55:06.287 1822 1822 E StrictMode: at android.view.ViewGroup.(ViewGroup.java:702)
09-30 05:55:06.287 1822 1822 E StrictMode: at android.widget.LinearLayout.(LinearLayout.java:254)
09-30 05:55:06.287 1822 1822 E StrictMode: at android.widget.LinearLayout.(LinearLayout.java:250)
09-30 05:55:06.287 1822 1822 E StrictMode: at android.widget.LinearLayout.(LinearLayout.java:246)
09-30 05:55:06.287 1822 1822 E StrictMode: at java.lang.reflect.Constructor.newInstance0(Native Method)
09-30 05:55:06.287 1822 1822 E StrictMode: at java.lang.reflect.Constructor.newInstance(Constructor.java:343)
09-30 05:55:06.287 1822 1822 E StrictMode: at android.view.LayoutInflater.createView(LayoutInflater.java:858)
09-30 05:55:06.287 1822 1822 E StrictMode: at android.view.LayoutInflater.createView(LayoutInflater.java:780)
09-30 05:55:06.287 1822 1822 E StrictMode: at com.android.internal.policy.PhoneLayoutInflater.onCreateView(PhoneLayoutInflater.java:58)
09-30 05:55:06.287 1822 1822 E StrictMode: at android.view.LayoutInflater.onCreateView(LayoutInflater.java:934)
09-30 05:55:06.287 1822 1822 E StrictMode: at android.view.LayoutInflater.onCreateView(LayoutInflater.java:954)
09-30 05:55:06.287 1822 1822 E StrictMode: at android.view.LayoutInflater.createViewFromTag(LayoutInflater.java:1008)
09-30 05:55:06.287 1822 1822 E StrictMode: at android.view.LayoutInflater.createViewFromTag(LayoutInflater.java:965)
09-30 05:55:06.287 1822 1822 E StrictMode: at android.view.LayoutInflater.rInflate(LayoutInflater.java:1127)
09-30 05:55:06.287 1822 1822 E StrictMode: at android.view.LayoutInflater.rInflateChildren(LayoutInflater.java:1088)
09-30 05:55:06.287 1822 1822 E StrictMode: at android.view.LayoutInflater.inflate(LayoutInflater.java:686)
09-30 05:55:06.287 1822 1822 E StrictMode: at android.view.LayoutInflater.inflate(LayoutInflater.java:538)
09-30 05:55:06.287 1822 1822 E StrictMode: at android.view.LayoutInflater.inflate(LayoutInflater.java:485)
09-30 05:55:06.287 1822 1822 E StrictMode: at com.android.documentsui.DragShadowBuilder.(DragShadowBuilder.java:49)
09-30 05:55:06.287 1822 1822 E StrictMode: at com.android.documentsui.DragAndDropManager$RuntimeDragAndDropManager.(DragAndDropManager.java:195)
09-30 05:55:06.287 1822 1822 E StrictMode: at com.android.documentsui.DragAndDropManager$RuntimeDragAndDropManager.(DragAndDropManager.java:166)
09-30 05:55:06.287 1822 1822 E StrictMode: at com.android.documentsui.DragAndDropManager.create(DragAndDropManager.java:163)
09-30 05:55:06.287 1822 1822 E StrictMode: at com.android.documentsui.DocumentsApplication.onCreate(DocumentsApplication.java:145)
09-30 05:55:06.287 1822 1822 E StrictMode: at android.app.Instrumentation.callApplicationOnCreate(Instrumentation.java:1211)
09-30 05:55:06.287 1822 1822 E StrictMode: at android.app.ActivityThread.handleBindApplication(ActivityThread.java:6728)
09-30 05:55:06.287 1822 1822 E StrictMode: at android.app.ActivityThread.access$1500(ActivityThread.java:247)
09-30 05:55:06.287 1822 1822 E StrictMode: at android.app.ActivityThread$H.handleMessage(ActivityThread.java:2057)
09-30 05:55:06.287 1822 1822 E StrictMode: at android.os.Handler.dispatchMessage(Handler.java:106)
09-30 05:55:06.287 1822 1822 E StrictMode: at android.os.Looper.loopOnce(Looper.java:201)
09-30 05:55:06.287 1822 1822 E StrictMode: at android.os.Looper.loop(Looper.java:288)
09-30 05:55:06.287 1822 1822 E StrictMode: at android.app.ActivityThread.main(ActivityThread.java:7842)
09-30 05:55:06.287 1822 1822 E StrictMode: at java.lang.reflect.Method.invoke(Native Method)
09-30 05:55:06.287 1822 1822 E StrictMode: at com.android.internal.os.RuntimeInit$MethodAndArgsCaller.run(RuntimeInit.java:548)
09-30 05:55:06.287 1822 1822 E StrictMode: at com.android.internal.os.ZygoteInit.main(ZygoteInit.java:1003)
09-30 05:55:06.301 1822 1822 E StrictMode: Tried to access the API:ViewConfiguration which needs to have proper configuration from a non-UI Context:com.android.documentsui.DocumentsApplication@b3ec0d5 The API:ViewConfiguration needs a proper configuration. Use UI contexts such as an activity or a context created via createWindowContext(Display, int, Bundle) or createConfigurationContext(Configuration) with a proper configuration.
09-30 05:55:06.301 1822 1822 E StrictMode: java.lang.IllegalAccessException: Tried to access the API:ViewConfiguration which needs to have proper configuration from a non-UI Context:com.android.documentsui.DocumentsApplication@b3ec0d5
09-30 05:55:06.301 1822 1822 E StrictMode: at android.os.StrictMode.assertConfigurationContext(StrictMode.java:2296)
09-30 05:55:06.301 1822 1822 E StrictMode: at android.view.ViewConfiguration.get(ViewConfiguration.java:522)
09-30 05:55:06.301 1822 1822 E StrictMode: at android.view.View.(View.java:5307)
09-30 05:55:06.301 1822 1822 E StrictMode: at android.view.View.(View.java:5452)
09-30 05:55:06.301 1822 1822 E StrictMode: at android.widget.ImageView.(ImageView.java:195)
09-30 05:55:06.301 1822 1822 E StrictMode: at android.widget.ImageView.(ImageView.java:190)
09-30 05:55:06.301 1822 1822 E StrictMode: at android.widget.ImageView.(ImageView.java:186)
09-30 05:55:06.301 1822 1822 E StrictMode: at com.android.documentsui.DropBadgeView.(DropBadgeView.java:40)
09-30 05:55:06.301 1822 1822 E StrictMode: at java.lang.reflect.Constructor.newInstance0(Native Method)
09-30 05:55:06.301 1822 1822 E StrictMode: at java.lang.reflect.Constructor.newInstance(Constructor.java:343)
09-30 05:55:06.301 1822 1822 E StrictMode: at android.view.LayoutInflater.createView(LayoutInflater.java:858)
09-30 05:55:06.301 1822 1822 E StrictMode: at android.view.LayoutInflater.createViewFromTag(LayoutInflater.java:1010)
09-30 05:55:06.301 1822 1822 E StrictMode: at android.view.LayoutInflater.parseInclude(LayoutInflater.java:1237)
09-30 05:55:06.301 1822 1822 E StrictMode: at android.view.LayoutInflater.rInflate(LayoutInflater.java:1123)
09-30 05:55:06.301 1822 1822 E StrictMode: at android.view.LayoutInflater.rInflateChildren(LayoutInflater.java:1088)
09-30 05:55:06.301 1822 1822 E StrictMode: at android.view.LayoutInflater.rInflate(LayoutInflater.java:1130)
09-30 05:55:06.301 1822 1822 E StrictMode: at android.view.LayoutInflater.rInflateChildren(LayoutInflater.java:1088)
09-30 05:55:06.301 1822 1822 E StrictMode: at android.view.LayoutInflater.inflate(LayoutInflater.java:686)
09-30 05:55:06.301 1822 1822 E StrictMode: at android.view.LayoutInflater.inflate(LayoutInflater.java:538)
09-30 05:55:06.301 1822 1822 E StrictMode: at android.view.LayoutInflater.inflate(LayoutInflater.java:485)
09-30 05:55:06.301 1822 1822 E StrictMode: at com.android.documentsui.DragShadowBuilder.(DragShadowBuilder.java:49)
09-30 05:55:06.301 1822 1822 E StrictMode: at com.android.documentsui.DragAndDropManager$RuntimeDragAndDropManager.(DragAndDropManager.java:195)
09-30 05:55:06.301 1822 1822 E StrictMode: at com.android.documentsui.DragAndDropManager$RuntimeDragAndDropManager.(DragAndDropManager.java:166)
09-30 05:55:06.301 1822 1822 E StrictMode: at com.android.documentsui.DragAndDropManager.create(DragAndDropManager.java:163)
09-30 05:55:06.301 1822 1822 E StrictMode: at com.android.documentsui.DocumentsApplication.onCreate(DocumentsApplication.java:145)
09-30 05:55:06.301 1822 1822 E StrictMode: at android.app.Instrumentation.callApplicationOnCreate(Instrumentation.java:1211)
09-30 05:55:06.301 1822 1822 E StrictMode: at android.app.ActivityThread.handleBindApplication(ActivityThread.java:6728)
09-30 05:55:06.301 1822 1822 E StrictMode: at android.app.ActivityThread.access$1500(ActivityThread.java:247)
09-30 05:55:06.301 1822 1822 E StrictMode: at android.app.ActivityThread$H.handleMessage(ActivityThread.java:2057)
09-30 05:55:06.301 1822 1822 E StrictMode: at android.os.Handler.dispatchMessage(Handler.java:106)
09-30 05:55:06.301 1822 1822 E StrictMode: at android.os.Looper.loopOnce(Looper.java:201)
09-30 05:55:06.301 1822 1822 E StrictMode: at android.os.Looper.loop(Looper.java:288)
09-30 05:55:06.301 1822 1822 E StrictMode: at android.app.ActivityThread.main(ActivityThread.java:7842)
09-30 05:55:06.301 1822 1822 E StrictMode: at java.lang.reflect.Method.invoke(Native Method)
09-30 05:55:06.301 1822 1822 E StrictMode: at com.android.internal.os.RuntimeInit$MethodAndArgsCaller.run(RuntimeInit.java:548)
09-30 05:55:06.301 1822 1822 E StrictMode: at com.android.internal.os.ZygoteInit.main(ZygoteInit.java:1003)
09-30 05:55:06.316 527 581 I DropBoxManagerService: add tag=system_app_strictmode isTagEnabled=true flags=0x2
09-30 05:55:06.329 527 581 I DropBoxManagerService: add tag=system_app_strictmode isTagEnabled=true flags=0x2
09-30 05:55:06.339 527 581 I DropBoxManagerService: add tag=system_app_strictmode isTagEnabled=true flags=0x2
09-30 05:55:06.346 527 581 I DropBoxManagerService: add tag=system_app_strictmode isTagEnabled=true flags=0x2
09-30 05:55:06.355 1822 1822 E StrictMode: Tried to access the API:ViewConfiguration which needs to have proper configuration from a non-UI Context:com.android.documentsui.DocumentsApplication@b3ec0d5 The API:ViewConfiguration needs a proper configuration. Use UI contexts such as an activity or a context created via createWindowContext(Display, int, Bundle) or createConfigurationContext(Configuration) with a proper configuration.
09-30 05:55:06.355 1822 1822 E StrictMode: java.lang.IllegalAccessException: Tried to access the API:ViewConfiguration which needs to have proper configuration from a non-UI Context:com.android.documentsui.DocumentsApplication@b3ec0d5
09-30 05:55:06.355 1822 1822 E StrictMode: at android.os.StrictMode.assertConfigurationContext(StrictMode.java:2296)
09-30 05:55:06.355 1822 1822 E StrictMode: at android.view.ViewConfiguration.get(ViewConfiguration.java:522)
09-30 05:55:06.355 1822 1822 E StrictMode: at android.view.View.(View.java:5307)
09-30 05:55:06.355 1822 1822 E StrictMode: at android.view.View.(View.java:5452)
09-30 05:55:06.355 1822 1822 E StrictMode: at android.widget.TextView.(TextView.java:1032)
09-30 05:55:06.355 1822 1822 E StrictMode: at android.widget.TextView.(TextView.java:1026)
09-30 05:55:06.355 1822 1822 E StrictMode: at android.widget.TextView.(TextView.java:1022)
09-30 05:55:06.355 1822 1822 E StrictMode: at java.lang.reflect.Constructor.newInstance0(Native Method)
09-30 05:55:06.355 1822 1822 E StrictMode: at java.lang.reflect.Constructor.newInstance(Constructor.java:343)
09-30 05:55:06.355 1822 1822 E StrictMode: at android.view.LayoutInflater.createView(LayoutInflater.java:858)
09-30 05:55:06.355 1822 1822 E StrictMode: at android.view.LayoutInflater.createView(LayoutInflater.java:780)
09-30 05:55:06.355 1822 1822 E StrictMode: at com.android.internal.policy.PhoneLayoutInflater.onCreateView(PhoneLayoutInflater.java:58)
09-30 05:55:06.355 1822 1822 E StrictMode: at android.view.LayoutInflater.onCreateView(LayoutInflater.java:934)
09-30 05:55:06.355 1822 1822 E StrictMode: at android.view.LayoutInflater.onCreateView(LayoutInflater.java:954)
09-30 05:55:06.355 1822 1822 E StrictMode: at android.view.LayoutInflater.createViewFromTag(LayoutInflater.java:1008)
09-30 05:55:06.355 1822 1822 E StrictMode: at android.view.LayoutInflater.createViewFromTag(LayoutInflater.java:965)
09-30 05:55:06.355 1822 1822 E StrictMode: at android.view.LayoutInflater.rInflate(LayoutInflater.java:1127)
09-30 05:55:06.355 1822 1822 E StrictMode: at android.view.LayoutInflater.rInflateChildren(LayoutInflater.java:1088)
09-30 05:55:06.355 1822 1822 E StrictMode: at android.view.LayoutInflater.rInflate(LayoutInflater.java:1130)
09-30 05:55:06.355 1822 1822 E StrictMode: at android.view.LayoutInflater.rInflateChildren(LayoutInflater.java:1088)
09-30 05:55:06.355 1822 1822 E StrictMode: at android.view.LayoutInflater.inflate(LayoutInflater.java:686)
09-30 05:55:06.355 1822 1822 E StrictMode: at android.view.LayoutInflater.inflate(LayoutInflater.java:538)
09-30 05:55:06.355 1822 1822 E StrictMode: at android.view.LayoutInflater.inflate(LayoutInflater.java:485)
09-30 05:55:06.355 1822 1822 E StrictMode: at com.android.documentsui.DragShadowBuilder.(DragShadowBuilder.java:49)
09-30 05:55:06.355 1822 1822 E StrictMode: at com.android.documentsui.DragAndDropManager$RuntimeDragAndDropManager.(DragAndDropManager.java:195)
09-30 05:55:06.355 1822 1822 E StrictMode: at com.android.documentsui.DragAndDropManager$RuntimeDragAndDropManager.(DragAndDropManager.java:166)
09-30 05:55:06.355 1822 1822 E StrictMode: at com.android.documentsui.DragAndDropManager.create(DragAndDropManager.java:163)
09-30 05:55:06.355 1822 1822 E StrictMode: at com.android.documentsui.DocumentsApplication.onCreate(DocumentsApplication.java:145)
09-30 05:55:06.355 1822 1822 E StrictMode: at android.app.Instrumentation.callApplicationOnCreate(Instrumentation.java:1211)
09-30 05:55:06.355 1822 1822 E StrictMode: at android.app.ActivityThread.handleBindApplication(ActivityThread.java:6728)
09-30 05:55:06.355 1822 1822 E StrictMode: at android.app.ActivityThread.access$1500(ActivityThread.java:247)
09-30 05:55:06.355 1822 1822 E StrictMode: at android.app.ActivityThread$H.handleMessage(ActivityThread.java:2057)
09-30 05:55:06.355 1822 1822 E StrictMode: at android.os.Handler.dispatchMessage(Handler.java:106)
09-30 05:55:06.355 1822 1822 E StrictMode: at android.os.Looper.loopOnce(Looper.java:201)
09-30 05:55:06.355 1822 1822 E StrictMode: at android.os.Looper.loop(Looper.java:288)
09-30 05:55:06.355 1822 1822 E StrictMode: at android.app.ActivityThread.main(ActivityThread.java:7842)
09-30 05:55:06.355 1822 1822 E StrictMode: at java.lang.reflect.Method.invoke(Native Method)
09-30 05:55:06.355 1822 1822 E StrictMode: at com.android.internal.os.RuntimeInit$MethodAndArgsCaller.run(RuntimeInit.java:548)
09-30 05:55:06.355 1822 1822 E StrictMode: at com.android.internal.os.ZygoteInit.main(ZygoteInit.java:1003)
09-30 05:55:06.361 527 581 I DropBoxManagerService: add tag=system_app_strictmode isTagEnabled=true flags=0x2
09-30 05:55:06.373 527 581 I DropBoxManagerService: add tag=system_app_strictmode isTagEnabled=true flags=0x2
09-30 05:55:06.428 1822 1862 W oid.documentsu: Long monitor contention with owner pool-2-thread-1 (1861) at void com.android.documentsui.roots.ProvidersCache$MultiProviderUpdateTask.handleDocumentsProvider(android.content.pm.ProviderInfo, com.android.documentsui.base.UserId)(ProvidersCache.java:646) waiters=3 in void com.android.documentsui.roots.ProvidersCache$MultiProviderUpdateTask.handleDocumentsProvider(android.content.pm.ProviderInfo, com.android.documentsui.base.UserId) for 171ms
09-30 05:55:06.434 1822 1822 D DocumentsApplication: OverlayManager.setEnabled() result: true
09-30 05:55:06.439 527 978 I ActivityManager: Killing 1484:com.android.contacts/u0a45 (adj 975): empty #17
09-30 05:55:06.448 422 422 E android.hardware.memtrack-service.img: Failed to open /proc/1715/fdinfo directory: No such file or directory
09-30 05:55:06.448 422 422 W IMGMemtrackHAL: getMemoryRecords:543 Failed to read dmabuf fd references for pid 1715
09-30 05:55:06.484 527 590 I libprocessgroup: Successfully killed process cgroup uid 10045 pid 1484 in 43ms
09-30 05:55:06.486 389 389 I Zygote : Process 1484 exited due to signal 9 (Killed)
09-30 05:55:06.496 422 422 E android.hardware.memtrack-service.img: Failed to open /proc/1629/fdinfo directory: No such file or directory
09-30 05:55:06.496 422 422 W IMGMemtrackHAL: getMemoryRecords:543 Failed to read dmabuf fd references for pid 1629
09-30 05:55:06.504 527 978 D CompatibilityChangeReporter: Compat change id reported: 168419799; UID 1000; state: DISABLED
09-30 05:55:06.508 422 422 E android.hardware.memtrack-service.img: Failed to open /proc/1696/fdinfo directory: No such file or directory
09-30 05:55:06.508 422 422 W IMGMemtrackHAL: getMemoryRecords:543 Failed to read dmabuf fd references for pid 1696
09-30 05:55:06.519 1245 1499 I MediaProvider: Begin Intent { act=android.intent.action.PACKAGE_FULLY_REMOVED dat=package:com.example.myapplication flg=0x5000010 cmp=com.android.providers.media.module/com.android.providers.media.MediaService (has extras) }
09-30 05:55:06.522 1245 1499 D MediaProvider: Deleted 0 Android/media items belonging to com.example.myapplication on /data/user/0/com.android.providers.media.module/databases/external.db
09-30 05:55:06.524 1245 1499 I MediaProvider: End Intent { act=android.intent.action.PACKAGE_FULLY_REMOVED dat=package:com.example.myapplication flg=0x5000010 cmp=com.android.providers.media.module/com.android.providers.media.MediaService (has extras) }
09-30 05:55:06.590 527 537 I system_server: Background concurrent copying GC freed 25548(2077KB) AllocSpace objects, 20(700KB) LOS objects, 18% free, 8923KB/10MB, paused 378us total 229.489ms
09-30 05:55:06.742 479 479 I adbd : UsbFfs: offline
09-30 05:55:06.746 479 479 I adbd : authentication not required
09-30 05:55:06.788 1870 1870 I getprop : type=1400 audit(0.0:1296): avc: denied { open } for path="/dev/__properties__/u:object_r:aac_drc_prop:s0" dev="tmpfs" ino=37 scontext=u:r:shell:s0 tcontext=u:object_r:aac_drc_prop:s0 tclass=file permissive=1
09-30 05:55:06.788 1870 1870 I getprop : type=1400 audit(0.0:1297): avc: denied { getattr } for path="/dev/__properties__/u:object_r:aac_drc_prop:s0" dev="tmpfs" ino=37 scontext=u:r:shell:s0 tcontext=u:object_r:aac_drc_prop:s0 tclass=file permissive=1
09-30 05:55:06.788 1870 1870 I getprop : type=1400 audit(0.0:1298): avc: denied { map } for path="/dev/__properties__/u:object_r:aac_drc_prop:s0" dev="tmpfs" ino=37 scontext=u:r:shell:s0 tcontext=u:object_r:aac_drc_prop:s0 tclass=file permissive=1
09-30 05:55:06.788 1870 1870 I getprop : type=1400 audit(0.0:1299): avc: denied { open } for path="/dev/__properties__/u:object_r:ab_update_gki_prop:s0" dev="tmpfs" ino=39 scontext=u:r:shell:s0 tcontext=u:object_r:ab_update_gki_prop:s0 tclass=file permissive=1
09-30 05:55:06.788 1870 1870 I getprop : type=1400 audit(0.0:1300): avc: denied { getattr } for path="/dev/__properties__/u:object_r:ab_update_gki_prop:s0" dev="tmpfs" ino=39 scontext=u:r:shell:s0 tcontext=u:object_r:ab_update_gki_prop:s0 tclass=file permissive=1
09-30 05:55:07.745 479 479 W adbd : timeout expired while flushing socket, closing
09-30 05:55:07.746 1773 1773 E studio.deploy: MessagePipeWrapper: Cannot read (EOF)
09-30 05:55:07.746 479 479 W adbd : timeout expired while flushing socket, closing
09-30 05:55:08.987 527 576 W ActivityManager: Invalid packageName: com.example.myapplication
09-30 05:55:09.936 1894 1894 E studio.deploy: Could not get package user id: run-as: unknown package: com.example.myapplication
09-30 05:55:09.969 1894 1894 E studio.deploy: Could not find apks for this package: com.example.myapplication
09-30 05:55:09.969 1894 1894 E studio.deploy: Error:
09-30 05:55:09.999 1894 1894 E studio.deploy: Could not get package user id: run-as: unknown package: com.example.myapplication
09-30 05:55:10.031 1894 1894 E studio.deploy: Could not find apks for this package: com.example.myapplication
09-30 05:55:10.031 1894 1894 E studio.deploy: Error:
09-30 05:55:10.910 527 650 W RuleEvaluation: Integrity rule files are not available.
09-30 05:55:10.911 527 610 I PackageManager: Integrity check passed for file:///data/app/vmdl641619084.tmp
09-30 05:55:10.995 527 610 D PackageManager: Instant App installer not found with android.intent.action.INSTALL_INSTANT_APP_PACKAGE
09-30 05:55:10.996 527 610 D PackageManager: Clear ephemeral installer activity
09-30 05:55:11.027 527 610 V BackupManagerService: [UserID:0] restoreAtInstall pkg=com.example.myapplication token=2 restoreSet=0
09-30 05:55:11.029 527 610 V BackupManagerService: [UserID:0] Finishing install immediately
09-30 05:55:11.048 454 462 E installd: Couldn't opendir /data/app/vmdl641619084.tmp: No such file or directory
09-30 05:55:11.049 454 462 E installd: Failed to delete /data/app/vmdl641619084.tmp: No such file or directory
09-30 05:55:11.061 527 588 D CompatibilityChangeReporter: Compat change id reported: 168419799; UID 10059; state: DISABLED
09-30 05:55:11.065 1606 1915 E BackupHelper: Could not parse delayed permissions
09-30 05:55:11.065 1606 1915 E BackupHelper: java.io.FileNotFoundException: /data/user_de/0/com.android.permissioncontroller/files/delayed_restore_permissions.xml: open failed: ENOENT (No such file or directory)
09-30 05:55:11.065 1606 1915 E BackupHelper: at libcore.io.IoBridge.open(IoBridge.java:575)
09-30 05:55:11.065 1606 1915 E BackupHelper: at java.io.FileInputStream.(FileInputStream.java:160)
09-30 05:55:11.065 1606 1915 E BackupHelper: at android.app.ContextImpl.openFileInput(ContextImpl.java:698)
09-30 05:55:11.065 1606 1915 E BackupHelper: at com.android.permissioncontroller.permission.service.BackupHelper.restoreDelayedState(BackupHelper.java:338)
09-30 05:55:11.065 1606 1915 E BackupHelper: at com.android.permissioncontroller.permission.service.PermissionControllerServiceImpl.onRestoreDelayedRuntimePermissionsBackup(PermissionControllerServiceImpl.java:419)
09-30 05:55:11.065 1606 1915 E BackupHelper: at com.android.permissioncontroller.permission.service.PermissionControllerServiceImpl.lambda$onApplyStagedRuntimePermissionBackup$4(PermissionControllerServiceImpl.java:413)
09-30 05:55:11.065 1606 1915 E BackupHelper: at com.android.permissioncontroller.permission.service.PermissionControllerServiceImpl.$r8$lambda$d0Nn-xRapZQvoyXU4vSZgmIHAHQ(Unknown Source:0)
09-30 05:55:11.065 1606 1915 E BackupHelper: at com.android.permissioncontroller.permission.service.PermissionControllerServiceImpl$$ExternalSyntheticLambda5.run(Unknown Source:8)
09-30 05:55:11.065 1606 1915 E BackupHelper: at android.os.AsyncTask$SerialExecutor$1.run(AsyncTask.java:305)
09-30 05:55:11.065 1606 1915 E BackupHelper: at java.util.concurrent.ThreadPoolExecutor.runWorker(ThreadPoolExecutor.java:1167)
09-30 05:55:11.065 1606 1915 E BackupHelper: at java.util.concurrent.ThreadPoolExecutor$Worker.run(ThreadPoolExecutor.java:641)
09-30 05:55:11.065 1606 1915 E BackupHelper: at java.lang.Thread.run(Thread.java:920)
09-30 05:55:11.065 1606 1915 E BackupHelper: Caused by: android.system.ErrnoException: open failed: ENOENT (No such file or directory)
09-30 05:55:11.065 1606 1915 E BackupHelper: at libcore.io.Linux.open(Native Method)
09-30 05:55:11.065 1606 1915 E BackupHelper: at libcore.io.ForwardingOs.open(ForwardingOs.java:567)
09-30 05:55:11.065 1606 1915 E BackupHelper: at libcore.io.BlockGuardOs.open(BlockGuardOs.java:273)
09-30 05:55:11.065 1606 1915 E BackupHelper: at libcore.io.ForwardingOs.open(ForwardingOs.java:567)
09-30 05:55:11.065 1606 1915 E BackupHelper: at android.app.ActivityThread$AndroidOs.open(ActivityThread.java:7728)
09-30 05:55:11.065 1606 1915 E BackupHelper: at libcore.io.IoBridge.open(IoBridge.java:561)
09-30 05:55:11.065 1606 1915 E BackupHelper: ... 11 more
09-30 05:55:11.074 527 610 D CompatibilityChangeReporter: Compat change id reported: 168419799; UID 10074; state: DISABLED
09-30 05:55:11.085 527 642 I RoleService: Granting default roles...
09-30 05:55:11.090 1245 1245 I MediaProvider: Invalidating LocalCallingIdentity cache for package com.example.myapplication. Reason: package android.intent.action.PACKAGE_ADDED
09-30 05:55:11.090 527 647 I InputReader: Reconfiguring input devices, changes=KEYBOARD_LAYOUTS |
09-30 05:55:11.091 385 385 I netd : trafficSetNetPermForUids(0, [10074]) <0.05ms>
09-30 05:55:11.095 527 588 W BroadcastQueue: Background execution not allowed: receiving Intent { act=android.intent.action.PACKAGE_ADDED dat=package:com.example.myapplication flg=0x4000010 (has extras) } to com.android.packageinstaller/.PackageInstalledReceiver
09-30 05:55:11.095 527 527 I Telecom : DefaultDialerCache: Refreshing default dialer for user 0: now null: DDC.oR@ABk
09-30 05:55:11.100 527 527 V BackupManagerConstants: getFullBackupIntervalMilliseconds(...) returns 86400000
09-30 05:55:11.101 527 527 V BackupManagerConstants: getFullBackupRequiredNetworkType(...) returns 2
09-30 05:55:11.102 527 527 V BackupManagerConstants: getFullBackupRequireCharging(...) returns true
09-30 05:55:11.102 1606 1619 I PermissionControllerServiceImpl: Updating user sensitive for uid 10074
09-30 05:55:11.113 527 588 W BroadcastQueue: Background execution not allowed: receiving Intent { act=android.intent.action.PACKAGE_ADDED dat=package:com.example.myapplication flg=0x4000010 (has extras) } to com.android.gallery3d/.app.PackagesMonitor
09-30 05:55:11.119 1606 1810 W Role : Cannot get ApplicationInfo for default holder: com.android.messaging
09-30 05:55:11.122 892 892 E PhoneInterfaceManager: [PhoneIntfMgr] getCarrierPackageNamesForIntentAndPhone: No UICC
09-30 05:55:11.123 892 892 D CarrierSvcBindHelper: No carrier app for: 0
09-30 05:55:11.123 527 588 D CompatibilityChangeReporter: Compat change id reported: 168419799; UID 10014; state: DISABLED
09-30 05:55:11.142 892 892 D CarrierConfigLoader: mHandler: EVENT_PACKAGE_CHANGED phoneId: 0
09-30 05:55:11.198 527 587 W VoiceInteractionManager: no available voice recognition services found for user 0
09-30 05:55:11.200 527 587 W PackageManager: Failed registering loading progress callback. Package is fully loaded.
09-30 05:55:11.251 527 577 I ActivityManager: Force stopping com.example.myapplication appid=10074 user=0: from pid 1923
09-30 05:55:11.271 892 892 E PhoneInterfaceManager: [PhoneIntfMgr] getCarrierPackageNamesForIntentAndPhone: No UICC
09-30 05:55:11.271 892 892 D CarrierSvcBindHelper: No carrier app for: 0
09-30 05:55:11.440 527 978 I ActivityTaskManager: START u0 {act=android.intent.action.MAIN cat=[android.intent.category.LAUNCHER] flg=0x10000000 cmp=com.example.myapplication/.MainActivity} from uid 2000
09-30 05:55:11.440 527 537 I system_server: Background concurrent copying GC freed 19904(1382KB) AllocSpace objects, 14(664KB) LOS objects, 18% free, 8962KB/10MB, paused 678us total 234.656ms
09-30 05:55:11.452 527 978 D CompatibilityChangeReporter: Compat change id reported: 174042980; UID 10074; state: DISABLED
09-30 05:55:11.454 527 978 D CompatibilityChangeReporter: Compat change id reported: 184838306; UID 10074; state: DISABLED
09-30 05:55:11.456 527 978 D CompatibilityChangeReporter: Compat change id reported: 185004937; UID 10074; state: DISABLED
09-30 05:55:11.457 527 978 D CompatibilityChangeReporter: Compat change id reported: 181136395; UID 10074; state: DISABLED
09-30 05:55:11.458 527 978 D CompatibilityChangeReporter: Compat change id reported: 174042936; UID 10074; state: DISABLED
09-30 05:55:11.473 807 990 D PhoneStartingWindowTypeAlgorithm: preferredStartingWindowType newTask:true taskSwitch:true processRunning:false allowTaskSnapshot:true activityCreated:false useEmptySplashScreen:true legacySplashScreen:false topIsHome:false
09-30 05:55:11.473 807 990 D StartingSurfaceDrawer: addSplashScreen com.example.myapplication theme=7f10023d task=13 suggestType=3
09-30 05:55:11.489 807 991 D StartingSurfaceDrawer: window attributes color: 0 icon null duration 0 brandImage null
09-30 05:55:11.500 807 991 D SplashScreenView: Build android.window.SplashScreenView{2a842df V.E...... ......ID 0,0-0,0}
09-30 05:55:11.500 807 991 D SplashScreenView: Icon: view: null drawable: null size: 0
09-30 05:55:11.500 807 991 D SplashScreenView: Branding: view: android.view.View{d7e9b2c G.ED..... ......I. 0,0-0,0 #10204a6 android:id/splashscreen_branding_view} drawable: null size w: 0 h: 0
09-30 05:55:11.503 807 991 D StartingSurfaceDrawer: fillViewWithIcon surfaceWindowView android.window.SplashScreenView{2a842df V.E...... ......ID 0,0-0,0}
09-30 05:55:11.505 527 582 D CompatibilityChangeReporter: Compat change id reported: 135634846; UID 10074; state: DISABLED
09-30 05:55:11.506 527 582 D CompatibilityChangeReporter: Compat change id reported: 177438394; UID 10074; state: DISABLED
09-30 05:55:11.507 527 582 D CompatibilityChangeReporter: Compat change id reported: 135772972; UID 10074; state: DISABLED
09-30 05:55:11.507 527 582 D CompatibilityChangeReporter: Compat change id reported: 135754954; UID 10074; state: ENABLED
09-30 05:55:11.511 527 589 D CompatibilityChangeReporter: Compat change id reported: 143937733; UID 10074; state: ENABLED
09-30 05:55:11.514 254 254 I BpBinder: onLastStrongRef automatically unlinking death recipients:
09-30 05:55:11.538 389 389 D Zygote : Forked child process 1932
09-30 05:55:11.542 527 589 I ActivityManager: Start proc 1932:com.example.myapplication/u0a74 for pre-top-activity {com.example.myapplication/com.example.myapplication.MainActivity}
09-30 05:55:11.564 1932 1932 I Zygote : seccomp disabled by setenforce 0
09-30 05:55:11.576 1932 1932 I e.myapplicatio: Late-enabling -Xcheck:jni
09-30 05:55:11.666 479 489 I adbd : jdwp connection from 1932
09-30 05:55:11.797 1932 1932 D CompatibilityChangeReporter: Compat change id reported: 171979766; UID 10074; state: ENABLED
09-30 05:55:12.004 1932 1932 V GraphicsEnvironment: ANGLE Developer option for 'com.example.myapplication' set to: 'default'
09-30 05:55:12.005 1932 1932 V GraphicsEnvironment: Neither updatable production driver nor prerelease driver is supported.
09-30 05:55:12.012 1932 1932 D NetworkSecurityConfig: No Network Security Config specified, using platform default
09-30 05:55:12.015 1932 1932 D NetworkSecurityConfig: No Network Security Config specified, using platform default
09-30 05:55:12.212 1932 1932 D MainActivity: onClick: onCreate 1: 1664517312212
09-30 05:55:12.406 479 479 I adbd : UsbFfs: offline
09-30 05:55:12.411 1932 1940 W e.myapplicatio: Closing connection to broken client.
09-30 05:55:12.411 479 479 I adbd : authentication not required
09-30 05:55:12.474 1932 1932 W e.myapplicatio: Accessing hidden method Landroid/view/View;->computeFitSystemWindows(Landroid/graphics/Rect;Landroid/graphics/Rect;)Z (unsupported, reflection, allowed)
09-30 05:55:12.478 1932 1932 W e.myapplicatio: Accessing hidden method Landroid/view/ViewGroup;->makeOptionalFitsSystemWindows()V (unsupported, reflection, allowed)
09-30 05:55:12.460 1955 1955 I getprop : type=1400 audit(0.0:1647): avc: denied { open } for path="/dev/__properties__/u:object_r:aac_drc_prop:s0" dev="tmpfs" ino=37 scontext=u:r:shell:s0 tcontext=u:object_r:aac_drc_prop:s0 tclass=file permissive=1
09-30 05:55:12.460 1955 1955 I getprop : type=1400 audit(0.0:1648): avc: denied { getattr } for path="/dev/__properties__/u:object_r:aac_drc_prop:s0" dev="tmpfs" ino=37 scontext=u:r:shell:s0 tcontext=u:object_r:aac_drc_prop:s0 tclass=file permissive=1
09-30 05:55:12.460 1955 1955 I getprop : type=1400 audit(0.0:1649): avc: denied { map } for path="/dev/__properties__/u:object_r:aac_drc_prop:s0" dev="tmpfs" ino=37 scontext=u:r:shell:s0 tcontext=u:object_r:aac_drc_prop:s0 tclass=file permissive=1
09-30 05:55:12.460 1955 1955 I getprop : type=1400 audit(0.0:1650): avc: denied { open } for path="/dev/__properties__/u:object_r:ab_update_gki_prop:s0" dev="tmpfs" ino=39 scontext=u:r:shell:s0 tcontext=u:object_r:ab_update_gki_prop:s0 tclass=file permissive=1
09-30 05:55:12.464 1955 1955 I getprop : type=1400 audit(0.0:1651): avc: denied { getattr } for path="/dev/__properties__/u:object_r:ab_update_gki_prop:s0" dev="tmpfs" ino=39 scontext=u:r:shell:s0 tcontext=u:object_r:ab_update_gki_prop:s0 tclass=file permissive=1
09-30 05:55:12.744 1932 1932 D MainActivity: onClick: onCreate 2: 1664517312744
09-30 05:55:12.945 527 583 D CompatibilityChangeReporter: Compat change id reported: 158002302; UID 10074; state: ENABLED
09-30 05:55:12.955 254 993 W ServiceManager: Permission failure: android.permission.ACCESS_SURFACE_FLINGER from uid=10074 pid=1932
09-30 05:55:12.955 254 993 D PermissionCache: checking android.permission.ACCESS_SURFACE_FLINGER for uid=10074 => denied (3983 us)
09-30 05:55:12.956 254 993 W ServiceManager: Permission failure: android.permission.ROTATE_SURFACE_FLINGER from uid=10074 pid=1932
09-30 05:55:12.956 254 993 D PermissionCache: checking android.permission.ROTATE_SURFACE_FLINGER for uid=10074 => denied (726 us)
09-30 05:55:12.995 1932 1952 E ion : open /dev/ion failed: No such file or directory
09-30 05:55:12.999 216 216 I hwservicemanager: getTransport: Cannot find entry android.hardware.configstore@1.0::ISurfaceFlingerConfigs/default in either framework or device VINTF manifest.
09-30 05:55:13.223 807 990 D StartingSurfaceDrawer: Task start finish, remove starting surface for task 13
09-30 05:55:13.223 807 990 V StartingSurfaceDrawer: Removing splash screen window for task: 13
09-30 05:55:13.227 527 579 I ActivityTaskManager: Displayed com.example.myapplication/.MainActivity: +1s779ms
09-30 05:55:13.411 479 479 W adbd : timeout expired while flushing socket, closing
09-30 05:55:13.412 1894 1894 E studio.deploy: MessagePipeWrapper: Cannot read (EOF)
09-30 05:55:13.525 527 630 W InputManager-JNI: Input channel object '189f000 Splash Screen com.example.myapplication (client)' was disposed without first being removed with the input manager!
09-30 05:55:14.522 527 1220 E TaskPersister: File error accessing recents directory (directory doesn't exist?).
09-30 05:55:15.608 527 581 I DropBoxManagerService: add tag=system_server_strictmode isTagEnabled=true flags=0x2
09-30 05:55:15.612 527 581 I DropBoxManagerService: add tag=system_server_strictmode isTagEnabled=true flags=0x2
09-30 05:55:15.616 527 581 I DropBoxManagerService: add tag=system_server_strictmode isTagEnabled=true flags=0x2
09-30 05:55:15.618 527 581 I DropBoxManagerService: add tag=system_server_strictmode isTagEnabled=true flags=0x2
09-30 05:55:15.621 527 581 I DropBoxManagerService: add tag=system_server_strictmode isTagEnabled=true flags=0x2
09-30 05:55:15.624 527 581 I DropBoxManagerService: add tag=system_server_strictmode isTagEnabled=true flags=0x2
09-30 05:55:15.626 527 581 I DropBoxManagerService: add tag=system_server_strictmode isTagEnabled=true flags=0x2
09-30 05:55:15.846 227 1799 I keystore2: keystore2::watchdog: Watchdog thread idle -> terminating. Have a great day.
09-30 05:55:26.520 527 1347 I ActivityManager: Killing 1176:com.android.deskclock/u0a56 (adj 975): empty #17
09-30 05:55:26.523 527 590 I libprocessgroup: Successfully killed process cgroup uid 10056 pid 1176 in 1ms
09-30 05:55:26.556 389 389 I Zygote : Process 1176 exited due to signal 9 (Killed)
09-30 05:55:26.557 422 422 E android.hardware.memtrack-service.img: Failed to open /proc/1932/fdinfo directory: No such file or directory
09-30 05:55:26.557 422 422 W IMGMemtrackHAL: getMemoryRecords:543 Failed to read dmabuf fd references for pid 1932
09-30 05:55:26.583 422 422 E android.hardware.memtrack-service.img: Failed to open /proc/1822/fdinfo directory: No such file or directory
09-30 05:55:26.583 422 422 W IMGMemtrackHAL: getMemoryRecords:543 Failed to read dmabuf fd references for pid 1822
09-30 05:55:26.922 479 479 I adbd : UsbFfs: offline
09-30 05:55:26.926 479 479 I adbd : authentication not required
09-30 05:55:26.968 1979 1979 I getprop : type=1400 audit(0.0:1986): avc: denied { open } for path="/dev/__properties__/u:object_r:aac_drc_prop:s0" dev="tmpfs" ino=37 scontext=u:r:shell:s0 tcontext=u:object_r:aac_drc_prop:s0 tclass=file permissive=1
09-30 05:55:26.968 1979 1979 I getprop : type=1400 audit(0.0:1987): avc: denied { getattr } for path="/dev/__properties__/u:object_r:aac_drc_prop:s0" dev="tmpfs" ino=37 scontext=u:r:shell:s0 tcontext=u:object_r:aac_drc_prop:s0 tclass=file permissive=1
09-30 05:55:26.968 1979 1979 I getprop : type=1400 audit(0.0:1988): avc: denied { map } for path="/dev/__properties__/u:object_r:aac_drc_prop:s0" dev="tmpfs" ino=37 scontext=u:r:shell:s0 tcontext=u:object_r:aac_drc_prop:s0 tclass=file permissive=1
09-30 05:55:26.968 1979 1979 I getprop : type=1400 audit(0.0:1989): avc: denied { open } for path="/dev/__properties__/u:object_r:ab_update_gki_prop:s0" dev="tmpfs" ino=39 scontext=u:r:shell:s0 tcontext=u:object_r:ab_update_gki_prop:s0 tclass=file permissive=1
09-30 05:55:26.968 1979 1979 I getprop : type=1400 audit(0.0:1990): avc: denied { getattr } for path="/dev/__properties__/u:object_r:ab_update_gki_prop:s0" dev="tmpfs" ino=39 scontext=u:r:shell:s0 tcontext=u:object_r:ab_update_gki_prop:s0 tclass=file permissive=1
09-30 05:55:28.099 479 479 W adbd : timeout expired while flushing socket, closing
09-30 05:55:35.663 422 422 E android.hardware.memtrack-service.img: Failed to open /proc/1074/fdinfo directory: No such file or directory
09-30 05:55:35.663 422 422 W IMGMemtrackHAL: getMemoryRecords:543 Failed to read dmabuf fd references for pid 1074
09-30 05:55:38.331 256 263 I hwc-resource-manager: Attaching connector HDMI-A-1
09-30 05:55:38.332 256 263 I hwc-drm-two: Attaching pipeline 'HDMI-A-1' to the display #0 (Primary)
09-30 05:55:38.373 256 263 I hwc-display-configs: Group 1: Disabling display mode 1920x1080@60.000000 (Refresh rate value is too close to existing mode 1920x1080@60.000000)
09-30 05:55:38.374 256 263 I hwc-display-configs: Group 1: Disabling display mode 1920x1080@59.940201 (Refresh rate value is too close to existing mode 1920x1080@60.000000)
09-30 05:55:38.374 256 263 I hwc-display-configs: Group 7: Disabling display mode 1280x720@60.000000 (Refresh rate value is too close to existing mode 1280x720@60.000000)
09-30 05:55:38.374 256 263 I hwc-display-configs: Group 7: Disabling display mode 1280x720@59.940201 (Refresh rate value is too close to existing mode 1280x720@60.000000)
09-30 05:55:38.374 256 263 I hwc-display-configs: Group 11: Disabling display mode 720x576@50.000000 (Refresh rate value is too close to existing mode 720x576@50.000000)
09-30 05:55:38.374 256 263 I hwc-display-configs: Group 12: Disabling display mode 720x480@60.000000 (Refresh rate value is too close to existing mode 720x480@60.000000)
09-30 05:55:38.374 256 263 I hwc-display-configs: Group 12: Disabling display mode 720x480@59.940060 (Refresh rate value is too close to existing mode 720x480@60.000000)
09-30 05:55:38.374 256 263 I hwc-display-configs: Group 12: Disabling display mode 720x480@59.940060 (Refresh rate value is too close to existing mode 720x480@60.000000)
09-30 05:55:38.374 256 263 I hwc-display-configs: Group 12: Disabling display mode 720x480@59.940060 (Refresh rate value is too close to existing mode 720x480@60.000000)
09-30 05:55:38.374 256 263 I hwc-display-configs: Group 13: Disabling display mode 640x480@59.940475 (Refresh rate value is too close to existing mode 640x480@60.000000)
09-30 05:55:38.374 256 263 I hwc-display-configs: Group 13: Disabling display mode 640x480@59.940475 (Refresh rate value is too close to existing mode 640x480@60.000000)
09-30 05:55:38.374 256 263 I hwc-backend: Backend 'generic' for 'HDMI-A-1' and driver 'tidss' was successfully set
09-30 05:55:38.376 254 270 I SurfaceFlinger: onComposerHalHotplug(0, connected)
09-30 05:55:38.398 254 254 W HwcComposer: getPerFrameMetadataKeys failed with 8
09-30 05:55:38.436 254 254 I SurfaceFlinger: Dispatching display hotplug event displayId=0, connected=1
09-30 05:55:38.437 254 254 D SurfaceFlinger: Setting power mode 2 on display 0
09-30 05:55:38.438 254 254 D SurfaceFlinger: Finished setting power mode 2 on display 0
