09-30 05:50:17.249 1629 1629 I CalendarProvider2: Created com.android.providers.calendar.CalendarAlarmManager@ecf71b6(com.android.providers.calendar.CalendarProvider2@bbd0eb7)
09-30 05:50:17.258 1245 1499 I MediaProvider: Scanned external_primary due to REASON_MOUNTED, found 15 items in 133ms, 0 inserts 0 updates 0 deletes
09-30 05:50:17.262 1245 1499 I MediaProvider: End Intent { act=com.android.providers.media.action.SCAN_VOLUME (has extras) }
09-30 05:50:17.265 1245 1499 I MediaProvider: Begin Intent { act=com.android.providers.media.action.SCAN_VOLUME (has extras) }
09-30 05:50:17.271 1629 1649 D CompatibilityChangeReporter: Compat change id reported: 160794467; UID 10022; state: ENABLED
09-30 05:50:17.274 1245 1499 W ModernMediaScanner: Failed to visit /system/media: java.nio.file.NoSuchFileException: /system/media
09-30 05:50:17.280 1245 1499 I MediaProvider: Scanned internal due to REASON_MOUNTED, found 0 items in 9ms, 0 inserts 0 updates 0 deletes
09-30 05:50:17.286 1245 1499 W ModernMediaScanner: Failed to visit /oem/media: java.nio.file.NoSuchFileException: /oem/media
09-30 05:50:17.290 1245 1499 I MediaProvider: Scanned internal due to REASON_MOUNTED, found 0 items in 6ms, 0 inserts 0 updates 0 deletes
09-30 05:50:17.342 527 577 D CompatibilityChangeReporter: Compat change id reported: 171306433; UID 10022; state: ENABLED
09-30 05:50:17.349 527 577 I ActivityManager: Killing 1229:com.android.quicksearchbox/u0a50 (adj 955): empty #17
09-30 05:50:17.363 527 577 D CompatibilityChangeReporter: Compat change id reported: 143231523; UID 10022; state: DISABLED
09-30 05:50:17.405 527 590 I libprocessgroup: Successfully killed process cgroup uid 10050 pid 1229 in 47ms
09-30 05:50:17.417 527 792 D CompatibilityChangeReporter: Compat change id reported: 168419799; UID 1000; state: DISABLED
09-30 05:50:17.444 389 389 I Zygote : Process 1229 exited due to signal 9 (Killed)
09-30 05:50:17.495 910 910 D CompatibilityChangeReporter: Compat change id reported: 160794467; UID 1000; state: ENABLED
09-30 05:50:17.542 527 792 I ActivityManager: com.android.shell is exempt from freezer
09-30 05:50:17.543 527 792 D CompatibilityChangeReporter: Compat change id reported: 135634846; UID 2000; state: DISABLED
09-30 05:50:17.543 527 792 D CompatibilityChangeReporter: Compat change id reported: 177438394; UID 2000; state: DISABLED
09-30 05:50:17.544 527 792 D CompatibilityChangeReporter: Compat change id reported: 135772972; UID 2000; state: DISABLED
09-30 05:50:17.544 527 792 D CompatibilityChangeReporter: Compat change id reported: 135754954; UID 2000; state: ENABLED
09-30 05:50:17.573 389 389 D Zygote : Forked child process 1652
09-30 05:50:17.575 527 589 I ActivityManager: Start proc 1652:com.android.shell/2000 for broadcast {com.android.shell/com.android.shell.HeapDumpReceiver}
09-30 05:50:17.590 1652 1652 I Zygote : seccomp disabled by setenforce 0
09-30 05:50:17.627 479 489 I adbd : jdwp connection from 1652
09-30 05:50:17.676 527 792 D CompatibilityChangeReporter: Compat change id reported: 168419799; UID 2000; state: DISABLED
09-30 05:50:17.716 1652 1652 D CompatibilityChangeReporter: Compat change id reported: 171979766; UID 2000; state: ENABLED
09-30 05:50:17.757 1245 1264 I FuseDaemon: NativeAlloc concurrent copying GC freed 72472(5034KB) AllocSpace objects, 14(280KB) LOS objects, 24% free, 2817KB/3756KB, paused 646us total 124.868ms
09-30 05:50:17.782 1652 1652 V GraphicsEnvironment: ANGLE Developer option for 'com.android.shell' set to: 'default'
09-30 05:50:17.782 1652 1652 V GraphicsEnvironment: Neither updatable production driver nor prerelease driver is supported.
09-30 05:50:17.785 1652 1652 D NetworkSecurityConfig: No Network Security Config specified, using platform default
09-30 05:50:17.787 1652 1652 D NetworkSecurityConfig: No Network Security Config specified, using platform default
09-30 05:50:17.811 1652 1652 D HeapDumpReceiver: onReceive(): Intent { act=android.intent.action.BOOT_COMPLETED flg=0x89000010 cmp=com.android.shell/.HeapDumpReceiver (has extras) }
09-30 05:50:17.814 1652 1670 D HeapDumpReceiver: Deleting from /data/user_de/0/com.android.shell/files/heapdumps
09-30 05:50:17.821 527 978 D CompatibilityChangeReporter: Compat change id reported: 135634846; UID 10021; state: DISABLED
09-30 05:50:17.821 527 978 D CompatibilityChangeReporter: Compat change id reported: 177438394; UID 10021; state: DISABLED
09-30 05:50:17.821 527 978 D CompatibilityChangeReporter: Compat change id reported: 135772972; UID 10021; state: DISABLED
09-30 05:50:17.822 527 978 D CompatibilityChangeReporter: Compat change id reported: 135754954; UID 10021; state: DISABLED
09-30 05:50:17.822 527 589 D CompatibilityChangeReporter: Compat change id reported: 143937733; UID 10021; state: DISABLED
09-30 05:50:17.824 527 978 I ActivityManager: Killing 1306:com.android.traceur/u0a20 (adj 975): empty #17
09-30 05:50:17.840 807 1353 V PerfettoTrigger: Not triggering com.android.telemetry.interaction-jank-monitor-13 - not enough time since last trigger
09-30 05:50:17.855 389 389 D Zygote : Forked child process 1671
09-30 05:50:17.857 527 589 I ActivityManager: Start proc 1671:com.android.statementservice/u0a21 for broadcast {com.android.statementservice/com.android.statementservice.domain.BootCompletedReceiver}
09-30 05:50:17.870 807 807 D StatusBar: disable disable2
09-30 05:50:17.872 1671 1671 I Zygote : seccomp disabled by setenforce 0
09-30 05:50:17.874 1671 1671 I libc : SetHeapTaggingLevel: tag level set to 0
09-30 05:50:17.889 1245 1298 W MediaProvider: getVolumePath for unknown volume: internal
09-30 05:50:17.896 1245 1298 W MediaProvider: getVolumePath for unknown volume: internal
09-30 05:50:17.906 527 590 I libprocessgroup: Successfully killed process cgroup uid 10020 pid 1306 in 63ms
09-30 05:50:17.909 479 489 I adbd : jdwp connection from 1671
09-30 05:50:17.945 389 389 I Zygote : Process 1306 exited due to signal 9 (Killed)
09-30 05:50:17.965 527 577 D CompatibilityChangeReporter: Compat change id reported: 168419799; UID 10021; state: DISABLED
09-30 05:50:17.996 1671 1671 D CompatibilityChangeReporter: Compat change id reported: 171979766; UID 10021; state: DISABLED
09-30 05:50:18.011 1671 1671 D ApplicationLoaders: Returning zygote-cached class loader: /system/framework/android.test.base.jar
09-30 05:50:18.062 1671 1671 V GraphicsEnvironment: ANGLE Developer option for 'com.android.statementservice' set to: 'default'
09-30 05:50:18.062 1671 1671 V GraphicsEnvironment: Neither updatable production driver nor prerelease driver is supported.
09-30 05:50:18.067 1671 1671 D NetworkSecurityConfig: No Network Security Config specified, using platform default
09-30 05:50:18.068 1671 1671 D NetworkSecurityConfig: No Network Security Config specified, using platform default
09-30 05:50:18.147 527 537 I system_server: Background young concurrent copying GC freed 23476(1450KB) AllocSpace objects, 3(108KB) LOS objects, 14% free, 9660KB/11MB, paused 476us total 105.841ms
09-30 05:50:18.173 1671 1691 D CompatibilityChangeReporter: Compat change id reported: 160794467; UID 10021; state: DISABLED
09-30 05:50:18.178 527 576 D CompatibilityChangeReporter: Compat change id reported: 171306433; UID 10021; state: DISABLED
09-30 05:50:18.202 527 576 D ConnectivityService: requestNetwork for uid/pid:1000/527 asUid: 10021 activeRequest: null callbackRequest: 32 [NetworkRequest [ REQUEST id=33, [ Capabilities: INTERNET&NOT_RESTRICTED&TRUSTED&NOT_VCN_MANAGED Uid: 10021 RequestorUid: 1000 RequestorPkg: android] ]] callback flags: 0 priority: 2147483647
09-30 05:50:18.203 527 665 D ConnectivityService: NetReassign [no changes]
09-30 05:50:18.205 527 701 D Ethernet: got request NetworkRequest [ REQUEST id=33, [ Capabilities: INTERNET&NOT_RESTRICTED&TRUSTED&NOT_VCN_MANAGED Uid: 10021 RequestorUid: 1000 RequestorPkg: android] ]
09-30 05:50:18.205 527 701 D EthernetNetworkFactory: acceptRequest, request: NetworkRequest [ REQUEST id=33, [ Capabilities: INTERNET&NOT_RESTRICTED&TRUSTED&NOT_VCN_MANAGED Uid: 10021 RequestorUid: 1000 RequestorPkg: android] ]
09-30 05:50:18.206 527 701 I EthernetNetworkFactory: networkForRequest, request: NetworkRequest [ REQUEST id=33, [ Capabilities: INTERNET&NOT_RESTRICTED&TRUSTED&NOT_VCN_MANAGED Uid: 10021 RequestorUid: 1000 RequestorPkg: android] ], network: null
09-30 05:50:18.206 527 658 D WifiNetworkFactory: got request NetworkRequest [ REQUEST id=33, [ Capabilities: INTERNET&NOT_RESTRICTED&TRUSTED&NOT_VCN_MANAGED Uid: 10021 RequestorUid: 1000 RequestorPkg: android] ]
09-30 05:50:18.208 527 658 D UntrustedWifiNetworkFactory: got request NetworkRequest [ REQUEST id=33, [ Capabilities: INTERNET&NOT_RESTRICTED&TRUSTED&NOT_VCN_MANAGED Uid: 10021 RequestorUid: 1000 RequestorPkg: android] ]
09-30 05:50:18.209 527 658 D OemPaidWifiNetworkFactory: got request NetworkRequest [ REQUEST id=33, [ Capabilities: INTERNET&NOT_RESTRICTED&TRUSTED&NOT_VCN_MANAGED Uid: 10021 RequestorUid: 1000 RequestorPkg: android] ]
09-30 05:50:18.228 527 576 D ConnectivityService: requestNetwork for uid/pid:10021/1671 activeRequest: null callbackRequest: 34 [NetworkRequest [ REQUEST id=35, [ Capabilities: INTERNET&NOT_RESTRICTED&TRUSTED&NOT_VCN_MANAGED Uid: 10021 RequestorUid: 10021 RequestorPkg: com.android.statementservice] ]] callback flags: 0 priority: 2147483647
09-30 05:50:18.229 527 665 D ConnectivityService: NetReassign [no changes]
09-30 05:50:18.230 527 701 D Ethernet: got request NetworkRequest [ REQUEST id=35, [ Capabilities: INTERNET&NOT_RESTRICTED&TRUSTED&NOT_VCN_MANAGED Uid: 10021 RequestorUid: 10021 RequestorPkg: com.android.statementservice] ]
09-30 05:50:18.230 527 701 D EthernetNetworkFactory: acceptRequest, request: NetworkRequest [ REQUEST id=35, [ Capabilities: INTERNET&NOT_RESTRICTED&TRUSTED&NOT_VCN_MANAGED Uid: 10021 RequestorUid: 10021 RequestorPkg: com.android.statementservice] ]
09-30 05:50:18.230 527 701 I EthernetNetworkFactory: networkForRequest, request: NetworkRequest [ REQUEST id=35, [ Capabilities: INTERNET&NOT_RESTRICTED&TRUSTED&NOT_VCN_MANAGED Uid: 10021 RequestorUid: 10021 RequestorPkg: com.android.statementservice] ], network: null
09-30 05:50:18.232 527 576 I ActivityManager: Finished processing BOOT_COMPLETED for u0
09-30 05:50:18.232 527 658 D WifiNetworkFactory: got request NetworkRequest [ REQUEST id=35, [ Capabilities: INTERNET&NOT_RESTRICTED&TRUSTED&NOT_VCN_MANAGED Uid: 10021 RequestorUid: 10021 RequestorPkg: com.android.statementservice] ]
09-30 05:50:18.234 527 658 D UntrustedWifiNetworkFactory: got request NetworkRequest [ REQUEST id=35, [ Capabilities: INTERNET&NOT_RESTRICTED&TRUSTED&NOT_VCN_MANAGED Uid: 10021 RequestorUid: 10021 RequestorPkg: com.android.statementservice] ]
09-30 05:50:18.234 527 658 D OemPaidWifiNetworkFactory: got request NetworkRequest [ REQUEST id=35, [ Capabilities: INTERNET&NOT_RESTRICTED&TRUSTED&NOT_VCN_MANAGED Uid: 10021 RequestorUid: 10021 RequestorPkg: com.android.statementservice] ]
09-30 05:50:18.236 527 576 D CompatibilityChangeReporter: Compat change id reported: 135634846; UID 10050; state: DISABLED
09-30 05:50:18.236 527 576 D CompatibilityChangeReporter: Compat change id reported: 177438394; UID 10050; state: DISABLED
09-30 05:50:18.236 527 576 D CompatibilityChangeReporter: Compat change id reported: 135772972; UID 10050; state: DISABLED
09-30 05:50:18.237 527 576 D CompatibilityChangeReporter: Compat change id reported: 135754954; UID 10050; state: DISABLED
09-30 05:50:18.238 527 589 D CompatibilityChangeReporter: Compat change id reported: 143937733; UID 10050; state: DISABLED
09-30 05:50:18.239 527 576 I ActivityManager: Killing 1225:com.android.keychain/1000 (adj 975): empty #17
09-30 05:50:18.264 389 389 D Zygote : Forked child process 1696
09-30 05:50:18.267 527 589 I ActivityManager: Start proc 1696:com.android.quicksearchbox/u0a50 for broadcast {com.android.quicksearchbox/com.android.quicksearchbox.SearchWidgetProvider}
09-30 05:50:18.278 1696 1696 I Zygote : seccomp disabled by setenforce 0
09-30 05:50:18.280 1696 1696 I libc : SetHeapTaggingLevel: tag level set to 0
09-30 05:50:18.288 527 590 I libprocessgroup: Successfully killed process cgroup uid 1000 pid 1225 in 44ms
09-30 05:50:18.298 389 389 I Zygote : Process 1225 exited due to signal 9 (Killed)
09-30 05:50:18.311 479 489 I adbd : jdwp connection from 1696
09-30 05:50:18.333 527 576 D CompatibilityChangeReporter: Compat change id reported: 168419799; UID 10050; state: DISABLED
09-30 05:50:18.345 1696 1696 D CompatibilityChangeReporter: Compat change id reported: 171979766; UID 10050; state: DISABLED
09-30 05:50:18.358 1696 1696 D ApplicationLoaders: Returning zygote-cached class loader: /system/framework/android.test.base.jar
09-30 05:50:18.383 1696 1696 D nativeloader: classloader namespace configured for unbundled product apk. library_path=/system/product/app/QuickSearchBox/lib/arm64:/product/lib64:/system/product/lib64
09-30 05:50:18.398 1696 1696 V GraphicsEnvironment: ANGLE Developer option for 'com.android.quicksearchbox' set to: 'default'
09-30 05:50:18.398 1696 1696 V GraphicsEnvironment: Neither updatable production driver nor prerelease driver is supported.
09-30 05:50:18.401 1696 1696 D NetworkSecurityConfig: No Network Security Config specified, using platform default
09-30 05:50:18.402 1696 1696 D NetworkSecurityConfig: No Network Security Config specified, using platform default
09-30 05:50:18.430 527 576 D CompatibilityChangeReporter: Compat change id reported: 135634846; UID 10017; state: DISABLED
09-30 05:50:18.430 527 576 D CompatibilityChangeReporter: Compat change id reported: 177438394; UID 10017; state: DISABLED
09-30 05:50:18.431 527 576 D CompatibilityChangeReporter: Compat change id reported: 135772972; UID 10017; state: DISABLED
09-30 05:50:18.431 527 576 D CompatibilityChangeReporter: Compat change id reported: 135754954; UID 10017; state: ENABLED
09-30 05:50:18.432 527 589 D CompatibilityChangeReporter: Compat change id reported: 143937733; UID 10017; state: ENABLED
09-30 05:50:18.432 527 576 I ActivityManager: Killing 1382:com.android.calendar/u0a53 (adj 975): empty #17
09-30 05:50:18.444 527 590 I libprocessgroup: Successfully killed process cgroup uid 10053 pid 1382 in 0ms
09-30 05:50:18.456 389 389 D Zygote : Forked child process 1715
09-30 05:50:18.458 527 589 I ActivityManager: Start proc 1715:com.android.externalstorage/u0a17 for broadcast {com.android.externalstorage/com.android.externalstorage.MountReceiver}
09-30 05:50:18.478 1715 1715 I Zygote : seccomp disabled by setenforce 0
09-30 05:50:18.480 389 389 I Zygote : Process 1382 exited due to signal 9 (Killed)
09-30 05:50:18.504 479 489 I adbd : jdwp connection from 1715
09-30 05:50:18.523 527 576 D CompatibilityChangeReporter: Compat change id reported: 168419799; UID 10017; state: DISABLED
09-30 05:50:18.541 1715 1715 D CompatibilityChangeReporter: Compat change id reported: 171979766; UID 10017; state: ENABLED
09-30 05:50:18.585 1715 1715 V GraphicsEnvironment: ANGLE Developer option for 'com.android.externalstorage' set to: 'default'
09-30 05:50:18.586 1715 1715 V GraphicsEnvironment: Neither updatable production driver nor prerelease driver is supported.
09-30 05:50:18.589 1715 1715 D NetworkSecurityConfig: No Network Security Config specified, using platform default
09-30 05:50:18.590 1715 1715 D NetworkSecurityConfig: No Network Security Config specified, using platform default
09-30 05:50:18.613 1715 1715 D ExternalStorage: After updating volumes, found 2 active roots
09-30 05:50:18.623 1715 1715 D ExternalStorage: After updating volumes, found 2 active roots
09-30 05:50:18.630 1715 1715 D ExternalStorage: After updating volumes, found 2 active roots
09-30 05:50:18.634 527 576 I ActivityManager: Killing 1376:com.android.localtransport/1000 (adj 975): empty #17
09-30 05:50:18.644 527 590 I libprocessgroup: Successfully killed process cgroup uid 1000 pid 1376 in 8ms
09-30 05:50:18.667 389 389 I Zygote : Process 1376 exited due to signal 9 (Killed)
09-30 05:50:18.696 1715 1715 D ExternalStorage: After updating volumes, found 2 active roots
09-30 05:50:18.727 1715 1715 D ExternalStorage: After updating volumes, found 2 active roots
09-30 05:50:18.800 1245 1298 W MediaProvider: getVolumePath for unknown volume: internal
09-30 05:50:18.802 1245 1298 W MediaProvider: getVolumePath for unknown volume: internal
09-30 05:50:18.803 1245 1499 I MediaProvider: Scanned internal due to REASON_MOUNTED, found 230 items in 1509ms, 0 inserts 7 updates 0 deletes
09-30 05:50:18.804 1245 1298 W MediaProvider: getVolumePath for unknown volume: internal
09-30 05:50:18.805 1245 1298 W MediaProvider: getVolumePath for unknown volume: internal
09-30 05:50:18.808 1245 1298 W MediaProvider: getVolumePath for unknown volume: internal
09-30 05:50:18.939 1245 1499 I MediaProvider: Scanned 43f0-93ae due to REASON_MOUNTED, found 25 items in 123ms, 0 inserts 0 updates 0 deletes
09-30 05:50:18.943 1245 1499 I MediaProvider: End Intent { act=com.android.providers.media.action.SCAN_VOLUME (has extras) }
09-30 05:50:18.944 1245 1499 I MediaProvider: Begin Intent { act=android.intent.action.MEDIA_MOUNTED dat=file:///storage/emulated/0 flg=0x5000010 cmp=com.android.providers.media.module/com.android.providers.media.MediaService (has extras) }
09-30 05:50:18.945 1245 1499 I MediaProvider: Volume MediaVolume name: [external_primary] id: [emulated;0] user: [UserHandle{0}] path: [/storage/emulated/0] already attached
09-30 05:50:18.945 1245 1499 I MediaProvider: End Intent { act=android.intent.action.MEDIA_MOUNTED dat=file:///storage/emulated/0 flg=0x5000010 cmp=com.android.providers.media.module/com.android.providers.media.MediaService (has extras) }
09-30 05:50:18.946 1245 1499 I MediaProvider: Begin Intent { act=android.intent.action.MEDIA_MOUNTED dat=file:///storage/43F0-93AE flg=0x5000010 cmp=com.android.providers.media.module/com.android.providers.media.MediaService (has extras) }
09-30 05:50:18.946 1245 1499 I MediaProvider: Volume MediaVolume name: [43f0-93ae] id: [public:179,97] user: [UserHandle{0}] path: [/storage/43F0-93AE] already attached
09-30 05:50:18.947 1245 1499 I MediaProvider: End Intent { act=android.intent.action.MEDIA_MOUNTED dat=file:///storage/43F0-93AE flg=0x5000010 cmp=com.android.providers.media.module/com.android.providers.media.MediaService (has extras) }
09-30 05:50:18.948 1245 1499 I MediaProvider: Begin Intent { act=android.intent.action.MEDIA_MOUNTED dat=file:///storage/emulated/0 flg=0x5000010 cmp=com.android.providers.media.module/com.android.providers.media.MediaService (has extras) }
09-30 05:50:18.948 1245 1499 I MediaProvider: Volume MediaVolume name: [external_primary] id: [emulated;0] user: [UserHandle{0}] path: [/storage/emulated/0] already attached
09-30 05:50:18.948 1245 1499 I MediaProvider: End Intent { act=android.intent.action.MEDIA_MOUNTED dat=file:///storage/emulated/0 flg=0x5000010 cmp=com.android.providers.media.module/com.android.providers.media.MediaService (has extras) }
09-30 05:50:18.949 1245 1499 I MediaProvider: Begin Intent { act=android.intent.action.MEDIA_MOUNTED dat=file:///storage/43F0-93AE flg=0x5000010 cmp=com.android.providers.media.module/com.android.providers.media.MediaService (has extras) }
09-30 05:50:18.949 1245 1499 I MediaProvider: Volume MediaVolume name: [43f0-93ae] id: [public:179,97] user: [UserHandle{0}] path: [/storage/43F0-93AE] already attached
09-30 05:50:18.949 1245 1499 I MediaProvider: End Intent { act=android.intent.action.MEDIA_MOUNTED dat=file:///storage/43F0-93AE flg=0x5000010 cmp=com.android.providers.media.module/com.android.providers.media.MediaService (has extras) }
09-30 05:50:20.136 422 422 E android.hardware.memtrack-service.img: Failed to open /proc/1074/fdinfo directory: No such file or directory
09-30 05:50:20.136 422 422 W IMGMemtrackHAL: getMemoryRecords:543 Failed to read dmabuf fd references for pid 1074
09-30 05:50:20.223 227 754 I keystore2: keystore2::watchdog: Watchdog thread idle -> terminating. Have a great day.
09-30 05:50:31.851 422 422 E android.hardware.memtrack-service.img: Failed to open /proc/1074/fdinfo directory: No such file or directory
09-30 05:50:31.852 422 422 W IMGMemtrackHAL: getMemoryRecords:543 Failed to read dmabuf fd references for pid 1074
09-30 05:50:31.864 422 422 E android.hardware.memtrack-service.img: Failed to open /proc/959/fdinfo directory: No such file or directory
09-30 05:50:31.864 422 422 W IMGMemtrackHAL: getMemoryRecords:543 Failed to read dmabuf fd references for pid 959
09-30 05:50:31.889 422 422 E android.hardware.memtrack-service.img: Failed to open /proc/1153/fdinfo directory: No such file or directory
09-30 05:50:31.889 422 422 W IMGMemtrackHAL: getMemoryRecords:543 Failed to read dmabuf fd references for pid 1153
09-30 05:50:31.899 422 422 E android.hardware.memtrack-service.img: Failed to open /proc/1176/fdinfo directory: No such file or directory
09-30 05:50:31.899 422 422 W IMGMemtrackHAL: getMemoryRecords:543 Failed to read dmabuf fd references for pid 1176
09-30 05:50:31.909 422 422 E android.hardware.memtrack-service.img: Failed to open /proc/1028/fdinfo directory: No such file or directory
09-30 05:50:31.909 422 422 W IMGMemtrackHAL: getMemoryRecords:543 Failed to read dmabuf fd references for pid 1028
09-30 05:50:32.240 211 211 I BpBinder: onLastStrongRef automatically unlinking death recipients:
09-30 05:50:34.425 422 422 E android.hardware.memtrack-service.img: Failed to open /proc/1461/fdinfo directory: No such file or directory
09-30 05:50:34.425 422 422 W IMGMemtrackHAL: getMemoryRecords:543 Failed to read dmabuf fd references for pid 1461
09-30 05:50:34.968 422 422 E android.hardware.memtrack-service.img: Failed to open /proc/1484/fdinfo directory: No such file or directory
09-30 05:50:34.968 422 422 W IMGMemtrackHAL: getMemoryRecords:543 Failed to read dmabuf fd references for pid 1484
09-30 05:50:36.002 422 422 E android.hardware.memtrack-service.img: Failed to open /proc/1548/fdinfo directory: No such file or directory
09-30 05:50:36.002 422 422 W IMGMemtrackHAL: getMemoryRecords:543 Failed to read dmabuf fd references for pid 1548
09-30 05:50:36.257 422 422 E android.hardware.memtrack-service.img: Failed to open /proc/1566/fdinfo directory: No such file or directory
09-30 05:50:36.257 422 422 W IMGMemtrackHAL: getMemoryRecords:543 Failed to read dmabuf fd references for pid 1566
09-30 05:50:37.026 422 422 E android.hardware.memtrack-service.img: Failed to open /proc/1606/fdinfo directory: No such file or directory
09-30 05:50:37.026 422 422 W IMGMemtrackHAL: getMemoryRecords:543 Failed to read dmabuf fd references for pid 1606
09-30 05:50:37.037 422 422 E android.hardware.memtrack-service.img: Failed to open /proc/1330/fdinfo directory: No such file or directory
09-30 05:50:37.037 422 422 W IMGMemtrackHAL: getMemoryRecords:543 Failed to read dmabuf fd references for pid 1330
09-30 05:50:37.046 422 422 E android.hardware.memtrack-service.img: Failed to open /proc/1586/fdinfo directory: No such file or directory
09-30 05:50:37.046 422 422 W IMGMemtrackHAL: getMemoryRecords:543 Failed to read dmabuf fd references for pid 1586
09-30 05:50:38.191 422 422 E android.hardware.memtrack-service.img: Failed to open /proc/1671/fdinfo directory: No such file or directory
09-30 05:50:38.191 422 422 W IMGMemtrackHAL: getMemoryRecords:543 Failed to read dmabuf fd references for pid 1671
09-30 05:50:38.201 422 422 E android.hardware.memtrack-service.img: Failed to open /proc/1652/fdinfo directory: No such file or directory
09-30 05:50:38.201 422 422 W IMGMemtrackHAL: getMemoryRecords:543 Failed to read dmabuf fd references for pid 1652
09-30 05:50:51.400 422 422 E android.hardware.memtrack-service.img: Failed to open /proc/1245/fdinfo directory: No such file or directory
09-30 05:50:51.400 422 422 W IMGMemtrackHAL: getMemoryRecords:543 Failed to read dmabuf fd references for pid 1245
09-30 05:50:51.401 527 655 W BestClock: java.time.DateTimeException: Missing NTP fix
09-30 05:50:51.412 422 422 E android.hardware.memtrack-service.img: Failed to open /proc/877/fdinfo directory: No such file or directory
09-30 05:50:51.412 422 422 W IMGMemtrackHAL: getMemoryRecords:543 Failed to read dmabuf fd references for pid 877
09-30 05:50:51.422 422 422 E android.hardware.memtrack-service.img: Failed to open /proc/807/fdinfo directory: No such file or directory
09-30 05:50:51.422 422 422 W IMGMemtrackHAL: getMemoryRecords:543 Failed to read dmabuf fd references for pid 807
09-30 05:50:51.427 385 385 I netd : trafficSwapActiveStatsMap() <25.06ms>
09-30 05:50:51.432 385 385 I netd : tetherGetStats() -> {[]} <2.12ms>
09-30 05:50:51.434 527 655 W BestClock: java.time.DateTimeException: Missing NTP fix
09-30 05:50:51.437 385 385 I netd : bandwidthSetGlobalAlert(2097152) <0.75ms>
09-30 05:50:51.437 422 422 E android.hardware.memtrack-service.img: Failed to open /proc/527/fdinfo directory: No such file or directory
09-30 05:50:51.438 422 422 W IMGMemtrackHAL: getMemoryRecords:543 Failed to read dmabuf fd references for pid 527
09-30 05:50:51.442 527 656 W BestClock: java.time.DateTimeException: Missing NTP fix
09-30 05:50:51.444 527 656 W BestClock: java.time.DateTimeException: Missing NTP fix
09-30 05:50:57.830 1606 1737 I PermissionControllerServiceImpl: Updating user sensitive for user 0
09-30 05:51:02.717 527 603 V DisplayPowerController[0]: Brightness [0.05] reason changing to: 'manual [ dim ]', previous reason: 'manual'.
09-30 05:51:02.718 527 706 E DisplayDeviceConfig: requesting nits when no mapping exists.
09-30 05:51:02.719 527 706 E DisplayDeviceConfig: requesting nits when no mapping exists.
09-30 05:51:02.720 527 588 I DropBoxManagerService: add tag=system_server_wtf isTagEnabled=true flags=0x2
09-30 05:51:02.726 527 588 I DropBoxManagerService: add tag=system_server_wtf isTagEnabled=true flags=0x2
09-30 05:54:46.185 527 576 I ActivityManager: Force stopping com.example.myapplication appid=10073 user=0: from pid 1752
09-30 05:54:46.189 422 422 E android.hardware.memtrack-service.img: Failed to open /proc/1074/fdinfo directory: No such file or directory
09-30 05:54:46.189 422 422 W IMGMemtrackHAL: getMemoryRecords:543 Failed to read dmabuf fd references for pid 1074
09-30 05:54:46.198 527 576 I ActivityManager: Killing 1461:com.android.camera2/u0a54 (adj 985): empty #17
09-30 05:54:46.201 527 590 I libprocessgroup: Successfully killed process cgroup uid 10054 pid 1461 in 0ms
09-30 05:54:46.202 527 576 I ActivityManager: Killing 1368:android.process.acore/u0a16 (adj 985): empty #18
09-30 05:54:46.205 422 422 E android.hardware.memtrack-service.img: Failed to open /proc/1629/fdinfo directory: No such file or directory
09-30 05:54:46.206 422 422 W IMGMemtrackHAL: getMemoryRecords:543 Failed to read dmabuf fd references for pid 1629
09-30 05:54:46.220 892 892 E PhoneInterfaceManager: [PhoneIntfMgr] getCarrierPackageNamesForIntentAndPhone: No UICC
09-30 05:54:46.220 892 892 D CarrierSvcBindHelper: No carrier app for: 0
09-30 05:54:46.222 422 422 E android.hardware.memtrack-service.img: Failed to open /proc/1245/fdinfo directory: No such file or directory
09-30 05:54:46.222 422 422 W IMGMemtrackHAL: getMemoryRecords:543 Failed to read dmabuf fd references for pid 1245
09-30 05:54:46.237 422 422 E android.hardware.memtrack-service.img: Failed to open /proc/1410/fdinfo directory: No such file or directory
09-30 05:54:46.237 422 422 W IMGMemtrackHAL: getMemoryRecords:543 Failed to read dmabuf fd references for pid 1410
09-30 05:54:46.248 389 389 I Zygote : Process 1461 exited due to signal 9 (Killed)
09-30 05:54:46.252 422 422 E android.hardware.memtrack-service.img: Failed to open /proc/1715/fdinfo directory: No such file or directory
09-30 05:54:46.252 422 422 W IMGMemtrackHAL: getMemoryRecords:543 Failed to read dmabuf fd references for pid 1715
09-30 05:54:46.253 527 979 D CountryDetector: No listener is left
09-30 05:54:46.255 389 389 I Zygote : Process 1368 exited due to signal 9 (Killed)
09-30 05:54:46.263 422 422 E android.hardware.memtrack-service.img: Failed to open /proc/1696/fdinfo directory: No such file or directory
09-30 05:54:46.263 422 422 W IMGMemtrackHAL: getMemoryRecords:543 Failed to read dmabuf fd references for pid 1696
09-30 05:54:46.273 422 422 E android.hardware.memtrack-service.img: Failed to open /proc/1671/fdinfo directory: No such file or directory
09-30 05:54:46.273 422 422 W IMGMemtrackHAL: getMemoryRecords:543 Failed to read dmabuf fd references for pid 1671
09-30 05:54:46.282 422 422 E android.hardware.memtrack-service.img: Failed to open /proc/1652/fdinfo directory: No such file or directory
09-30 05:54:46.282 422 422 W IMGMemtrackHAL: getMemoryRecords:543 Failed to read dmabuf fd references for pid 1652
09-30 05:54:46.288 527 590 I libprocessgroup: Successfully killed process cgroup uid 10016 pid 1368 in 0ms
09-30 05:54:46.306 422 422 E android.hardware.memtrack-service.img: Failed to open /proc/1330/fdinfo directory: No such file or directory
09-30 05:54:46.306 422 422 W IMGMemtrackHAL: getMemoryRecords:543 Failed to read dmabuf fd references for pid 1330
09-30 05:54:46.316 422 422 E android.hardware.memtrack-service.img: Failed to open /proc/1586/fdinfo directory: No such file or directory
09-30 05:54:46.316 422 422 W IMGMemtrackHAL: getMemoryRecords:543 Failed to read dmabuf fd references for pid 1586
09-30 05:54:46.326 422 422 E android.hardware.memtrack-service.img: Failed to open /proc/1566/fdinfo directory: No such file or directory
09-30 05:54:46.326 422 422 W IMGMemtrackHAL: getMemoryRecords:543 Failed to read dmabuf fd references for pid 1566
09-30 05:54:46.335 422 422 E android.hardware.memtrack-service.img: Failed to open /proc/1548/fdinfo directory: No such file or directory
09-30 05:54:46.335 422 422 W IMGMemtrackHAL: getMemoryRecords:543 Failed to read dmabuf fd references for pid 1548
09-30 05:54:46.370 422 422 E android.hardware.memtrack-service.img: Failed to open /proc/1176/fdinfo directory: No such file or directory
09-30 05:54:46.370 422 422 W IMGMemtrackHAL: getMemoryRecords:543 Failed to read dmabuf fd references for pid 1176
09-30 05:54:46.380 422 422 E android.hardware.memtrack-service.img: Failed to open /proc/1484/fdinfo directory: No such file or directory
09-30 05:54:46.380 422 422 W IMGMemtrackHAL: getMemoryRecords:543 Failed to read dmabuf fd references for pid 1484
09-30 05:54:46.391 422 422 E android.hardware.memtrack-service.img: Failed to open /proc/892/fdinfo directory: No such file or directory
09-30 05:54:46.391 422 422 W IMGMemtrackHAL: getMemoryRecords:543 Failed to read dmabuf fd references for pid 892
09-30 05:54:46.403 422 422 E android.hardware.memtrack-service.img: Failed to open /proc/890/fdinfo directory: No such file or directory
09-30 05:54:46.403 422 422 W IMGMemtrackHAL: getMemoryRecords:543 Failed to read dmabuf fd references for pid 890
09-30 05:54:46.593 479 479 I adbd : UsbFfs: offline
09-30 05:54:46.599 479 479 I adbd : authentication not required
09-30 05:54:46.644 1760 1760 I getprop : type=1400 audit(0.0:941): avc: denied { open } for path="/dev/__properties__/u:object_r:aac_drc_prop:s0" dev="tmpfs" ino=37 scontext=u:r:shell:s0 tcontext=u:object_r:aac_drc_prop:s0 tclass=file permissive=1
09-30 05:54:46.644 1760 1760 I getprop : type=1400 audit(0.0:942): avc: denied { getattr } for path="/dev/__properties__/u:object_r:aac_drc_prop:s0" dev="tmpfs" ino=37 scontext=u:r:shell:s0 tcontext=u:object_r:aac_drc_prop:s0 tclass=file permissive=1
09-30 05:54:46.644 1760 1760 I getprop : type=1400 audit(0.0:943): avc: denied { map } for path="/dev/__properties__/u:object_r:aac_drc_prop:s0" dev="tmpfs" ino=37 scontext=u:r:shell:s0 tcontext=u:object_r:aac_drc_prop:s0 tclass=file permissive=1
09-30 05:54:46.644 1760 1760 I getprop : type=1400 audit(0.0:944): avc: denied { open } for path="/dev/__properties__/u:object_r:ab_update_gki_prop:s0" dev="tmpfs" ino=39 scontext=u:r:shell:s0 tcontext=u:object_r:ab_update_gki_prop:s0 tclass=file permissive=1
09-30 05:54:46.644 1760 1760 I getprop : type=1400 audit(0.0:945): avc: denied { getattr } for path="/dev/__properties__/u:object_r:ab_update_gki_prop:s0" dev="tmpfs" ino=39 scontext=u:r:shell:s0 tcontext=u:object_r:ab_update_gki_prop:s0 tclass=file permissive=1
09-30 05:54:46.644 1760 1760 I getprop : type=1400 audit(0.0:946): avc: denied { map } for path="/dev/__properties__/u:object_r:ab_update_gki_prop:s0" dev="tmpfs" ino=39 scontext=u:r:shell:s0 tcontext=u:object_r:ab_update_gki_prop:s0 tclass=file permissive=1
09-30 05:54:46.644 1760 1760 I getprop : type=1400 audit(0.0:947): avc: denied { open } for path="/dev/__properties__/u:object_r:adbd_prop:s0" dev="tmpfs" ino=41 scontext=u:r:shell:s0 tcontext=u:object_r:adbd_prop:s0 tclass=file permissive=1
09-30 05:54:46.644 1760 1760 I getprop : type=1400 audit(0.0:948): avc: denied { getattr } for path="/dev/__properties__/u:object_r:adbd_prop:s0" dev="tmpfs" ino=41 scontext=u:r:shell:s0 tcontext=u:object_r:adbd_prop:s0 tclass=file permissive=1
09-30 05:54:46.644 1760 1760 I getprop : type=1400 audit(0.0:949): avc: denied { map } for path="/dev/__properties__/u:object_r:adbd_prop:s0" dev="tmpfs" ino=41 scontext=u:r:shell:s0 tcontext=u:object_r:adbd_prop:s0 tclass=file permissive=1
09-30 05:54:58.111 527 581 I DropBoxManagerService: add tag=system_server_strictmode isTagEnabled=true flags=0x2
09-30 05:54:58.114 527 581 I DropBoxManagerService: add tag=system_server_strictmode isTagEnabled=true flags=0x2
09-30 05:54:58.116 527 581 I DropBoxManagerService: add tag=system_server_strictmode isTagEnabled=true flags=0x2
09-30 05:54:58.118 527 581 I DropBoxManagerService: add tag=system_server_strictmode isTagEnabled=true flags=0x2
09-30 05:54:58.120 527 581 I DropBoxManagerService: add tag=system_server_strictmode isTagEnabled=true flags=0x2
09-30 05:54:58.122 527 581 I DropBoxManagerService: add tag=system_server_strictmode isTagEnabled=true flags=0x2
09-30 05:54:58.123 527 581 I DropBoxManagerService: add tag=system_server_strictmode isTagEnabled=true flags=0x2
09-30 05:54:58.125 527 581 I DropBoxManagerService: add tag=system_server_strictmode isTagEnabled=true flags=0x2
09-30 05:54:58.127 527 581 I DropBoxManagerService: add tag=system_server_strictmode isTagEnabled=true flags=0x2
09-30 05:55:00.325 527 978 I ActivityManager: Force stopping com.example.myapplication appid=10073 user=0: from pid 1766
09-30 05:55:00.331 892 892 E PhoneInterfaceManager: [PhoneIntfMgr] getCarrierPackageNamesForIntentAndPhone: No UICC
09-30 05:55:00.331 892 892 D CarrierSvcBindHelper: No carrier app for: 0
09-30 05:55:01.795 527 650 W RuleEvaluation: Integrity rule files are not available.
09-30 05:55:01.797 527 610 I PackageManager: Integrity check passed for file:///data/app/vmdl188723932.tmp
09-30 05:55:01.813 527 610 W PackageManager: Package com.example.myapplication signatures do not match previously installed version; ignoring!
09-30 05:55:01.815 454 462 E installd: Couldn't opendir /data/app/vmdl188723932.tmp: No such file or directory
09-30 05:55:01.815 454 462 E installd: Failed to delete /data/app/vmdl188723932.tmp: No such file or directory
09-30 05:55:01.821 1773 1773 E studio.deploy: Failure [INSTALL_FAILED_UPDATE_INCOMPATIBLE: Package com.example.myapplication signatures do not match previously installed version; ignoring!]
09-30 05:55:05.252 527 588 I ActivityManager: Force stopping com.example.myapplication appid=10073 user=-1: deletePackageX
09-30 05:55:05.351 527 610 D PackageManager: Instant App installer not found with android.intent.action.INSTALL_INSTANT_APP_PACKAGE
09-30 05:55:05.351 527 610 D PackageManager: Clear ephemeral installer activity
09-30 05:55:05.356 527 1220 E TaskPersister: File error accessing recents directory (directory doesn't exist?).
09-30 05:55:05.549 527 610 I system_server: Explicit concurrent copying GC freed 43992(2215KB) AllocSpace objects, 12(368KB) LOS objects, 17% free, 9599KB/11MB, paused 456us total 194.044ms
09-30 05:55:05.549 527 537 I system_server: WaitForGcToComplete blocked Background on Explicit for 190.174ms
09-30 05:55:05.568 527 610 I ActivityManager: Force stopping com.example.myapplication appid=10073 user=0: pkg removed
09-30 05:55:05.597 527 581 I DropBoxManagerService: add tag=system_server_strictmode isTagEnabled=true flags=0x2
09-30 05:55:05.605 527 1220 E TaskPersister: File error accessing recents directory (directory doesn't exist?).
09-30 05:55:05.607 527 579 D CompanionDeviceManagerService: onPackageRemoved(packageName = com.example.myapplication, uid = 10073)
09-30 05:55:05.607 1245 1245 I MediaProvider: Invalidating LocalCallingIdentity cache for package com.example.myapplication. Reason: package android.intent.action.PACKAGE_REMOVED
09-30 05:55:05.609 527 579 I CompanionDeviceManagerService: Updating associations: [] --> []
09-30 05:55:05.613 527 652 V StorageManagerService: Package com.example.myapplication does not have legacy storage
09-30 05:55:05.623 527 642 I RoleService: Granting default roles...
09-30 05:55:05.622 892 892 E PhoneInterfaceManager: [PhoneIntfMgr] getCarrierPackageNamesForIntentAndPhone: No UICC
09-30 05:55:05.623 892 892 D CarrierSvcBindHelper: No carrier app for: 0
09-30 05:55:05.627 527 588 W BroadcastQueue: Background execution not allowed: receiving Intent { act=android.intent.action.PACKAGE_REMOVED dat=package:com.example.myapplication flg=0x4000010 (has extras) } to com.android.gallery3d/.app.PackagesMonitor
09-30 05:55:05.638 527 527 D CompatibilityChangeReporter: Compat change id reported: 135634846; UID 1000; state: DISABLED
09-30 05:55:05.640 527 527 D CompatibilityChangeReporter: Compat change id reported: 177438394; UID 1000; state: DISABLED
09-30 05:55:05.640 527 527 D CompatibilityChangeReporter: Compat change id reported: 135772972; UID 1000; state: DISABLED
09-30 05:55:05.640 527 527 D CompatibilityChangeReporter: Compat change id reported: 135754954; UID 1000; state: ENABLED
09-30 05:55:05.649 527 636 I RollbackManager: broadcast=ACTION_PACKAGE_FULLY_REMOVED pkg=com.example.myapplication
09-30 05:55:05.651 527 527 W WifiService: Couldn't get PackageInfo for package:com.example.myapplication
09-30 05:55:05.652 527 527 D WifiService: Remove settings for package:com.example.myapplication
09-30 05:55:05.653 527 658 D WifiConfigManager: Remove all networks for app ApplicationInfo{2865688 com.example.myapplication}
09-30 05:55:05.654 527 647 I InputReader: Reconfiguring input devices, changes=KEYBOARD_LAYOUTS |
09-30 05:55:05.655 527 527 I GameManagerService: Disabling downscale for com.example.myapplication
09-30 05:55:05.673 385 385 I netd : trafficSetNetPermForUids(-1, [10073]) <0.06ms>
09-30 05:55:05.676 389 389 D Zygote : Forked child process 1804
09-30 05:55:05.677 527 588 D CompatibilityChangeReporter: Compat change id reported: 135634846; UID 10018; state: DISABLED
09-30 05:55:05.677 527 588 D CompatibilityChangeReporter: Compat change id reported: 177438394; UID 10018; state: DISABLED
09-30 05:55:05.677 527 588 D CompatibilityChangeReporter: Compat change id reported: 135772972; UID 10018; state: DISABLED
09-30 05:55:05.678 527 588 D CompatibilityChangeReporter: Compat change id reported: 135754954; UID 10018; state: ENABLED
09-30 05:55:05.685 527 527 I Telecom : CarModeTracker: Package com.example.myapplication is not tracked.: SSH.oR@ABc
09-30 05:55:05.688 527 527 I Telecom : InCallController: updateCarModeForConnections: car mode apps: : SSH.oR@ABc
09-30 05:55:05.690 1804 1804 I Zygote : seccomp disabled by setenforce 0
09-30 05:55:05.694 527 642 D CompatibilityChangeReporter: Compat change id reported: 168419799; UID 10065; state: DISABLED
09-30 05:55:05.708 527 589 W ActivityManager: Slow operation: 71ms so far, now at startProcess: done updating battery stats
09-30 05:55:05.709 527 589 W ActivityManager: Slow operation: 71ms so far, now at startProcess: building log message
09-30 05:55:05.709 527 589 I ActivityManager: Start proc 1804:com.android.keychain/1000 for service {com.android.keychain/com.android.keychain.KeyChainService}
09-30 05:55:05.709 527 589 W ActivityManager: Slow operation: 72ms so far, now at startProcess: starting to update pids map
09-30 05:55:05.718 527 658 D WifiConfigStore: Writing to stores completed in 57 ms.
09-30 05:55:05.719 527 658 I PasspointManager: No app ops listener found for com.example.myapplication
09-30 05:55:05.725 527 589 W ActivityManager: Slow operation: 88ms so far, now at startProcess: done updating pids map
09-30 05:55:05.725 479 489 I adbd : jdwp connection from 1804
09-30 05:55:05.728 527 589 D CompatibilityChangeReporter: Compat change id reported: 143937733; UID 10018; state: ENABLED
09-30 05:55:05.741 527 527 I ConditionProviders: Disallowing condition provider com.example.myapplication (userSet: true)
09-30 05:55:05.757 527 655 W BestClock: java.time.DateTimeException: Missing NTP fix
09-30 05:55:05.762 389 389 D Zygote : Forked child process 1822
09-30 05:55:05.763 527 589 W ActivityManager: Slow operation: 88ms so far, now at startProcess: returned from zygote!
09-30 05:55:05.769 527 527 W WifiService: Couldn't get PackageInfo for package:com.example.myapplication
09-30 05:55:05.775 527 587 I CompanionDeviceManagerService: Writing associations to disk: []
09-30 05:55:05.777 527 589 W ActivityManager: Slow operation: 99ms so far, now at startProcess: done updating battery stats
09-30 05:55:05.777 527 589 W ActivityManager: Slow operation: 102ms so far, now at startProcess: building log message
09-30 05:55:05.777 527 589 I ActivityManager: Start proc 1822:com.android.documentsui/u0a18 for broadcast {com.android.documentsui/com.android.documentsui.PackageReceiver}
09-30 05:55:05.777 527 589 W ActivityManager: Slow operation: 102ms so far, now at startProcess: starting to update pids map
09-30 05:55:05.781 527 589 W ActivityManager: Slow operation: 106ms so far, now at startProcess: done updating pids map
09-30 05:55:05.784 527 527 D WifiService: Remove settings for package:com.example.myapplication
09-30 05:55:05.787 527 658 D WifiConfigManager: Remove all networks for app ApplicationInfo{664393 com.example.myapplication}
09-30 05:55:05.787 1822 1822 I Zygote : seccomp disabled by setenforce 0
09-30 05:55:05.788 385 385 I netd : trafficSwapActiveStatsMap() <30.62ms>
09-30 05:55:05.793 385 385 I netd : tetherGetStats() -> {[]} <2.65ms>
09-30 05:55:05.802 527 655 W BestClock: java.time.DateTimeException: Missing NTP fix
09-30 05:55:05.808 527 658 D WifiConfigStore: Writing to stores completed in 12 ms.
09-30 05:55:05.809 527 658 I PasspointManager: No app ops listener found for com.example.myapplication
09-30 05:55:05.815 479 489 I adbd : jdwp connection from 1822
09-30 05:55:05.835 1074 1074 D Launcher.Model: package removed received com.example.myapplication
09-30 05:55:05.842 1074 1115 D PackageUpdatedTask: Removing app iconcom.example.myapplication
09-30 05:55:05.859 1074 1115 D ModelWriter: removing items from db
09-30 05:55:05.859 1074 1115 D ModelWriter: java.lang.Exception
09-30 05:55:05.859 1074 1115 D ModelWriter: at com.android.launcher3.model.ModelWriter.deleteItemsFromDatabase(ModelWriter.java:275)
09-30 05:55:05.859 1074 1115 D ModelWriter: at com.android.launcher3.model.ModelWriter.deleteItemsFromDatabase(ModelWriter.java:263)
09-30 05:55:05.859 1074 1115 D ModelWriter: at com.android.launcher3.model.BaseModelUpdateTask.deleteAndBindComponentsRemoved(BaseModelUpdateTask.java:132)
09-30 05:55:05.859 1074 1115 D ModelWriter: at com.android.launcher3.model.PackageUpdatedTask.execute(PackageUpdatedTask.java:346)
09-30 05:55:05.859 1074 1115 D ModelWriter: at com.android.launcher3.model.BaseModelUpdateTask.run(BaseModelUpdateTask.java:72)
09-30 05:55:05.859 1074 1115 D ModelWriter: at android.os.Handler.handleCallback(Handler.java:938)
09-30 05:55:05.859 1074 1115 D ModelWriter: at android.os.Handler.dispatchMessage(Handler.java:99)
09-30 05:55:05.859 1074 1115 D ModelWriter: at android.os.Looper.loopOnce(Looper.java:201)
09-30 05:55:05.859 1074 1115 D ModelWriter: at android.os.Looper.loop(Looper.java:288)
09-30 05:55:05.859 1074 1115 D ModelWriter: at android.os.HandlerThread.run(HandlerThread.java:67)
09-30 05:55:05.866 527 978 W ActivityManager: Slow operation: 62ms so far, now at attachApplicationLocked: immediately after bindApplication
09-30 05:55:05.866 527 978 W ActivityManager: Slow operation: 63ms so far, now at attachApplicationLocked: after updateLruProcessLocked
09-30 05:55:05.872 527 537 I system_server: Background young concurrent copying GC freed 22394(1810KB) AllocSpace objects, 13(708KB) LOS objects, 14% free, 9907KB/11MB, paused 2.262ms total 214.178ms
09-30 05:55:05.890 1606 1810 W Role : Cannot get ApplicationInfo for default holder: com.android.messaging
09-30 05:55:05.927 527 978 W ActivityManager: Slow operation: 123ms so far, now at attachApplicationLocked: after mServices.attachApplicationLocked
09-30 05:55:05.932 1804 1804 D CompatibilityChangeReporter: Compat change id reported: 171979766; UID 1000; state: ENABLED
09-30 05:55:05.960 527 577 D CompatibilityChangeReporter: Compat change id reported: 168419799; UID 10018; state: DISABLED
09-30 05:55:06.000 527 656 W BestClock: java.time.DateTimeException: Missing NTP fix
09-30 05:55:06.003 527 656 W BestClock: java.time.DateTimeException: Missing NTP fix
09-30 05:55:06.006 1822 1822 D CompatibilityChangeReporter: Compat change id reported: 171979766; UID 10018; state: DISABLED
09-30 05:55:06.044 1804 1804 V GraphicsEnvironment: ANGLE Developer option for 'com.android.keychain' set to: 'default'
09-30 05:55:06.044 1804 1804 V GraphicsEnvironment: Neither updatable production driver nor prerelease driver is supported.
09-30 05:55:06.048 1804 1804 D NetworkSecurityConfig: No Network Security Config specified, using platform default
09-30 05:55:06.050 1804 1804 D NetworkSecurityConfig: No Network Security Config specified, using platform default
09-30 05:55:06.149 1822 1822 V GraphicsEnvironment: ANGLE Developer option for 'com.android.documentsui' set to: 'default'
09-30 05:55:06.150 1822 1822 V GraphicsEnvironment: Neither updatable production driver nor prerelease driver is supported.
09-30 05:55:06.153 1822 1822 D NetworkSecurityConfig: No Network Security Config specified, using platform default
09-30 05:55:06.154 1822 1822 D NetworkSecurityConfig: No Network Security Config specified, using platform default
09-30 05:55:06.253 1822 1822 E StrictMode: Tried to access the API:LayoutInflater which needs to have proper configuration from a non-UI Context:com.android.documentsui.DocumentsApplication@b3ec0d5 The API:LayoutInflater needs a proper configuration. Use UI contexts such as an activity or a context created via createWindowContext(Display, int, Bundle) or createConfigurationContext(Configuration) with a proper configuration.
09-30 05:55:06.253 1822 1822 E StrictMode: java.lang.IllegalAccessException: Tried to access the API:LayoutInflater which needs to have proper configuration from a non-UI Context:com.android.documentsui.DocumentsApplication@b3ec0d5
09-30 05:55:06.253 1822 1822 E StrictMode: at android.os.StrictMode.assertConfigurationContext(StrictMode.java:2296)
09-30 05:55:06.253 1822 1822 E StrictMode: at android.view.LayoutInflater.(LayoutInflater.java:260)
09-30 05:55:06.253 1822 1822 E StrictMode: at com.android.internal.policy.PhoneLayoutInflater.(PhoneLayoutInflater.java:44)
09-30 05:55:06.253 1822 1822 E StrictMode: at android.app.SystemServiceRegistry$33.createService(SystemServiceRegistry.java:534)
09-30 05:55:06.253 1822 1822 E StrictMode: at android.app.SystemServiceRegistry$33.createService(SystemServiceRegistry.java:531)
09-30 05:55:06.253 1822 1822 E StrictMode: at android.app.SystemServiceRegistry$CachedServiceFetcher.getService(SystemServiceRegistry.java:1848)
09-30 05:55:06.253 1822 1822 E StrictMode: at android.app.SystemServiceRegistry.getSystemService(SystemServiceRegistry.java:1525)
09-30 05:55:06.253 1822 1822 E StrictMode: at android.app.ContextImpl.getSystemService(ContextImpl.java:2064)
09-30 05:55:06.253 1822 1822 E StrictMode: at android.content.ContextWrapper.getSystemService(ContextWrapper.java:857)
09-30 05:55:06.253 1822 1822 E StrictMode: at android.view.LayoutInflater.from(LayoutInflater.java:288)
09-30 05:55:06.253 1822 1822 E StrictMode: at com.android.documentsui.DragShadowBuilder.(DragShadowBuilder.java:49)
09-30 05:55:06.253 1822 1822 E StrictMode: at com.android.documentsui.DragAndDropManager$RuntimeDragAndDropManager.(DragAndDropManager.java:195)
09-30 05:55:06.253 1822 1822 E StrictMode: at com.android.documentsui.DragAndDropManager$RuntimeDragAndDropManager.(DragAndDropManager.java:166)
09-30 05:55:06.253 1822 1822 E StrictMode: at com.android.documentsui.DragAndDropManager.create(DragAndDropManager.java:163)
09-30 05:55:06.253 1822 1822 E StrictMode: at com.android.documentsui.DocumentsApplication.onCreate(DocumentsApplication.java:145)
09-30 05:55:06.253 1822 1822 E StrictMode: at android.app.Instrumentation.callApplicationOnCreate(Instrumentation.java:1211)
09-30 05:55:06.253 1822 1822 E StrictMode: at android.app.ActivityThread.handleBindApplication(ActivityThread.java:6728)
09-30 05:55:06.253 1822 1822 E StrictMode: at android.app.ActivityThread.access$1500(ActivityThread.java:247)
09-30 05:55:06.253 1822 1822 E StrictMode: at android.app.ActivityThread$H.handleMessage(ActivityThread.java:2057)
09-30 05:55:06.253 1822 1822 E StrictMode: at android.os.Handler.dispatchMessage(Handler.java:106)
09-30 05:55:06.253 1822 1822 E StrictMode: at android.os.Looper.loopOnce(Looper.java:201)
09-30 05:55:06.253 1822 1822 E StrictMode: at android.os.Looper.loop(Looper.java:288)
09-30 05:55:06.253 1822 1822 E StrictMode: at android.app.ActivityThread.main(ActivityThread.java:7842)
09-30 05:55:06.253 1822 1822 E StrictMode: at java.lang.reflect.Method.invoke(Native Method)
09-30 05:55:06.253 1822 1822 E StrictMode: at com.android.internal.os.RuntimeInit$MethodAndArgsCaller.run(RuntimeInit.java:548)
