09-30 05:55:47.351 527 646 I InputDispatcher: Dropping event because there is no touchable window or gesture monitor at (1202, 811) in display 0.
09-30 05:55:47.408 527 646 I InputDispatcher: Dropping event because there is no touchable window or gesture monitor at (1201, 811) in display 0.
09-30 05:55:47.414 527 646 I InputDispatcher: Dropping event because there is no touchable window or gesture monitor at (1199, 812) in display 0.
09-30 05:55:47.421 527 646 I InputDispatcher: Dropping event because there is no touchable window or gesture monitor at (1198, 813) in display 0.
09-30 05:55:47.429 527 646 I InputDispatcher: Dropping event because there is no touchable window or gesture monitor at (1197, 814) in display 0.
09-30 05:55:47.438 527 646 I InputDispatcher: Dropping event because there is no touchable window or gesture monitor at (1196, 815) in display 0.
09-30 05:55:47.445 527 646 I InputDispatcher: Dropping event because there is no touchable window or gesture monitor at (1196, 816) in display 0.
09-30 05:55:47.454 527 646 I InputDispatcher: Dropping event because there is no touchable window or gesture monitor at (1195, 817) in display 0.
09-30 05:55:47.471 527 646 I InputDispatcher: Dropping event because there is no touchable window or gesture monitor at (1194, 818) in display 0.
09-30 05:55:47.488 527 646 I InputDispatcher: Dropping event because there is no touchable window or gesture monitor at (1193, 819) in display 0.
09-30 05:55:47.502 527 646 I InputDispatcher: Dropping event because there is no touchable window or gesture monitor at (1191, 820) in display 0.
09-30 05:55:47.503 527 646 I InputDispatcher: Dropping event because there is no touchable window or gesture monitor at (1189, 821) in display 0.
09-30 05:55:47.512 527 646 I InputDispatcher: Dropping event because there is no touchable window or gesture monitor at (1185, 821) in display 0.
09-30 05:55:47.518 527 646 I InputDispatcher: Dropping event because there is no touchable window or gesture monitor at (1180, 822) in display 0.
09-30 05:55:47.529 527 646 I InputDispatcher: Dropping event because there is no touchable window or gesture monitor at (1176, 824) in display 0.
09-30 05:55:47.550 527 646 I InputDispatcher: Dropping event because there is no touchable window or gesture monitor at (1173, 825) in display 0.
09-30 05:55:47.551 527 646 I InputDispatcher: Dropping event because there is no touchable window or gesture monitor at (1168, 826) in display 0.
09-30 05:55:47.552 527 646 I InputDispatcher: Dropping event because there is no touchable window or gesture monitor at (1164, 828) in display 0.
09-30 05:55:47.560 527 646 I InputDispatcher: Dropping event because there is no touchable window or gesture monitor at (1162, 830) in display 0.
09-30 05:55:47.565 527 646 I InputDispatcher: Dropping event because there is no touchable window or gesture monitor at (1160, 830) in display 0.
09-30 05:55:47.575 527 646 I InputDispatcher: Dropping event because there is no touchable window or gesture monitor at (1159, 831) in display 0.
09-30 05:55:47.585 527 646 I InputDispatcher: Dropping event because there is no touchable window or gesture monitor at (1158, 831) in display 0.
09-30 05:55:47.588 527 646 I InputDispatcher: Dropping event because there is no touchable window or gesture monitor at (1157, 832) in display 0.
09-30 05:55:47.608 527 646 I InputDispatcher: Dropping event because there is no touchable window or gesture monitor at (1157, 833) in display 0.
09-30 05:55:47.631 527 646 I InputDispatcher: Dropping event because there is no touchable window or gesture monitor at (1156, 833) in display 0.
09-30 05:55:47.645 527 646 I InputDispatcher: Dropping event because there is no touchable window or gesture monitor at (1156, 834) in display 0.
09-30 05:55:47.704 527 646 I InputDispatcher: Dropping event because there is no touchable window or gesture monitor at (1156, 835) in display 0.
09-30 05:55:47.797 527 646 I InputDispatcher: Dropping event because there is no touchable window or gesture monitor at (1154, 830) in display 0.
09-30 05:55:47.804 527 646 I InputDispatcher: Dropping event because there is no touchable window or gesture monitor at (1152, 826) in display 0.
09-30 05:55:47.818 527 646 I InputDispatcher: Dropping event because there is no touchable window or gesture monitor at (1148, 824) in display 0.
09-30 05:55:47.820 527 646 I InputDispatcher: Dropping event because there is no touchable window or gesture monitor at (1142, 820) in display 0.
09-30 05:55:47.830 527 646 I InputDispatcher: Dropping event because there is no touchable window or gesture monitor at (1136, 819) in display 0.
09-30 05:55:47.837 527 646 I InputDispatcher: Dropping event because there is no touchable window or gesture monitor at (1130, 816) in display 0.
09-30 05:55:47.848 527 646 I InputDispatcher: Dropping event because there is no touchable window or gesture monitor at (1122, 814) in display 0.
09-30 05:55:47.854 527 646 I InputDispatcher: Dropping event because there is no touchable window or gesture monitor at (1116, 813) in display 0.
09-30 05:55:47.868 527 646 I InputDispatcher: Dropping event because there is no touchable window or gesture monitor at (1114, 812) in display 0.
09-30 05:55:47.872 527 646 I InputDispatcher: Dropping event because there is no touchable window or gesture monitor at (1112, 811) in display 0.
09-30 05:55:47.878 527 646 I InputDispatcher: Dropping event because there is no touchable window or gesture monitor at (1111, 811) in display 0.
09-30 05:55:47.917 527 646 I InputDispatcher: Dropping event because there is no touchable window or gesture monitor at (1110, 811) in display 0.
09-30 05:55:47.935 1932 1966 I OpenGLRenderer: Davey! duration=1633ms; Flags=1, FrameTimelineVsyncId=2684, IntendedVsync=389631019433, Vsync=390647686059, InputEventId=0, HandleInputStart=390651514825, AnimationStart=390652374845, PerformTraversalsStart=390672481045, DrawStart=391057905010, FrameDeadline=389647686099, FrameInterval=390649441220, FrameStartTime=16666666, SyncQueued=391220880985, SyncStart=391290914700, IssueDrawCommandsStart=391291464505, SwapBuffers=391299251590, FrameCompleted=391334130490, DequeueBufferDuration=0, QueueBufferDuration=4482135, GpuCompleted=391334130490, SwapBuffersCompleted=391305026580, DisplayPresentTime=0,
09-30 05:55:47.936 527 646 I InputDispatcher: Dropping event because there is no touchable window or gesture monitor at (1102, 814) in display 0.
09-30 05:55:47.937 527 646 I InputDispatcher: Dropping event because there is no touchable window or gesture monitor at (1094, 818) in display 0.
09-30 05:55:47.940 527 646 I InputDispatcher: Dropping event because there is no touchable window or gesture monitor at (1082, 826) in display 0.
09-30 05:55:47.946 1932 1932 I Choreographer: Skipped 43 frames! The application may be doing too much work on its main thread.
09-30 05:55:47.950 527 646 I InputDispatcher: Dropping event because there is no touchable window or gesture monitor at (1072, 834) in display 0.
09-30 05:55:47.958 527 646 I InputDispatcher: Dropping event because there is no touchable window or gesture monitor at (1065, 843) in display 0.
09-30 05:55:47.970 527 646 I InputDispatcher: Dropping event because there is no touchable window or gesture monitor at (1058, 850) in display 0.
09-30 05:55:47.973 527 646 I InputDispatcher: Dropping event because there is no touchable window or gesture monitor at (1051, 857) in display 0.
09-30 05:55:47.980 527 579 I ActivityTaskManager: Displayed com.example.myapplication/.TestPage2: +2s509ms
09-30 05:55:47.983 527 646 I InputDispatcher: Dropping event because there is no touchable window or gesture monitor at (1047, 863) in display 0.
09-30 05:55:47.989 527 646 I InputDispatcher: Dropping event because there is no touchable window or gesture monitor at (1044, 868) in display 0.
09-30 05:55:47.999 1932 1966 I OpenGLRenderer: Davey! duration=1761ms; Flags=1, FrameTimelineVsyncId=2684, IntendedVsync=389631019433, Vsync=390647686059, InputEventId=0, HandleInputStart=390651514825, AnimationStart=390652374845, PerformTraversalsStart=390672481045, DrawStart=391338966715, FrameDeadline=389664352765, FrameInterval=390649441220, FrameStartTime=16666666, SyncQueued=391350789515, SyncStart=391351252115, IssueDrawCommandsStart=391352954065, SwapBuffers=391361626690, FrameCompleted=391392527560, DequeueBufferDuration=164840, QueueBufferDuration=8132435, GpuCompleted=391392527560, SwapBuffersCompleted=391373468455, DisplayPresentTime=0,
09-30 05:55:48.001 527 646 I InputDispatcher: Dropping event because there is no touchable window or gesture monitor at (1040, 872) in display 0.
09-30 05:55:48.004 527 646 I InputDispatcher: Dropping event because there is no touchable window or gesture monitor at (1039, 876) in display 0.
09-30 05:55:48.140 1932 1966 I OpenGLRenderer: Davey! duration=805ms; Flags=0, FrameTimelineVsyncId=2785, IntendedVsync=390680801558, Vsync=391397468196, InputEventId=0, HandleInputStart=391403671375, AnimationStart=391403691060, PerformTraversalsStart=391415471565, DrawStart=391418040360, FrameDeadline=390714134890, FrameInterval=391402138955, FrameStartTime=16666666, SyncQueued=391426239495, SyncStart=391462317800, IssueDrawCommandsStart=391462697000, SwapBuffers=391475139220, FrameCompleted=391521975660, DequeueBufferDuration=0, QueueBufferDuration=3130815, GpuCompleted=391521975660, SwapBuffersCompleted=391480705770, DisplayPresentTime=0,
09-30 05:55:48.142 479 479 I adbd : UsbFfs: offline
09-30 05:55:48.144 479 479 I adbd : authentication not required
09-30 05:55:48.146 1629 1636 W viders.calenda: Closing connection to broken client.
09-30 05:55:48.580 2145 2145 I getprop : type=1400 audit(0.0:2853): avc: denied { open } for path="/dev/__properties__/u:object_r:audio_config_prop:s0" dev="tmpfs" ino=46 scontext=u:r:shell:s0 tcontext=u:object_r:audio_config_prop:s0 tclass=file permissive=1
09-30 05:55:48.632 2145 2145 I getprop : type=1400 audit(0.0:2854): avc: denied { getattr } for path="/dev/__properties__/u:object_r:audio_config_prop:s0" dev="tmpfs" ino=46 scontext=u:r:shell:s0 tcontext=u:object_r:audio_config_prop:s0 tclass=file permissive=1
09-30 05:55:48.632 2145 2145 I getprop : type=1400 audit(0.0:2855): avc: denied { map } for path="/dev/__properties__/u:object_r:audio_config_prop:s0" dev="tmpfs" ino=46 scontext=u:r:shell:s0 tcontext=u:object_r:audio_config_prop:s0 tclass=file permissive=1
09-30 05:55:48.816 527 1220 E TaskPersister: File error accessing recents directory (directory doesn't exist?).
09-30 05:55:48.660 2145 2145 I getprop : type=1400 audit(0.0:2856): avc: denied { open } for path="/dev/__properties__/u:object_r:ctl_sigstop_prop:s0" dev="tmpfs" ino=97 scontext=u:r:shell:s0 tcontext=u:object_r:ctl_sigstop_prop:s0 tclass=file permissive=1
09-30 05:55:48.660 2145 2145 I getprop : type=1400 audit(0.0:2857): avc: denied { getattr } for path="/dev/__properties__/u:object_r:ctl_sigstop_prop:s0" dev="tmpfs" ino=97 scontext=u:r:shell:s0 tcontext=u:object_r:ctl_sigstop_prop:s0 tclass=file permissive=1
09-30 05:55:49.135 807 807 D ViewRootImpl[NavigationBar0]: updatePointerIcon called with position out of bounds
09-30 05:55:49.144 479 479 W adbd : timeout expired while flushing socket, closing
09-30 05:55:49.201 422 422 E android.hardware.memtrack-service.img: Failed to open /proc/1822/fdinfo directory: No such file or directory
09-30 05:55:49.201 422 422 W IMGMemtrackHAL: getMemoryRecords:543 Failed to read dmabuf fd references for pid 1822
09-30 05:55:49.355 527 629 I ActivityTaskManager: START u0 {cmp=com.example.myapplication/.MainActivity} from uid 10074
09-30 05:55:49.443 1932 1932 D TestPage2: onClick: onPause 1: 1664517349443
09-30 05:55:49.447 1932 1932 D TestPage2: onClick: onPause 2: 1664517349447
09-30 05:55:49.451 527 629 W ActivityTaskManager: Tried to set launchTime (0) < mLastActivityLaunchTime (389513)
09-30 05:55:49.577 1932 1932 D MainActivity: onClick: onCreate 1: 1664517349577
09-30 05:55:49.836 527 646 I InputDispatcher: Dropping event because there is no touchable window or gesture monitor at (1613, 172) in display 0.
09-30 05:55:49.845 527 646 I InputDispatcher: Dropping event because there is no touchable window or gesture monitor at (1598, 182) in display 0.
09-30 05:55:49.862 527 646 I InputDispatcher: Dropping event because there is no touchable window or gesture monitor at (1592, 187) in display 0.
09-30 05:55:49.863 527 646 I InputDispatcher: Dropping event because there is no touchable window or gesture monitor at (1579, 199) in display 0.
09-30 05:55:49.868 527 646 I InputDispatcher: Dropping event because there is no touchable window or gesture monitor at (1564, 212) in display 0.
09-30 05:55:49.876 527 646 I InputDispatcher: Dropping event because there is no touchable window or gesture monitor at (1543, 230) in display 0.
09-30 05:55:49.893 527 646 I InputDispatcher: Dropping event because there is no touchable window or gesture monitor at (1521, 250) in display 0.
09-30 05:55:49.893 527 646 I InputDispatcher: Dropping event because there is no touchable window or gesture monitor at (1497, 274) in display 0.
09-30 05:55:49.901 527 646 I InputDispatcher: Dropping event because there is no touchable window or gesture monitor at (1465, 306) in display 0.
09-30 05:55:49.917 1932 1932 D MainActivity: onClick: onCreate 2: 1664517349916
09-30 05:55:49.933 527 646 I InputDispatcher: Dropping event because there is no touchable window or gesture monitor at (1431, 343) in display 0.
09-30 05:55:49.933 527 646 I InputDispatcher: Dropping event because there is no touchable window or gesture monitor at (1403, 373) in display 0.
09-30 05:55:49.933 527 646 I InputDispatcher: Dropping event because there is no touchable window or gesture monitor at (1377, 402) in display 0.
09-30 05:55:49.933 527 646 I InputDispatcher: Dropping event because there is no touchable window or gesture monitor at (1351, 430) in display 0.
09-30 05:55:49.954 527 646 I InputDispatcher: Dropping event because there is no touchable window or gesture monitor at (1334, 463) in display 0.
09-30 05:55:49.971 527 646 I InputDispatcher: Dropping event because there is no touchable window or gesture monitor at (1316, 490) in display 0.
09-30 05:55:49.981 527 646 I InputDispatcher: Dropping event because there is no touchable window or gesture monitor at (1303, 519) in display 0.
09-30 05:55:49.981 527 646 I InputDispatcher: Dropping event because there is no touchable window or gesture monitor at (1288, 544) in display 0.
09-30 05:55:49.983 527 646 I InputDispatcher: Dropping event because there is no touchable window or gesture monitor at (1278, 565) in display 0.
09-30 05:55:49.983 527 646 I InputDispatcher: Dropping event because there is no touchable window or gesture monitor at (1273, 584) in display 0.
09-30 05:55:49.997 527 646 I InputDispatcher: Dropping event because there is no touchable window or gesture monitor at (1267, 601) in display 0.
09-30 05:55:49.999 527 646 I InputDispatcher: Dropping event because there is no touchable window or gesture monitor at (1266, 616) in display 0.
09-30 05:55:50.017 527 646 I InputDispatcher: Dropping event because there is no touchable window or gesture monitor at (1266, 629) in display 0.
09-30 05:55:50.018 527 646 I InputDispatcher: Dropping event because there is no touchable window or gesture monitor at (1266, 639) in display 0.
09-30 05:55:50.025 527 646 I InputDispatcher: Dropping event because there is no touchable window or gesture monitor at (1264, 645) in display 0.
09-30 05:55:50.029 527 646 I InputDispatcher: Dropping event because there is no touchable window or gesture monitor at (1264, 651) in display 0.
09-30 05:55:50.047 527 646 I InputDispatcher: Dropping event because there is no touchable window or gesture monitor at (1264, 656) in display 0.
09-30 05:55:50.054 527 646 I InputDispatcher: Dropping event because there is no touchable window or gesture monitor at (1264, 659) in display 0.
09-30 05:55:50.055 527 646 I InputDispatcher: Dropping event because there is no touchable window or gesture monitor at (1264, 662) in display 0.
09-30 05:55:50.078 527 646 I InputDispatcher: Dropping event because there is no touchable window or gesture monitor at (1264, 663) in display 0.
09-30 05:55:50.093 1932 1932 I Choreographer: Skipped 34 frames! The application may be doing too much work on its main thread.
09-30 05:55:50.198 527 646 I InputDispatcher: Dropping event because there is no touchable window or gesture monitor at (1266, 661) in display 0.
09-30 05:55:50.204 527 646 I InputDispatcher: Dropping event because there is no touchable window or gesture monitor at (1273, 656) in display 0.
09-30 05:55:50.213 527 646 I InputDispatcher: Dropping event because there is no touchable window or gesture monitor at (1274, 654) in display 0.
09-30 05:55:50.225 527 646 I InputDispatcher: Dropping event because there is no touchable window or gesture monitor at (1275, 653) in display 0.
09-30 05:55:50.233 527 646 I InputDispatcher: Dropping event because there is no touchable window or gesture monitor at (1276, 652) in display 0.
09-30 05:55:50.276 527 646 I InputDispatcher: Dropping event because there is no touchable window or gesture monitor at (1277, 652) in display 0.
09-30 05:55:50.278 527 646 I InputDispatcher: Dropping event because there is no touchable window or gesture monitor at (1277, 656) in display 0.
09-30 05:55:50.298 527 646 I InputDispatcher: Dropping event because there is no touchable window or gesture monitor at (1277, 660) in display 0.
09-30 05:55:50.298 527 646 I InputDispatcher: Dropping event because there is no touchable window or gesture monitor at (1276, 665) in display 0.
09-30 05:55:50.298 527 646 I InputDispatcher: Dropping event because there is no touchable window or gesture monitor at (1276, 669) in display 0.
09-30 05:55:50.311 527 646 I InputDispatcher: Dropping event because there is no touchable window or gesture monitor at (1274, 674) in display 0.
09-30 05:55:50.314 527 646 I InputDispatcher: Dropping event because there is no touchable window or gesture monitor at (1274, 680) in display 0.
09-30 05:55:50.316 527 646 I InputDispatcher: Dropping event because there is no touchable window or gesture monitor at (1274, 684) in display 0.
09-30 05:55:50.342 527 646 I InputDispatcher: Dropping event because there is no touchable window or gesture monitor at (1273, 688) in display 0.
09-30 05:55:50.342 527 646 I InputDispatcher: Dropping event because there is no touchable window or gesture monitor at (1273, 690) in display 0.
09-30 05:55:50.384 527 646 I InputDispatcher: Dropping event because there is no touchable window or gesture monitor at (1273, 692) in display 0.
09-30 05:55:50.385 527 646 I InputDispatcher: Dropping event because there is no touchable window or gesture monitor at (1273, 694) in display 0.
09-30 05:55:50.385 527 646 I InputDispatcher: Dropping event because there is no touchable window or gesture monitor at (1273, 695) in display 0.
09-30 05:55:50.385 527 646 I InputDispatcher: Dropping event because there is no touchable window or gesture monitor at (1273, 696) in display 0.
09-30 05:55:50.390 527 646 I InputDispatcher: Dropping event because there is no touchable window or gesture monitor at (1275, 697) in display 0.
09-30 05:55:50.406 527 646 I InputDispatcher: Dropping event because there is no touchable window or gesture monitor at (1277, 699) in display 0.
09-30 05:55:50.414 527 646 I InputDispatcher: Dropping event because there is no touchable window or gesture monitor at (1279, 700) in display 0.
09-30 05:55:50.425 527 646 I InputDispatcher: Dropping event because there is no touchable window or gesture monitor at (1280, 701) in display 0.
09-30 05:55:50.446 527 646 I InputDispatcher: Dropping event because there is no touchable window or gesture monitor at (1278, 705) in display 0.
09-30 05:55:50.453 527 646 I InputDispatcher: Dropping event because there is no touchable window or gesture monitor at (1274, 709) in display 0.
09-30 05:55:50.467 527 646 I InputDispatcher: Dropping event because there is no touchable window or gesture monitor at (1267, 713) in display 0.
09-30 05:55:50.472 527 646 I InputDispatcher: Dropping event because there is no touchable window or gesture monitor at (1259, 718) in display 0.
09-30 05:55:50.478 527 646 I InputDispatcher: Dropping event because there is no touchable window or gesture monitor at (1247, 723) in display 0.
09-30 05:55:50.485 527 646 I InputDispatcher: Dropping event because there is no touchable window or gesture monitor at (1235, 729) in display 0.
09-30 05:55:50.492 527 646 I InputDispatcher: Dropping event because there is no touchable window or gesture monitor at (1225, 734) in display 0.
09-30 05:55:50.516 527 646 I InputDispatcher: Dropping event because there is no touchable window or gesture monitor at (1217, 738) in display 0.
09-30 05:55:50.516 527 646 I InputDispatcher: Dropping event because there is no touchable window or gesture monitor at (1211, 741) in display 0.
09-30 05:55:50.519 527 646 I InputDispatcher: Dropping event because there is no touchable window or gesture monitor at (1206, 742) in display 0.
09-30 05:55:50.533 527 646 I InputDispatcher: Dropping event because there is no touchable window or gesture monitor at (1203, 743) in display 0.
09-30 05:55:50.548 527 646 I InputDispatcher: Dropping event because there is no touchable window or gesture monitor at (1202, 743) in display 0.
09-30 05:55:50.548 527 646 I InputDispatcher: Dropping event because there is no touchable window or gesture monitor at (1200, 744) in display 0.
09-30 05:55:50.564 527 646 I InputDispatcher: Dropping event because there is no touchable window or gesture monitor at (1199, 744) in display 0.
09-30 05:55:50.566 527 646 I InputDispatcher: Dropping event because there is no touchable window or gesture monitor at (1199, 745) in display 0.
09-30 05:55:50.572 527 646 I InputDispatcher: Dropping event because there is no touchable window or gesture monitor at (1198, 745) in display 0.
09-30 05:55:50.596 527 646 I InputDispatcher: Dropping event because there is no touchable window or gesture monitor at (1197, 746) in display 0.
09-30 05:55:50.597 527 646 I InputDispatcher: Dropping event because there is no touchable window or gesture monitor at (1194, 746) in display 0.
09-30 05:55:50.610 527 646 I InputDispatcher: Dropping event because there is no touchable window or gesture monitor at (1192, 747) in display 0.
09-30 05:55:50.611 527 646 I InputDispatcher: Dropping event because there is no touchable window or gesture monitor at (1190, 748) in display 0.
09-30 05:55:50.612 527 646 I InputDispatcher: Dropping event because there is no touchable window or gesture monitor at (1187, 748) in display 0.
09-30 05:55:50.626 527 646 I InputDispatcher: Dropping event because there is no touchable window or gesture monitor at (1184, 749) in display 0.
09-30 05:55:50.629 527 646 I InputDispatcher: Dropping event because there is no touchable window or gesture monitor at (1182, 750) in display 0.
09-30 05:55:50.639 527 646 I InputDispatcher: Dropping event because there is no touchable window or gesture monitor at (1179, 751) in display 0.
09-30 05:55:50.644 527 646 I InputDispatcher: Dropping event because there is no touchable window or gesture monitor at (1177, 751) in display 0.
09-30 05:55:50.654 527 646 I InputDispatcher: Dropping event because there is no touchable window or gesture monitor at (1176, 752) in display 0.
09-30 05:55:50.674 527 646 I InputDispatcher: Dropping event because there is no touchable window or gesture monitor at (1175, 752) in display 0.
09-30 05:55:50.725 527 646 I InputDispatcher: Dropping event because there is no touchable window or gesture monitor at (1174, 752) in display 0.
09-30 05:55:50.734 527 646 I InputDispatcher: Dropping event because there is no touchable window or gesture monitor at (1171, 752) in display 0.
09-30 05:55:50.760 527 646 I InputDispatcher: Dropping event because there is no touchable window or gesture monitor at (1167, 753) in display 0.
09-30 05:55:50.761 527 646 I InputDispatcher: Dropping event because there is no touchable window or gesture monitor at (1163, 753) in display 0.
09-30 05:55:50.765 527 646 I InputDispatcher: Dropping event because there is no touchable window or gesture monitor at (1160, 753) in display 0.
09-30 05:55:50.768 527 646 I InputDispatcher: Dropping event because there is no touchable window or gesture monitor at (1158, 754) in display 0.
09-30 05:55:50.770 1932 1947 I OpenGLRenderer: Davey! duration=1127ms; Flags=1, FrameTimelineVsyncId=3050, IntendedVsync=392980193399, Vsync=393546860043, InputEventId=0, HandleInputStart=393550540040, AnimationStart=393550559495, PerformTraversalsStart=393555527695, DrawStart=393920789025, FrameDeadline=392996860065, FrameInterval=393549942380, FrameStartTime=16666666, SyncQueued=394063720650, SyncStart=394146472725, IssueDrawCommandsStart=394147507155, SwapBuffers=394151985650, FrameCompleted=394190312450, DequeueBufferDuration=0, QueueBufferDuration=3347310, GpuCompleted=394190312450, SwapBuffersCompleted=394156677090, DisplayPresentTime=0,
09-30 05:55:50.777 527 646 I InputDispatcher: Dropping event because there is no touchable window or gesture monitor at (1156, 754) in display 0.
09-30 05:55:50.782 527 646 I InputDispatcher: Dropping event because there is no touchable window or gesture monitor at (1153, 755) in display 0.
09-30 05:55:50.792 527 646 I InputDispatcher: Dropping event because there is no touchable window or gesture monitor at (1151, 755) in display 0.
09-30 05:55:50.797 527 646 I InputDispatcher: Dropping event because there is no touchable window or gesture monitor at (1148, 756) in display 0.
09-30 05:55:50.809 527 646 I InputDispatcher: Dropping event because there is no touchable window or gesture monitor at (1146, 756) in display 0.
09-30 05:55:50.821 527 646 I InputDispatcher: Dropping event because there is no touchable window or gesture monitor at (1144, 757) in display 0.
09-30 05:55:50.825 527 646 I InputDispatcher: Dropping event because there is no touchable window or gesture monitor at (1141, 758) in display 0.
09-30 05:55:50.826 1932 1932 I Choreographer: Skipped 43 frames! The application may be doing too much work on its main thread.
09-30 05:55:50.838 527 646 I InputDispatcher: Dropping event because there is no touchable window or gesture monitor at (1137, 759) in display 0.
09-30 05:55:50.845 527 646 I InputDispatcher: Dropping event because there is no touchable window or gesture monitor at (1135, 760) in display 0.
09-30 05:55:50.851 527 646 I InputDispatcher: Dropping event because there is no touchable window or gesture monitor at (1132, 761) in display 0.
09-30 05:55:50.854 527 646 I InputDispatcher: Dropping event because there is no touchable window or gesture monitor at (1130, 762) in display 0.
09-30 05:55:50.860 527 579 I ActivityTaskManager: Displayed com.example.myapplication/.MainActivity: +1s495ms
09-30 05:55:50.869 527 646 I InputDispatcher: Dropping event because there is no touchable window or gesture monitor at (1128, 763) in display 0.
09-30 05:55:50.872 527 646 I InputDispatcher: Dropping event because there is no touchable window or gesture monitor at (1126, 764) in display 0.
09-30 05:55:50.877 527 646 I InputDispatcher: Dropping event because there is no touchable window or gesture monitor at (1124, 765) in display 0.
09-30 05:55:50.880 1932 1948 I OpenGLRenderer: Davey! duration=1307ms; Flags=1, FrameTimelineVsyncId=3050, IntendedVsync=392980193399, Vsync=393546860043, InputEventId=0, HandleInputStart=393550540040, AnimationStart=393550559495, PerformTraversalsStart=393555527695, DrawStart=394191874450, FrameDeadline=393013526731, FrameInterval=393549942380, FrameStartTime=16666666, SyncQueued=394206605455, SyncStart=394225543155, IssueDrawCommandsStart=394228254795, SwapBuffers=394263763970, FrameCompleted=394306165525, DequeueBufferDuration=30094615, QueueBufferDuration=1983285, GpuCompleted=394306165525, SwapBuffersCompleted=394268158365, DisplayPresentTime=0,
09-30 05:55:50.884 527 646 I InputDispatcher: Dropping event because there is no touchable window or gesture monitor at (1123, 766) in display 0.
09-30 05:55:51.076 1932 1947 I OpenGLRenderer: Davey! duration=793ms; Flags=0, FrameTimelineVsyncId=3110, IntendedVsync=393563576330, Vsync=394280242968, InputEventId=0, HandleInputStart=394284593625, AnimationStart=394284684400, PerformTraversalsStart=394288796175, DrawStart=394294364895, FrameDeadline=393596909662, FrameInterval=394282488605, FrameStartTime=16666666, SyncQueued=394304128485, SyncStart=394411779480, IssueDrawCommandsStart=394412136685, SwapBuffers=394430873110, FrameCompleted=394464618360, DequeueBufferDuration=0, QueueBufferDuration=4376940, GpuCompleted=394464618360, SwapBuffersCompleted=394437314130, DisplayPresentTime=0,
09-30 05:55:51.480 479 1119 I adbd : UsbFfs: connection terminated: received too many bytes while waiting for payload
09-30 05:55:51.493 479 1100 E adbd : failed to send interruption signal to worker: No such process
09-30 05:55:51.496 479 479 I adbd : UsbFfs: offline
09-30 05:55:51.524 479 479 I adbd : destroying transport UsbFfs
09-30 05:55:51.567 479 479 I adbd : UsbFfsConnection being destroyed
09-30 05:55:51.648 426 484 I libusbconfigfs: event=1 on fd=8
09-30 05:55:51.664 479 488 I adbd : opening control endpoint /dev/usb-ffs/adb/ep0
09-30 05:55:51.668 426 484 I libusbconfigfs: event=1 on fd=8
09-30 05:55:51.672 426 484 I libusbconfigfs: event=1 on fd=8
09-30 05:55:51.701 426 484 I libusbconfigfs: event=1 on fd=8
09-30 05:55:51.712 479 488 I adbd : UsbFfsConnection constructed
09-30 05:55:51.777 807 807 D ViewRootImpl[NavigationBar0]: updatePointerIcon called with position out of bounds
09-30 05:55:51.804 479 2157 I adbd : UsbFfs-monitor thread spawned
09-30 05:55:51.961 527 629 I ActivityTaskManager: START u0 {cmp=com.example.myapplication/.TestPage2} from uid 10074
09-30 05:55:52.046 1932 1932 D MainActivity: onClick: onPause 1: 1664517352045
09-30 05:55:52.050 1932 1932 D MainActivity: onClick: onPause 2: 1664517352050
09-30 05:55:52.054 527 629 W ActivityTaskManager: Tried to set launchTime (0) < mLastActivityLaunchTime (392913)
09-30 05:55:52.208 479 2157 I adbd : USB event: FUNCTIONFS_BIND
09-30 05:55:52.225 1932 1932 D TestPage2: onClick: onCreate 1: 1664517352225
09-30 05:55:52.255 426 484 I libusbconfigfs: GADGET pulled up
09-30 05:55:52.255 426 484 I libusbconfigfs: event=1 on fd=8
09-30 05:55:52.263 527 646 I InputDispatcher: Dropping event because there is no touchable window or gesture monitor at (1014, 809) in display 0.
09-30 05:55:52.282 527 646 I InputDispatcher: Dropping event because there is no touchable window or gesture monitor at (1018, 809) in display 0.
09-30 05:55:52.282 527 646 I InputDispatcher: Dropping event because there is no touchable window or gesture monitor at (1027, 805) in display 0.
09-30 05:55:52.294 527 646 I InputDispatcher: Dropping event because there is no touchable window or gesture monitor at (1034, 802) in display 0.
09-30 05:55:52.295 527 646 I InputDispatcher: Dropping event because there is no touchable window or gesture monitor at (1046, 794) in display 0.
09-30 05:55:52.304 527 646 I InputDispatcher: Dropping event because there is no touchable window or gesture monitor at (1064, 783) in display 0.
09-30 05:55:52.311 527 646 I InputDispatcher: Dropping event because there is no touchable window or gesture monitor at (1084, 771) in display 0.
09-30 05:55:52.322 527 646 I InputDispatcher: Dropping event because there is no touchable window or gesture monitor at (1104, 758) in display 0.
09-30 05:55:52.326 527 646 I InputDispatcher: Dropping event because there is no touchable window or gesture monitor at (1127, 742) in display 0.
09-30 05:55:52.360 527 646 I InputDispatcher: Dropping event because there is no touchable window or gesture monitor at (1153, 724) in display 0.
09-30 05:55:52.361 527 646 I InputDispatcher: Dropping event because there is no touchable window or gesture monitor at (1184, 702) in display 0.
09-30 05:55:52.361 527 646 I InputDispatcher: Dropping event because there is no touchable window or gesture monitor at (1214, 677) in display 0.
09-30 05:55:52.361 527 646 I InputDispatcher: Dropping event because there is no touchable window or gesture monitor at (1242, 658) in display 0.
09-30 05:55:52.370 527 646 I InputDispatcher: Dropping event because there is no touchable window or gesture monitor at (1274, 636) in display 0.
09-30 05:55:52.376 527 646 I InputDispatcher: Dropping event because there is no touchable window or gesture monitor at (1301, 612) in display 0.
09-30 05:55:52.417 527 646 I InputDispatcher: Dropping event because there is no touchable window or gesture monitor at (1318, 595) in display 0.
09-30 05:55:52.419 527 646 I InputDispatcher: Dropping event because there is no touchable window or gesture monitor at (1337, 580) in display 0.
09-30 05:55:52.419 527 646 I InputDispatcher: Dropping event because there is no touchable window or gesture monitor at (1353, 564) in display 0.
09-30 05:55:52.426 527 646 I InputDispatcher: Dropping event because there is no touchable window or gesture monitor at (1368, 551) in display 0.
09-30 05:55:52.427 527 646 I InputDispatcher: Dropping event because there is no touchable window or gesture monitor at (1379, 541) in display 0.
09-30 05:55:52.427 527 646 I InputDispatcher: Dropping event because there is no touchable window or gesture monitor at (1392, 530) in display 0.
09-30 05:55:52.428 527 646 I InputDispatcher: Dropping event because there is no touchable window or gesture monitor at (1401, 524) in display 0.
09-30 05:55:52.436 527 646 I InputDispatcher: Dropping event because there is no touchable window or gesture monitor at (1409, 515) in display 0.
09-30 05:55:52.450 527 646 I InputDispatcher: Dropping event because there is no touchable window or gesture monitor at (1418, 509) in display 0.
09-30 05:55:52.452 527 646 I InputDispatcher: Dropping event because there is no touchable window or gesture monitor at (1425, 502) in display 0.
09-30 05:55:52.462 527 646 I InputDispatcher: Dropping event because there is no touchable window or gesture monitor at (1432, 495) in display 0.
09-30 05:55:52.469 527 646 I InputDispatcher: Dropping event because there is no touchable window or gesture monitor at (1438, 489) in display 0.
09-30 05:55:52.487 527 646 I InputDispatcher: Dropping event because there is no touchable window or gesture monitor at (1445, 482) in display 0.
09-30 05:55:52.488 527 646 I InputDispatcher: Dropping event because there is no touchable window or gesture monitor at (1452, 474) in display 0.
09-30 05:55:52.513 479 479 W adbd : timeout expired while flushing socket, closing
09-30 05:55:52.516 527 646 I InputDispatcher: Dropping event because there is no touchable window or gesture monitor at (1457, 466) in display 0.
09-30 05:55:52.516 527 646 I InputDispatcher: Dropping event because there is no touchable window or gesture monitor at (1462, 460) in display 0.
09-30 05:55:52.517 527 646 I InputDispatcher: Dropping event because there is no touchable window or gesture monitor at (1467, 454) in display 0.
09-30 05:55:52.517 527 646 I InputDispatcher: Dropping event because there is no touchable window or gesture monitor at (1470, 448) in display 0.
09-30 05:55:52.543 527 646 I InputDispatcher: Dropping event because there is no touchable window or gesture monitor at (1474, 443) in display 0.
09-30 05:55:52.547 527 646 I InputDispatcher: Dropping event because there is no touchable window or gesture monitor at (1477, 439) in display 0.
09-30 05:55:52.547 527 646 I InputDispatcher: Dropping event because there is no touchable window or gesture monitor at (1480, 435) in display 0.
09-30 05:55:52.550 527 646 I InputDispatcher: Dropping event because there is no touchable window or gesture monitor at (1482, 431) in display 0.
09-30 05:55:52.553 877 999 I Tethering: USB bcast connected:true configured:false rndis:false ncm:false
09-30 05:55:52.570 527 646 I InputDispatcher: Dropping event because there is no touchable window or gesture monitor at (1484, 429) in display 0.
09-30 05:55:52.571 527 646 I InputDispatcher: Dropping event because there is no touchable window or gesture monitor at (1487, 427) in display 0.
09-30 05:55:52.579 527 646 I InputDispatcher: Dropping event because there is no touchable window or gesture monitor at (1490, 425) in display 0.
09-30 05:55:52.580 527 646 I InputDispatcher: Dropping event because there is no touchable window or gesture monitor at (1492, 424) in display 0.
09-30 05:55:52.616 527 646 I InputDispatcher: Dropping event because there is no touchable window or gesture monitor at (1494, 422) in display 0.
09-30 05:55:52.616 527 646 I InputDispatcher: Dropping event because there is no touchable window or gesture monitor at (1495, 422) in display 0.
09-30 05:55:52.617 527 646 I InputDispatcher: Dropping event because there is no touchable window or gesture monitor at (1496, 421) in display 0.
09-30 05:55:52.617 527 646 I InputDispatcher: Dropping event because there is no touchable window or gesture monitor at (1498, 420) in display 0.
09-30 05:55:52.621 527 646 I InputDispatcher: Dropping event because there is no touchable window or gesture monitor at (1500, 418) in display 0.
09-30 05:55:52.632 527 646 I InputDispatcher: Dropping event because there is no touchable window or gesture monitor at (1502, 417) in display 0.
09-30 05:55:52.637 527 646 I InputDispatcher: Dropping event because there is no touchable window or gesture monitor at (1504, 416) in display 0.
09-30 05:55:52.651 479 2157 I adbd : USB event: FUNCTIONFS_ENABLE
09-30 05:55:52.654 426 484 I libusbconfigfs: event=1 on fd=8
09-30 05:55:52.662 527 646 I InputDispatcher: Dropping event because there is no touchable window or gesture monitor at (1505, 415) in display 0.
09-30 05:55:52.662 527 646 I InputDispatcher: Dropping event because there is no touchable window or gesture monitor at (1506, 415) in display 0.
09-30 05:55:52.665 527 646 I InputDispatcher: Dropping event because there is no touchable window or gesture monitor at (1507, 415) in display 0.
09-30 05:55:52.667 877 999 I Tethering: USB bcast connected:true configured:true rndis:false ncm:false
09-30 05:55:52.670 479 2160 I adbd : UsbFfs-worker thread spawned
09-30 05:55:52.684 527 646 I InputDispatcher: Dropping event because there is no touchable window or gesture monitor at (1506, 415) in display 0.
09-30 05:55:52.694 527 646 I InputDispatcher: Dropping event because there is no touchable window or gesture monitor at (1504, 416) in display 0.
09-30 05:55:52.702 527 646 I InputDispatcher: Dropping event because there is no touchable window or gesture monitor at (1503, 417) in display 0.
09-30 05:55:52.709 527 646 I InputDispatcher: Dropping event because there is no touchable window or gesture monitor at (1501, 419) in display 0.
09-30 05:55:52.717 527 646 I InputDispatcher: Dropping event because there is no touchable window or gesture monitor at (1500, 420) in display 0.
09-30 05:55:52.734 527 646 I InputDispatcher: Dropping event because there is no touchable window or gesture monitor at (1500, 421) in display 0.
09-30 05:55:52.750 527 646 I InputDispatcher: Dropping event because there is no touchable window or gesture monitor at (1499, 421) in display 0.
09-30 05:55:52.863 1932 1932 D TestPage2: onClick: onCreate 2: 1664517352862
09-30 05:55:52.878 527 646 I InputDispatcher: Dropping event because there is no touchable window or gesture monitor at (1499, 420) in display 0.
09-30 05:55:52.880 527 646 I InputDispatcher: Dropping event because there is no touchable window or gesture monitor at (1504, 416) in display 0.
09-30 05:55:52.880 527 646 I InputDispatcher: Dropping event because there is no touchable window or gesture monitor at (1507, 413) in display 0.
09-30 05:55:52.885 527 646 I InputDispatcher: Dropping event because there is no touchable window or gesture monitor at (1511, 410) in display 0.
09-30 05:55:52.894 527 646 I InputDispatcher: Dropping event because there is no touchable window or gesture monitor at (1517, 407) in display 0.
09-30 05:55:52.901 527 646 I InputDispatcher: Dropping event because there is no touchable window or gesture monitor at (1521, 403) in display 0.
09-30 05:55:52.908 527 646 I InputDispatcher: Dropping event because there is no touchable window or gesture monitor at (1529, 398) in display 0.
09-30 05:55:52.921 527 646 I InputDispatcher: Dropping event because there is no touchable window or gesture monitor at (1533, 393) in display 0.
09-30 05:55:52.926 527 646 I InputDispatcher: Dropping event because there is no touchable window or gesture monitor at (1536, 390) in display 0.
09-30 05:55:52.940 527 646 I InputDispatcher: Dropping event because there is no touchable window or gesture monitor at (1539, 386) in display 0.
09-30 05:55:52.945 527 646 I InputDispatcher: Dropping event because there is no touchable window or gesture monitor at (1541, 381) in display 0.
09-30 05:55:52.952 527 646 I InputDispatcher: Dropping event because there is no touchable window or gesture monitor at (1545, 376) in display 0.
09-30 05:55:52.959 527 646 I InputDispatcher: Dropping event because there is no touchable window or gesture monitor at (1547, 370) in display 0.
09-30 05:55:52.969 527 646 I InputDispatcher: Dropping event because there is no touchable window or gesture monitor at (1550, 366) in display 0.
09-30 05:55:52.999 527 646 I InputDispatcher: Dropping event because there is no touchable window or gesture monitor at (1552, 362) in display 0.
09-30 05:55:52.999 527 646 I InputDispatcher: Dropping event because there is no touchable window or gesture monitor at (1556, 356) in display 0.
09-30 05:55:53.000 527 646 I InputDispatcher: Dropping event because there is no touchable window or gesture monitor at (1558, 351) in display 0.
09-30 05:55:53.002 527 646 I InputDispatcher: Dropping event because there is no touchable window or gesture monitor at (1561, 346) in display 0.
09-30 05:55:53.004 527 646 I InputDispatcher: Dropping event because there is no touchable window or gesture monitor at (1565, 340) in display 0.
09-30 05:55:53.015 527 646 I InputDispatcher: Dropping event because there is no touchable window or gesture monitor at (1568, 334) in display 0.
09-30 05:55:53.020 527 646 I InputDispatcher: Dropping event because there is no touchable window or gesture monitor at (1572, 328) in display 0.
09-30 05:55:53.030 527 646 I InputDispatcher: Dropping event because there is no touchable window or gesture monitor at (1574, 324) in display 0.
09-30 05:55:53.061 1932 1932 I Choreographer: Skipped 54 frames! The application may be doing too much work on its main thread.
09-30 05:55:53.062 527 646 I InputDispatcher: Dropping event because there is no touchable window or gesture monitor at (1576, 318) in display 0.
09-30 05:55:53.062 527 646 I InputDispatcher: Dropping event because there is no touchable window or gesture monitor at (1579, 313) in display 0.
09-30 05:55:53.063 527 646 I InputDispatcher: Dropping event because there is no touchable window or gesture monitor at (1580, 309) in display 0.
09-30 05:55:53.063 527 646 I InputDispatcher: Dropping event because there is no touchable window or gesture monitor at (1581, 304) in display 0.
09-30 05:55:53.097 527 646 I InputDispatcher: Dropping event because there is no touchable window or gesture monitor at (1581, 300) in display 0.
09-30 05:55:53.099 527 646 I InputDispatcher: Dropping event because there is no touchable window or gesture monitor at (1582, 297) in display 0.
09-30 05:55:53.099 527 646 I InputDispatcher: Dropping event because there is no touchable window or gesture monitor at (1582, 293) in display 0.
09-30 05:55:53.099 527 646 I InputDispatcher: Dropping event because there is no touchable window or gesture monitor at (1582, 289) in display 0.
09-30 05:55:53.102 527 646 I InputDispatcher: Dropping event because there is no touchable window or gesture monitor at (1582, 285) in display 0.
09-30 05:55:53.104 527 1220 E TaskPersister: File error accessing recents directory (directory doesn't exist?).
09-30 05:55:53.111 527 646 I InputDispatcher: Dropping event because there is no touchable window or gesture monitor at (1583, 281) in display 0.
09-30 05:55:53.117 527 646 I InputDispatcher: Dropping event because there is no touchable window or gesture monitor at (1583, 278) in display 0.
09-30 05:55:53.134 527 646 I InputDispatcher: Dropping event because there is no touchable window or gesture monitor at (1583, 275) in display 0.
09-30 05:55:53.135 527 646 I InputDispatcher: Dropping event because there is no touchable window or gesture monitor at (1584, 271) in display 0.
09-30 05:55:53.144 527 646 I InputDispatcher: Dropping event because there is no touchable window or gesture monitor at (1584, 268) in display 0.
09-30 05:55:53.153 527 646 I InputDispatcher: Dropping event because there is no touchable window or gesture monitor at (1584, 266) in display 0.
09-30 05:55:53.181 527 646 I InputDispatcher: Dropping event because there is no touchable window or gesture monitor at (1584, 263) in display 0.
09-30 05:55:53.185 527 646 I InputDispatcher: Dropping event because there is no touchable window or gesture monitor at (1584, 259) in display 0.
09-30 05:55:53.186 527 646 I InputDispatcher: Dropping event because there is no touchable window or gesture monitor at (1583, 257) in display 0.
09-30 05:55:53.195 527 646 I InputDispatcher: Dropping event because there is no touchable window or gesture monitor at (1582, 254) in display 0.
09-30 05:55:53.200 527 646 I InputDispatcher: Dropping event because there is no touchable window or gesture monitor at (1582, 251) in display 0.
09-30 05:55:53.201 527 646 I InputDispatcher: Dropping event because there is no touchable window or gesture monitor at (1581, 248) in display 0.
09-30 05:55:53.222 527 646 I InputDispatcher: Dropping event because there is no touchable window or gesture monitor at (1580, 245) in display 0.
09-30 05:55:53.222 527 646 I InputDispatcher: Dropping event because there is no touchable window or gesture monitor at (1579, 243) in display 0.
09-30 05:55:53.222 527 646 I InputDispatcher: Dropping event because there is no touchable window or gesture monitor at (1579, 241) in display 0.
09-30 05:55:53.229 527 646 I InputDispatcher: Dropping event because there is no touchable window or gesture monitor at (1578, 238) in display 0.
09-30 05:55:53.253 527 646 I InputDispatcher: Dropping event because there is no touchable window or gesture monitor at (1578, 236) in display 0.
09-30 05:55:53.254 527 646 I InputDispatcher: Dropping event because there is no touchable window or gesture monitor at (1577, 233) in display 0.
09-30 05:55:53.254 527 646 I InputDispatcher: Dropping event because there is no touchable window or gesture monitor at (1577, 231) in display 0.
09-30 05:55:53.267 527 646 I InputDispatcher: Dropping event because there is no touchable window or gesture monitor at (1576, 228) in display 0.
09-30 05:55:53.269 527 646 I InputDispatcher: Dropping event because there is no touchable window or gesture monitor at (1576, 226) in display 0.
09-30 05:55:53.282 527 646 I InputDispatcher: Dropping event because there is no touchable window or gesture monitor at (1575, 224) in display 0.
09-30 05:55:53.293 527 646 I InputDispatcher: Dropping event because there is no touchable window or gesture monitor at (1574, 223) in display 0.
09-30 05:55:53.293 527 646 I InputDispatcher: Dropping event because there is no touchable window or gesture monitor at (1573, 221) in display 0.
09-30 05:55:53.304 527 646 I InputDispatcher: Dropping event because there is no touchable window or gesture monitor at (1571, 219) in display 0.
09-30 05:55:53.315 527 646 I InputDispatcher: Dropping event because there is no touchable window or gesture monitor at (1570, 217) in display 0.
09-30 05:55:53.317 527 646 I InputDispatcher: Dropping event because there is no touchable window or gesture monitor at (1568, 215) in display 0.
09-30 05:55:53.325 527 646 I InputDispatcher: Dropping event because there is no touchable window or gesture monitor at (1567, 213) in display 0.
09-30 05:55:53.346 527 646 I InputDispatcher: Dropping event because there is no touchable window or gesture monitor at (1565, 211) in display 0.
09-30 05:55:53.347 527 646 I InputDispatcher: Dropping event because there is no touchable window or gesture monitor at (1563, 209) in display 0.
09-30 05:55:53.348 527 646 I InputDispatcher: Dropping event because there is no touchable window or gesture monitor at (1562, 207) in display 0.
09-30 05:55:53.356 527 646 I InputDispatcher: Dropping event because there is no touchable window or gesture monitor at (1560, 206) in display 0.
09-30 05:55:53.373 527 646 I InputDispatcher: Dropping event because there is no touchable window or gesture monitor at (1559, 205) in display 0.
09-30 05:55:53.373 527 646 I InputDispatcher: Dropping event because there is no touchable window or gesture monitor at (1558, 204) in display 0.
09-30 05:55:53.381 527 646 I InputDispatcher: Dropping event because there is no touchable window or gesture monitor at (1557, 203) in display 0.
09-30 05:55:53.409 527 646 I InputDispatcher: Dropping event because there is no touchable window or gesture monitor at (1557, 202) in display 0.
09-30 05:55:53.412 527 646 I InputDispatcher: Dropping event because there is no touchable window or gesture monitor at (1556, 202) in display 0.
09-30 05:55:53.412 527 646 I InputDispatcher: Dropping event because there is no touchable window or gesture monitor at (1556, 201) in display 0.
