09-30 06:13:03.725 256 263 I hwc-display-configs: Group 13: Disabling display mode 640x480@59.940475 (Refresh rate value is too close to existing mode 640x480@60.000000)
09-30 06:13:03.726 256 263 I hwc-backend: Backend 'generic' for 'HDMI-A-1' and driver 'tidss' was successfully set
09-30 06:13:03.727 254 270 I SurfaceFlinger: onComposerHalHotplug(0, connected)
09-30 06:13:03.740 254 254 W HwcComposer: getPerFrameMetadataKeys failed with 8
09-30 06:13:03.768 254 254 I SurfaceFlinger: Dispatching display hotplug event displayId=0, connected=1
09-30 06:13:03.768 254 254 D SurfaceFlinger: Setting power mode 2 on display 0
09-30 06:13:03.771 254 254 D SurfaceFlinger: Finished setting power mode 2 on display 0
09-30 06:13:03.774 527 582 D LocalDisplayAdapter: The active mode was changed from SurfaceFlinger or the displaydevice.
09-30 06:13:03.775 527 582 D LocalDisplayAdapter: New display modes are added and the active mode has changed, use active mode as default mode.
09-30 06:13:03.775 527 582 W LocalDisplayAdapter: DisplayModeSpecs base mode no longer available, using currently active mode.
09-30 06:13:03.775 527 582 I DisplayDeviceRepository: Display device changed: DisplayDeviceInfo{"Built-in Screen": uniqueId="local:0", 1024 x 768, modeId 22, defaultModeId 22, supportedModes [{id=22, width=1024, height=768, fps=60.000004, alternativeRefreshRates=[]}], colorMode 0, supportedColorModes [0], hdrCapabilities HdrCapabilities{mSupportedHdrTypes=[], mMaxLuminance=500.0, mMaxAverageLuminance=500.0, mMinLuminance=0.0}, allmSupported false, gameContentTypeSupported false, density 240, 159.568 x 159.895 dpi, appVsyncOff 1000000, presDeadline 16666666, touch INTERNAL, rotation 0, type INTERNAL, address {port=0}, deviceProductInfo null, state ON, frameRateOverride , brightnessMinimum 0.0, brightnessMaximum 1.0, brightnessDefault 0.39763778, FLAG_DEFAULT_DISPLAY, FLAG_ROTATES_WITH_CONTENT, FLAG_SECURE, FLAG_SUPPORTS_PROTECTED_BUFFERS}
09-30 06:13:03.777 256 256 E hwc-drm-utils: Failed to convert buffer info -22
09-30 06:13:03.777 256 256 E hwc-display: Failed to import layer, ret=-22
09-30 06:13:03.797 527 580 V ActivityTaskManager: Sending to IME proc com.android.inputmethod.latin new config {1.0 ?mcc?mnc [en_US] ldltr sw512dp w682dp h440dp 240dpi nrml land -touch -keyb/v/h -nav/h winConfig={ mBounds=Rect(0, 0 - 1920, 1080) mAppBounds=Rect(0, 0 - 1024, 696) mMaxBounds=Rect(0, 0 - 1920, 1080) mWindowingMode=fullscreen mDisplayWindowingMode=fullscreen mActivityType=undefined mAlwaysOnTop=undefined mRotation=ROTATION_0} s.42 fontWeightAdjustment=0}
09-30 06:13:03.807 1153 1153 W ConfigurationController: performConfigurationChanged didn't callback to IME , configDiff=536870912, mConfiguration={1.0 ?mcc?mnc [en_US] ldltr sw512dp w682dp h440dp 240dpi nrml land -touch -keyb/v/h -nav/h winConfig={ mBounds=Rect(0, 0 - 1920, 1080) mAppBounds=Rect(0, 0 - 1024, 696) mMaxBounds=Rect(0, 0 - 1920, 1080) mWindowingMode=fullscreen mDisplayWindowingMode=fullscreen mActivityType=undefined mAlwaysOnTop=undefined mRotation=ROTATION_0} s.71 fontWeightAdjustment=0}
09-30 06:13:03.829 527 582 I InputManager-JNI: Viewport [0] to add: local:0, isActive: true
09-30 06:13:03.871 527 580 W ImageReader_JNI: Unable to acquire a buffer item, very likely client tried to acquire more than maxImages buffers
09-30 06:13:03.933 527 580 I ActivityTaskManager: Config changes=20000d00 {1.0 ?mcc?mnc [en_US] ldltr sw720dp w1280dp h648dp 240dpi lrg long land -touch -keyb/v/h -nav/h winConfig={ mBounds=Rect(0, 0 - 1920, 1080) mAppBounds=Rect(0, 0 - 1920, 1008) mMaxBounds=Rect(0, 0 - 1920, 1080) mWindowingMode=fullscreen mDisplayWindowingMode=fullscreen mActivityType=undefined mAlwaysOnTop=undefined mRotation=ROTATION_0} s.74 fontWeightAdjustment=0}
09-30 06:13:03.953 527 580 W ActivityTaskManager: Current config: {1.0 ?mcc?mnc [en_US] ldltr sw512dp w682dp h440dp 240dpi nrml land -touch -keyb/v/h -nav/h winConfig={ mBounds=Rect(0, 0 - 1920, 1080) mAppBounds=Rect(0, 0 - 1024, 696) mMaxBounds=Rect(0, 0 - 1920, 1080) mWindowingMode=fullscreen mDisplayWindowingMode=fullscreen mActivityType=undefined mAlwaysOnTop=undefined mRotation=ROTATION_0} s.74 fontWeightAdjustment=0} unchanged for IME proc com.android.inputmethod.latin
09-30 06:13:03.977 527 580 I WindowManager: Override config changes=20000d00 {1.0 ?mcc?mnc [en_US] ldltr sw720dp w1280dp h648dp 240dpi lrg long land -touch -keyb/v/h -nav/h winConfig={ mBounds=Rect(0, 0 - 1920, 1080) mAppBounds=Rect(0, 0 - 1920, 1008) mMaxBounds=Rect(0, 0 - 1920, 1080) mWindowingMode=fullscreen mDisplayWindowingMode=fullscreen mActivityType=undefined mAlwaysOnTop=undefined mRotation=ROTATION_0} s.74 fontWeightAdjustment=0} for displayId=0
09-30 06:13:03.980 527 580 V ActivityTaskManager: Sending to IME proc com.android.inputmethod.latin new config {1.0 ?mcc?mnc [en_US] ldltr sw720dp w1280dp h648dp 240dpi lrg long land -touch -keyb/v/h -nav/h winConfig={ mBounds=Rect(0, 0 - 1920, 1080) mAppBounds=Rect(0, 0 - 1920, 1008) mMaxBounds=Rect(0, 0 - 1920, 1080) mWindowingMode=fullscreen mDisplayWindowingMode=fullscreen mActivityType=undefined mAlwaysOnTop=undefined mRotation=ROTATION_0} s.74 fontWeightAdjustment=0}
09-30 06:13:04.032 1932 1932 D MainActivity: onClick: onPause 1: 1664518384032
09-30 06:13:04.035 1074 1279 E FrameEvents: updateAcquireFence: Did not find frame.
09-30 06:13:04.038 1932 1932 D MainActivity: onClick: onPause 2: 1664518384038
09-30 06:13:04.047 527 580 W Looper : Slow dispatch took 269ms android.ui h=android.hardware.display.DisplayManagerGlobal$DisplayListenerDelegate c=null m=2
09-30 06:13:04.053 527 583 W system_server: Long monitor contention with owner android.ui (580) at android.window.TaskSnapshot com.android.server.wm.TaskSnapshotCache.getSnapshot(int, int, boolean, boolean)(TaskSnapshotCache.java:68) waiters=0 in void com.android.server.wm.WindowAnimator.lambda$new$1$WindowAnimator(long) for 243ms
09-30 06:13:04.058 527 582 I InputManager-JNI: Viewport [0] to add: local:0, isActive: true
09-30 06:13:04.059 527 647 I InputReader: Reconfiguring input devices, changes=DISPLAY_INFO |
09-30 06:13:04.090 1074 1279 E FrameEvents: updateAcquireFence: Did not find frame.
09-30 06:13:04.109 527 978 W InputManager-JNI: Input channel object 'e309a6f com.example.myapplication/com.example.myapplication.MainActivity (client)' was disposed without first being removed with the input manager!
09-30 06:13:04.147 1074 1074 E libprocessgroup: set_timerslack_ns write failed: Operation not permitted
09-30 06:13:04.170 1074 1115 D LoaderTask: loadWorkspace: loading default favorites
09-30 06:13:04.228 527 537 I system_server: NativeAlloc concurrent copying GC freed 17079(747KB) AllocSpace objects, 4(144KB) LOS objects, 18% free, 9098KB/10MB, paused 526us total 361.568ms
09-30 06:13:04.230 527 647 I InputReader: Reconfiguring input devices, changes=DISPLAY_INFO |
09-30 06:13:04.240 527 630 W InputManager-JNI: Input channel object 'f17b176 NavigationBar0 (client)' was disposed without first being removed with the input manager!
09-30 06:13:04.252 1932 1932 D MainActivity: onClick: onCreate 1: 1664518384252
09-30 06:13:04.258 527 978 W InputDispatcher: f17b176 NavigationBar0 has FLAG_SLIPPERY. Please report this in b/157929241
09-30 06:13:04.278 1074 1115 D LoaderTask: loadWorkspace
09-30 06:13:04.280 1074 1115 D LoaderTask: Cancelled
09-30 06:13:04.282 1074 1115 D LoaderTask: loadWorkspace: loading default favorites
09-30 06:13:04.286 807 807 D NavigationModeController: getCurrentInteractionMode: mode=0 contextUser=0
09-30 06:13:04.292 807 807 D NavigationModeController: getCurrentInteractionMode: mode=0 contextUser=0
09-30 06:13:04.349 807 807 D NavigationModeController: getCurrentUserContext: contextUser=0 currentUser=0
09-30 06:13:04.379 807 807 D NavigationModeController: getCurrentInteractionMode: mode=0 contextUser=0
09-30 06:13:04.393 1074 1115 D LoaderTask: loadWorkspace
09-30 06:13:04.393 1074 1115 D LoaderTask: Cancelled
09-30 06:13:04.395 1074 1115 D LoaderTask: loadWorkspace: loading default favorites
09-30 06:13:04.434 1074 1115 D LoaderTask: loadWorkspace
09-30 06:13:04.442 1074 1115 D LoaderTask: sanitizeData
09-30 06:13:04.450 1074 1115 D LoaderTask: bindWorkspace
09-30 06:13:04.454 1074 1115 D LoaderTask: sendFirstScreenActiveInstallsBroadcast
09-30 06:13:04.488 807 807 D StatusBar: disable disable2
09-30 06:13:04.501 1074 1115 D LoaderTask: step 1 complete
09-30 06:13:04.512 1932 1932 D MainActivity: onClick: onCreate 2: 1664518384512
09-30 06:13:04.591 1932 1932 I Choreographer: Skipped 30 frames! The application may be doing too much work on its main thread.
09-30 06:13:04.649 1074 1087 I droid.launcher: Background concurrent copying GC freed 21401(1087KB) AllocSpace objects, 17(468KB) LOS objects, 24% free, 3811KB/5082KB, paused 313us total 120.551ms
09-30 06:13:04.739 807 807 I QAWController: Re-creating the QAW client to avoid stale.
09-30 06:13:04.749 1074 1115 D LoaderTask: loadAllApps
09-30 06:13:04.756 1074 1115 D LoaderTask: bindAllApps
09-30 06:13:04.786 1074 1115 D LoaderTask: update icon cache
09-30 06:13:04.787 1074 1115 D LoaderTask: save shortcuts in icon cache
09-30 06:13:04.790 1074 1115 D LoaderTask: step 2 complete
09-30 06:13:04.800 1074 1115 D LoaderTask: loadDeepShortcuts
09-30 06:13:04.810 1074 1115 D LoaderTask: bindDeepShortcuts
09-30 06:13:04.810 1074 1115 D LoaderTask: save deep shortcuts in icon cache
09-30 06:13:04.813 1074 1115 D LoaderTask: step 3 complete
09-30 06:13:04.828 807 807 I Choreographer: Skipped 44 frames! The application may be doing too much work on its main thread.
09-30 06:13:04.875 527 630 I WindowManager: finishDrawing of relaunch: Window{df1f124 u0 com.example.myapplication/com.example.myapplication.MainActivity} 858ms
09-30 06:13:04.898 1932 1948 I OpenGLRenderer: Davey! duration=769ms; Flags=1, FrameTimelineVsyncId=5126, IntendedVsync=1427543631139, Vsync=1428043631119, InputEventId=0, HandleInputStart=1428048916335, AnimationStart=1428048939730, PerformTraversalsStart=1428048953590, DrawStart=1428221457945, FrameDeadline=1427560297805, FrameInterval=1428047999340, FrameStartTime=16666666, SyncQueued=1428283177375, SyncStart=1428309589735, IssueDrawCommandsStart=1428309942020, SwapBuffers=1428315545535, FrameCompleted=1428339551825, DequeueBufferDuration=0, QueueBufferDuration=3167945, GpuCompleted=1428339551825, SwapBuffersCompleted=1428320661755, DisplayPresentTime=0,
09-30 06:13:04.942 807 817 I ndroid.systemu: Background young concurrent copying GC freed 11035(517KB) AllocSpace objects, 0(0B) LOS objects, 3% free, 10MB/10MB, paused 868us total 270.977ms
09-30 06:13:04.972 422 422 E android.hardware.memtrack-service.img: Failed to open /proc/1074/fdinfo directory: No such file or directory
09-30 06:13:04.992 422 422 W IMGMemtrackHAL: getMemoryRecords:543 Failed to read dmabuf fd references for pid 1074
09-30 06:13:05.002 807 807 D NavigationModeController: getCurrentUserContext: contextUser=0 currentUser=0
09-30 06:13:05.101 422 422 E android.hardware.memtrack-service.img: Failed to open /proc/1245/fdinfo directory: No such file or directory
09-30 06:13:05.101 422 422 W IMGMemtrackHAL: getMemoryRecords:543 Failed to read dmabuf fd references for pid 1245
09-30 06:13:05.137 422 422 E android.hardware.memtrack-service.img: Failed to open /proc/1932/fdinfo directory: No such file or directory
09-30 06:13:05.139 422 422 W IMGMemtrackHAL: getMemoryRecords:543 Failed to read dmabuf fd references for pid 1932
09-30 06:13:05.184 422 422 E android.hardware.memtrack-service.img: Failed to open /proc/1410/fdinfo directory: No such file or directory
09-30 06:13:05.185 422 422 W IMGMemtrackHAL: getMemoryRecords:543 Failed to read dmabuf fd references for pid 1410
09-30 06:13:05.203 422 422 E android.hardware.memtrack-service.img: Failed to open /proc/1606/fdinfo directory: No such file or directory
09-30 06:13:05.204 422 422 W IMGMemtrackHAL: getMemoryRecords:543 Failed to read dmabuf fd references for pid 1606
09-30 06:13:05.222 422 422 E android.hardware.memtrack-service.img: Failed to open /proc/1586/fdinfo directory: No such file or directory
09-30 06:13:05.222 422 422 W IMGMemtrackHAL: getMemoryRecords:543 Failed to read dmabuf fd references for pid 1586
09-30 06:13:05.274 1074 1115 D LoaderTask: load widgets
09-30 06:13:05.279 422 422 E android.hardware.memtrack-service.img: Failed to open /proc/1822/fdinfo directory: No such file or directory
09-30 06:13:05.280 422 422 W IMGMemtrackHAL: getMemoryRecords:543 Failed to read dmabuf fd references for pid 1822
09-30 06:13:05.297 1074 1115 D LoaderTask: bindWidgets
09-30 06:13:05.301 1074 1115 D LoaderTask: save widgets in icon cache
09-30 06:13:05.301 1074 1115 D LoaderTask: finish icon update
09-30 06:13:05.307 422 422 E android.hardware.memtrack-service.img: Failed to open /proc/1629/fdinfo directory: No such file or directory
09-30 06:13:05.307 422 422 W IMGMemtrackHAL: getMemoryRecords:543 Failed to read dmabuf fd references for pid 1629
09-30 06:13:05.325 422 422 E android.hardware.memtrack-service.img: Failed to open /proc/1715/fdinfo directory: No such file or directory
09-30 06:13:05.325 422 422 W IMGMemtrackHAL: getMemoryRecords:543 Failed to read dmabuf fd references for pid 1715
09-30 06:13:05.330 807 2042 I OpenGLRenderer: Davey! duration=1199ms; Flags=1, FrameTimelineVsyncId=5126, IntendedVsync=1427543631139, Vsync=1428276964443, InputEventId=0, HandleInputStart=1428285631370, AnimationStart=1428285637730, PerformTraversalsStart=1428285640115, DrawStart=1428576674865, FrameDeadline=1427560297805, FrameInterval=1428284980495, FrameStartTime=16666666, SyncQueued=1428728223345, SyncStart=1428746669540, IssueDrawCommandsStart=1428747074680, SwapBuffers=1428755365095, FrameCompleted=1428761247725, DequeueBufferDuration=0, QueueBufferDuration=3746000, GpuCompleted=1428757230010, SwapBuffersCompleted=1428761247725, DisplayPresentTime=0,
09-30 06:13:05.339 422 422 E android.hardware.memtrack-service.img: Failed to open /proc/1696/fdinfo directory: No such file or directory
09-30 06:13:05.339 422 422 W IMGMemtrackHAL: getMemoryRecords:543 Failed to read dmabuf fd references for pid 1696
09-30 06:13:05.353 422 422 E android.hardware.memtrack-service.img: Failed to open /proc/1671/fdinfo directory: No such file or directory
09-30 06:13:05.353 422 422 W IMGMemtrackHAL: getMemoryRecords:543 Failed to read dmabuf fd references for pid 1671
09-30 06:13:05.372 422 422 E android.hardware.memtrack-service.img: Failed to open /proc/1652/fdinfo directory: No such file or directory
09-30 06:13:05.373 422 422 W IMGMemtrackHAL: getMemoryRecords:543 Failed to read dmabuf fd references for pid 1652
09-30 06:13:05.408 422 422 E android.hardware.memtrack-service.img: Failed to open /proc/1330/fdinfo directory: No such file or directory
09-30 06:13:05.408 422 422 W IMGMemtrackHAL: getMemoryRecords:543 Failed to read dmabuf fd references for pid 1330
09-30 06:13:05.426 422 422 E android.hardware.memtrack-service.img: Failed to open /proc/1566/fdinfo directory: No such file or directory
09-30 06:13:05.426 422 422 W IMGMemtrackHAL: getMemoryRecords:543 Failed to read dmabuf fd references for pid 1566
09-30 06:13:05.443 422 422 E android.hardware.memtrack-service.img: Failed to open /proc/1548/fdinfo directory: No such file or directory
09-30 06:13:05.443 422 422 W IMGMemtrackHAL: getMemoryRecords:543 Failed to read dmabuf fd references for pid 1548
09-30 06:13:05.480 807 2042 I OpenGLRenderer: Davey! duration=1365ms; Flags=1, FrameTimelineVsyncId=5126, IntendedVsync=1427543631139, Vsync=1428276964443, InputEventId=1120324507, HandleInputStart=1428285631370, AnimationStart=1428285637730, PerformTraversalsStart=1428285640115, DrawStart=1428874863875, FrameDeadline=1427560297805, FrameInterval=1428284980495, FrameStartTime=16666666, SyncQueued=1428880112910, SyncStart=1428890266295, IssueDrawCommandsStart=1428891044965, SwapBuffers=1428914877920, FrameCompleted=1428919382090, DequeueBufferDuration=0, QueueBufferDuration=2180325, GpuCompleted=1428915735445, SwapBuffersCompleted=1428919382090, DisplayPresentTime=0,
09-30 06:13:05.522 527 583 I WindowManager: Screen frozen for +1s698ms due to Window{48b7fd5 u0 NavigationBar0}
09-30 06:13:05.567 1074 1087 I droid.launcher: Background young concurrent copying GC freed 7581(491KB) AllocSpace objects, 14(392KB) LOS objects, 16% free, 4251KB/5082KB, paused 268us total 127.349ms
09-30 06:13:05.584 527 583 W ImageReader_JNI: Unable to acquire a buffer item, very likely client tried to acquire more than maxImages buffers
09-30 06:13:05.659 527 583 I LatencyTracker: ACTION_ROTATE_SCREEN latency=1833
09-30 06:13:05.666 422 422 E android.hardware.memtrack-service.img: Failed to open /proc/1028/fdinfo directory: No such file or directory
09-30 06:13:05.666 422 422 W IMGMemtrackHAL: getMemoryRecords:543 Failed to read dmabuf fd references for pid 1028
09-30 06:13:05.727 422 422 E android.hardware.memtrack-service.img: Failed to open /proc/892/fdinfo directory: No such file or directory
09-30 06:13:05.727 422 422 W IMGMemtrackHAL: getMemoryRecords:543 Failed to read dmabuf fd references for pid 892
09-30 06:13:05.854 422 422 E android.hardware.memtrack-service.img: Failed to open /proc/890/fdinfo directory: No such file or directory
09-30 06:13:05.855 422 422 W IMGMemtrackHAL: getMemoryRecords:543 Failed to read dmabuf fd references for pid 890
09-30 06:13:06.079 527 537 I system_server: NativeAlloc concurrent copying GC freed 22209(1108KB) AllocSpace objects, 2(48KB) LOS objects, 18% free, 8879KB/10MB, paused 689us total 494.918ms
09-30 06:13:06.198 807 817 I ndroid.systemu: Background concurrent copying GC freed 44300(2348KB) AllocSpace objects, 0(0B) LOS objects, 18% free, 9106KB/10MB, paused 697us total 577.710ms
09-30 06:13:06.456 807 807 I Choreographer: Skipped 87 frames! The application may be doing too much work on its main thread.
09-30 06:13:06.506 807 2042 I OpenGLRenderer: Davey! duration=1465ms; Flags=0, FrameTimelineVsyncId=5224, IntendedVsync=1428460149153, Vsync=1429910149095, InputEventId=0, HandleInputStart=1429913226865, AnimationStart=1429913229970, PerformTraversalsStart=1429913763460, DrawStart=1429914160260, FrameDeadline=1428493482485, FrameInterval=1429912902145, FrameStartTime=16666666, SyncQueued=1429915607570, SyncStart=1429922054620, IssueDrawCommandsStart=1429922273080, SwapBuffers=1429927830335, FrameCompleted=1429931979365, DequeueBufferDuration=0, QueueBufferDuration=2909940, GpuCompleted=1429929742360, SwapBuffersCompleted=1429931979365, DisplayPresentTime=0,
09-30 06:13:06.561 807 807 W View : requestLayout() improperly called by com.android.systemui.statusbar.phone.StatusIconContainer{18a8fb7 V.E...... ......ID 0,0-9,72 #7f0b0571 app:id/statusIcons} during layout: running second layout pass
09-30 06:13:06.656 807 2042 I OpenGLRenderer: Davey! duration=1625ms; Flags=0, FrameTimelineVsyncId=5224, IntendedVsync=1428460149153, Vsync=1429910149095, InputEventId=0, HandleInputStart=1429913226865, AnimationStart=1429913229970, PerformTraversalsStart=1429913763460, DrawStart=1430065593865, FrameDeadline=1428493482485, FrameInterval=1429912902145, FrameStartTime=16666666, SyncQueued=1430067962435, SyncStart=1430074329730, IssueDrawCommandsStart=1430074936605, SwapBuffers=1430087706260, FrameCompleted=1430092125435, DequeueBufferDuration=0, QueueBufferDuration=3110165, GpuCompleted=1430089157845, SwapBuffersCompleted=1430092125435, DisplayPresentTime=0,
09-30 06:13:07.915 527 582 I system_server: Explicit concurrent copying GC freed 4680(274KB) AllocSpace objects, 0(0B) LOS objects, 19% free, 8684KB/10MB, paused 1.649ms total 256.894ms
09-30 06:13:08.525 807 807 D ViewRootImpl[NavigationBar0]: updatePointerIcon called with position out of bounds
09-30 06:13:08.684 527 1347 I ActivityTaskManager: START u0 {cmp=com.example.myapplication/.TestPage2} from uid 10074
09-30 06:13:08.764 527 646 I InputDispatcher: Not sending touch event to df1f124 com.example.myapplication/com.example.myapplication.MainActivity because it is paused
09-30 06:13:08.765 527 646 I InputDispatcher: Dropping event because there is no touchable window or gesture monitor at (951, 778) in display 0.
09-30 06:13:08.772 527 646 I InputDispatcher: Not sending touch event to df1f124 com.example.myapplication/com.example.myapplication.MainActivity because it is paused
09-30 06:13:08.772 527 646 I InputDispatcher: Dropping event because there is no touchable window or gesture monitor at (951, 776) in display 0.
09-30 06:13:08.781 527 646 I InputDispatcher: Not sending touch event to df1f124 com.example.myapplication/com.example.myapplication.MainActivity because it is paused
09-30 06:13:08.782 527 646 I InputDispatcher: Dropping event because there is no touchable window or gesture monitor at (952, 771) in display 0.
09-30 06:13:08.789 527 646 I InputDispatcher: Not sending touch event to df1f124 com.example.myapplication/com.example.myapplication.MainActivity because it is paused
09-30 06:13:08.790 527 646 I InputDispatcher: Dropping event because there is no touchable window or gesture monitor at (953, 767) in display 0.
09-30 06:13:08.796 527 646 I InputDispatcher: Not sending touch event to df1f124 com.example.myapplication/com.example.myapplication.MainActivity because it is paused
09-30 06:13:08.797 527 646 I InputDispatcher: Dropping event because there is no touchable window or gesture monitor at (953, 761) in display 0.
09-30 06:13:08.801 1932 1932 D MainActivity: onClick: onPause 1: 1664518388800
09-30 06:13:08.807 527 646 I InputDispatcher: Not sending touch event to df1f124 com.example.myapplication/com.example.myapplication.MainActivity because it is paused
09-30 06:13:08.808 527 646 I InputDispatcher: Dropping event because there is no touchable window or gesture monitor at (953, 754) in display 0.
09-30 06:13:08.809 1932 1932 D MainActivity: onClick: onPause 2: 1664518388808
09-30 06:13:08.813 527 646 I InputDispatcher: Not sending touch event to df1f124 com.example.myapplication/com.example.myapplication.MainActivity because it is paused
09-30 06:13:08.813 527 646 I InputDispatcher: Dropping event because there is no touchable window or gesture monitor at (952, 746) in display 0.
09-30 06:13:08.818 527 1347 W ActivityTaskManager: Tried to set launchTime (0) < mLastActivityLaunchTime (399048)
09-30 06:13:08.820 527 646 I InputDispatcher: Not sending touch event to df1f124 com.example.myapplication/com.example.myapplication.MainActivity because it is paused
09-30 06:13:08.821 527 646 I InputDispatcher: Dropping event because there is no touchable window or gesture monitor at (949, 740) in display 0.
09-30 06:13:08.833 527 646 I InputDispatcher: Not sending touch event to df1f124 com.example.myapplication/com.example.myapplication.MainActivity because it is paused
09-30 06:13:08.834 527 646 I InputDispatcher: Dropping event because there is no touchable window or gesture monitor at (947, 735) in display 0.
09-30 06:13:08.841 527 646 I InputDispatcher: Not sending touch event to df1f124 com.example.myapplication/com.example.myapplication.MainActivity because it is paused
09-30 06:13:08.841 527 646 I InputDispatcher: Dropping event because there is no touchable window or gesture monitor at (946, 735) in display 0.
09-30 06:13:08.844 527 646 I InputDispatcher: Not sending touch event to df1f124 com.example.myapplication/com.example.myapplication.MainActivity because it is paused
09-30 06:13:08.844 527 646 I InputDispatcher: Dropping event because there is no touchable window or gesture monitor at (946, 734) in display 0.
09-30 06:13:08.998 1932 1932 D TestPage2: onClick: onCreate 1: 1664518388998
09-30 06:13:09.124 527 646 I InputDispatcher: Dropping event because there is no touchable window or gesture monitor at (962, 725) in display 0.
09-30 06:13:09.143 527 646 I InputDispatcher: Dropping event because there is no touchable window or gesture monitor at (997, 704) in display 0.
09-30 06:13:09.148 527 646 I InputDispatcher: Dropping event because there is no touchable window or gesture monitor at (1040, 674) in display 0.
09-30 06:13:09.149 527 646 I InputDispatcher: Dropping event because there is no touchable window or gesture monitor at (1093, 633) in display 0.
09-30 06:13:09.161 527 646 I InputDispatcher: Dropping event because there is no touchable window or gesture monitor at (1150, 585) in display 0.
09-30 06:13:09.162 527 646 I InputDispatcher: Dropping event because there is no touchable window or gesture monitor at (1207, 534) in display 0.
09-30 06:13:09.182 527 646 I InputDispatcher: Dropping event because there is no touchable window or gesture monitor at (1264, 483) in display 0.
09-30 06:13:09.185 527 646 I InputDispatcher: Dropping event because there is no touchable window or gesture monitor at (1324, 432) in display 0.
09-30 06:13:09.186 527 646 I InputDispatcher: Dropping event because there is no touchable window or gesture monitor at (1378, 384) in display 0.
09-30 06:13:09.192 527 646 I InputDispatcher: Dropping event because there is no touchable window or gesture monitor at (1435, 336) in display 0.
09-30 06:13:09.210 527 646 I InputDispatcher: Dropping event because there is no touchable window or gesture monitor at (1492, 291) in display 0.
09-30 06:13:09.217 527 646 I InputDispatcher: Dropping event because there is no touchable window or gesture monitor at (1546, 246) in display 0.
09-30 06:13:09.223 527 646 I InputDispatcher: Dropping event because there is no touchable window or gesture monitor at (1597, 207) in display 0.
09-30 06:13:09.228 527 646 I InputDispatcher: Dropping event because there is no touchable window or gesture monitor at (1638, 172) in display 0.
09-30 06:13:09.234 527 646 I InputDispatcher: Dropping event because there is no touchable window or gesture monitor at (1669, 146) in display 0.
09-30 06:13:09.238 527 646 I InputDispatcher: Dropping event because there is no touchable window or gesture monitor at (1692, 125) in display 0.
09-30 06:13:09.244 527 646 I InputDispatcher: Dropping event because there is no touchable window or gesture monitor at (1710, 111) in display 0.
09-30 06:13:09.252 527 646 I InputDispatcher: Dropping event because there is no touchable window or gesture monitor at (1722, 101) in display 0.
09-30 06:13:09.267 527 646 I InputDispatcher: Dropping event because there is no touchable window or gesture monitor at (1728, 94) in display 0.
09-30 06:13:09.270 527 646 I InputDispatcher: Dropping event because there is no touchable window or gesture monitor at (1733, 90) in display 0.
09-30 06:13:09.277 527 646 I InputDispatcher: Dropping event because there is no touchable window or gesture monitor at (1735, 88) in display 0.
09-30 06:13:09.285 527 646 I InputDispatcher: Dropping event because there is no touchable window or gesture monitor at (1736, 87) in display 0.
09-30 06:13:09.293 527 646 I InputDispatcher: Dropping event because there is no touchable window or gesture monitor at (1737, 87) in display 0.
09-30 06:13:09.302 527 646 I InputDispatcher: Dropping event because there is no touchable window or gesture monitor at (1735, 88) in display 0.
09-30 06:13:09.309 527 646 I InputDispatcher: Dropping event because there is no touchable window or gesture monitor at (1726, 94) in display 0.
09-30 06:13:09.318 527 646 I InputDispatcher: Dropping event because there is no touchable window or gesture monitor at (1716, 101) in display 0.
09-30 06:13:09.325 527 646 I InputDispatcher: Dropping event because there is no touchable window or gesture monitor at (1699, 108) in display 0.
09-30 06:13:09.338 527 646 I InputDispatcher: Dropping event because there is no touchable window or gesture monitor at (1699, 110) in display 0.
09-30 06:13:09.341 527 646 I InputDispatcher: Dropping event because there is no touchable window or gesture monitor at (1697, 110) in display 0.
09-30 06:13:09.502 1932 1932 D TestPage2: onClick: onCreate 2: 1664518389501
09-30 06:13:09.509 527 646 I InputDispatcher: Dropping event because there is no touchable window or gesture monitor at (1704, 110) in display 0.
09-30 06:13:09.519 527 646 I InputDispatcher: Dropping event because there is no touchable window or gesture monitor at (1705, 110) in display 0.
09-30 06:13:09.542 527 646 I InputDispatcher: Dropping event because there is no touchable window or gesture monitor at (1704, 111) in display 0.
09-30 06:13:09.549 527 646 I InputDispatcher: Dropping event because there is no touchable window or gesture monitor at (1700, 113) in display 0.
09-30 06:13:09.561 527 646 I InputDispatcher: Dropping event because there is no touchable window or gesture monitor at (1689, 117) in display 0.
09-30 06:13:09.565 527 646 I InputDispatcher: Dropping event because there is no touchable window or gesture monitor at (1676, 122) in display 0.
09-30 06:13:09.573 527 646 I InputDispatcher: Dropping event because there is no touchable window or gesture monitor at (1660, 129) in display 0.
09-30 06:13:09.593 527 646 I InputDispatcher: Dropping event because there is no touchable window or gesture monitor at (1641, 137) in display 0.
09-30 06:13:09.594 527 646 I InputDispatcher: Dropping event because there is no touchable window or gesture monitor at (1619, 147) in display 0.
09-30 06:13:09.598 527 646 I InputDispatcher: Dropping event because there is no touchable window or gesture monitor at (1600, 155) in display 0.
09-30 06:13:09.605 527 646 I InputDispatcher: Dropping event because there is no touchable window or gesture monitor at (1586, 163) in display 0.
09-30 06:13:09.612 527 646 I InputDispatcher: Dropping event because there is no touchable window or gesture monitor at (1574, 171) in display 0.
09-30 06:13:09.628 527 646 I InputDispatcher: Dropping event because there is no touchable window or gesture monitor at (1567, 177) in display 0.
09-30 06:13:09.630 527 646 I InputDispatcher: Dropping event because there is no touchable window or gesture monitor at (1561, 181) in display 0.
09-30 06:13:09.640 527 646 I InputDispatcher: Dropping event because there is no touchable window or gesture monitor at (1557, 184) in display 0.
09-30 06:13:09.644 527 646 I InputDispatcher: Dropping event because there is no touchable window or gesture monitor at (1554, 187) in display 0.
09-30 06:13:09.654 527 646 I InputDispatcher: Dropping event because there is no touchable window or gesture monitor at (1550, 190) in display 0.
09-30 06:13:09.660 527 646 I InputDispatcher: Dropping event because there is no touchable window or gesture monitor at (1548, 192) in display 0.
09-30 06:13:09.671 527 646 I InputDispatcher: Dropping event because there is no touchable window or gesture monitor at (1545, 193) in display 0.
09-30 06:13:09.677 527 646 I InputDispatcher: Dropping event because there is no touchable window or gesture monitor at (1543, 196) in display 0.
09-30 06:13:09.687 527 646 I InputDispatcher: Dropping event because there is no touchable window or gesture monitor at (1541, 198) in display 0.
09-30 06:13:09.693 527 646 I InputDispatcher: Dropping event because there is no touchable window or gesture monitor at (1538, 200) in display 0.
09-30 06:13:09.700 527 646 I InputDispatcher: Dropping event because there is no touchable window or gesture monitor at (1537, 202) in display 0.
09-30 06:13:09.710 527 646 I InputDispatcher: Dropping event because there is no touchable window or gesture monitor at (1535, 204) in display 0.
09-30 06:13:09.718 527 646 I InputDispatcher: Dropping event because there is no touchable window or gesture monitor at (1533, 206) in display 0.
09-30 06:13:09.733 527 646 I InputDispatcher: Dropping event because there is no touchable window or gesture monitor at (1531, 208) in display 0.
09-30 06:13:09.740 527 646 I InputDispatcher: Dropping event because there is no touchable window or gesture monitor at (1530, 210) in display 0.
09-30 06:13:09.741 527 646 I InputDispatcher: Dropping event because there is no touchable window or gesture monitor at (1528, 213) in display 0.
09-30 06:13:09.743 1932 1932 I Choreographer: Skipped 51 frames! The application may be doing too much work on its main thread.
09-30 06:13:09.750 527 646 I InputDispatcher: Dropping event because there is no touchable window or gesture monitor at (1526, 215) in display 0.
09-30 06:13:09.757 527 646 I InputDispatcher: Dropping event because there is no touchable window or gesture monitor at (1524, 217) in display 0.
09-30 06:13:09.764 527 646 I InputDispatcher: Dropping event because there is no touchable window or gesture monitor at (1523, 219) in display 0.
09-30 06:13:09.774 527 646 I InputDispatcher: Dropping event because there is no touchable window or gesture monitor at (1522, 220) in display 0.
09-30 06:13:09.885 527 646 I InputDispatcher: Dropping event because there is no touchable window or gesture monitor at (1522, 219) in display 0.
09-30 06:13:09.894 527 646 I InputDispatcher: Dropping event because there is no touchable window or gesture monitor at (1522, 217) in display 0.
09-30 06:13:09.900 527 646 I InputDispatcher: Dropping event because there is no touchable window or gesture monitor at (1523, 215) in display 0.
09-30 06:13:09.910 527 646 I InputDispatcher: Dropping event because there is no touchable window or gesture monitor at (1524, 213) in display 0.
09-30 06:13:09.916 527 646 I InputDispatcher: Dropping event because there is no touchable window or gesture monitor at (1525, 211) in display 0.
09-30 06:13:09.931 527 646 I InputDispatcher: Dropping event because there is no touchable window or gesture monitor at (1526, 210) in display 0.
09-30 06:13:09.942 527 646 I InputDispatcher: Dropping event because there is no touchable window or gesture monitor at (1526, 209) in display 0.
09-30 06:13:09.945 527 646 I InputDispatcher: Dropping event because there is no touchable window or gesture monitor at (1527, 208) in display 0.
09-30 06:13:09.952 527 646 I InputDispatcher: Dropping event because there is no touchable window or gesture monitor at (1528, 206) in display 0.
09-30 06:13:09.975 527 646 I InputDispatcher: Dropping event because there is no touchable window or gesture monitor at (1528, 204) in display 0.
09-30 06:13:09.976 527 646 I InputDispatcher: Dropping event because there is no touchable window or gesture monitor at (1529, 203) in display 0.
09-30 06:13:09.976 527 646 I InputDispatcher: Dropping event because there is no touchable window or gesture monitor at (1529, 201) in display 0.
09-30 06:13:09.981 527 646 I InputDispatcher: Dropping event because there is no touchable window or gesture monitor at (1529, 200) in display 0.
09-30 06:13:09.988 527 646 I InputDispatcher: Dropping event because there is no touchable window or gesture monitor at (1529, 198) in display 0.
09-30 06:13:09.997 527 646 I InputDispatcher: Dropping event because there is no touchable window or gesture monitor at (1529, 197) in display 0.
09-30 06:13:10.006 527 646 I InputDispatcher: Dropping event because there is no touchable window or gesture monitor at (1530, 196) in display 0.
09-30 06:13:10.012 527 646 I InputDispatcher: Dropping event because there is no touchable window or gesture monitor at (1530, 195) in display 0.
09-30 06:13:10.044 527 646 I InputDispatcher: Dropping event because there is no touchable window or gesture monitor at (1531, 194) in display 0.
09-30 06:13:10.047 527 646 I InputDispatcher: Dropping event because there is no touchable window or gesture monitor at (1531, 193) in display 0.
09-30 06:13:10.364 527 646 I InputDispatcher: Dropping event because there is no touchable window or gesture monitor at (1531, 192) in display 0.
09-30 06:13:10.374 527 646 I InputDispatcher: Dropping event because there is no touchable window or gesture monitor at (1532, 190) in display 0.
09-30 06:13:10.379 1932 1966 I OpenGLRenderer: Davey! duration=1411ms; Flags=1, FrameTimelineVsyncId=5510, IntendedVsync=1432342707664, Vsync=1433192707630, InputEventId=0, HandleInputStart=1433200458080, AnimationStart=1433200505185, PerformTraversalsStart=1433203704505, DrawStart=1433583035380, FrameDeadline=1432359374330, FrameInterval=1433199468170, FrameStartTime=16666666, SyncQueued=1433729032350, SyncStart=1433778001460, IssueDrawCommandsStart=1433778459975, SwapBuffers=1433782409550, FrameCompleted=1433803390460, DequeueBufferDuration=0, QueueBufferDuration=2899400, GpuCompleted=1433803390460, SwapBuffersCompleted=1433786347135, DisplayPresentTime=0,
09-30 06:13:10.381 527 646 I InputDispatcher: Dropping event because there is no touchable window or gesture monitor at (1532, 189) in display 0.