09-30 05:49:59.973 527 527 V StorageManagerService: Package com.android.traceur does not have legacy storage
09-30 05:49:59.974 527 527 V StorageManagerService: Package com.android.bluetooth does not have legacy storage
09-30 05:49:59.974 527 527 V StorageManagerService: Package com.android.wallpaperpicker does not have legacy storage
09-30 05:49:59.974 527 527 V StorageManagerService: Package com.android.providers.contacts does not have legacy storage
09-30 05:49:59.974 527 527 V StorageManagerService: Package com.android.captiveportallogin does not have legacy storage
09-30 05:49:59.974 527 527 V StorageManagerService: Package com.android.internal.systemui.navbar.gestural_narrow_back does not have legacy storage
09-30 05:49:59.975 527 527 D SystemServerTiming: ssm.onStartUser-0_com.android.server.StorageManagerService$Lifecycle took to complete: 44ms
09-30 05:49:59.975 527 527 I SystemServerTiming: ssm.onStartUser-0_com.android.server.usage.StorageStatsService$Lifecycle
09-30 05:49:59.975 527 527 D SystemServerTiming: ssm.onStartUser-0_com.android.server.usage.StorageStatsService$Lifecycle took to complete: 0ms
09-30 05:49:59.975 527 527 I SystemServerTiming: ssm.onStartUser-0_com.android.server.UiModeManagerService
09-30 05:49:59.975 527 527 D SystemServerTiming: ssm.onStartUser-0_com.android.server.UiModeManagerService took to complete: 0ms
09-30 05:49:59.976 527 527 I SystemServerTiming: ssm.onStartUser-0_com.android.server.locksettings.LockSettingsService$Lifecycle
09-30 05:49:59.976 527 527 D SystemServerTiming: ssm.onStartUser-0_com.android.server.locksettings.LockSettingsService$Lifecycle took to complete: 0ms
09-30 05:49:59.976 527 527 I SystemServerTiming: ssm.onStartUser-0_com.android.server.testharness.TestHarnessModeService
09-30 05:49:59.976 527 527 D SystemServerTiming: ssm.onStartUser-0_com.android.server.testharness.TestHarnessModeService took to complete: 0ms
09-30 05:49:59.976 527 527 I SystemServerTiming: ssm.onStartUser-0_com.android.server.DeviceIdleController
09-30 05:49:59.976 527 527 D SystemServerTiming: ssm.onStartUser-0_com.android.server.DeviceIdleController took to complete: 0ms
09-30 05:49:59.976 527 527 I SystemServerTiming: ssm.onStartUser-0_com.android.server.devicepolicy.DevicePolicyManagerService$Lifecycle
09-30 05:49:59.976 527 527 D SystemServerTiming: ssm.onStartUser-0_com.android.server.devicepolicy.DevicePolicyManagerService$Lifecycle took to complete: 0ms
09-30 05:49:59.977 527 587 W BestClock: java.time.DateTimeException: Missing NTP fix
09-30 05:49:59.977 527 527 I SystemServerTiming: ssm.onStartUser-0_com.android.server.texttospeech.TextToSpeechManagerService
09-30 05:49:59.977 527 527 D SystemServerTiming: ssm.onStartUser-0_com.android.server.texttospeech.TextToSpeechManagerService took to complete: 0ms
09-30 05:49:59.977 527 527 I SystemServerTiming: ssm.onStartUser-0_com.android.server.speech.SpeechRecognitionManagerService
09-30 05:49:59.977 527 527 D SystemServerTiming: ssm.onStartUser-0_com.android.server.speech.SpeechRecognitionManagerService took to complete: 0ms
09-30 05:49:59.977 527 527 I SystemServerTiming: ssm.onStartUser-0_com.android.server.searchui.SearchUiManagerService
09-30 05:49:59.977 527 527 D SystemServerTiming: ssm.onStartUser-0_com.android.server.searchui.SearchUiManagerService took to complete: 0ms
09-30 05:49:59.977 527 527 I SystemServerTiming: ssm.onStartUser-0_com.android.server.smartspace.SmartspaceManagerService
09-30 05:49:59.977 527 527 D SystemServerTiming: ssm.onStartUser-0_com.android.server.smartspace.SmartspaceManagerService took to complete: 0ms
09-30 05:49:59.977 527 527 I SystemServerTiming: ssm.onStartUser-0_com.android.server.graphics.fonts.FontManagerService$Lifecycle
09-30 05:49:59.977 527 527 D SystemServerTiming: ssm.onStartUser-0_com.android.server.graphics.fonts.FontManagerService$Lifecycle took to complete: 0ms
09-30 05:49:59.977 527 527 I SystemServerTiming: ssm.onStartUser-0_com.android.server.textservices.TextServicesManagerService$Lifecycle
09-30 05:49:59.977 527 527 D SystemServerTiming: ssm.onStartUser-0_com.android.server.textservices.TextServicesManagerService$Lifecycle took to complete: 0ms
09-30 05:49:59.977 527 527 I SystemServerTiming: ssm.onStartUser-0_com.android.server.textclassifier.TextClassificationManagerService$Lifecycle
09-30 05:49:59.981 527 527 D SystemServerTiming: ssm.onStartUser-0_com.android.server.textclassifier.TextClassificationManagerService$Lifecycle took to complete: 4ms
09-30 05:49:59.981 527 527 I SystemServerTiming: ssm.onStartUser-0_com.android.server.NetworkScoreService$Lifecycle
09-30 05:49:59.981 527 527 D SystemServerTiming: ssm.onStartUser-0_com.android.server.NetworkScoreService$Lifecycle took to complete: 0ms
09-30 05:49:59.981 527 527 I SystemServerTiming: ssm.onStartUser-0_com.android.server.wifi.WifiService
09-30 05:49:59.981 527 527 D SystemServerTiming: ssm.onStartUser-0_com.android.server.wifi.WifiService took to complete: 0ms
09-30 05:49:59.981 527 527 I SystemServerTiming: ssm.onStartUser-0_com.android.server.wifi.scanner.WifiScanningService
09-30 05:49:59.981 527 527 D SystemServerTiming: ssm.onStartUser-0_com.android.server.wifi.scanner.WifiScanningService took to complete: 0ms
09-30 05:49:59.981 527 527 I SystemServerTiming: ssm.onStartUser-0_com.android.server.wifi.p2p.WifiP2pService
09-30 05:49:59.981 527 527 D SystemServerTiming: ssm.onStartUser-0_com.android.server.wifi.p2p.WifiP2pService took to complete: 0ms
09-30 05:49:59.981 527 527 I SystemServerTiming: ssm.onStartUser-0_com.android.server.ethernet.EthernetService
09-30 05:49:59.981 527 527 D SystemServerTiming: ssm.onStartUser-0_com.android.server.ethernet.EthernetService took to complete: 0ms
09-30 05:49:59.981 527 527 I SystemServerTiming: ssm.onStartUser-0_com.android.server.ConnectivityServiceInitializer
09-30 05:49:59.981 527 527 D SystemServerTiming: ssm.onStartUser-0_com.android.server.ConnectivityServiceInitializer took to complete: 0ms
09-30 05:49:59.981 527 527 I SystemServerTiming: ssm.onStartUser-0_com.android.server.notification.NotificationManagerService
09-30 05:49:59.981 527 527 D SystemServerTiming: ssm.onStartUser-0_com.android.server.notification.NotificationManagerService took to complete: 0ms
09-30 05:49:59.982 527 527 I SystemServerTiming: ssm.onStartUser-0_com.android.server.storage.DeviceStorageMonitorService
09-30 05:49:59.982 527 527 D SystemServerTiming: ssm.onStartUser-0_com.android.server.storage.DeviceStorageMonitorService took to complete: 0ms
09-30 05:49:59.982 527 527 I SystemServerTiming: ssm.onStartUser-0_com.android.server.location.LocationManagerService$Lifecycle
09-30 05:49:59.982 527 527 D SystemServerTiming: ssm.onStartUser-0_com.android.server.location.LocationManagerService$Lifecycle took to complete: 1ms
09-30 05:49:59.982 527 527 I SystemServerTiming: ssm.onStartUser-0_com.android.server.timedetector.TimeDetectorService$Lifecycle
09-30 05:49:59.982 527 527 D SystemServerTiming: ssm.onStartUser-0_com.android.server.timedetector.TimeDetectorService$Lifecycle took to complete: 0ms
09-30 05:49:59.982 527 527 I SystemServerTiming: ssm.onStartUser-0_com.android.server.timezonedetector.TimeZoneDetectorService$Lifecycle
09-30 05:49:59.982 527 527 D SystemServerTiming: ssm.onStartUser-0_com.android.server.timezonedetector.TimeZoneDetectorService$Lifecycle took to complete: 0ms
09-30 05:49:59.982 527 527 I SystemServerTiming: ssm.onStartUser-0_com.android.server.timezonedetector.location.LocationTimeZoneManagerService$Lifecycle
09-30 05:49:59.982 527 527 D SystemServerTiming: ssm.onStartUser-0_com.android.server.timezonedetector.location.LocationTimeZoneManagerService$Lifecycle took to complete: 0ms
09-30 05:49:59.982 527 527 I SystemServerTiming: ssm.onStartUser-0_com.android.server.search.SearchManagerService$Lifecycle
09-30 05:49:59.982 527 527 D SystemServerTiming: ssm.onStartUser-0_com.android.server.search.SearchManagerService$Lifecycle took to complete: 0ms
09-30 05:49:59.982 527 527 I SystemServerTiming: ssm.onStartUser-0_com.android.server.wallpaper.WallpaperManagerService$Lifecycle
09-30 05:49:59.982 527 527 D SystemServerTiming: ssm.onStartUser-0_com.android.server.wallpaper.WallpaperManagerService$Lifecycle took to complete: 0ms
09-30 05:49:59.983 527 527 I SystemServerTiming: ssm.onStartUser-0_com.android.server.audio.AudioService$Lifecycle
09-30 05:49:59.983 527 527 D SystemServerTiming: ssm.onStartUser-0_com.android.server.audio.AudioService$Lifecycle took to complete: 0ms
09-30 05:49:59.983 527 527 I SystemServerTiming: ssm.onStartUser-0_com.android.server.soundtrigger_middleware.SoundTriggerMiddlewareService$Lifecycle
09-30 05:49:59.983 527 527 D SystemServerTiming: ssm.onStartUser-0_com.android.server.soundtrigger_middleware.SoundTriggerMiddlewareService$Lifecycle took to complete: 0ms
09-30 05:49:59.983 527 527 I SystemServerTiming: ssm.onStartUser-0_com.android.server.DockObserver
09-30 05:49:59.983 527 527 D SystemServerTiming: ssm.onStartUser-0_com.android.server.DockObserver took to complete: 0ms
09-30 05:49:59.983 527 527 I SystemServerTiming: ssm.onStartUser-0_com.android.server.adb.AdbService$Lifecycle
09-30 05:49:59.983 527 527 D SystemServerTiming: ssm.onStartUser-0_com.android.server.adb.AdbService$Lifecycle took to complete: 0ms
09-30 05:49:59.983 527 527 I SystemServerTiming: ssm.onStartUser-0_com.android.server.usb.UsbService$Lifecycle
09-30 05:49:59.983 527 527 D SystemServerTiming: ssm.onStartUser-0_com.android.server.usb.UsbService$Lifecycle took to complete: 0ms
09-30 05:49:59.983 527 527 I SystemServerTiming: ssm.onStartUser-0_com.android.server.twilight.TwilightService
09-30 05:49:59.983 527 527 D SystemServerTiming: ssm.onStartUser-0_com.android.server.twilight.TwilightService took to complete: 0ms
09-30 05:49:59.983 527 527 I SystemServerTiming: ssm.onStartUser-0_com.android.server.display.color.ColorDisplayService
09-30 05:49:59.983 527 527 D SystemServerTiming: ssm.onStartUser-0_com.android.server.display.color.ColorDisplayService took to complete: 0ms
09-30 05:49:59.983 527 527 I SystemServerTiming: ssm.onStartUser-0_com.android.server.job.JobSchedulerService
09-30 05:49:59.983 527 527 D SystemServerTiming: ssm.onStartUser-0_com.android.server.job.JobSchedulerService took to complete: 0ms
09-30 05:49:59.983 527 527 I SystemServerTiming: ssm.onStartUser-0_com.android.server.soundtrigger.SoundTriggerService
09-30 05:49:59.983 527 527 D SystemServerTiming: ssm.onStartUser-0_com.android.server.soundtrigger.SoundTriggerService took to complete: 0ms
09-30 05:49:59.984 527 527 I SystemServerTiming: ssm.onStartUser-0_com.android.server.trust.TrustManagerService
09-30 05:49:59.984 527 527 D SystemServerTiming: ssm.onStartUser-0_com.android.server.trust.TrustManagerService took to complete: 0ms
09-30 05:49:59.984 527 527 I SystemServerTiming: ssm.onStartUser-0_com.android.server.backup.BackupManagerService$Lifecycle
09-30 05:49:59.984 527 527 D SystemServerTiming: ssm.onStartUser-0_com.android.server.backup.BackupManagerService$Lifecycle took to complete: 0ms
09-30 05:49:59.984 527 527 I SystemServerTiming: ssm.onStartUser-0_com.android.server.appwidget.AppWidgetService
09-30 05:49:59.984 527 527 D SystemServerTiming: ssm.onStartUser-0_com.android.server.appwidget.AppWidgetService took to complete: 0ms
09-30 05:49:59.984 527 527 I SystemServerTiming: ssm.onStartUser-0_com.android.server.voiceinteraction.VoiceInteractionManagerService
09-30 05:49:59.986 527 527 W VoiceInteractionManager: no available voice recognition services found for user 0
09-30 05:49:59.986 527 527 D SystemServerTiming: ssm.onStartUser-0_com.android.server.voiceinteraction.VoiceInteractionManagerService took to complete: 2ms
09-30 05:49:59.986 527 527 I SystemServerTiming: ssm.onStartUser-0_com.android.server.apphibernation.AppHibernationService
09-30 05:49:59.986 527 527 D SystemServerTiming: ssm.onStartUser-0_com.android.server.apphibernation.AppHibernationService took to complete: 0ms
09-30 05:49:59.986 527 527 I SystemServerTiming: ssm.onStartUser-0_com.android.server.GestureLauncherService
09-30 05:49:59.986 527 527 D SystemServerTiming: ssm.onStartUser-0_com.android.server.GestureLauncherService took to complete: 0ms
09-30 05:49:59.986 527 527 I SystemServerTiming: ssm.onStartUser-0_com.android.server.SensorNotificationService
09-30 05:49:59.986 527 527 D SystemServerTiming: ssm.onStartUser-0_com.android.server.SensorNotificationService took to complete: 0ms
09-30 05:49:59.986 527 527 I SystemServerTiming: ssm.onStartUser-0_com.android.server.emergency.EmergencyAffordanceService
09-30 05:49:59.986 527 527 D SystemServerTiming: ssm.onStartUser-0_com.android.server.emergency.EmergencyAffordanceService took to complete: 0ms
09-30 05:49:59.986 527 527 I SystemServerTiming: ssm.onStartUser-0_com.android.server.dreams.DreamManagerService
09-30 05:49:59.986 527 527 D SystemServerTiming: ssm.onStartUser-0_com.android.server.dreams.DreamManagerService took to complete: 0ms
09-30 05:49:59.986 527 527 I SystemServerTiming: ssm.onStartUser-0_com.android.server.blob.BlobStoreManagerService
09-30 05:49:59.986 527 527 D SystemServerTiming: ssm.onStartUser-0_com.android.server.blob.BlobStoreManagerService took to complete: 0ms
09-30 05:49:59.986 527 527 I SystemServerTiming: ssm.onStartUser-0_com.android.server.print.PrintManagerService
09-30 05:49:59.986 527 527 D SystemServerTiming: ssm.onStartUser-0_com.android.server.print.PrintManagerService took to complete: 0ms
09-30 05:49:59.986 527 527 I SystemServerTiming: ssm.onStartUser-0_com.android.server.companion.CompanionDeviceManagerService
09-30 05:49:59.986 527 527 D SystemServerTiming: ssm.onStartUser-0_com.android.server.companion.CompanionDeviceManagerService took to complete: 0ms
09-30 05:49:59.987 527 527 I SystemServerTiming: ssm.onStartUser-0_com.android.server.restrictions.RestrictionsManagerService
09-30 05:49:59.986 807 807 V GraphicsEnvironment: ANGLE Developer option for 'com.android.systemui' set to: 'default'
09-30 05:49:59.987 527 527 D SystemServerTiming: ssm.onStartUser-0_com.android.server.restrictions.RestrictionsManagerService took to complete: 0ms
09-30 05:49:59.987 527 527 I SystemServerTiming: ssm.onStartUser-0_com.android.server.media.MediaSessionService
09-30 05:49:59.987 527 527 D SystemServerTiming: ssm.onStartUser-0_com.android.server.media.MediaSessionService took to complete: 0ms
09-30 05:49:59.987 807 807 V GraphicsEnvironment: Neither updatable production driver nor prerelease driver is supported.
09-30 05:49:59.988 527 527 I SystemServerTiming: ssm.onStartUser-0_com.android.server.media.MediaResourceMonitorService
09-30 05:49:59.988 527 527 D SystemServerTiming: ssm.onStartUser-0_com.android.server.media.MediaResourceMonitorService took to complete: 0ms
09-30 05:49:59.988 527 527 I SystemServerTiming: ssm.onStartUser-0_com.android.server.biometrics.BiometricService
09-30 05:49:59.988 527 527 D SystemServerTiming: ssm.onStartUser-0_com.android.server.biometrics.BiometricService took to complete: 0ms
09-30 05:49:59.988 527 527 I SystemServerTiming: ssm.onStartUser-0_com.android.server.biometrics.AuthService
09-30 05:49:59.988 527 527 D SystemServerTiming: ssm.onStartUser-0_com.android.server.biometrics.AuthService took to complete: 0ms
09-30 05:49:59.988 527 527 I SystemServerTiming: ssm.onStartUser-0_com.android.server.pm.ShortcutService$Lifecycle
09-30 05:49:59.988 527 527 D SystemServerTiming: ssm.onStartUser-0_com.android.server.pm.ShortcutService$Lifecycle took to complete: 0ms
09-30 05:49:59.988 527 527 I SystemServerTiming: ssm.onStartUser-0_com.android.server.pm.LauncherAppsService
09-30 05:49:59.988 527 527 D SystemServerTiming: ssm.onStartUser-0_com.android.server.pm.LauncherAppsService took to complete: 0ms
09-30 05:49:59.988 527 527 I SystemServerTiming: ssm.onStartUser-0_com.android.server.pm.CrossProfileAppsService
09-30 05:49:59.988 527 527 D SystemServerTiming: ssm.onStartUser-0_com.android.server.pm.CrossProfileAppsService took to complete: 0ms
09-30 05:49:59.988 527 527 I SystemServerTiming: ssm.onStartUser-0_com.android.server.people.PeopleService
09-30 05:49:59.988 527 527 D SystemServerTiming: ssm.onStartUser-0_com.android.server.people.PeopleService took to complete: 0ms
09-30 05:49:59.988 527 527 I SystemServerTiming: ssm.onStartUser-0_com.android.server.media.metrics.MediaMetricsManagerService
09-30 05:49:59.988 527 527 D SystemServerTiming: ssm.onStartUser-0_com.android.server.media.metrics.MediaMetricsManagerService took to complete: 0ms
09-30 05:49:59.988 527 527 I SystemServerTiming: ssm.onStartUser-0_com.android.server.media.projection.MediaProjectionManagerService
09-30 05:49:59.988 527 527 D SystemServerTiming: ssm.onStartUser-0_com.android.server.media.projection.MediaProjectionManagerService took to complete: 0ms
09-30 05:49:59.988 527 527 I SystemServerTiming: ssm.onStartUser-0_com.android.server.slice.SliceManagerService$Lifecycle
09-30 05:49:59.988 527 527 D SystemServerTiming: ssm.onStartUser-0_com.android.server.slice.SliceManagerService$Lifecycle took to complete: 0ms
09-30 05:49:59.988 527 527 I SystemServerTiming: ssm.onStartUser-0_com.android.server.stats.StatsCompanion$Lifecycle
09-30 05:49:59.988 527 527 D SystemServerTiming: ssm.onStartUser-0_com.android.server.stats.StatsCompanion$Lifecycle took to complete: 0ms
09-30 05:49:59.988 527 527 I SystemServerTiming: ssm.onStartUser-0_com.android.server.scheduling.RebootReadinessManagerService$Lifecycle
09-30 05:49:59.988 527 527 D SystemServerTiming: ssm.onStartUser-0_com.android.server.scheduling.RebootReadinessManagerService$Lifecycle took to complete: 0ms
09-30 05:49:59.988 527 527 I SystemServerTiming: ssm.onStartUser-0_com.android.server.stats.pull.StatsPullAtomService
09-30 05:49:59.988 527 527 D SystemServerTiming: ssm.onStartUser-0_com.android.server.stats.pull.StatsPullAtomService took to complete: 0ms
09-30 05:49:59.988 527 527 I SystemServerTiming: ssm.onStartUser-0_com.android.server.incident.IncidentCompanionService
09-30 05:49:59.988 527 527 D SystemServerTiming: ssm.onStartUser-0_com.android.server.incident.IncidentCompanionService took to complete: 0ms
09-30 05:49:59.988 527 527 I SystemServerTiming: ssm.onStartUser-0_com.android.server.MmsServiceBroker
09-30 05:49:59.988 527 527 D SystemServerTiming: ssm.onStartUser-0_com.android.server.MmsServiceBroker took to complete: 0ms
09-30 05:49:59.988 527 527 I SystemServerTiming: ssm.onStartUser-0_com.android.server.autofill.AutofillManagerService
09-30 05:49:59.988 527 527 D SystemServerTiming: ssm.onStartUser-0_com.android.server.autofill.AutofillManagerService took to complete: 0ms
09-30 05:49:59.988 527 527 I SystemServerTiming: ssm.onStartUser-0_com.android.server.clipboard.ClipboardService
09-30 05:49:59.988 527 527 D SystemServerTiming: ssm.onStartUser-0_com.android.server.clipboard.ClipboardService took to complete: 0ms
09-30 05:49:59.988 527 527 I SystemServerTiming: ssm.onStartUser-0_com.android.server.appbinding.AppBindingService$Lifecycle
09-30 05:49:59.989 527 527 W AppBindingService: [Default SMS app] u0 Target package not found
09-30 05:49:59.990 527 527 D SystemServerTiming: ssm.onStartUser-0_com.android.server.appbinding.AppBindingService$Lifecycle took to complete: 1ms
09-30 05:49:59.990 527 527 I SystemServerTiming: ssm.onStartUser-0_com.android.server.tracing.TracingServiceProxy
09-30 05:49:59.990 527 527 D SystemServerTiming: ssm.onStartUser-0_com.android.server.tracing.TracingServiceProxy took to complete: 0ms
09-30 05:49:59.990 527 527 I SystemServerTiming: ssm.onStartUser-0_com.android.server.policy.PermissionPolicyService
09-30 05:49:59.990 527 527 D SystemServerTiming: ssm.onStartUser-0_com.android.server.policy.PermissionPolicyService took to complete: 0ms
09-30 05:49:59.990 527 527 I SystemServerTiming: ssm.onStartUser-0_com.android.server.pm.StagingManager$Lifecycle
09-30 05:49:59.990 527 527 D SystemServerTiming: ssm.onStartUser-0_com.android.server.pm.StagingManager$Lifecycle took to complete: 0ms
09-30 05:49:59.990 527 527 I SystemServerTiming: ssm.onStartUser-0_com.android.server.app.GameManagerService$Lifecycle
09-30 05:49:59.991 527 587 W BestClock: java.time.DateTimeException: Missing NTP fix
09-30 05:49:59.991 807 807 D NetworkSecurityConfig: No Network Security Config specified, using platform default
09-30 05:49:59.993 807 807 D NetworkSecurityConfig: No Network Security Config specified, using platform default
09-30 05:49:59.994 527 656 W BestClock: java.time.DateTimeException: Missing NTP fix
09-30 05:50:00.001 527 527 V GameManagerService: Settings file doesn't exists, skip reading
09-30 05:50:00.002 527 527 D SystemServerTiming: ssm.onStartUser-0_com.android.server.app.GameManagerService$Lifecycle took to complete: 12ms
09-30 05:50:00.002 527 527 I SystemServerTiming: ssm.onStartUser-0_com.android.server.appsearch.AppSearchManagerService
09-30 05:50:00.002 527 527 D SystemServerTiming: ssm.onStartUser-0_com.android.server.appsearch.AppSearchManagerService took to complete: 0ms
09-30 05:50:00.003 527 527 I SystemServerTiming: ssm.onStartUser-0_com.android.server.media.MediaCommunicationService
09-30 05:50:00.003 527 656 W BestClock: java.time.DateTimeException: Missing NTP fix
09-30 05:50:00.003 527 527 D SystemServerTiming: ssm.onStartUser-0_com.android.server.media.MediaCommunicationService took to complete: 1ms
09-30 05:50:00.003 527 527 D SystemServerTiming: ssm.StartUser-0 took to complete: 114ms
09-30 05:50:00.003 527 527 I SystemServerTiming: startPersistentApps
09-30 05:50:00.006 527 527 D CompatibilityChangeReporter: Compat change id reported: 135634846; UID 1068; state: DISABLED
09-30 05:50:00.006 211 211 I servicemanager: Notifying apexservice they have clients: 1
09-30 05:50:00.007 211 211 I servicemanager: Notifying apexservice they have clients: 0
09-30 05:50:00.009 527 537 I system_server: Background young concurrent copying GC freed 18527(1467KB) AllocSpace objects, 6(184KB) LOS objects, 11% free, 8413KB/9470KB, paused 7.802ms total 126.649ms
09-30 05:50:00.015 527 527 D CompatibilityChangeReporter: Compat change id reported: 135634846; UID 1001; state: DISABLED
09-30 05:50:00.016 527 527 D CompatibilityChangeReporter: Compat change id reported: 177438394; UID 1001; state: DISABLED
09-30 05:50:00.016 527 527 D CompatibilityChangeReporter: Compat change id reported: 135772972; UID 1001; state: DISABLED
09-30 05:50:00.017 527 527 D CompatibilityChangeReporter: Compat change id reported: 135754954; UID 1001; state: ENABLED
09-30 05:50:00.017 527 527 D SystemServerTiming: startPersistentApps took to complete: 14ms
09-30 05:50:00.018 527 527 I SystemServerTiming: startHomeOnAllDisplays
09-30 05:50:00.020 390 390 D Zygote : Forked child process 833
09-30 05:50:00.021 527 589 W ActivityManager: Slow operation: 447ms so far, now at startProcess: returned from zygote!
09-30 05:50:00.022 807 807 V SystemUIService: SystemUIApplication constructed.
09-30 05:50:00.023 527 527 I ActivityTaskManager: START u0 {act=android.intent.action.MAIN cat=[android.intent.category.HOME] flg=0x10000100 cmp=com.android.settings/.FallbackHome (has extras)} from uid 0
09-30 05:50:00.023 385 385 I netd : trafficSwapActiveStatsMap() <31.83ms>
09-30 05:50:00.028 385 385 I netd : tetherGetStats() -> {[]} <2.33ms>
09-30 05:50:00.034 527 587 W BestClock: java.time.DateTimeException: Missing NTP fix
09-30 05:50:00.038 833 833 I Zygote : seccomp disabled by setenforce 0
09-30 05:50:00.038 527 527 D CompatibilityChangeReporter: Compat change id reported: 174042980; UID 1000; state: DISABLED
09-30 05:50:00.041 527 587 W BestClock: java.time.DateTimeException: Missing NTP fix
09-30 05:50:00.060 427 427 I android.hardware.power-service.example: Power isModeSupported: 5
09-30 05:50:00.068 479 489 I adbd : jdwp connection from 833
09-30 05:50:00.078 527 576 W StorageManagerService: No primary storage defined yet; hacking together a stub
09-30 05:50:00.079 385 385 I netd : trafficSwapActiveStatsMap() <31.25ms>
09-30 05:50:00.084 385 385 I netd : tetherGetStats() -> {[]} <2.62ms>
09-30 05:50:00.086 527 527 D SystemServerTiming: startHomeOnAllDisplays took to complete: 68ms
09-30 05:50:00.086 527 527 I SystemServerTiming: showSystemReadyErrorDialogs
09-30 05:50:00.087 527 527 I system_server: getFrameworkHalManifest: Reading VINTF information.
09-30 05:50:00.088 527 587 W BestClock: java.time.DateTimeException: Missing NTP fix
09-30 05:50:00.096 527 587 W BestClock: java.time.DateTimeException: Missing NTP fix
09-30 05:50:00.101 527 527 I system_server: getDeviceHalManifest: Reading VINTF information.
09-30 05:50:00.107 527 527 I system_server: getDeviceHalManifest: Successfully processed VINTF information
09-30 05:50:00.107 527 527 I system_server: getFrameworkHalManifest: Successfully processed VINTF information
09-30 05:50:00.107 527 527 I system_server: getFrameworkCompatibilityMatrix: Reading VINTF information.
09-30 05:50:00.123 385 385 I netd : trafficSwapActiveStatsMap() <26.26ms>
09-30 05:50:00.128 385 385 I netd : tetherGetStats() -> {[]} <2.66ms>
09-30 05:50:00.131 527 587 W BestClock: java.time.DateTimeException: Missing NTP fix
09-30 05:50:00.138 527 587 W BestClock: java.time.DateTimeException: Missing NTP fix
09-30 05:50:00.155 385 385 I netd : trafficSwapActiveStatsMap() <16.76ms>
09-30 05:50:00.160 385 385 I netd : tetherGetStats() -> {[]} <2.55ms>
09-30 05:50:00.169 527 587 W BestClock: java.time.DateTimeException: Missing NTP fix
09-30 05:50:00.175 527 587 W BestClock: java.time.DateTimeException: Missing NTP fix
09-30 05:50:00.199 385 385 I netd : trafficSwapActiveStatsMap() <23.79ms>
09-30 05:50:00.203 385 385 I netd : tetherGetStats() -> {[]} <1.95ms>
09-30 05:50:00.207 527 587 W BestClock: java.time.DateTimeException: Missing NTP fix
09-30 05:50:00.214 527 587 W BestClock: java.time.DateTimeException: Missing NTP fix
09-30 05:50:00.217 527 527 I system_server: getFrameworkCompatibilityMatrix: Successfully processed VINTF information
09-30 05:50:00.217 527 527 I system_server: getDeviceCompatibilityMatrix: Reading VINTF information.
09-30 05:50:00.219 527 527 I system_server: getDeviceCompatibilityMatrix: Successfully processed VINTF information
09-30 05:50:00.230 527 527 W system_server: uname() reports kernel level 7 but device manifest sets kernel level 5. Using kernel level 7
09-30 05:50:00.233 527 527 W VintfObject: VintfObject.verifyWithoutAvb() returns 1: Runtime info and framework compatibility matrix are incompatible: No kernel entry found for kernel version 5.10 at kernel FCM version 7. The following kernel requirements are checked:
09-30 05:50:00.233 527 527 W VintfObject: Minimum LTS: 4.19.191, kernel FCM version: 6
09-30 05:50:00.233 527 527 W VintfObject: Minimum LTS: 4.19.191, kernel FCM version: 6, with conditionals
09-30 05:50:00.233 527 527 W VintfObject: Minimum LTS: 4.19.191, kernel FCM version: 6, with conditionals
09-30 05:50:00.233 527 527 W VintfObject: Minimum LTS: 4.19.191, kernel FCM version: 6, with conditionals
09-30 05:50:00.233 527 527 W VintfObject: Minimum LTS: 4.19.191, kernel FCM version: 6, with conditionals
09-30 05:50:00.233 527 527 W VintfObject: Minimum LTS: 4.19.191, kernel FCM version: 6, with conditionals
09-30 05:50:00.233 527 527 W VintfObject: Minimum LTS: 4.19.191, kernel FCM version: 6, with conditionals
09-30 05:50:00.233 527 527 W VintfObject: Minimum LTS: 4.19.191, kernel FCM version: 6, with conditionals
09-30 05:50:00.233 527 527 W VintfObject: Minimum LTS: 5.4.86, kernel FCM version: 6
09-30 05:50:00.233 527 527 W VintfObject: Minimum LTS: 5.4.86, kernel FCM version: 6, with conditionals
09-30 05:50:00.233 527 527 W VintfObject: Minimum LTS: 5.4.86, kernel FCM version: 6, with conditionals
09-30 05:50:00.233 527 527 W VintfObject: Minimum LTS: 5.4.86, kernel FCM version: 6, with conditionals
09-30 05:50:00.233 527 527 W VintfObject: Minimum LTS: 5.4.86, kernel FCM version: 6, with conditionals
09-30 05:50:00.233 527 527 W VintfObject: Minimum LTS: 5.4.86, kernel FCM version: 6, with conditionals
09-30 05:50:00.233 527 527 W VintfObject: Minimum LTS: 5.4.86, kernel FCM version: 6, with conditionals
09-30 05:50:00.233 527 527 W VintfObject: Minimum LTS: 5.4.86, kernel FCM version: 6, with conditionals
09-30 05:50:00.233 527 527 W VintfObject: Minimum LTS: 5.4.86, kernel FCM version: 6, with conditionals
09-30 05:50:00.233 527 527 W VintfObject: Minimum LTS: 5.10.43, kernel FCM version: 6
09-30 05:50:00.233 527 527 W VintfObject: Minimum LTS: 5.10.43, kernel FCM version: 6, with conditionals
09-30 05:50:00.233 527 527 W VintfObject: Minimum LTS: 5.10.43, kernel FCM version: 6, with conditionals
09-30 05:50:00.233 527 527 W VintfObject: Minimum LTS: 5.10.43, kernel FCM version: 6, with conditionals
09-30 05:50:00.233 527 527 W VintfObject: Minimum LTS: 5.10.43, kernel FCM version: 6, with conditionals
09-30 05:50:00.233 527 527 W VintfObject: Minimum LTS: 5.10.43, kernel FCM version: 6, with conditionals
09-30 05:50:00.233 527 527 W VintfObject: Minimum LTS: 5.10.43, kernel FCM version: 6, with conditionals
09-30 05:50:00.233 527 527 W VintfObject: Minimum LTS: 5.10.43, kernel FCM version: 6, with conditionals
09-30 05:50:00.233 527 527 W VintfObject: Minimum LTS: 5.10.43, kernel FCM version: 6, with conditionals
09-30 05:50:00.233 527 527 E Build : Vendor interface is incompatible, error=1
09-30 05:50:00.233 527 527 E ActivityTaskManager: Build fingerprint is not consistent, warning user
09-30 05:50:00.234 527 527 D SystemServerTiming: showSystemReadyErrorDialogs took to complete: 147ms
09-30 05:50:00.234 527 527 I SystemServerTiming: sendUserStartBroadcast
09-30 05:50:00.234 527 527 D SystemServerTiming: sendUserStartBroadcast took to complete: 1ms
09-30 05:50:00.234 527 527 I SystemServerTiming: resumeTopActivities
09-30 05:50:00.237 527 527 D SystemServerTiming: resumeTopActivities took to complete: 2ms
09-30 05:50:00.237 527 527 I SystemServerTiming: sendUserSwitchBroadcasts
09-30 05:50:00.238 527 527 D SystemServerTiming: sendUserSwitchBroadcasts took to complete: 1ms
09-30 05:50:00.238 527 527 I SystemServerTiming: setBinderProxies
09-30 05:50:00.239 527 527 D SystemServerTiming: setBinderProxies took to complete: 0ms
09-30 05:50:00.239 527 527 D SystemServerTiming: ActivityManagerStartApps took to complete: 352ms
09-30 05:50:00.239 527 527 D SystemServerTiming: PhaseActivityManagerReady took to complete: 2179ms
09-30 05:50:00.239 527 527 I SystemServerTiming: StartSystemUI
09-30 05:50:00.240 527 589 W ActivityManager: Slow operation: 665ms so far, now at startProcess: done updating battery stats
09-30 05:50:00.240 527 589 W ActivityManager: Slow operation: 666ms so far, now at startProcess: building log message
09-30 05:50:00.240 527 589 I ActivityManager: Start proc 833:WebViewLoader-armeabi-v7a/1037 [android.webkit.WebViewLibraryLoader$RelroFileCreator] for null
09-30 05:50:00.241 527 589 W ActivityManager: Slow operation: 666ms so far, now at startProcess: starting to update pids map
09-30 05:50:00.241 527 589 W ActivityManager: Slow operation: 666ms so far, now at startProcess: done updating pids map
09-30 05:50:00.241 527 589 W ActivityManager: Slow operation: 661ms so far, now at startProcess: asking zygote to start proc
09-30 05:50:00.243 385 385 I netd : trafficSwapActiveStatsMap() <28.20ms>
09-30 05:50:00.245 527 582 D CompatibilityChangeReporter: Compat change id reported: 135754954; UID 1000; state: ENABLED
09-30 05:50:00.248 385 385 I netd : tetherGetStats() -> {[]} <2.45ms>
09-30 05:50:00.252 527 587 W BestClock: java.time.DateTimeException: Missing NTP fix
09-30 05:50:00.257 527 587 W BestClock: java.time.DateTimeException: Missing NTP fix
09-30 05:50:00.263 389 389 D Zygote : Forked child process 855
09-30 05:50:00.268 527 589 W ActivityManager: Slow operation: 688ms so far, now at startProcess: returned from zygote!
09-30 05:50:00.277 855 855 I Zygote : seccomp disabled by setenforce 0
09-30 05:50:00.279 385 385 I netd : trafficSwapActiveStatsMap() <21.80ms>
09-30 05:50:00.279 855 855 I libc : SetHeapTaggingLevel: tag level set to 0
09-30 05:50:00.284 385 385 I netd : tetherGetStats() -> {[]} <2.47ms>
09-30 05:50:00.288 527 587 W BestClock: java.time.DateTimeException: Missing NTP fix
09-30 05:50:00.295 527 587 W BestClock: java.time.DateTimeException: Missing NTP fix
09-30 05:50:00.302 527 582 I InputManager: Enabling motion classifier because user switched: feature enabled, long press timeout = 400
09-30 05:50:00.302 527 582 I InputClassifier: Enabling motion classifier
09-30 05:50:00.304 216 216 I hwservicemanager: getTransport: Cannot find entry android.hardware.input.classifier@1.0::IInputClassifier/default in either framework or device VINTF manifest.
09-30 05:50:00.304 527 862 I InputClassifier: Could not obtain InputClassifier HAL
09-30 05:50:00.306 833 833 V WebViewLibraryLoader: RelroFileCreator (64bit = false), package: com.android.webview library: libwebviewchromium.so
09-30 05:50:00.310 479 489 I adbd : jdwp connection from 855
09-30 05:50:00.316 385 385 I netd : trafficSwapActiveStatsMap() <19.51ms>
09-30 05:50:00.321 385 385 I netd : tetherGetStats() -> {[]} <3.10ms>
09-30 05:50:00.324 527 587 W BestClock: java.time.DateTimeException: Missing NTP fix
09-30 05:50:00.325 527 656 W BestClock: java.time.DateTimeException: Missing NTP fix
09-30 05:50:00.331 527 587 W BestClock: java.time.DateTimeException: Missing NTP fix
09-30 05:50:00.334 527 589 W ActivityManager: Slow operation: 753ms so far, now at startProcess: done updating battery stats
09-30 05:50:00.334 527 589 W ActivityManager: Slow operation: 754ms so far, now at startProcess: building log message
09-30 05:50:00.334 527 589 I ActivityManager: Start proc 855:WebViewLoader-arm64-v8a/1037 [android.webkit.WebViewLibraryLoader$RelroFileCreator] for null
09-30 05:50:00.334 527 589 W ActivityManager: Slow operation: 754ms so far, now at startProcess: starting to update pids map
09-30 05:50:00.334 527 589 W ActivityManager: Slow operation: 754ms so far, now at startProcess: done updating pids map
09-30 05:50:00.334 527 589 W ActivityManager: Slow operation: 490ms so far, now at startProcess: asking zygote to start proc
09-30 05:50:00.338 527 656 W BestClock: java.time.DateTimeException: Missing NTP fix
09-30 05:50:00.341 527 665 D ConnectivityService: Got NetworkProvider Messenger for VpnNetworkProvider:0
09-30 05:50:00.352 527 656 W BestClock: java.time.DateTimeException: Missing NTP fix
09-30 05:50:00.359 385 385 I netd : trafficSwapActiveStatsMap() <23.87ms>
09-30 05:50:00.364 385 385 I netd : tetherGetStats() -> {[]} <2.23ms>
09-30 05:50:00.378 389 389 D Zygote : Forked child process 877
09-30 05:50:00.379 527 576 W PackageManager: Loading a package that does not exist for the calling user. package=null, user=0
09-30 05:50:00.381 527 527 D SystemServerTiming: StartSystemUI took to complete: 141ms
09-30 05:50:00.381 527 527 D SystemServerTiming: startOtherServices took to complete: 5766ms
09-30 05:50:00.381 527 527 D SystemServerTiming: StartServices took to complete: 11634ms
09-30 05:50:00.381 527 589 W ActivityManager: Slow operation: 535ms so far, now at startProcess: returned from zygote!
09-30 05:50:00.383 527 589 W ActivityManager: Slow operation: 538ms so far, now at startProcess: done updating battery stats
09-30 05:50:00.383 527 589 W ActivityManager: Slow operation: 539ms so far, now at startProcess: building log message
09-30 05:50:00.383 527 589 I ActivityManager: Start proc 877:com.android.networkstack.process/1073 for service {com.android.networkstack/com.android.server.NetworkStackService}
09-30 05:50:00.383 527 589 W ActivityManager: Slow operation: 539ms so far, now at startProcess: starting to update pids map
09-30 05:50:00.384 527 589 W ActivityManager: Slow operation: 539ms so far, now at startProcess: done updating pids map
09-30 05:50:00.384 527 589 W ActivityManager: Slow operation: 378ms so far, now at startProcess: asking zygote to start proc
09-30 05:50:00.392 833 833 D nativeloader: classloader namespace configured for unbundled product apk. library_path=/system/product/app/webview/lib/arm:/system/product/app/webview/webview.apk!/lib/armeabi-v7a:/product/lib:/system/product/lib
09-30 05:50:00.393 527 587 W BestClock: java.time.DateTimeException: Missing NTP fix
09-30 05:50:00.395 877 877 I Zygote : seccomp disabled by setenforce 0
09-30 05:50:00.401 527 656 W BestClock: java.time.DateTimeException: Missing NTP fix
09-30 05:50:00.415 527 576 D CompatibilityChangeReporter: Compat change id reported: 181136395; UID 1000; state: DISABLED
09-30 05:50:00.418 527 576 D CompatibilityChangeReporter: Compat change id reported: 174042936; UID 1000; state: DISABLED
09-30 05:50:00.428 527 587 W BestClock: java.time.DateTimeException: Missing NTP fix
09-30 05:50:00.443 527 527 W Looper : Slow delivery took 10943ms main h=android.app.PropertyInvalidatedCache$AutoCorker$1 c=null m=0
09-30 05:50:00.444 479 489 I adbd : jdwp connection from 877
09-30 05:50:00.450 389 389 D Zygote : Forked child process 890
09-30 05:50:00.451 527 589 W ActivityManager: Slow operation: 446ms so far, now at startProcess: returned from zygote!
09-30 05:50:00.452 527 589 W ActivityManager: Slow operation: 447ms so far, now at startProcess: done updating battery stats
09-30 05:50:00.453 527 589 W ActivityManager: Slow operation: 447ms so far, now at startProcess: building log message
09-30 05:50:00.453 527 589 I ActivityManager: Start proc 890:com.android.se/1068 for added application com.android.se
09-30 05:50:00.453 527 589 W ActivityManager: Slow operation: 447ms so far, now at startProcess: starting to update pids map
09-30 05:50:00.453 527 589 W ActivityManager: Slow operation: 448ms so far, now at startProcess: done updating pids map
09-30 05:50:00.453 527 589 W ActivityManager: Slow operation: 441ms so far, now at startProcess: asking zygote to start proc
09-30 05:50:00.454 855 855 V WebViewLibraryLoader: RelroFileCreator (64bit = true), package: com.android.webview library: libwebviewchromium.so
09-30 05:50:00.465 527 527 D ConditionProviders.SCP: onConnected
09-30 05:50:00.469 890 890 I Zygote : seccomp disabled by setenforce 0
09-30 05:50:00.471 385 385 I netd : trafficSwapActiveStatsMap() <42.52ms>
09-30 05:50:00.476 389 389 D Zygote : Forked child process 892
09-30 05:50:00.476 385 385 I netd : tetherGetStats() -> {[]} <2.79ms>
09-30 05:50:00.480 527 587 W BestClock: java.time.DateTimeException: Missing NTP fix
09-30 05:50:00.484 527 589 W ActivityManager: Slow operation: 471ms so far, now at startProcess: returned from zygote!
09-30 05:50:00.484 527 589 W ActivityManager: Slow operation: 472ms so far, now at startProcess: done updating battery stats
09-30 05:50:00.485 527 589 I Watchdog: Interesting Java process com.android.phone started. Pid 892
09-30 05:50:00.485 527 589 W ActivityManager: Slow operation: 473ms so far, now at startProcess: building log message
09-30 05:50:00.485 527 589 I ActivityManager: Start proc 892:com.android.phone/1001 for added application com.android.phone
09-30 05:50:00.485 527 589 W ActivityManager: Slow operation: 473ms so far, now at startProcess: starting to update pids map
09-30 05:50:00.493 527 587 W BestClock: java.time.DateTimeException: Missing NTP fix
09-30 05:50:00.496 527 656 W BestClock: java.time.DateTimeException: Missing NTP fix
09-30 05:50:00.500 892 892 I Zygote : seccomp disabled by setenforce 0
09-30 05:50:00.504 479 489 I adbd : jdwp connection from 890
09-30 05:50:00.511 527 589 W ActivityManager: Slow operation: 498ms so far, now at startProcess: done updating pids map
09-30 05:50:00.512 527 589 W ActivityManager: Slow operation: 269ms so far, now at startProcess: asking zygote to start proc
09-30 05:50:00.528 527 527 D ConditionProviders: Subscribing to condition://android/event?userId=-10000&calendar=&reply=1 with ComponentInfo{android/com.android.server.notification.EventConditionProvider}
09-30 05:50:00.529 527 527 D ConditionProviders: Subscribing to condition://android/schedule?days=1.2.3.4.5.6.7&start=22.0&end=7.0&exitAtAlarm=true with ComponentInfo{android/com.android.server.notification.ScheduleConditionProvider}
09-30 05:50:00.531 385 385 I netd : trafficSwapActiveStatsMap() <37.26ms>
09-30 05:50:00.537 385 385 I netd : tetherGetStats() -> {[]} <2.61ms>
09-30 05:50:00.540 389 389 D Zygote : Forked child process 910
09-30 05:50:00.541 527 587 W BestClock: java.time.DateTimeException: Missing NTP fix
09-30 05:50:00.542 527 576 D CompatibilityChangeReporter: Compat change id reported: 168419799; UID 1068; state: DISABLED
09-30 05:50:00.543 527 589 W ActivityManager: Slow operation: 299ms so far, now at startProcess: returned from zygote!
09-30 05:50:00.549 527 587 W BestClock: java.time.DateTimeException: Missing NTP fix
09-30 05:50:00.552 527 656 W BestClock: java.time.DateTimeException: Missing NTP fix
09-30 05:50:00.554 910 910 I Zygote : seccomp disabled by setenforce 0
09-30 05:50:00.555 527 656 W BestClock: java.time.DateTimeException: Missing NTP fix
09-30 05:50:00.564 527 589 W ActivityManager: Slow operation: 320ms so far, now at startProcess: done updating battery stats
09-30 05:50:00.565 527 589 W ActivityManager: Slow operation: 321ms so far, now at startProcess: building log message
09-30 05:50:00.565 527 589 I ActivityManager: Start proc 910:com.android.settings/1000 for top-activity {com.android.settings/com.android.settings.FallbackHome}
09-30 05:50:00.565 527 589 W ActivityManager: Slow operation: 322ms so far, now at startProcess: starting to update pids map
09-30 05:50:00.566 527 589 W ActivityManager: Slow operation: 323ms so far, now at startProcess: done updating pids map
09-30 05:50:00.567 527 656 W BestClock: java.time.DateTimeException: Missing NTP fix
09-30 05:50:00.570 527 792 W PackageManager: Loading a package that does not exist for the calling user. package=null, user=0
09-30 05:50:00.571 855 855 D nativeloader: classloader namespace configured for unbundled product apk. library_path=/system/product/app/webview/lib/arm64:/system/product/app/webview/webview.apk!/lib/arm64-v8a:/product/lib64:/system/product/lib64
09-30 05:50:00.584 385 385 I netd : trafficSwapActiveStatsMap() <34.58ms>
09-30 05:50:00.585 527 804 E WebViewUpdateServiceImpl: Timed out waiting for relro creation, relros started 2 relros finished 0 package dirty? false
09-30 05:50:00.585 527 804 W WebViewUpdateServiceImpl: creating relro file timed out
09-30 05:50:00.589 385 385 I netd : tetherGetStats() -> {[]} <2.66ms>
09-30 05:50:00.592 479 489 I adbd : jdwp connection from 892
09-30 05:50:00.593 527 587 W BestClock: java.time.DateTimeException: Missing NTP fix
09-30 05:50:00.598 527 792 D CompatibilityChangeReporter: Compat change id reported: 168419799; UID 1073; state: DISABLED
09-30 05:50:00.601 527 587 D CountryDetector: Using custom country detector class: com.android.server.location.ComprehensiveCountryDetector
09-30 05:50:00.602 527 587 E CountryDetector: Could not instantiate the custom country detector class
09-30 05:50:00.602 527 587 D CountryDetector: Using default country detector
09-30 05:50:00.609 527 656 W BestClock: java.time.DateTimeException: Missing NTP fix
09-30 05:50:00.615 390 390 W Zygote : forkRepeatedly terminated due to non-simple command
09-30 05:50:00.616 390 390 D Zygote : mbuffer starts with 14, nice name is webview_zygote, mEnd = 411, mNext = 159, mLinesLeft = 6, mFd = 8
09-30 05:50:00.621 479 489 I adbd : jdwp connection from 910
09-30 05:50:00.625 890 890 D CompatibilityChangeReporter: Compat change id reported: 171979766; UID 1068; state: ENABLED
09-30 05:50:00.639 527 656 W BestClock: java.time.DateTimeException: Missing NTP fix
09-30 05:50:00.649 527 656 W BestClock: java.time.DateTimeException: Missing NTP fix
09-30 05:50:00.658 390 390 D Zygote : Forked child process 944
09-30 05:50:00.660 527 656 W BestClock: java.time.DateTimeException: Missing NTP fix
09-30 05:50:00.664 527 656 W BestClock: java.time.DateTimeException: Missing NTP fix
09-30 05:50:00.675 527 656 W BestClock: java.time.DateTimeException: Missing NTP fix
09-30 05:50:00.676 527 804 W ZygoteProcess: Got error connecting to zygote, retrying. msg= Connection refused
09-30 05:50:00.682 527 656 W BestClock: java.time.DateTimeException: Missing NTP fix
09-30 05:50:00.686 527 656 W BestClock: java.time.DateTimeException: Missing NTP fix
09-30 05:50:00.694 527 656 W BestClock: java.time.DateTimeException: Missing NTP fix
09-30 05:50:00.696 527 792 D CompatibilityChangeReporter: Compat change id reported: 168419799; UID 1073; state: DISABLED
09-30 05:50:00.698 527 792 W ActivityManager: Slow operation: 104ms so far, now at attachApplicationLocked: after mServices.attachApplicationLocked
09-30 05:50:00.705 877 877 D CompatibilityChangeReporter: Compat change id reported: 171979766; UID 1073; state: ENABLED
09-30 05:50:00.705 833 833 I WebViewLoader-: System.exit called, status: 0
09-30 05:50:00.705 833 833 I AndroidRuntime: VM exiting with result code 0, cleanup skipped.
09-30 05:50:00.705 944 944 I Zygote : seccomp disabled by setenforce 0
09-30 05:50:00.712 527 527 D CompatibilityChangeReporter: Compat change id reported: 135634846; UID 10069; state: DISABLED
09-30 05:50:00.713 527 527 D CompatibilityChangeReporter: Compat change id reported: 177438394; UID 10069; state: DISABLED
09-30 05:50:00.713 527 527 D CompatibilityChangeReporter: Compat change id reported: 135772972; UID 10069; state: DISABLED
09-30 05:50:00.714 527 527 D CompatibilityChangeReporter: Compat change id reported: 135754954; UID 10069; state: ENABLED
09-30 05:50:00.718 527 589 D CompatibilityChangeReporter: Compat change id reported: 143937733; UID 10069; state: ENABLED
09-30 05:50:00.720 527 656 W BestClock: java.time.DateTimeException: Missing NTP fix
09-30 05:50:00.723 527 527 W Looper : Slow dispatch took 165ms main h=android.os.Handler c= m=1
09-30 05:50:00.730 527 804 W ZygoteProcess: Got error connecting to zygote, retrying. msg= Connection refused
09-30 05:50:00.727 944 944 I WebViewZygoteInit: Starting WebViewZygoteInit
09-30 05:50:00.735 468 468 I update_engine: [INFO:cleanup_previous_update_action.cc(112)] Executing task 12
09-30 05:50:00.738 527 656 W BestClock: java.time.DateTimeException: Missing NTP fix
09-30 05:50:00.741 468 468 I update_engine: [INFO:cleanup_previous_update_action.cc(124)] CleanupPreviousUpdateAction scheduled task ID 13 for WaitBootCompleted
09-30 05:50:00.748 944 944 I Zygote : seccomp disabled by setenforce 0
09-30 05:50:00.756 389 389 D Zygote : Forked child process 959
09-30 05:50:00.759 910 910 D CompatibilityChangeReporter: Compat change id reported: 171979766; UID 1000; state: ENABLED
09-30 05:50:00.777 527 656 W BestClock: java.time.DateTimeException: Missing NTP fix
09-30 05:50:00.780 527 656 W BestClock: java.time.DateTimeException: Missing NTP fix
09-30 05:50:00.784 527 808 D CompatibilityChangeReporter: Compat change id reported: 168419799; UID 1001; state: DISABLED
09-30 05:50:00.784 959 959 I Zygote : seccomp disabled by setenforce 0
09-30 05:50:00.801 527 656 W BestClock: java.time.DateTimeException: Missing NTP fix
09-30 05:50:00.806 890 890 W ContextImpl: Failed to ensure /data/user/0/com.android.se/cache: mkdir failed: ENOENT (No such file or directory)
09-30 05:50:00.810 479 489 I adbd : jdwp connection from 959
09-30 05:50:00.812 890 890 W ContextImpl: Failed to update user.inode_cache: stat failed: ENOENT (No such file or directory)
09-30 05:50:00.822 890 890 V GraphicsEnvironment: ANGLE Developer option for 'com.android.se' set to: 'default'
09-30 05:50:00.824 890 890 V GraphicsEnvironment: Neither updatable production driver nor prerelease driver is supported.
09-30 05:50:00.828 890 890 D NetworkSecurityConfig: No Network Security Config specified, using platform default
09-30 05:50:00.830 890 890 D NetworkSecurityConfig: No Network Security Config specified, using platform default
09-30 05:50:00.844 527 808 W ActivityManager: Slow operation: 88ms so far, now at attachApplicationLocked: after updateOomAdjLocked
09-30 05:50:00.849 944 944 I WebViewZygoteInit: Beginning application preload for com.android.webview
09-30 05:50:00.858 892 892 D CompatibilityChangeReporter: Compat change id reported: 171979766; UID 1001; state: ENABLED
09-30 05:50:00.863 527 527 W Looper : Slow dispatch took 122ms main h=android.os.Handler c=com.android.server.BatteryService$$ExternalSyntheticLambda4@683882d m=0
09-30 05:50:00.870 527 589 W ActivityManager: Slow operation: 159ms so far, now at startProcess: done updating battery stats
09-30 05:50:00.870 527 589 W ActivityManager: Slow operation: 160ms so far, now at startProcess: building log message
09-30 05:50:00.870 527 589 I ActivityManager: Start proc 959:android.ext.services/u0a69 for service {android.ext.services/android.ext.services.autofill.InlineSuggestionRenderServiceImpl}
09-30 05:50:00.870 527 589 W ActivityManager: Slow operation: 160ms so far, now at startProcess: starting to update pids map
09-30 05:50:00.872 527 656 W BestClock: java.time.DateTimeException: Missing NTP fix
09-30 05:50:00.874 527 589 W ActivityManager: Slow operation: 163ms so far, now at startProcess: done updating pids map
09-30 05:50:00.884 944 944 D nativeloader: classloader namespace configured for unbundled product apk. library_path=/system/product/app/webview/lib/arm:/system/product/app/webview/webview.apk!/lib/armeabi-v7a:/product/lib:/system/product/lib
09-30 05:50:00.887 453 453 D incidentd: WorkDirectory::getReports
09-30 05:50:00.889 527 960 D CompatibilityChangeReporter: Compat change id reported: 168419799; UID 10069; state: DISABLED
09-30 05:50:00.895 479 479 I adbd : UsbFfs: offline
09-30 05:50:00.896 479 479 I adbd : authentication not required
09-30 05:50:00.900 527 656 W BestClock: java.time.DateTimeException: Missing NTP fix
09-30 05:50:00.918 910 910 V GraphicsEnvironment: ANGLE Developer option for 'com.android.settings' set to: 'default'
09-30 05:50:00.918 910 910 V GraphicsEnvironment: Neither updatable production driver nor prerelease driver is supported.
