09-30 05:50:01.056 980 980 I getprop : type=1400 audit(0.0:645): avc: denied { map } for path="/dev/__properties__/u:object_r:device_config_configuration_prop:s0" dev="tmpfs" ino=111 scontext=u:r:shell:s0 tcontext=u:object_r:device_config_configuration_prop:s0 tclass=file permissive=1
09-30 05:50:04.242 527 786 D BufferPoolAccessor2.0: bufferpool2 0xb400fdb4182bc508 : 0(0 size) total buffers - 0(0 size) used buffers - 2/7 (recycle/alloc) - 5/18 (fetch/transfer)
09-30 05:50:04.242 527 786 D BufferPoolAccessor2.0: bufferpool2 0xb400fdb4182a6588 : 0(0 size) total buffers - 0(0 size) used buffers - 2/7 (recycle/alloc) - 5/24 (fetch/transfer)
09-30 05:50:04.242 527 786 D BufferPoolAccessor2.0: evictor expired: 2, evicted: 2
09-30 05:50:04.246 892 892 D TelephonyDebugService: TelephonyDebugService()
09-30 05:50:04.250 892 892 D CarrierConfigLoader: mHandler: EVENT_CHECK_SYSTEM_UPDATE phoneId: 0
09-30 05:50:01.056 980 980 I getprop : type=1400 audit(0.0:646): avc: denied { open } for path="/dev/__properties__/u:object_r:device_config_connectivity_prop:s0" dev="tmpfs" ino=112 scontext=u:r:shell:s0 tcontext=u:object_r:device_config_connectivity_prop:s0 tclass=file permissive=1
09-30 05:50:04.281 466 777 D BufferPoolAccessor2.0: bufferpool2 0xb400e141dcc1b818 : 0(0 size) total buffers - 0(0 size) used buffers - 7/10 (recycle/alloc) - 3/9 (fetch/transfer)
09-30 05:50:04.284 466 777 D BufferPoolAccessor2.0: bufferpool2 0xb400e141dcc16978 : 0(0 size) total buffers - 0(0 size) used buffers - 5/7 (recycle/alloc) - 2/6 (fetch/transfer)
09-30 05:50:04.284 466 777 D BufferPoolAccessor2.0: evictor expired: 2, evicted: 2
09-30 05:50:01.056 980 980 I getprop : type=1400 audit(0.0:647): avc: denied { getattr } for path="/dev/__properties__/u:object_r:device_config_connectivity_prop:s0" dev="tmpfs" ino=112 scontext=u:r:shell:s0 tcontext=u:object_r:device_config_connectivity_prop:s0 tclass=file permissive=1
09-30 05:50:04.285 527 576 W ServiceManager: Permission failure: android.permission.HIGH_SAMPLING_RATE_SENSORS from uid=10059 pid=1074
09-30 05:50:04.296 892 892 I Telephony: TelecomAccountRegistry: onSubscriptionsChanged - update accounts
09-30 05:50:04.296 892 892 I Telephony: TelecomAccountRegistry: setupAccounts: Found 1 phones. Attempting to register.
09-30 05:50:04.297 892 892 I Telephony: TelecomAccountRegistry: setupAccounts: Phone with subscription id -1
09-30 05:50:04.297 892 892 D Telephony: TelecomAccountRegistry: setupAccounts: skipping invalid subid -1
09-30 05:50:04.297 892 892 I Telephony: setupAccounts: adding default
09-30 05:50:04.304 892 892 D Telephony: isEmergencyPreferredAccount: subId=-1, activeData=-1
09-30 05:50:04.304 892 892 D Telephony: isEmergencyPreferredAccount: Device does not require preference.
09-30 05:50:04.304 892 892 I Telephony: isRttCurrentlySupported -- emergency acct and no device support
09-30 05:50:01.056 980 980 I getprop : type=1400 audit(0.0:648): avc: denied { map } for path="/dev/__properties__/u:object_r:device_config_connectivity_prop:s0" dev="tmpfs" ino=112 scontext=u:r:shell:s0 tcontext=u:object_r:device_config_connectivity_prop:s0 tclass=file permissive=1
09-30 05:50:04.324 527 979 W Telecom : : registerPhoneAccount not allowed on non-voice capable device.: TSI.rPA@AAU
09-30 05:50:04.326 892 892 I Telephony: AccountEntry: Registered phoneAccount: [[ ] PhoneAccount: ComponentInfo{com.android.phone/com.android.services.telephony.TelephonyConnectionService}, ***, UserHandle{0} Capabilities: CallProvider MultiUser PlaceEmerg SimSub Audio Routes: BESW Schemes: tel voicemail Extras: Bundle[{android.telecom.extra.SUPPORTS_VIDEO_CALLING_FALLBACK=true}] GroupId: ***] with handle: ComponentInfo{com.android.phone/com.android.services.telephony.TelephonyConnectionService}, ***, UserHandle{0}
09-30 05:50:04.327 892 892 I Telephony: PstnIncomingCallNotifier: Registering: Handler (com.android.internal.telephony.GsmCdmaPhone) {47f377b}
09-30 05:50:04.328 892 892 D Telephony: Registering: Handler (com.android.internal.telephony.GsmCdmaPhone) {47f377b}
09-30 05:50:01.056 980 980 I getprop : type=1400 audit(0.0:649): avc: denied { open } for path="/dev/__properties__/u:object_r:device_config_input_native_boot_prop:s0" dev="tmpfs" ino=113 scontext=u:r:shell:s0 tcontext=u:object_r:device_config_input_native_boot_prop:s0 tclass=file permissive=1
09-30 05:50:04.335 892 892 D MultiSimSettingController: onSubscriptionsChanged
09-30 05:50:04.335 892 892 D MultiSimSettingController: isReadyToReevaluate: subInfoInitialized=false, carrierConfigsLoaded=true
09-30 05:50:04.355 892 892 I Telephony: handleVideoCapabilitesChanged. Video capability - false
09-30 05:50:04.357 892 892 D Telephony: isEmergencyPreferredAccount: subId=-1, activeData=-1
09-30 05:50:04.357 892 892 D Telephony: isEmergencyPreferredAccount: Device does not require preference.
09-30 05:50:04.357 892 892 I Telephony: isRttCurrentlySupported -- emergency acct and no device support
09-30 05:50:04.360 527 577 W Telecom : : registerPhoneAccount not allowed on non-voice capable device.: TSI.rPA@AAc
09-30 05:50:01.056 980 980 I getprop : type=1400 audit(0.0:650): avc: denied { getattr } for path="/dev/__properties__/u:object_r:device_config_input_native_boot_prop:s0" dev="tmpfs" ino=113 scontext=u:r:shell:s0 tcontext=u:object_r:device_config_input_native_boot_prop:s0 tclass=file permissive=1
09-30 05:50:04.367 807 807 D NavigationModeController: getCurrentInteractionMode: mode=0 contextUser=0
09-30 05:50:01.092 980 980 I getprop : type=1400 audit(0.0:651): avc: denied { open } for path="/dev/__properties__/u:object_r:device_config_lmkd_native_prop:s0" dev="tmpfs" ino=114 scontext=u:r:shell:s0 tcontext=u:object_r:device_config_lmkd_native_prop:s0 tclass=file permissive=1
09-30 05:50:04.397 807 807 I TetheringManager: registerTetheringEventCallback:com.android.systemui
09-30 05:50:04.398 807 807 I TetheringManager: registerTetheringEventCallback caller:com.android.systemui
09-30 05:50:04.412 807 807 W AudioManager: attempt to call registerAudioRecordingCallback() on a previouslyregistered callback
09-30 05:50:01.092 980 980 I getprop : type=1400 audit(0.0:652): avc: denied { getattr } for path="/dev/__properties__/u:object_r:device_config_lmkd_native_prop:s0" dev="tmpfs" ino=114 scontext=u:r:shell:s0 tcontext=u:object_r:device_config_lmkd_native_prop:s0 tclass=file permissive=1
09-30 05:50:04.441 479 1100 I adbd : USB event: FUNCTIONFS_ENABLE
09-30 05:50:04.441 426 484 I libusbconfigfs: event=1 on fd=8
09-30 05:50:04.442 479 1119 I adbd : UsbFfs-worker thread spawned
09-30 05:50:01.092 980 980 I getprop : type=1400 audit(0.0:653): avc: denied { map } for path="/dev/__properties__/u:object_r:device_config_lmkd_native_prop:s0" dev="tmpfs" ino=114 scontext=u:r:shell:s0 tcontext=u:object_r:device_config_lmkd_native_prop:s0 tclass=file permissive=1
09-30 05:50:01.092 980 980 I getprop : type=1400 audit(0.0:654): avc: denied { open } for path="/dev/__properties__/u:object_r:device_config_media_native_prop:s0" dev="tmpfs" ino=115 scontext=u:r:shell:s0 tcontext=u:object_r:device_config_media_native_prop:s0 tclass=file permissive=1
09-30 05:50:04.494 807 807 D StatusBar: disable disable2
09-30 05:50:04.496 527 527 W NotificationHistory: Attempted to add notif for locked/gone/disabled user 0
09-30 05:50:04.496 527 576 I StatusBarManagerService: registerStatusBar bar=com.android.internal.statusbar.IStatusBar$Stub$Proxy@99e9b45
09-30 05:50:01.092 980 980 I getprop : type=1400 audit(0.0:655): avc: denied { getattr } for path="/dev/__properties__/u:object_r:device_config_media_native_prop:s0" dev="tmpfs" ino=115 scontext=u:r:shell:s0 tcontext=u:object_r:device_config_media_native_prop:s0 tclass=file permissive=1
09-30 05:50:04.526 527 576 W OverlayManager: service 'idmap' died
09-30 05:50:04.529 1074 1074 W ContextImpl: Failed to ensure /data/user/0/com.android.launcher3/files: mkdir failed: errno 126 (Required key not available)
09-30 05:50:04.531 1074 1074 D TouchInteractionService: Touch service connected: user=0
09-30 05:50:01.092 980 980 I getprop : type=1400 audit(0.0:656): avc: denied { map } for path="/dev/__properties__/u:object_r:device_config_media_native_prop:s0" dev="tmpfs" ino=115 scontext=u:r:shell:s0 tcontext=u:object_r:device_config_media_native_prop:s0 tclass=file permissive=1
09-30 05:50:04.538 527 581 I DropBoxManagerService: add tag=system_app_strictmode isTagEnabled=true flags=0x2
09-30 05:50:04.543 527 581 I DropBoxManagerService: add tag=system_app_strictmode isTagEnabled=true flags=0x2
09-30 05:50:04.558 527 581 I DropBoxManagerService: add tag=system_app_strictmode isTagEnabled=true flags=0x2
09-30 05:50:01.092 980 980 I getprop : type=1400 audit(0.0:657): avc: denied { open } for path="/dev/__properties__/u:object_r:device_config_netd_native_prop:s0" dev="tmpfs" ino=116 scontext=u:r:shell:s0 tcontext=u:object_r:device_config_netd_native_prop:s0 tclass=file permissive=1
09-30 05:50:04.595 527 579 W Looper : Slow dispatch took 100ms android.fg h=android.os.Handler c=com.android.server.om.IdmapDaemon$Connection$$ExternalSyntheticLambda0@c743e m=0
09-30 05:50:01.092 980 980 I getprop : type=1400 audit(0.0:658): avc: denied { getattr } for path="/dev/__properties__/u:object_r:device_config_netd_native_prop:s0" dev="tmpfs" ino=116 scontext=u:r:shell:s0 tcontext=u:object_r:device_config_netd_native_prop:s0 tclass=file permissive=1
09-30 05:50:04.628 807 807 I CameraManagerGlobal: Connecting to camera service
09-30 05:50:01.092 980 980 I getprop : type=1400 audit(0.0:659): avc: denied { map } for path="/dev/__properties__/u:object_r:device_config_netd_native_prop:s0" dev="tmpfs" ino=116 scontext=u:r:shell:s0 tcontext=u:object_r:device_config_netd_native_prop:s0 tclass=file permissive=1
09-30 05:50:01.092 980 980 I getprop : type=1400 audit(0.0:660): avc: denied { open } for path="/dev/__properties__/u:object_r:device_config_profcollect_native_boot_prop:s0" dev="tmpfs" ino=117 scontext=u:r:shell:s0 tcontext=u:object_r:device_config_profcollect_native_boot_prop:s0 tclass=file permissive=1
09-30 05:50:01.092 980 980 I getprop : type=1400 audit(0.0:661): avc: denied { getattr } for path="/dev/__properties__/u:object_r:device_config_profcollect_native_boot_prop:s0" dev="tmpfs" ino=117 scontext=u:r:shell:s0 tcontext=u:object_r:device_config_profcollect_native_boot_prop:s0 tclass=file permissive=1
09-30 05:50:04.710 807 807 D CompatibilityChangeReporter: Compat change id reported: 170233598; UID 10062; state: DISABLED
09-30 05:50:01.092 980 980 I getprop : type=1400 audit(0.0:662): avc: denied { map } for path="/dev/__properties__/u:object_r:device_config_profcollect_native_boot_prop:s0" dev="tmpfs" ino=117 scontext=u:r:shell:s0 tcontext=u:object_r:device_config_profcollect_native_boot_prop:s0 tclass=file permissive=1
09-30 05:50:01.092 980 980 I getprop : type=1400 audit(0.0:663): avc: denied { open } for path="/dev/__properties__/u:object_r:device_config_reset_performed_prop:s0" dev="tmpfs" ino=118 scontext=u:r:shell:s0 tcontext=u:object_r:device_config_reset_performed_prop:s0 tclass=file permissive=1
09-30 05:50:01.092 980 980 I getprop : type=1400 audit(0.0:664): avc: denied { getattr } for path="/dev/__properties__/u:object_r:device_config_reset_performed_prop:s0" dev="tmpfs" ino=118 scontext=u:r:shell:s0 tcontext=u:object_r:device_config_reset_performed_prop:s0 tclass=file permissive=1
09-30 05:50:04.768 468 468 I update_engine: [INFO:cleanup_previous_update_action.cc(112)] Executing task 14
09-30 05:50:01.092 980 980 I getprop : type=1400 audit(0.0:665): avc: denied { map } for path="/dev/__properties__/u:object_r:device_config_reset_performed_prop:s0" dev="tmpfs" ino=118 scontext=u:r:shell:s0 tcontext=u:object_r:device_config_reset_performed_prop:s0 tclass=file permissive=1
09-30 05:50:01.092 980 980 I getprop : type=1400 audit(0.0:666): avc: denied { open } for path="/dev/__properties__/u:object_r:device_config_statsd_native_boot_prop:s0" dev="tmpfs" ino=121 scontext=u:r:shell:s0 tcontext=u:object_r:device_config_statsd_native_boot_prop:s0 tclass=file permissive=1
09-30 05:50:04.826 468 468 I update_engine: [INFO:cleanup_previous_update_action.cc(124)] CleanupPreviousUpdateAction scheduled task ID 15 for WaitBootCompleted
09-30 05:50:01.092 980 980 I getprop : type=1400 audit(0.0:667): avc: denied { getattr } for path="/dev/__properties__/u:object_r:device_config_statsd_native_boot_prop:s0" dev="tmpfs" ino=121 scontext=u:r:shell:s0 tcontext=u:object_r:device_config_statsd_native_boot_prop:s0 tclass=file permissive=1
09-30 05:50:01.092 980 980 I getprop : type=1400 audit(0.0:668): avc: denied { map } for path="/dev/__properties__/u:object_r:device_config_statsd_native_boot_prop:s0" dev="tmpfs" ino=121 scontext=u:r:shell:s0 tcontext=u:object_r:device_config_statsd_native_boot_prop:s0 tclass=file permissive=1
09-30 05:50:01.092 980 980 I getprop : type=1400 audit(0.0:669): avc: denied { open } for path="/dev/__properties__/u:object_r:device_config_statsd_native_prop:s0" dev="tmpfs" ino=122 scontext=u:r:shell:s0 tcontext=u:object_r:device_config_statsd_native_prop:s0 tclass=file permissive=1
09-30 05:50:01.092 980 980 I getprop : type=1400 audit(0.0:670): avc: denied { getattr } for path="/dev/__properties__/u:object_r:device_config_statsd_native_prop:s0" dev="tmpfs" ino=122 scontext=u:r:shell:s0 tcontext=u:object_r:device_config_statsd_native_prop:s0 tclass=file permissive=1
09-30 05:50:01.092 980 980 I getprop : type=1400 audit(0.0:671): avc: denied { map } for path="/dev/__properties__/u:object_r:device_config_statsd_native_prop:s0" dev="tmpfs" ino=122 scontext=u:r:shell:s0 tcontext=u:object_r:device_config_statsd_native_prop:s0 tclass=file permissive=1
09-30 05:50:01.092 980 980 I getprop : type=1400 audit(0.0:672): avc: denied { open } for path="/dev/__properties__/u:object_r:device_config_storage_native_boot_prop:s0" dev="tmpfs" ino=123 scontext=u:r:shell:s0 tcontext=u:object_r:device_config_storage_native_boot_prop:s0 tclass=file permissive=1
09-30 05:50:05.002 807 807 D NavigationModeController: getCurrentInteractionMode: mode=0 contextUser=0
09-30 05:50:01.092 980 980 I getprop : type=1400 audit(0.0:673): avc: denied { getattr } for path="/dev/__properties__/u:object_r:device_config_storage_native_boot_prop:s0" dev="tmpfs" ino=123 scontext=u:r:shell:s0 tcontext=u:object_r:device_config_storage_native_boot_prop:s0 tclass=file permissive=1
09-30 05:50:01.092 980 980 I getprop : type=1400 audit(0.0:674): avc: denied { map } for path="/dev/__properties__/u:object_r:device_config_storage_native_boot_prop:s0" dev="tmpfs" ino=123 scontext=u:r:shell:s0 tcontext=u:object_r:device_config_storage_native_boot_prop:s0 tclass=file permissive=1
09-30 05:50:01.092 980 980 I getprop : type=1400 audit(0.0:675): avc: denied { open } for path="/dev/__properties__/u:object_r:device_config_swcodec_native_prop:s0" dev="tmpfs" ino=124 scontext=u:r:shell:s0 tcontext=u:object_r:device_config_swcodec_native_prop:s0 tclass=file permissive=1
09-30 05:50:01.092 980 980 I getprop : type=1400 audit(0.0:676): avc: denied { getattr } for path="/dev/__properties__/u:object_r:device_config_swcodec_native_prop:s0" dev="tmpfs" ino=124 scontext=u:r:shell:s0 tcontext=u:object_r:device_config_swcodec_native_prop:s0 tclass=file permissive=1
09-30 05:50:05.113 807 807 D NavigationModeController: getCurrentInteractionMode: mode=0 contextUser=0
09-30 05:50:01.092 980 980 I getprop : type=1400 audit(0.0:677): avc: denied { map } for path="/dev/__properties__/u:object_r:device_config_swcodec_native_prop:s0" dev="tmpfs" ino=124 scontext=u:r:shell:s0 tcontext=u:object_r:device_config_swcodec_native_prop:s0 tclass=file permissive=1
09-30 05:50:05.125 807 807 D NavigationModeController: getCurrentInteractionMode: mode=0 contextUser=0
09-30 05:50:01.092 980 980 I getprop : type=1400 audit(0.0:678): avc: denied { open } for path="/dev/__properties__/u:object_r:device_config_sys_traced_prop:s0" dev="tmpfs" ino=125 scontext=u:r:shell:s0 tcontext=u:object_r:device_config_sys_traced_prop:s0 tclass=file permissive=1
09-30 05:50:05.153 807 807 D NavigationModeController: getCurrentUserContext: contextUser=0 currentUser=0
09-30 05:50:05.161 807 807 D NavigationModeController: getCurrentInteractionMode: mode=0 contextUser=0
09-30 05:50:01.092 980 980 I getprop : type=1400 audit(0.0:679): avc: denied { getattr } for path="/dev/__properties__/u:object_r:device_config_sys_traced_prop:s0" dev="tmpfs" ino=125 scontext=u:r:shell:s0 tcontext=u:object_r:device_config_sys_traced_prop:s0 tclass=file permissive=1
09-30 05:50:01.092 980 980 I getprop : type=1400 audit(0.0:680): avc: denied { map } for path="/dev/__properties__/u:object_r:device_config_sys_traced_prop:s0" dev="tmpfs" ino=125 scontext=u:r:shell:s0 tcontext=u:object_r:device_config_sys_traced_prop:s0 tclass=file permissive=1
09-30 05:50:01.092 980 980 I getprop : type=1400 audit(0.0:681): avc: denied { open } for path="/dev/__properties__/u:object_r:device_config_window_manager_native_boot_prop:s0" dev="tmpfs" ino=126 scontext=u:r:shell:s0 tcontext=u:object_r:device_config_window_manager_native_boot_prop:s0 tclass=file permissive=1
09-30 05:50:01.092 980 980 I getprop : type=1400 audit(0.0:682): avc: denied { getattr } for path="/dev/__properties__/u:object_r:device_config_window_manager_native_boot_prop:s0" dev="tmpfs" ino=126 scontext=u:r:shell:s0 tcontext=u:object_r:device_config_window_manager_native_boot_prop:s0 tclass=file permissive=1
09-30 05:50:05.250 527 786 D BufferPoolAccessor2.0: bufferpool2 0xb400fdb41829f1e8 : 0(0 size) total buffers - 0(0 size) used buffers - 2/7 (recycle/alloc) - 5/34 (fetch/transfer)
09-30 05:50:05.250 527 786 D BufferPoolAccessor2.0: bufferpool2 0xb400fdb4182a67d8 : 0(0 size) total buffers - 0(0 size) used buffers - 2/7 (recycle/alloc) - 7/26 (fetch/transfer)
09-30 05:50:05.250 527 786 D BufferPoolAccessor2.0: bufferpool2 0xb400fdb4182aad38 : 0(0 size) total buffers - 0(0 size) used buffers - 2/7 (recycle/alloc) - 5/24 (fetch/transfer)
09-30 05:50:05.250 527 786 D BufferPoolAccessor2.0: bufferpool2 0xb400fdb4182be568 : 0(0 size) total buffers - 0(0 size) used buffers - 1/7 (recycle/alloc) - 6/34 (fetch/transfer)
09-30 05:50:05.250 527 786 D BufferPoolAccessor2.0: evictor expired: 4, evicted: 4
09-30 05:50:01.092 980 980 I getprop : type=1400 audit(0.0:683): avc: denied { map } for path="/dev/__properties__/u:object_r:device_config_window_manager_native_boot_prop:s0" dev="tmpfs" ino=126 scontext=u:r:shell:s0 tcontext=u:object_r:device_config_window_manager_native_boot_prop:s0 tclass=file permissive=1
09-30 05:50:05.284 466 777 D BufferPoolAccessor2.0: bufferpool2 0xb400e141dcc1c158 : 0(0 size) total buffers - 0(0 size) used buffers - 13/15 (recycle/alloc) - 2/14 (fetch/transfer)
09-30 05:50:05.284 466 777 D BufferPoolAccessor2.0: bufferpool2 0xb400e141dcc1bf08 : 0(0 size) total buffers - 0(0 size) used buffers - 11/15 (recycle/alloc) - 4/14 (fetch/transfer)
09-30 05:50:05.284 466 777 D BufferPoolAccessor2.0: bufferpool2 0xb400e141dcc16e18 : 0(0 size) total buffers - 0(0 size) used buffers - 7/10 (recycle/alloc) - 3/9 (fetch/transfer)
09-30 05:50:05.284 466 777 D BufferPoolAccessor2.0: bufferpool2 0xb400e141dcc18e78 : 0(0 size) total buffers - 0(0 size) used buffers - 8/11 (recycle/alloc) - 2/10 (fetch/transfer)
09-30 05:50:05.284 466 777 D BufferPoolAccessor2.0: evictor expired: 4, evicted: 4
09-30 05:50:01.092 980 980 I getprop : type=1400 audit(0.0:684): avc: denied { open } for path="/dev/__properties__/u:object_r:drm_service_config_prop:s0" dev="tmpfs" ino=129 scontext=u:r:shell:s0 tcontext=u:object_r:drm_service_config_prop:s0 tclass=file permissive=1
09-30 05:50:01.092 980 980 I getprop : type=1400 audit(0.0:685): avc: denied { getattr } for path="/dev/__properties__/u:object_r:drm_service_config_prop:s0" dev="tmpfs" ino=129 scontext=u:r:shell:s0 tcontext=u:object_r:drm_service_config_prop:s0 tclass=file permissive=1
09-30 05:50:01.092 980 980 I getprop : type=1400 audit(0.0:686): avc: denied { map } for path="/dev/__properties__/u:object_r:drm_service_config_prop:s0" dev="tmpfs" ino=129 scontext=u:r:shell:s0 tcontext=u:object_r:drm_service_config_prop:s0 tclass=file permissive=1
09-30 05:50:01.092 980 980 I getprop : type=1400 audit(0.0:687): avc: denied { open } for path="/dev/__properties__/u:object_r:dumpstate_options_prop:s0" dev="tmpfs" ino=130 scontext=u:r:shell:s0 tcontext=u:object_r:dumpstate_options_prop:s0 tclass=file permissive=1
09-30 05:50:01.092 980 980 I getprop : type=1400 audit(0.0:688): avc: denied { getattr } for path="/dev/__properties__/u:object_r:dumpstate_options_prop:s0" dev="tmpfs" ino=130 scontext=u:r:shell:s0 tcontext=u:object_r:dumpstate_options_prop:s0 tclass=file permissive=1
09-30 05:50:05.404 807 807 D StatusBar: disable disable2
09-30 05:50:01.092 980 980 I getprop : type=1400 audit(0.0:689): avc: denied { map } for path="/dev/__properties__/u:object_r:dumpstate_options_prop:s0" dev="tmpfs" ino=130 scontext=u:r:shell:s0 tcontext=u:object_r:dumpstate_options_prop:s0 tclass=file permissive=1
09-30 05:50:05.440 527 537 I system_server: Background young concurrent copying GC freed 30996(2575KB) AllocSpace objects, 5(212KB) LOS objects, 18% free, 9218KB/11MB, paused 444us total 104.145ms
09-30 05:50:05.443 479 479 I adbd : UsbFfs: already offline
09-30 05:50:05.444 479 479 I adbd : authentication not required
09-30 05:50:01.092 980 980 I getprop : type=1400 audit(0.0:690): avc: denied { open } for path="/dev/__properties__/u:object_r:exported_bluetooth_prop:s0" dev="tmpfs" ino=134 scontext=u:r:shell:s0 tcontext=u:object_r:exported_bluetooth_prop:s0 tclass=file permissive=1
09-30 05:50:01.092 980 980 I getprop : type=1400 audit(0.0:691): avc: denied { getattr } for path="/dev/__properties__/u:object_r:exported_bluetooth_prop:s0" dev="tmpfs" ino=134 scontext=u:r:shell:s0 tcontext=u:object_r:exported_bluetooth_prop:s0 tclass=file permissive=1
09-30 05:50:05.494 807 807 D StatusBar: mUserSetupObserver - DeviceProvisionedListener called for user 0
09-30 05:50:05.494 807 807 D StatusBar: updateQsExpansionEnabled - QS Expand enabled: true
09-30 05:50:05.496 807 807 D StatusBar: mUserSetupObserver - DeviceProvisionedListener called for user 0
09-30 05:50:01.096 980 980 I getprop : type=1400 audit(0.0:692): avc: denied { map } for path="/dev/__properties__/u:object_r:exported_bluetooth_prop:s0" dev="tmpfs" ino=134 scontext=u:r:shell:s0 tcontext=u:object_r:exported_bluetooth_prop:s0 tclass=file permissive=1
09-30 05:50:05.498 807 1051 D OpenGLRenderer: profile bars disabled
09-30 05:50:05.499 807 1051 D OpenGLRenderer: ambientRatio = 1.50
09-30 05:50:01.096 980 980 I getprop : type=1400 audit(0.0:693): avc: denied { open } for path="/dev/__properties__/u:object_r:exported_overlay_prop:s0" dev="tmpfs" ino=138 scontext=u:r:shell:s0 tcontext=u:object_r:exported_overlay_prop:s0 tclass=file permissive=1
09-30 05:50:01.096 980 980 I getprop : type=1400 audit(0.0:694): avc: denied { getattr } for path="/dev/__properties__/u:object_r:exported_overlay_prop:s0" dev="tmpfs" ino=138 scontext=u:r:shell:s0 tcontext=u:object_r:exported_overlay_prop:s0 tclass=file permissive=1
09-30 05:50:01.096 980 980 I getprop : type=1400 audit(0.0:695): avc: denied { map } for path="/dev/__properties__/u:object_r:exported_overlay_prop:s0" dev="tmpfs" ino=138 scontext=u:r:shell:s0 tcontext=u:object_r:exported_overlay_prop:s0 tclass=file permissive=1
09-30 05:50:01.096 980 980 I getprop : type=1400 audit(0.0:696): avc: denied { open } for path="/dev/__properties__/u:object_r:fastbootd_protocol_prop:s0" dev="tmpfs" ino=141 scontext=u:r:shell:s0 tcontext=u:object_r:fastbootd_protocol_prop:s0 tclass=file permissive=1
09-30 05:50:05.598 807 807 D NotifPipeline: Notif pipeline initialized
09-30 05:50:01.096 980 980 I getprop : type=1400 audit(0.0:697): avc: denied { getattr } for path="/dev/__properties__/u:object_r:fastbootd_protocol_prop:s0" dev="tmpfs" ino=141 scontext=u:r:shell:s0 tcontext=u:object_r:fastbootd_protocol_prop:s0 tclass=file permissive=1
09-30 05:50:05.625 807 807 V WifiManager: registerSoftApCallback: callback=com.android.systemui.statusbar.policy.HotspotControllerImpl@5765b60, executor=android.os.HandlerExecutor@f7c5819
09-30 05:50:05.629 807 1098 V WifiManager: SoftApCallbackProxy: send InfoChanged, newInfo: SoftApInfo{bandwidth= 0, frequency= 0, wifiStandard= 0, mApInstanceIdentifier= null, mIdleShutdownTimeoutMillis= 0}
09-30 05:50:05.629 807 1098 V WifiManager: SoftApCallbackProxy: send InfoChanged, changedInfoList: []
09-30 05:50:05.629 807 1098 V WifiManager: SoftApCallbackProxy: send onConnectedClientsChanged(clients): []
09-30 05:50:05.641 807 807 D NavigationModeController: getCurrentInteractionMode: mode=0 contextUser=0
09-30 05:50:01.096 980 980 I getprop : type=1400 audit(0.0:698): avc: denied { map } for path="/dev/__properties__/u:object_r:fastbootd_protocol_prop:s0" dev="tmpfs" ino=141 scontext=u:r:shell:s0 tcontext=u:object_r:fastbootd_protocol_prop:s0 tclass=file permissive=1
09-30 05:50:05.659 807 807 D SystemUIBootTiming: StartServicescom.android.systemui.statusbar.phone.StatusBar took to complete: 1986ms
09-30 05:50:05.659 807 807 W SystemUIService: Initialization of com.android.systemui.statusbar.phone.StatusBar took 1986 ms
09-30 05:50:05.664 807 1044 W ActivityThread: Failed to find provider info for com.android.contacts (user not unlocked)
09-30 05:50:01.096 980 980 I getprop : type=1400 audit(0.0:699): avc: denied { open } for path="/dev/__properties__/u:object_r:ffs_control_prop:s0" dev="tmpfs" ino=143 scontext=u:r:shell:s0 tcontext=u:object_r:ffs_control_prop:s0 tclass=file permissive=1
09-30 05:50:05.675 807 807 D StorageNotification: Notifying about private volume: VolumeInfo{private}:
09-30 05:50:05.675 807 807 D StorageNotification: type=PRIVATE diskId=null partGuid=null mountFlags=0 mountUserId=-10000
09-30 05:50:05.675 807 807 D StorageNotification: state=MOUNTED
09-30 05:50:05.675 807 807 D StorageNotification: fsType=null fsUuid=null fsLabel=null
09-30 05:50:05.675 807 807 D StorageNotification: path=/data internalPath=null
09-30 05:50:05.681 807 807 D SystemUIBootTiming: StartServicescom.android.systemui.usb.StorageNotification took to complete: 19ms
09-30 05:50:01.096 980 980 I getprop : type=1400 audit(0.0:700): avc: denied { getattr } for path="/dev/__properties__/u:object_r:ffs_control_prop:s0" dev="tmpfs" ino=143 scontext=u:r:shell:s0 tcontext=u:object_r:ffs_control_prop:s0 tclass=file permissive=1
09-30 05:50:01.096 980 980 I getprop : type=1400 audit(0.0:701): avc: denied { map } for path="/dev/__properties__/u:object_r:ffs_control_prop:s0" dev="tmpfs" ino=143 scontext=u:r:shell:s0 tcontext=u:object_r:ffs_control_prop:s0 tclass=file permissive=1
09-30 05:50:05.718 807 807 D SystemUIBootTiming: StartServicescom.android.systemui.power.PowerUI took to complete: 37ms
09-30 05:50:05.725 807 807 D SystemUIBootTiming: StartServicescom.android.systemui.media.RingtonePlayer took to complete: 6ms
09-30 05:50:05.727 807 807 D SystemUIBootTiming: StartServicescom.android.systemui.keyboard.KeyboardUI took to complete: 2ms
09-30 05:50:05.732 807 807 D SystemUIBootTiming: StartServicescom.android.systemui.shortcut.ShortcutKeyDispatcher took to complete: 3ms
09-30 05:50:05.732 807 807 D SystemUIBootTiming: StartServicescom.android.systemui.VendorServices took to complete: 0ms
09-30 05:50:01.096 980 980 I getprop : type=1400 audit(0.0:702): avc: denied { open } for path="/dev/__properties__/u:object_r:firstboot_prop:s0" dev="tmpfs" ino=145 scontext=u:r:shell:s0 tcontext=u:object_r:firstboot_prop:s0 tclass=file permissive=1
09-30 05:50:05.737 807 807 D SystemUIBootTiming: StartServicescom.android.systemui.util.leak.GarbageMonitor$Service took to complete: 4ms
09-30 05:50:05.738 807 807 D SystemUIBootTiming: StartServicescom.android.systemui.LatencyTester took to complete: 1ms
09-30 05:50:05.742 807 807 D SystemUIBootTiming: StartServicescom.android.systemui.globalactions.GlobalActionsComponent took to complete: 4ms
09-30 05:50:05.745 807 807 D SystemUIBootTiming: StartServicescom.android.systemui.ScreenDecorations took to complete: 3ms
09-30 05:50:05.748 807 807 D SystemUIBootTiming: StartServicescom.android.systemui.biometrics.AuthController took to complete: 2ms
09-30 05:50:05.749 807 807 D SystemUIBootTiming: StartServicescom.android.systemui.SliceBroadcastRelayHandler took to complete: 1ms
09-30 05:50:05.754 807 807 D SystemUIBootTiming: StartServicescom.android.systemui.statusbar.notification.InstantAppNotifier took to complete: 5ms
09-30 05:50:01.096 980 980 I getprop : type=1400 audit(0.0:703): avc: denied { getattr } for path="/dev/__properties__/u:object_r:firstboot_prop:s0" dev="tmpfs" ino=145 scontext=u:r:shell:s0 tcontext=u:object_r:firstboot_prop:s0 tclass=file permissive=1
09-30 05:50:05.763 807 807 D ThemeOverlayController: Start
09-30 05:50:05.768 807 807 D SystemUIBootTiming: StartServicescom.android.systemui.theme.ThemeOverlayController took to complete: 14ms
09-30 05:50:05.770 807 807 D SystemUIBootTiming: StartServicescom.android.systemui.accessibility.WindowMagnification took to complete: 2ms
09-30 05:50:01.096 980 980 I getprop : type=1400 audit(0.0:704): avc: denied { map } for path="/dev/__properties__/u:object_r:firstboot_prop:s0" dev="tmpfs" ino=145 scontext=u:r:shell:s0 tcontext=u:object_r:firstboot_prop:s0 tclass=file permissive=1
09-30 05:50:05.795 807 807 D SystemUIBootTiming: StartServicescom.android.systemui.accessibility.SystemActions took to complete: 24ms
09-30 05:50:05.798 807 807 D SystemUIBootTiming: StartServicescom.android.systemui.toast.ToastUI took to complete: 3ms
09-30 05:50:05.804 807 807 D SystemUIBootTiming: StartServicescom.android.systemui.wmshell.WMShell took to complete: 6ms
09-30 05:50:01.096 980 980 I getprop : type=1400 audit(0.0:705): avc: denied { open } for path="/dev/__properties__/u:object_r:framework_watchdog_config_prop:s0" dev="tmpfs" ino=146 scontext=u:r:shell:s0 tcontext=u:object_r:framework_watchdog_config_prop:s0 tclass=file permissive=1
09-30 05:50:01.096 980 980 I getprop : type=1400 audit(0.0:706): avc: denied { getattr } for path="/dev/__properties__/u:object_r:framework_watchdog_config_prop:s0" dev="tmpfs" ino=146 scontext=u:r:shell:s0 tcontext=u:object_r:framework_watchdog_config_prop:s0 tclass=file permissive=1
09-30 05:50:05.849 807 807 D StatusBar: disable disable2
09-30 05:50:05.849 807 807 D SystemUIBootTiming: StartServices took to complete: 3088ms
09-30 05:50:01.096 980 980 I getprop : type=1400 audit(0.0:707): avc: denied { map } for path="/dev/__properties__/u:object_r:framework_watchdog_config_prop:s0" dev="tmpfs" ino=146 scontext=u:r:shell:s0 tcontext=u:object_r:framework_watchdog_config_prop:s0 tclass=file permissive=1
09-30 05:50:05.865 807 807 W KeyguardUpdateMonitor: invalid subId in handleServiceStateChange()
09-30 05:50:01.096 980 980 I getprop : type=1400 audit(0.0:708): avc: denied { open } for path="/dev/__properties__/u:object_r:gsid_prop:s0" dev="tmpfs" ino=148 scontext=u:r:shell:s0 tcontext=u:object_r:gsid_prop:s0 tclass=file permissive=1
09-30 05:50:05.885 527 576 E BluetoothAdapter: Bluetooth binder is null
09-30 05:50:05.903 807 807 E libEGL : validate_display:538 error 3001 (EGL_NOT_INITIALIZED)
09-30 05:50:01.096 980 980 I getprop : type=1400 audit(0.0:709): avc: denied { getattr } for path="/dev/__properties__/u:object_r:gsid_prop:s0" dev="tmpfs" ino=148 scontext=u:r:shell:s0 tcontext=u:object_r:gsid_prop:s0 tclass=file permissive=1
09-30 05:50:01.096 980 980 I getprop : type=1400 audit(0.0:710): avc: denied { map } for path="/dev/__properties__/u:object_r:gsid_prop:s0" dev="tmpfs" ino=148 scontext=u:r:shell:s0 tcontext=u:object_r:gsid_prop:s0 tclass=file permissive=1
09-30 05:50:01.096 980 980 I getprop : type=1400 audit(0.0:711): avc: denied { open } for path="/dev/__properties__/u:object_r:hal_dumpstate_config_prop:s0" dev="tmpfs" ino=149 scontext=u:r:shell:s0 tcontext=u:object_r:hal_dumpstate_config_prop:s0 tclass=file permissive=1
09-30 05:50:01.096 980 980 I getprop : type=1400 audit(0.0:712): avc: denied { getattr } for path="/dev/__properties__/u:object_r:hal_dumpstate_config_prop:s0" dev="tmpfs" ino=149 scontext=u:r:shell:s0 tcontext=u:object_r:hal_dumpstate_config_prop:s0 tclass=file permissive=1
09-30 05:50:05.998 527 583 D CompatibilityChangeReporter: Compat change id reported: 158002302; UID 10062; state: ENABLED
09-30 05:50:01.096 980 980 I getprop : type=1400 audit(0.0:713): avc: denied { map } for path="/dev/__properties__/u:object_r:hal_dumpstate_config_prop:s0" dev="tmpfs" ino=149 scontext=u:r:shell:s0 tcontext=u:object_r:hal_dumpstate_config_prop:s0 tclass=file permissive=1
09-30 05:50:01.096 980 980 I getprop : type=1400 audit(0.0:714): avc: denied { open } for path="/dev/__properties__/u:object_r:incremental_prop:s0" dev="tmpfs" ino=156 scontext=u:r:shell:s0 tcontext=u:object_r:incremental_prop:s0 tclass=file permissive=1
09-30 05:50:06.025 807 807 V WallpaperService: Setting wallpaper dimming: 0
09-30 05:50:06.036 807 807 I Choreographer: Skipped 198 frames! The application may be doing too much work on its main thread.
09-30 05:50:06.042 807 1048 E ion : open /dev/ion failed: No such file or directory
09-30 05:50:06.043 807 807 I DepthController: Won't set zoom. Window not attached com.android.systemui.statusbar.phone.NotificationShadeWindowView{12f4ba3 I.E...... ......I. 0,0-0,0}
09-30 05:50:01.096 980 980 I getprop : type=1400 audit(0.0:715): avc: denied { getattr } for path="/dev/__properties__/u:object_r:incremental_prop:s0" dev="tmpfs" ino=156 scontext=u:r:shell:s0 tcontext=u:object_r:incremental_prop:s0 tclass=file permissive=1
09-30 05:50:06.053 216 216 I hwservicemanager: getTransport: Cannot find entry android.hardware.configstore@1.0::ISurfaceFlingerConfigs/default in either framework or device VINTF manifest.
09-30 05:50:06.056 807 1048 D EglHelper: createEglContext start
09-30 05:50:06.063 807 1048 D EglHelper: createEglContext done
09-30 05:50:06.063 807 1048 D EglHelper: createEglSurface start
09-30 05:50:01.180 980 980 I getprop : type=1400 audit(0.0:716): avc: denied { open } for path="/dev/__properties__/u:object_r:init_svc_debug_prop:s0" dev="tmpfs" ino=160 scontext=u:r:shell:s0 tcontext=u:object_r:init_svc_debug_prop:s0 tclass=file permissive=1
09-30 05:50:01.180 980 980 I getprop : type=1400 audit(0.0:717): avc: denied { getattr } for path="/dev/__properties__/u:object_r:init_svc_debug_prop:s0" dev="tmpfs" ino=160 scontext=u:r:shell:s0 tcontext=u:object_r:init_svc_debug_prop:s0 tclass=file permissive=1
09-30 05:50:01.180 980 980 I getprop : type=1400 audit(0.0:718): avc: denied { map } for path="/dev/__properties__/u:object_r:init_svc_debug_prop:s0" dev="tmpfs" ino=160 scontext=u:r:shell:s0 tcontext=u:object_r:init_svc_debug_prop:s0 tclass=file permissive=1
09-30 05:50:06.123 807 1048 D EglHelper: createEglSurface done
09-30 05:50:06.139 807 817 I ndroid.systemu: NativeAlloc concurrent copying GC freed 44863(4421KB) AllocSpace objects, 8(224KB) LOS objects, 24% free, 5513KB/7351KB, paused 200us total 168.885ms
09-30 05:50:01.180 980 980 I getprop : type=1400 audit(0.0:719): avc: denied { open } for path="/dev/__properties__/u:object_r:keyguard_config_prop:s0" dev="tmpfs" ino=161 scontext=u:r:shell:s0 tcontext=u:object_r:keyguard_config_prop:s0 tclass=file permissive=1
09-30 05:50:06.154 807 807 D NavigationModeController: getCurrentUserContext: contextUser=0 currentUser=0
09-30 05:50:01.180 980 980 I getprop : type=1400 audit(0.0:720): avc: denied { getattr } for path="/dev/__properties__/u:object_r:keyguard_config_prop:s0" dev="tmpfs" ino=161 scontext=u:r:shell:s0 tcontext=u:object_r:keyguard_config_prop:s0 tclass=file permissive=1
09-30 05:50:01.180 980 980 I getprop : type=1400 audit(0.0:721): avc: denied { map } for path="/dev/__properties__/u:object_r:keyguard_config_prop:s0" dev="tmpfs" ino=161 scontext=u:r:shell:s0 tcontext=u:object_r:keyguard_config_prop:s0 tclass=file permissive=1
09-30 05:50:01.180 980 980 I getprop : type=1400 audit(0.0:722): avc: denied { open } for path="/dev/__properties__/u:object_r:keystore_crash_prop:s0" dev="tmpfs" ino=162 scontext=u:r:shell:s0 tcontext=u:object_r:keystore_crash_prop:s0 tclass=file permissive=1
09-30 05:50:01.180 980 980 I getprop : type=1400 audit(0.0:723): avc: denied { getattr } for path="/dev/__properties__/u:object_r:keystore_crash_prop:s0" dev="tmpfs" ino=162 scontext=u:r:shell:s0 tcontext=u:object_r:keystore_crash_prop:s0 tclass=file permissive=1
09-30 05:50:06.262 807 1048 V WallpaperService: Setting wallpaper dimming: 0.05
09-30 05:50:01.180 980 980 I getprop : type=1400 audit(0.0:724): avc: denied { map } for path="/dev/__properties__/u:object_r:keystore_crash_prop:s0" dev="tmpfs" ino=162 scontext=u:r:shell:s0 tcontext=u:object_r:keystore_crash_prop:s0 tclass=file permissive=1
09-30 05:50:01.180 980 980 I getprop : type=1400 audit(0.0:725): avc: denied { open } for path="/dev/__properties__/u:object_r:keystore_listen_prop:s0" dev="tmpfs" ino=163 scontext=u:r:shell:s0 tcontext=u:object_r:keystore_listen_prop:s0 tclass=file permissive=1
09-30 05:50:01.180 980 980 I getprop : type=1400 audit(0.0:726): avc: denied { getattr } for path="/dev/__properties__/u:object_r:keystore_listen_prop:s0" dev="tmpfs" ino=163 scontext=u:r:shell:s0 tcontext=u:object_r:keystore_listen_prop:s0 tclass=file permissive=1
09-30 05:50:01.180 980 980 I getprop : type=1400 audit(0.0:727): avc: denied { map } for path="/dev/__properties__/u:object_r:keystore_listen_prop:s0" dev="tmpfs" ino=163 scontext=u:r:shell:s0 tcontext=u:object_r:keystore_listen_prop:s0 tclass=file permissive=1
09-30 05:50:01.180 980 980 I getprop : type=1400 audit(0.0:728): avc: denied { open } for path="/dev/__properties__/u:object_r:llkd_prop:s0" dev="tmpfs" ino=166 scontext=u:r:shell:s0 tcontext=u:object_r:llkd_prop:s0 tclass=file permissive=1
09-30 05:50:01.180 980 980 I getprop : type=1400 audit(0.0:729): avc: denied { getattr } for path="/dev/__properties__/u:object_r:llkd_prop:s0" dev="tmpfs" ino=166 scontext=u:r:shell:s0 tcontext=u:object_r:llkd_prop:s0 tclass=file permissive=1
09-30 05:50:01.180 980 980 I getprop : type=1400 audit(0.0:730): avc: denied { map } for path="/dev/__properties__/u:object_r:llkd_prop:s0" dev="tmpfs" ino=166 scontext=u:r:shell:s0 tcontext=u:object_r:llkd_prop:s0 tclass=file permissive=1
09-30 05:50:01.180 980 980 I getprop : type=1400 audit(0.0:731): avc: denied { open } for path="/dev/__properties__/u:object_r:lmkd_prop:s0" dev="tmpfs" ino=168 scontext=u:r:shell:s0 tcontext=u:object_r:lmkd_prop:s0 tclass=file permissive=1
09-30 05:50:01.180 980 980 I getprop : type=1400 audit(0.0:732): avc: denied { getattr } for path="/dev/__properties__/u:object_r:lmkd_prop:s0" dev="tmpfs" ino=168 scontext=u:r:shell:s0 tcontext=u:object_r:lmkd_prop:s0 tclass=file permissive=1
09-30 05:50:01.180 980 980 I getprop : type=1400 audit(0.0:733): avc: denied { map } for path="/dev/__properties__/u:object_r:lmkd_prop:s0" dev="tmpfs" ino=168 scontext=u:r:shell:s0 tcontext=u:object_r:lmkd_prop:s0 tclass=file permissive=1
09-30 05:50:01.180 980 980 I getprop : type=1400 audit(0.0:734): avc: denied { open } for path="/dev/__properties__/u:object_r:lower_kptr_restrict_prop:s0" dev="tmpfs" ino=174 scontext=u:r:shell:s0 tcontext=u:object_r:lower_kptr_restrict_prop:s0 tclass=file permissive=1
09-30 05:50:01.180 980 980 I getprop : type=1400 audit(0.0:735): avc: denied { getattr } for path="/dev/__properties__/u:object_r:lower_kptr_restrict_prop:s0" dev="tmpfs" ino=174 scontext=u:r:shell:s0 tcontext=u:object_r:lower_kptr_restrict_prop:s0 tclass=file permissive=1
09-30 05:50:01.180 980 980 I getprop : type=1400 audit(0.0:736): avc: denied { map } for path="/dev/__properties__/u:object_r:lower_kptr_restrict_prop:s0" dev="tmpfs" ino=174 scontext=u:r:shell:s0 tcontext=u:object_r:lower_kptr_restrict_prop:s0 tclass=file permissive=1
09-30 05:50:01.180 980 980 I getprop : type=1400 audit(0.0:737): avc: denied { open } for path="/dev/__properties__/u:object_r:lowpan_prop:s0" dev="tmpfs" ino=175 scontext=u:r:shell:s0 tcontext=u:object_r:lowpan_prop:s0 tclass=file permissive=1
09-30 05:50:01.180 980 980 I getprop : type=1400 audit(0.0:738): avc: denied { getattr } for path="/dev/__properties__/u:object_r:lowpan_prop:s0" dev="tmpfs" ino=175 scontext=u:r:shell:s0 tcontext=u:object_r:lowpan_prop:s0 tclass=file permissive=1
09-30 05:50:01.180 980 980 I getprop : type=1400 audit(0.0:739): avc: denied { map } for path="/dev/__properties__/u:object_r:lowpan_prop:s0" dev="tmpfs" ino=175 scontext=u:r:shell:s0 tcontext=u:object_r:lowpan_prop:s0 tclass=file permissive=1
09-30 05:50:01.184 980 980 I getprop : type=1400 audit(0.0:740): avc: denied { open } for path="/dev/__properties__/u:object_r:mm_events_config_prop:s0" dev="tmpfs" ino=180 scontext=u:r:shell:s0 tcontext=u:object_r:mm_events_config_prop:s0 tclass=file permissive=1
09-30 05:50:01.184 980 980 I getprop : type=1400 audit(0.0:741): avc: denied { getattr } for path="/dev/__properties__/u:object_r:mm_events_config_prop:s0" dev="tmpfs" ino=180 scontext=u:r:shell:s0 tcontext=u:object_r:mm_events_config_prop:s0 tclass=file permissive=1
09-30 05:50:01.184 980 980 I getprop : type=1400 audit(0.0:742): avc: denied { map } for path="/dev/__properties__/u:object_r:mm_events_config_prop:s0" dev="tmpfs" ino=180 scontext=u:r:shell:s0 tcontext=u:object_r:mm_events_config_prop:s0 tclass=file permissive=1
09-30 05:50:06.689 432 435 E GpuMem : Failed to attach bpf program to gpu_mem/gpu_mem_total tracepoint [2(No such file or directory)]
09-30 05:50:06.690 432 435 E GpuMemTracer: Cannot initialize GpuMemTracer before GpuMem
09-30 05:50:01.184 980 980 I getprop : type=1400 audit(0.0:743): avc: denied { open } for path="/dev/__properties__/u:object_r:mmc_prop:s0" dev="tmpfs" ino=181 scontext=u:r:shell:s0 tcontext=u:object_r:mmc_prop:s0 tclass=file permissive=1
09-30 05:50:01.184 980 980 I getprop : type=1400 audit(0.0:744): avc: denied { getattr } for path="/dev/__properties__/u:object_r:mmc_prop:s0" dev="tmpfs" ino=181 scontext=u:r:shell:s0 tcontext=u:object_r:mmc_prop:s0 tclass=file permissive=1
09-30 05:50:01.184 980 980 I getprop : type=1400 audit(0.0:745): avc: denied { map } for path="/dev/__properties__/u:object_r:mmc_prop:s0" dev="tmpfs" ino=181 scontext=u:r:shell:s0 tcontext=u:object_r:mmc_prop:s0 tclass=file permissive=1
09-30 05:50:01.184 980 980 I getprop : type=1400 audit(0.0:746): avc: denied { open } for path="/dev/__properties__/u:object_r:net_464xlat_fromvendor_prop:s0" dev="tmpfs" ino=184 scontext=u:r:shell:s0 tcontext=u:object_r:net_464xlat_fromvendor_prop:s0 tclass=file permissive=1
09-30 05:50:01.184 980 980 I getprop : type=1400 audit(0.0:747): avc: denied { getattr } for path="/dev/__properties__/u:object_r:net_464xlat_fromvendor_prop:s0" dev="tmpfs" ino=184 scontext=u:r:shell:s0 tcontext=u:object_r:net_464xlat_fromvendor_prop:s0 tclass=file permissive=1
09-30 05:50:01.184 980 980 I getprop : type=1400 audit(0.0:748): avc: denied { map } for path="/dev/__properties__/u:object_r:net_464xlat_fromvendor_prop:s0" dev="tmpfs" ino=184 scontext=u:r:shell:s0 tcontext=u:object_r:net_464xlat_fromvendor_prop:s0 tclass=file permissive=1
09-30 05:50:06.822 807 1001 I OpenGLRenderer: Davey! duration=4025ms; Flags=1, FrameTimelineVsyncId=353, IntendedVsync=46187916371, Vsync=49487916239, InputEventId=0, HandleInputStart=49493021420, AnimationStart=49493079025, PerformTraversalsStart=49507579115, DrawStart=49737360115, FrameDeadline=46204583037, FrameInterval=49492799675, FrameStartTime=16666666, SyncQueued=50184459145, SyncStart=50232310730, IssueDrawCommandsStart=50233607300, SwapBuffers=50258449410, FrameCompleted=50260922365, DequeueBufferDuration=0, QueueBufferDuration=1852905, GpuCompleted=50259397940, SwapBuffersCompleted=50260922365, DisplayPresentTime=0,
09-30 05:50:06.828 468 468 I update_engine: [INFO:cleanup_previous_update_action.cc(112)] Executing task 15
09-30 05:50:06.835 468 468 I update_engine: [INFO:cleanup_previous_update_action.cc(124)] CleanupPreviousUpdateAction scheduled task ID 16 for WaitBootCompleted
09-30 05:50:01.184 980 980 I getprop : type=1400 audit(0.0:749): avc: denied { open } for path="/dev/__properties__/u:object_r:net_connectivity_prop:s0" dev="tmpfs" ino=185 scontext=u:r:shell:s0 tcontext=u:object_r:net_connectivity_prop:s0 tclass=file permissive=1
09-30 05:50:01.184 980 980 I getprop : type=1400 audit(0.0:750): avc: denied { getattr } for path="/dev/__properties__/u:object_r:net_connectivity_prop:s0" dev="tmpfs" ino=185 scontext=u:r:shell:s0 tcontext=u:object_r:net_connectivity_prop:s0 tclass=file permissive=1
09-30 05:50:06.890 807 1059 W ActivityThread: Failed to find provider info for com.android.contacts (user not unlocked)
09-30 05:50:01.184 980 980 I getprop : type=1400 audit(0.0:751): avc: denied { map } for path="/dev/__properties__/u:object_r:net_connectivity_prop:s0" dev="tmpfs" ino=185 scontext=u:r:shell:s0 tcontext=u:object_r:net_connectivity_prop:s0 tclass=file permissive=1
09-30 05:50:01.184 980 980 I getprop : type=1400 audit(0.0:752): avc: denied { open } for path="/dev/__properties__/u:object_r:net_dns_prop:s0" dev="tmpfs" ino=186 scontext=u:r:shell:s0 tcontext=u:object_r:net_dns_prop:s0 tclass=file permissive=1
09-30 05:50:01.184 980 980 I getprop : type=1400 audit(0.0:753): avc: denied { getattr } for path="/dev/__properties__/u:object_r:net_dns_prop:s0" dev="tmpfs" ino=186 scontext=u:r:shell:s0 tcontext=u:object_r:net_dns_prop:s0 tclass=file permissive=1
09-30 05:50:01.184 980 980 I getprop : type=1400 audit(0.0:754): avc: denied { map } for path="/dev/__properties__/u:object_r:net_dns_prop:s0" dev="tmpfs" ino=186 scontext=u:r:shell:s0 tcontext=u:object_r:net_dns_prop:s0 tclass=file permissive=1
09-30 05:50:01.184 980 980 I getprop : type=1400 audit(0.0:755): avc: denied { open } for path="/dev/__properties__/u:object_r:netd_stable_secret_prop:s0" dev="tmpfs" ino=188 scontext=u:r:shell:s0 tcontext=u:object_r:netd_stable_secret_prop:s0 tclass=file permissive=1
09-30 05:50:01.184 980 980 I getprop : type=1400 audit(0.0:756): avc: denied { getattr } for path="/dev/__properties__/u:object_r:netd_stable_secret_prop:s0" dev="tmpfs" ino=188 scontext=u:r:shell:s0 tcontext=u:object_r:netd_stable_secret_prop:s0 tclass=file permissive=1
09-30 05:50:07.008 527 580 W WindowManager: Keyguard drawn timeout. Setting mKeyguardDrawComplete
09-30 05:50:07.010 807 1059 W ActivityThread: Failed to find provider info for com.android.contacts (user not unlocked)
09-30 05:50:01.184 980 980 I getprop : type=1400 audit(0.0:757): avc: denied { map } for path="/dev/__properties__/u:object_r:netd_stable_secret_prop:s0" dev="tmpfs" ino=188 scontext=u:r:shell:s0 tcontext=u:object_r:netd_stable_secret_prop:s0 tclass=file permissive=1
09-30 05:50:01.184 980 980 I getprop : type=1400 audit(0.0:758): avc: denied { open } for path="/dev/__properties__/u:object_r:odsign_prop:s0" dev="tmpfs" ino=191 scontext=u:r:shell:s0 tcontext=u:object_r:odsign_prop:s0 tclass=file permissive=1
09-30 05:50:07.076 807 1059 W ActivityThread: Failed to find provider info for com.android.contacts (user not unlocked)
09-30 05:50:01.184 980 980 I getprop : type=1400 audit(0.0:759): avc: denied { getattr } for path="/dev/__properties__/u:object_r:odsign_prop:s0" dev="tmpfs" ino=191 scontext=u:r:shell:s0 tcontext=u:object_r:odsign_prop:s0 tclass=file permissive=1
09-30 05:50:01.184 980 980 I getprop : type=1400 audit(0.0:760): avc: denied { map } for path="/dev/__properties__/u:object_r:odsign_prop:s0" dev="tmpfs" ino=191 scontext=u:r:shell:s0 tcontext=u:object_r:odsign_prop:s0 tclass=file permissive=1
09-30 05:50:01.184 980 980 I getprop : type=1400 audit(0.0:761): avc: denied { open } for path="/dev/__properties__/u:object_r:oem_unlock_prop:s0" dev="tmpfs" ino=192 scontext=u:r:shell:s0 tcontext=u:object_r:oem_unlock_prop:s0 tclass=file permissive=1
09-30 05:50:01.184 980 980 I getprop : type=1400 audit(0.0:762): avc: denied { getattr } for path="/dev/__properties__/u:object_r:oem_unlock_prop:s0" dev="tmpfs" ino=192 scontext=u:r:shell:s0 tcontext=u:object_r:oem_unlock_prop:s0 tclass=file permissive=1
09-30 05:50:07.165 807 807 D StatusBar: disable disable2
09-30 05:50:01.184 980 980 I getprop : type=1400 audit(0.0:763): avc: denied { map } for path="/dev/__properties__/u:object_r:oem_unlock_prop:s0" dev="tmpfs" ino=192 scontext=u:r:shell:s0 tcontext=u:object_r:oem_unlock_prop:s0 tclass=file permissive=1
09-30 05:50:01.184 980 980 I getprop : type=1400 audit(0.0:764): avc: denied { open } for path="/dev/__properties__/u:object_r:overlay_prop:s0" dev="tmpfs" ino=194 scontext=u:r:shell:s0 tcontext=u:object_r:overlay_prop:s0 tclass=file permissive=1
09-30 05:50:01.184 980 980 I getprop : type=1400 audit(0.0:765): avc: denied { getattr } for path="/dev/__properties__/u:object_r:overlay_prop:s0" dev="tmpfs" ino=194 scontext=u:r:shell:s0 tcontext=u:object_r:overlay_prop:s0 tclass=file permissive=1
09-30 05:50:01.184 980 980 I getprop : type=1400 audit(0.0:766): avc: denied { map } for path="/dev/__properties__/u:object_r:overlay_prop:s0" dev="tmpfs" ino=194 scontext=u:r:shell:s0 tcontext=u:object_r:overlay_prop:s0 tclass=file permissive=1
09-30 05:50:01.184 980 980 I getprop : type=1400 audit(0.0:767): avc: denied { open } for path="/dev/__properties__/u:object_r:persist_vendor_debug_wifi_prop:s0" dev="tmpfs" ino=199 scontext=u:r:shell:s0 tcontext=u:object_r:persist_vendor_debug_wifi_prop:s0 tclass=file permissive=1
09-30 05:50:01.184 980 980 I getprop : type=1400 audit(0.0:768): avc: denied { getattr } for path="/dev/__properties__/u:object_r:persist_vendor_debug_wifi_prop:s0" dev="tmpfs" ino=199 scontext=u:r:shell:s0 tcontext=u:object_r:persist_vendor_debug_wifi_prop:s0 tclass=file permissive=1
