09-30 05:49:57.170 527 628 D SystemServerInitThreadPool: Finished executing startBlobStoreManagerService
09-30 05:49:57.170 527 628 D SystemServerTimingAsync: InitThreadPoolExec:startBlobStoreManagerService took to complete: 16ms
09-30 05:49:57.172 527 527 D SystemServerTiming: StartDreamManager took to complete: 15ms
09-30 05:49:57.172 527 527 I SystemServerTiming: AddGraphicsStatsService
09-30 05:49:57.184 527 527 D SystemServerTiming: AddGraphicsStatsService took to complete: 11ms
09-30 05:49:57.185 527 527 I SystemServerTiming: StartPrintManager
09-30 05:49:57.188 527 527 I SystemServiceManager: Starting com.android.server.print.PrintManagerService
09-30 05:49:57.194 527 527 D SystemServerTiming: StartPrintManager took to complete: 9ms
09-30 05:49:57.195 527 527 I SystemServerTiming: StartCompanionDeviceManager
09-30 05:49:57.198 527 527 I SystemServiceManager: Starting com.android.server.companion.CompanionDeviceManagerService
09-30 05:49:57.206 527 527 D SystemServerTiming: StartCompanionDeviceManager took to complete: 10ms
09-30 05:49:57.206 527 527 I SystemServerTiming: StartRestrictionManager
09-30 05:49:57.206 527 527 I SystemServiceManager: Starting com.android.server.restrictions.RestrictionsManagerService
09-30 05:49:57.210 527 527 D SystemServerTiming: StartRestrictionManager took to complete: 4ms
09-30 05:49:57.212 527 527 I SystemServerTiming: StartMediaSessionService
09-30 05:49:57.224 527 527 I SystemServiceManager: Starting com.android.server.media.MediaSessionService
09-30 05:49:57.231 527 527 D SystemServerTiming: StartMediaSessionService took to complete: 18ms
09-30 05:49:57.231 527 527 I SystemServerTiming: StartMediaResourceMonitor
09-30 05:49:57.232 527 527 I SystemServiceManager: Starting com.android.server.media.MediaResourceMonitorService
09-30 05:49:57.233 527 527 D SystemServerTiming: StartMediaResourceMonitor took to complete: 2ms
09-30 05:49:57.233 527 527 I SystemServerTiming: StartMediaRouterService
09-30 05:49:57.234 527 527 V HistoricalRegistry: Interaction before persistence initialized
09-30 05:49:57.238 527 527 D SystemServerTiming: StartMediaRouterService took to complete: 5ms
09-30 05:49:57.238 527 527 I SystemServerTiming: StartBiometricService
09-30 05:49:57.238 527 527 I SystemServiceManager: Starting com.android.server.biometrics.BiometricService
09-30 05:49:57.251 527 527 D SystemServerTiming: StartBiometricService took to complete: 12ms
09-30 05:49:57.253 527 527 I SystemServerTiming: StartAuthService
09-30 05:49:57.254 527 527 I SystemServiceManager: Starting com.android.server.biometrics.AuthService
09-30 05:49:57.260 527 537 I system_server: Background concurrent copying GC freed 21894(1224KB) AllocSpace objects, 3(76KB) LOS objects, 23% free, 6571KB/8619KB, paused 1.500ms total 203.515ms
09-30 05:49:57.262 527 538 W JHwRemoteBinder: BinderProxy is being destroyed but the application did not call unlinkToDeath to unlink all of its death recipients beforehand. Releasing leaked death recipient: com.android.server.usb.UsbDeviceManager$UsbHandlerHal$UsbGadgetDeathRecipient
09-30 05:49:57.266 527 527 D SystemServerTiming: StartAuthService took to complete: 12ms
09-30 05:49:57.266 527 527 I SystemServerTiming: StartBackgroundDexOptService
09-30 05:49:57.267 527 527 W BackgroundDexOptService: SysProp pm.dexopt.downgrade_after_inactive_days not set
09-30 05:49:57.270 527 527 D SystemServerTiming: StartBackgroundDexOptService took to complete: 4ms
09-30 05:49:57.270 527 527 I SystemServerTiming: StartDynamicCodeLoggingService
09-30 05:49:57.274 527 527 D SystemServerTiming: StartDynamicCodeLoggingService took to complete: 4ms
09-30 05:49:57.274 527 527 I SystemServerTiming: StartPruneInstantAppsJobService
09-30 05:49:57.276 527 527 D SystemServerTiming: StartPruneInstantAppsJobService took to complete: 1ms
09-30 05:49:57.276 527 527 I SystemServerTiming: StartShortcutServiceLifecycle
09-30 05:49:57.276 527 527 I SystemServiceManager: Starting com.android.server.pm.ShortcutService$Lifecycle
09-30 05:49:57.280 527 527 V HistoricalRegistry: Interaction before persistence initialized
09-30 05:49:57.282 527 527 D SystemServerTiming: StartShortcutServiceLifecycle took to complete: 5ms
09-30 05:49:57.282 527 527 I SystemServerTiming: StartLauncherAppsService
09-30 05:49:57.282 527 527 I SystemServiceManager: Starting com.android.server.pm.LauncherAppsService
09-30 05:49:57.288 527 527 D SystemServerTiming: StartLauncherAppsService took to complete: 5ms
09-30 05:49:57.288 527 527 I SystemServerTiming: StartCrossProfileAppsService
09-30 05:49:57.288 527 527 I SystemServiceManager: Starting com.android.server.pm.CrossProfileAppsService
09-30 05:49:57.291 527 527 D SystemServerTiming: StartCrossProfileAppsService took to complete: 3ms
09-30 05:49:57.292 527 527 I SystemServerTiming: StartPeopleService
09-30 05:49:57.292 527 527 I SystemServiceManager: Starting com.android.server.people.PeopleService
09-30 05:49:57.294 527 527 D SystemServerTiming: StartPeopleService took to complete: 3ms
09-30 05:49:57.294 527 527 I SystemServerTiming: StartMediaMetricsManager
09-30 05:49:57.294 527 527 I SystemServiceManager: Starting com.android.server.media.metrics.MediaMetricsManagerService
09-30 05:49:57.302 527 527 D SystemServerTiming: StartMediaMetricsManager took to complete: 7ms
09-30 05:49:57.302 527 527 I SystemServerTiming: StartMediaProjectionManager
09-30 05:49:57.302 527 527 I SystemServiceManager: Starting com.android.server.media.projection.MediaProjectionManagerService
09-30 05:49:57.308 527 527 V MediaRouter: Selecting route: RouteInfo{ name=Tablet, description=null, status=null, category=RouteCategory{ name=System types=ROUTE_TYPE_LIVE_AUDIO ROUTE_TYPE_LIVE_VIDEO groupable=false }, supportedTypes=ROUTE_TYPE_LIVE_AUDIO ROUTE_TYPE_LIVE_VIDEO , presentationDisplay=null }
09-30 05:49:57.308 527 527 I MediaRouter: Skip setBluetoothA2dpOn(): types=8388615, isPlaybackActive()=false, BT route=null
09-30 05:49:57.310 527 527 D SystemServerTiming: StartMediaProjectionManager took to complete: 8ms
09-30 05:49:57.311 527 527 I SystemServerTiming: StartSliceManagerService
09-30 05:49:57.311 527 527 I SystemServiceManager: Starting com.android.server.slice.SliceManagerService$Lifecycle
09-30 05:49:57.334 390 515 I zygote : Background concurrent copying GC freed 15168(545KB) AllocSpace objects, 0(0B) LOS objects, 21% free, 7393KB/9441KB, paused 88us total 167.281ms
09-30 05:49:57.336 527 527 D SystemServerTiming: StartSliceManagerService took to complete: 25ms
09-30 05:49:57.337 527 527 I SystemServerTiming: StartStatsCompanion
09-30 05:49:57.353 527 527 I SystemServiceManager: Starting com.android.server.stats.StatsCompanion$Lifecycle
09-30 05:49:57.361 527 527 D SystemServerTiming: StartStatsCompanion took to complete: 23ms
09-30 05:49:57.361 527 527 I SystemServerTiming: StartRebootReadinessManagerService
09-30 05:49:57.380 527 527 I SystemServiceManager: Starting com.android.server.scheduling.RebootReadinessManagerService$Lifecycle
09-30 05:49:57.387 384 388 I ServiceManager: Waiting for service 'statscompanion' on '/dev/binder' successful after waiting 2335ms
09-30 05:49:57.391 527 527 I TetheringManager: registerTetheringEventCallback:android
09-30 05:49:57.392 527 527 I TetheringManager: registerTetheringEventCallback caller:android
09-30 05:49:57.395 527 527 D SystemServerTiming: StartRebootReadinessManagerService took to complete: 33ms
09-30 05:49:57.395 527 527 I SystemServerTiming: StartStatsPullAtomService
09-30 05:49:57.396 527 527 I SystemServiceManager: Starting com.android.server.stats.pull.StatsPullAtomService
09-30 05:49:57.397 527 527 D SystemServerTiming: StartStatsPullAtomService took to complete: 1ms
09-30 05:49:57.397 527 527 I SystemServerTiming: StartIncidentCompanionService
09-30 05:49:57.397 527 527 I SystemServiceManager: Starting com.android.server.incident.IncidentCompanionService
09-30 05:49:57.399 527 527 D SystemServerTiming: StartIncidentCompanionService took to complete: 2ms
09-30 05:49:57.399 527 527 I SystemServerTiming: StartMmsService
09-30 05:49:57.399 527 527 I SystemServiceManager: Starting com.android.server.MmsServiceBroker
09-30 05:49:57.401 527 527 D SystemServerTiming: StartMmsService took to complete: 2ms
09-30 05:49:57.401 527 527 I SystemServerTiming: StartAutoFillService
09-30 05:49:57.401 527 527 I SystemServiceManager: Starting com.android.server.autofill.AutofillManagerService
09-30 05:49:57.405 527 527 D AutofillManagerService: setLogLevelFromSettings(): level=2, debug=true, verbose=false
09-30 05:49:57.405 527 527 D AutofillManagerService: setMaxPartitionsFromSettings(): 10
09-30 05:49:57.405 527 527 D AutofillManagerService: setMaxVisibleDatasetsFromSettings(): 0
09-30 05:49:57.408 527 527 D AutofillManagerServiceImpl: Reset component for user 0:
09-30 05:49:57.408 527 580 D AutofillUI: destroySaveUiUiThread(): already destroyed
09-30 05:49:57.412 527 527 D SystemServerTiming: StartAutoFillService took to complete: 11ms
09-30 05:49:57.412 527 527 D SystemServer: TranslationService not defined by OEM
09-30 05:49:57.412 527 527 I SystemServerTiming: StartClipboardService
09-30 05:49:57.413 527 527 I SystemServiceManager: Starting com.android.server.clipboard.ClipboardService
09-30 05:49:57.421 527 527 D SystemServerTiming: StartClipboardService took to complete: 9ms
09-30 05:49:57.421 527 527 I SystemServerTiming: AppServiceManager
09-30 05:49:57.421 527 527 I SystemServiceManager: Starting com.android.server.appbinding.AppBindingService$Lifecycle
09-30 05:49:57.424 527 527 D SystemServerTiming: AppServiceManager took to complete: 2ms
09-30 05:49:57.424 527 527 I SystemServerTiming: startTracingServiceProxy
09-30 05:49:57.424 527 527 I SystemServiceManager: Starting com.android.server.tracing.TracingServiceProxy
09-30 05:49:57.427 527 527 D SystemServerTiming: startTracingServiceProxy took to complete: 3ms
09-30 05:49:57.427 527 527 I SystemServerTiming: MakeLockSettingsServiceReady
09-30 05:49:57.440 216 216 I hwservicemanager: getTransport: Cannot find entry android.hardware.weaver@1.0::IWeaver/default in either framework or device VINTF manifest.
09-30 05:49:57.441 527 527 I SyntheticPasswordManager: Device does not support weaver
09-30 05:49:57.442 216 216 I hwservicemanager: getTransport: Cannot find entry android.hardware.authsecret@1.0::IAuthSecret/default in either framework or device VINTF manifest.
09-30 05:49:57.443 527 527 I LockSettingsService: Device doesn't implement AuthSecret HAL
09-30 05:49:57.445 527 527 D SystemServerTiming: MakeLockSettingsServiceReady took to complete: 18ms
09-30 05:49:57.445 527 527 I SystemServerTiming: StartBootPhaseLockSettingsReady
09-30 05:49:57.445 527 527 I SystemServiceManager: Starting phase 480
09-30 05:49:57.445 527 527 I SystemServerTiming: OnBootPhase_480
09-30 05:49:57.445 527 527 I SystemServerTiming: OnBootPhase_480_com.android.server.security.FileIntegrityService
09-30 05:49:57.445 527 527 D SystemServerTiming: OnBootPhase_480_com.android.server.security.FileIntegrityService took to complete: 0ms
09-30 05:49:57.445 527 527 I SystemServerTiming: OnBootPhase_480_com.android.server.pm.Installer
09-30 05:49:57.445 527 527 D SystemServerTiming: OnBootPhase_480_com.android.server.pm.Installer took to complete: 0ms
09-30 05:49:57.445 527 527 I SystemServerTiming: OnBootPhase_480_com.android.server.os.DeviceIdentifiersPolicyService
09-30 05:49:57.445 527 527 D SystemServerTiming: OnBootPhase_480_com.android.server.os.DeviceIdentifiersPolicyService took to complete: 0ms
09-30 05:49:57.445 527 527 I SystemServerTiming: OnBootPhase_480_com.android.server.uri.UriGrantsManagerService$Lifecycle
09-30 05:49:57.445 527 527 D SystemServerTiming: OnBootPhase_480_com.android.server.uri.UriGrantsManagerService$Lifecycle took to complete: 0ms
09-30 05:49:57.446 527 527 I SystemServerTiming: OnBootPhase_480_com.android.server.powerstats.PowerStatsService
09-30 05:49:57.446 527 527 D SystemServerTiming: OnBootPhase_480_com.android.server.powerstats.PowerStatsService took to complete: 0ms
09-30 05:49:57.446 527 527 I SystemServerTiming: OnBootPhase_480_com.android.server.wm.ActivityTaskManagerService$Lifecycle
09-30 05:49:57.446 527 527 D SystemServerTiming: OnBootPhase_480_com.android.server.wm.ActivityTaskManagerService$Lifecycle took to complete: 0ms
09-30 05:49:57.446 527 527 I SystemServerTiming: OnBootPhase_480_com.android.server.am.ActivityManagerService$Lifecycle
09-30 05:49:57.446 527 527 D SystemServerTiming: OnBootPhase_480_com.android.server.am.ActivityManagerService$Lifecycle took to complete: 0ms
09-30 05:49:57.446 527 527 I SystemServerTiming: OnBootPhase_480_com.android.server.pm.DataLoaderManagerService
09-30 05:49:57.446 527 527 D SystemServerTiming: OnBootPhase_480_com.android.server.pm.DataLoaderManagerService took to complete: 0ms
09-30 05:49:57.446 527 527 I SystemServerTiming: OnBootPhase_480_com.android.server.power.PowerManagerService
09-30 05:49:57.446 527 527 D SystemServerTiming: OnBootPhase_480_com.android.server.power.PowerManagerService took to complete: 0ms
09-30 05:49:57.446 527 527 I SystemServerTiming: OnBootPhase_480_com.android.server.power.ThermalManagerService
09-30 05:49:57.446 527 527 D SystemServerTiming: OnBootPhase_480_com.android.server.power.ThermalManagerService took to complete: 0ms
09-30 05:49:57.446 527 527 I SystemServerTiming: OnBootPhase_480_com.android.server.power.hint.HintManagerService
09-30 05:49:57.446 527 527 D SystemServerTiming: OnBootPhase_480_com.android.server.power.hint.HintManagerService took to complete: 0ms
09-30 05:49:57.446 527 527 I SystemServerTiming: OnBootPhase_480_com.android.server.recoverysystem.RecoverySystemService$Lifecycle
09-30 05:49:57.446 527 527 D SystemServerTiming: OnBootPhase_480_com.android.server.recoverysystem.RecoverySystemService$Lifecycle took to complete: 0ms
09-30 05:49:57.446 527 527 I SystemServerTiming: OnBootPhase_480_com.android.server.lights.LightsService
09-30 05:49:57.446 527 527 D SystemServerTiming: OnBootPhase_480_com.android.server.lights.LightsService took to complete: 0ms
09-30 05:49:57.446 527 527 I SystemServerTiming: OnBootPhase_480_com.android.server.display.DisplayManagerService
09-30 05:49:57.446 527 527 D SystemServerTiming: OnBootPhase_480_com.android.server.display.DisplayManagerService took to complete: 0ms
09-30 05:49:57.446 527 527 I SystemServerTiming: OnBootPhase_480_com.android.server.pm.verify.domain.DomainVerificationService
09-30 05:49:57.446 527 527 D SystemServerTiming: OnBootPhase_480_com.android.server.pm.verify.domain.DomainVerificationService took to complete: 0ms
09-30 05:49:57.446 527 527 I SystemServerTiming: OnBootPhase_480_com.android.server.pm.PackageInstallerService$Lifecycle
09-30 05:49:57.446 527 527 D SystemServerTiming: OnBootPhase_480_com.android.server.pm.PackageInstallerService$Lifecycle took to complete: 0ms
09-30 05:49:57.446 527 527 I SystemServerTiming: OnBootPhase_480_com.android.server.pm.UserManagerService$LifeCycle
09-30 05:49:57.446 527 527 D SystemServerTiming: OnBootPhase_480_com.android.server.pm.UserManagerService$LifeCycle took to complete: 0ms
09-30 05:49:57.446 527 527 I SystemServerTiming: OnBootPhase_480_com.android.server.om.OverlayManagerService
09-30 05:49:57.446 527 527 D SystemServerTiming: OnBootPhase_480_com.android.server.om.OverlayManagerService took to complete: 0ms
09-30 05:49:57.446 527 527 I SystemServerTiming: OnBootPhase_480_com.android.server.SensorPrivacyService
09-30 05:49:57.446 527 527 D SystemServerTiming: OnBootPhase_480_com.android.server.SensorPrivacyService took to complete: 0ms
09-30 05:49:57.446 527 527 I SystemServerTiming: OnBootPhase_480_com.android.server.sensors.SensorService
09-30 05:49:57.446 527 527 D SystemServerTiming: OnBootPhase_480_com.android.server.sensors.SensorService took to complete: 0ms
09-30 05:49:57.446 527 527 I SystemServerTiming: OnBootPhase_480_com.android.server.SystemConfigService
09-30 05:49:57.446 527 527 D SystemServerTiming: OnBootPhase_480_com.android.server.SystemConfigService took to complete: 0ms
09-30 05:49:57.446 527 527 I SystemServerTiming: OnBootPhase_480_com.android.server.BatteryService
09-30 05:49:57.446 527 527 D SystemServerTiming: OnBootPhase_480_com.android.server.BatteryService took to complete: 0ms
09-30 05:49:57.447 527 527 I SystemServerTiming: OnBootPhase_480_com.android.server.usage.UsageStatsService
09-30 05:49:57.447 527 527 D SystemServerTiming: OnBootPhase_480_com.android.server.usage.UsageStatsService took to complete: 0ms
09-30 05:49:57.447 527 527 I SystemServerTiming: OnBootPhase_480_com.android.server.webkit.WebViewUpdateService
09-30 05:49:57.447 527 527 D SystemServerTiming: OnBootPhase_480_com.android.server.webkit.WebViewUpdateService took to complete: 0ms
09-30 05:49:57.447 527 527 I SystemServerTiming: OnBootPhase_480_com.android.server.CachedDeviceStateService
09-30 05:49:57.447 527 527 D SystemServerTiming: OnBootPhase_480_com.android.server.CachedDeviceStateService took to complete: 0ms
09-30 05:49:57.447 527 527 I SystemServerTiming: OnBootPhase_480_com.android.server.BinderCallsStatsService$LifeCycle
09-30 05:49:57.447 527 527 D SystemServerTiming: OnBootPhase_480_com.android.server.BinderCallsStatsService$LifeCycle took to complete: 0ms
09-30 05:49:57.447 527 527 I SystemServerTiming: OnBootPhase_480_com.android.server.LooperStatsService$Lifecycle
09-30 05:49:57.447 527 527 D SystemServerTiming: OnBootPhase_480_com.android.server.LooperStatsService$Lifecycle took to complete: 0ms
09-30 05:49:57.447 527 527 I SystemServerTiming: OnBootPhase_480_com.android.server.rollback.RollbackManagerService
09-30 05:49:57.447 527 527 D SystemServerTiming: OnBootPhase_480_com.android.server.rollback.RollbackManagerService took to complete: 0ms
09-30 05:49:57.447 527 527 I SystemServerTiming: OnBootPhase_480_com.android.server.os.NativeTombstoneManagerService
09-30 05:49:57.447 527 527 D SystemServerTiming: OnBootPhase_480_com.android.server.os.NativeTombstoneManagerService took to complete: 0ms
09-30 05:49:57.447 527 527 I SystemServerTiming: OnBootPhase_480_com.android.server.os.BugreportManagerService
09-30 05:49:57.447 527 527 D SystemServerTiming: OnBootPhase_480_com.android.server.os.BugreportManagerService took to complete: 0ms
09-30 05:49:57.447 527 527 I SystemServerTiming: OnBootPhase_480_com.android.server.gpu.GpuService
09-30 05:49:57.447 527 527 D SystemServerTiming: OnBootPhase_480_com.android.server.gpu.GpuService took to complete: 0ms
09-30 05:49:57.447 527 527 I SystemServerTiming: OnBootPhase_480_com.android.server.security.KeyChainSystemService
09-30 05:49:57.447 527 527 D SystemServerTiming: OnBootPhase_480_com.android.server.security.KeyChainSystemService took to complete: 0ms
09-30 05:49:57.447 527 527 I SystemServerTiming: OnBootPhase_480_com.android.server.telecom.TelecomLoaderService
09-30 05:49:57.447 527 527 D SystemServerTiming: OnBootPhase_480_com.android.server.telecom.TelecomLoaderService took to complete: 0ms
09-30 05:49:57.447 527 527 I SystemServerTiming: OnBootPhase_480_com.android.server.accounts.AccountManagerService$Lifecycle
09-30 05:49:57.447 527 527 D SystemServerTiming: OnBootPhase_480_com.android.server.accounts.AccountManagerService$Lifecycle took to complete: 0ms
09-30 05:49:57.447 527 527 I SystemServerTiming: OnBootPhase_480_com.android.server.content.ContentService$Lifecycle
09-30 05:49:57.448 527 527 D SystemServerTiming: OnBootPhase_480_com.android.server.content.ContentService$Lifecycle took to complete: 0ms
09-30 05:49:57.448 527 527 I SystemServerTiming: OnBootPhase_480_com.android.server.DropBoxManagerService
09-30 05:49:57.448 527 527 D SystemServerTiming: OnBootPhase_480_com.android.server.DropBoxManagerService took to complete: 0ms
09-30 05:49:57.448 527 527 I SystemServerTiming: OnBootPhase_480_com.android.role.RoleService
09-30 05:49:57.448 527 527 D SystemServerTiming: OnBootPhase_480_com.android.role.RoleService took to complete: 0ms
09-30 05:49:57.448 527 527 I SystemServerTiming: OnBootPhase_480_com.android.server.vibrator.VibratorManagerService$Lifecycle
09-30 05:49:57.448 527 527 D SystemServerTiming: OnBootPhase_480_com.android.server.vibrator.VibratorManagerService$Lifecycle took to complete: 0ms
09-30 05:49:57.448 527 527 I SystemServerTiming: OnBootPhase_480_com.android.server.alarm.AlarmManagerService
09-30 05:49:57.448 527 527 D SystemServerTiming: OnBootPhase_480_com.android.server.alarm.AlarmManagerService took to complete: 0ms
09-30 05:49:57.448 527 527 I SystemServerTiming: OnBootPhase_480_com.android.server.devicestate.DeviceStateManagerService
09-30 05:49:57.448 527 527 D SystemServerTiming: OnBootPhase_480_com.android.server.devicestate.DeviceStateManagerService took to complete: 0ms
09-30 05:49:57.448 527 527 I SystemServerTiming: OnBootPhase_480_com.android.server.camera.CameraServiceProxy
09-30 05:49:57.448 527 527 D SystemServerTiming: OnBootPhase_480_com.android.server.camera.CameraServiceProxy took to complete: 0ms
09-30 05:49:57.448 527 527 I SystemServerTiming: OnBootPhase_480_com.android.server.connectivity.IpConnectivityMetrics
09-30 05:49:57.448 527 527 D SystemServerTiming: OnBootPhase_480_com.android.server.connectivity.IpConnectivityMetrics took to complete: 0ms
09-30 05:49:57.448 527 527 I SystemServerTiming: OnBootPhase_480_com.android.server.net.watchlist.NetworkWatchlistService$Lifecycle
09-30 05:49:57.448 527 527 D SystemServerTiming: OnBootPhase_480_com.android.server.net.watchlist.NetworkWatchlistService$Lifecycle took to complete: 0ms
09-30 05:49:57.448 527 527 I SystemServerTiming: OnBootPhase_480_com.android.server.PinnerService
09-30 05:49:57.448 527 527 D SystemServerTiming: OnBootPhase_480_com.android.server.PinnerService took to complete: 0ms
09-30 05:49:57.448 527 527 I SystemServerTiming: OnBootPhase_480_com.google.android.startop.iorap.IorapForwardingService
09-30 05:49:57.448 527 527 D SystemServerTiming: OnBootPhase_480_com.google.android.startop.iorap.IorapForwardingService took to complete: 0ms
09-30 05:49:57.448 527 527 I SystemServerTiming: OnBootPhase_480_com.android.server.integrity.AppIntegrityManagerService
09-30 05:49:57.448 527 527 D SystemServerTiming: OnBootPhase_480_com.android.server.integrity.AppIntegrityManagerService took to complete: 0ms
09-30 05:49:57.448 527 527 I SystemServerTiming: OnBootPhase_480_com.android.server.inputmethod.InputMethodManagerService$Lifecycle
09-30 05:49:57.448 527 527 D SystemServerTiming: OnBootPhase_480_com.android.server.inputmethod.InputMethodManagerService$Lifecycle took to complete: 0ms
09-30 05:49:57.448 527 527 I SystemServerTiming: OnBootPhase_480_com.android.server.accessibility.AccessibilityManagerService$Lifecycle
09-30 05:49:57.448 527 527 D SystemServerTiming: OnBootPhase_480_com.android.server.accessibility.AccessibilityManagerService$Lifecycle took to complete: 0ms
09-30 05:49:57.448 527 527 I SystemServerTiming: OnBootPhase_480_com.android.server.StorageManagerService$Lifecycle
09-30 05:49:57.448 527 527 D SystemServerTiming: OnBootPhase_480_com.android.server.StorageManagerService$Lifecycle took to complete: 0ms
09-30 05:49:57.448 527 527 I SystemServerTiming: OnBootPhase_480_com.android.server.usage.StorageStatsService$Lifecycle
09-30 05:49:57.448 527 527 D SystemServerTiming: OnBootPhase_480_com.android.server.usage.StorageStatsService$Lifecycle took to complete: 0ms
09-30 05:49:57.448 527 527 I SystemServerTiming: OnBootPhase_480_com.android.server.UiModeManagerService
09-30 05:49:57.448 527 527 D SystemServerTiming: OnBootPhase_480_com.android.server.UiModeManagerService took to complete: 0ms
09-30 05:49:57.448 527 527 I SystemServerTiming: OnBootPhase_480_com.android.server.locksettings.LockSettingsService$Lifecycle
09-30 05:49:57.448 527 527 D SystemServerTiming: OnBootPhase_480_com.android.server.locksettings.LockSettingsService$Lifecycle took to complete: 0ms
09-30 05:49:57.448 527 527 I SystemServerTiming: OnBootPhase_480_com.android.server.testharness.TestHarnessModeService
09-30 05:49:57.448 527 527 D SystemServerTiming: OnBootPhase_480_com.android.server.testharness.TestHarnessModeService took to complete: 0ms
09-30 05:49:57.448 527 527 I SystemServerTiming: OnBootPhase_480_com.android.server.DeviceIdleController
09-30 05:49:57.448 527 527 D SystemServerTiming: OnBootPhase_480_com.android.server.DeviceIdleController took to complete: 0ms
09-30 05:49:57.449 527 527 I SystemServerTiming: OnBootPhase_480_com.android.server.devicepolicy.DevicePolicyManagerService$Lifecycle
09-30 05:49:57.453 527 527 I DevicePolicyManager: Current version 2, latest version 2, not upgrading.
09-30 05:49:57.462 527 527 D SystemServerTiming: OnBootPhase_480_com.android.server.devicepolicy.DevicePolicyManagerService$Lifecycle took to complete: 14ms
09-30 05:49:57.462 527 586 I SystemServerTimingAsync: InitThreadPoolExec:DevicePolicyManager
09-30 05:49:57.462 527 527 I SystemServerTiming: OnBootPhase_480_com.android.server.texttospeech.TextToSpeechManagerService
09-30 05:49:57.462 527 586 D SystemServerInitThreadPool: Started executing DevicePolicyManager
09-30 05:49:57.462 527 527 D SystemServerTiming: OnBootPhase_480_com.android.server.texttospeech.TextToSpeechManagerService took to complete: 0ms
09-30 05:49:57.462 527 527 I SystemServerTiming: OnBootPhase_480_com.android.server.speech.SpeechRecognitionManagerService
09-30 05:49:57.463 527 527 D SystemServerTiming: OnBootPhase_480_com.android.server.speech.SpeechRecognitionManagerService took to complete: 0ms
09-30 05:49:57.463 527 527 I SystemServerTiming: OnBootPhase_480_com.android.server.searchui.SearchUiManagerService
09-30 05:49:57.463 527 527 D SystemServerTiming: OnBootPhase_480_com.android.server.searchui.SearchUiManagerService took to complete: 0ms
09-30 05:49:57.463 527 527 I SystemServerTiming: OnBootPhase_480_com.android.server.smartspace.SmartspaceManagerService
09-30 05:49:57.463 527 527 D SystemServerTiming: OnBootPhase_480_com.android.server.smartspace.SmartspaceManagerService took to complete: 0ms
09-30 05:49:57.463 527 527 I SystemServerTiming: OnBootPhase_480_com.android.server.graphics.fonts.FontManagerService$Lifecycle
09-30 05:49:57.463 527 527 D SystemServerTiming: OnBootPhase_480_com.android.server.graphics.fonts.FontManagerService$Lifecycle took to complete: 0ms
09-30 05:49:57.463 527 527 I SystemServerTiming: OnBootPhase_480_com.android.server.textservices.TextServicesManagerService$Lifecycle
09-30 05:49:57.463 527 527 D SystemServerTiming: OnBootPhase_480_com.android.server.textservices.TextServicesManagerService$Lifecycle took to complete: 0ms
09-30 05:49:57.463 527 527 I SystemServerTiming: OnBootPhase_480_com.android.server.textclassifier.TextClassificationManagerService$Lifecycle
09-30 05:49:57.463 527 586 D SystemServerInitThreadPool: Finished executing DevicePolicyManager
09-30 05:49:57.463 527 586 D SystemServerTimingAsync: InitThreadPoolExec:DevicePolicyManager took to complete: 1ms
09-30 05:49:57.463 527 527 D SystemServerTiming: OnBootPhase_480_com.android.server.textclassifier.TextClassificationManagerService$Lifecycle took to complete: 0ms
09-30 05:49:57.464 527 527 I SystemServerTiming: OnBootPhase_480_com.android.server.NetworkScoreService$Lifecycle
09-30 05:49:57.464 527 527 D SystemServerTiming: OnBootPhase_480_com.android.server.NetworkScoreService$Lifecycle took to complete: 0ms
09-30 05:49:57.464 527 527 I SystemServerTiming: OnBootPhase_480_com.android.server.wifi.WifiService
09-30 05:49:57.464 527 527 D SystemServerTiming: OnBootPhase_480_com.android.server.wifi.WifiService took to complete: 0ms
09-30 05:49:57.464 527 527 I SystemServerTiming: OnBootPhase_480_com.android.server.wifi.scanner.WifiScanningService
09-30 05:49:57.464 527 527 D SystemServerTiming: OnBootPhase_480_com.android.server.wifi.scanner.WifiScanningService took to complete: 0ms
09-30 05:49:57.464 527 527 I SystemServerTiming: OnBootPhase_480_com.android.server.wifi.p2p.WifiP2pService
09-30 05:49:57.464 527 527 D SystemServerTiming: OnBootPhase_480_com.android.server.wifi.p2p.WifiP2pService took to complete: 0ms
09-30 05:49:57.464 527 527 I SystemServerTiming: OnBootPhase_480_com.android.server.ethernet.EthernetService
09-30 05:49:57.464 527 527 D SystemServerTiming: OnBootPhase_480_com.android.server.ethernet.EthernetService took to complete: 0ms
09-30 05:49:57.464 527 527 I SystemServerTiming: OnBootPhase_480_com.android.server.ConnectivityServiceInitializer
09-30 05:49:57.464 527 527 D SystemServerTiming: OnBootPhase_480_com.android.server.ConnectivityServiceInitializer took to complete: 0ms
09-30 05:49:57.464 527 527 I SystemServerTiming: OnBootPhase_480_com.android.server.notification.NotificationManagerService
09-30 05:49:57.464 527 527 D SystemServerTiming: OnBootPhase_480_com.android.server.notification.NotificationManagerService took to complete: 0ms
09-30 05:49:57.464 527 527 I SystemServerTiming: OnBootPhase_480_com.android.server.storage.DeviceStorageMonitorService
09-30 05:49:57.464 527 527 D SystemServerTiming: OnBootPhase_480_com.android.server.storage.DeviceStorageMonitorService took to complete: 0ms
09-30 05:49:57.464 527 527 I SystemServerTiming: OnBootPhase_480_com.android.server.location.LocationManagerService$Lifecycle
09-30 05:49:57.464 527 527 D SystemServerTiming: OnBootPhase_480_com.android.server.location.LocationManagerService$Lifecycle took to complete: 0ms
09-30 05:49:57.464 527 527 I SystemServerTiming: OnBootPhase_480_com.android.server.timedetector.TimeDetectorService$Lifecycle
09-30 05:49:57.464 527 527 D SystemServerTiming: OnBootPhase_480_com.android.server.timedetector.TimeDetectorService$Lifecycle took to complete: 0ms
09-30 05:49:57.464 527 527 I SystemServerTiming: OnBootPhase_480_com.android.server.timezonedetector.TimeZoneDetectorService$Lifecycle
09-30 05:49:57.464 527 527 D SystemServerTiming: OnBootPhase_480_com.android.server.timezonedetector.TimeZoneDetectorService$Lifecycle took to complete: 0ms
09-30 05:49:57.464 527 527 I SystemServerTiming: OnBootPhase_480_com.android.server.timezonedetector.location.LocationTimeZoneManagerService$Lifecycle
09-30 05:49:57.464 527 527 D SystemServerTiming: OnBootPhase_480_com.android.server.timezonedetector.location.LocationTimeZoneManagerService$Lifecycle took to complete: 0ms
09-30 05:49:57.464 527 527 I SystemServerTiming: OnBootPhase_480_com.android.server.search.SearchManagerService$Lifecycle
09-30 05:49:57.464 527 527 D SystemServerTiming: OnBootPhase_480_com.android.server.search.SearchManagerService$Lifecycle took to complete: 0ms
09-30 05:49:57.464 527 527 I SystemServerTiming: OnBootPhase_480_com.android.server.wallpaper.WallpaperManagerService$Lifecycle
09-30 05:49:57.464 527 527 D SystemServerTiming: OnBootPhase_480_com.android.server.wallpaper.WallpaperManagerService$Lifecycle took to complete: 0ms
09-30 05:49:57.464 527 527 I SystemServerTiming: OnBootPhase_480_com.android.server.audio.AudioService$Lifecycle
09-30 05:49:57.464 527 527 D SystemServerTiming: OnBootPhase_480_com.android.server.audio.AudioService$Lifecycle took to complete: 0ms
09-30 05:49:57.464 527 527 I SystemServerTiming: OnBootPhase_480_com.android.server.soundtrigger_middleware.SoundTriggerMiddlewareService$Lifecycle
09-30 05:49:57.464 527 527 D SystemServerTiming: OnBootPhase_480_com.android.server.soundtrigger_middleware.SoundTriggerMiddlewareService$Lifecycle took to complete: 0ms
09-30 05:49:57.464 527 527 I SystemServerTiming: OnBootPhase_480_com.android.server.DockObserver
09-30 05:49:57.464 527 527 D SystemServerTiming: OnBootPhase_480_com.android.server.DockObserver took to complete: 0ms
09-30 05:49:57.464 527 527 I SystemServerTiming: OnBootPhase_480_com.android.server.adb.AdbService$Lifecycle
09-30 05:49:57.464 527 527 D SystemServerTiming: OnBootPhase_480_com.android.server.adb.AdbService$Lifecycle took to complete: 0ms
09-30 05:49:57.464 527 527 I SystemServerTiming: OnBootPhase_480_com.android.server.usb.UsbService$Lifecycle
09-30 05:49:57.464 527 527 D SystemServerTiming: OnBootPhase_480_com.android.server.usb.UsbService$Lifecycle took to complete: 0ms
09-30 05:49:57.465 527 527 I SystemServerTiming: OnBootPhase_480_com.android.server.twilight.TwilightService
09-30 05:49:57.465 527 527 D SystemServerTiming: OnBootPhase_480_com.android.server.twilight.TwilightService took to complete: 0ms
09-30 05:49:57.465 527 527 I SystemServerTiming: OnBootPhase_480_com.android.server.display.color.ColorDisplayService
09-30 05:49:57.465 527 527 D SystemServerTiming: OnBootPhase_480_com.android.server.display.color.ColorDisplayService took to complete: 0ms
09-30 05:49:57.465 527 527 I SystemServerTiming: OnBootPhase_480_com.android.server.job.JobSchedulerService
09-30 05:49:57.465 527 527 D SystemServerTiming: OnBootPhase_480_com.android.server.job.JobSchedulerService took to complete: 0ms
09-30 05:49:57.465 527 527 I SystemServerTiming: OnBootPhase_480_com.android.server.soundtrigger.SoundTriggerService
09-30 05:49:57.465 527 527 D SoundTriggerService: onBootPhase: 480 : false
09-30 05:49:57.465 527 527 D SystemServerTiming: OnBootPhase_480_com.android.server.soundtrigger.SoundTriggerService took to complete: 0ms
09-30 05:49:57.465 527 527 I SystemServerTiming: OnBootPhase_480_com.android.server.trust.TrustManagerService
09-30 05:49:57.465 527 527 D SystemServerTiming: OnBootPhase_480_com.android.server.trust.TrustManagerService took to complete: 0ms
09-30 05:49:57.465 527 527 I SystemServerTiming: OnBootPhase_480_com.android.server.backup.BackupManagerService$Lifecycle
09-30 05:49:57.465 527 527 D SystemServerTiming: OnBootPhase_480_com.android.server.backup.BackupManagerService$Lifecycle took to complete: 0ms
09-30 05:49:57.465 527 527 I SystemServerTiming: OnBootPhase_480_com.android.server.appwidget.AppWidgetService
09-30 05:49:57.465 527 527 D SystemServerTiming: OnBootPhase_480_com.android.server.appwidget.AppWidgetService took to complete: 0ms
09-30 05:49:57.465 527 527 I SystemServerTiming: OnBootPhase_480_com.android.server.voiceinteraction.VoiceInteractionManagerService
09-30 05:49:57.465 527 527 D SystemServerTiming: OnBootPhase_480_com.android.server.voiceinteraction.VoiceInteractionManagerService took to complete: 0ms
09-30 05:49:57.465 527 527 I SystemServerTiming: OnBootPhase_480_com.android.server.apphibernation.AppHibernationService
09-30 05:49:57.465 527 527 D SystemServerTiming: OnBootPhase_480_com.android.server.apphibernation.AppHibernationService took to complete: 0ms
09-30 05:49:57.465 527 527 I SystemServerTiming: OnBootPhase_480_com.android.server.GestureLauncherService
09-30 05:49:57.465 527 527 D SystemServerTiming: OnBootPhase_480_com.android.server.GestureLauncherService took to complete: 0ms
09-30 05:49:57.465 527 527 I SystemServerTiming: OnBootPhase_480_com.android.server.SensorNotificationService
09-30 05:49:57.465 527 527 D SystemServerTiming: OnBootPhase_480_com.android.server.SensorNotificationService took to complete: 0ms
09-30 05:49:57.465 527 527 I SystemServerTiming: OnBootPhase_480_com.android.server.emergency.EmergencyAffordanceService
09-30 05:49:57.465 527 527 D SystemServerTiming: OnBootPhase_480_com.android.server.emergency.EmergencyAffordanceService took to complete: 0ms
09-30 05:49:57.465 527 527 I SystemServerTiming: OnBootPhase_480_com.android.server.dreams.DreamManagerService
09-30 05:49:57.465 527 527 D SystemServerTiming: OnBootPhase_480_com.android.server.dreams.DreamManagerService took to complete: 0ms
09-30 05:49:57.465 527 527 I SystemServerTiming: OnBootPhase_480_com.android.server.blob.BlobStoreManagerService
09-30 05:49:57.465 527 527 D SystemServerTiming: OnBootPhase_480_com.android.server.blob.BlobStoreManagerService took to complete: 0ms
09-30 05:49:57.465 527 527 I SystemServerTiming: OnBootPhase_480_com.android.server.print.PrintManagerService
09-30 05:49:57.465 527 527 D SystemServerTiming: OnBootPhase_480_com.android.server.print.PrintManagerService took to complete: 0ms
09-30 05:49:57.465 527 527 I SystemServerTiming: OnBootPhase_480_com.android.server.companion.CompanionDeviceManagerService
09-30 05:49:57.465 527 527 D SystemServerTiming: OnBootPhase_480_com.android.server.companion.CompanionDeviceManagerService took to complete: 0ms
09-30 05:49:57.465 527 527 I SystemServerTiming: OnBootPhase_480_com.android.server.restrictions.RestrictionsManagerService
09-30 05:49:57.465 527 527 D SystemServerTiming: OnBootPhase_480_com.android.server.restrictions.RestrictionsManagerService took to complete: 0ms
09-30 05:49:57.465 527 527 I SystemServerTiming: OnBootPhase_480_com.android.server.media.MediaSessionService
09-30 05:49:57.465 527 527 D SystemServerTiming: OnBootPhase_480_com.android.server.media.MediaSessionService took to complete: 0ms
09-30 05:49:57.465 527 527 I SystemServerTiming: OnBootPhase_480_com.android.server.media.MediaResourceMonitorService
09-30 05:49:57.465 527 527 D SystemServerTiming: OnBootPhase_480_com.android.server.media.MediaResourceMonitorService took to complete: 0ms
09-30 05:49:57.465 527 527 I SystemServerTiming: OnBootPhase_480_com.android.server.biometrics.BiometricService
09-30 05:49:57.465 527 527 D SystemServerTiming: OnBootPhase_480_com.android.server.biometrics.BiometricService took to complete: 0ms
09-30 05:49:57.465 527 527 I SystemServerTiming: OnBootPhase_480_com.android.server.biometrics.AuthService
09-30 05:49:57.465 527 527 D SystemServerTiming: OnBootPhase_480_com.android.server.biometrics.AuthService took to complete: 0ms
09-30 05:49:57.465 527 527 I SystemServerTiming: OnBootPhase_480_com.android.server.pm.ShortcutService$Lifecycle
09-30 05:49:57.469 527 527 D SystemServerTiming: OnBootPhase_480_com.android.server.pm.ShortcutService$Lifecycle took to complete: 4ms
09-30 05:49:57.469 527 527 I SystemServerTiming: OnBootPhase_480_com.android.server.pm.LauncherAppsService
09-30 05:49:57.469 527 527 D SystemServerTiming: OnBootPhase_480_com.android.server.pm.LauncherAppsService took to complete: 0ms
09-30 05:49:57.469 527 527 I SystemServerTiming: OnBootPhase_480_com.android.server.pm.CrossProfileAppsService
09-30 05:49:57.469 527 527 D SystemServerTiming: OnBootPhase_480_com.android.server.pm.CrossProfileAppsService took to complete: 0ms
09-30 05:49:57.469 527 527 I SystemServerTiming: OnBootPhase_480_com.android.server.people.PeopleService
09-30 05:49:57.469 527 527 D SystemServerTiming: OnBootPhase_480_com.android.server.people.PeopleService took to complete: 0ms
09-30 05:49:57.470 527 527 I SystemServerTiming: OnBootPhase_480_com.android.server.media.metrics.MediaMetricsManagerService
09-30 05:49:57.470 527 527 D SystemServerTiming: OnBootPhase_480_com.android.server.media.metrics.MediaMetricsManagerService took to complete: 0ms
09-30 05:49:57.470 527 527 I SystemServerTiming: OnBootPhase_480_com.android.server.media.projection.MediaProjectionManagerService
09-30 05:49:57.470 527 527 D SystemServerTiming: OnBootPhase_480_com.android.server.media.projection.MediaProjectionManagerService took to complete: 0ms
09-30 05:49:57.470 527 527 I SystemServerTiming: OnBootPhase_480_com.android.server.slice.SliceManagerService$Lifecycle
09-30 05:49:57.470 527 527 D SystemServerTiming: OnBootPhase_480_com.android.server.slice.SliceManagerService$Lifecycle took to complete: 0ms
09-30 05:49:57.470 527 527 I SystemServerTiming: OnBootPhase_480_com.android.server.stats.StatsCompanion$Lifecycle
09-30 05:49:57.470 527 527 D SystemServerTiming: OnBootPhase_480_com.android.server.stats.StatsCompanion$Lifecycle took to complete: 0ms
09-30 05:49:57.470 527 527 I SystemServerTiming: OnBootPhase_480_com.android.server.scheduling.RebootReadinessManagerService$Lifecycle
09-30 05:49:57.470 527 527 D SystemServerTiming: OnBootPhase_480_com.android.server.scheduling.RebootReadinessManagerService$Lifecycle took to complete: 0ms
09-30 05:49:57.470 527 527 I SystemServerTiming: OnBootPhase_480_com.android.server.stats.pull.StatsPullAtomService
09-30 05:49:57.470 527 527 D SystemServerTiming: OnBootPhase_480_com.android.server.stats.pull.StatsPullAtomService took to complete: 0ms
09-30 05:49:57.470 527 527 I SystemServerTiming: OnBootPhase_480_com.android.server.incident.IncidentCompanionService
09-30 05:49:57.470 527 527 D SystemServerTiming: OnBootPhase_480_com.android.server.incident.IncidentCompanionService took to complete: 0ms
09-30 05:49:57.470 527 527 I SystemServerTiming: OnBootPhase_480_com.android.server.MmsServiceBroker
09-30 05:49:57.470 527 527 D SystemServerTiming: OnBootPhase_480_com.android.server.MmsServiceBroker took to complete: 0ms
09-30 05:49:57.470 527 527 I SystemServerTiming: OnBootPhase_480_com.android.server.autofill.AutofillManagerService
09-30 05:49:57.470 527 527 D SystemServerTiming: OnBootPhase_480_com.android.server.autofill.AutofillManagerService took to complete: 0ms
09-30 05:49:57.470 527 527 I SystemServerTiming: OnBootPhase_480_com.android.server.clipboard.ClipboardService
09-30 05:49:57.470 527 527 D SystemServerTiming: OnBootPhase_480_com.android.server.clipboard.ClipboardService took to complete: 0ms
09-30 05:49:57.470 527 527 I SystemServerTiming: OnBootPhase_480_com.android.server.appbinding.AppBindingService$Lifecycle
09-30 05:49:57.470 527 527 D SystemServerTiming: OnBootPhase_480_com.android.server.appbinding.AppBindingService$Lifecycle took to complete: 0ms
09-30 05:49:57.470 527 527 I SystemServerTiming: OnBootPhase_480_com.android.server.tracing.TracingServiceProxy
09-30 05:49:57.470 527 527 D SystemServerTiming: OnBootPhase_480_com.android.server.tracing.TracingServiceProxy took to complete: 0ms
09-30 05:49:57.470 527 527 D SystemServerTiming: OnBootPhase_480 took to complete: 25ms
09-30 05:49:57.470 527 527 D SystemServerTiming: StartBootPhaseLockSettingsReady took to complete: 25ms
09-30 05:49:57.470 527 527 I SystemServerTiming: StartBootPhaseSystemServicesReady
09-30 05:49:57.470 527 527 I SystemServiceManager: Starting phase 500
09-30 05:49:57.470 527 527 I SystemServerTiming: OnBootPhase_500
09-30 05:49:57.470 527 527 I SystemServerTiming: OnBootPhase_500_com.android.server.security.FileIntegrityService
09-30 05:49:57.470 527 527 D SystemServerTiming: OnBootPhase_500_com.android.server.security.FileIntegrityService took to complete: 0ms
09-30 05:49:57.470 527 527 I SystemServerTiming: OnBootPhase_500_com.android.server.pm.Installer
09-30 05:49:57.470 527 527 D SystemServerTiming: OnBootPhase_500_com.android.server.pm.Installer took to complete: 0ms
09-30 05:49:57.470 527 527 I SystemServerTiming: OnBootPhase_500_com.android.server.os.DeviceIdentifiersPolicyService
09-30 05:49:57.470 527 527 D SystemServerTiming: OnBootPhase_500_com.android.server.os.DeviceIdentifiersPolicyService took to complete: 0ms
09-30 05:49:57.470 527 527 I SystemServerTiming: OnBootPhase_500_com.android.server.uri.UriGrantsManagerService$Lifecycle
09-30 05:49:57.470 527 527 D SystemServerTiming: OnBootPhase_500_com.android.server.uri.UriGrantsManagerService$Lifecycle took to complete: 0ms
09-30 05:49:57.470 527 527 I SystemServerTiming: OnBootPhase_500_com.android.server.powerstats.PowerStatsService
09-30 05:49:57.471 527 527 E StatsPullAtomCallbackImpl: Failed to start PowerStatsService statsd pullers
09-30 05:49:57.471 527 527 D SystemServerTiming: OnBootPhase_500_com.android.server.powerstats.PowerStatsService took to complete: 1ms
09-30 05:49:57.471 527 527 I SystemServerTiming: OnBootPhase_500_com.android.server.wm.ActivityTaskManagerService$Lifecycle
09-30 05:49:57.471 527 527 D SystemServerTiming: OnBootPhase_500_com.android.server.wm.ActivityTaskManagerService$Lifecycle took to complete: 0ms
09-30 05:49:57.471 527 527 I SystemServerTiming: OnBootPhase_500_com.android.server.am.ActivityManagerService$Lifecycle
09-30 05:49:57.477 527 527 D ConnectivityService: requestNetwork for uid/pid:1000/527 activeRequest: null callbackRequest: 6 [NetworkRequest [ REQUEST id=7, [ Capabilities: INTERNET&NOT_RESTRICTED&TRUSTED&NOT_VCN_MANAGED Uid: 1000 RequestorUid: 1000 RequestorPkg: android] ]] callback flags: 0 priority: 2147483647
09-30 05:49:57.477 527 527 E BatteryStatsService: Could not register PowerStatsInternal
09-30 05:49:57.478 527 665 D ConnectivityService: NetReassign [no changes]
09-30 05:49:57.483 527 527 D SystemServerTiming: OnBootPhase_500_com.android.server.am.ActivityManagerService$Lifecycle took to complete: 11ms
09-30 05:49:57.483 527 527 I SystemServerTiming: OnBootPhase_500_com.android.server.pm.DataLoaderManagerService
09-30 05:49:57.483 527 527 D SystemServerTiming: OnBootPhase_500_com.android.server.pm.DataLoaderManagerService took to complete: 0ms
09-30 05:49:57.483 527 527 I SystemServerTiming: OnBootPhase_500_com.android.server.power.PowerManagerService
09-30 05:49:57.483 527 527 D SystemServerTiming: OnBootPhase_500_com.android.server.power.PowerManagerService took to complete: 0ms
09-30 05:49:57.483 527 527 I SystemServerTiming: OnBootPhase_500_com.android.server.power.ThermalManagerService
09-30 05:49:57.483 527 527 D SystemServerTiming: OnBootPhase_500_com.android.server.power.ThermalManagerService took to complete: 0ms
09-30 05:49:57.483 527 527 I SystemServerTiming: OnBootPhase_500_com.android.server.power.hint.HintManagerService
09-30 05:49:57.483 527 527 V HintManagerService: Initializing HintManager service...
09-30 05:49:57.483 527 527 V HistoricalRegistry: Interaction before persistence initialized
09-30 05:49:57.484 527 527 D SystemServerTiming: OnBootPhase_500_com.android.server.power.hint.HintManagerService took to complete: 0ms
09-30 05:49:57.484 527 527 I SystemServerTiming: OnBootPhase_500_com.android.server.recoverysystem.RecoverySystemService$Lifecycle
09-30 05:49:57.484 527 527 D SystemServerTiming: OnBootPhase_500_com.android.server.recoverysystem.RecoverySystemService$Lifecycle took to complete: 0ms
09-30 05:49:57.484 527 527 I SystemServerTiming: OnBootPhase_500_com.android.server.lights.LightsService
09-30 05:49:57.484 527 527 D SystemServerTiming: OnBootPhase_500_com.android.server.lights.LightsService took to complete: 0ms
09-30 05:49:57.484 527 527 I SystemServerTiming: OnBootPhase_500_com.android.server.display.DisplayManagerService
09-30 05:49:57.484 527 527 D SystemServerTiming: OnBootPhase_500_com.android.server.display.DisplayManagerService took to complete: 0ms
09-30 05:49:57.484 527 527 I SystemServerTiming: OnBootPhase_500_com.android.server.pm.verify.domain.DomainVerificationService
09-30 05:49:57.484 527 527 D SystemServerTiming: OnBootPhase_500_com.android.server.pm.verify.domain.DomainVerificationService took to complete: 0ms
09-30 05:49:57.484 527 527 I SystemServerTiming: OnBootPhase_500_com.android.server.pm.PackageInstallerService$Lifecycle
09-30 05:49:57.484 527 527 D SystemServerTiming: OnBootPhase_500_com.android.server.pm.PackageInstallerService$Lifecycle took to complete: 0ms
09-30 05:49:57.484 527 527 I SystemServerTiming: OnBootPhase_500_com.android.server.pm.UserManagerService$LifeCycle
09-30 05:49:57.484 527 527 D SystemServerTiming: OnBootPhase_500_com.android.server.pm.UserManagerService$LifeCycle took to complete: 0ms
09-30 05:49:57.484 527 527 I SystemServerTiming: OnBootPhase_500_com.android.server.om.OverlayManagerService
09-30 05:49:57.484 527 527 D SystemServerTiming: OnBootPhase_500_com.android.server.om.OverlayManagerService took to complete: 0ms
09-30 05:49:57.484 527 527 I SystemServerTiming: OnBootPhase_500_com.android.server.SensorPrivacyService
09-30 05:49:57.488 527 527 D SystemServerTiming: OnBootPhase_500_com.android.server.SensorPrivacyService took to complete: 4ms
09-30 05:49:57.488 527 527 I SystemServerTiming: OnBootPhase_500_com.android.server.sensors.SensorService
09-30 05:49:57.488 527 527 D SystemServerTiming: OnBootPhase_500_com.android.server.sensors.SensorService took to complete: 0ms
09-30 05:49:57.488 527 527 I SystemServerTiming: OnBootPhase_500_com.android.server.SystemConfigService
09-30 05:49:57.488 527 527 D SystemServerTiming: OnBootPhase_500_com.android.server.SystemConfigService took to complete: 0ms
09-30 05:49:57.488 527 527 I SystemServerTiming: OnBootPhase_500_com.android.server.BatteryService
09-30 05:49:57.488 527 527 D SystemServerTiming: OnBootPhase_500_com.android.server.BatteryService took to complete: 0ms
09-30 05:49:57.488 527 527 I SystemServerTiming: OnBootPhase_500_com.android.server.usage.UsageStatsService
09-30 05:49:57.490 527 527 D AppStandbyController: Setting app idle enabled state
09-30 05:49:57.495 527 527 V HistoricalRegistry: Interaction before persistence initialized
09-30 05:49:57.495 527 527 D SystemServerTiming: OnBootPhase_500_com.android.server.usage.UsageStatsService took to complete: 7ms
09-30 05:49:57.495 527 527 I SystemServerTiming: OnBootPhase_500_com.android.server.webkit.WebViewUpdateService
09-30 05:49:57.495 527 527 D SystemServerTiming: OnBootPhase_500_com.android.server.webkit.WebViewUpdateService took to complete: 0ms
09-30 05:49:57.495 527 527 I SystemServerTiming: OnBootPhase_500_com.android.server.CachedDeviceStateService
09-30 05:49:57.496 527 527 D SystemServerTiming: OnBootPhase_500_com.android.server.CachedDeviceStateService took to complete: 1ms
09-30 05:49:57.496 527 527 I SystemServerTiming: OnBootPhase_500_com.android.server.BinderCallsStatsService$LifeCycle
09-30 05:49:57.501 527 527 D SystemServerTiming: OnBootPhase_500_com.android.server.BinderCallsStatsService$LifeCycle took to complete: 4ms
09-30 05:49:57.501 527 527 I SystemServerTiming: OnBootPhase_500_com.android.server.LooperStatsService$Lifecycle
09-30 05:49:57.502 527 527 D SystemServerTiming: OnBootPhase_500_com.android.server.LooperStatsService$Lifecycle took to complete: 1ms
09-30 05:49:57.502 527 527 I SystemServerTiming: OnBootPhase_500_com.android.server.rollback.RollbackManagerService
09-30 05:49:57.502 527 527 D SystemServerTiming: OnBootPhase_500_com.android.server.rollback.RollbackManagerService took to complete: 0ms
09-30 05:49:57.502 527 527 I SystemServerTiming: OnBootPhase_500_com.android.server.os.NativeTombstoneManagerService
