09-30 05:50:07.301 807 1001 I OpenGLRenderer: Davey! duration=4460ms; Flags=1, FrameTimelineVsyncId=353, IntendedVsync=46187916371, Vsync=49487916239, InputEventId=0, HandleInputStart=49493021420, AnimationStart=49493079025, PerformTraversalsStart=49507579115, DrawStart=50644121175, FrameDeadline=46204583037, FrameInterval=49492799675, FrameStartTime=16666666, SyncQueued=50644324045, SyncStart=50721585760, IssueDrawCommandsStart=50721725105, SwapBuffers=50723453255, FrameCompleted=50725195885, DequeueBufferDuration=0, QueueBufferDuration=1226470, GpuCompleted=50725133405, SwapBuffersCompleted=50725195885, DisplayPresentTime=0,
09-30 05:50:01.184 980 980 I getprop : type=1400 audit(0.0:769): avc: denied { map } for path="/dev/__properties__/u:object_r:persist_vendor_debug_wifi_prop:s0" dev="tmpfs" ino=199 scontext=u:r:shell:s0 tcontext=u:object_r:persist_vendor_debug_wifi_prop:s0 tclass=file permissive=1
09-30 05:50:01.184 980 980 I getprop : type=1400 audit(0.0:770): avc: denied { open } for path="/dev/__properties__/u:object_r:persistent_properties_ready_prop:s0" dev="tmpfs" ino=200 scontext=u:r:shell:s0 tcontext=u:object_r:persistent_properties_ready_prop:s0 tclass=file permissive=1
09-30 05:50:07.351 253 253 D BootAnimation: BootAnimationStopTiming start time: 50808ms
09-30 05:50:01.208 980 980 I getprop : type=1400 audit(0.0:771): avc: denied { map } for path="/dev/__properties__/u:object_r:persistent_properties_ready_prop:s0" dev="tmpfs" ino=200 scontext=u:r:shell:s0 tcontext=u:object_r:persistent_properties_ready_prop:s0 tclass=file permissive=1
09-30 05:50:05.508 1122 1122 I getprop : type=1400 audit(0.0:772): avc: denied { open } for path="/dev/__properties__/u:object_r:aac_drc_prop:s0" dev="tmpfs" ino=37 scontext=u:r:shell:s0 tcontext=u:object_r:aac_drc_prop:s0 tclass=file permissive=1
09-30 05:50:05.508 1122 1122 I getprop : type=1400 audit(0.0:773): avc: denied { getattr } for path="/dev/__properties__/u:object_r:aac_drc_prop:s0" dev="tmpfs" ino=37 scontext=u:r:shell:s0 tcontext=u:object_r:aac_drc_prop:s0 tclass=file permissive=1
09-30 05:50:05.508 1122 1122 I getprop : type=1400 audit(0.0:774): avc: denied { map } for path="/dev/__properties__/u:object_r:aac_drc_prop:s0" dev="tmpfs" ino=37 scontext=u:r:shell:s0 tcontext=u:object_r:aac_drc_prop:s0 tclass=file permissive=1
09-30 05:50:07.448 807 807 D Tonal : Tonal Palette - index: 6. Main color: ff983c81
09-30 05:50:07.448 807 807 D Tonal : Colors: ff0c050a, ff1e0c19, ff30132b, ff461c3e, ff622659, ff7d316a, ff983c81, ffaa6a9a, ffc873ad, ffd189b8, ffdba3c5, ffe9c8db, fff3e1ed
09-30 05:50:07.448 807 807 D Tonal : Gradients:
09-30 05:50:07.448 807 807 D Tonal : Normal GradientColors(ff983c81, ff983c81)
09-30 05:50:07.448 807 807 D Tonal : Dark GradientColors(ff461c3e, ff461c3e)
09-30 05:50:07.448 807 807 D Tonal : Extra dark: GradientColors(ff30132b, ff30132b)
09-30 05:50:07.448 807 807 D Tonal : Tonal Palette - index: 6. Main color: ff983c81
09-30 05:50:07.448 807 807 D Tonal : Colors: ff0c050a, ff1e0c19, ff30132b, ff461c3e, ff622659, ff7d316a, ff983c81, ffaa6a9a, ffc873ad, ffd189b8, ffdba3c5, ffe9c8db, fff3e1ed
09-30 05:50:07.448 807 807 D Tonal : Gradients:
09-30 05:50:07.448 807 807 D Tonal : Normal GradientColors(ff983c81, ff983c81)
09-30 05:50:07.448 807 807 D Tonal : Dark GradientColors(ff461c3e, ff461c3e)
09-30 05:50:07.448 807 807 D Tonal : Extra dark: GradientColors(ff30132b, ff30132b)
09-30 05:50:07.451 807 807 D QSTileHost: Recreating tiles
09-30 05:50:07.452 807 807 D QSTileHost: Creating tile: internet
09-30 05:50:07.457 807 807 D QSTileHost: Creating tile: bt
09-30 05:50:05.508 1122 1122 I getprop : type=1400 audit(0.0:775): avc: denied { open } for path="/dev/__properties__/u:object_r:ab_update_gki_prop:s0" dev="tmpfs" ino=39 scontext=u:r:shell:s0 tcontext=u:object_r:ab_update_gki_prop:s0 tclass=file permissive=1
09-30 05:50:07.463 807 807 D QSTileHost: Destroying not available tile: bt
09-30 05:50:07.464 807 807 D QSTileHost: Creating tile: flashlight
09-30 05:50:07.467 807 807 D QSTileHost: Creating tile: dnd
09-30 05:50:07.470 807 807 D QSTileHost: Creating tile: alarm
09-30 05:50:07.472 807 807 D QSTileHost: Creating tile: airplane
09-30 05:50:07.473 807 807 D QSTileHost: Creating tile: controls
09-30 05:50:07.475 807 807 D QSTileHost: Destroying not available tile: controls
09-30 05:50:07.475 807 807 D QSTileHost: Creating tile: wallet
09-30 05:50:07.477 807 807 D QSTileHost: Destroying not available tile: wallet
09-30 05:50:07.478 807 807 D QSTileHost: Creating tile: rotation
09-30 05:50:07.479 807 807 D QSTileHost: Creating tile: battery
09-30 05:50:07.480 807 807 D QSTileHost: Creating tile: cast
09-30 05:50:07.482 807 807 D QSTileHost: Creating tile: screenrecord
09-30 05:50:07.484 807 807 D QSTileHost: Creating tile: mictoggle
09-30 05:50:07.485 807 807 D QSTileHost: Destroying not available tile: mictoggle
09-30 05:50:07.486 807 807 D QSTileHost: Creating tile: cameratoggle
09-30 05:50:07.491 807 807 D QSTileHost: Destroying not available tile: cameratoggle
09-30 05:50:07.492 807 807 D QSTileHost: Creating tile: dbg:mem
09-30 05:50:05.508 1122 1122 I getprop : type=1400 audit(0.0:776): avc: denied { getattr } for path="/dev/__properties__/u:object_r:ab_update_gki_prop:s0" dev="tmpfs" ino=39 scontext=u:r:shell:s0 tcontext=u:object_r:ab_update_gki_prop:s0 tclass=file permissive=1
09-30 05:50:07.516 807 807 I WalletControllerImpl: Setting WalletTile position: null
09-30 05:50:05.508 1122 1122 I getprop : type=1400 audit(0.0:777): avc: denied { map } for path="/dev/__properties__/u:object_r:ab_update_gki_prop:s0" dev="tmpfs" ino=39 scontext=u:r:shell:s0 tcontext=u:object_r:ab_update_gki_prop:s0 tclass=file permissive=1
09-30 05:50:07.539 527 582 I WindowManager: ******* TELLING SURFACE FLINGER WE ARE BOOTED!
09-30 05:50:07.540 254 993 I SurfaceFlinger: Boot is finished (37481 ms)
09-30 05:50:07.546 527 582 I ActivityManagerTiming: FinishBooting
09-30 05:50:07.548 389 389 W Zygote : forkRepeatedly terminated due to non-simple command
09-30 05:50:07.548 389 389 D Zygote : mbuffer starts with 1 , nice name is , mEnd = 19, mNext = 19, mLinesLeft = 0, mFd = 5
09-30 05:50:07.552 527 582 I ActivityManager: About to commit checkpoint
09-30 05:50:05.508 1122 1122 I getprop : type=1400 audit(0.0:778): avc: denied { open } for path="/dev/__properties__/u:object_r:adbd_prop:s0" dev="tmpfs" ino=41 scontext=u:r:shell:s0 tcontext=u:object_r:adbd_prop:s0 tclass=file permissive=1
09-30 05:50:07.558 211 211 I servicemanager: Found android.hardware.power.IPower/default in device VINTF manifest.
09-30 05:50:07.559 254 267 I PowerAdvisor: Loaded AIDL Power HAL service
09-30 05:50:07.560 527 582 I SystemServiceManager: Starting phase 1000
09-30 05:50:07.560 427 427 I android.hardware.power-service.example: Power isModeSupported: 6
09-30 05:50:07.560 527 582 I ActivityManagerTiming: OnBootPhase_1000
09-30 05:50:07.560 527 582 I ActivityManagerTiming: OnBootPhase_1000_com.android.server.security.FileIntegrityService
09-30 05:50:07.560 527 582 D ActivityManagerTiming: OnBootPhase_1000_com.android.server.security.FileIntegrityService took to complete: 0ms
09-30 05:50:07.560 527 582 I ActivityManagerTiming: OnBootPhase_1000_com.android.server.pm.Installer
09-30 05:50:07.560 527 582 D ActivityManagerTiming: OnBootPhase_1000_com.android.server.pm.Installer took to complete: 0ms
09-30 05:50:07.560 527 582 I ActivityManagerTiming: OnBootPhase_1000_com.android.server.os.DeviceIdentifiersPolicyService
09-30 05:50:07.560 527 582 D ActivityManagerTiming: OnBootPhase_1000_com.android.server.os.DeviceIdentifiersPolicyService took to complete: 0ms
09-30 05:50:07.560 527 582 I ActivityManagerTiming: OnBootPhase_1000_com.android.server.uri.UriGrantsManagerService$Lifecycle
09-30 05:50:07.560 527 582 D ActivityManagerTiming: OnBootPhase_1000_com.android.server.uri.UriGrantsManagerService$Lifecycle took to complete: 0ms
09-30 05:50:07.560 527 582 I ActivityManagerTiming: OnBootPhase_1000_com.android.server.powerstats.PowerStatsService
09-30 05:50:07.560 427 427 I android.hardware.power-service.example: Power isBoostSupported: 1
09-30 05:50:07.560 527 582 E PowerStatsService: Failed to start PowerStatsService loggers
09-30 05:50:07.560 527 582 D ActivityManagerTiming: OnBootPhase_1000_com.android.server.powerstats.PowerStatsService took to complete: 0ms
09-30 05:50:07.560 527 582 I ActivityManagerTiming: OnBootPhase_1000_com.android.server.wm.ActivityTaskManagerService$Lifecycle
09-30 05:50:07.560 527 582 D ActivityManagerTiming: OnBootPhase_1000_com.android.server.wm.ActivityTaskManagerService$Lifecycle took to complete: 0ms
09-30 05:50:07.560 527 582 I ActivityManagerTiming: OnBootPhase_1000_com.android.server.am.ActivityManagerService$Lifecycle
09-30 05:50:07.560 527 582 D ActivityManagerTiming: OnBootPhase_1000_com.android.server.am.ActivityManagerService$Lifecycle took to complete: 0ms
09-30 05:50:07.561 527 582 I ActivityManagerTiming: OnBootPhase_1000_com.android.server.pm.DataLoaderManagerService
09-30 05:50:07.561 527 582 D ActivityManagerTiming: OnBootPhase_1000_com.android.server.pm.DataLoaderManagerService took to complete: 0ms
09-30 05:50:07.561 527 582 I ActivityManagerTiming: OnBootPhase_1000_com.android.server.power.PowerManagerService
09-30 05:50:07.562 527 582 D ActivityManagerTiming: OnBootPhase_1000_com.android.server.power.PowerManagerService took to complete: 2ms
09-30 05:50:07.562 527 582 I ActivityManagerTiming: OnBootPhase_1000_com.android.server.power.ThermalManagerService
09-30 05:50:07.562 527 582 D ActivityManagerTiming: OnBootPhase_1000_com.android.server.power.ThermalManagerService took to complete: 0ms
09-30 05:50:07.562 527 582 I ActivityManagerTiming: OnBootPhase_1000_com.android.server.power.hint.HintManagerService
09-30 05:50:07.563 527 582 D ActivityManagerTiming: OnBootPhase_1000_com.android.server.power.hint.HintManagerService took to complete: 0ms
09-30 05:50:07.563 527 582 I ActivityManagerTiming: OnBootPhase_1000_com.android.server.recoverysystem.RecoverySystemService$Lifecycle
09-30 05:50:07.563 527 582 D ActivityManagerTiming: OnBootPhase_1000_com.android.server.recoverysystem.RecoverySystemService$Lifecycle took to complete: 0ms
09-30 05:50:07.563 527 582 I ActivityManagerTiming: OnBootPhase_1000_com.android.server.lights.LightsService
09-30 05:50:07.563 527 582 D ActivityManagerTiming: OnBootPhase_1000_com.android.server.lights.LightsService took to complete: 0ms
09-30 05:50:07.563 527 582 I ActivityManagerTiming: OnBootPhase_1000_com.android.server.display.DisplayManagerService
09-30 05:50:07.563 527 582 D ActivityManagerTiming: OnBootPhase_1000_com.android.server.display.DisplayManagerService took to complete: 1ms
09-30 05:50:07.563 527 582 I ActivityManagerTiming: OnBootPhase_1000_com.android.server.pm.verify.domain.DomainVerificationService
09-30 05:50:07.564 527 582 D ActivityManagerTiming: OnBootPhase_1000_com.android.server.pm.verify.domain.DomainVerificationService took to complete: 0ms
09-30 05:50:07.564 527 582 I ActivityManagerTiming: OnBootPhase_1000_com.android.server.pm.PackageInstallerService$Lifecycle
09-30 05:50:07.564 527 582 D ActivityManagerTiming: OnBootPhase_1000_com.android.server.pm.PackageInstallerService$Lifecycle took to complete: 0ms
09-30 05:50:07.564 527 582 I ActivityManagerTiming: OnBootPhase_1000_com.android.server.pm.UserManagerService$LifeCycle
09-30 05:50:07.564 527 582 D ActivityManagerTiming: OnBootPhase_1000_com.android.server.pm.UserManagerService$LifeCycle took to complete: 0ms
09-30 05:50:07.564 527 582 I ActivityManagerTiming: OnBootPhase_1000_com.android.server.om.OverlayManagerService
09-30 05:50:07.564 527 582 D ActivityManagerTiming: OnBootPhase_1000_com.android.server.om.OverlayManagerService took to complete: 0ms
09-30 05:50:07.564 527 582 I ActivityManagerTiming: OnBootPhase_1000_com.android.server.SensorPrivacyService
09-30 05:50:07.564 527 582 D ActivityManagerTiming: OnBootPhase_1000_com.android.server.SensorPrivacyService took to complete: 0ms
09-30 05:50:07.564 527 582 I ActivityManagerTiming: OnBootPhase_1000_com.android.server.sensors.SensorService
09-30 05:50:07.564 527 582 D ActivityManagerTiming: OnBootPhase_1000_com.android.server.sensors.SensorService took to complete: 0ms
09-30 05:50:07.564 527 582 I ActivityManagerTiming: OnBootPhase_1000_com.android.server.SystemConfigService
09-30 05:50:07.564 527 582 D ActivityManagerTiming: OnBootPhase_1000_com.android.server.SystemConfigService took to complete: 0ms
09-30 05:50:07.564 527 582 I ActivityManagerTiming: OnBootPhase_1000_com.android.server.BatteryService
09-30 05:50:07.564 527 582 D ActivityManagerTiming: OnBootPhase_1000_com.android.server.BatteryService took to complete: 0ms
09-30 05:50:07.564 527 582 I ActivityManagerTiming: OnBootPhase_1000_com.android.server.usage.UsageStatsService
09-30 05:50:07.566 385 385 I netd : firewallReplaceUidChain(fw_standby, false, []) -> {true} <0.10ms>
09-30 05:50:07.569 527 603 V DisplayPowerController[0]: Brightness [0.39763778] reason changing to: 'manual', previous reason: 'override'.
09-30 05:50:07.569 527 582 D ActivityManagerTiming: OnBootPhase_1000_com.android.server.usage.UsageStatsService took to complete: 5ms
09-30 05:50:07.569 527 582 I ActivityManagerTiming: OnBootPhase_1000_com.android.server.webkit.WebViewUpdateService
09-30 05:50:07.569 527 582 D ActivityManagerTiming: OnBootPhase_1000_com.android.server.webkit.WebViewUpdateService took to complete: 0ms
09-30 05:50:07.569 527 582 I ActivityManagerTiming: OnBootPhase_1000_com.android.server.CachedDeviceStateService
09-30 05:50:07.570 527 582 D ActivityManagerTiming: OnBootPhase_1000_com.android.server.CachedDeviceStateService took to complete: 0ms
09-30 05:50:07.570 527 582 I ActivityManagerTiming: OnBootPhase_1000_com.android.server.BinderCallsStatsService$LifeCycle
09-30 05:50:07.570 527 582 D ActivityManagerTiming: OnBootPhase_1000_com.android.server.BinderCallsStatsService$LifeCycle took to complete: 0ms
09-30 05:50:07.570 527 582 I ActivityManagerTiming: OnBootPhase_1000_com.android.server.LooperStatsService$Lifecycle
09-30 05:50:07.570 527 582 D ActivityManagerTiming: OnBootPhase_1000_com.android.server.LooperStatsService$Lifecycle took to complete: 0ms
09-30 05:50:07.570 527 582 I ActivityManagerTiming: OnBootPhase_1000_com.android.server.rollback.RollbackManagerService
09-30 05:50:07.571 527 582 D ActivityManagerTiming: OnBootPhase_1000_com.android.server.rollback.RollbackManagerService took to complete: 2ms
09-30 05:50:07.571 527 582 I ActivityManagerTiming: OnBootPhase_1000_com.android.server.os.NativeTombstoneManagerService
09-30 05:50:07.571 527 582 D ActivityManagerTiming: OnBootPhase_1000_com.android.server.os.NativeTombstoneManagerService took to complete: 0ms
09-30 05:50:07.571 527 582 I ActivityManagerTiming: OnBootPhase_1000_com.android.server.os.BugreportManagerService
09-30 05:50:07.571 527 582 D ActivityManagerTiming: OnBootPhase_1000_com.android.server.os.BugreportManagerService took to complete: 0ms
09-30 05:50:07.572 527 582 I ActivityManagerTiming: OnBootPhase_1000_com.android.server.gpu.GpuService
09-30 05:50:07.572 527 582 D ActivityManagerTiming: OnBootPhase_1000_com.android.server.gpu.GpuService took to complete: 0ms
09-30 05:50:07.572 527 582 I ActivityManagerTiming: OnBootPhase_1000_com.android.server.security.KeyChainSystemService
09-30 05:50:07.572 527 582 D ActivityManagerTiming: OnBootPhase_1000_com.android.server.security.KeyChainSystemService took to complete: 0ms
09-30 05:50:07.572 527 582 I ActivityManagerTiming: OnBootPhase_1000_com.android.server.telecom.TelecomLoaderService
09-30 05:50:07.572 527 582 D ActivityManagerTiming: OnBootPhase_1000_com.android.server.telecom.TelecomLoaderService took to complete: 0ms
09-30 05:50:07.572 527 582 I ActivityManagerTiming: OnBootPhase_1000_com.android.server.accounts.AccountManagerService$Lifecycle
09-30 05:50:07.572 527 582 D ActivityManagerTiming: OnBootPhase_1000_com.android.server.accounts.AccountManagerService$Lifecycle took to complete: 0ms
09-30 05:50:07.572 527 582 I ActivityManagerTiming: OnBootPhase_1000_com.android.server.content.ContentService$Lifecycle
09-30 05:50:07.572 527 582 D ActivityManagerTiming: OnBootPhase_1000_com.android.server.content.ContentService$Lifecycle took to complete: 0ms
09-30 05:50:07.572 527 582 I ActivityManagerTiming: OnBootPhase_1000_com.android.server.DropBoxManagerService
09-30 05:50:07.572 527 582 D ActivityManagerTiming: OnBootPhase_1000_com.android.server.DropBoxManagerService took to complete: 0ms
09-30 05:50:07.572 527 582 I ActivityManagerTiming: OnBootPhase_1000_com.android.role.RoleService
09-30 05:50:07.572 527 582 D ActivityManagerTiming: OnBootPhase_1000_com.android.role.RoleService took to complete: 0ms
09-30 05:50:07.572 527 582 I ActivityManagerTiming: OnBootPhase_1000_com.android.server.vibrator.VibratorManagerService$Lifecycle
09-30 05:50:07.572 527 582 D ActivityManagerTiming: OnBootPhase_1000_com.android.server.vibrator.VibratorManagerService$Lifecycle took to complete: 0ms
09-30 05:50:07.572 527 582 I ActivityManagerTiming: OnBootPhase_1000_com.android.server.alarm.AlarmManagerService
09-30 05:50:07.572 527 582 D ActivityManagerTiming: OnBootPhase_1000_com.android.server.alarm.AlarmManagerService took to complete: 0ms
09-30 05:50:07.572 527 582 I ActivityManagerTiming: OnBootPhase_1000_com.android.server.devicestate.DeviceStateManagerService
09-30 05:50:07.572 527 582 D ActivityManagerTiming: OnBootPhase_1000_com.android.server.devicestate.DeviceStateManagerService took to complete: 0ms
09-30 05:50:07.572 527 582 I ActivityManagerTiming: OnBootPhase_1000_com.android.server.camera.CameraServiceProxy
09-30 05:50:07.574 527 634 D AppStandbyController: Loading headless system app cache. appIdleEnabled=false
09-30 05:50:07.575 527 582 D ActivityManagerTiming: OnBootPhase_1000_com.android.server.camera.CameraServiceProxy took to complete: 3ms
09-30 05:50:07.575 527 582 I ActivityManagerTiming: OnBootPhase_1000_com.android.server.connectivity.IpConnectivityMetrics
09-30 05:50:07.575 527 582 D ActivityManagerTiming: OnBootPhase_1000_com.android.server.connectivity.IpConnectivityMetrics took to complete: 0ms
09-30 05:50:07.575 527 582 I ActivityManagerTiming: OnBootPhase_1000_com.android.server.net.watchlist.NetworkWatchlistService$Lifecycle
09-30 05:50:07.575 527 582 D ActivityManagerTiming: OnBootPhase_1000_com.android.server.net.watchlist.NetworkWatchlistService$Lifecycle took to complete: 0ms
09-30 05:50:07.575 527 582 I ActivityManagerTiming: OnBootPhase_1000_com.android.server.PinnerService
09-30 05:50:07.575 527 582 D ActivityManagerTiming: OnBootPhase_1000_com.android.server.PinnerService took to complete: 0ms
09-30 05:50:07.575 527 582 I ActivityManagerTiming: OnBootPhase_1000_com.google.android.startop.iorap.IorapForwardingService
09-30 05:50:07.575 527 582 D ActivityManagerTiming: OnBootPhase_1000_com.google.android.startop.iorap.IorapForwardingService took to complete: 0ms
09-30 05:50:07.575 527 582 I ActivityManagerTiming: OnBootPhase_1000_com.android.server.integrity.AppIntegrityManagerService
09-30 05:50:07.575 527 582 D ActivityManagerTiming: OnBootPhase_1000_com.android.server.integrity.AppIntegrityManagerService took to complete: 0ms
09-30 05:50:07.575 527 582 I ActivityManagerTiming: OnBootPhase_1000_com.android.server.inputmethod.InputMethodManagerService$Lifecycle
09-30 05:50:07.575 527 582 D ActivityManagerTiming: OnBootPhase_1000_com.android.server.inputmethod.InputMethodManagerService$Lifecycle took to complete: 0ms
09-30 05:50:07.575 527 582 I ActivityManagerTiming: OnBootPhase_1000_com.android.server.accessibility.AccessibilityManagerService$Lifecycle
09-30 05:50:07.575 527 582 D ActivityManagerTiming: OnBootPhase_1000_com.android.server.accessibility.AccessibilityManagerService$Lifecycle took to complete: 0ms
09-30 05:50:07.575 527 582 I ActivityManagerTiming: OnBootPhase_1000_com.android.server.StorageManagerService$Lifecycle
09-30 05:50:07.576 527 582 D ActivityManagerTiming: OnBootPhase_1000_com.android.server.StorageManagerService$Lifecycle took to complete: 0ms
09-30 05:50:07.576 527 582 I ActivityManagerTiming: OnBootPhase_1000_com.android.server.usage.StorageStatsService$Lifecycle
09-30 05:50:07.576 527 582 D ActivityManagerTiming: OnBootPhase_1000_com.android.server.usage.StorageStatsService$Lifecycle took to complete: 0ms
09-30 05:50:07.576 527 582 I ActivityManagerTiming: OnBootPhase_1000_com.android.server.UiModeManagerService
09-30 05:50:07.576 527 582 D ActivityManagerTiming: OnBootPhase_1000_com.android.server.UiModeManagerService took to complete: 0ms
09-30 05:50:07.576 527 582 I ActivityManagerTiming: OnBootPhase_1000_com.android.server.locksettings.LockSettingsService$Lifecycle
09-30 05:50:07.576 527 582 D ActivityManagerTiming: OnBootPhase_1000_com.android.server.locksettings.LockSettingsService$Lifecycle took to complete: 0ms
09-30 05:50:07.576 527 582 I ActivityManagerTiming: OnBootPhase_1000_com.android.server.testharness.TestHarnessModeService
09-30 05:50:07.576 527 582 D TestHarnessModeService: Completing Test Harness Mode setup.
09-30 05:50:07.576 527 582 D TestHarnessModeService: Getting PersistentDataBlockManagerInternal from LocalServices
09-30 05:50:07.576 527 582 E TestHarnessModeService: Failed to start Test Harness Mode; no implementation of PersistentDataBlockManagerInternal was bound!
09-30 05:50:07.576 527 582 D ActivityManagerTiming: OnBootPhase_1000_com.android.server.testharness.TestHarnessModeService took to complete: 1ms
09-30 05:50:07.576 527 582 I ActivityManagerTiming: OnBootPhase_1000_com.android.server.DeviceIdleController
09-30 05:50:07.577 527 582 D ActivityManagerTiming: OnBootPhase_1000_com.android.server.DeviceIdleController took to complete: 0ms
09-30 05:50:07.577 527 582 I ActivityManagerTiming: OnBootPhase_1000_com.android.server.devicepolicy.DevicePolicyManagerService$Lifecycle
09-30 05:50:07.577 527 582 D ActivityManagerTiming: OnBootPhase_1000_com.android.server.devicepolicy.DevicePolicyManagerService$Lifecycle took to complete: 1ms
09-30 05:50:07.577 527 582 I ActivityManagerTiming: OnBootPhase_1000_com.android.server.texttospeech.TextToSpeechManagerService
09-30 05:50:07.577 527 582 D ActivityManagerTiming: OnBootPhase_1000_com.android.server.texttospeech.TextToSpeechManagerService took to complete: 0ms
09-30 05:50:07.577 527 582 I ActivityManagerTiming: OnBootPhase_1000_com.android.server.speech.SpeechRecognitionManagerService
09-30 05:50:07.577 527 582 D ActivityManagerTiming: OnBootPhase_1000_com.android.server.speech.SpeechRecognitionManagerService took to complete: 0ms
09-30 05:50:07.577 527 582 I ActivityManagerTiming: OnBootPhase_1000_com.android.server.searchui.SearchUiManagerService
09-30 05:50:07.577 527 582 D ActivityManagerTiming: OnBootPhase_1000_com.android.server.searchui.SearchUiManagerService took to complete: 0ms
09-30 05:50:07.577 527 582 I ActivityManagerTiming: OnBootPhase_1000_com.android.server.smartspace.SmartspaceManagerService
09-30 05:50:07.577 527 582 D ActivityManagerTiming: OnBootPhase_1000_com.android.server.smartspace.SmartspaceManagerService took to complete: 0ms
09-30 05:50:07.577 527 582 I ActivityManagerTiming: OnBootPhase_1000_com.android.server.graphics.fonts.FontManagerService$Lifecycle
09-30 05:50:07.577 527 582 D ActivityManagerTiming: OnBootPhase_1000_com.android.server.graphics.fonts.FontManagerService$Lifecycle took to complete: 0ms
09-30 05:50:07.577 527 582 I ActivityManagerTiming: OnBootPhase_1000_com.android.server.textservices.TextServicesManagerService$Lifecycle
09-30 05:50:07.577 527 582 D ActivityManagerTiming: OnBootPhase_1000_com.android.server.textservices.TextServicesManagerService$Lifecycle took to complete: 0ms
09-30 05:50:07.577 527 582 I ActivityManagerTiming: OnBootPhase_1000_com.android.server.textclassifier.TextClassificationManagerService$Lifecycle
09-30 05:50:07.577 527 652 D StorageManagerService: Thinking about init, mBootCompleted=true, mDaemonConnected=true
09-30 05:50:07.577 527 652 D StorageManagerService: Thinking about reset, mBootCompleted=true, mDaemonConnected=true
09-30 05:50:07.577 527 582 D ActivityManagerTiming: OnBootPhase_1000_com.android.server.textclassifier.TextClassificationManagerService$Lifecycle took to complete: 0ms
09-30 05:50:07.577 527 582 I ActivityManagerTiming: OnBootPhase_1000_com.android.server.NetworkScoreService$Lifecycle
09-30 05:50:07.577 527 582 D ActivityManagerTiming: OnBootPhase_1000_com.android.server.NetworkScoreService$Lifecycle took to complete: 0ms
09-30 05:50:07.577 527 582 I ActivityManagerTiming: OnBootPhase_1000_com.android.server.wifi.WifiService
09-30 05:50:07.578 527 582 D ActivityManagerTiming: OnBootPhase_1000_com.android.server.wifi.WifiService took to complete: 1ms
09-30 05:50:07.578 527 582 I ActivityManagerTiming: OnBootPhase_1000_com.android.server.wifi.scanner.WifiScanningService
09-30 05:50:07.578 527 582 D ActivityManagerTiming: OnBootPhase_1000_com.android.server.wifi.scanner.WifiScanningService took to complete: 0ms
09-30 05:50:07.578 527 582 I ActivityManagerTiming: OnBootPhase_1000_com.android.server.wifi.p2p.WifiP2pService
09-30 05:50:07.578 527 582 D ActivityManagerTiming: OnBootPhase_1000_com.android.server.wifi.p2p.WifiP2pService took to complete: 0ms
09-30 05:50:07.578 527 582 I ActivityManagerTiming: OnBootPhase_1000_com.android.server.ethernet.EthernetService
09-30 05:50:07.578 527 582 D ActivityManagerTiming: OnBootPhase_1000_com.android.server.ethernet.EthernetService took to complete: 0ms
09-30 05:50:07.578 527 582 I ActivityManagerTiming: OnBootPhase_1000_com.android.server.ConnectivityServiceInitializer
09-30 05:50:07.578 527 582 D ActivityManagerTiming: OnBootPhase_1000_com.android.server.ConnectivityServiceInitializer took to complete: 0ms
09-30 05:50:07.578 527 582 I ActivityManagerTiming: OnBootPhase_1000_com.android.server.notification.NotificationManagerService
09-30 05:50:07.578 527 582 D ActivityManagerTiming: OnBootPhase_1000_com.android.server.notification.NotificationManagerService took to complete: 0ms
09-30 05:50:07.578 527 582 I ActivityManagerTiming: OnBootPhase_1000_com.android.server.storage.DeviceStorageMonitorService
09-30 05:50:07.578 527 582 D ActivityManagerTiming: OnBootPhase_1000_com.android.server.storage.DeviceStorageMonitorService took to complete: 0ms
09-30 05:50:07.578 527 582 I ActivityManagerTiming: OnBootPhase_1000_com.android.server.location.LocationManagerService$Lifecycle
09-30 05:50:07.578 527 582 D ActivityManagerTiming: OnBootPhase_1000_com.android.server.location.LocationManagerService$Lifecycle took to complete: 0ms
09-30 05:50:07.578 527 582 I ActivityManagerTiming: OnBootPhase_1000_com.android.server.timedetector.TimeDetectorService$Lifecycle
09-30 05:50:07.578 527 582 D ActivityManagerTiming: OnBootPhase_1000_com.android.server.timedetector.TimeDetectorService$Lifecycle took to complete: 0ms
09-30 05:50:07.578 527 582 I ActivityManagerTiming: OnBootPhase_1000_com.android.server.timezonedetector.TimeZoneDetectorService$Lifecycle
09-30 05:50:07.578 527 582 D ActivityManagerTiming: OnBootPhase_1000_com.android.server.timezonedetector.TimeZoneDetectorService$Lifecycle took to complete: 0ms
09-30 05:50:07.578 527 582 I ActivityManagerTiming: OnBootPhase_1000_com.android.server.timezonedetector.location.LocationTimeZoneManagerService$Lifecycle
09-30 05:50:07.578 527 582 D ActivityManagerTiming: OnBootPhase_1000_com.android.server.timezonedetector.location.LocationTimeZoneManagerService$Lifecycle took to complete: 0ms
09-30 05:50:07.578 527 582 I ActivityManagerTiming: OnBootPhase_1000_com.android.server.search.SearchManagerService$Lifecycle
09-30 05:50:07.579 527 582 D ActivityManagerTiming: OnBootPhase_1000_com.android.server.search.SearchManagerService$Lifecycle took to complete: 0ms
09-30 05:50:07.579 527 582 I ActivityManagerTiming: OnBootPhase_1000_com.android.server.wallpaper.WallpaperManagerService$Lifecycle
09-30 05:50:07.579 527 582 D ActivityManagerTiming: OnBootPhase_1000_com.android.server.wallpaper.WallpaperManagerService$Lifecycle took to complete: 0ms
09-30 05:50:07.579 527 582 I ActivityManagerTiming: OnBootPhase_1000_com.android.server.audio.AudioService$Lifecycle
09-30 05:50:07.579 527 582 D ActivityManagerTiming: OnBootPhase_1000_com.android.server.audio.AudioService$Lifecycle took to complete: 0ms
09-30 05:50:07.579 527 582 I ActivityManagerTiming: OnBootPhase_1000_com.android.server.soundtrigger_middleware.SoundTriggerMiddlewareService$Lifecycle
09-30 05:50:07.579 527 582 D ActivityManagerTiming: OnBootPhase_1000_com.android.server.soundtrigger_middleware.SoundTriggerMiddlewareService$Lifecycle took to complete: 0ms
09-30 05:50:07.579 527 582 I ActivityManagerTiming: OnBootPhase_1000_com.android.server.DockObserver
09-30 05:50:07.579 527 582 D ActivityManagerTiming: OnBootPhase_1000_com.android.server.DockObserver took to complete: 0ms
09-30 05:50:07.579 527 582 I ActivityManagerTiming: OnBootPhase_1000_com.android.server.adb.AdbService$Lifecycle
09-30 05:50:07.579 527 658 D WifiService: Handle boot completed
09-30 05:50:07.580 527 582 D ActivityManagerTiming: OnBootPhase_1000_com.android.server.adb.AdbService$Lifecycle took to complete: 1ms
09-30 05:50:07.580 527 582 I ActivityManagerTiming: OnBootPhase_1000_com.android.server.usb.UsbService$Lifecycle
09-30 05:50:07.580 527 582 D ActivityManagerTiming: OnBootPhase_1000_com.android.server.usb.UsbService$Lifecycle took to complete: 1ms
09-30 05:50:07.580 527 582 I ActivityManagerTiming: OnBootPhase_1000_com.android.server.twilight.TwilightService
09-30 05:50:07.582 527 582 D ActivityManagerTiming: OnBootPhase_1000_com.android.server.twilight.TwilightService took to complete: 2ms
09-30 05:50:07.582 527 582 I ActivityManagerTiming: OnBootPhase_1000_com.android.server.display.color.ColorDisplayService
09-30 05:50:07.582 527 582 D ActivityManagerTiming: OnBootPhase_1000_com.android.server.display.color.ColorDisplayService took to complete: 0ms
09-30 05:50:07.582 527 582 I ActivityManagerTiming: OnBootPhase_1000_com.android.server.job.JobSchedulerService
09-30 05:50:07.582 527 582 D ActivityManagerTiming: OnBootPhase_1000_com.android.server.job.JobSchedulerService took to complete: 0ms
09-30 05:50:07.582 527 582 I ActivityManagerTiming: OnBootPhase_1000_com.android.server.soundtrigger.SoundTriggerService
09-30 05:50:07.582 527 582 D SoundTriggerService: onBootPhase: 1000 : false
09-30 05:50:07.582 527 582 D ActivityManagerTiming: OnBootPhase_1000_com.android.server.soundtrigger.SoundTriggerService took to complete: 0ms
09-30 05:50:07.582 527 582 I ActivityManagerTiming: OnBootPhase_1000_com.android.server.trust.TrustManagerService
09-30 05:50:07.583 527 582 D ActivityManagerTiming: OnBootPhase_1000_com.android.server.trust.TrustManagerService took to complete: 0ms
09-30 05:50:07.583 527 636 D RollbackManager: mRollbackLifetimeDurationInMillis=1209600000
09-30 05:50:07.585 527 652 I StorageSessionController: Started resetting external storage service...
09-30 05:50:07.585 527 652 I StorageSessionController: Finished resetting external storage service
09-30 05:50:07.585 527 652 I StorageManagerService: Resetting vold...
09-30 05:50:07.586 527 582 I ActivityManagerTiming: OnBootPhase_1000_com.android.server.backup.BackupManagerService$Lifecycle
09-30 05:50:07.586 527 582 D ActivityManagerTiming: OnBootPhase_1000_com.android.server.backup.BackupManagerService$Lifecycle took to complete: 0ms
09-30 05:50:05.508 1122 1122 I getprop : type=1400 audit(0.0:779): avc: denied { getattr } for path="/dev/__properties__/u:object_r:adbd_prop:s0" dev="tmpfs" ino=41 scontext=u:r:shell:s0 tcontext=u:object_r:adbd_prop:s0 tclass=file permissive=1
09-30 05:50:07.586 527 582 I ActivityManagerTiming: OnBootPhase_1000_com.android.server.appwidget.AppWidgetService
09-30 05:50:07.587 527 582 D ActivityManagerTiming: OnBootPhase_1000_com.android.server.appwidget.AppWidgetService took to complete: 0ms
09-30 05:50:07.587 527 582 I ActivityManagerTiming: OnBootPhase_1000_com.android.server.voiceinteraction.VoiceInteractionManagerService
09-30 05:50:07.587 527 582 D ActivityManagerTiming: OnBootPhase_1000_com.android.server.voiceinteraction.VoiceInteractionManagerService took to complete: 0ms
09-30 05:50:07.588 527 582 I ActivityManagerTiming: OnBootPhase_1000_com.android.server.apphibernation.AppHibernationService
09-30 05:50:07.588 527 576 D CompatibilityChangeReporter: Compat change id reported: 135634846; UID 10055; state: DISABLED
09-30 05:50:07.589 527 576 D CompatibilityChangeReporter: Compat change id reported: 177438394; UID 10055; state: DISABLED
09-30 05:50:07.589 527 576 D CompatibilityChangeReporter: Compat change id reported: 135772972; UID 10055; state: DISABLED
09-30 05:50:07.589 527 576 D CompatibilityChangeReporter: Compat change id reported: 135754954; UID 10055; state: ENABLED
09-30 05:50:07.590 527 582 D ActivityManagerTiming: OnBootPhase_1000_com.android.server.apphibernation.AppHibernationService took to complete: 2ms
09-30 05:50:07.591 527 589 D CompatibilityChangeReporter: Compat change id reported: 143937733; UID 10055; state: ENABLED
09-30 05:50:07.591 527 582 I ActivityManagerTiming: OnBootPhase_1000_com.android.server.GestureLauncherService
09-30 05:50:07.591 527 582 D ActivityManagerTiming: OnBootPhase_1000_com.android.server.GestureLauncherService took to complete: 0ms
09-30 05:50:07.591 527 582 I ActivityManagerTiming: OnBootPhase_1000_com.android.server.SensorNotificationService
09-30 05:50:07.596 527 582 D CompatibilityChangeReporter: Compat change id reported: 168936375; UID 1000; state: ENABLED
09-30 05:50:07.599 527 1147 I HibernationStateDiskStore: No hibernation file on disk for file /data/system/hibernation/states
09-30 05:50:07.610 479 487 I adbd : adbd_auth: received a new framework connection
09-30 05:50:07.610 479 487 I adbd : adbd_auth: received new framework fd 37 (current = -1)
09-30 05:50:07.614 527 582 D CompatibilityChangeReporter: Compat change id reported: 73144566; UID 1000; state: ENABLED
09-30 05:50:07.618 527 582 D ActivityManagerTiming: OnBootPhase_1000_com.android.server.SensorNotificationService took to complete: 26ms
09-30 05:50:07.618 527 582 I ActivityManagerTiming: OnBootPhase_1000_com.android.server.emergency.EmergencyAffordanceService
09-30 05:50:07.618 527 582 D ActivityManagerTiming: OnBootPhase_1000_com.android.server.emergency.EmergencyAffordanceService took to complete: 0ms
09-30 05:50:07.618 527 582 I ActivityManagerTiming: OnBootPhase_1000_com.android.server.dreams.DreamManagerService
09-30 05:50:07.618 527 582 D ActivityManagerTiming: OnBootPhase_1000_com.android.server.dreams.DreamManagerService took to complete: 0ms
09-30 05:50:07.618 527 582 I ActivityManagerTiming: OnBootPhase_1000_com.android.server.blob.BlobStoreManagerService
09-30 05:50:07.619 527 652 I StorageManagerService: Reset vold
09-30 05:50:05.508 1122 1122 I getprop : type=1400 audit(0.0:780): avc: denied { map } for path="/dev/__properties__/u:object_r:adbd_prop:s0" dev="tmpfs" ino=41 scontext=u:r:shell:s0 tcontext=u:object_r:adbd_prop:s0 tclass=file permissive=1
09-30 05:50:07.620 220 220 I vold : onUserAdded: 0
09-30 05:50:07.620 527 582 D ActivityManagerTiming: OnBootPhase_1000_com.android.server.blob.BlobStoreManagerService took to complete: 2ms
09-30 05:50:07.620 527 582 I ActivityManagerTiming: OnBootPhase_1000_com.android.server.print.PrintManagerService
09-30 05:50:07.620 527 582 D ActivityManagerTiming: OnBootPhase_1000_com.android.server.print.PrintManagerService took to complete: 0ms
09-30 05:50:07.620 527 582 I ActivityManagerTiming: OnBootPhase_1000_com.android.server.companion.CompanionDeviceManagerService
09-30 05:50:07.620 527 582 D ActivityManagerTiming: OnBootPhase_1000_com.android.server.companion.CompanionDeviceManagerService took to complete: 0ms
09-30 05:50:07.620 527 582 I ActivityManagerTiming: OnBootPhase_1000_com.android.server.restrictions.RestrictionsManagerService
09-30 05:50:07.620 527 582 D ActivityManagerTiming: OnBootPhase_1000_com.android.server.restrictions.RestrictionsManagerService took to complete: 0ms
09-30 05:50:07.620 527 582 I ActivityManagerTiming: OnBootPhase_1000_com.android.server.media.MediaSessionService
09-30 05:50:07.621 877 999 I Tethering: USB bcast connected:true configured:true rndis:false ncm:false
09-30 05:50:07.624 527 658 I WifiScoreCard: Installing MemoryStore
09-30 05:50:07.624 527 658 I WifiHealthMonitor: Installing MemoryStore
09-30 05:50:07.639 527 582 D ActivityManagerTiming: OnBootPhase_1000_com.android.server.media.MediaSessionService took to complete: 19ms
09-30 05:50:07.640 527 582 I ActivityManagerTiming: OnBootPhase_1000_com.android.server.media.MediaResourceMonitorService
09-30 05:50:07.640 527 582 D ActivityManagerTiming: OnBootPhase_1000_com.android.server.media.MediaResourceMonitorService took to complete: 0ms
09-30 05:50:07.640 527 582 I ActivityManagerTiming: OnBootPhase_1000_com.android.server.biometrics.BiometricService
09-30 05:50:07.640 527 582 D ActivityManagerTiming: OnBootPhase_1000_com.android.server.biometrics.BiometricService took to complete: 0ms
09-30 05:50:07.640 527 582 I ActivityManagerTiming: OnBootPhase_1000_com.android.server.biometrics.AuthService
09-30 05:50:07.640 527 582 D ActivityManagerTiming: OnBootPhase_1000_com.android.server.biometrics.AuthService took to complete: 0ms
09-30 05:50:07.640 527 582 I ActivityManagerTiming: OnBootPhase_1000_com.android.server.pm.ShortcutService$Lifecycle
09-30 05:50:07.640 527 582 D ActivityManagerTiming: OnBootPhase_1000_com.android.server.pm.ShortcutService$Lifecycle took to complete: 0ms
09-30 05:50:07.640 527 582 I ActivityManagerTiming: OnBootPhase_1000_com.android.server.pm.LauncherAppsService
09-30 05:50:07.640 527 582 D ActivityManagerTiming: OnBootPhase_1000_com.android.server.pm.LauncherAppsService took to complete: 0ms
09-30 05:50:07.640 527 582 I ActivityManagerTiming: OnBootPhase_1000_com.android.server.pm.CrossProfileAppsService
09-30 05:50:07.640 527 582 D ActivityManagerTiming: OnBootPhase_1000_com.android.server.pm.CrossProfileAppsService took to complete: 0ms
09-30 05:50:07.640 527 582 I ActivityManagerTiming: OnBootPhase_1000_com.android.server.people.PeopleService
09-30 05:50:07.640 527 582 D ActivityManagerTiming: OnBootPhase_1000_com.android.server.people.PeopleService took to complete: 0ms
09-30 05:50:07.640 527 582 I ActivityManagerTiming: OnBootPhase_1000_com.android.server.media.metrics.MediaMetricsManagerService
09-30 05:50:07.640 527 582 D ActivityManagerTiming: OnBootPhase_1000_com.android.server.media.metrics.MediaMetricsManagerService took to complete: 0ms
09-30 05:50:07.640 527 582 I ActivityManagerTiming: OnBootPhase_1000_com.android.server.media.projection.MediaProjectionManagerService
09-30 05:50:07.640 527 582 D ActivityManagerTiming: OnBootPhase_1000_com.android.server.media.projection.MediaProjectionManagerService took to complete: 0ms
09-30 05:50:07.640 527 582 I ActivityManagerTiming: OnBootPhase_1000_com.android.server.slice.SliceManagerService$Lifecycle
09-30 05:50:07.640 527 582 D ActivityManagerTiming: OnBootPhase_1000_com.android.server.slice.SliceManagerService$Lifecycle took to complete: 0ms
09-30 05:50:07.640 527 582 I ActivityManagerTiming: OnBootPhase_1000_com.android.server.stats.StatsCompanion$Lifecycle
09-30 05:50:07.641 527 582 D ActivityManagerTiming: OnBootPhase_1000_com.android.server.stats.StatsCompanion$Lifecycle took to complete: 0ms
09-30 05:50:07.641 527 582 I ActivityManagerTiming: OnBootPhase_1000_com.android.server.scheduling.RebootReadinessManagerService$Lifecycle
09-30 05:50:07.641 527 582 D ActivityManagerTiming: OnBootPhase_1000_com.android.server.scheduling.RebootReadinessManagerService$Lifecycle took to complete: 0ms
09-30 05:50:07.641 527 582 I ActivityManagerTiming: OnBootPhase_1000_com.android.server.stats.pull.StatsPullAtomService
09-30 05:50:07.641 527 582 D ActivityManagerTiming: OnBootPhase_1000_com.android.server.stats.pull.StatsPullAtomService took to complete: 0ms
09-30 05:50:07.641 527 582 I ActivityManagerTiming: OnBootPhase_1000_com.android.server.incident.IncidentCompanionService
09-30 05:50:07.641 527 582 D ActivityManagerTiming: OnBootPhase_1000_com.android.server.incident.IncidentCompanionService took to complete: 0ms
09-30 05:50:07.641 527 582 I ActivityManagerTiming: OnBootPhase_1000_com.android.server.MmsServiceBroker
09-30 05:50:07.641 527 582 D ActivityManagerTiming: OnBootPhase_1000_com.android.server.MmsServiceBroker took to complete: 0ms
09-30 05:50:07.641 527 582 I ActivityManagerTiming: OnBootPhase_1000_com.android.server.autofill.AutofillManagerService
09-30 05:50:07.641 527 582 D ActivityManagerTiming: OnBootPhase_1000_com.android.server.autofill.AutofillManagerService took to complete: 0ms
09-30 05:50:07.641 527 582 I ActivityManagerTiming: OnBootPhase_1000_com.android.server.clipboard.ClipboardService
09-30 05:50:07.641 527 582 D ActivityManagerTiming: OnBootPhase_1000_com.android.server.clipboard.ClipboardService took to complete: 0ms
09-30 05:50:07.641 527 582 I ActivityManagerTiming: OnBootPhase_1000_com.android.server.appbinding.AppBindingService$Lifecycle
09-30 05:50:07.641 527 582 D ActivityManagerTiming: OnBootPhase_1000_com.android.server.appbinding.AppBindingService$Lifecycle took to complete: 0ms
09-30 05:50:07.641 527 582 I ActivityManagerTiming: OnBootPhase_1000_com.android.server.tracing.TracingServiceProxy
09-30 05:50:07.641 527 582 D ActivityManagerTiming: OnBootPhase_1000_com.android.server.tracing.TracingServiceProxy took to complete: 0ms
09-30 05:50:07.641 527 582 I ActivityManagerTiming: OnBootPhase_1000_com.android.server.policy.PermissionPolicyService
09-30 05:50:07.641 527 582 D ActivityManagerTiming: OnBootPhase_1000_com.android.server.policy.PermissionPolicyService took to complete: 0ms
09-30 05:50:07.641 527 582 I ActivityManagerTiming: OnBootPhase_1000_com.android.server.pm.StagingManager$Lifecycle
09-30 05:50:07.658 527 658 D WifiNetworkFactory: Registering NetworkFactory
09-30 05:50:07.662 527 665 D ConnectivityService: Got NetworkProvider Messenger for WifiNetworkFactory
09-30 05:50:07.664 527 658 D UntrustedWifiNetworkFactory: Registering NetworkFactory
09-30 05:50:07.666 527 582 D ActivityManagerTiming: OnBootPhase_1000_com.android.server.pm.StagingManager$Lifecycle took to complete: 25ms
09-30 05:50:07.666 527 582 I ActivityManagerTiming: OnBootPhase_1000_com.android.server.app.GameManagerService$Lifecycle
09-30 05:50:07.666 527 582 D GameManagerService: onBootCompleted
09-30 05:50:07.666 527 582 D ActivityManagerTiming: OnBootPhase_1000_com.android.server.app.GameManagerService$Lifecycle took to complete: 0ms
09-30 05:50:07.666 527 582 I ActivityManagerTiming: OnBootPhase_1000_com.android.server.appsearch.AppSearchManagerService
09-30 05:50:05.508 1122 1122 I getprop : type=1400 audit(0.0:781): avc: denied { open } for path="/dev/__properties__/u:object_r:apexd_config_prop:s0" dev="tmpfs" ino=42 scontext=u:r:shell:s0 tcontext=u:object_r:apexd_config_prop:s0 tclass=file permissive=1
09-30 05:50:07.669 527 582 D AppSearchStatsCollector: atoms registered
09-30 05:50:07.669 527 582 D ActivityManagerTiming: OnBootPhase_1000_com.android.server.appsearch.AppSearchManagerService took to complete: 3ms
09-30 05:50:07.669 527 582 I ActivityManagerTiming: OnBootPhase_1000_com.android.server.media.MediaCommunicationService
09-30 05:50:07.669 527 582 D ActivityManagerTiming: OnBootPhase_1000_com.android.server.media.MediaCommunicationService took to complete: 0ms
09-30 05:50:07.669 527 582 D ActivityManagerTiming: OnBootPhase_1000 took to complete: 109ms
09-30 05:50:07.669 527 582 D ActivityManagerTiming: TotalBootTime took to complete: 19972ms
09-30 05:50:07.670 527 582 D SystemServerInitThreadPool: Shutdown requested
09-30 05:50:07.670 527 582 I SystemServerTiming: WaitInitThreadPoolShutdown
09-30 05:50:07.675 527 665 D ConnectivityService: Got NetworkProvider Messenger for UntrustedWifiNetworkFactory
09-30 05:50:07.675 527 658 D OemPaidWifiNetworkFactory: Registering NetworkFactory
09-30 05:50:07.676 527 665 D ConnectivityService: Got NetworkProvider Messenger for OemPaidWifiNetworkFactory
09-30 05:50:07.676 527 582 D SystemServerInitThreadPool: Shutdown successful
09-30 05:50:07.676 527 582 D SystemServerTiming: WaitInitThreadPoolShutdown took to complete: 6ms
09-30 05:50:07.683 527 582 I ActivityManager: User 0 state changed from BOOTING to RUNNING_LOCKED
09-30 05:50:07.684 527 582 W ActivityManager: UserLifecycleEvent 4 received without an active userJourneySession.
09-30 05:50:05.508 1122 1122 I getprop : type=1400 audit(0.0:782): avc: denied { getattr } for path="/dev/__properties__/u:object_r:apexd_config_prop:s0" dev="tmpfs" ino=42 scontext=u:r:shell:s0 tcontext=u:object_r:apexd_config_prop:s0 tclass=file permissive=1
09-30 05:50:07.691 527 582 D StorageManagerService: unlockUserKey: 0 isFileEncryptedNativeOrEmulated: true hasToken: false hasSecret: false
09-30 05:50:07.693 220 220 D vold : fscrypt_unlock_user_key 0 serial=0
09-30 05:50:07.700 220 220 D vold : Trying user CE key /data/misc/vold/user_keys/ce/0/current
09-30 05:50:05.508 1122 1122 I getprop : type=1400 audit(0.0:783): avc: denied { map } for path="/dev/__properties__/u:object_r:apexd_config_prop:s0" dev="tmpfs" ino=42 scontext=u:r:shell:s0 tcontext=u:object_r:apexd_config_prop:s0 tclass=file permissive=1
09-30 05:50:07.733 527 658 D WifiNetworkFactory: got request NetworkRequest [ REQUEST id=29, [ Capabilities: INTERNET&NOT_RESTRICTED&TRUSTED&NOT_VCN_MANAGED Uid: 1001 RequestorUid: 1001 RequestorPkg: com.android.phone] ]
09-30 05:50:05.508 1122 1122 I getprop : type=1400 audit(0.0:784): avc: denied { open } for path="/dev/__properties__/u:object_r:apexd_prop:s0" dev="tmpfs" ino=43 scontext=u:r:shell:s0 tcontext=u:object_r:apexd_prop:s0 tclass=file permissive=1
09-30 05:50:07.735 527 658 D WifiNetworkFactory: got request NetworkRequest [ REQUEST id=1, [ Capabilities: INTERNET&NOT_RESTRICTED&TRUSTED&NOT_VPN&NOT_VCN_MANAGED RequestorUid: 1000 RequestorPkg: android] ]
09-30 05:50:07.760 527 658 D WifiNetworkFactory: got request NetworkRequest [ REQUEST id=26, [ Capabilities: INTERNET&NOT_RESTRICTED&TRUSTED&NOT_VCN_MANAGED Uid: 10062 RequestorUid: 10062 RequestorPkg: com.android.systemui] ]
09-30 05:50:07.760 527 658 D WifiNetworkFactory: got request NetworkRequest [ REQUEST id=21, [ Capabilities: INTERNET&NOT_RESTRICTED&TRUSTED&NOT_VCN_MANAGED Uid: 1001 RequestorUid: 1001 RequestorPkg: com.android.phone] ]
09-30 05:50:07.760 527 658 D WifiNetworkFactory: got request NetworkRequest [ REQUEST id=7, [ Capabilities: INTERNET&NOT_RESTRICTED&TRUSTED&NOT_VCN_MANAGED Uid: 1000 RequestorUid: 1000 RequestorPkg: android] ]
09-30 05:50:07.760 527 658 D WifiNetworkFactory: got request NetworkRequest [ REQUEST id=14, [ Capabilities: INTERNET&NOT_RESTRICTED&TRUSTED&NOT_VCN_MANAGED Uid: 1000 RequestorUid: 1000 RequestorPkg: android] ]
09-30 05:50:07.760 527 658 D WifiNetworkFactory: got request NetworkRequest [ REQUEST id=16, [ Capabilities: INTERNET&NOT_RESTRICTED&TRUSTED&NOT_VCN_MANAGED Uid: 1073 RequestorUid: 1073 RequestorPkg: com.android.networkstack] ]
09-30 05:50:07.761 527 658 D WifiNetworkFactory: got request NetworkRequest [ REQUEST id=24, [ Capabilities: INTERNET&NOT_RESTRICTED&TRUSTED&NOT_VCN_MANAGED Uid: 10062 RequestorUid: 10062 RequestorPkg: com.android.systemui] ]
09-30 05:50:07.761 527 658 D UntrustedWifiNetworkFactory: got request NetworkRequest [ REQUEST id=29, [ Capabilities: INTERNET&NOT_RESTRICTED&TRUSTED&NOT_VCN_MANAGED Uid: 1001 RequestorUid: 1001 RequestorPkg: com.android.phone] ]
09-30 05:50:07.761 527 658 D UntrustedWifiNetworkFactory: got request NetworkRequest [ REQUEST id=1, [ Capabilities: INTERNET&NOT_RESTRICTED&TRUSTED&NOT_VPN&NOT_VCN_MANAGED RequestorUid: 1000 RequestorPkg: android] ]
09-30 05:50:07.761 527 658 D UntrustedWifiNetworkFactory: got request NetworkRequest [ REQUEST id=26, [ Capabilities: INTERNET&NOT_RESTRICTED&TRUSTED&NOT_VCN_MANAGED Uid: 10062 RequestorUid: 10062 RequestorPkg: com.android.systemui] ]
09-30 05:50:07.761 527 658 D UntrustedWifiNetworkFactory: got request NetworkRequest [ REQUEST id=21, [ Capabilities: INTERNET&NOT_RESTRICTED&TRUSTED&NOT_VCN_MANAGED Uid: 1001 RequestorUid: 1001 RequestorPkg: com.android.phone] ]
09-30 05:50:07.762 527 658 D UntrustedWifiNetworkFactory: got request NetworkRequest [ REQUEST id=7, [ Capabilities: INTERNET&NOT_RESTRICTED&TRUSTED&NOT_VCN_MANAGED Uid: 1000 RequestorUid: 1000 RequestorPkg: android] ]
09-30 05:50:07.762 527 658 D UntrustedWifiNetworkFactory: got request NetworkRequest [ REQUEST id=14, [ Capabilities: INTERNET&NOT_RESTRICTED&TRUSTED&NOT_VCN_MANAGED Uid: 1000 RequestorUid: 1000 RequestorPkg: android] ]
09-30 05:50:07.762 527 658 D UntrustedWifiNetworkFactory: got request NetworkRequest [ REQUEST id=16, [ Capabilities: INTERNET&NOT_RESTRICTED&TRUSTED&NOT_VCN_MANAGED Uid: 1073 RequestorUid: 1073 RequestorPkg: com.android.networkstack] ]
09-30 05:50:07.762 527 658 D UntrustedWifiNetworkFactory: got request NetworkRequest [ REQUEST id=24, [ Capabilities: INTERNET&NOT_RESTRICTED&TRUSTED&NOT_VCN_MANAGED Uid: 10062 RequestorUid: 10062 RequestorPkg: com.android.systemui] ]
09-30 05:50:07.762 527 658 D OemPaidWifiNetworkFactory: got request NetworkRequest [ REQUEST id=29, [ Capabilities: INTERNET&NOT_RESTRICTED&TRUSTED&NOT_VCN_MANAGED Uid: 1001 RequestorUid: 1001 RequestorPkg: com.android.phone] ]
09-30 05:50:07.763 527 658 D OemPaidWifiNetworkFactory: got request NetworkRequest [ REQUEST id=1, [ Capabilities: INTERNET&NOT_RESTRICTED&TRUSTED&NOT_VPN&NOT_VCN_MANAGED RequestorUid: 1000 RequestorPkg: android] ]
09-30 05:50:07.768 389 389 D Zygote : Forked child process 1153
09-30 05:50:07.769 527 589 W ActivityManager: Slow operation: 182ms so far, now at startProcess: returned from zygote!
