01-01 00:00:40.384 619 619 I getprop : type=1400 audit(0.0:449): avc: denied { open } for path="/dev/__properties__/u:object_r:hal_dumpstate_config_prop:s0" dev="tmpfs" ino=149 scontext=u:r:shell:s0 tcontext=u:object_r:hal_dumpstate_config_prop:s0 tclass=file permissive=1
09-30 05:49:55.465 527 582 I InputManager-JNI: Viewport [0] to add: local:0, isActive: false
09-30 05:49:55.468 527 647 I InputReader: Reconfiguring input devices, changes=DISPLAY_INFO |
09-30 05:49:55.473 454 462 D installd: Found quota mount /dev/block/dm-2 at /data
09-30 05:49:55.474 454 462 D installd: Found quota mount /dev/block/dm-2 at /data/user/0
01-01 00:00:40.384 619 619 I getprop : type=1400 audit(0.0:450): avc: denied { getattr } for path="/dev/__properties__/u:object_r:hal_dumpstate_config_prop:s0" dev="tmpfs" ino=149 scontext=u:r:shell:s0 tcontext=u:object_r:hal_dumpstate_config_prop:s0 tclass=file permissive=1
09-30 05:49:55.492 527 652 D StorageManagerService: Thinking about init, mBootCompleted=false, mDaemonConnected=true
09-30 05:49:55.493 527 652 D StorageManagerService: Thinking about reset, mBootCompleted=false, mDaemonConnected=true
09-30 05:49:55.494 527 527 W SystemServiceManager: Service com.android.server.StorageManagerService$Lifecycle took 52 ms in onStart
09-30 05:49:55.495 527 527 D SystemServerTiming: StartStorageManagerService took to complete: 53ms
09-30 05:49:55.495 527 527 I SystemServerTiming: StartStorageStatsService
09-30 05:49:55.495 527 527 I SystemServiceManager: Starting com.android.server.usage.StorageStatsService$Lifecycle
09-30 05:49:55.498 454 462 D installd: Found quota mount /dev/block/dm-2 at /data
09-30 05:49:55.498 454 462 D installd: Found quota mount /dev/block/dm-2 at /data/user/0
09-30 05:49:55.499 527 652 D StorageManagerService: Thinking about init, mBootCompleted=false, mDaemonConnected=true
09-30 05:49:55.499 527 652 D StorageManagerService: Thinking about reset, mBootCompleted=false, mDaemonConnected=true
09-30 05:49:55.502 454 558 D installd: Found quota mount /dev/block/dm-2 at /data
09-30 05:49:55.502 454 558 D installd: Found quota mount /dev/block/dm-2 at /data/user/0
09-30 05:49:55.507 527 527 D SystemServerTiming: StartStorageStatsService took to complete: 12ms
09-30 05:49:55.507 527 527 I SystemServerTiming: StartUiModeManager
09-30 05:49:55.508 527 527 I SystemServiceManager: Starting com.android.server.UiModeManagerService
09-30 05:49:55.509 527 586 I SystemServerTimingAsync: InitThreadPoolExec:UiModeManager.onStart
09-30 05:49:55.509 527 586 D SystemServerInitThreadPool: Started executing UiModeManager.onStart
01-01 00:00:40.384 619 619 I getprop : type=1400 audit(0.0:451): avc: denied { map } for path="/dev/__properties__/u:object_r:hal_dumpstate_config_prop:s0" dev="tmpfs" ino=149 scontext=u:r:shell:s0 tcontext=u:object_r:hal_dumpstate_config_prop:s0 tclass=file permissive=1
09-30 05:49:55.512 527 527 D SystemServerTiming: StartUiModeManager took to complete: 5ms
09-30 05:49:55.512 527 527 I SystemServerTiming: UpdatePackagesIfNeeded
09-30 05:49:55.513 527 527 I Watchdog: Pausing HandlerChecker: main thread for reason: dexopt. Pause count: 1
09-30 05:49:55.513 527 527 I Watchdog: Resuming HandlerChecker: main thread for reason: dexopt. Pause count: 0
09-30 05:49:55.513 527 527 D SystemServerTiming: UpdatePackagesIfNeeded took to complete: 0ms
09-30 05:49:55.513 527 527 I SystemServerTiming: PerformFstrimIfNeeded
09-30 05:49:55.514 527 527 D SystemServerTiming: PerformFstrimIfNeeded took to complete: 1ms
09-30 05:49:55.514 527 527 I SystemServerTiming: StartLockSettingsService
09-30 05:49:55.514 527 527 I SystemServiceManager: Starting com.android.server.locksettings.LockSettingsService$Lifecycle
01-01 00:00:40.384 619 619 I getprop : type=1400 audit(0.0:452): avc: denied { open } for path="/dev/__properties__/u:object_r:incremental_prop:s0" dev="tmpfs" ino=156 scontext=u:r:shell:s0 tcontext=u:object_r:incremental_prop:s0 tclass=file permissive=1
09-30 05:49:55.537 527 586 D SystemServerInitThreadPool: Finished executing UiModeManager.onStart
09-30 05:49:55.537 527 586 D SystemServerTimingAsync: InitThreadPoolExec:UiModeManager.onStart took to complete: 28ms
01-01 00:00:40.384 619 619 I getprop : type=1400 audit(0.0:453): avc: denied { getattr } for path="/dev/__properties__/u:object_r:incremental_prop:s0" dev="tmpfs" ino=156 scontext=u:r:shell:s0 tcontext=u:object_r:incremental_prop:s0 tclass=file permissive=1
09-30 05:49:55.565 527 527 D SystemServerTiming: StartLockSettingsService took to complete: 50ms
09-30 05:49:55.565 527 527 I SystemServerTiming: StartTestHarnessMode
09-30 05:49:55.565 527 527 I SystemServiceManager: Starting com.android.server.testharness.TestHarnessModeService
09-30 05:49:55.567 527 527 D SystemServerTiming: StartTestHarnessMode took to complete: 2ms
09-30 05:49:55.568 216 216 I hwservicemanager: getTransport: Cannot find entry android.hardware.oemlock@1.0::IOemLock/default in either framework or device VINTF manifest.
09-30 05:49:55.569 527 527 I OemLock : OemLock HAL not present on device
09-30 05:49:55.569 527 527 I SystemServerTiming: StartDeviceIdleController
09-30 05:49:55.569 527 527 I SystemServiceManager: Starting com.android.server.DeviceIdleController
01-01 00:00:40.384 619 619 I getprop : type=1400 audit(0.0:454): avc: denied { map } for path="/dev/__properties__/u:object_r:incremental_prop:s0" dev="tmpfs" ino=156 scontext=u:r:shell:s0 tcontext=u:object_r:incremental_prop:s0 tclass=file permissive=1
09-30 05:49:55.578 527 527 D SystemServerTiming: StartDeviceIdleController took to complete: 9ms
09-30 05:49:55.578 527 527 I SystemServerTiming: StartDevicePolicyManager
09-30 05:49:55.578 527 527 I SystemServiceManager: Starting com.android.server.devicepolicy.DevicePolicyManagerService$Lifecycle
09-30 05:49:55.597 527 527 D SLog : static_init took to complete: 5ms
09-30 05:49:55.597 527 527 I DevicePolicyManager: Set ro.organization_owned property to false
01-01 00:00:40.384 619 619 I getprop : type=1400 audit(0.0:455): avc: denied { open } for path="/dev/__properties__/u:object_r:init_svc_debug_prop:s0" dev="tmpfs" ino=160 scontext=u:r:shell:s0 tcontext=u:object_r:init_svc_debug_prop:s0 tclass=file permissive=1
09-30 05:49:55.600 527 527 D SystemServerTiming: StartDevicePolicyManager took to complete: 22ms
09-30 05:49:55.600 527 527 I SystemServerTiming: StartStatusBarManagerService
09-30 05:49:55.602 527 527 D SystemServerTiming: StartStatusBarManagerService took to complete: 2ms
09-30 05:49:55.602 527 527 D SystemServer: MusicRecognitionManagerService not defined by OEM or disabled by flag
09-30 05:49:55.603 527 527 D SystemServer: ContentCaptureService disabled because resource is not overlaid
09-30 05:49:55.603 527 527 D SystemServer: AttentionService is not configured on this device
09-30 05:49:55.603 527 527 D SystemServer: RotationResolverService is not configured on this device
09-30 05:49:55.603 527 527 D SystemServer: SystemCaptionsManagerService disabled because resource is not overlaid
09-30 05:49:55.603 527 527 I SystemServerTiming: StartTextToSpeechManagerService
09-30 05:49:55.604 527 527 I SystemServiceManager: Starting com.android.server.texttospeech.TextToSpeechManagerService
09-30 05:49:55.606 527 527 D SystemServerTiming: StartTextToSpeechManagerService took to complete: 3ms
09-30 05:49:55.607 527 527 I SystemServerTiming: StartSpeechRecognitionManagerService
09-30 05:49:55.608 527 527 I SystemServiceManager: Starting com.android.server.speech.SpeechRecognitionManagerService
09-30 05:49:55.611 527 527 D SystemServerTiming: StartSpeechRecognitionManagerService took to complete: 5ms
09-30 05:49:55.612 527 527 D SystemServer: AppPredictionService not defined by OEM
09-30 05:49:55.612 527 527 D SystemServer: ContentSuggestionsService not defined by OEM
09-30 05:49:55.612 527 527 I SystemServerTiming: StartSearchUiService
09-30 05:49:55.612 527 527 I SystemServiceManager: Starting com.android.server.searchui.SearchUiManagerService
09-30 05:49:55.615 527 527 D SystemServerTiming: StartSearchUiService took to complete: 3ms
09-30 05:49:55.615 527 527 I SystemServerTiming: StartSmartspaceService
09-30 05:49:55.616 527 527 I SystemServiceManager: Starting com.android.server.smartspace.SmartspaceManagerService
09-30 05:49:55.619 527 527 D SystemServerTiming: StartSmartspaceService took to complete: 4ms
09-30 05:49:55.619 527 527 I SystemServerTiming: InitConnectivityModuleConnector
09-30 05:49:55.619 527 527 D ConnectivityModuleConnector: Network stack init
09-30 05:49:55.621 527 527 D SystemServerTiming: InitConnectivityModuleConnector took to complete: 1ms
09-30 05:49:55.621 527 527 I SystemServerTiming: InitNetworkStackClient
01-01 00:00:40.384 619 619 I getprop : type=1400 audit(0.0:456): avc: denied { getattr } for path="/dev/__properties__/u:object_r:init_svc_debug_prop:s0" dev="tmpfs" ino=160 scontext=u:r:shell:s0 tcontext=u:object_r:init_svc_debug_prop:s0 tclass=file permissive=1
09-30 05:49:55.623 527 527 D SystemServerTiming: InitNetworkStackClient took to complete: 2ms
09-30 05:49:55.624 527 527 I SystemServerTiming: StartNetworkManagementService
09-30 05:49:55.639 385 385 I netd : registerUnsolicitedEventListener() <0.12ms>
09-30 05:49:55.641 527 527 D SystemServerTiming: StartNetworkManagementService took to complete: 17ms
09-30 05:49:55.641 527 527 I SystemServerTiming: StartIpSecService
01-01 00:00:40.384 619 619 I getprop : type=1400 audit(0.0:457): avc: denied { map } for path="/dev/__properties__/u:object_r:init_svc_debug_prop:s0" dev="tmpfs" ino=160 scontext=u:r:shell:s0 tcontext=u:object_r:init_svc_debug_prop:s0 tclass=file permissive=1
09-30 05:49:55.645 527 527 D SystemServerTiming: StartIpSecService took to complete: 3ms
09-30 05:49:55.645 527 527 I SystemServerTiming: StartFontManagerService
01-01 00:00:40.384 619 619 I getprop : type=1400 audit(0.0:458): avc: denied { open } for path="/dev/__properties__/u:object_r:keyguard_config_prop:s0" dev="tmpfs" ino=161 scontext=u:r:shell:s0 tcontext=u:object_r:keyguard_config_prop:s0 tclass=file permissive=1
01-01 00:00:40.384 619 619 I getprop : type=1400 audit(0.0:459): avc: denied { getattr } for path="/dev/__properties__/u:object_r:keyguard_config_prop:s0" dev="tmpfs" ino=161 scontext=u:r:shell:s0 tcontext=u:object_r:keyguard_config_prop:s0 tclass=file permissive=1
01-01 00:00:40.384 619 619 I getprop : type=1400 audit(0.0:460): avc: denied { map } for path="/dev/__properties__/u:object_r:keyguard_config_prop:s0" dev="tmpfs" ino=161 scontext=u:r:shell:s0 tcontext=u:object_r:keyguard_config_prop:s0 tclass=file permissive=1
01-01 00:00:40.384 619 619 I getprop : type=1400 audit(0.0:461): avc: denied { open } for path="/dev/__properties__/u:object_r:keystore_crash_prop:s0" dev="tmpfs" ino=162 scontext=u:r:shell:s0 tcontext=u:object_r:keystore_crash_prop:s0 tclass=file permissive=1
01-01 00:00:40.384 619 619 I getprop : type=1400 audit(0.0:462): avc: denied { getattr } for path="/dev/__properties__/u:object_r:keystore_crash_prop:s0" dev="tmpfs" ino=162 scontext=u:r:shell:s0 tcontext=u:object_r:keystore_crash_prop:s0 tclass=file permissive=1
01-01 00:00:40.384 619 619 I getprop : type=1400 audit(0.0:463): avc: denied { map } for path="/dev/__properties__/u:object_r:keystore_crash_prop:s0" dev="tmpfs" ino=162 scontext=u:r:shell:s0 tcontext=u:object_r:keystore_crash_prop:s0 tclass=file permissive=1
09-30 05:49:55.809 390 515 I zygote : Background concurrent copying GC freed 11385(400KB) AllocSpace objects, 0(0B) LOS objects, 24% free, 5875KB/7833KB, paused 77us total 148.945ms
01-01 00:00:40.384 619 619 I getprop : type=1400 audit(0.0:464): avc: denied { open } for path="/dev/__properties__/u:object_r:keystore_listen_prop:s0" dev="tmpfs" ino=163 scontext=u:r:shell:s0 tcontext=u:object_r:keystore_listen_prop:s0 tclass=file permissive=1
01-01 00:00:40.384 619 619 I getprop : type=1400 audit(0.0:465): avc: denied { getattr } for path="/dev/__properties__/u:object_r:keystore_listen_prop:s0" dev="tmpfs" ino=163 scontext=u:r:shell:s0 tcontext=u:object_r:keystore_listen_prop:s0 tclass=file permissive=1
01-01 00:00:40.384 619 619 I getprop : type=1400 audit(0.0:466): avc: denied { map } for path="/dev/__properties__/u:object_r:keystore_listen_prop:s0" dev="tmpfs" ino=163 scontext=u:r:shell:s0 tcontext=u:object_r:keystore_listen_prop:s0 tclass=file permissive=1
01-01 00:00:40.384 619 619 I getprop : type=1400 audit(0.0:467): avc: denied { open } for path="/dev/__properties__/u:object_r:llkd_prop:s0" dev="tmpfs" ino=166 scontext=u:r:shell:s0 tcontext=u:object_r:llkd_prop:s0 tclass=file permissive=1
01-01 00:00:40.384 619 619 I getprop : type=1400 audit(0.0:468): avc: denied { getattr } for path="/dev/__properties__/u:object_r:llkd_prop:s0" dev="tmpfs" ino=166 scontext=u:r:shell:s0 tcontext=u:object_r:llkd_prop:s0 tclass=file permissive=1
01-01 00:00:40.384 619 619 I getprop : type=1400 audit(0.0:469): avc: denied { map } for path="/dev/__properties__/u:object_r:llkd_prop:s0" dev="tmpfs" ino=166 scontext=u:r:shell:s0 tcontext=u:object_r:llkd_prop:s0 tclass=file permissive=1
01-01 00:00:40.384 619 619 I getprop : type=1400 audit(0.0:470): avc: denied { open } for path="/dev/__properties__/u:object_r:lmkd_prop:s0" dev="tmpfs" ino=168 scontext=u:r:shell:s0 tcontext=u:object_r:lmkd_prop:s0 tclass=file permissive=1
01-01 00:00:40.384 619 619 I getprop : type=1400 audit(0.0:471): avc: denied { getattr } for path="/dev/__properties__/u:object_r:lmkd_prop:s0" dev="tmpfs" ino=168 scontext=u:r:shell:s0 tcontext=u:object_r:lmkd_prop:s0 tclass=file permissive=1
01-01 00:00:40.384 619 619 I getprop : type=1400 audit(0.0:472): avc: denied { map } for path="/dev/__properties__/u:object_r:lmkd_prop:s0" dev="tmpfs" ino=168 scontext=u:r:shell:s0 tcontext=u:object_r:lmkd_prop:s0 tclass=file permissive=1
01-01 00:00:40.384 619 619 I getprop : type=1400 audit(0.0:473): avc: denied { open } for path="/dev/__properties__/u:object_r:lower_kptr_restrict_prop:s0" dev="tmpfs" ino=174 scontext=u:r:shell:s0 tcontext=u:object_r:lower_kptr_restrict_prop:s0 tclass=file permissive=1
01-01 00:00:40.384 619 619 I getprop : type=1400 audit(0.0:474): avc: denied { getattr } for path="/dev/__properties__/u:object_r:lower_kptr_restrict_prop:s0" dev="tmpfs" ino=174 scontext=u:r:shell:s0 tcontext=u:object_r:lower_kptr_restrict_prop:s0 tclass=file permissive=1
01-01 00:00:40.384 619 619 I getprop : type=1400 audit(0.0:475): avc: denied { map } for path="/dev/__properties__/u:object_r:lower_kptr_restrict_prop:s0" dev="tmpfs" ino=174 scontext=u:r:shell:s0 tcontext=u:object_r:lower_kptr_restrict_prop:s0 tclass=file permissive=1
01-01 00:00:40.384 619 619 I getprop : type=1400 audit(0.0:476): avc: denied { open } for path="/dev/__properties__/u:object_r:lowpan_prop:s0" dev="tmpfs" ino=175 scontext=u:r:shell:s0 tcontext=u:object_r:lowpan_prop:s0 tclass=file permissive=1
09-30 05:49:56.091 527 527 D SystemServerTiming: StartFontManagerService took to complete: 446ms
09-30 05:49:56.091 527 527 I SystemServerTiming: StartTextServicesManager
09-30 05:49:56.091 527 527 I SystemServiceManager: Starting com.android.server.textservices.TextServicesManagerService$Lifecycle
09-30 05:49:56.094 527 527 D SystemServerTiming: StartTextServicesManager took to complete: 3ms
09-30 05:49:56.094 527 527 I SystemServerTiming: StartTextClassificationManagerService
09-30 05:49:56.094 527 527 I SystemServiceManager: Starting com.android.server.textclassifier.TextClassificationManagerService$Lifecycle
01-01 00:00:40.384 619 619 I getprop : type=1400 audit(0.0:477): avc: denied { getattr } for path="/dev/__properties__/u:object_r:lowpan_prop:s0" dev="tmpfs" ino=175 scontext=u:r:shell:s0 tcontext=u:object_r:lowpan_prop:s0 tclass=file permissive=1
09-30 05:49:56.100 527 527 D SystemServerTiming: StartTextClassificationManagerService took to complete: 6ms
09-30 05:49:56.101 527 527 I SystemServerTiming: StartNetworkScoreService
09-30 05:49:56.101 527 527 I SystemServiceManager: Starting com.android.server.NetworkScoreService$Lifecycle
09-30 05:49:56.104 527 527 I NetworkScoreService: Registering network_score
09-30 05:49:56.106 527 527 D SystemServerTiming: StartNetworkScoreService took to complete: 5ms
09-30 05:49:56.106 527 527 I SystemServerTiming: StartNetworkStatsService
01-01 00:00:40.384 619 619 I getprop : type=1400 audit(0.0:478): avc: denied { map } for path="/dev/__properties__/u:object_r:lowpan_prop:s0" dev="tmpfs" ino=175 scontext=u:r:shell:s0 tcontext=u:object_r:lowpan_prop:s0 tclass=file permissive=1
09-30 05:49:56.123 527 527 D SystemServerTiming: StartNetworkStatsService took to complete: 17ms
09-30 05:49:56.123 527 527 I SystemServerTiming: StartNetworkPolicyManagerService
09-30 05:49:56.138 527 527 D SystemServerTiming: StartNetworkPolicyManagerService took to complete: 15ms
09-30 05:49:56.138 527 527 I SystemServerTiming: StartWifi
01-01 00:00:40.388 619 619 I getprop : type=1400 audit(0.0:479): avc: denied { open } for path="/dev/__properties__/u:object_r:mm_events_config_prop:s0" dev="tmpfs" ino=180 scontext=u:r:shell:s0 tcontext=u:object_r:mm_events_config_prop:s0 tclass=file permissive=1
09-30 05:49:56.161 527 537 I system_server: Background concurrent copying GC freed 20661(783KB) AllocSpace objects, 1(20KB) LOS objects, 24% free, 5969KB/7959KB, paused 278us total 174.777ms
01-01 00:00:40.388 619 619 I getprop : type=1400 audit(0.0:480): avc: denied { getattr } for path="/dev/__properties__/u:object_r:mm_events_config_prop:s0" dev="tmpfs" ino=180 scontext=u:r:shell:s0 tcontext=u:object_r:mm_events_config_prop:s0 tclass=file permissive=1
09-30 05:49:56.171 527 527 I SystemServiceManager: Starting com.android.server.wifi.WifiService
01-01 00:00:40.388 619 619 I getprop : type=1400 audit(0.0:481): avc: denied { map } for path="/dev/__properties__/u:object_r:mm_events_config_prop:s0" dev="tmpfs" ino=180 scontext=u:r:shell:s0 tcontext=u:object_r:mm_events_config_prop:s0 tclass=file permissive=1
09-30 05:49:56.190 527 527 I WifiContext: Found Wifi Resources APK at: com.android.wifi.resources
09-30 05:49:56.202 527 527 V NetworkScoreManager: registerNetworkScoreCallback: callback=com.android.server.wifi.WifiNetworkScoreCache@141a034, executor=com.android.wifi.x.android.os.HandlerExecutor@3f93e5d
01-01 00:00:40.388 619 619 I getprop : type=1400 audit(0.0:482): avc: denied { open } for path="/dev/__properties__/u:object_r:mmc_prop:s0" dev="tmpfs" ino=181 scontext=u:r:shell:s0 tcontext=u:object_r:mmc_prop:s0 tclass=file permissive=1
01-01 00:00:40.388 619 619 I getprop : type=1400 audit(0.0:483): avc: denied { getattr } for path="/dev/__properties__/u:object_r:mmc_prop:s0" dev="tmpfs" ino=181 scontext=u:r:shell:s0 tcontext=u:object_r:mmc_prop:s0 tclass=file permissive=1
01-01 00:00:40.388 619 619 I getprop : type=1400 audit(0.0:484): avc: denied { map } for path="/dev/__properties__/u:object_r:mmc_prop:s0" dev="tmpfs" ino=181 scontext=u:r:shell:s0 tcontext=u:object_r:mmc_prop:s0 tclass=file permissive=1
01-01 00:00:40.388 619 619 I getprop : type=1400 audit(0.0:485): avc: denied { open } for path="/dev/__properties__/u:object_r:net_464xlat_fromvendor_prop:s0" dev="tmpfs" ino=184 scontext=u:r:shell:s0 tcontext=u:object_r:net_464xlat_fromvendor_prop:s0 tclass=file permissive=1
01-01 00:00:40.388 619 619 I getprop : type=1400 audit(0.0:486): avc: denied { getattr } for path="/dev/__properties__/u:object_r:net_464xlat_fromvendor_prop:s0" dev="tmpfs" ino=184 scontext=u:r:shell:s0 tcontext=u:object_r:net_464xlat_fromvendor_prop:s0 tclass=file permissive=1
01-01 00:00:40.388 619 619 I getprop : type=1400 audit(0.0:487): avc: denied { map } for path="/dev/__properties__/u:object_r:net_464xlat_fromvendor_prop:s0" dev="tmpfs" ino=184 scontext=u:r:shell:s0 tcontext=u:object_r:net_464xlat_fromvendor_prop:s0 tclass=file permissive=1
09-30 05:49:56.341 527 527 D ScanMetrics: Settings package: com.android.settings
09-30 05:49:56.342 527 527 E ScanMetrics: Can't get GMS uid
01-01 00:00:40.388 619 619 I getprop : type=1400 audit(0.0:488): avc: denied { open } for path="/dev/__properties__/u:object_r:net_connectivity_prop:s0" dev="tmpfs" ino=185 scontext=u:r:shell:s0 tcontext=u:object_r:net_connectivity_prop:s0 tclass=file permissive=1
01-01 00:00:40.388 619 619 I getprop : type=1400 audit(0.0:489): avc: denied { getattr } for path="/dev/__properties__/u:object_r:net_connectivity_prop:s0" dev="tmpfs" ino=185 scontext=u:r:shell:s0 tcontext=u:object_r:net_connectivity_prop:s0 tclass=file permissive=1
09-30 05:49:56.378 527 527 I WifiCoexManager: Default coex algorithm is disabled.
01-01 00:00:40.388 619 619 I getprop : type=1400 audit(0.0:490): avc: denied { map } for path="/dev/__properties__/u:object_r:net_connectivity_prop:s0" dev="tmpfs" ino=185 scontext=u:r:shell:s0 tcontext=u:object_r:net_connectivity_prop:s0 tclass=file permissive=1
01-01 00:00:40.388 619 619 I getprop : type=1400 audit(0.0:491): avc: denied { open } for path="/dev/__properties__/u:object_r:net_dns_prop:s0" dev="tmpfs" ino=186 scontext=u:r:shell:s0 tcontext=u:object_r:net_dns_prop:s0 tclass=file permissive=1
01-01 00:00:40.388 619 619 I getprop : type=1400 audit(0.0:492): avc: denied { getattr } for path="/dev/__properties__/u:object_r:net_dns_prop:s0" dev="tmpfs" ino=186 scontext=u:r:shell:s0 tcontext=u:object_r:net_dns_prop:s0 tclass=file permissive=1
09-30 05:49:56.450 527 527 D WifiOpenNetworkNotifier: Settings toggle enabled=true
01-01 00:00:40.388 619 619 I getprop : type=1400 audit(0.0:493): avc: denied { map } for path="/dev/__properties__/u:object_r:net_dns_prop:s0" dev="tmpfs" ino=186 scontext=u:r:shell:s0 tcontext=u:object_r:net_dns_prop:s0 tclass=file permissive=1
09-30 05:49:56.461 464 464 I wificond: New wificond event callback registered
09-30 05:49:56.462 527 527 D WifiNl80211Manager: registerCountryCodeEventListener called
09-30 05:49:56.462 527 527 D WifiCountryCode: Default country code from system property ro.boot.wificountrycode is null
09-30 05:49:56.476 527 527 D WakeupController: WifiWake enabled
09-30 05:49:56.479 527 527 V HistoricalRegistry: Interaction before persistence initialized
01-01 00:00:40.388 619 619 I getprop : type=1400 audit(0.0:494): avc: denied { open } for path="/dev/__properties__/u:object_r:netd_stable_secret_prop:s0" dev="tmpfs" ino=188 scontext=u:r:shell:s0 tcontext=u:object_r:netd_stable_secret_prop:s0 tclass=file permissive=1
09-30 05:49:56.490 527 527 I WifiService: Registering wifi
09-30 05:49:56.492 527 527 D SystemServerTiming: StartWifi took to complete: 353ms
09-30 05:49:56.492 527 527 I SystemServerTiming: StartWifiScanning
09-30 05:49:56.492 527 527 I SystemServiceManager: Starting com.android.server.wifi.scanner.WifiScanningService
09-30 05:49:56.493 527 527 I WifiScanningService: Creating wifiscanner
09-30 05:49:56.500 527 527 I WifiScanningService: Publishing wifiscanner
09-30 05:49:56.502 527 527 D SystemServerTiming: StartWifiScanning took to complete: 9ms
09-30 05:49:56.502 527 527 I SystemServerTiming: StartWifiP2P
09-30 05:49:56.502 527 527 I SystemServiceManager: Starting com.android.server.wifi.p2p.WifiP2pService
01-01 00:00:40.388 619 619 I getprop : type=1400 audit(0.0:495): avc: denied { getattr } for path="/dev/__properties__/u:object_r:netd_stable_secret_prop:s0" dev="tmpfs" ino=188 scontext=u:r:shell:s0 tcontext=u:object_r:netd_stable_secret_prop:s0 tclass=file permissive=1
09-30 05:49:56.512 527 527 I WifiP2pService: Registering wifip2p
09-30 05:49:56.514 527 527 D SystemServerTiming: StartWifiP2P took to complete: 11ms
09-30 05:49:56.514 527 527 I SystemServerTiming: StartEthernet
09-30 05:49:56.515 527 527 I SystemServiceManager: Starting com.android.server.ethernet.EthernetService
09-30 05:49:56.516 527 527 I EthernetService: Registering service ethernet
09-30 05:49:56.517 527 527 D SystemServerTiming: StartEthernet took to complete: 3ms
09-30 05:49:56.518 527 527 I SystemServerTiming: StartPacProxyService
09-30 05:49:56.522 527 527 D SystemServerTiming: StartPacProxyService took to complete: 5ms
09-30 05:49:56.522 527 527 I SystemServerTiming: StartConnectivityService
01-01 00:00:40.388 619 619 I getprop : type=1400 audit(0.0:496): avc: denied { map } for path="/dev/__properties__/u:object_r:netd_stable_secret_prop:s0" dev="tmpfs" ino=188 scontext=u:r:shell:s0 tcontext=u:object_r:netd_stable_secret_prop:s0 tclass=file permissive=1
09-30 05:49:56.545 527 527 I SystemServiceManager: Starting com.android.server.ConnectivityServiceInitializer
01-01 00:00:40.388 619 619 I getprop : type=1400 audit(0.0:497): avc: denied { open } for path="/dev/__properties__/u:object_r:odsign_prop:s0" dev="tmpfs" ino=191 scontext=u:r:shell:s0 tcontext=u:object_r:odsign_prop:s0 tclass=file permissive=1
01-01 00:00:40.388 619 619 I getprop : type=1400 audit(0.0:498): avc: denied { getattr } for path="/dev/__properties__/u:object_r:odsign_prop:s0" dev="tmpfs" ino=191 scontext=u:r:shell:s0 tcontext=u:object_r:odsign_prop:s0 tclass=file permissive=1
09-30 05:49:56.572 527 527 D ConnectivityService: ConnectivityService starting up
01-01 00:00:40.388 619 619 I getprop : type=1400 audit(0.0:499): avc: denied { map } for path="/dev/__properties__/u:object_r:odsign_prop:s0" dev="tmpfs" ino=191 scontext=u:r:shell:s0 tcontext=u:object_r:odsign_prop:s0 tclass=file permissive=1
09-30 05:49:56.591 385 385 I netd : registerUnsolicitedEventListener() <0.06ms>
09-30 05:49:56.611 527 527 D CompatibilityChangeReporter: Compat change id reported: 182478738; UID 1000; state: ENABLED
01-01 00:00:40.388 619 619 I getprop : type=1400 audit(0.0:500): avc: denied { open } for path="/dev/__properties__/u:object_r:oem_unlock_prop:s0" dev="tmpfs" ino=192 scontext=u:r:shell:s0 tcontext=u:object_r:oem_unlock_prop:s0 tclass=file permissive=1
09-30 05:49:56.623 527 527 I ConnectivityServiceInitializer: Registering connectivity
09-30 05:49:56.626 527 527 D SystemServerTiming: StartConnectivityService took to complete: 103ms
09-30 05:49:56.626 527 527 I SystemServerTiming: StartVpnManagerService
09-30 05:49:56.630 527 527 D VpnManagerService: VpnManagerService starting up
09-30 05:49:56.632 527 527 D SystemServerTiming: StartVpnManagerService took to complete: 7ms
09-30 05:49:56.632 527 527 I SystemServerTiming: StartVcnManagementService
01-01 00:00:40.388 619 619 I getprop : type=1400 audit(0.0:501): avc: denied { getattr } for path="/dev/__properties__/u:object_r:oem_unlock_prop:s0" dev="tmpfs" ino=192 scontext=u:r:shell:s0 tcontext=u:object_r:oem_unlock_prop:s0 tclass=file permissive=1
09-30 05:49:56.639 527 527 D SystemServerTiming: StartVcnManagementService took to complete: 7ms
09-30 05:49:56.639 527 527 I SystemServerTiming: StartNsdService
09-30 05:49:56.641 527 527 D NsdService: Network service discovery is enabled
09-30 05:49:56.645 527 527 D SystemServerTiming: StartNsdService took to complete: 6ms
09-30 05:49:56.645 527 527 I SystemServerTiming: StartSystemUpdateManagerService
09-30 05:49:56.647 527 527 I SystemUpdateManagerService: No existing info file /data/system/system-update-info.xml
09-30 05:49:56.649 527 527 D SystemServerTiming: StartSystemUpdateManagerService took to complete: 3ms
09-30 05:49:56.649 527 527 I SystemServerTiming: StartUpdateLockService
09-30 05:49:56.651 527 527 D SystemServerTiming: StartUpdateLockService took to complete: 1ms
09-30 05:49:56.651 527 527 I SystemServerTiming: StartNotificationManager
09-30 05:49:56.651 527 527 I SystemServiceManager: Starting com.android.server.notification.NotificationManagerService
01-01 00:00:40.388 619 619 I getprop : type=1400 audit(0.0:502): avc: denied { map } for path="/dev/__properties__/u:object_r:oem_unlock_prop:s0" dev="tmpfs" ino=192 scontext=u:r:shell:s0 tcontext=u:object_r:oem_unlock_prop:s0 tclass=file permissive=1
09-30 05:49:56.671 527 527 D ConditionProviders.SCP: new ScheduleConditionProvider()
01-01 00:00:40.388 619 619 I getprop : type=1400 audit(0.0:503): avc: denied { open } for path="/dev/__properties__/u:object_r:overlay_prop:s0" dev="tmpfs" ino=194 scontext=u:r:shell:s0 tcontext=u:object_r:overlay_prop:s0 tclass=file permissive=1
09-30 05:49:56.700 527 527 I NotificationAssistants: Read notification assistant permissions from xml
01-01 00:00:40.388 619 619 I getprop : type=1400 audit(0.0:504): avc: denied { getattr } for path="/dev/__properties__/u:object_r:overlay_prop:s0" dev="tmpfs" ino=194 scontext=u:r:shell:s0 tcontext=u:object_r:overlay_prop:s0 tclass=file permissive=1
09-30 05:49:56.701 527 527 I ConditionProviders: Read condition provider permissions from xml
09-30 05:49:56.702 527 527 I ConditionProviders: Read condition provider permissions from xml
09-30 05:49:56.702 527 527 D NotificationAssistants: Approving default notification assistant for user 0
09-30 05:49:56.707 527 527 I ConditionProviders: Allowing condition provider android.ext.services/android.ext.services.notification.Assistant (userSet: true)
09-30 05:49:56.711 527 527 D CompatibilityChangeReporter: Compat change id reported: 147600208; UID 1000; state: ENABLED
09-30 05:49:56.714 527 527 D CompatibilityChangeReporter: Compat change id reported: 157233955; UID 1000; state: ENABLED
09-30 05:49:56.719 527 527 W SystemServiceManager: Service com.android.server.notification.NotificationManagerService took 62 ms in onStart
09-30 05:49:56.720 468 468 I update_engine: [INFO:cleanup_previous_update_action.cc(112)] Executing task 10
01-01 00:00:40.388 619 619 I getprop : type=1400 audit(0.0:505): avc: denied { map } for path="/dev/__properties__/u:object_r:overlay_prop:s0" dev="tmpfs" ino=194 scontext=u:r:shell:s0 tcontext=u:object_r:overlay_prop:s0 tclass=file permissive=1
09-30 05:49:56.725 468 468 I update_engine: [INFO:cleanup_previous_update_action.cc(124)] CleanupPreviousUpdateAction scheduled task ID 11 for WaitBootCompleted
09-30 05:49:56.726 527 527 D SystemServerTiming: StartNotificationManager took to complete: 76ms
09-30 05:49:56.726 527 527 I SystemServerTiming: StartDeviceMonitor
09-30 05:49:56.727 527 527 I SystemServiceManager: Starting com.android.server.storage.DeviceStorageMonitorService
09-30 05:49:56.730 527 527 D SystemServerTiming: StartDeviceMonitor took to complete: 4ms
09-30 05:49:56.730 527 527 I SystemServerTiming: StartLocationManagerService
09-30 05:49:56.730 527 527 I SystemServiceManager: Starting com.android.server.location.LocationManagerService$Lifecycle
09-30 05:49:56.739 527 527 D SystemServerTiming: StartLocationManagerService took to complete: 8ms
09-30 05:49:56.739 527 527 I SystemServerTiming: StartCountryDetectorService
09-30 05:49:56.740 527 527 D SystemServerTiming: StartCountryDetectorService took to complete: 1ms
09-30 05:49:56.740 527 527 I SystemServerTiming: StartTimeDetectorService
09-30 05:49:56.741 527 527 I SystemServiceManager: Starting com.android.server.timedetector.TimeDetectorService$Lifecycle
09-30 05:49:56.744 527 527 D SystemServerTiming: StartTimeDetectorService took to complete: 4ms
09-30 05:49:56.744 527 527 I SystemServerTiming: StartTimeZoneDetectorService
09-30 05:49:56.744 527 527 I SystemServiceManager: Starting com.android.server.timezonedetector.TimeZoneDetectorService$Lifecycle
01-01 00:00:40.388 619 619 I getprop : type=1400 audit(0.0:506): avc: denied { open } for path="/dev/__properties__/u:object_r:persist_vendor_debug_wifi_prop:s0" dev="tmpfs" ino=199 scontext=u:r:shell:s0 tcontext=u:object_r:persist_vendor_debug_wifi_prop:s0 tclass=file permissive=1
09-30 05:49:56.749 527 527 D SystemServerTiming: StartTimeZoneDetectorService took to complete: 4ms
09-30 05:49:56.749 527 527 I SystemServerTiming: StartLocationTimeZoneManagerService
09-30 05:49:56.749 527 527 I SystemServiceManager: Starting com.android.server.timezonedetector.location.LocationTimeZoneManagerService$Lifecycle
09-30 05:49:56.750 527 527 D SystemServerTiming: StartLocationTimeZoneManagerService took to complete: 1ms
09-30 05:49:56.751 527 527 I SystemServerTiming: StartSearchManagerService
09-30 05:49:56.751 527 527 I SystemServiceManager: Starting com.android.server.search.SearchManagerService$Lifecycle
09-30 05:49:56.754 527 527 D SystemServerTiming: StartSearchManagerService took to complete: 3ms
09-30 05:49:56.754 527 527 I SystemServerTiming: StartWallpaperManagerService
09-30 05:49:56.754 527 527 I SystemServiceManager: Starting com.android.server.wallpaper.WallpaperManagerService$Lifecycle
09-30 05:49:56.756 527 527 D SystemServerTiming: StartWallpaperManagerService took to complete: 2ms
09-30 05:49:56.756 527 527 I SystemServerTiming: StartAudioService
09-30 05:49:56.756 527 527 I SystemServiceManager: Starting com.android.server.audio.AudioService$Lifecycle
01-01 00:00:40.388 619 619 I getprop : type=1400 audit(0.0:507): avc: denied { getattr } for path="/dev/__properties__/u:object_r:persist_vendor_debug_wifi_prop:s0" dev="tmpfs" ino=199 scontext=u:r:shell:s0 tcontext=u:object_r:persist_vendor_debug_wifi_prop:s0 tclass=file permissive=1
09-30 05:49:56.774 527 527 I android_os_HwBinder: HwBinder: Starting thread pool for getting: android.hidl.manager@1.0::IServiceManager/default
09-30 05:49:56.784 429 504 W AudioFlinger: no wake lock to update, system not ready yet
01-01 00:00:40.468 619 619 I getprop : type=1400 audit(0.0:508): avc: denied { open } for path="/dev/__properties__/u:object_r:persistent_properties_ready_prop:s0" dev="tmpfs" ino=200 scontext=u:r:shell:s0 tcontext=u:object_r:persistent_properties_ready_prop:s0 tclass=file permissive=1
09-30 05:49:56.800 429 429 D PermissionCache: checking android.permission.MODIFY_AUDIO_ROUTING for uid=1000 => granted (4892 us)
09-30 05:49:56.816 429 429 D PermissionCache: checking android.permission.MODIFY_AUDIO_SETTINGS for uid=1000 => granted (258 us)
01-01 00:00:40.468 619 619 I getprop : type=1400 audit(0.0:509): avc: denied { getattr } for path="/dev/__properties__/u:object_r:persistent_properties_ready_prop:s0" dev="tmpfs" ino=200 scontext=u:r:shell:s0 tcontext=u:object_r:persistent_properties_ready_prop:s0 tclass=file permissive=1
09-30 05:49:56.829 429 429 D AudioFlinger: isLowRamDevice:true totalMemory:2014470144 mClientSharedHeapSize:1048576
09-30 05:49:56.840 527 527 D SystemServerTiming: StartAudioService took to complete: 83ms
09-30 05:49:56.840 527 527 I SystemServerTiming: StartSoundTriggerMiddlewareService
09-30 05:49:56.840 527 527 I SystemServiceManager: Starting com.android.server.soundtrigger_middleware.SoundTriggerMiddlewareService$Lifecycle
09-30 05:49:56.842 527 527 D SoundTriggerMiddlewareService: Connecting to default ISoundTriggerHw
09-30 05:49:56.843 216 216 I hwservicemanager: getTransport: Cannot find entry android.hardware.soundtrigger@2.0::ISoundTriggerHw/default in either framework or device VINTF manifest.
01-01 00:00:40.468 619 619 I getprop : type=1400 audit(0.0:510): avc: denied { map } for path="/dev/__properties__/u:object_r:persistent_properties_ready_prop:s0" dev="tmpfs" ino=200 scontext=u:r:shell:s0 tcontext=u:object_r:persistent_properties_ready_prop:s0 tclass=file permissive=1
01-01 00:00:40.552 619 619 I getprop : type=1400 audit(0.0:511): avc: denied { getattr } for path="/dev/__properties__/u:object_r:power_debug_prop:s0" dev="tmpfs" ino=202 scontext=u:r:shell:s0 tcontext=u:object_r:power_debug_prop:s0 tclass=file permissive=1
09-30 05:49:56.887 527 527 E SoundTriggerMiddlewareImpl: Failed to add a SoundTriggerModule instance
09-30 05:49:56.887 527 527 E SoundTriggerMiddlewareImpl: java.util.NoSuchElementException
09-30 05:49:56.887 527 527 E SoundTriggerMiddlewareImpl: at android.os.HwBinder.getService(Native Method)
09-30 05:49:56.887 527 527 E SoundTriggerMiddlewareImpl: at android.hardware.soundtrigger.V2_0.ISoundTriggerHw.getService(ISoundTriggerHw.java:57)
09-30 05:49:56.887 527 527 E SoundTriggerMiddlewareImpl: at android.hardware.soundtrigger.V2_0.ISoundTriggerHw.getService(ISoundTriggerHw.java:64)
09-30 05:49:56.887 527 527 E SoundTriggerMiddlewareImpl: at com.android.server.soundtrigger_middleware.SoundTriggerMiddlewareService$Lifecycle.lambda$onStart$0(SoundTriggerMiddlewareService.java:238)
09-30 05:49:56.887 527 527 E SoundTriggerMiddlewareImpl: at com.android.server.soundtrigger_middleware.SoundTriggerMiddlewareService$Lifecycle$$ExternalSyntheticLambda0.create(Unknown Source:0)
09-30 05:49:56.887 527 527 E SoundTriggerMiddlewareImpl: at com.android.server.soundtrigger_middleware.SoundTriggerModule.attachToHal(SoundTriggerModule.java:222)
09-30 05:49:56.887 527 527 E SoundTriggerMiddlewareImpl: at com.android.server.soundtrigger_middleware.SoundTriggerModule.(SoundTriggerModule.java:112)
09-30 05:49:56.887 527 527 E SoundTriggerMiddlewareImpl: at com.android.server.soundtrigger_middleware.SoundTriggerMiddlewareImpl.(SoundTriggerMiddlewareImpl.java:89)
09-30 05:49:56.887 527 527 E SoundTriggerMiddlewareImpl: at com.android.server.soundtrigger_middleware.SoundTriggerMiddlewareService$Lifecycle.onStart(SoundTriggerMiddlewareService.java:244)
09-30 05:49:56.887 527 527 E SoundTriggerMiddlewareImpl: at com.android.server.SystemServiceManager.startService(SystemServiceManager.java:205)
09-30 05:49:56.887 527 527 E SoundTriggerMiddlewareImpl: at com.android.server.SystemServiceManager.startService(SystemServiceManager.java:192)
09-30 05:49:56.887 527 527 E SoundTriggerMiddlewareImpl: at com.android.server.SystemServer.startOtherServices(SystemServer.java:2060)
09-30 05:49:56.887 527 527 E SoundTriggerMiddlewareImpl: at com.android.server.SystemServer.run(SystemServer.java:879)
09-30 05:49:56.887 527 527 E SoundTriggerMiddlewareImpl: at com.android.server.SystemServer.main(SystemServer.java:610)
09-30 05:49:56.887 527 527 E SoundTriggerMiddlewareImpl: at java.lang.reflect.Method.invoke(Native Method)
09-30 05:49:56.887 527 527 E SoundTriggerMiddlewareImpl: at com.android.internal.os.RuntimeInit$MethodAndArgsCaller.run(RuntimeInit.java:548)
09-30 05:49:56.887 527 527 E SoundTriggerMiddlewareImpl: at com.android.internal.os.ZygoteInit.main(ZygoteInit.java:981)
01-01 00:00:40.552 619 619 I getprop : type=1400 audit(0.0:512): avc: denied { map } for path="/dev/__properties__/u:object_r:power_debug_prop:s0" dev="tmpfs" ino=202 scontext=u:r:shell:s0 tcontext=u:object_r:power_debug_prop:s0 tclass=file permissive=1
09-30 05:49:56.898 429 429 I CaptureStateNotifier: Registering a listener
09-30 05:49:56.899 527 527 W SystemServiceManager: Service com.android.server.soundtrigger_middleware.SoundTriggerMiddlewareService$Lifecycle took 57 ms in onStart
09-30 05:49:56.899 527 527 D SystemServerTiming: StartSoundTriggerMiddlewareService took to complete: 60ms
09-30 05:49:56.899 527 527 I SystemServerTiming: StartDockObserver
09-30 05:49:56.900 527 527 I SystemServiceManager: Starting com.android.server.DockObserver
09-30 05:49:56.901 527 527 W DockObserver: This kernel does not have dock station support
09-30 05:49:56.903 527 527 D SystemServerTiming: StartDockObserver took to complete: 4ms
09-30 05:49:56.904 527 527 I SystemServerTiming: StartWiredAccessoryManager
09-30 05:49:56.907 527 527 W WiredAccessoryManager: This kernel does not have wired headset support
09-30 05:49:56.908 527 527 W WiredAccessoryManager: This kernel does not have usb audio support
09-30 05:49:56.910 527 527 W WiredAccessoryManager: This kernel does not have HDMI audio support
09-30 05:49:56.910 527 527 D SystemServerTiming: StartWiredAccessoryManager took to complete: 7ms
09-30 05:49:56.910 527 527 I SystemServerTiming: StartAdbService
09-30 05:49:56.910 527 527 I SystemServiceManager: Starting com.android.server.adb.AdbService$Lifecycle
09-30 05:49:56.913 527 679 I SoundTriggerMiddlewareLogging: setCaptureState[this=com.android.server.soundtrigger_middleware.SoundTriggerMiddlewareImpl@80662a, client=null](false)
01-01 00:00:40.552 619 619 I getprop : type=1400 audit(0.0:513): avc: denied { open } for path="/dev/__properties__/u:object_r:profcollectd_node_id_prop:s0" dev="tmpfs" ino=204 scontext=u:r:shell:s0 tcontext=u:object_r:profcollectd_node_id_prop:s0 tclass=file permissive=1
09-30 05:49:56.918 527 527 D SystemServerTiming: StartAdbService took to complete: 7ms
09-30 05:49:56.919 527 527 I SystemServerTiming: StartUsbService
09-30 05:49:56.919 527 527 I SystemServiceManager: Starting com.android.server.usb.UsbService$Lifecycle
09-30 05:49:56.919 527 623 I SystemServerTimingAsync: InitThreadPoolExec:UsbService$Lifecycle#onStart
09-30 05:49:56.919 527 623 D SystemServerInitThreadPool: Started executing UsbService$Lifecycle#onStart
09-30 05:49:56.922 527 527 D SystemServerTiming: StartUsbService took to complete: 4ms
09-30 05:49:56.922 527 527 I SystemServerTiming: StartSerialService
09-30 05:49:56.924 527 527 D SystemServerTiming: StartSerialService took to complete: 2ms
09-30 05:49:56.924 527 527 I SystemServerTiming: StartHardwarePropertiesManagerService
09-30 05:49:56.925 527 623 E UsbDeviceManager: failed to write to /sys/class/android_usb/android0/f_rndis/ethaddr
09-30 05:49:56.930 527 623 I android_os_HwBinder: HwBinder: Starting thread pool for getting: android.hardware.usb.gadget@1.0::IUsbGadget/default
01-01 00:00:40.632 619 619 I getprop : type=1400 audit(0.0:514): avc: denied { map } for path="/dev/__properties__/u:object_r:profcollectd_node_id_prop:s0" dev="tmpfs" ino=204 scontext=u:r:shell:s0 tcontext=u:object_r:profcollectd_node_id_prop:s0 tclass=file permissive=1
09-30 05:49:56.942 527 527 D HardwarePropertiesManagerService-JNI: Link to death notification successful
09-30 05:49:56.953 527 527 D SystemServerTiming: StartHardwarePropertiesManagerService took to complete: 28ms
09-30 05:49:56.953 527 527 I SystemServerTiming: StartTwilightService
09-30 05:49:56.953 527 527 I SystemServiceManager: Starting com.android.server.twilight.TwilightService
09-30 05:49:56.954 527 527 D SystemServerTiming: StartTwilightService took to complete: 0ms
09-30 05:49:56.954 527 527 I SystemServerTiming: StartColorDisplay
09-30 05:49:56.954 527 527 I SystemServiceManager: Starting com.android.server.display.color.ColorDisplayService
09-30 05:49:56.958 527 527 D SystemServerTiming: StartColorDisplay took to complete: 3ms
09-30 05:49:56.958 527 527 I SystemServerTiming: StartJobScheduler
09-30 05:49:56.959 527 527 I SystemServiceManager: Starting com.android.server.job.JobSchedulerService
01-01 00:00:40.632 619 619 I getprop : type=1400 audit(0.0:515): avc: denied { open } for path="/dev/__properties__/u:object_r:provisioned_prop:s0" dev="tmpfs" ino=206 scontext=u:r:shell:s0 tcontext=u:object_r:provisioned_prop:s0 tclass=file permissive=1
09-30 05:49:56.986 527 537 I system_server: Background young concurrent copying GC freed 10748(1184KB) AllocSpace objects, 1(36KB) LOS objects, 11% free, 7005KB/7959KB, paused 1.015ms total 180.541ms
01-01 00:00:40.632 619 619 I getprop : type=1400 audit(0.0:516): avc: denied { getattr } for path="/dev/__properties__/u:object_r:provisioned_prop:s0" dev="tmpfs" ino=206 scontext=u:r:shell:s0 tcontext=u:object_r:provisioned_prop:s0 tclass=file permissive=1
01-01 00:00:40.660 619 619 I getprop : type=1400 audit(0.0:517): avc: denied { open } for path="/dev/__properties__/u:object_r:qemu_hw_prop:s0" dev="tmpfs" ino=207 scontext=u:r:shell:s0 tcontext=u:object_r:qemu_hw_prop:s0 tclass=file permissive=1
09-30 05:49:57.013 527 527 D JobStore: Start tag: job-info
09-30 05:49:57.014 527 527 W JobStore: Periodic job for uid='10065' persisted run-time is too big [360:01:12, 720:01:12]. Clamping to [360:00:40,720:00:40]
09-30 05:49:57.020 527 623 W StorageManagerService: No primary storage defined yet; hacking together a stub
09-30 05:49:57.022 527 527 W JobStore: Periodic job for uid='1000' persisted run-time is too big [24:00:54, 48:00:54]. Clamping to [24:00:40,48:00:40]
09-30 05:49:57.023 527 623 I android_os_HwBinder: HwBinder: Starting thread pool for getting: android.hidl.manager@1.0::IServiceManager/default
09-30 05:49:57.023 527 527 I JobStore: Read 5 jobs
09-30 05:49:57.026 527 604 I UsbDeviceManager: Usb gadget hal service started android.hardware.usb.gadget@1.0::IUsbGadget default
09-30 05:49:57.028 527 579 I android_os_HwBinder: HwBinder: Starting thread pool for getting: android.hardware.usb.gadget@1.0::IUsbGadget/default
09-30 05:49:57.033 527 623 I android_os_HwBinder: HwBinder: Starting thread pool for getting: android.hardware.usb.gadget@1.0::IUsbGadget/default
09-30 05:49:57.034 527 665 D ConnectivityService: NetReassign [no changes]
09-30 05:49:57.038 527 579 E UsbDeviceManager: prcessing MSG_GET_CURRENT_USB_FUNCTIONS
09-30 05:49:57.038 527 579 E UsbDeviceManager: updating mCurrentFunctions
09-30 05:49:57.038 527 579 E UsbDeviceManager: mCurrentFunctions:0applied:1
09-30 05:49:57.039 527 527 V HistoricalRegistry: Interaction before persistence initialized
09-30 05:49:57.039 527 527 V HistoricalRegistry: Interaction before persistence initialized
09-30 05:49:57.040 527 527 W JobScheduler: !!! RTC not yet good; tracking time updates for job scheduling
09-30 05:49:57.045 527 527 D SystemServerTiming: StartJobScheduler took to complete: 86ms
09-30 05:49:57.045 527 527 I SystemServerTiming: StartSoundTrigger
09-30 05:49:57.045 527 527 I SystemServiceManager: Starting com.android.server.soundtrigger.SoundTriggerService
09-30 05:49:57.049 527 527 D SystemServerTiming: StartSoundTrigger took to complete: 4ms
09-30 05:49:57.049 527 527 I SystemServerTiming: StartTrustManager
09-30 05:49:57.050 527 527 I SystemServiceManager: Starting com.android.server.trust.TrustManagerService
09-30 05:49:57.053 527 527 D SystemServerTiming: StartTrustManager took to complete: 4ms
09-30 05:49:57.054 527 527 I SystemServerTiming: StartBackupManager
09-30 05:49:57.054 527 527 I SystemServiceManager: Starting com.android.server.backup.BackupManagerService$Lifecycle
09-30 05:49:57.056 527 623 I android_os_HwBinder: HwBinder: Starting thread pool for getting: android.hidl.manager@1.0::IServiceManager/default
09-30 05:49:57.059 527 684 I UsbPortManager: Usb hal service started android.hardware.usb@1.0::IUsb default
09-30 05:49:57.061 527 684 I android_os_HwBinder: HwBinder: Starting thread pool for getting: android.hardware.usb@1.0::IUsb/default
09-30 05:49:57.068 527 684 I UsbPortManager: USB HAL version: 12
09-30 05:49:57.068 426 426 I android.hardware.usb@1.2-service.generic: Registering 1.2 callback
09-30 05:49:57.068 426 426 I android.hardware.usb@1.2-service.generic: registering callback
09-30 05:49:57.070 426 688 E android.hardware.usb@1.2-service.generic: creating thread
09-30 05:49:57.072 527 527 D SystemServerTiming: StartBackupManager took to complete: 17ms
09-30 05:49:57.072 527 527 I SystemServerTiming: StartAppWidgetService
09-30 05:49:57.072 527 527 I SystemServiceManager: Starting com.android.server.appwidget.AppWidgetService
09-30 05:49:57.072 426 426 I android.hardware.usb@1.2-service.generic: port0
09-30 05:49:57.073 426 426 I android.hardware.usb@1.2-service.generic: HAL version V1_2
09-30 05:49:57.073 426 426 I android.hardware.usb@1.2-service.generic: 0:port0 connected:1 canChangeMode:1 canChagedata:0 canChangePower:0 supportedModes:3
09-30 05:49:57.079 527 527 D SystemServerTiming: StartAppWidgetService took to complete: 7ms
09-30 05:49:57.079 527 527 I SystemServerTiming: StartVoiceRecognitionManager
09-30 05:49:57.079 527 527 I SystemServiceManager: Starting com.android.server.voiceinteraction.VoiceInteractionManagerService
09-30 05:49:57.080 527 623 D SystemServerInitThreadPool: Finished executing UsbService$Lifecycle#onStart
09-30 05:49:57.080 527 623 D SystemServerTimingAsync: InitThreadPoolExec:UsbService$Lifecycle#onStart took to complete: 161ms
09-30 05:49:57.118 527 527 D SystemServerTiming: StartVoiceRecognitionManager took to complete: 39ms
09-30 05:49:57.119 527 527 I SystemServerTiming: StartAppHibernationService
09-30 05:49:57.121 527 527 I SystemServiceManager: Starting com.android.server.apphibernation.AppHibernationService
09-30 05:49:57.129 527 527 D SystemServerTiming: StartAppHibernationService took to complete: 11ms
09-30 05:49:57.130 527 527 I SystemServerTiming: StartGestureLauncher
09-30 05:49:57.130 527 527 I SystemServiceManager: Starting com.android.server.GestureLauncherService
09-30 05:49:57.130 527 527 D SystemServerTiming: StartGestureLauncher took to complete: 0ms
09-30 05:49:57.130 527 527 I SystemServerTiming: StartSensorNotification
09-30 05:49:57.130 527 527 I SystemServiceManager: Starting com.android.server.SensorNotificationService
09-30 05:49:57.131 527 527 D SystemServerTiming: StartSensorNotification took to complete: 0ms
09-30 05:49:57.131 527 527 I SystemServerTiming: StartDiskStatsService
09-30 05:49:57.139 527 527 D SystemServerTiming: StartDiskStatsService took to complete: 8ms
09-30 05:49:57.139 527 527 I SystemServerTiming: RuntimeService
09-30 05:49:57.140 527 527 D SystemServerTiming: RuntimeService took to complete: 1ms
09-30 05:49:57.141 527 527 I SystemServerTiming: StartNetworkTimeUpdateService
09-30 05:49:57.145 527 527 D SystemServerTiming: StartNetworkTimeUpdateService took to complete: 5ms
09-30 05:49:57.146 527 527 I SystemServerTiming: CertBlacklister
09-30 05:49:57.148 527 527 D SystemServerTiming: CertBlacklister took to complete: 3ms
09-30 05:49:57.149 527 527 I SystemServerTiming: StartEmergencyAffordanceService
09-30 05:49:57.149 527 527 I SystemServiceManager: Starting com.android.server.emergency.EmergencyAffordanceService
09-30 05:49:57.152 527 527 D SystemServerTiming: StartEmergencyAffordanceService took to complete: 2ms
09-30 05:49:57.153 527 628 I SystemServerTimingAsync: InitThreadPoolExec:startBlobStoreManagerService
09-30 05:49:57.153 527 628 D SystemServerInitThreadPool: Started executing startBlobStoreManagerService
09-30 05:49:57.153 527 628 I SystemServerTimingAsync: startBlobStoreManagerService
09-30 05:49:57.154 527 527 I SystemServerTiming: StartDreamManager
09-30 05:49:57.156 527 527 I SystemServiceManager: Starting com.android.server.dreams.DreamManagerService
09-30 05:49:57.161 527 628 I SystemServiceManager: Starting com.android.server.blob.BlobStoreManagerService
09-30 05:49:57.169 527 628 D SystemServerTimingAsync: startBlobStoreManagerService took to complete: 16ms
