09-16 13:19:57.079 417 417 E android.hardware.memtrack-service.img: Failed to open /proc/1416/fdinfo directory: No such file or directory
09-16 13:19:57.080 417 417 W IMGMemtrackHAL: getMemoryRecords:543 Failed to read dmabuf fd references for pid 1416
09-16 13:19:57.914 417 417 E android.hardware.memtrack-service.img: Failed to open /proc/1763/fdinfo directory: No such file or directory
09-16 13:19:57.914 417 417 W IMGMemtrackHAL: getMemoryRecords:543 Failed to read dmabuf fd references for pid 1763
09-16 13:19:57.927 417 417 E android.hardware.memtrack-service.img: Failed to open /proc/1736/fdinfo directory: No such file or directory
09-16 13:19:57.927 417 417 W IMGMemtrackHAL: getMemoryRecords:543 Failed to read dmabuf fd references for pid 1736
09-16 13:20:10.346 417 417 E android.hardware.memtrack-service.img: Failed to open /proc/1213/fdinfo directory: No such file or directory
09-16 13:20:10.347 417 417 W IMGMemtrackHAL: getMemoryRecords:543 Failed to read dmabuf fd references for pid 1213
09-16 13:20:10.361 1644 1657 I PermissionControllerServiceImpl: Updating user sensitive for user 0
09-16 13:20:15.165 561 614 I ActivityManager: Force stopping com.example.myapplication appid=10067 user=0: from pid 1864
09-16 13:20:15.169 417 417 E android.hardware.memtrack-service.img: Failed to open /proc/1675/fdinfo directory: No such file or directory
09-16 13:20:15.171 417 417 W IMGMemtrackHAL: getMemoryRecords:543 Failed to read dmabuf fd references for pid 1675
09-16 13:20:15.182 915 915 E PhoneInterfaceManager: [PhoneIntfMgr] getCarrierPackageNamesForIntentAndPhone: No UICC
09-16 13:20:15.183 915 915 D CarrierSvcBindHelper: No carrier app for: 0
09-16 13:20:15.187 417 417 E android.hardware.memtrack-service.img: Failed to open /proc/1793/fdinfo directory: No such file or directory
09-16 13:20:15.188 417 417 W IMGMemtrackHAL: getMemoryRecords:543 Failed to read dmabuf fd references for pid 1793
09-16 13:20:15.201 417 417 E android.hardware.memtrack-service.img: Failed to open /proc/1376/fdinfo directory: No such file or directory
09-16 13:20:15.201 417 417 W IMGMemtrackHAL: getMemoryRecords:543 Failed to read dmabuf fd references for pid 1376
09-16 13:20:15.213 417 417 E android.hardware.memtrack-service.img: Failed to open /proc/1580/fdinfo directory: No such file or directory
09-16 13:20:15.213 417 417 W IMGMemtrackHAL: getMemoryRecords:543 Failed to read dmabuf fd references for pid 1580
09-16 13:20:15.225 417 417 E android.hardware.memtrack-service.img: Failed to open /proc/1554/fdinfo directory: No such file or directory
09-16 13:20:15.225 417 417 W IMGMemtrackHAL: getMemoryRecords:543 Failed to read dmabuf fd references for pid 1554
09-16 13:20:18.898 1881 1881 E studio.deploy: MessagePipeWrapper: Cannot write (EOF)
09-16 13:20:18.899 1881 1881 E studio.deploy: Unable to write magic number to pipe
09-16 13:20:18.934 1881 1881 E studio.deploy: MessagePipeWrapper: Cannot read (EOF)
09-16 13:20:18.934 1881 1881 E studio.deploy: MessagePipeWrapper: Unable to read magic number (received= '
09-16 13:20:18.934 1881 1881 E studio.deploy: Protopipe: Unable to read() from pipe
09-16 13:19:23.348 1243 1243 I getprop : type=1400 audit(0.0:1829): avc: denied { open } for path="/dev/__properties__/u:object_r:aac_drc_prop:s0" dev="tmpfs" ino=33 scontext=u:r:shell:s0 tcontext=u:object_r:aac_drc_prop:s0 tclass=file permissive=1
09-16 13:19:23.348 1243 1243 I getprop : type=1400 audit(0.0:1830): avc: denied { getattr } for path="/dev/__properties__/u:object_r:aac_drc_prop:s0" dev="tmpfs" ino=33 scontext=u:r:shell:s0 tcontext=u:object_r:aac_drc_prop:s0 tclass=file permissive=1
09-16 13:19:23.348 1243 1243 I getprop : type=1400 audit(0.0:1831): avc: denied { map } for path="/dev/__properties__/u:object_r:aac_drc_prop:s0" dev="tmpfs" ino=33 scontext=u:r:shell:s0 tcontext=u:object_r:aac_drc_prop:s0 tclass=file permissive=1
09-16 13:19:23.348 1243 1243 I getprop : type=1400 audit(0.0:1832): avc: denied { open } for path="/dev/__properties__/u:object_r:ab_update_gki_prop:s0" dev="tmpfs" ino=35 scontext=u:r:shell:s0 tcontext=u:object_r:ab_update_gki_prop:s0 tclass=file permissive=1
09-16 13:19:23.348 1243 1243 I getprop : type=1400 audit(0.0:1833): avc: denied { getattr } for path="/dev/__properties__/u:object_r:ab_update_gki_prop:s0" dev="tmpfs" ino=35 scontext=u:r:shell:s0 tcontext=u:object_r:ab_update_gki_prop:s0 tclass=file permissive=1
09-16 13:19:23.348 1243 1243 I getprop : type=1400 audit(0.0:1834): avc: denied { map } for path="/dev/__properties__/u:object_r:ab_update_gki_prop:s0" dev="tmpfs" ino=35 scontext=u:r:shell:s0 tcontext=u:object_r:ab_update_gki_prop:s0 tclass=file permissive=1
09-16 13:20:19.190 1888 1888 E studio.deploy: Could not remove dir '/data/data/com.example.myapplication/code_cache/.ll/': No such file or directory
09-16 13:19:23.348 1243 1243 I getprop : type=1400 audit(0.0:1835): avc: denied { open } for path="/dev/__properties__/u:object_r:adbd_prop:s0" dev="tmpfs" ino=37 scontext=u:r:shell:s0 tcontext=u:object_r:adbd_prop:s0 tclass=file permissive=1
09-16 13:19:23.348 1243 1243 I getprop : type=1400 audit(0.0:1836): avc: denied { getattr } for path="/dev/__properties__/u:object_r:adbd_prop:s0" dev="tmpfs" ino=37 scontext=u:r:shell:s0 tcontext=u:object_r:adbd_prop:s0 tclass=file permissive=1
09-16 13:19:23.348 1243 1243 I getprop : type=1400 audit(0.0:1837): avc: denied { map } for path="/dev/__properties__/u:object_r:adbd_prop:s0" dev="tmpfs" ino=37 scontext=u:r:shell:s0 tcontext=u:object_r:adbd_prop:s0 tclass=file permissive=1
09-16 13:19:23.348 1243 1243 I getprop : type=1400 audit(0.0:1838): avc: denied { open } for path="/dev/__properties__/u:object_r:apexd_config_prop:s0" dev="tmpfs" ino=38 scontext=u:r:shell:s0 tcontext=u:object_r:apexd_config_prop:s0 tclass=file permissive=1
09-16 13:19:23.348 1243 1243 I getprop : type=1400 audit(0.0:1839): avc: denied { getattr } for path="/dev/__properties__/u:object_r:apexd_config_prop:s0" dev="tmpfs" ino=38 scontext=u:r:shell:s0 tcontext=u:object_r:apexd_config_prop:s0 tclass=file permissive=1
09-16 13:19:23.348 1243 1243 I getprop : type=1400 audit(0.0:1840): avc: denied { map } for path="/dev/__properties__/u:object_r:apexd_config_prop:s0" dev="tmpfs" ino=38 scontext=u:r:shell:s0 tcontext=u:object_r:apexd_config_prop:s0 tclass=file permissive=1
09-16 13:19:23.348 1243 1243 I getprop : type=1400 audit(0.0:1841): avc: denied { open } for path="/dev/__properties__/u:object_r:apexd_prop:s0" dev="tmpfs" ino=39 scontext=u:r:shell:s0 tcontext=u:object_r:apexd_prop:s0 tclass=file permissive=1
09-16 13:19:23.348 1243 1243 I getprop : type=1400 audit(0.0:1842): avc: denied { getattr } for path="/dev/__properties__/u:object_r:apexd_prop:s0" dev="tmpfs" ino=39 scontext=u:r:shell:s0 tcontext=u:object_r:apexd_prop:s0 tclass=file permissive=1
09-16 13:19:23.348 1243 1243 I getprop : type=1400 audit(0.0:1843): avc: denied { map } for path="/dev/__properties__/u:object_r:apexd_prop:s0" dev="tmpfs" ino=39 scontext=u:r:shell:s0 tcontext=u:object_r:apexd_prop:s0 tclass=file permissive=1
09-16 13:19:23.348 1243 1243 I getprop : type=1400 audit(0.0:1844): avc: denied { open } for path="/dev/__properties__/u:object_r:apk_verity_prop:s0" dev="tmpfs" ino=40 scontext=u:r:shell:s0 tcontext=u:object_r:apk_verity_prop:s0 tclass=file permissive=1
09-16 13:19:23.348 1243 1243 I getprop : type=1400 audit(0.0:1845): avc: denied { getattr } for path="/dev/__properties__/u:object_r:apk_verity_prop:s0" dev="tmpfs" ino=40 scontext=u:r:shell:s0 tcontext=u:object_r:apk_verity_prop:s0 tclass=file permissive=1
09-16 13:19:23.348 1243 1243 I getprop : type=1400 audit(0.0:1846): avc: denied { map } for path="/dev/__properties__/u:object_r:apk_verity_prop:s0" dev="tmpfs" ino=40 scontext=u:r:shell:s0 tcontext=u:object_r:apk_verity_prop:s0 tclass=file permissive=1
09-16 13:19:23.348 1243 1243 I getprop : type=1400 audit(0.0:1847): avc: denied { open } for path="/dev/__properties__/u:object_r:audio_config_prop:s0" dev="tmpfs" ino=42 scontext=u:r:shell:s0 tcontext=u:object_r:audio_config_prop:s0 tclass=file permissive=1
09-16 13:19:23.348 1243 1243 I getprop : type=1400 audit(0.0:1848): avc: denied { getattr } for path="/dev/__properties__/u:object_r:audio_config_prop:s0" dev="tmpfs" ino=42 scontext=u:r:shell:s0 tcontext=u:object_r:audio_config_prop:s0 tclass=file permissive=1
09-16 13:19:23.348 1243 1243 I getprop : type=1400 audit(0.0:1849): avc: denied { map } for path="/dev/__properties__/u:object_r:audio_config_prop:s0" dev="tmpfs" ino=42 scontext=u:r:shell:s0 tcontext=u:object_r:audio_config_prop:s0 tclass=file permissive=1
09-16 13:19:23.348 1243 1243 I getprop : type=1400 audit(0.0:1850): avc: denied { open } for path="/dev/__properties__/u:object_r:bluetooth_a2dp_offload_prop:s0" dev="tmpfs" ino=47 scontext=u:r:shell:s0 tcontext=u:object_r:bluetooth_a2dp_offload_prop:s0 tclass=file permissive=1
09-16 13:19:23.348 1243 1243 I getprop : type=1400 audit(0.0:1851): avc: denied { getattr } for path="/dev/__properties__/u:object_r:bluetooth_a2dp_offload_prop:s0" dev="tmpfs" ino=47 scontext=u:r:shell:s0 tcontext=u:object_r:bluetooth_a2dp_offload_prop:s0 tclass=file permissive=1
09-16 13:19:23.348 1243 1243 I getprop : type=1400 audit(0.0:1852): avc: denied { map } for path="/dev/__properties__/u:object_r:bluetooth_a2dp_offload_prop:s0" dev="tmpfs" ino=47 scontext=u:r:shell:s0 tcontext=u:object_r:bluetooth_a2dp_offload_prop:s0 tclass=file permissive=1
09-16 13:19:23.348 1243 1243 I getprop : type=1400 audit(0.0:1853): avc: denied { open } for path="/dev/__properties__/u:object_r:bluetooth_audio_hal_prop:s0" dev="tmpfs" ino=48 scontext=u:r:shell:s0 tcontext=u:object_r:bluetooth_audio_hal_prop:s0 tclass=file permissive=1
09-16 13:20:19.628 561 614 I ActivityManager: Force stopping com.example.myapplication appid=10067 user=0: from pid 1893
09-16 13:20:19.635 417 417 E android.hardware.memtrack-service.img: Failed to open /proc/1435/fdinfo directory: No such file or directory
09-16 13:20:19.635 417 417 W IMGMemtrackHAL: getMemoryRecords:543 Failed to read dmabuf fd references for pid 1435
09-16 13:19:23.348 1243 1243 I getprop : type=1400 audit(0.0:1854): avc: denied { getattr } for path="/dev/__properties__/u:object_r:bluetooth_audio_hal_prop:s0" dev="tmpfs" ino=48 scontext=u:r:shell:s0 tcontext=u:object_r:bluetooth_audio_hal_prop:s0 tclass=file permissive=1
09-16 13:20:19.639 915 915 E PhoneInterfaceManager: [PhoneIntfMgr] getCarrierPackageNamesForIntentAndPhone: No UICC
09-16 13:20:19.640 915 915 D CarrierSvcBindHelper: No carrier app for: 0
09-16 13:20:19.659 417 417 E android.hardware.memtrack-service.img: Failed to open /proc/1763/fdinfo directory: No such file or directory
09-16 13:20:19.659 417 417 W IMGMemtrackHAL: getMemoryRecords:543 Failed to read dmabuf fd references for pid 1763
09-16 13:19:23.348 1243 1243 I getprop : type=1400 audit(0.0:1855): avc: denied { map } for path="/dev/__properties__/u:object_r:bluetooth_audio_hal_prop:s0" dev="tmpfs" ino=48 scontext=u:r:shell:s0 tcontext=u:object_r:bluetooth_audio_hal_prop:s0 tclass=file permissive=1
09-16 13:20:19.674 417 417 E android.hardware.memtrack-service.img: Failed to open /proc/1736/fdinfo directory: No such file or directory
09-16 13:20:19.674 417 417 W IMGMemtrackHAL: getMemoryRecords:543 Failed to read dmabuf fd references for pid 1736
09-16 13:20:19.686 417 417 E android.hardware.memtrack-service.img: Failed to open /proc/1705/fdinfo directory: No such file or directory
09-16 13:20:19.686 417 417 W IMGMemtrackHAL: getMemoryRecords:543 Failed to read dmabuf fd references for pid 1705
09-16 13:19:23.348 1243 1243 I getprop : type=1400 audit(0.0:1856): avc: denied { open } for path="/dev/__properties__/u:object_r:bluetooth_prop:s0" dev="tmpfs" ino=49 scontext=u:r:shell:s0 tcontext=u:object_r:bluetooth_prop:s0 tclass=file permissive=1
09-16 13:20:19.701 417 417 E android.hardware.memtrack-service.img: Failed to open /proc/1619/fdinfo directory: No such file or directory
09-16 13:20:19.701 417 417 W IMGMemtrackHAL: getMemoryRecords:543 Failed to read dmabuf fd references for pid 1619
09-16 13:20:19.712 417 417 E android.hardware.memtrack-service.img: Failed to open /proc/1416/fdinfo directory: No such file or directory
09-16 13:20:19.712 417 417 W IMGMemtrackHAL: getMemoryRecords:543 Failed to read dmabuf fd references for pid 1416
09-16 13:19:23.348 1243 1243 I getprop : type=1400 audit(0.0:1857): avc: denied { getattr } for path="/dev/__properties__/u:object_r:bluetooth_prop:s0" dev="tmpfs" ino=49 scontext=u:r:shell:s0 tcontext=u:object_r:bluetooth_prop:s0 tclass=file permissive=1
09-16 13:19:23.348 1243 1243 I getprop : type=1400 audit(0.0:1858): avc: denied { map } for path="/dev/__properties__/u:object_r:bluetooth_prop:s0" dev="tmpfs" ino=49 scontext=u:r:shell:s0 tcontext=u:object_r:bluetooth_prop:s0 tclass=file permissive=1
09-16 13:19:23.348 1243 1243 I getprop : type=1400 audit(0.0:1859): avc: denied { open } for path="/dev/__properties__/u:object_r:bootanim_config_prop:s0" dev="tmpfs" ino=51 scontext=u:r:shell:s0 tcontext=u:object_r:bootanim_config_prop:s0 tclass=file permissive=1
09-16 13:19:23.348 1243 1243 I getprop : type=1400 audit(0.0:1860): avc: denied { getattr } for path="/dev/__properties__/u:object_r:bootanim_config_prop:s0" dev="tmpfs" ino=51 scontext=u:r:shell:s0 tcontext=u:object_r:bootanim_config_prop:s0 tclass=file permissive=1
09-16 13:20:19.809 561 614 I ActivityTaskManager: START u0 {act=android.intent.action.MAIN cat=[android.intent.category.LAUNCHER] flg=0x10000000 cmp=com.example.myapplication/.MainActivity} from uid 2000
09-16 13:19:23.348 1243 1243 I getprop : type=1400 audit(0.0:1861): avc: denied { map } for path="/dev/__properties__/u:object_r:bootanim_config_prop:s0" dev="tmpfs" ino=51 scontext=u:r:shell:s0 tcontext=u:object_r:bootanim_config_prop:s0 tclass=file permissive=1
09-16 13:19:23.348 1243 1243 I getprop : type=1400 audit(0.0:1862): avc: denied { open } for path="/dev/__properties__/u:object_r:bootanim_system_prop:s0" dev="tmpfs" ino=52 scontext=u:r:shell:s0 tcontext=u:object_r:bootanim_system_prop:s0 tclass=file permissive=1
09-16 13:20:19.849 561 614 D CompatibilityChangeReporter: Compat change id reported: 174042980; UID 10067; state: DISABLED
09-16 13:20:19.850 561 614 D CompatibilityChangeReporter: Compat change id reported: 184838306; UID 10067; state: DISABLED
09-16 13:20:19.852 561 614 D CompatibilityChangeReporter: Compat change id reported: 185004937; UID 10067; state: DISABLED
09-16 13:20:19.854 561 614 D CompatibilityChangeReporter: Compat change id reported: 181136395; UID 10067; state: DISABLED
09-16 13:20:19.855 561 614 D CompatibilityChangeReporter: Compat change id reported: 174042936; UID 10067; state: DISABLED
09-16 13:19:23.348 1243 1243 I getprop : type=1400 audit(0.0:1863): avc: denied { getattr } for path="/dev/__properties__/u:object_r:bootanim_system_prop:s0" dev="tmpfs" ino=52 scontext=u:r:shell:s0 tcontext=u:object_r:bootanim_system_prop:s0 tclass=file permissive=1
09-16 13:20:19.870 561 614 D CompatibilityChangeReporter: Compat change id reported: 168419799; UID 10067; state: DISABLED
09-16 13:20:19.877 840 1043 D PhoneStartingWindowTypeAlgorithm: preferredStartingWindowType newTask:true taskSwitch:true processRunning:false allowTaskSnapshot:true activityCreated:false useEmptySplashScreen:true legacySplashScreen:false topIsHome:false
09-16 13:20:19.878 840 1043 D StartingSurfaceDrawer: addSplashScreen com.example.myapplication theme=7f10023d task=11 suggestType=3
09-16 13:19:23.348 1243 1243 I getprop : type=1400 audit(0.0:1864): avc: denied { map } for path="/dev/__properties__/u:object_r:bootanim_system_prop:s0" dev="tmpfs" ino=52 scontext=u:r:shell:s0 tcontext=u:object_r:bootanim_system_prop:s0 tclass=file permissive=1
09-16 13:20:19.891 925 925 D HomeActivity: onPause: 1:1663334419891
09-16 13:20:19.893 561 622 D CompatibilityChangeReporter: Compat change id reported: 135634846; UID 10067; state: DISABLED
09-16 13:20:19.893 925 925 D HomeActivity: onPause: 2:1663334419893
09-16 13:20:19.894 561 622 D CompatibilityChangeReporter: Compat change id reported: 177438394; UID 10067; state: DISABLED
09-16 13:20:19.895 561 622 D CompatibilityChangeReporter: Compat change id reported: 135772972; UID 10067; state: DISABLED
09-16 13:20:19.895 561 622 D CompatibilityChangeReporter: Compat change id reported: 135754954; UID 10067; state: ENABLED
09-16 13:20:19.896 561 630 D CompatibilityChangeReporter: Compat change id reported: 143937733; UID 10067; state: ENABLED
09-16 13:20:19.905 840 1044 D StartingSurfaceDrawer: window attributes color: 0 icon null duration 0 brandImage null
09-16 13:19:23.348 1243 1243 I getprop : type=1400 audit(0.0:1865): avc: denied { open } for path="/dev/__properties__/u:object_r:boottime_prop:s0" dev="tmpfs" ino=55 scontext=u:r:shell:s0 tcontext=u:object_r:boottime_prop:s0 tclass=file permissive=1
09-16 13:20:19.931 840 1044 D SplashScreenView: Build android.window.SplashScreenView{18d6890 V.E...... ......ID 0,0-0,0}
09-16 13:20:19.931 840 1044 D SplashScreenView: Icon: view: null drawable: null size: 0
09-16 13:20:19.931 840 1044 D SplashScreenView: Branding: view: android.view.View{e719589 G.ED..... ......I. 0,0-0,0 #10204a6 android:id/splashscreen_branding_view} drawable: null size w: 0 h: 0
09-16 13:20:19.932 840 1044 D StartingSurfaceDrawer: fillViewWithIcon surfaceWindowView android.window.SplashScreenView{18d6890 V.E...... ......ID 0,0-0,0}
09-16 13:20:19.957 384 384 D Zygote : Forked child process 1904
09-16 13:20:19.968 561 630 W ActivityManager: Slow operation: 76ms so far, now at startProcess: returned from zygote!
09-16 13:20:19.968 241 241 I BpBinder: onLastStrongRef automatically unlinking death recipients:
09-16 13:20:19.969 561 630 W ActivityManager: Slow operation: 77ms so far, now at startProcess: done updating battery stats
09-16 13:20:19.969 561 630 W ActivityManager: Slow operation: 78ms so far, now at startProcess: building log message
09-16 13:20:19.969 561 630 I ActivityManager: Start proc 1904:com.example.myapplication/u0a67 for pre-top-activity {com.example.myapplication/com.example.myapplication.MainActivity}
09-16 13:20:19.970 561 630 W ActivityManager: Slow operation: 78ms so far, now at startProcess: starting to update pids map
09-16 13:20:19.976 561 630 W ActivityManager: Slow operation: 85ms so far, now at startProcess: done updating pids map
09-16 13:20:19.992 1904 1904 I Zygote : seccomp disabled by setenforce 0
09-16 13:20:20.008 1904 1904 I e.myapplicatio: Late-enabling -Xcheck:jni
09-16 13:19:23.348 1243 1243 I getprop : type=1400 audit(0.0:1866): avc: denied { getattr } for path="/dev/__properties__/u:object_r:boottime_prop:s0" dev="tmpfs" ino=55 scontext=u:r:shell:s0 tcontext=u:object_r:boottime_prop:s0 tclass=file permissive=1
09-16 13:19:23.384 1243 1243 I getprop : type=1400 audit(0.0:1867): avc: denied { open } for path="/dev/__properties__/u:object_r:suspend_prop:s0" dev="tmpfs" ino=226 scontext=u:r:shell:s0 tcontext=u:object_r:suspend_prop:s0 tclass=file permissive=1
09-16 13:20:19.032 1888 1888 W run-as : type=1400 audit(0.0:1868): avc: granted { execute } for name="install_server-69880af5" dev="mmcblk0p13" ino=2773 scontext=u:r:runas_app:s0:c67,c256,c512,c768 tcontext=u:object_r:app_data_file:s0:c67,c256,c512,c768 tclass=file app=com.example.myapplication
09-16 13:20:20.129 475 489 I adbd : jdwp connection from 1904
09-16 13:20:19.032 1888 1888 W install_server-: type=1400 audit(0.0:1869): avc: granted { execute } for path="/data/data/com.example.myapplication/code_cache/install_server-69880af5" dev="mmcblk0p13" ino=2773 scontext=u:r:runas_app:s0:c67,c256,c512,c768 tcontext=u:object_r:app_data_file:s0:c67,c256,c512,c768 tclass=file app=com.example.myapplication
09-16 13:20:19.036 1888 1888 I install_server-: type=1400 audit(0.0:1870): avc: denied { getattr } for path="/postinstall" dev="dm-0" ino=42 scontext=u:r:runas_app:s0:c67,c256,c512,c768 tcontext=u:object_r:postinstall_mnt_dir:s0 tclass=dir permissive=1 app=com.example.myapplication
09-16 13:20:20.180 561 573 I system_server: Background young concurrent copying GC freed 29160(1783KB) AllocSpace objects, 7(156KB) LOS objects, 15% free, 9352KB/10MB, paused 405us total 296.958ms
09-16 13:20:20.430 1904 1904 V studio.deploy: Startup agent attached to VM
09-16 13:20:20.433 1904 1904 V studio.deploy: No existing instrumentation found. Loading instrumentation from instruments-6b5afa68.jar
09-16 13:20:20.462 1904 1904 W e.myapplicatio: DexFile /data/data/com.example.myapplication/code_cache/.studio/instruments-6b5afa68.jar is in boot class path but is not in a known location
09-16 13:20:20.420 1904 1904 W re-initialized>: type=1400 audit(0.0:1871): avc: granted { execute } for path="/data/data/com.example.myapplication/code_cache/startup_agents/69880af5-agent.so" dev="mmcblk0p13" ino=2777 scontext=u:r:untrusted_app:s0:c67,c256,c512,c768 tcontext=u:object_r:app_data_file:s0:c67,c256,c512,c768 tclass=file app=com.example.myapplication
09-16 13:20:20.721 561 644 V DisplayPowerController[0]: Brightness [0.05] reason changing to: 'manual [ dim ]', previous reason: 'manual'.
09-16 13:20:20.726 561 762 E DisplayDeviceConfig: requesting nits when no mapping exists.
09-16 13:20:20.727 561 762 E DisplayDeviceConfig: requesting nits when no mapping exists.
09-16 13:20:20.730 561 629 I DropBoxManagerService: add tag=system_server_wtf isTagEnabled=true flags=0x2
09-16 13:20:20.742 561 629 I DropBoxManagerService: add tag=system_server_wtf isTagEnabled=true flags=0x2
09-16 13:20:21.625 1904 1904 V studio.deploy: ModifyParameterTransform failed: Landroid/app/ApplicationLoaders;
09-16 13:20:21.630 1904 1904 W e.myapplicatio: Current dex file has more than one class in it. Calling RetransformClasses on this class might fail if no transformations are applied to it!
09-16 13:20:22.098 1904 1904 W e.myapplicatio: Current dex file has more than one class in it. Calling RetransformClasses on this class might fail if no transformations are applied to it!
09-16 13:20:22.104 1904 1904 W e.myapplicatio: Redefining intrinsic method java.lang.Thread java.lang.Thread.currentThread(). This may cause the unexpected use of the original definition of java.lang.Thread java.lang.Thread.currentThread()in methods that have already been compiled.
09-16 13:20:22.105 1904 1904 W e.myapplicatio: Redefining intrinsic method boolean java.lang.Thread.interrupted(). This may cause the unexpected use of the original definition of boolean java.lang.Thread.interrupted()in methods that have already been compiled.
09-16 13:20:22.179 1904 1904 W e.myapplicatio: Current dex file has more than one class in it. Calling RetransformClasses on this class might fail if no transformations are applied to it!
09-16 13:20:23.174 1904 1904 W e.myapplicatio: Current dex file has more than one class in it. Calling RetransformClasses on this class might fail if no transformations are applied to it!
09-16 13:20:23.480 561 1302 E TaskPersister: File error accessing recents directory (directory doesn't exist?).
09-16 13:20:24.201 1904 1904 W e.myapplicatio: Current dex file has more than one class in it. Calling RetransformClasses on this class might fail if no transformations are applied to it!
09-16 13:20:24.231 1904 1904 D CompatibilityChangeReporter: Compat change id reported: 171979766; UID 10067; state: ENABLED
09-16 13:20:24.627 1904 1904 V GraphicsEnvironment: ANGLE Developer option for 'com.example.myapplication' set to: 'default'
09-16 13:20:24.628 1904 1904 V GraphicsEnvironment: Neither updatable production driver nor prerelease driver is supported.
09-16 13:20:24.650 1904 1904 D NetworkSecurityConfig: No Network Security Config specified, using platform default
09-16 13:20:24.656 1904 1904 D NetworkSecurityConfig: No Network Security Config specified, using platform default
09-16 13:20:24.968 1904 1904 D MainActivity: onClick: onCreate 1: 1663334424968
09-16 13:20:25.292 1904 1904 W e.myapplicatio: Accessing hidden method Landroid/view/View;->computeFitSystemWindows(Landroid/graphics/Rect;Landroid/graphics/Rect;)Z (unsupported, reflection, allowed)
09-16 13:20:25.298 1904 1904 W e.myapplicatio: Accessing hidden method Landroid/view/ViewGroup;->makeOptionalFitsSystemWindows()V (unsupported, reflection, allowed)
09-16 13:20:25.360 1904 1918 W System : A resource failed to call close.
09-16 13:20:25.615 1904 1904 D MainActivity: onClick: onCreate 2: 1663334425615
09-16 13:20:25.695 561 758 D CompatibilityChangeReporter: Compat change id reported: 168419799; UID 10067; state: DISABLED
09-16 13:20:25.836 561 623 D CompatibilityChangeReporter: Compat change id reported: 158002302; UID 10067; state: ENABLED
09-16 13:20:25.844 241 550 W ServiceManager: Permission failure: android.permission.ACCESS_SURFACE_FLINGER from uid=10067 pid=1904
09-16 13:20:25.844 241 550 D PermissionCache: checking android.permission.ACCESS_SURFACE_FLINGER for uid=10067 => denied (1171 us)
09-16 13:20:25.848 241 550 W ServiceManager: Permission failure: android.permission.ROTATE_SURFACE_FLINGER from uid=10067 pid=1904
09-16 13:20:25.849 241 550 D PermissionCache: checking android.permission.ROTATE_SURFACE_FLINGER for uid=10067 => denied (4146 us)
09-16 13:20:25.930 1904 1941 E ion : ioctl c0044901 failed with code -1: Inappropriate ioctl for device
09-16 13:20:25.930 1904 1941 I DMABUFHEAPS: Using : Non-legacy ION heaps
09-16 13:20:25.930 1904 1941 E DMABUFHEAPS: No ion heap of name ion_system_heap exists
09-16 13:20:25.930 1904 1941 E DMABUFHEAPS: No ion heap of name ion_system_heap exists
09-16 13:20:25.936 214 214 I hwservicemanager: getTransport: Cannot find entry android.hardware.configstore@1.0::ISurfaceFlingerConfigs/default in either framework or device VINTF manifest.
09-16 13:20:26.089 840 1043 D StartingSurfaceDrawer: Task start finish, remove starting surface for task 11
09-16 13:20:26.090 840 1043 V StartingSurfaceDrawer: Removing splash screen window for task: 11
09-16 13:20:26.098 561 619 I ActivityTaskManager: Displayed com.example.myapplication/.MainActivity: +6s279ms
09-16 13:20:26.351 561 614 D CompatibilityChangeReporter: Compat change id reported: 181136395; UID 10067; state: DISABLED
09-16 13:20:26.354 561 614 D CompatibilityChangeReporter: Compat change id reported: 174042936; UID 10067; state: DISABLED
09-16 13:20:26.367 417 417 E android.hardware.memtrack-service.img: Failed to open /proc/1279/fdinfo directory: No such file or directory
09-16 13:20:26.376 417 417 W IMGMemtrackHAL: getMemoryRecords:543 Failed to read dmabuf fd references for pid 1279
09-16 13:20:26.426 561 675 W InputManager-JNI: Input channel object 'b6256b9 Splash Screen com.example.myapplication (client)' was disposed without first being removed with the input manager!
09-16 13:20:36.693 561 644 V DisplayPowerController[0]: Brightness [0.39763778] reason changing to: 'manual', previous reason: 'manual [ dim ]'.
09-16 13:20:36.695 561 762 E DisplayDeviceConfig: requesting nits when no mapping exists.
09-16 13:20:36.697 561 762 E DisplayDeviceConfig: requesting nits when no mapping exists.
09-16 13:20:36.701 561 629 I DropBoxManagerService: add tag=system_server_wtf isTagEnabled=true flags=0x2
09-16 13:20:36.735 561 629 I DropBoxManagerService: add tag=system_server_wtf isTagEnabled=true flags=0x2
09-16 13:20:36.999 561 675 I ActivityTaskManager: START u0 {cmp=com.example.myapplication/.TestPage2} from uid 10067
09-16 13:20:37.006 561 675 D CompatibilityChangeReporter: Compat change id reported: 174042980; UID 10067; state: DISABLED
09-16 13:20:37.009 561 675 D CompatibilityChangeReporter: Compat change id reported: 184838306; UID 10067; state: DISABLED
09-16 13:20:37.011 561 675 D CompatibilityChangeReporter: Compat change id reported: 185004937; UID 10067; state: DISABLED
09-16 13:20:37.064 425 492 D AF::TrackHandle: OpPlayAudio: track:56 usage:13 not muted
09-16 13:20:37.070 1904 1904 D MainActivity: onClick: onPause 1: 1663334437069
09-16 13:20:37.077 1904 1904 D MainActivity: onClick: onPause 2: 1663334437077
09-16 13:20:37.083 561 725 I AudioTrack: createTrack_l(8): AUDIO_OUTPUT_FLAG_FAST successful; frameCount 0 -> 4512
09-16 13:20:37.091 561 758 W ActivityTaskManager: Tried to set launchTime (0) < mLastActivityLaunchTime (116042)
09-16 13:20:37.133 241 241 I BpBinder: onLastStrongRef automatically unlinking death recipients:
09-16 13:20:37.141 417 417 E android.hardware.memtrack-service.img: Failed to open /proc/1904/fdinfo directory: No such file or directory
09-16 13:20:37.141 417 417 W IMGMemtrackHAL: getMemoryRecords:543 Failed to read dmabuf fd references for pid 1904
09-16 13:20:37.178 1904 1904 D TestPage2: onClick: onCreate 1: 1663334437177
09-16 13:20:37.208 417 417 E android.hardware.memtrack-service.img: Failed to open /proc/1675/fdinfo directory: No such file or directory
09-16 13:20:37.208 417 417 W IMGMemtrackHAL: getMemoryRecords:543 Failed to read dmabuf fd references for pid 1675
09-16 13:20:37.229 417 417 E android.hardware.memtrack-service.img: Failed to open /proc/1793/fdinfo directory: No such file or directory
09-16 13:20:37.229 417 417 W IMGMemtrackHAL: getMemoryRecords:543 Failed to read dmabuf fd references for pid 1793
09-16 13:20:37.399 1904 1904 D TestPage2: onClick: onCreate 2: 1663334437399
09-16 13:20:37.662 561 619 I ActivityTaskManager: Displayed com.example.myapplication/.TestPage2: +662ms
09-16 13:20:37.830 1904 1916 I e.myapplicatio: NativeAlloc concurrent copying GC freed 2883(187KB) AllocSpace objects, 0(0B) LOS objects, 24% free, 2982KB/3976KB, paused 259us total 103.194ms
09-16 13:20:39.011 561 758 I ActivityTaskManager: START u0 {cmp=com.example.myapplication/.MainActivity} from uid 10067
09-16 13:20:39.061 1904 1904 D TestPage2: onClick: onPause 1: 1663334439061
09-16 13:20:39.065 1904 1904 D TestPage2: onClick: onPause 2: 1663334439065
09-16 13:20:39.072 561 758 W ActivityTaskManager: Tried to set launchTime (0) < mLastActivityLaunchTime (132935)
09-16 13:20:39.114 241 241 I BpBinder: onLastStrongRef automatically unlinking death recipients:
09-16 13:20:39.142 1904 1904 D MainActivity: onClick: onCreate 1: 1663334439142
09-16 13:20:39.348 1904 1904 D MainActivity: onClick: onCreate 2: 1663334439348
09-16 13:20:39.611 561 619 I ActivityTaskManager: Displayed com.example.myapplication/.MainActivity: +593ms
09-16 13:20:40.635 561 1302 E TaskPersister: File error accessing recents directory (directory doesn't exist?).
09-16 13:20:40.925 561 758 I ActivityTaskManager: START u0 {cmp=com.example.myapplication/.TestPage2} from uid 10067
09-16 13:20:40.987 1904 1904 D MainActivity: onClick: onPause 1: 1663334440987
09-16 13:20:40.991 1904 1904 D MainActivity: onClick: onPause 2: 1663334440991
09-16 13:20:40.999 561 758 W ActivityTaskManager: Tried to set launchTime (0) < mLastActivityLaunchTime (134911)
09-16 13:20:41.046 241 241 I BpBinder: onLastStrongRef automatically unlinking death recipients:
09-16 13:20:41.065 1904 1904 D TestPage2: onClick: onCreate 1: 1663334441065
09-16 13:20:41.256 1904 1904 D TestPage2: onClick: onCreate 2: 1663334441256
09-16 13:20:41.521 561 619 I ActivityTaskManager: Displayed com.example.myapplication/.TestPage2: +591ms
09-16 13:20:44.007 561 1302 E TaskPersister: File error accessing recents directory (directory doesn't exist?).
09-16 13:20:58.216 561 1025 I ActivityTaskManager: START u0 {cmp=com.example.myapplication/.MainActivity} from uid 10067
09-16 13:20:58.269 1904 1904 D TestPage2: onClick: onPause 1: 1663334458268
09-16 13:20:58.273 1904 1904 D TestPage2: onClick: onPause 2: 1663334458273
09-16 13:20:58.280 561 758 W ActivityTaskManager: Tried to set launchTime (0) < mLastActivityLaunchTime (136837)
09-16 13:20:58.305 417 417 E android.hardware.memtrack-service.img: Failed to open /proc/1904/fdinfo directory: No such file or directory
09-16 13:20:58.305 417 417 W IMGMemtrackHAL: getMemoryRecords:543 Failed to read dmabuf fd references for pid 1904
09-16 13:20:58.314 241 241 I BpBinder: onLastStrongRef automatically unlinking death recipients:
09-16 13:20:58.348 1904 1904 D MainActivity: onClick: onCreate 1: 1663334458347
09-16 13:20:58.365 417 417 E android.hardware.memtrack-service.img: Failed to open /proc/925/fdinfo directory: No such file or directory
09-16 13:20:58.366 417 417 W IMGMemtrackHAL: getMemoryRecords:543 Failed to read dmabuf fd references for pid 925
09-16 13:20:58.454 840 850 I ndroid.systemu: Background young concurrent copying GC freed 35924(1666KB) AllocSpace objects, 0(0B) LOS objects, 20% free, 7992KB/10040KB, paused 523us total 105.964ms
09-16 13:20:58.578 1904 1904 D MainActivity: onClick: onCreate 2: 1663334458577
09-16 13:20:58.876 561 619 I ActivityTaskManager: Displayed com.example.myapplication/.MainActivity: +649ms
09-16 13:20:59.887 561 1025 I ActivityTaskManager: START u0 {cmp=com.example.myapplication/.TestPage2} from uid 10067
09-16 13:20:59.970 1904 1904 D MainActivity: onClick: onPause 1: 1663334459969
09-16 13:20:59.975 1904 1904 D MainActivity: onClick: onPause 2: 1663334459974
09-16 13:20:59.981 561 675 W ActivityTaskManager: Tried to set launchTime (0) < mLastActivityLaunchTime (154118)
09-16 13:21:00.043 241 241 I BpBinder: onLastStrongRef automatically unlinking death recipients:
09-16 13:21:00.069 1904 1904 D TestPage2: onClick: onCreate 1: 1663334460069
09-16 13:21:00.276 1904 1904 D TestPage2: onClick: onCreate 2: 1663334460276
09-16 13:21:00.537 561 619 I ActivityTaskManager: Displayed com.example.myapplication/.TestPage2: +640ms
09-16 13:21:01.843 561 1302 E TaskPersister: File error accessing recents directory (directory doesn't exist?).
09-16 13:21:52.903 561 644 V DisplayPowerController[0]: Brightness [0.05] reason changing to: 'manual [ dim ]', previous reason: 'manual'.
09-16 13:21:52.905 561 762 E DisplayDeviceConfig: requesting nits when no mapping exists.
09-16 13:21:52.906 561 762 E DisplayDeviceConfig: requesting nits when no mapping exists.
09-16 13:21:52.909 561 629 I DropBoxManagerService: add tag=system_server_wtf isTagEnabled=true flags=0x2
09-16 13:21:52.916 561 629 I DropBoxManagerService: add tag=system_server_wtf isTagEnabled=true flags=0x2
09-16 13:21:53.151 561 573 I system_server: Background concurrent copying GC freed 20675(1346KB) AllocSpace objects, 8(272KB) LOS objects, 18% free, 9246KB/11MB, paused 293us total 244.481ms
09-16 13:22:57.852 419 481 I libusbconfigfs: event=1 on fd=8
09-16 13:22:57.852 475 491 I adbd : USB event: FUNCTIONFS_SUSPEND
09-16 13:22:57.859 475 505 I adbd : UsbFfs: connection terminated: read 12845 failed with error Cannot send after transport endpoint shutdown
09-16 13:22:57.859 419 481 I libusbconfigfs: event=1 on fd=8
09-16 13:22:57.860 475 491 I adbd : USB event: FUNCTIONFS_DISABLE
09-16 13:22:57.860 475 491 E adbd : failed to send interruption signal to worker: No such process
09-16 13:22:57.861 475 475 I adbd : UsbFfs: offline
09-16 13:22:57.867 475 475 I adbd : destroying transport UsbFfs
09-16 13:22:57.869 475 475 I adbd : UsbFfsConnection being destroyed
09-16 13:22:57.933 419 740 I android.hardware.usb@1.2-service.generic: port0
09-16 13:22:57.933 419 740 I android.hardware.usb@1.2-service.generic: HAL version V1_2
09-16 13:22:57.933 419 740 I android.hardware.usb@1.2-service.generic: 0:port0 connected:0 canChangeMode:1 canChagedata:0 canChangePower:0 supportedModes:3
09-16 13:22:57.934 419 481 I libusbconfigfs: event=1 on fd=8
09-16 13:22:57.934 419 740 E android.hardware.usb@1.2-service.generic: Fatal: Cannot open file to switch back to drp
09-16 13:22:57.934 419 481 I libusbconfigfs: event=1 on fd=8
09-16 13:22:57.934 561 741 I UsbPortManager: ClientCallback V1_2: port0
09-16 13:22:57.934 419 481 I libusbconfigfs: event=1 on fd=8
09-16 13:22:57.937 561 619 I UsbPortManager: USB port changed: port=UsbPort{id=port0, supportedModes=dualsupportedContaminantProtectionModes=0supportsEnableContaminantPresenceProtection=falsesupportsEnableContaminantPresenceDetection=false, status=UsbPortStatus{connected=false, currentMode=none, currentPowerRole=no-power, currentDataRole=no-data, supportedRoleCombinations=[no-power:no-data], contaminantDetectionStatus=0, contaminantProtectionStatus=0}, canChangeMode=true, canChangePowerRole=false, canChangeDataRole=false, connectedAtMillis=0, lastConnectDurationMillis=226676
09-16 13:22:57.940 475 487 I adbd : opening control endpoint /dev/usb-ffs/adb/ep0
09-16 13:22:57.940 419 481 I libusbconfigfs: event=1 on fd=8
09-16 13:22:57.944 419 481 I libusbconfigfs: event=1 on fd=8
09-16 13:22:57.947 419 481 I libusbconfigfs: event=1 on fd=8
09-16 13:22:57.948 475 487 I adbd : UsbFfsConnection constructed
09-16 13:22:57.949 475 1974 I adbd : UsbFfs-monitor thread spawned
09-16 13:22:58.448 475 1974 I adbd : USB event: FUNCTIONFS_BIND
09-16 13:22:58.452 419 481 I libusbconfigfs: GADGET pulled up
09-16 13:22:58.452 419 481 I libusbconfigfs: event=1 on fd=8
09-16 13:22:58.866 475 475 W adbd : timeout expired while flushing socket, closing
09-16 13:22:58.866 475 475 W adbd : timeout expired while flushing socket, closing
09-16 13:22:58.867 1843 1843 D StudioTransport: Profiler:Signal received 1
09-16 13:22:58.867 1843 1843 D StudioTransport: Profiler:TerminationService shutting down with signal 1
09-16 13:22:58.867 1881 1881 E studio.deploy: MessagePipeWrapper: Cannot read (EOF)
09-16 13:22:58.867 1881 1881 E studio.deploy: MessagePipeWrapper: Unable to read magic number (received= '
09-16 13:22:58.868 1888 1888 E studio.deploy: MessagePipeWrapper: Cannot read (EOF)
09-16 13:22:58.868 1888 1888 E studio.deploy: MessagePipeWrapper: Unable to read magic number (received= '
09-16 13:22:58.868 1888 1888 E studio.deploy: Protopipe: Unable to read() from pipe
09-16 13:22:58.870 475 475 W adbd : timeout expired while flushing socket, closing
09-16 13:22:58.872 475 475 W adbd : timeout expired while flushing socket, closing
09-16 13:22:58.873 475 475 W adbd : timeout expired while flushing socket, closing
09-16 13:22:58.877 475 475 W adbd : timeout expired while flushing socket, closing
09-16 13:23:00.862 561 619 D UsbDeviceManager: Clear notification
09-16 13:23:00.870 561 561 D CompatibilityChangeReporter: Compat change id reported: 175319604; UID 10057; state: ENABLED
09-16 13:23:00.872 840 1976 W RingtonePlayer: STOP command without a player
09-16 13:23:00.873 561 561 D CompatibilityChangeReporter: Compat change id reported: 175319604; UID 1000; state: ENABLED
09-16 13:23:00.875 561 561 D CompatibilityChangeReporter: Compat change id reported: 175319604; UID 10059; state: DISABLED
09-16 13:23:00.897 876 1042 I Tethering: USB bcast connected:false configured:false rndis:false ncm:false
09-16 13:23:00.911 840 1060 D PeopleSpaceWidgetMgr: Sbn doesn't contain valid PeopleTileKey: null/-1/android
09-16 13:23:00.959 840 1060 D PeopleSpaceWidgetMgr: Sbn doesn't contain valid PeopleTileKey: null/-1/android
09-16 13:23:04.194 561 619 D UsbDeviceManager: push notification:Charging this device via USB
09-16 13:23:04.200 876 1042 I Tethering: USB bcast connected:true configured:false rndis:false ncm:false
09-16 13:23:04.340 419 481 I libusbconfigfs: event=1 on fd=8
09-16 13:23:04.341 475 1974 I adbd : USB event: FUNCTIONFS_ENABLE
09-16 13:23:04.342 475 1977 I adbd : UsbFfs-worker thread spawned
09-16 13:23:04.346 876 1042 I Tethering: USB bcast connected:true configured:true rndis:false ncm:false
09-16 13:23:04.399 561 561 W NotificationHistory: Attempted to add notif for locked/gone/disabled user 0
09-16 13:23:04.404 561 561 W NotificationHistory: Attempted to add notif for locked/gone/disabled user 0
09-16 13:23:04.427 840 840 D InterruptionStateProvider: No bubble up: not allowed to bubble: -1|android|32|null|1000
09-16 13:23:04.429 1279 1298 W MediaProvider: Failed to fetch original file descriptor
09-16 13:23:04.429 1279 1298 W MediaProvider: java.io.IOException: stat failed: EACCES (Permission denied)
09-16 13:23:04.429 1279 1298 W MediaProvider: at com.android.providers.media.MediaProvider.getFileFromFileDescriptor(MediaProvider.java:5827)
09-16 13:23:04.429 1279 1298 W MediaProvider: at com.android.providers.media.MediaProvider.getOriginalMediaFormatFileDescriptor(MediaProvider.java:5744)
09-16 13:23:04.429 1279 1298 W MediaProvider: at com.android.providers.media.MediaProvider.openTypedAssetFileCommon(MediaProvider.java:7167)
09-16 13:23:04.429 1279 1298 W MediaProvider: at com.android.providers.media.MediaProvider.openTypedAssetFile(MediaProvider.java:7148)
09-16 13:23:04.429 1279 1298 W MediaProvider: at android.content.ContentProvider$Transport.openTypedAssetFile(ContentProvider.java:548)
09-16 13:23:04.429 1279 1298 W MediaProvider: at android.content.ContentProviderNative.onTransact(ContentProviderNative.java:327)
09-16 13:23:04.429 1279 1298 W MediaProvider: at android.os.Binder.execTransactInternal(Binder.java:1184)
09-16 13:23:04.429 1279 1298 W MediaProvider: at android.os.Binder.execTransact(Binder.java:1143)
09-16 13:23:04.429 1279 1298 W MediaProvider: Caused by: android.system.ErrnoException: stat failed: EACCES (Permission denied)
09-16 13:23:04.429 1279 1298 W MediaProvider: at libcore.io.Linux.stat(Native Method)
09-16 13:23:04.429 1279 1298 W MediaProvider: at libcore.io.ForwardingOs.stat(ForwardingOs.java:853)
09-16 13:23:04.429 1279 1298 W MediaProvider: at libcore.io.BlockGuardOs.stat(BlockGuardOs.java:420)
09-16 13:23:04.429 1279 1298 W MediaProvider: at libcore.io.ForwardingOs.stat(ForwardingOs.java:853)
09-16 13:23:04.429 1279 1298 W MediaProvider: at android.app.ActivityThread$AndroidOs.stat(ActivityThread.java:7738)
09-16 13:23:04.429 1279 1298 W MediaProvider: at android.system.Os.stat(Os.java:919)
09-16 13:23:04.429 1279 1298 W MediaProvider: at com.android.providers.media.MediaProvider.getFileFromFileDescriptor(MediaProvider.java:5821)
09-16 13:23:04.429 1279 1298 W MediaProvider: ... 7 more
09-16 13:23:04.429 840 840 D InterruptionStateProvider: No heads up: unimportant notification: -1|android|32|null|1000
09-16 13:23:04.430 840 1060 D PeopleSpaceWidgetMgr: Sbn doesn't contain valid PeopleTileKey: null/-1/android
09-16 13:23:04.444 840 840 D InterruptionStateProvider: No bubble up: not allowed to bubble: -1|android|26|null|1000
09-16 13:23:04.447 840 840 W NotifBindPipeline: Row is not set so pipeline will not run. notif = -1|android|26|null|1000
09-16 13:23:04.448 840 1060 D PeopleSpaceWidgetMgr: Sbn doesn't contain valid PeopleTileKey: null/-1/android
09-16 13:23:04.463 419 740 I android.hardware.usb@1.2-service.generic: partner added
09-16 13:23:04.466 419 740 I android.hardware.usb@1.2-service.generic: port0
09-16 13:23:04.466 459 893 D NuPlayerDriver: NuPlayerDriver(0xf5341af0) created, clientPid(840)
09-16 13:23:04.468 419 740 I android.hardware.usb@1.2-service.generic: HAL version V1_2
09-16 13:23:04.468 419 740 I android.hardware.usb@1.2-service.generic: 0:port0 connected:1 canChangeMode:1 canChagedata:0 canChangePower:0 supportedModes:3
09-16 13:23:04.469 561 645 I UsbPortManager: ClientCallback V1_2: port0
09-16 13:23:04.470 561 619 I UsbPortManager: USB port changed: port=UsbPort{id=port0, supportedModes=dualsupportedContaminantProtectionModes=0supportsEnableContaminantPresenceProtection=falsesupportsEnableContaminantPresenceDetection=false, status=UsbPortStatus{connected=true, currentMode=ufp, currentPowerRole=sink, currentDataRole=device, supportedRoleCombinations=[source:host, sink:device], contaminantDetectionStatus=0, contaminantProtectionStatus=0}, canChangeMode=true, canChangePowerRole=false, canChangeDataRole=false, connectedAtMillis=280305, lastConnectDurationMillis=0
09-16 13:23:04.482 459 1982 D GenericSource: FileSource remote
09-16 13:23:04.502 561 675 I MediaFocusControl: requestAudioFocus() from uid/pid 10057/840 AA=USAGE_NOTIFICATION/CONTENT_TYPE_SONIFICATION clientId=android.media.AudioManager@7e48857 callingPack=com.android.systemui req=3 flags=0x0 sdk=31
09-16 13:23:04.503 561 675 I AudioService.FadeOutManager: unfadeOutUid() uid:10057
09-16 13:23:04.678 840 840 W TouchableRegionManager: onHeadsUpPinnedModeChanged
09-16 13:23:04.693 840 840 D StatusBar: disable disable2
09-16 13:23:05.007 459 1981 I GenericSource: start
09-16 13:23:05.030 840 840 D MediaRouter: onRestoreRoute() : route=RouteInfo{ name=Tablet, description=null, status=null, category=RouteCategory{ name=System types=ROUTE_TYPE_LIVE_AUDIO ROUTE_TYPE_LIVE_VIDEO groupable=false }, supportedTypes=ROUTE_TYPE_LIVE_AUDIO ROUTE_TYPE_LIVE_VIDEO , presentationDisplay=null }
09-16 13:23:05.030 840 840 V MediaRouter: Selecting route: RouteInfo{ name=Tablet, description=null, status=null, category=RouteCategory{ name=System types=ROUTE_TYPE_LIVE_AUDIO ROUTE_TYPE_LIVE_VIDEO groupable=false }, supportedTypes=ROUTE_TYPE_LIVE_AUDIO ROUTE_TYPE_LIVE_VIDEO , presentationDisplay=null }
09-16 13:23:05.049 459 1987 D CCodec : allocate(c2.android.vorbis.decoder)
09-16 13:23:05.050 465 482 V C2Store : in init
09-16 13:23:05.050 465 482 V C2Store : loading dll
09-16 13:23:05.059 459 1987 I CCodec : Created component [c2.android.vorbis.decoder]
09-16 13:23:05.059 459 1987 D CCodecConfig: read media type: audio/vorbis
09-16 13:23:05.063 459 1987 D ReflectedParamUpdater: extent() != 1 for single value type: algo.buffers.max-count.values
09-16 13:23:05.064 459 1987 D ReflectedParamUpdater: extent() != 1 for single value type: output.subscribed-indices.values
09-16 13:23:05.064 459 1987 D ReflectedParamUpdater: extent() != 1 for single value type: input.buffers.allocator-ids.values
09-16 13:23:05.064 459 1987 D ReflectedParamUpdater: extent() != 1 for single value type: output.buffers.allocator-ids.values
09-16 13:23:05.064 459 1987 D ReflectedParamUpdater: extent() != 1 for single value type: algo.buffers.allocator-ids.values
09-16 13:23:05.065 459 1987 D ReflectedParamUpdater: extent() != 1 for single value type: output.buffers.pool-ids.values
09-16 13:23:05.065 459 1987 D ReflectedParamUpdater: extent() != 1 for single value type: algo.buffers.pool-ids.values
09-16 13:23:05.068 459 1987 I CCodecConfig: query failed after returning 7 values (BAD_INDEX)
09-16 13:23:05.070 459 1987 D CCodecConfig: c2 config diff is Dict {
09-16 13:23:05.070 459 1987 D CCodecConfig: c2::u32 coded.bitrate.value = 64000
09-16 13:23:05.070 459 1987 D CCodecConfig: c2::u32 input.buffers.max-size.value = 32768
09-16 13:23:05.070 459 1987 D CCodecConfig: c2::u32 input.delay.value = 0
09-16 13:23:05.070 459 1987 D CCodecConfig: string input.media-type.value = "audio/vorbis"
09-16 13:23:05.070 459 1987 D CCodecConfig: string output.media-type.value = "audio/raw"
09-16 13:23:05.070 459 1987 D CCodecConfig: c2::u32 raw.channel-count.value = 1
09-16 13:23:05.070 459 1987 D CCodecConfig: c2::u32 raw.sample-rate.value = 48000
09-16 13:23:05.070 459 1987 D CCodecConfig: }
09-16 13:23:05.073 459 1987 D CCodec : [c2.android.vorbis.decoder] buffers are bound to CCodec for this session
09-16 13:23:05.073 459 1987 D CCodecConfig: no c2 equivalents for durationUs
09-16 13:23:05.073 459 1987 D CCodecConfig: no c2 equivalents for csd-1
09-16 13:23:05.073 459 1987 D CCodecConfig: no c2 equivalents for channel-mask
09-16 13:23:05.073 459 1987 D CCodecConfig: no c2 equivalents for flags
09-16 13:23:05.075 459 1987 D CCodecConfig: c2 config diff is c2::u32 coded.bitrate.value = 80000
09-16 13:23:05.075 459 1987 D CCodecConfig: c2::u32 raw.sample-rate.value = 44100
09-16 13:23:05.077 459 1987 W Codec2Client: query -- param skipped: index = 1107298332.
09-16 13:23:05.077 459 1987 D CCodec : setup formats input: AMessage(what = 0x00000000) = {
09-16 13:23:05.077 459 1987 D CCodec : int32_t bitrate = 80000
09-16 13:23:05.077 459 1987 D CCodec : int32_t channel-count = 1
09-16 13:23:05.077 459 1987 D CCodec : int32_t max-input-size = 32768
09-16 13:23:05.077 459 1987 D CCodec : string mime = "audio/vorbis"
09-16 13:23:05.077 459 1987 D CCodec : int32_t sample-rate = 44100
09-16 13:23:05.077 459 1987 D CCodec : }
09-16 13:23:05.077 459 1987 D CCodec : setup formats output: AMessage(what = 0x00000000) = {
09-16 13:23:05.077 459 1987 D CCodec : int32_t channel-count = 1
09-16 13:23:05.077 459 1987 D CCodec : string mime = "audio/raw"
09-16 13:23:05.077 459 1987 D CCodec : int32_t sample-rate = 44100
09-16 13:23:05.077 459 1987 D CCodec : int32_t channel-mask = 1
09-16 13:23:05.077 459 1987 D CCodec : }
09-16 13:23:05.078 459 1987 I CCodecConfig: query failed after returning 7 values (BAD_INDEX)
09-16 13:23:05.078 459 1987 I MediaCodec: MediaCodec will operate in async mode
09-16 13:23:05.079 459 1986 D MediaCodec: keep callback message for reclaim
09-16 13:23:05.080 459 1987 W Codec2Client: query -- param skipped: index = 1342179345.
09-16 13:23:05.080 459 1987 W Codec2Client: query -- param skipped: index = 2415921170.
09-16 13:23:05.082 459 1987 D CCodecBufferChannel: [c2.android.vorbis.decoder#133] Created input block pool with allocatorID 16 => poolID 18 - OK (0)
09-16 13:23:05.083 465 1126 D BufferPoolAccessor2.0: bufferpool2 0xb400eb2ad004d348 : 0(0 size) total buffers - 0(0 size) used buffers - 167/171 (recycle/alloc) - 4/170 (fetch/transfer)
09-16 13:23:05.083 465 1126 D BufferPoolAccessor2.0: Destruction - bufferpool2 0xb400eb2ad004d348 cached: 0/0M, 0/0% in use; allocs: 171, 98% recycled; transfers: 170, 98% unfetched
09-16 13:23:05.086 459 1365 D BufferPoolAccessor2.0: bufferpool2 0xf12c2d28 : 0(0 size) total buffers - 0(0 size) used buffers - 167/175 (recycle/alloc) - 8/346 (fetch/transfer)
09-16 13:23:05.086 459 1365 D BufferPoolAccessor2.0: Destruction - bufferpool2 0xf12c2d28 cached: 0/0M, 0/0% in use; allocs: 175, 95% recycled; transfers: 346, 98% unfetched
09-16 13:23:05.089 459 1987 I CCodecBufferChannel: [c2.android.vorbis.decoder#133] Created output block pool with allocatorID 16 => poolID 27 - OK
09-16 13:23:05.090 459 1987 D CCodecBufferChannel: [c2.android.vorbis.decoder#133] Configured output block pool ids 27 => OK
