09-16 13:19:21.836 1199 1199 I getprop : type=1400 audit(0.0:1781): avc: denied { getattr } for path="/dev/__properties__/u:object_r:adbd_prop:s0" dev="tmpfs" ino=37 scontext=u:r:shell:s0 tcontext=u:object_r:adbd_prop:s0 tclass=file permissive=1
09-16 13:19:32.564 840 855 I OpenGLRenderer: Davey! duration=1062ms; Flags=0, FrameTimelineVsyncId=748, IntendedVsync=67261286232, Vsync=68201681520, InputEventId=0, HandleInputStart=68212588420, AnimationStart=68212656540, PerformTraversalsStart=68218911020, DrawStart=68246604675, FrameDeadline=67294871778, FrameInterval=68212271985, FrameStartTime=16792773, SyncQueued=68251138190, SyncStart=68312374345, IssueDrawCommandsStart=68313593335, SwapBuffers=68379406710, FrameCompleted=68384627125, DequeueBufferDuration=0, QueueBufferDuration=3834275, GpuCompleted=68384627125, SwapBuffersCompleted=68384408685, DisplayPresentTime=64,
09-16 13:19:32.568 561 561 W NotificationHistory: Attempted to add notif for locked/gone/disabled user 0
09-16 13:19:32.578 561 675 D CompatibilityChangeReporter: Compat change id reported: 168419799; UID 10046; state: DISABLED
09-16 13:19:32.590 840 840 W System : ClassLoader referenced unknown path:
09-16 13:19:32.600 840 840 D InterruptionStateProvider: No bubble up: not allowed to bubble: 0|com.android.systemui|1397773634|public:179,97|10057
09-16 13:19:32.603 840 840 D InterruptionStateProvider: No heads up: unimportant notification: 0|com.android.systemui|1397773634|public:179,97|10057
09-16 13:19:32.627 561 675 W ActivityManager: Slow operation: 61ms so far, now at attachApplicationLocked: after sendPendingBroadcastsLocked
09-16 13:19:32.629 840 1060 D PeopleSpaceWidgetMgr: Sbn doesn't contain valid PeopleTileKey: null/0/com.android.systemui
09-16 13:19:32.654 840 855 W FrameTracker: Missed App frame:72
09-16 13:19:32.657 840 840 D InterruptionStateProvider: No bubble up: not allowed to bubble: 0|com.android.systemui|1397773634|public:179,97|10057
09-16 13:19:32.659 840 840 D InterruptionStateProvider: No heads up: unimportant notification: 0|com.android.systemui|1397773634|public:179,97|10057
09-16 13:19:32.661 840 1060 D PeopleSpaceWidgetMgr: Sbn doesn't contain valid PeopleTileKey: null/0/com.android.systemui
09-16 13:19:32.696 840 1550 V PerfettoTrigger: Triggering /system/bin/trigger_perfetto com.android.telemetry.interaction-jank-monitor-12
09-16 13:19:32.767 1110 1110 E libprocessgroup: set_timerslack_ns write failed: Operation not permitted
09-16 13:19:32.790 1110 1166 D LoaderTask: step 1 complete
09-16 13:19:32.857 1110 1110 W UnsafeUtil: platform method missing - proto runtime falling back to safer methods: java.lang.NoSuchMethodException: sun.misc.Unsafe.copyMemory [class java.lang.Object, long, class java.lang.Object, long, long]
09-16 13:19:21.836 1199 1199 I getprop : type=1400 audit(0.0:1782): avc: denied { map } for path="/dev/__properties__/u:object_r:adbd_prop:s0" dev="tmpfs" ino=37 scontext=u:r:shell:s0 tcontext=u:object_r:adbd_prop:s0 tclass=file permissive=1
09-16 13:19:33.105 459 1262 D BufferPoolAccessor2.0: bufferpool2 0xf12c2d28 : 0(0 size) total buffers - 0(0 size) used buffers - 167/175 (recycle/alloc) - 8/346 (fetch/transfer)
09-16 13:19:33.105 459 1262 D BufferPoolAccessor2.0: evictor expired: 1, evicted: 1
09-16 13:19:33.116 1580 1580 D CompatibilityChangeReporter: Compat change id reported: 171979766; UID 10046; state: ENABLED
09-16 13:19:21.836 1199 1199 I getprop : type=1400 audit(0.0:1783): avc: denied { open } for path="/dev/__properties__/u:object_r:apexd_config_prop:s0" dev="tmpfs" ino=38 scontext=u:r:shell:s0 tcontext=u:object_r:apexd_config_prop:s0 tclass=file permissive=1
09-16 13:19:21.836 1199 1199 I getprop : type=1400 audit(0.0:1784): avc: denied { getattr } for path="/dev/__properties__/u:object_r:apexd_config_prop:s0" dev="tmpfs" ino=38 scontext=u:r:shell:s0 tcontext=u:object_r:apexd_config_prop:s0 tclass=file permissive=1
09-16 13:19:33.257 561 758 E ShortcutService: Default launcher not found. user: 0
09-16 13:19:33.260 1110 1166 D LoaderTask: loadAllApps
09-16 13:19:33.270 1110 1166 D LoaderTask: bindAllApps
09-16 13:19:33.303 1110 1166 D LoaderTask: update icon cache
09-16 13:19:33.303 1110 1166 D LoaderTask: save shortcuts in icon cache
09-16 13:19:33.303 1110 1166 D LoaderTask: step 2 complete
09-16 13:19:33.304 1110 1166 D LoaderTask: loadDeepShortcuts
09-16 13:19:33.304 1110 1166 D LoaderTask: bindDeepShortcuts
09-16 13:19:33.304 1110 1166 D LoaderTask: save deep shortcuts in icon cache
09-16 13:19:33.313 1110 1166 D LoaderTask: step 3 complete
09-16 13:19:33.313 1110 1166 D LoaderTask: load widgets
09-16 13:19:33.313 1110 1166 D LoaderTask: bindWidgets
09-16 13:19:33.315 1110 1166 D LoaderTask: save widgets in icon cache
09-16 13:19:33.316 1110 1166 D LoaderTask: finish icon update
09-16 13:19:21.836 1199 1199 I getprop : type=1400 audit(0.0:1785): avc: denied { map } for path="/dev/__properties__/u:object_r:apexd_config_prop:s0" dev="tmpfs" ino=38 scontext=u:r:shell:s0 tcontext=u:object_r:apexd_config_prop:s0 tclass=file permissive=1
09-16 13:19:21.836 1199 1199 I getprop : type=1400 audit(0.0:1786): avc: denied { open } for path="/dev/__properties__/u:object_r:apk_verity_prop:s0" dev="tmpfs" ino=40 scontext=u:r:shell:s0 tcontext=u:object_r:apk_verity_prop:s0 tclass=file permissive=1
09-16 13:19:21.836 1199 1199 I getprop : type=1400 audit(0.0:1787): avc: denied { getattr } for path="/dev/__properties__/u:object_r:apk_verity_prop:s0" dev="tmpfs" ino=40 scontext=u:r:shell:s0 tcontext=u:object_r:apk_verity_prop:s0 tclass=file permissive=1
09-16 13:19:21.836 1199 1199 I getprop : type=1400 audit(0.0:1788): avc: denied { map } for path="/dev/__properties__/u:object_r:apk_verity_prop:s0" dev="tmpfs" ino=40 scontext=u:r:shell:s0 tcontext=u:object_r:apk_verity_prop:s0 tclass=file permissive=1
09-16 13:19:21.836 1199 1199 I getprop : type=1400 audit(0.0:1789): avc: denied { open } for path="/dev/__properties__/u:object_r:audio_config_prop:s0" dev="tmpfs" ino=42 scontext=u:r:shell:s0 tcontext=u:object_r:audio_config_prop:s0 tclass=file permissive=1
09-16 13:19:33.625 1580 1580 D nativeloader: classloader namespace configured for unbundled product apk. library_path=/system/product/priv-app/OneTimeInitializer/lib/arm64:/product/lib64:/system/product/lib64
09-16 13:19:21.836 1199 1199 I getprop : type=1400 audit(0.0:1790): avc: denied { getattr } for path="/dev/__properties__/u:object_r:audio_config_prop:s0" dev="tmpfs" ino=42 scontext=u:r:shell:s0 tcontext=u:object_r:audio_config_prop:s0 tclass=file permissive=1
09-16 13:19:33.646 417 417 E android.hardware.memtrack-service.img: Failed to open /proc/925/fdinfo directory: No such file or directory
09-16 13:19:33.655 417 417 W IMGMemtrackHAL: getMemoryRecords:543 Failed to read dmabuf fd references for pid 925
09-16 13:19:33.663 1580 1580 V GraphicsEnvironment: ANGLE Developer option for 'com.android.onetimeinitializer' set to: 'default'
09-16 13:19:33.664 1580 1580 V GraphicsEnvironment: Neither updatable production driver nor prerelease driver is supported.
09-16 13:19:21.836 1199 1199 I getprop : type=1400 audit(0.0:1791): avc: denied { map } for path="/dev/__properties__/u:object_r:audio_config_prop:s0" dev="tmpfs" ino=42 scontext=u:r:shell:s0 tcontext=u:object_r:audio_config_prop:s0 tclass=file permissive=1
09-16 13:19:21.836 1199 1199 I getprop : type=1400 audit(0.0:1792): avc: denied { open } for path="/dev/__properties__/u:object_r:bootanim_system_prop:s0" dev="tmpfs" ino=52 scontext=u:r:shell:s0 tcontext=u:object_r:bootanim_system_prop:s0 tclass=file permissive=1
09-16 13:19:33.684 1580 1580 D NetworkSecurityConfig: No Network Security Config specified, using platform default
09-16 13:19:33.685 1580 1580 D NetworkSecurityConfig: No Network Security Config specified, using platform default
09-16 13:19:33.705 1580 1580 V OneTimeInitializerReceiver: OneTimeInitializerReceiver.onReceive
09-16 13:19:21.836 1199 1199 I getprop : type=1400 audit(0.0:1793): avc: denied { getattr } for path="/dev/__properties__/u:object_r:bootanim_system_prop:s0" dev="tmpfs" ino=52 scontext=u:r:shell:s0 tcontext=u:object_r:bootanim_system_prop:s0 tclass=file permissive=1
09-16 13:19:21.836 1199 1199 I getprop : type=1400 audit(0.0:1794): avc: denied { map } for path="/dev/__properties__/u:object_r:bootanim_system_prop:s0" dev="tmpfs" ino=52 scontext=u:r:shell:s0 tcontext=u:object_r:bootanim_system_prop:s0 tclass=file permissive=1
09-16 13:19:33.755 561 675 I ActivityManager: com.android.packageinstaller is exempt from freezer
09-16 13:19:33.756 561 675 D CompatibilityChangeReporter: Compat change id reported: 135634846; UID 10020; state: DISABLED
09-16 13:19:33.756 561 675 D CompatibilityChangeReporter: Compat change id reported: 177438394; UID 10020; state: DISABLED
09-16 13:19:33.757 561 675 D CompatibilityChangeReporter: Compat change id reported: 135772972; UID 10020; state: DISABLED
09-16 13:19:33.757 561 675 D CompatibilityChangeReporter: Compat change id reported: 135754954; UID 10020; state: ENABLED
09-16 13:19:33.758 561 630 D CompatibilityChangeReporter: Compat change id reported: 143937733; UID 10020; state: ENABLED
09-16 13:19:33.800 384 384 D Zygote : Forked child process 1619
09-16 13:19:33.802 561 630 I ActivityManager: Start proc 1619:com.android.packageinstaller/u0a20 for broadcast {com.android.packageinstaller/com.android.packageinstaller.TemporaryFileManager}
09-16 13:19:33.825 1619 1619 I Zygote : seccomp disabled by setenforce 0
09-16 13:19:33.862 475 489 I adbd : jdwp connection from 1619
09-16 13:19:21.836 1199 1199 I getprop : type=1400 audit(0.0:1795): avc: denied { open } for path="/dev/__properties__/u:object_r:boottime_public_prop:s0" dev="tmpfs" ino=56 scontext=u:r:shell:s0 tcontext=u:object_r:boottime_public_prop:s0 tclass=file permissive=1
09-16 13:19:33.925 561 675 D CompatibilityChangeReporter: Compat change id reported: 168419799; UID 10020; state: DISABLED
09-16 13:19:21.836 1199 1199 I getprop : type=1400 audit(0.0:1796): avc: denied { getattr } for path="/dev/__properties__/u:object_r:boottime_public_prop:s0" dev="tmpfs" ino=56 scontext=u:r:shell:s0 tcontext=u:object_r:boottime_public_prop:s0 tclass=file permissive=1
09-16 13:19:33.979 1619 1619 D CompatibilityChangeReporter: Compat change id reported: 171979766; UID 10020; state: ENABLED
09-16 13:19:21.836 1199 1199 I getprop : type=1400 audit(0.0:1797): avc: denied { map } for path="/dev/__properties__/u:object_r:boottime_public_prop:s0" dev="tmpfs" ino=56 scontext=u:r:shell:s0 tcontext=u:object_r:boottime_public_prop:s0 tclass=file permissive=1
09-16 13:19:21.836 1199 1199 I getprop : type=1400 audit(0.0:1798): avc: denied { open } for path="/dev/__properties__/u:object_r:bpf_progs_loaded_prop:s0" dev="tmpfs" ino=57 scontext=u:r:shell:s0 tcontext=u:object_r:bpf_progs_loaded_prop:s0 tclass=file permissive=1
09-16 13:19:21.836 1199 1199 I getprop : type=1400 audit(0.0:1799): avc: denied { getattr } for path="/dev/__properties__/u:object_r:bpf_progs_loaded_prop:s0" dev="tmpfs" ino=57 scontext=u:r:shell:s0 tcontext=u:object_r:bpf_progs_loaded_prop:s0 tclass=file permissive=1
09-16 13:19:34.023 465 839 D BufferPoolAccessor2.0: bufferpool2 0xb400eb2ad004d348 : 0(0 size) total buffers - 0(0 size) used buffers - 167/171 (recycle/alloc) - 4/170 (fetch/transfer)
09-16 13:19:34.024 465 839 D BufferPoolAccessor2.0: evictor expired: 1, evicted: 1
09-16 13:19:34.057 561 573 I system_server: Background concurrent copying GC freed 29190(1669KB) AllocSpace objects, 7(252KB) LOS objects, 18% free, 9082KB/10MB, paused 419us total 370.379ms
09-16 13:19:21.836 1199 1199 I getprop : type=1400 audit(0.0:1800): avc: denied { map } for path="/dev/__properties__/u:object_r:bpf_progs_loaded_prop:s0" dev="tmpfs" ino=57 scontext=u:r:shell:s0 tcontext=u:object_r:bpf_progs_loaded_prop:s0 tclass=file permissive=1
09-16 13:19:21.836 1199 1199 I getprop : type=1400 audit(0.0:1801): avc: denied { open } for path="/dev/__properties__/u:object_r:ffs_control_prop:s0" dev="tmpfs" ino=139 scontext=u:r:shell:s0 tcontext=u:object_r:ffs_control_prop:s0 tclass=file permissive=1
09-16 13:19:21.836 1199 1199 I getprop : type=1400 audit(0.0:1802): avc: denied { getattr } for path="/dev/__properties__/u:object_r:ffs_control_prop:s0" dev="tmpfs" ino=139 scontext=u:r:shell:s0 tcontext=u:object_r:ffs_control_prop:s0 tclass=file permissive=1
09-16 13:19:21.836 1199 1199 I getprop : type=1400 audit(0.0:1803): avc: denied { map } for path="/dev/__properties__/u:object_r:ffs_control_prop:s0" dev="tmpfs" ino=139 scontext=u:r:shell:s0 tcontext=u:object_r:ffs_control_prop:s0 tclass=file permissive=1
09-16 13:19:21.836 1199 1199 I getprop : type=1400 audit(0.0:1804): avc: denied { open } for path="/dev/__properties__/u:object_r:firstboot_prop:s0" dev="tmpfs" ino=141 scontext=u:r:shell:s0 tcontext=u:object_r:firstboot_prop:s0 tclass=file permissive=1
09-16 13:19:21.836 1199 1199 I getprop : type=1400 audit(0.0:1805): avc: denied { getattr } for path="/dev/__properties__/u:object_r:firstboot_prop:s0" dev="tmpfs" ino=141 scontext=u:r:shell:s0 tcontext=u:object_r:firstboot_prop:s0 tclass=file permissive=1
09-16 13:19:21.836 1199 1199 I getprop : type=1400 audit(0.0:1806): avc: denied { map } for path="/dev/__properties__/u:object_r:firstboot_prop:s0" dev="tmpfs" ino=141 scontext=u:r:shell:s0 tcontext=u:object_r:firstboot_prop:s0 tclass=file permissive=1
09-16 13:19:21.836 1199 1199 I getprop : type=1400 audit(0.0:1807): avc: denied { open } for path="/dev/__properties__/u:object_r:framework_watchdog_config_prop:s0" dev="tmpfs" ino=142 scontext=u:r:shell:s0 tcontext=u:object_r:framework_watchdog_config_prop:s0 tclass=file permissive=1
09-16 13:19:21.836 1199 1199 I getprop : type=1400 audit(0.0:1808): avc: denied { getattr } for path="/dev/__properties__/u:object_r:framework_watchdog_config_prop:s0" dev="tmpfs" ino=142 scontext=u:r:shell:s0 tcontext=u:object_r:framework_watchdog_config_prop:s0 tclass=file permissive=1
09-16 13:19:34.306 1619 1619 V GraphicsEnvironment: ANGLE Developer option for 'com.android.packageinstaller' set to: 'default'
09-16 13:19:34.307 1619 1619 V GraphicsEnvironment: Neither updatable production driver nor prerelease driver is supported.
09-16 13:19:34.312 1619 1619 D NetworkSecurityConfig: No Network Security Config specified, using platform default
09-16 13:19:34.313 1619 1619 D NetworkSecurityConfig: No Network Security Config specified, using platform default
09-16 13:19:21.836 1199 1199 I getprop : type=1400 audit(0.0:1809): avc: denied { map } for path="/dev/__properties__/u:object_r:framework_watchdog_config_prop:s0" dev="tmpfs" ino=142 scontext=u:r:shell:s0 tcontext=u:object_r:framework_watchdog_config_prop:s0 tclass=file permissive=1
09-16 13:19:21.836 1199 1199 I getprop : type=1400 audit(0.0:1810): avc: denied { open } for path="/dev/__properties__/u:object_r:gsid_prop:s0" dev="tmpfs" ino=144 scontext=u:r:shell:s0 tcontext=u:object_r:gsid_prop:s0 tclass=file permissive=1
09-16 13:19:21.836 1199 1199 I getprop : type=1400 audit(0.0:1811): avc: denied { getattr } for path="/dev/__properties__/u:object_r:gsid_prop:s0" dev="tmpfs" ino=144 scontext=u:r:shell:s0 tcontext=u:object_r:gsid_prop:s0 tclass=file permissive=1
09-16 13:19:34.367 561 675 D CompatibilityChangeReporter: Compat change id reported: 135634846; UID 10062; state: DISABLED
09-16 13:19:34.378 561 675 D CompatibilityChangeReporter: Compat change id reported: 177438394; UID 10062; state: DISABLED
09-16 13:19:34.378 561 675 D CompatibilityChangeReporter: Compat change id reported: 135772972; UID 10062; state: DISABLED
09-16 13:19:34.378 561 675 D CompatibilityChangeReporter: Compat change id reported: 135754954; UID 10062; state: DISABLED
09-16 13:19:34.379 561 630 D CompatibilityChangeReporter: Compat change id reported: 143937733; UID 10062; state: DISABLED
09-16 13:19:21.836 1199 1199 I getprop : type=1400 audit(0.0:1812): avc: denied { map } for path="/dev/__properties__/u:object_r:gsid_prop:s0" dev="tmpfs" ino=144 scontext=u:r:shell:s0 tcontext=u:object_r:gsid_prop:s0 tclass=file permissive=1
09-16 13:19:21.836 1199 1199 I getprop : type=1400 audit(0.0:1813): avc: denied { open } for path="/dev/__properties__/u:object_r:hal_dumpstate_config_prop:s0" dev="tmpfs" ino=145 scontext=u:r:shell:s0 tcontext=u:object_r:hal_dumpstate_config_prop:s0 tclass=file permissive=1
09-16 13:19:34.422 384 384 D Zygote : Forked child process 1644
09-16 13:19:34.423 561 630 W ActivityManager: Slow operation: 57ms so far, now at startProcess: returned from zygote!
09-16 13:19:34.424 561 630 W ActivityManager: Slow operation: 58ms so far, now at startProcess: done updating battery stats
09-16 13:19:34.424 561 630 W ActivityManager: Slow operation: 59ms so far, now at startProcess: building log message
09-16 13:19:34.424 561 630 I ActivityManager: Start proc 1644:com.android.permissioncontroller/u0a62 for broadcast {com.android.permissioncontroller/com.android.permissioncontroller.permission.service.LocationAccessCheck$SetupPeriodicBackgroundLocationAccessCheck}
09-16 13:19:34.425 561 630 W ActivityManager: Slow operation: 59ms so far, now at startProcess: starting to update pids map
09-16 13:19:34.426 561 630 W ActivityManager: Slow operation: 60ms so far, now at startProcess: done updating pids map
09-16 13:19:34.442 1644 1644 I Zygote : seccomp disabled by setenforce 0
09-16 13:19:34.444 1644 1644 I libc : SetHeapTaggingLevel: tag level set to 0
09-16 13:19:21.836 1199 1199 I getprop : type=1400 audit(0.0:1814): avc: denied { getattr } for path="/dev/__properties__/u:object_r:hal_dumpstate_config_prop:s0" dev="tmpfs" ino=145 scontext=u:r:shell:s0 tcontext=u:object_r:hal_dumpstate_config_prop:s0 tclass=file permissive=1
09-16 13:19:34.503 475 489 I adbd : jdwp connection from 1644
09-16 13:19:34.595 561 675 D CompatibilityChangeReporter: Compat change id reported: 168419799; UID 10062; state: DISABLED
09-16 13:19:34.642 561 675 W ActivityManager: Slow operation: 77ms so far, now at attachApplicationLocked: after sendPendingBroadcastsLocked
09-16 13:19:34.655 1644 1644 D CompatibilityChangeReporter: Compat change id reported: 171979766; UID 10062; state: DISABLED
09-16 13:19:34.679 1644 1644 D ApplicationLoaders: Returning zygote-cached class loader: /system/framework/android.test.base.jar
09-16 13:19:34.910 1644 1644 V GraphicsEnvironment: ANGLE Developer option for 'com.android.permissioncontroller' set to: 'default'
09-16 13:19:34.910 1644 1644 V GraphicsEnvironment: Neither updatable production driver nor prerelease driver is supported.
09-16 13:19:34.922 1644 1644 D NetworkSecurityConfig: No Network Security Config specified, using platform default
09-16 13:19:34.924 1644 1644 D NetworkSecurityConfig: No Network Security Config specified, using platform default
09-16 13:19:35.050 1644 1644 I CarUiInstaller: CarUiInstaller started for com.android.permissioncontroller
09-16 13:19:35.184 1644 1644 W Role : Cannot get ApplicationInfo for default holder: com.android.messaging
09-16 13:19:35.331 1644 1644 I HibernationPolicy: scheduleHibernationJob with frequency 1296000000ms and threshold 7776000000ms
09-16 13:19:35.343 1644 1644 I HibernationPolicy: user 0 is a profileowner. Running hibernation job.
09-16 13:19:35.347 1644 1644 I HibernationPolicy: Job already scheduled.
09-16 13:19:35.361 915 915 I VvmSimStateTracker: android.intent.action.BOOT_COMPLETED
09-16 13:19:35.367 561 675 D CompatibilityChangeReporter: Compat change id reported: 135634846; UID 10019; state: DISABLED
09-16 13:19:35.367 561 675 D CompatibilityChangeReporter: Compat change id reported: 177438394; UID 10019; state: DISABLED
09-16 13:19:35.368 561 675 D CompatibilityChangeReporter: Compat change id reported: 135772972; UID 10019; state: DISABLED
09-16 13:19:35.368 561 675 D CompatibilityChangeReporter: Compat change id reported: 135754954; UID 10019; state: ENABLED
09-16 13:19:35.369 561 630 D CompatibilityChangeReporter: Compat change id reported: 143937733; UID 10019; state: ENABLED
09-16 13:19:35.406 384 384 D Zygote : Forked child process 1675
09-16 13:19:35.410 561 630 I ActivityManager: Start proc 1675:com.android.providers.calendar/u0a19 for broadcast {com.android.providers.calendar/com.android.providers.calendar.CalendarReceiver}
09-16 13:19:35.447 1675 1675 I Zygote : seccomp disabled by setenforce 0
09-16 13:19:35.486 475 489 I adbd : jdwp connection from 1675
09-16 13:19:35.547 561 675 D CompatibilityChangeReporter: Compat change id reported: 168419799; UID 10019; state: DISABLED
09-16 13:19:35.615 1675 1675 D CompatibilityChangeReporter: Compat change id reported: 171979766; UID 10019; state: ENABLED
09-16 13:19:35.701 1675 1675 V GraphicsEnvironment: ANGLE Developer option for 'com.android.providers.calendar' set to: 'default'
09-16 13:19:35.701 1675 1675 V GraphicsEnvironment: Neither updatable production driver nor prerelease driver is supported.
09-16 13:19:35.707 1675 1675 D NetworkSecurityConfig: No Network Security Config specified, using platform default
09-16 13:19:35.710 1675 1675 D NetworkSecurityConfig: No Network Security Config specified, using platform default
09-16 13:19:35.985 1279 1547 I MediaProvider: Scanned internal due to REASON_MOUNTED, found 325 items in 4419ms, 0 inserts 0 updates 0 deletes
09-16 13:19:35.993 1675 1675 I CalendarProvider2: Created com.android.providers.calendar.CalendarAlarmManager@1b70e47(com.android.providers.calendar.CalendarProvider2@334e674)
09-16 13:19:36.004 1279 1547 W ModernMediaScanner: Failed to visit /oem/media: java.nio.file.NoSuchFileException: /oem/media
09-16 13:19:36.013 1279 1547 I MediaProvider: Scanned internal due to REASON_MOUNTED, found 0 items in 14ms, 0 inserts 0 updates 0 deletes
09-16 13:19:36.075 1675 1702 D CompatibilityChangeReporter: Compat change id reported: 160794467; UID 10019; state: ENABLED
09-16 13:19:36.153 561 758 D CompatibilityChangeReporter: Compat change id reported: 171306433; UID 10019; state: ENABLED
09-16 13:19:36.221 561 758 D CompatibilityChangeReporter: Compat change id reported: 143231523; UID 10019; state: DISABLED
09-16 13:19:36.266 561 675 D CompatibilityChangeReporter: Compat change id reported: 135634846; UID 10028; state: DISABLED
09-16 13:19:36.266 561 675 D CompatibilityChangeReporter: Compat change id reported: 177438394; UID 10028; state: DISABLED
09-16 13:19:36.266 561 675 D CompatibilityChangeReporter: Compat change id reported: 135772972; UID 10028; state: DISABLED
09-16 13:19:36.267 561 675 D CompatibilityChangeReporter: Compat change id reported: 135754954; UID 10028; state: ENABLED
09-16 13:19:36.268 561 630 D CompatibilityChangeReporter: Compat change id reported: 143937733; UID 10028; state: ENABLED
09-16 13:19:36.326 384 384 D Zygote : Forked child process 1705
09-16 13:19:36.327 561 630 W ActivityManager: Slow operation: 65ms so far, now at startProcess: returned from zygote!
09-16 13:19:36.328 561 630 W ActivityManager: Slow operation: 66ms so far, now at startProcess: done updating battery stats
09-16 13:19:36.329 561 630 W ActivityManager: Slow operation: 66ms so far, now at startProcess: building log message
09-16 13:19:36.329 561 630 I ActivityManager: Start proc 1705:com.android.settings/u0a28 for broadcast {com.android.settings/com.android.settings.fuelgauge.batterytip.AnomalyConfigReceiver}
09-16 13:19:36.329 561 630 W ActivityManager: Slow operation: 66ms so far, now at startProcess: starting to update pids map
09-16 13:19:36.341 561 630 W ActivityManager: Slow operation: 79ms so far, now at startProcess: done updating pids map
09-16 13:19:36.359 1705 1705 I Zygote : seccomp disabled by setenforce 0
09-16 13:19:36.397 475 489 I adbd : jdwp connection from 1705
09-16 13:19:36.441 561 675 D CompatibilityChangeReporter: Compat change id reported: 168419799; UID 10028; state: DISABLED
09-16 13:19:36.481 1705 1705 D CompatibilityChangeReporter: Compat change id reported: 171979766; UID 10028; state: ENABLED
09-16 13:19:36.606 840 840 W TouchableRegionManager: onHeadsUpPinnedModeChanged
09-16 13:19:36.692 1705 1705 V GraphicsEnvironment: ANGLE Developer option for 'com.android.settings' set to: 'default'
09-16 13:19:36.693 1705 1705 V GraphicsEnvironment: Neither updatable production driver nor prerelease driver is supported.
09-16 13:19:36.715 1705 1705 D NetworkSecurityConfig: No Network Security Config specified, using platform default
09-16 13:19:36.721 561 621 D CompatibilityChangeReporter: Compat change id reported: 168419799; UID 10059; state: DISABLED
09-16 13:19:36.736 840 840 W View : requestLayout() improperly called by com.android.systemui.statusbar.phone.StatusIconContainer{d9dbe4f V.E...... ......I. 0,0-9,72 #7f0b0571 app:id/statusIcons} during layout: running second layout pass
09-16 13:19:36.745 1705 1705 D NetworkSecurityConfig: No Network Security Config specified, using platform default
09-16 13:19:36.891 1279 1290 I FuseDaemon: NativeAlloc concurrent copying GC freed 71843(5392KB) AllocSpace objects, 8(160KB) LOS objects, 24% free, 2810KB/3746KB, paused 541us total 107.198ms
09-16 13:19:36.917 561 614 D CompatibilityChangeReporter: Compat change id reported: 172100307; UID 10063; state: DISABLED
09-16 13:19:36.947 1705 1705 D SettingsSliceProvider: init
09-16 13:19:36.949 1705 1705 D SettingsSliceProvider: onCreateSliceProvider
09-16 13:19:37.011 1705 1705 D CompatibilityChangeReporter: Compat change id reported: 160794467; UID 10028; state: ENABLED
09-16 13:19:37.028 1705 1705 W AnomalyConfigReceiver: Failed to uploadAnomalyPendingIntent.
09-16 13:19:37.028 1705 1705 W AnomalyConfigReceiver: android.app.StatsManager$StatsUnavailableException: Failed to connect to statsd: uid 10028 does not have android.permission.DUMP.
09-16 13:19:37.028 1705 1705 W AnomalyConfigReceiver: at android.app.StatsManager.setBroadcastSubscriber(StatsManager.java:265)
09-16 13:19:37.028 1705 1705 W AnomalyConfigReceiver: at com.android.settings.fuelgauge.batterytip.BatteryTipUtils.uploadAnomalyPendingIntent(BatteryTipUtils.java:126)
09-16 13:19:37.028 1705 1705 W AnomalyConfigReceiver: at com.android.settings.fuelgauge.batterytip.AnomalyConfigReceiver.onReceive(AnomalyConfigReceiver.java:42)
09-16 13:19:37.028 1705 1705 W AnomalyConfigReceiver: at android.app.ActivityThread.handleReceiver(ActivityThread.java:4308)
09-16 13:19:37.028 1705 1705 W AnomalyConfigReceiver: at android.app.ActivityThread.access$1600(ActivityThread.java:247)
09-16 13:19:37.028 1705 1705 W AnomalyConfigReceiver: at android.app.ActivityThread$H.handleMessage(ActivityThread.java:2064)
09-16 13:19:37.028 1705 1705 W AnomalyConfigReceiver: at android.os.Handler.dispatchMessage(Handler.java:106)
09-16 13:19:37.028 1705 1705 W AnomalyConfigReceiver: at android.os.Looper.loopOnce(Looper.java:201)
09-16 13:19:37.028 1705 1705 W AnomalyConfigReceiver: at android.os.Looper.loop(Looper.java:288)
09-16 13:19:37.028 1705 1705 W AnomalyConfigReceiver: at android.app.ActivityThread.main(ActivityThread.java:7838)
09-16 13:19:37.028 1705 1705 W AnomalyConfigReceiver: at java.lang.reflect.Method.invoke(Native Method)
09-16 13:19:37.028 1705 1705 W AnomalyConfigReceiver: at com.android.internal.os.RuntimeInit$MethodAndArgsCaller.run(RuntimeInit.java:548)
09-16 13:19:37.028 1705 1705 W AnomalyConfigReceiver: at com.android.internal.os.ZygoteInit.main(ZygoteInit.java:1003)
09-16 13:19:37.028 1705 1705 W AnomalyConfigReceiver: Caused by: java.lang.SecurityException: uid 10028 does not have android.permission.DUMP.
09-16 13:19:37.028 1705 1705 W AnomalyConfigReceiver: at android.os.Parcel.createExceptionOrNull(Parcel.java:2425)
09-16 13:19:37.028 1705 1705 W AnomalyConfigReceiver: at android.os.Parcel.createException(Parcel.java:2409)
09-16 13:19:37.028 1705 1705 W AnomalyConfigReceiver: at android.os.Parcel.readException(Parcel.java:2392)
09-16 13:19:37.028 1705 1705 W AnomalyConfigReceiver: at android.os.Parcel.readException(Parcel.java:2334)
09-16 13:19:37.028 1705 1705 W AnomalyConfigReceiver: at android.os.IStatsManagerService$Stub$Proxy.setBroadcastSubscriber(IStatsManagerService.java:534)
09-16 13:19:37.028 1705 1705 W AnomalyConfigReceiver: at android.app.StatsManager.setBroadcastSubscriber(StatsManager.java:254)
09-16 13:19:37.028 1705 1705 W AnomalyConfigReceiver: ... 12 more
09-16 13:19:37.028 1705 1705 W AnomalyConfigReceiver: Caused by: android.os.RemoteException: Remote stack trace:
09-16 13:19:37.028 1705 1705 W AnomalyConfigReceiver: at android.app.ContextImpl.enforce(ContextImpl.java:2178)
09-16 13:19:37.028 1705 1705 W AnomalyConfigReceiver: at android.app.ContextImpl.enforceCallingPermission(ContextImpl.java:2196)
09-16 13:19:37.028 1705 1705 W AnomalyConfigReceiver: at com.android.server.stats.StatsManagerService.enforceDumpAndUsageStatsPermission(StatsManagerService.java:498)
09-16 13:19:37.028 1705 1705 W AnomalyConfigReceiver: at com.android.server.stats.StatsManagerService.setBroadcastSubscriber(StatsManagerService.java:326)
09-16 13:19:37.028 1705 1705 W AnomalyConfigReceiver: at android.os.IStatsManagerService$Stub.onTransact(IStatsManagerService.java:253)
09-16 13:19:37.028 1705 1705 W AnomalyConfigReceiver:
09-16 13:19:37.054 1279 1355 W MediaProvider: getVolumePath for unknown volume: internal
09-16 13:19:37.065 561 966 I ActivityManager: com.android.shell is exempt from freezer
09-16 13:19:37.067 561 966 D CompatibilityChangeReporter: Compat change id reported: 135634846; UID 2000; state: DISABLED
09-16 13:19:37.067 561 966 D CompatibilityChangeReporter: Compat change id reported: 177438394; UID 2000; state: DISABLED
09-16 13:19:37.068 561 966 D CompatibilityChangeReporter: Compat change id reported: 135772972; UID 2000; state: DISABLED
09-16 13:19:37.068 561 966 D CompatibilityChangeReporter: Compat change id reported: 135754954; UID 2000; state: ENABLED
09-16 13:19:37.088 1279 1355 W MediaProvider: getVolumePath for unknown volume: internal
09-16 13:19:37.157 384 384 D Zygote : Forked child process 1736
09-16 13:19:37.158 561 630 W ActivityManager: Slow operation: 93ms so far, now at startProcess: returned from zygote!
09-16 13:19:37.159 561 630 W ActivityManager: Slow operation: 94ms so far, now at startProcess: done updating battery stats
09-16 13:19:37.159 561 630 W ActivityManager: Slow operation: 95ms so far, now at startProcess: building log message
09-16 13:19:37.159 561 630 I ActivityManager: Start proc 1736:com.android.shell/2000 for broadcast {com.android.shell/com.android.shell.HeapDumpReceiver}
09-16 13:19:37.159 561 630 W ActivityManager: Slow operation: 95ms so far, now at startProcess: starting to update pids map
09-16 13:19:37.160 561 630 W ActivityManager: Slow operation: 95ms so far, now at startProcess: done updating pids map
09-16 13:19:37.176 1736 1736 I Zygote : seccomp disabled by setenforce 0
09-16 13:19:37.233 475 489 I adbd : jdwp connection from 1736
09-16 13:19:37.269 561 966 D CompatibilityChangeReporter: Compat change id reported: 168419799; UID 2000; state: DISABLED
09-16 13:19:37.314 1736 1736 D CompatibilityChangeReporter: Compat change id reported: 171979766; UID 2000; state: ENABLED
09-16 13:19:37.395 840 840 D StatusBar: disable disable2
09-16 13:19:37.465 1736 1736 V GraphicsEnvironment: ANGLE Developer option for 'com.android.shell' set to: 'default'
09-16 13:19:37.466 1736 1736 V GraphicsEnvironment: Neither updatable production driver nor prerelease driver is supported.
09-16 13:19:37.487 1736 1736 D NetworkSecurityConfig: No Network Security Config specified, using platform default
09-16 13:19:37.487 840 1550 W FrameTracker: Missed App frame:72
09-16 13:19:37.487 840 1550 W FrameTracker: Missed App frame:72
09-16 13:19:37.487 840 1550 W FrameTracker: Missed App frame:72
09-16 13:19:37.487 840 1550 W FrameTracker: Missed App frame:72
09-16 13:19:37.488 840 1550 W FrameTracker: Missing SF jank callback for vsyncId: 1264
09-16 13:19:37.488 840 1550 W FrameTracker: Missing SF jank callback for vsyncId: 1266
09-16 13:19:37.488 1736 1736 D NetworkSecurityConfig: No Network Security Config specified, using platform default
09-16 13:19:37.489 840 1550 V PerfettoTrigger: Not triggering com.android.telemetry.interaction-jank-monitor-13 - not enough time since last trigger
09-16 13:19:37.533 1736 1736 D HeapDumpReceiver: onReceive(): Intent { act=android.intent.action.BOOT_COMPLETED flg=0x89000010 cmp=com.android.shell/.HeapDumpReceiver (has extras) }
09-16 13:19:37.539 1736 1759 D HeapDumpReceiver: Deleting from /data/user_de/0/com.android.shell/files/heapdumps
09-16 13:19:37.549 561 758 D CompatibilityChangeReporter: Compat change id reported: 135634846; UID 10024; state: DISABLED
09-16 13:19:37.549 561 758 D CompatibilityChangeReporter: Compat change id reported: 177438394; UID 10024; state: DISABLED
09-16 13:19:37.549 561 758 D CompatibilityChangeReporter: Compat change id reported: 135772972; UID 10024; state: DISABLED
09-16 13:19:37.550 561 758 D CompatibilityChangeReporter: Compat change id reported: 135754954; UID 10024; state: DISABLED
09-16 13:19:37.552 561 630 D CompatibilityChangeReporter: Compat change id reported: 143937733; UID 10024; state: DISABLED
09-16 13:19:37.587 384 384 D Zygote : Forked child process 1763
09-16 13:19:37.589 561 630 I ActivityManager: Start proc 1763:com.android.statementservice/u0a24 for broadcast {com.android.statementservice/com.android.statementservice.domain.BootCompletedReceiver}
09-16 13:19:37.607 1763 1763 I Zygote : seccomp disabled by setenforce 0
09-16 13:19:37.610 1763 1763 I libc : SetHeapTaggingLevel: tag level set to 0
09-16 13:19:37.636 475 489 I adbd : jdwp connection from 1763
09-16 13:19:37.676 561 758 D CompatibilityChangeReporter: Compat change id reported: 168419799; UID 10024; state: DISABLED
09-16 13:19:37.700 1763 1763 D CompatibilityChangeReporter: Compat change id reported: 171979766; UID 10024; state: DISABLED
09-16 13:19:37.727 1763 1763 D ApplicationLoaders: Returning zygote-cached class loader: /system/framework/android.test.base.jar
09-16 13:19:37.780 1763 1763 V GraphicsEnvironment: ANGLE Developer option for 'com.android.statementservice' set to: 'default'
09-16 13:19:37.781 1763 1763 V GraphicsEnvironment: Neither updatable production driver nor prerelease driver is supported.
09-16 13:19:37.786 1763 1763 D NetworkSecurityConfig: No Network Security Config specified, using platform default
09-16 13:19:37.787 1763 1763 D NetworkSecurityConfig: No Network Security Config specified, using platform default
09-16 13:19:37.907 1763 1785 D CompatibilityChangeReporter: Compat change id reported: 160794467; UID 10024; state: DISABLED
09-16 13:19:37.914 561 1025 D CompatibilityChangeReporter: Compat change id reported: 171306433; UID 10024; state: DISABLED
09-16 13:19:37.944 561 1025 D ConnectivityService: requestNetwork for uid/pid:1000/561 asUid: 10024 activeRequest: null callbackRequest: 32 [NetworkRequest [ REQUEST id=33, [ Capabilities: INTERNET&NOT_RESTRICTED&TRUSTED&NOT_VCN_MANAGED Uid: 10024 RequestorUid: 1000 RequestorPkg: android] ]] callback flags: 0 priority: 2147483647
09-16 13:19:37.946 561 717 D ConnectivityService: NetReassign [no changes]
09-16 13:19:37.947 561 753 D Ethernet: got request NetworkRequest [ REQUEST id=33, [ Capabilities: INTERNET&NOT_RESTRICTED&TRUSTED&NOT_VCN_MANAGED Uid: 10024 RequestorUid: 1000 RequestorPkg: android] ]
09-16 13:19:37.948 561 753 D EthernetNetworkFactory: acceptRequest, request: NetworkRequest [ REQUEST id=33, [ Capabilities: INTERNET&NOT_RESTRICTED&TRUSTED&NOT_VCN_MANAGED Uid: 10024 RequestorUid: 1000 RequestorPkg: android] ]
09-16 13:19:37.949 561 753 I EthernetNetworkFactory: networkForRequest, request: NetworkRequest [ REQUEST id=33, [ Capabilities: INTERNET&NOT_RESTRICTED&TRUSTED&NOT_VCN_MANAGED Uid: 10024 RequestorUid: 1000 RequestorPkg: android] ], network: null
09-16 13:19:37.953 561 708 D WifiNetworkFactory: got request NetworkRequest [ REQUEST id=33, [ Capabilities: INTERNET&NOT_RESTRICTED&TRUSTED&NOT_VCN_MANAGED Uid: 10024 RequestorUid: 1000 RequestorPkg: android] ]
09-16 13:19:37.956 561 708 D UntrustedWifiNetworkFactory: got request NetworkRequest [ REQUEST id=33, [ Capabilities: INTERNET&NOT_RESTRICTED&TRUSTED&NOT_VCN_MANAGED Uid: 10024 RequestorUid: 1000 RequestorPkg: android] ]
09-16 13:19:37.959 561 708 D OemPaidWifiNetworkFactory: got request NetworkRequest [ REQUEST id=33, [ Capabilities: INTERNET&NOT_RESTRICTED&TRUSTED&NOT_VCN_MANAGED Uid: 10024 RequestorUid: 1000 RequestorPkg: android] ]
09-16 13:19:37.983 561 1025 D ConnectivityService: requestNetwork for uid/pid:10024/1763 activeRequest: null callbackRequest: 34 [NetworkRequest [ REQUEST id=35, [ Capabilities: INTERNET&NOT_RESTRICTED&TRUSTED&NOT_VCN_MANAGED Uid: 10024 RequestorUid: 10024 RequestorPkg: com.android.statementservice] ]] callback flags: 0 priority: 2147483647
09-16 13:19:37.984 561 717 D ConnectivityService: NetReassign [no changes]
09-16 13:19:37.988 561 753 D Ethernet: got request NetworkRequest [ REQUEST id=35, [ Capabilities: INTERNET&NOT_RESTRICTED&TRUSTED&NOT_VCN_MANAGED Uid: 10024 RequestorUid: 10024 RequestorPkg: com.android.statementservice] ]
09-16 13:19:37.988 561 753 D EthernetNetworkFactory: acceptRequest, request: NetworkRequest [ REQUEST id=35, [ Capabilities: INTERNET&NOT_RESTRICTED&TRUSTED&NOT_VCN_MANAGED Uid: 10024 RequestorUid: 10024 RequestorPkg: com.android.statementservice] ]
09-16 13:19:37.989 561 753 I EthernetNetworkFactory: networkForRequest, request: NetworkRequest [ REQUEST id=35, [ Capabilities: INTERNET&NOT_RESTRICTED&TRUSTED&NOT_VCN_MANAGED Uid: 10024 RequestorUid: 10024 RequestorPkg: com.android.statementservice] ], network: null
09-16 13:19:37.989 561 708 D WifiNetworkFactory: got request NetworkRequest [ REQUEST id=35, [ Capabilities: INTERNET&NOT_RESTRICTED&TRUSTED&NOT_VCN_MANAGED Uid: 10024 RequestorUid: 10024 RequestorPkg: com.android.statementservice] ]
09-16 13:19:37.991 561 708 D UntrustedWifiNetworkFactory: got request NetworkRequest [ REQUEST id=35, [ Capabilities: INTERNET&NOT_RESTRICTED&TRUSTED&NOT_VCN_MANAGED Uid: 10024 RequestorUid: 10024 RequestorPkg: com.android.statementservice] ]
09-16 13:19:37.991 561 1025 I ActivityManager: Finished processing BOOT_COMPLETED for u0
09-16 13:19:37.992 561 708 D OemPaidWifiNetworkFactory: got request NetworkRequest [ REQUEST id=35, [ Capabilities: INTERNET&NOT_RESTRICTED&TRUSTED&NOT_VCN_MANAGED Uid: 10024 RequestorUid: 10024 RequestorPkg: com.android.statementservice] ]
09-16 13:19:37.994 561 1025 D CompatibilityChangeReporter: Compat change id reported: 135634846; UID 10012; state: DISABLED
09-16 13:19:37.995 561 1025 D CompatibilityChangeReporter: Compat change id reported: 177438394; UID 10012; state: DISABLED
09-16 13:19:37.995 561 1025 D CompatibilityChangeReporter: Compat change id reported: 135772972; UID 10012; state: DISABLED
09-16 13:19:37.995 561 1025 D CompatibilityChangeReporter: Compat change id reported: 135754954; UID 10012; state: ENABLED
09-16 13:19:37.996 561 630 D CompatibilityChangeReporter: Compat change id reported: 143937733; UID 10012; state: ENABLED
09-16 13:19:38.028 384 384 D Zygote : Forked child process 1793
09-16 13:19:38.035 561 630 I ActivityManager: Start proc 1793:com.android.externalstorage/u0a12 for broadcast {com.android.externalstorage/com.android.externalstorage.MountReceiver}
09-16 13:19:38.054 1793 1793 I Zygote : seccomp disabled by setenforce 0
09-16 13:19:38.073 228 779 I keystore2: keystore2::watchdog: Watchdog thread idle -> terminating. Have a great day.
09-16 13:19:38.085 475 489 I adbd : jdwp connection from 1793
09-16 13:19:38.118 561 1025 D CompatibilityChangeReporter: Compat change id reported: 168419799; UID 10012; state: DISABLED
09-16 13:19:38.145 1793 1793 D CompatibilityChangeReporter: Compat change id reported: 171979766; UID 10012; state: ENABLED
09-16 13:19:38.202 1793 1793 V GraphicsEnvironment: ANGLE Developer option for 'com.android.externalstorage' set to: 'default'
09-16 13:19:38.203 1793 1793 V GraphicsEnvironment: Neither updatable production driver nor prerelease driver is supported.
09-16 13:19:38.218 1793 1793 D NetworkSecurityConfig: No Network Security Config specified, using platform default
09-16 13:19:38.219 1793 1793 D NetworkSecurityConfig: No Network Security Config specified, using platform default
09-16 13:19:38.257 1793 1793 D ExternalStorage: After updating volumes, found 2 active roots
09-16 13:19:38.273 1793 1793 D ExternalStorage: After updating volumes, found 2 active roots
09-16 13:19:38.287 1793 1793 D ExternalStorage: After updating volumes, found 2 active roots
09-16 13:19:38.321 1279 1355 W MediaProvider: getVolumePath for unknown volume: internal
09-16 13:19:38.327 1279 1355 W MediaProvider: getVolumePath for unknown volume: internal
09-16 13:19:38.334 1279 1355 W MediaProvider: getVolumePath for unknown volume: internal
09-16 13:19:38.342 1279 1355 W MediaProvider: getVolumePath for unknown volume: internal
09-16 13:19:38.347 1279 1355 W MediaProvider: getVolumePath for unknown volume: internal
09-16 13:19:38.386 1793 1793 D ExternalStorage: After updating volumes, found 2 active roots
09-16 13:19:38.434 1793 1793 D ExternalStorage: After updating volumes, found 2 active roots
09-16 13:19:38.470 213 213 I BpBinder: onLastStrongRef automatically unlinking death recipients:
09-16 13:19:38.559 1279 1547 I MediaProvider: Scanned internal due to REASON_MOUNTED, found 230 items in 2541ms, 0 inserts 7 updates 0 deletes
09-16 13:19:38.691 1279 1547 I MediaProvider: Scanned external_primary due to REASON_MOUNTED, found 15 items in 102ms, 0 inserts 0 updates 0 deletes
09-16 13:19:38.697 1279 1547 I MediaProvider: End Intent { act=com.android.providers.media.action.SCAN_VOLUME (has extras) }
09-16 13:19:38.701 1279 1547 I MediaProvider: Begin Intent { act=com.android.providers.media.action.SCAN_VOLUME (has extras) }
09-16 13:19:39.669 1279 1547 I MediaProvider: Scanned internal due to REASON_MOUNTED, found 325 items in 962ms, 0 inserts 0 updates 0 deletes
09-16 13:19:39.676 1279 1547 W ModernMediaScanner: Failed to visit /oem/media: java.nio.file.NoSuchFileException: /oem/media
09-16 13:19:39.682 1279 1547 I MediaProvider: Scanned internal due to REASON_MOUNTED, found 0 items in 7ms, 0 inserts 0 updates 0 deletes
09-16 13:19:39.996 1279 1355 W MediaProvider: getVolumePath for unknown volume: internal
09-16 13:19:40.000 1279 1355 W MediaProvider: getVolumePath for unknown volume: internal
09-16 13:19:40.509 1279 1355 W MediaProvider: getVolumePath for unknown volume: internal
09-16 13:19:40.515 1279 1355 W MediaProvider: getVolumePath for unknown volume: internal
09-16 13:19:40.520 1279 1355 W MediaProvider: getVolumePath for unknown volume: internal
09-16 13:19:40.524 1279 1355 W MediaProvider: getVolumePath for unknown volume: internal
09-16 13:19:40.528 1279 1355 W MediaProvider: getVolumePath for unknown volume: internal
09-16 13:19:40.657 1279 1547 I MediaProvider: Scanned internal due to REASON_MOUNTED, found 230 items in 970ms, 0 inserts 7 updates 0 deletes
09-16 13:19:40.813 1279 1547 I MediaProvider: Scanned 3c6c-37ec due to REASON_MOUNTED, found 21 items in 144ms, 0 inserts 0 updates 0 deletes
09-16 13:19:40.818 1279 1547 I MediaProvider: End Intent { act=com.android.providers.media.action.SCAN_VOLUME (has extras) }
09-16 13:19:40.822 1279 1547 I MediaProvider: Begin Intent { act=android.intent.action.MEDIA_MOUNTED dat=file:///storage/emulated/0 flg=0x5000010 cmp=com.android.providers.media.module/com.android.providers.media.MediaService (has extras) }
09-16 13:19:40.824 1279 1547 I MediaProvider: Volume MediaVolume name: [external_primary] id: [emulated;0] user: [UserHandle{0}] path: [/storage/emulated/0] already attached
09-16 13:19:40.825 1279 1547 I MediaProvider: End Intent { act=android.intent.action.MEDIA_MOUNTED dat=file:///storage/emulated/0 flg=0x5000010 cmp=com.android.providers.media.module/com.android.providers.media.MediaService (has extras) }
09-16 13:19:40.828 1279 1547 I MediaProvider: Begin Intent { act=android.intent.action.MEDIA_MOUNTED dat=file:///storage/3C6C-37EC flg=0x5000010 cmp=com.android.providers.media.module/com.android.providers.media.MediaService (has extras) }
09-16 13:19:40.829 1279 1547 I MediaProvider: Volume MediaVolume name: [3c6c-37ec] id: [public:179,97] user: [UserHandle{0}] path: [/storage/3C6C-37EC] already attached
09-16 13:19:40.829 1279 1547 I MediaProvider: End Intent { act=android.intent.action.MEDIA_MOUNTED dat=file:///storage/3C6C-37EC flg=0x5000010 cmp=com.android.providers.media.module/com.android.providers.media.MediaService (has extras) }
09-16 13:19:40.833 1279 1547 I MediaProvider: Begin Intent { act=android.intent.action.MEDIA_MOUNTED dat=file:///storage/emulated/0 flg=0x5000010 cmp=com.android.providers.media.module/com.android.providers.media.MediaService (has extras) }
09-16 13:19:40.834 1279 1547 I MediaProvider: Volume MediaVolume name: [external_primary] id: [emulated;0] user: [UserHandle{0}] path: [/storage/emulated/0] already attached
09-16 13:19:40.834 1279 1547 I MediaProvider: End Intent { act=android.intent.action.MEDIA_MOUNTED dat=file:///storage/emulated/0 flg=0x5000010 cmp=com.android.providers.media.module/com.android.providers.media.MediaService (has extras) }
09-16 13:19:40.838 1279 1547 I MediaProvider: Begin Intent { act=android.intent.action.MEDIA_MOUNTED dat=file:///storage/3C6C-37EC flg=0x5000010 cmp=com.android.providers.media.module/com.android.providers.media.MediaService (has extras) }
09-16 13:19:40.839 1279 1547 I MediaProvider: Volume MediaVolume name: [3c6c-37ec] id: [public:179,97] user: [UserHandle{0}] path: [/storage/3C6C-37EC] already attached
09-16 13:19:40.839 1279 1547 I MediaProvider: End Intent { act=android.intent.action.MEDIA_MOUNTED dat=file:///storage/3C6C-37EC flg=0x5000010 cmp=com.android.providers.media.module/com.android.providers.media.MediaService (has extras) }
09-16 13:19:45.557 1843 1843 V StudioTransport: Server listening on unix:@AndroidStudioTransport port:1
09-16 13:19:47.760 417 417 E android.hardware.memtrack-service.img: Failed to open /proc/979/fdinfo directory: No such file or directory
09-16 13:19:47.760 417 417 W IMGMemtrackHAL: getMemoryRecords:543 Failed to read dmabuf fd references for pid 979
09-16 13:19:47.773 417 417 E android.hardware.memtrack-service.img: Failed to open /proc/1213/fdinfo directory: No such file or directory
09-16 13:19:47.773 417 417 W IMGMemtrackHAL: getMemoryRecords:543 Failed to read dmabuf fd references for pid 1213
09-16 13:19:47.787 417 417 E android.hardware.memtrack-service.img: Failed to open /proc/1073/fdinfo directory: No such file or directory
09-16 13:19:47.787 417 417 W IMGMemtrackHAL: getMemoryRecords:543 Failed to read dmabuf fd references for pid 1073
09-16 13:19:52.321 417 417 E android.hardware.memtrack-service.img: Failed to open /proc/1554/fdinfo directory: No such file or directory
09-16 13:19:52.321 417 417 W IMGMemtrackHAL: getMemoryRecords:543 Failed to read dmabuf fd references for pid 1554
09-16 13:19:53.812 417 417 E android.hardware.memtrack-service.img: Failed to open /proc/1376/fdinfo directory: No such file or directory
09-16 13:19:53.813 417 417 W IMGMemtrackHAL: getMemoryRecords:543 Failed to read dmabuf fd references for pid 1376
09-16 13:19:53.826 417 417 E android.hardware.memtrack-service.img: Failed to open /proc/1580/fdinfo directory: No such file or directory
09-16 13:19:53.826 417 417 W IMGMemtrackHAL: getMemoryRecords:543 Failed to read dmabuf fd references for pid 1580
09-16 13:19:53.838 417 417 E android.hardware.memtrack-service.img: Failed to open /proc/915/fdinfo directory: No such file or directory
09-16 13:19:53.838 417 417 W IMGMemtrackHAL: getMemoryRecords:543 Failed to read dmabuf fd references for pid 915
09-16 13:19:53.853 417 417 E android.hardware.memtrack-service.img: Failed to open /proc/906/fdinfo directory: No such file or directory
09-16 13:19:53.853 417 417 W IMGMemtrackHAL: getMemoryRecords:543 Failed to read dmabuf fd references for pid 906
09-16 13:19:53.866 417 417 E android.hardware.memtrack-service.img: Failed to open /proc/876/fdinfo directory: No such file or directory
09-16 13:19:53.866 417 417 W IMGMemtrackHAL: getMemoryRecords:543 Failed to read dmabuf fd references for pid 876
09-16 13:19:53.878 417 417 E android.hardware.memtrack-service.img: Failed to open /proc/840/fdinfo directory: No such file or directory
09-16 13:19:53.879 417 417 W IMGMemtrackHAL: getMemoryRecords:543 Failed to read dmabuf fd references for pid 840
09-16 13:19:53.898 417 417 E android.hardware.memtrack-service.img: Failed to open /proc/561/fdinfo directory: No such file or directory
09-16 13:19:53.898 417 417 W IMGMemtrackHAL: getMemoryRecords:543 Failed to read dmabuf fd references for pid 561
09-16 13:19:55.331 417 417 E android.hardware.memtrack-service.img: Failed to open /proc/1644/fdinfo directory: No such file or directory
09-16 13:19:55.332 417 417 W IMGMemtrackHAL: getMemoryRecords:543 Failed to read dmabuf fd references for pid 1644
09-16 13:19:55.344 417 417 E android.hardware.memtrack-service.img: Failed to open /proc/1619/fdinfo directory: No such file or directory
09-16 13:19:55.344 417 417 W IMGMemtrackHAL: getMemoryRecords:543 Failed to read dmabuf fd references for pid 1619
09-16 13:19:56.210 417 417 E android.hardware.memtrack-service.img: Failed to open /proc/1279/fdinfo directory: No such file or directory
09-16 13:19:56.210 417 417 W IMGMemtrackHAL: getMemoryRecords:543 Failed to read dmabuf fd references for pid 1279
09-16 13:19:57.053 417 417 E android.hardware.memtrack-service.img: Failed to open /proc/1435/fdinfo directory: No such file or directory
09-16 13:19:57.053 417 417 W IMGMemtrackHAL: getMemoryRecords:543 Failed to read dmabuf fd references for pid 1435
09-16 13:19:57.067 417 417 E android.hardware.memtrack-service.img: Failed to open /proc/1705/fdinfo directory: No such file or directory
09-16 13:19:57.067 417 417 W IMGMemtrackHAL: getMemoryRecords:543 Failed to read dmabuf fd references for pid 1705
