09-16 13:19:18.297 561 966 W ContextImpl: Calling a method in the system process without a qualified user: android.app.ContextImpl.sendBroadcastMultiplePermissions:1256 com.android.server.TelephonyRegistry.broadcastDataConnectionStateChanged:3004 com.android.server.TelephonyRegistry.notifyDataConnectionForSubscriber:2051 com.android.internal.telephony.ITelephonyRegistry$Stub.onTransact:544 android.os.Binder.execTransactInternal:1179
09-16 13:19:18.303 561 1024 W ContextImpl: Calling a method in the system process without a qualified user: android.app.ContextImpl.sendBroadcastMultiplePermissions:1256 com.android.server.TelephonyRegistry.broadcastDataConnectionStateChanged:3004 com.android.server.TelephonyRegistry.notifyDataConnectionForSubscriber:2051 com.android.internal.telephony.ITelephonyRegistry$Stub.onTransact:544 android.os.Binder.execTransactInternal:1179
09-16 13:19:18.307 561 675 W ContextImpl: Calling a method in the system process without a qualified user: android.app.ContextImpl.sendBroadcastMultiplePermissions:1256 com.android.server.TelephonyRegistry.broadcastDataConnectionStateChanged:3004 com.android.server.TelephonyRegistry.notifyDataConnectionForSubscriber:2051 com.android.internal.telephony.ITelephonyRegistry$Stub.onTransact:544 android.os.Binder.execTransactInternal:1179
09-16 13:19:18.329 561 675 W ContextImpl: Calling a method in the system process without a qualified user: android.app.ContextImpl.sendBroadcastMultiplePermissions:1256 com.android.server.TelephonyRegistry.broadcastDataConnectionStateChanged:3004 com.android.server.TelephonyRegistry.notifyDataConnectionForSubscriber:2051 com.android.internal.telephony.ITelephonyRegistry$Stub.onTransact:544 android.os.Binder.execTransactInternal:1179
09-16 13:19:18.336 561 966 D CompatibilityChangeReporter: Compat change id reported: 168419799; UID 10054; state: DISABLED
09-16 13:19:18.411 561 966 W ActivityManager: Slow operation: 79ms so far, now at attachApplicationLocked: after mServices.attachApplicationLocked
09-16 13:19:18.413 561 1024 W ContextImpl: Calling a method in the system process without a qualified user: android.app.ContextImpl.sendBroadcastMultiplePermissions:1256 com.android.server.TelephonyRegistry.broadcastDataConnectionStateChanged:3004 com.android.server.TelephonyRegistry.notifyDataConnectionForSubscriber:2051 com.android.internal.telephony.ITelephonyRegistry$Stub.onTransact:544 android.os.Binder.execTransactInternal:1179
09-16 13:19:18.421 561 675 W ContextImpl: Calling a method in the system process without a qualified user: android.app.ContextImpl.sendBroadcastMultiplePermissions:1256 com.android.server.TelephonyRegistry.broadcastDataConnectionStateChanged:3004 com.android.server.TelephonyRegistry.notifyDataConnectionForSubscriber:2051 com.android.internal.telephony.ITelephonyRegistry$Stub.onTransact:544 android.os.Binder.execTransactInternal:1179
09-16 13:19:18.430 561 758 W ContextImpl: Calling a method in the system process without a qualified user: android.app.ContextImpl.sendBroadcastMultiplePermissions:1256 com.android.server.TelephonyRegistry.broadcastDataConnectionStateChanged:3004 com.android.server.TelephonyRegistry.notifyDataConnectionForSubscriber:2051 com.android.internal.telephony.ITelephonyRegistry$Stub.onTransact:544 android.os.Binder.execTransactInternal:1179
09-16 13:19:18.439 561 758 W ContextImpl: Calling a method in the system process without a qualified user: android.app.ContextImpl.sendBroadcastMultiplePermissions:1256 com.android.server.TelephonyRegistry.broadcastDataConnectionStateChanged:3004 com.android.server.TelephonyRegistry.notifyDataConnectionForSubscriber:2051 com.android.internal.telephony.ITelephonyRegistry$Stub.onTransact:544 android.os.Binder.execTransactInternal:1179
09-16 13:19:18.672 561 758 D CompatibilityChangeReporter: Compat change id reported: 182478738; UID 1001; state: ENABLED
09-16 13:19:18.823 561 621 I DropBoxManagerService: add tag=system_app_strictmode isTagEnabled=true flags=0x2
09-16 13:19:18.834 561 621 I DropBoxManagerService: add tag=system_app_strictmode isTagEnabled=true flags=0x2
09-16 13:19:18.857 561 621 I DropBoxManagerService: add tag=system_app_strictmode isTagEnabled=true flags=0x2
09-16 13:19:18.882 561 621 I DropBoxManagerService: add tag=system_app_strictmode isTagEnabled=true flags=0x2
09-16 13:19:19.000 561 758 I ActivityTaskManager: START u0 {cmp=com.skyla.qbi/.Activities.Main.MainActivity} from uid 10017
09-16 13:19:19.080 561 966 W ActivityTaskManager: Tried to set launchTime (0) < mLastActivityLaunchTime (50330)
09-16 13:19:19.128 915 1158 W ActivityThread: Failed to find provider info for com.android.contacts (user not unlocked)
09-16 13:19:19.209 840 840 D SystemUIBootTiming: StartServicescom.android.systemui.volume.VolumeUI took to complete: 1115ms
09-16 13:19:19.395 561 614 I ActivityTaskManager: START u0 {cmp=com.skyla.qbi/.Activities.Startup.WarmingUpActivity} from uid 10017
09-16 13:19:19.479 561 614 W WindowManager: Failed looking up window session=Session{58059da 925:u0a10017} callers=com.android.server.wm.WindowManagerService.windowForClientLocked:5593 com.android.server.wm.Session.insetsModified:629 android.view.IWindowSession$Stub.onTransact:1151
09-16 13:19:19.587 561 621 I DropBoxManagerService: add tag=system_app_strictmode isTagEnabled=true flags=0x2
09-16 13:19:19.598 561 621 I DropBoxManagerService: add tag=system_app_strictmode isTagEnabled=true flags=0x2
09-16 13:19:19.612 561 621 I DropBoxManagerService: add tag=system_app_strictmode isTagEnabled=true flags=0x2
09-16 13:19:19.680 561 719 D VcnManagementService: new snapshot: TelephonySubscriptionSnapshot{ mActiveDataSubId=-1, mSubIdToInfoMap={}, mPrivilegedPackages={} }
09-16 13:19:19.786 561 751 W ActivityTaskManager: Tried to set launchTime (0) < mLastActivityLaunchTime (54933)
09-16 13:19:20.093 561 614 W Telecom : : registerPhoneAccount not allowed on non-voice capable device.: TSI.rPA@AAU
09-16 13:19:20.146 561 614 W Telecom : : registerPhoneAccount not allowed on non-voice capable device.: TSI.rPA@AAc
09-16 13:19:20.312 561 614 I StatusBarManagerService: registerStatusBar bar=com.android.internal.statusbar.IStatusBar$Stub$Proxy@a64420a
09-16 13:19:20.835 561 1025 W WindowManager: Failed looking up window session=Session{58059da 925:u0a10017} callers=com.android.server.wm.WindowManagerService.windowForClientLocked:5593 com.android.server.wm.Session.insetsModified:629 android.view.IWindowSession$Stub.onTransact:1151
09-16 13:19:21.293 840 840 D SystemUIBootTiming: StartServicescom.android.systemui.statusbar.phone.StatusBar took to complete: 2083ms
09-16 13:19:21.327 840 840 D SystemUIBootTiming: StartServicescom.android.systemui.usb.StorageNotification took to complete: 32ms
09-16 13:19:21.347 840 1088 W ActivityThread: Failed to find provider info for com.android.contacts (user not unlocked)
09-16 13:19:21.410 840 840 D SystemUIBootTiming: StartServicescom.android.systemui.power.PowerUI took to complete: 82ms
09-16 13:19:21.423 840 840 D SystemUIBootTiming: StartServicescom.android.systemui.media.RingtonePlayer took to complete: 13ms
09-16 13:19:21.427 840 840 D SystemUIBootTiming: StartServicescom.android.systemui.keyboard.KeyboardUI took to complete: 4ms
09-16 13:19:21.433 840 840 D SystemUIBootTiming: StartServicescom.android.systemui.shortcut.ShortcutKeyDispatcher took to complete: 6ms
09-16 13:19:21.434 840 840 D SystemUIBootTiming: StartServicescom.android.systemui.VendorServices took to complete: 0ms
09-16 13:19:21.455 840 840 D SystemUIBootTiming: StartServicescom.android.systemui.util.leak.GarbageMonitor$Service took to complete: 15ms
09-16 13:19:21.458 840 840 D SystemUIBootTiming: StartServicescom.android.systemui.LatencyTester took to complete: 3ms
09-16 13:19:21.473 840 840 D SystemUIBootTiming: StartServicescom.android.systemui.globalactions.GlobalActionsComponent took to complete: 15ms
09-16 13:19:21.484 840 840 D SystemUIBootTiming: StartServicescom.android.systemui.ScreenDecorations took to complete: 7ms
09-16 13:19:21.490 840 840 D SystemUIBootTiming: StartServicescom.android.systemui.biometrics.AuthController took to complete: 6ms
09-16 13:19:21.493 840 840 D SystemUIBootTiming: StartServicescom.android.systemui.SliceBroadcastRelayHandler took to complete: 4ms
09-16 13:19:21.512 840 840 D SystemUIBootTiming: StartServicescom.android.systemui.statusbar.notification.InstantAppNotifier took to complete: 11ms
09-16 13:19:21.536 840 840 D SystemUIBootTiming: StartServicescom.android.systemui.theme.ThemeOverlayController took to complete: 15ms
09-16 13:19:21.538 840 840 D SystemUIBootTiming: StartServicescom.android.systemui.accessibility.WindowMagnification took to complete: 1ms
09-16 13:19:21.597 840 840 D SystemUIBootTiming: StartServicescom.android.systemui.accessibility.SystemActions took to complete: 57ms
09-16 13:19:21.604 840 840 D SystemUIBootTiming: StartServicescom.android.systemui.toast.ToastUI took to complete: 6ms
09-16 13:19:21.613 840 840 D SystemUIBootTiming: StartServicescom.android.systemui.wmshell.WMShell took to complete: 9ms
09-16 13:19:21.662 561 620 W WindowManager: Keyguard drawn timeout. Setting mKeyguardDrawComplete
09-16 13:19:21.677 840 840 D SystemUIBootTiming: StartServices took to complete: 4034ms
09-16 13:19:21.912 561 623 D CompatibilityChangeReporter: Compat change id reported: 158002302; UID 10057; state: ENABLED
09-16 13:19:21.923 561 622 I WindowManager: ******* TELLING SURFACE FLINGER WE ARE BOOTED!
09-16 13:19:21.942 561 622 I ActivityManagerTiming: FinishBooting
09-16 13:19:21.993 561 622 I ActivityManager: About to commit checkpoint
09-16 13:19:21.997 561 622 I SystemServiceManager: Starting phase 1000
09-16 13:19:21.997 561 622 I ActivityManagerTiming: OnBootPhase_1000
09-16 13:19:21.997 561 622 I ActivityManagerTiming: OnBootPhase_1000_com.android.server.security.FileIntegrityService
09-16 13:19:21.997 561 622 D ActivityManagerTiming: OnBootPhase_1000_com.android.server.security.FileIntegrityService took to complete: 0ms
09-16 13:19:21.997 561 622 I ActivityManagerTiming: OnBootPhase_1000_com.android.server.pm.Installer
09-16 13:19:21.998 561 622 D ActivityManagerTiming: OnBootPhase_1000_com.android.server.pm.Installer took to complete: 0ms
09-16 13:19:21.998 561 622 I ActivityManagerTiming: OnBootPhase_1000_com.android.server.os.DeviceIdentifiersPolicyService
09-16 13:19:21.998 561 622 D ActivityManagerTiming: OnBootPhase_1000_com.android.server.os.DeviceIdentifiersPolicyService took to complete: 0ms
09-16 13:19:21.998 561 622 I ActivityManagerTiming: OnBootPhase_1000_com.android.server.uri.UriGrantsManagerService$Lifecycle
09-16 13:19:21.998 561 622 D ActivityManagerTiming: OnBootPhase_1000_com.android.server.uri.UriGrantsManagerService$Lifecycle took to complete: 0ms
09-16 13:19:21.998 561 622 I ActivityManagerTiming: OnBootPhase_1000_com.android.server.powerstats.PowerStatsService
09-16 13:19:22.012 561 622 E PowerStatsService: Failed to start PowerStatsService loggers
09-16 13:19:22.012 561 622 D ActivityManagerTiming: OnBootPhase_1000_com.android.server.powerstats.PowerStatsService took to complete: 15ms
09-16 13:19:22.013 561 622 I ActivityManagerTiming: OnBootPhase_1000_com.android.server.wm.ActivityTaskManagerService$Lifecycle
09-16 13:19:22.013 561 622 D ActivityManagerTiming: OnBootPhase_1000_com.android.server.wm.ActivityTaskManagerService$Lifecycle took to complete: 0ms
09-16 13:19:22.013 561 622 I ActivityManagerTiming: OnBootPhase_1000_com.android.server.am.ActivityManagerService$Lifecycle
09-16 13:19:22.013 561 622 D ActivityManagerTiming: OnBootPhase_1000_com.android.server.am.ActivityManagerService$Lifecycle took to complete: 0ms
09-16 13:19:22.013 561 622 I ActivityManagerTiming: OnBootPhase_1000_com.android.server.pm.DataLoaderManagerService
09-16 13:19:22.013 561 622 D ActivityManagerTiming: OnBootPhase_1000_com.android.server.pm.DataLoaderManagerService took to complete: 0ms
09-16 13:19:22.013 561 622 I ActivityManagerTiming: OnBootPhase_1000_com.android.server.power.PowerManagerService
09-16 13:19:22.014 561 622 D ActivityManagerTiming: OnBootPhase_1000_com.android.server.power.PowerManagerService took to complete: 2ms
09-16 13:19:22.014 561 622 I ActivityManagerTiming: OnBootPhase_1000_com.android.server.power.ThermalManagerService
09-16 13:19:22.014 561 622 D ActivityManagerTiming: OnBootPhase_1000_com.android.server.power.ThermalManagerService took to complete: 0ms
09-16 13:19:22.014 561 622 I ActivityManagerTiming: OnBootPhase_1000_com.android.server.power.hint.HintManagerService
09-16 13:19:22.014 561 622 D ActivityManagerTiming: OnBootPhase_1000_com.android.server.power.hint.HintManagerService took to complete: 0ms
09-16 13:19:22.014 561 622 I ActivityManagerTiming: OnBootPhase_1000_com.android.server.recoverysystem.RecoverySystemService$Lifecycle
09-16 13:19:22.014 561 622 D ActivityManagerTiming: OnBootPhase_1000_com.android.server.recoverysystem.RecoverySystemService$Lifecycle took to complete: 0ms
09-16 13:19:22.014 561 622 I ActivityManagerTiming: OnBootPhase_1000_com.android.server.lights.LightsService
09-16 13:19:22.014 561 622 D ActivityManagerTiming: OnBootPhase_1000_com.android.server.lights.LightsService took to complete: 0ms
09-16 13:19:22.015 561 622 I ActivityManagerTiming: OnBootPhase_1000_com.android.server.display.DisplayManagerService
09-16 13:19:22.015 561 644 V DisplayPowerController[0]: Brightness [0.39763778] reason changing to: 'manual', previous reason: 'override'.
09-16 13:19:22.015 561 622 D ActivityManagerTiming: OnBootPhase_1000_com.android.server.display.DisplayManagerService took to complete: 1ms
09-16 13:19:22.015 561 622 I ActivityManagerTiming: OnBootPhase_1000_com.android.server.pm.verify.domain.DomainVerificationService
09-16 13:19:22.015 561 622 D ActivityManagerTiming: OnBootPhase_1000_com.android.server.pm.verify.domain.DomainVerificationService took to complete: 0ms
09-16 13:19:22.015 561 622 I ActivityManagerTiming: OnBootPhase_1000_com.android.server.pm.PackageInstallerService$Lifecycle
09-16 13:19:22.015 561 622 D ActivityManagerTiming: OnBootPhase_1000_com.android.server.pm.PackageInstallerService$Lifecycle took to complete: 0ms
09-16 13:19:22.015 561 622 I ActivityManagerTiming: OnBootPhase_1000_com.android.server.pm.UserManagerService$LifeCycle
09-16 13:19:22.015 561 622 D ActivityManagerTiming: OnBootPhase_1000_com.android.server.pm.UserManagerService$LifeCycle took to complete: 0ms
09-16 13:19:22.015 561 622 I ActivityManagerTiming: OnBootPhase_1000_com.android.server.om.OverlayManagerService
09-16 13:19:22.015 561 622 D ActivityManagerTiming: OnBootPhase_1000_com.android.server.om.OverlayManagerService took to complete: 0ms
09-16 13:19:22.015 561 622 I ActivityManagerTiming: OnBootPhase_1000_com.android.server.SensorPrivacyService
09-16 13:19:22.015 561 622 D ActivityManagerTiming: OnBootPhase_1000_com.android.server.SensorPrivacyService took to complete: 0ms
09-16 13:19:22.015 561 622 I ActivityManagerTiming: OnBootPhase_1000_com.android.server.sensors.SensorService
09-16 13:19:22.015 561 622 D ActivityManagerTiming: OnBootPhase_1000_com.android.server.sensors.SensorService took to complete: 0ms
09-16 13:19:22.016 561 622 I ActivityManagerTiming: OnBootPhase_1000_com.android.server.SystemConfigService
09-16 13:19:22.016 561 622 D ActivityManagerTiming: OnBootPhase_1000_com.android.server.SystemConfigService took to complete: 0ms
09-16 13:19:22.016 561 622 I ActivityManagerTiming: OnBootPhase_1000_com.android.server.BatteryService
09-16 13:19:22.016 561 622 D ActivityManagerTiming: OnBootPhase_1000_com.android.server.BatteryService took to complete: 0ms
09-16 13:19:22.016 561 622 I ActivityManagerTiming: OnBootPhase_1000_com.android.server.usage.UsageStatsService
09-16 13:19:22.018 561 622 D ActivityManagerTiming: OnBootPhase_1000_com.android.server.usage.UsageStatsService took to complete: 3ms
09-16 13:19:22.019 561 622 I ActivityManagerTiming: OnBootPhase_1000_com.android.server.webkit.WebViewUpdateService
09-16 13:19:22.019 561 622 D ActivityManagerTiming: OnBootPhase_1000_com.android.server.webkit.WebViewUpdateService took to complete: 0ms
09-16 13:19:22.019 561 622 I ActivityManagerTiming: OnBootPhase_1000_com.android.server.CachedDeviceStateService
09-16 13:19:22.019 561 622 D ActivityManagerTiming: OnBootPhase_1000_com.android.server.CachedDeviceStateService took to complete: 0ms
09-16 13:19:22.019 561 622 I ActivityManagerTiming: OnBootPhase_1000_com.android.server.BinderCallsStatsService$LifeCycle
09-16 13:19:22.019 561 622 D ActivityManagerTiming: OnBootPhase_1000_com.android.server.BinderCallsStatsService$LifeCycle took to complete: 0ms
09-16 13:19:22.019 561 622 I ActivityManagerTiming: OnBootPhase_1000_com.android.server.LooperStatsService$Lifecycle
09-16 13:19:22.019 561 622 D ActivityManagerTiming: OnBootPhase_1000_com.android.server.LooperStatsService$Lifecycle took to complete: 0ms
09-16 13:19:22.019 561 622 I ActivityManagerTiming: OnBootPhase_1000_com.android.server.rollback.RollbackManagerService
09-16 13:19:22.021 561 622 D ActivityManagerTiming: OnBootPhase_1000_com.android.server.rollback.RollbackManagerService took to complete: 2ms
09-16 13:19:22.021 561 622 I ActivityManagerTiming: OnBootPhase_1000_com.android.server.os.NativeTombstoneManagerService
09-16 13:19:22.021 561 622 D ActivityManagerTiming: OnBootPhase_1000_com.android.server.os.NativeTombstoneManagerService took to complete: 0ms
09-16 13:19:22.021 561 622 I ActivityManagerTiming: OnBootPhase_1000_com.android.server.os.BugreportManagerService
09-16 13:19:22.021 561 622 D ActivityManagerTiming: OnBootPhase_1000_com.android.server.os.BugreportManagerService took to complete: 0ms
09-16 13:19:22.021 561 622 I ActivityManagerTiming: OnBootPhase_1000_com.android.server.gpu.GpuService
09-16 13:19:22.021 561 622 D ActivityManagerTiming: OnBootPhase_1000_com.android.server.gpu.GpuService took to complete: 0ms
09-16 13:19:22.021 561 622 I ActivityManagerTiming: OnBootPhase_1000_com.android.server.security.KeyChainSystemService
09-16 13:19:22.021 561 622 D ActivityManagerTiming: OnBootPhase_1000_com.android.server.security.KeyChainSystemService took to complete: 0ms
09-16 13:19:22.021 561 622 I ActivityManagerTiming: OnBootPhase_1000_com.android.server.telecom.TelecomLoaderService
09-16 13:19:22.021 561 622 D ActivityManagerTiming: OnBootPhase_1000_com.android.server.telecom.TelecomLoaderService took to complete: 0ms
09-16 13:19:22.021 561 622 I ActivityManagerTiming: OnBootPhase_1000_com.android.server.accounts.AccountManagerService$Lifecycle
09-16 13:19:22.021 561 622 D ActivityManagerTiming: OnBootPhase_1000_com.android.server.accounts.AccountManagerService$Lifecycle took to complete: 0ms
09-16 13:19:22.021 561 622 I ActivityManagerTiming: OnBootPhase_1000_com.android.server.content.ContentService$Lifecycle
09-16 13:19:22.021 561 622 D ActivityManagerTiming: OnBootPhase_1000_com.android.server.content.ContentService$Lifecycle took to complete: 0ms
09-16 13:19:22.021 561 622 I ActivityManagerTiming: OnBootPhase_1000_com.android.server.DropBoxManagerService
09-16 13:19:22.021 561 622 D ActivityManagerTiming: OnBootPhase_1000_com.android.server.DropBoxManagerService took to complete: 0ms
09-16 13:19:22.021 561 622 I ActivityManagerTiming: OnBootPhase_1000_com.android.role.RoleService
09-16 13:19:22.021 561 622 D ActivityManagerTiming: OnBootPhase_1000_com.android.role.RoleService took to complete: 0ms
09-16 13:19:22.021 561 622 I ActivityManagerTiming: OnBootPhase_1000_com.android.server.vibrator.VibratorManagerService$Lifecycle
09-16 13:19:22.021 561 622 D ActivityManagerTiming: OnBootPhase_1000_com.android.server.vibrator.VibratorManagerService$Lifecycle took to complete: 0ms
09-16 13:19:22.021 561 622 I ActivityManagerTiming: OnBootPhase_1000_com.android.server.alarm.AlarmManagerService
09-16 13:19:22.021 561 622 D ActivityManagerTiming: OnBootPhase_1000_com.android.server.alarm.AlarmManagerService took to complete: 0ms
09-16 13:19:22.021 561 622 I ActivityManagerTiming: OnBootPhase_1000_com.android.server.devicestate.DeviceStateManagerService
09-16 13:19:22.021 561 622 D ActivityManagerTiming: OnBootPhase_1000_com.android.server.devicestate.DeviceStateManagerService took to complete: 0ms
09-16 13:19:22.021 561 622 I ActivityManagerTiming: OnBootPhase_1000_com.android.server.camera.CameraServiceProxy
09-16 13:19:22.035 561 622 D ActivityManagerTiming: OnBootPhase_1000_com.android.server.camera.CameraServiceProxy took to complete: 13ms
09-16 13:19:22.035 561 622 I ActivityManagerTiming: OnBootPhase_1000_com.android.server.connectivity.IpConnectivityMetrics
09-16 13:19:22.035 561 622 D ActivityManagerTiming: OnBootPhase_1000_com.android.server.connectivity.IpConnectivityMetrics took to complete: 0ms
09-16 13:19:22.035 561 622 I ActivityManagerTiming: OnBootPhase_1000_com.android.server.net.watchlist.NetworkWatchlistService$Lifecycle
09-16 13:19:22.035 561 622 D ActivityManagerTiming: OnBootPhase_1000_com.android.server.net.watchlist.NetworkWatchlistService$Lifecycle took to complete: 0ms
09-16 13:19:22.035 561 622 I ActivityManagerTiming: OnBootPhase_1000_com.android.server.PinnerService
09-16 13:19:22.035 561 622 D ActivityManagerTiming: OnBootPhase_1000_com.android.server.PinnerService took to complete: 0ms
09-16 13:19:22.035 561 622 I ActivityManagerTiming: OnBootPhase_1000_com.google.android.startop.iorap.IorapForwardingService
09-16 13:19:22.035 561 622 D ActivityManagerTiming: OnBootPhase_1000_com.google.android.startop.iorap.IorapForwardingService took to complete: 0ms
09-16 13:19:22.035 561 622 I ActivityManagerTiming: OnBootPhase_1000_com.android.server.integrity.AppIntegrityManagerService
09-16 13:19:22.035 561 622 D ActivityManagerTiming: OnBootPhase_1000_com.android.server.integrity.AppIntegrityManagerService took to complete: 0ms
09-16 13:19:22.035 561 622 I ActivityManagerTiming: OnBootPhase_1000_com.android.server.inputmethod.InputMethodManagerService$Lifecycle
09-16 13:19:22.035 561 622 D ActivityManagerTiming: OnBootPhase_1000_com.android.server.inputmethod.InputMethodManagerService$Lifecycle took to complete: 0ms
09-16 13:19:22.035 561 622 I ActivityManagerTiming: OnBootPhase_1000_com.android.server.accessibility.AccessibilityManagerService$Lifecycle
09-16 13:19:22.035 561 622 D ActivityManagerTiming: OnBootPhase_1000_com.android.server.accessibility.AccessibilityManagerService$Lifecycle took to complete: 0ms
09-16 13:19:22.035 561 622 I ActivityManagerTiming: OnBootPhase_1000_com.android.server.StorageManagerService$Lifecycle
09-16 13:19:22.036 561 622 D ActivityManagerTiming: OnBootPhase_1000_com.android.server.StorageManagerService$Lifecycle took to complete: 0ms
09-16 13:19:22.036 561 622 I ActivityManagerTiming: OnBootPhase_1000_com.android.server.usage.StorageStatsService$Lifecycle
09-16 13:19:22.036 561 622 D ActivityManagerTiming: OnBootPhase_1000_com.android.server.usage.StorageStatsService$Lifecycle took to complete: 0ms
09-16 13:19:22.036 561 622 I ActivityManagerTiming: OnBootPhase_1000_com.android.server.UiModeManagerService
09-16 13:19:22.036 561 622 D ActivityManagerTiming: OnBootPhase_1000_com.android.server.UiModeManagerService took to complete: 0ms
09-16 13:19:22.036 561 622 I ActivityManagerTiming: OnBootPhase_1000_com.android.server.locksettings.LockSettingsService$Lifecycle
09-16 13:19:22.036 561 622 D ActivityManagerTiming: OnBootPhase_1000_com.android.server.locksettings.LockSettingsService$Lifecycle took to complete: 0ms
09-16 13:19:22.036 561 622 I ActivityManagerTiming: OnBootPhase_1000_com.android.server.testharness.TestHarnessModeService
09-16 13:19:22.036 561 622 D TestHarnessModeService: Completing Test Harness Mode setup.
09-16 13:19:22.036 561 622 D TestHarnessModeService: Getting PersistentDataBlockManagerInternal from LocalServices
09-16 13:19:22.036 561 622 E TestHarnessModeService: Failed to start Test Harness Mode; no implementation of PersistentDataBlockManagerInternal was bound!
09-16 13:19:22.036 561 622 D ActivityManagerTiming: OnBootPhase_1000_com.android.server.testharness.TestHarnessModeService took to complete: 1ms
09-16 13:19:22.037 561 622 I ActivityManagerTiming: OnBootPhase_1000_com.android.server.DeviceIdleController
09-16 13:19:22.037 561 622 D ActivityManagerTiming: OnBootPhase_1000_com.android.server.DeviceIdleController took to complete: 0ms
09-16 13:19:22.037 561 622 I ActivityManagerTiming: OnBootPhase_1000_com.android.server.devicepolicy.DevicePolicyManagerService$Lifecycle
09-16 13:19:22.038 561 699 D StorageManagerService: Thinking about init, mBootCompleted=true, mDaemonConnected=true
09-16 13:19:22.038 561 699 D StorageManagerService: Thinking about reset, mBootCompleted=true, mDaemonConnected=true
09-16 13:19:22.039 561 699 I StorageSessionController: Started resetting external storage service...
09-16 13:19:22.040 561 699 I StorageSessionController: Finished resetting external storage service
09-16 13:19:22.040 561 699 I StorageManagerService: Resetting vold...
09-16 13:19:22.042 561 699 I StorageManagerService: Reset vold
09-16 13:19:22.042 221 221 I vold : onUserAdded: 0
09-16 13:19:22.048 561 681 D RollbackManager: mRollbackLifetimeDurationInMillis=1209600000
09-16 13:19:22.057 561 679 D AppStandbyController: Loading headless system app cache. appIdleEnabled=false
09-16 13:19:22.057 561 622 D ActivityManagerTiming: OnBootPhase_1000_com.android.server.devicepolicy.DevicePolicyManagerService$Lifecycle took to complete: 21ms
09-16 13:19:22.058 561 622 I ActivityManagerTiming: OnBootPhase_1000_com.android.server.texttospeech.TextToSpeechManagerService
09-16 13:19:22.058 561 622 D ActivityManagerTiming: OnBootPhase_1000_com.android.server.texttospeech.TextToSpeechManagerService took to complete: 0ms
09-16 13:19:22.058 561 622 I ActivityManagerTiming: OnBootPhase_1000_com.android.server.speech.SpeechRecognitionManagerService
09-16 13:19:22.058 561 622 D ActivityManagerTiming: OnBootPhase_1000_com.android.server.speech.SpeechRecognitionManagerService took to complete: 0ms
09-16 13:19:22.058 561 622 I ActivityManagerTiming: OnBootPhase_1000_com.android.server.searchui.SearchUiManagerService
09-16 13:19:22.058 561 622 D ActivityManagerTiming: OnBootPhase_1000_com.android.server.searchui.SearchUiManagerService took to complete: 0ms
09-16 13:19:22.058 561 622 I ActivityManagerTiming: OnBootPhase_1000_com.android.server.smartspace.SmartspaceManagerService
09-16 13:19:22.058 561 622 D ActivityManagerTiming: OnBootPhase_1000_com.android.server.smartspace.SmartspaceManagerService took to complete: 0ms
09-16 13:19:22.058 561 622 I ActivityManagerTiming: OnBootPhase_1000_com.android.server.graphics.fonts.FontManagerService$Lifecycle
09-16 13:19:22.058 561 622 D ActivityManagerTiming: OnBootPhase_1000_com.android.server.graphics.fonts.FontManagerService$Lifecycle took to complete: 0ms
09-16 13:19:22.058 561 622 I ActivityManagerTiming: OnBootPhase_1000_com.android.server.textservices.TextServicesManagerService$Lifecycle
09-16 13:19:22.058 561 622 D ActivityManagerTiming: OnBootPhase_1000_com.android.server.textservices.TextServicesManagerService$Lifecycle took to complete: 0ms
09-16 13:19:22.058 561 622 I ActivityManagerTiming: OnBootPhase_1000_com.android.server.textclassifier.TextClassificationManagerService$Lifecycle
09-16 13:19:22.058 561 622 D ActivityManagerTiming: OnBootPhase_1000_com.android.server.textclassifier.TextClassificationManagerService$Lifecycle took to complete: 0ms
09-16 13:19:22.058 561 622 I ActivityManagerTiming: OnBootPhase_1000_com.android.server.NetworkScoreService$Lifecycle
09-16 13:19:22.058 561 622 D ActivityManagerTiming: OnBootPhase_1000_com.android.server.NetworkScoreService$Lifecycle took to complete: 0ms
09-16 13:19:22.058 561 622 I ActivityManagerTiming: OnBootPhase_1000_com.android.server.wifi.WifiService
09-16 13:19:22.067 561 622 D ActivityManagerTiming: OnBootPhase_1000_com.android.server.wifi.WifiService took to complete: 9ms
09-16 13:19:22.067 561 622 I ActivityManagerTiming: OnBootPhase_1000_com.android.server.wifi.scanner.WifiScanningService
09-16 13:19:22.067 561 622 D ActivityManagerTiming: OnBootPhase_1000_com.android.server.wifi.scanner.WifiScanningService took to complete: 0ms
09-16 13:19:22.067 561 622 I ActivityManagerTiming: OnBootPhase_1000_com.android.server.ethernet.EthernetService
09-16 13:19:22.067 561 622 D ActivityManagerTiming: OnBootPhase_1000_com.android.server.ethernet.EthernetService took to complete: 0ms
09-16 13:19:22.067 561 622 I ActivityManagerTiming: OnBootPhase_1000_com.android.server.ConnectivityServiceInitializer
09-16 13:19:22.067 561 622 D ActivityManagerTiming: OnBootPhase_1000_com.android.server.ConnectivityServiceInitializer took to complete: 0ms
09-16 13:19:22.067 561 622 I ActivityManagerTiming: OnBootPhase_1000_com.android.server.notification.NotificationManagerService
09-16 13:19:22.067 561 622 D ActivityManagerTiming: OnBootPhase_1000_com.android.server.notification.NotificationManagerService took to complete: 0ms
09-16 13:19:22.067 561 622 I ActivityManagerTiming: OnBootPhase_1000_com.android.server.storage.DeviceStorageMonitorService
09-16 13:19:22.067 561 622 D ActivityManagerTiming: OnBootPhase_1000_com.android.server.storage.DeviceStorageMonitorService took to complete: 0ms
09-16 13:19:22.067 561 622 I ActivityManagerTiming: OnBootPhase_1000_com.android.server.location.LocationManagerService$Lifecycle
09-16 13:19:22.067 561 622 D ActivityManagerTiming: OnBootPhase_1000_com.android.server.location.LocationManagerService$Lifecycle took to complete: 0ms
09-16 13:19:22.067 561 622 I ActivityManagerTiming: OnBootPhase_1000_com.android.server.timedetector.TimeDetectorService$Lifecycle
09-16 13:19:22.067 561 622 D ActivityManagerTiming: OnBootPhase_1000_com.android.server.timedetector.TimeDetectorService$Lifecycle took to complete: 0ms
09-16 13:19:22.067 561 622 I ActivityManagerTiming: OnBootPhase_1000_com.android.server.timezonedetector.TimeZoneDetectorService$Lifecycle
09-16 13:19:22.067 561 622 D ActivityManagerTiming: OnBootPhase_1000_com.android.server.timezonedetector.TimeZoneDetectorService$Lifecycle took to complete: 0ms
09-16 13:19:22.067 561 622 I ActivityManagerTiming: OnBootPhase_1000_com.android.server.timezonedetector.location.LocationTimeZoneManagerService$Lifecycle
09-16 13:19:22.067 561 622 D ActivityManagerTiming: OnBootPhase_1000_com.android.server.timezonedetector.location.LocationTimeZoneManagerService$Lifecycle took to complete: 0ms
09-16 13:19:22.067 561 622 I ActivityManagerTiming: OnBootPhase_1000_com.android.server.search.SearchManagerService$Lifecycle
09-16 13:19:22.067 561 622 D ActivityManagerTiming: OnBootPhase_1000_com.android.server.search.SearchManagerService$Lifecycle took to complete: 0ms
09-16 13:19:22.067 561 622 I ActivityManagerTiming: OnBootPhase_1000_com.android.server.wallpaper.WallpaperManagerService$Lifecycle
09-16 13:19:22.068 561 622 D ActivityManagerTiming: OnBootPhase_1000_com.android.server.wallpaper.WallpaperManagerService$Lifecycle took to complete: 0ms
09-16 13:19:22.068 561 622 I ActivityManagerTiming: OnBootPhase_1000_com.android.server.audio.AudioService$Lifecycle
09-16 13:19:22.068 561 622 D ActivityManagerTiming: OnBootPhase_1000_com.android.server.audio.AudioService$Lifecycle took to complete: 0ms
09-16 13:19:22.068 561 622 I ActivityManagerTiming: OnBootPhase_1000_com.android.server.soundtrigger_middleware.SoundTriggerMiddlewareService$Lifecycle
09-16 13:19:22.068 561 622 D ActivityManagerTiming: OnBootPhase_1000_com.android.server.soundtrigger_middleware.SoundTriggerMiddlewareService$Lifecycle took to complete: 0ms
09-16 13:19:22.068 561 622 I ActivityManagerTiming: OnBootPhase_1000_com.android.server.DockObserver
09-16 13:19:22.068 561 622 D ActivityManagerTiming: OnBootPhase_1000_com.android.server.DockObserver took to complete: 0ms
09-16 13:19:22.068 561 622 I ActivityManagerTiming: OnBootPhase_1000_com.android.server.adb.AdbService$Lifecycle
09-16 13:19:22.068 561 622 D ActivityManagerTiming: OnBootPhase_1000_com.android.server.adb.AdbService$Lifecycle took to complete: 1ms
09-16 13:19:22.069 561 622 I ActivityManagerTiming: OnBootPhase_1000_com.android.server.usb.UsbService$Lifecycle
09-16 13:19:22.069 561 622 D ActivityManagerTiming: OnBootPhase_1000_com.android.server.usb.UsbService$Lifecycle took to complete: 0ms
09-16 13:19:22.069 561 622 I ActivityManagerTiming: OnBootPhase_1000_com.android.server.twilight.TwilightService
09-16 13:19:22.097 561 622 D ActivityManagerTiming: OnBootPhase_1000_com.android.server.twilight.TwilightService took to complete: 28ms
09-16 13:19:22.097 561 622 I ActivityManagerTiming: OnBootPhase_1000_com.android.server.display.color.ColorDisplayService
09-16 13:19:22.097 561 622 D ActivityManagerTiming: OnBootPhase_1000_com.android.server.display.color.ColorDisplayService took to complete: 0ms
09-16 13:19:22.097 561 622 I ActivityManagerTiming: OnBootPhase_1000_com.android.server.job.JobSchedulerService
09-16 13:19:22.097 561 622 D ActivityManagerTiming: OnBootPhase_1000_com.android.server.job.JobSchedulerService took to complete: 1ms
09-16 13:19:22.097 561 622 I ActivityManagerTiming: OnBootPhase_1000_com.android.server.soundtrigger.SoundTriggerService
09-16 13:19:22.097 561 622 D SoundTriggerService: onBootPhase: 1000 : false
09-16 13:19:22.097 561 622 D ActivityManagerTiming: OnBootPhase_1000_com.android.server.soundtrigger.SoundTriggerService took to complete: 0ms
09-16 13:19:22.097 561 622 I ActivityManagerTiming: OnBootPhase_1000_com.android.server.trust.TrustManagerService
09-16 13:19:22.098 561 622 D ActivityManagerTiming: OnBootPhase_1000_com.android.server.trust.TrustManagerService took to complete: 0ms
09-16 13:19:22.098 561 622 I ActivityManagerTiming: OnBootPhase_1000_com.android.server.backup.BackupManagerService$Lifecycle
09-16 13:19:22.098 561 622 D ActivityManagerTiming: OnBootPhase_1000_com.android.server.backup.BackupManagerService$Lifecycle took to complete: 0ms
09-16 13:19:22.098 561 622 I ActivityManagerTiming: OnBootPhase_1000_com.android.server.appwidget.AppWidgetService
09-16 13:19:22.098 561 622 D ActivityManagerTiming: OnBootPhase_1000_com.android.server.appwidget.AppWidgetService took to complete: 0ms
09-16 13:19:22.098 561 622 I ActivityManagerTiming: OnBootPhase_1000_com.android.server.voiceinteraction.VoiceInteractionManagerService
09-16 13:19:22.098 561 622 D ActivityManagerTiming: OnBootPhase_1000_com.android.server.voiceinteraction.VoiceInteractionManagerService took to complete: 0ms
09-16 13:19:22.098 561 622 I ActivityManagerTiming: OnBootPhase_1000_com.android.server.apphibernation.AppHibernationService
09-16 13:19:22.104 561 622 D ActivityManagerTiming: OnBootPhase_1000_com.android.server.apphibernation.AppHibernationService took to complete: 7ms
09-16 13:19:22.105 561 622 I ActivityManagerTiming: OnBootPhase_1000_com.android.server.GestureLauncherService
09-16 13:19:22.110 561 675 D CompatibilityChangeReporter: Compat change id reported: 135634846; UID 10051; state: DISABLED
09-16 13:19:22.111 561 675 D CompatibilityChangeReporter: Compat change id reported: 177438394; UID 10051; state: DISABLED
09-16 13:19:22.112 561 675 D CompatibilityChangeReporter: Compat change id reported: 135772972; UID 10051; state: DISABLED
09-16 13:19:22.113 561 675 D CompatibilityChangeReporter: Compat change id reported: 135754954; UID 10051; state: ENABLED
09-16 13:19:22.127 561 630 D CompatibilityChangeReporter: Compat change id reported: 143937733; UID 10051; state: ENABLED
09-16 13:19:22.132 561 622 D ActivityManagerTiming: OnBootPhase_1000_com.android.server.GestureLauncherService took to complete: 27ms
09-16 13:19:22.135 561 622 I ActivityManagerTiming: OnBootPhase_1000_com.android.server.SensorNotificationService
09-16 13:19:22.162 561 622 D CompatibilityChangeReporter: Compat change id reported: 168936375; UID 1000; state: ENABLED
09-16 13:19:22.181 561 1208 I HibernationStateDiskStore: No hibernation file on disk for file /data/system/hibernation/states
09-16 13:19:22.195 561 622 D CompatibilityChangeReporter: Compat change id reported: 73144566; UID 1000; state: ENABLED
09-16 13:19:22.197 561 622 W SystemServiceManager: Service com.android.server.SensorNotificationService took 61 ms in onBootPhase
09-16 13:19:22.197 561 622 D ActivityManagerTiming: OnBootPhase_1000_com.android.server.SensorNotificationService took to complete: 62ms
09-16 13:19:22.197 561 622 I ActivityManagerTiming: OnBootPhase_1000_com.android.server.emergency.EmergencyAffordanceService
09-16 13:19:22.197 561 622 D ActivityManagerTiming: OnBootPhase_1000_com.android.server.emergency.EmergencyAffordanceService took to complete: 0ms
09-16 13:19:22.197 561 622 I ActivityManagerTiming: OnBootPhase_1000_com.android.server.dreams.DreamManagerService
09-16 13:19:22.197 561 622 D ActivityManagerTiming: OnBootPhase_1000_com.android.server.dreams.DreamManagerService took to complete: 0ms
09-16 13:19:22.197 561 622 I ActivityManagerTiming: OnBootPhase_1000_com.android.server.blob.BlobStoreManagerService
09-16 13:19:22.204 561 619 W Looper : Slow dispatch took 133ms android.fg h=com.android.server.usb.UsbDeviceManager$UsbHandlerHal c=null m=4
09-16 13:19:22.229 561 638 W ProcessCpuTracker: Failed to stat(/proc/1199): android.system.ErrnoException: stat failed: ENOENT (No such file or directory)
09-16 13:19:22.230 561 638 W ProcessCpuTracker: Skipping unknown process pid 1199
09-16 13:19:22.263 561 622 W SystemServiceManager: Service com.android.server.blob.BlobStoreManagerService took 66 ms in onBootPhase
09-16 13:19:22.264 561 622 D ActivityManagerTiming: OnBootPhase_1000_com.android.server.blob.BlobStoreManagerService took to complete: 66ms
09-16 13:19:22.264 561 622 I ActivityManagerTiming: OnBootPhase_1000_com.android.server.print.PrintManagerService
09-16 13:19:22.264 561 622 D ActivityManagerTiming: OnBootPhase_1000_com.android.server.print.PrintManagerService took to complete: 0ms
09-16 13:19:22.264 561 622 I ActivityManagerTiming: OnBootPhase_1000_com.android.server.companion.CompanionDeviceManagerService
09-16 13:19:22.264 561 622 D ActivityManagerTiming: OnBootPhase_1000_com.android.server.companion.CompanionDeviceManagerService took to complete: 0ms
09-16 13:19:22.264 561 622 I ActivityManagerTiming: OnBootPhase_1000_com.android.server.restrictions.RestrictionsManagerService
09-16 13:19:22.264 561 622 D ActivityManagerTiming: OnBootPhase_1000_com.android.server.restrictions.RestrictionsManagerService took to complete: 0ms
09-16 13:19:22.264 561 622 I ActivityManagerTiming: OnBootPhase_1000_com.android.server.media.MediaSessionService
09-16 13:19:22.267 561 622 D ActivityManagerTiming: OnBootPhase_1000_com.android.server.media.MediaSessionService took to complete: 4ms
09-16 13:19:22.268 561 622 I ActivityManagerTiming: OnBootPhase_1000_com.android.server.media.MediaResourceMonitorService
09-16 13:19:22.268 561 622 D ActivityManagerTiming: OnBootPhase_1000_com.android.server.media.MediaResourceMonitorService took to complete: 0ms
09-16 13:19:22.268 561 622 I ActivityManagerTiming: OnBootPhase_1000_com.android.server.biometrics.BiometricService
09-16 13:19:22.268 561 622 D ActivityManagerTiming: OnBootPhase_1000_com.android.server.biometrics.BiometricService took to complete: 0ms
09-16 13:19:22.268 561 622 I ActivityManagerTiming: OnBootPhase_1000_com.android.server.biometrics.AuthService
09-16 13:19:22.268 561 622 D ActivityManagerTiming: OnBootPhase_1000_com.android.server.biometrics.AuthService took to complete: 0ms
09-16 13:19:22.268 561 622 I ActivityManagerTiming: OnBootPhase_1000_com.android.server.pm.ShortcutService$Lifecycle
09-16 13:19:22.268 561 622 D ActivityManagerTiming: OnBootPhase_1000_com.android.server.pm.ShortcutService$Lifecycle took to complete: 0ms
09-16 13:19:22.268 561 622 I ActivityManagerTiming: OnBootPhase_1000_com.android.server.pm.LauncherAppsService
09-16 13:19:22.268 561 622 D ActivityManagerTiming: OnBootPhase_1000_com.android.server.pm.LauncherAppsService took to complete: 0ms
09-16 13:19:22.268 561 622 I ActivityManagerTiming: OnBootPhase_1000_com.android.server.pm.CrossProfileAppsService
09-16 13:19:22.268 561 622 D ActivityManagerTiming: OnBootPhase_1000_com.android.server.pm.CrossProfileAppsService took to complete: 0ms
09-16 13:19:22.268 561 622 I ActivityManagerTiming: OnBootPhase_1000_com.android.server.people.PeopleService
09-16 13:19:22.268 561 622 D ActivityManagerTiming: OnBootPhase_1000_com.android.server.people.PeopleService took to complete: 0ms
09-16 13:19:22.268 561 622 I ActivityManagerTiming: OnBootPhase_1000_com.android.server.media.metrics.MediaMetricsManagerService
09-16 13:19:22.268 561 622 D ActivityManagerTiming: OnBootPhase_1000_com.android.server.media.metrics.MediaMetricsManagerService took to complete: 0ms
09-16 13:19:22.268 561 622 I ActivityManagerTiming: OnBootPhase_1000_com.android.server.media.projection.MediaProjectionManagerService
09-16 13:19:22.268 561 622 D ActivityManagerTiming: OnBootPhase_1000_com.android.server.media.projection.MediaProjectionManagerService took to complete: 0ms
09-16 13:19:22.272 561 622 I ActivityManagerTiming: OnBootPhase_1000_com.android.server.slice.SliceManagerService$Lifecycle
09-16 13:19:22.272 561 622 D ActivityManagerTiming: OnBootPhase_1000_com.android.server.slice.SliceManagerService$Lifecycle took to complete: 0ms
09-16 13:19:22.273 561 622 I ActivityManagerTiming: OnBootPhase_1000_com.android.server.stats.StatsCompanion$Lifecycle
09-16 13:19:22.275 561 622 D ActivityManagerTiming: OnBootPhase_1000_com.android.server.stats.StatsCompanion$Lifecycle took to complete: 3ms
09-16 13:19:22.276 561 622 I ActivityManagerTiming: OnBootPhase_1000_com.android.server.scheduling.RebootReadinessManagerService$Lifecycle
09-16 13:19:22.299 561 622 D ActivityManagerTiming: OnBootPhase_1000_com.android.server.scheduling.RebootReadinessManagerService$Lifecycle took to complete: 0ms
09-16 13:19:22.302 561 622 I ActivityManagerTiming: OnBootPhase_1000_com.android.server.stats.pull.StatsPullAtomService
09-16 13:19:22.303 561 622 D ActivityManagerTiming: OnBootPhase_1000_com.android.server.stats.pull.StatsPullAtomService took to complete: 0ms
09-16 13:19:22.303 561 622 I ActivityManagerTiming: OnBootPhase_1000_com.android.server.incident.IncidentCompanionService
09-16 13:19:22.303 561 622 D ActivityManagerTiming: OnBootPhase_1000_com.android.server.incident.IncidentCompanionService took to complete: 0ms
09-16 13:19:22.304 561 622 I ActivityManagerTiming: OnBootPhase_1000_com.android.server.MmsServiceBroker
09-16 13:19:22.304 561 622 D ActivityManagerTiming: OnBootPhase_1000_com.android.server.MmsServiceBroker took to complete: 0ms
09-16 13:19:22.304 561 622 I ActivityManagerTiming: OnBootPhase_1000_com.android.server.autofill.AutofillManagerService
09-16 13:19:22.304 561 622 D ActivityManagerTiming: OnBootPhase_1000_com.android.server.autofill.AutofillManagerService took to complete: 0ms
09-16 13:19:22.304 561 622 I ActivityManagerTiming: OnBootPhase_1000_com.android.server.clipboard.ClipboardService
09-16 13:19:22.304 561 622 D ActivityManagerTiming: OnBootPhase_1000_com.android.server.clipboard.ClipboardService took to complete: 0ms
09-16 13:19:22.304 561 622 I ActivityManagerTiming: OnBootPhase_1000_com.android.server.appbinding.AppBindingService$Lifecycle
09-16 13:19:22.304 561 622 D ActivityManagerTiming: OnBootPhase_1000_com.android.server.appbinding.AppBindingService$Lifecycle took to complete: 0ms
09-16 13:19:22.304 561 622 I ActivityManagerTiming: OnBootPhase_1000_com.android.server.tracing.TracingServiceProxy
09-16 13:19:22.304 561 622 D ActivityManagerTiming: OnBootPhase_1000_com.android.server.tracing.TracingServiceProxy took to complete: 0ms
09-16 13:19:22.304 561 622 I ActivityManagerTiming: OnBootPhase_1000_com.android.server.policy.PermissionPolicyService
09-16 13:19:22.304 561 622 D ActivityManagerTiming: OnBootPhase_1000_com.android.server.policy.PermissionPolicyService took to complete: 0ms
09-16 13:19:22.304 561 622 I ActivityManagerTiming: OnBootPhase_1000_com.android.server.pm.StagingManager$Lifecycle
09-16 13:19:22.321 561 622 D ActivityManagerTiming: OnBootPhase_1000_com.android.server.pm.StagingManager$Lifecycle took to complete: 16ms
09-16 13:19:22.321 561 622 I ActivityManagerTiming: OnBootPhase_1000_com.android.server.app.GameManagerService$Lifecycle
09-16 13:19:22.321 561 622 D GameManagerService: onBootCompleted
09-16 13:19:22.321 561 622 D ActivityManagerTiming: OnBootPhase_1000_com.android.server.app.GameManagerService$Lifecycle took to complete: 0ms
09-16 13:19:22.321 561 622 I ActivityManagerTiming: OnBootPhase_1000_com.android.server.appsearch.AppSearchManagerService
09-16 13:19:22.352 561 622 D ActivityManagerTiming: OnBootPhase_1000_com.android.server.appsearch.AppSearchManagerService took to complete: 30ms
09-16 13:19:22.352 561 622 I ActivityManagerTiming: OnBootPhase_1000_com.android.server.media.MediaCommunicationService
09-16 13:19:22.352 561 622 D ActivityManagerTiming: OnBootPhase_1000_com.android.server.media.MediaCommunicationService took to complete: 0ms
09-16 13:19:22.352 561 622 D ActivityManagerTiming: OnBootPhase_1000 took to complete: 355ms
09-16 13:19:22.352 561 622 D ActivityManagerTiming: TotalBootTime took to complete: 26763ms
09-16 13:19:22.353 561 622 D SystemServerInitThreadPool: Shutdown requested
09-16 13:19:22.353 561 622 I SystemServerTiming: WaitInitThreadPoolShutdown
09-16 13:19:22.376 561 622 D SystemServerInitThreadPool: Shutdown successful
09-16 13:19:22.380 561 622 D SystemServerTiming: WaitInitThreadPoolShutdown took to complete: 28ms
09-16 13:19:22.393 561 630 W ActivityManager: Slow operation: 287ms so far, now at startProcess: returned from zygote!
09-16 13:19:22.433 561 622 I ActivityManager: User 0 state changed from BOOTING to RUNNING_LOCKED
09-16 13:19:22.440 561 622 W ActivityManager: UserLifecycleEvent 4 received without an active userJourneySession.
09-16 13:19:22.460 561 622 D StorageManagerService: unlockUserKey: 0 isFileEncryptedNativeOrEmulated: true hasToken: false hasSecret: false
09-16 13:19:22.477 221 221 D vold : fscrypt_unlock_user_key 0 serial=0
09-16 13:19:22.581 561 561 W NotificationHistory: Attempted to add notif for locked/gone/disabled user 0
09-16 13:19:22.589 221 221 D vold : Trying user CE key /data/misc/vold/user_keys/ce/0/current
09-16 13:19:22.624 221 221 D vold : Successfully retrieved key
09-16 13:19:22.644 561 561 W Looper : Slow dispatch took 210ms main h=com.android.server.notification.NotificationManagerService$WorkerHandler c=com.android.server.notification.NotificationManagerService$PostNotificationRunnable@efc0975 m=0
09-16 13:19:22.646 221 221 D vold : Installed fscrypt key with ref f552b5626d03bc64b5c11ad4c88991bb to /data
09-16 13:19:22.646 221 221 D vold : Added fscrypt-provisioning key for f552b5626d03bc64b5c11ad4c88991bb to session keyring
09-16 13:19:22.646 221 221 D vold : Installed ce key for user 0
09-16 13:19:22.648 561 561 W Looper : Slow delivery took 221ms main h=com.android.server.notification.NotificationManagerService$WorkerHandler c=com.android.server.notification.NotificationManagerService$NotificationListeners$$ExternalSyntheticLambda4@c90c7f1 m=0
09-16 13:19:22.690 561 622 W ActivityManager: UserLifecycleEvent 5 received without an active userJourneySession.
09-16 13:19:22.690 561 622 D ActivityManager: Started unlocking user 0
09-16 13:19:22.690 561 622 D ActivityManager: Unlocking user 0 progress 0
09-16 13:19:22.706 561 622 D ActivityManager: Unlocking user 0 progress 5
09-16 13:19:22.709 221 221 D vold : fscrypt_prepare_user_storage for volume null, user 0, serial 0, flags 2
09-16 13:19:22.709 221 221 D vold : Preparing: /data/system_ce/0
09-16 13:19:22.709 221 221 D vold : Preparing: /data/misc_ce/0
09-16 13:19:22.709 221 221 D vold : Preparing: /data/vendor_ce/0
09-16 13:19:22.710 221 221 D vold : Preparing: /data/media/0
09-16 13:19:22.711 221 221 D vold : Preparing: /data/data
09-16 13:19:22.712 221 221 I vold : Verified that /data/system_ce/0 has the encryption policy f552b5626d03bc64b5c11ad4c88991bb v2 modes 1/4 flags 0x2
09-16 13:19:22.712 221 221 I vold : Verified that /data/misc_ce/0 has the encryption policy f552b5626d03bc64b5c11ad4c88991bb v2 modes 1/4 flags 0x2
09-16 13:19:22.712 221 221 I vold : Verified that /data/vendor_ce/0 has the encryption policy f552b5626d03bc64b5c11ad4c88991bb v2 modes 1/4 flags 0x2
09-16 13:19:22.712 221 221 I vold : Verified that /data/media/0 has the encryption policy f552b5626d03bc64b5c11ad4c88991bb v2 modes 1/4 flags 0x2
09-16 13:19:22.712 221 221 I vold : Verified that /data/data has the encryption policy f552b5626d03bc64b5c11ad4c88991bb v2 modes 1/4 flags 0x2
09-16 13:19:22.712 221 221 D vold : Starting restorecon of /data/system_ce/0
09-16 13:19:22.724 561 622 D ActivityManagerTiming: FinishBooting took to complete: 782ms
09-16 13:19:22.734 561 561 W Looper : Drained
09-16 13:19:22.755 561 1025 W ActivityManager: Slow operation: 648ms so far, now at startProcess: done updating battery stats
09-16 13:19:22.755 561 1025 W ActivityManager: Slow operation: 649ms so far, now at startProcess: building log message
09-16 13:19:22.755 561 1025 I ActivityManager: Start proc 1213:com.android.inputmethod.latin/u0a51 for service {com.android.inputmethod.latin/com.android.inputmethod.latin.LatinIME}
09-16 13:19:22.755 561 1025 W ActivityManager: Slow operation: 649ms so far, now at startProcess: starting to update pids map
09-16 13:19:22.761 561 1025 W ActivityManager: Slow operation: 655ms so far, now at startProcess: done updating pids map
09-16 13:19:22.761 561 622 D ColorDisplayService: setUp: currentUser=0
09-16 13:19:22.767 221 221 D vold : Finished restorecon of /data/system_ce/0
09-16 13:19:22.767 221 221 D vold : Starting restorecon of /data/vendor_ce/0
09-16 13:19:22.775 561 1025 D CompatibilityChangeReporter: Compat change id reported: 168419799; UID 10051; state: DISABLED
