09-16 13:19:25.018 561 629 D SystemServerTimingAsync: ssm.onUnlockingUser-0_com.android.server.MmsServiceBroker took to complete: 0ms
09-16 13:19:25.018 561 629 I SystemServerTimingAsync: ssm.onUnlockingUser-0_com.android.server.autofill.AutofillManagerService
09-16 13:19:25.019 561 629 D AutofillManagerServiceImpl: Reset component for user 0:
09-16 13:19:25.025 561 699 I StorageUserConnection: Bound to the ExternalStorageService for user 0
09-16 13:19:25.029 561 620 D AutofillUI: destroySaveUiUiThread(): already destroyed
09-16 13:19:25.049 561 629 D FieldClassificationStrategy: reset(): service is not bound. Do nothing.
09-16 13:19:25.049 561 629 D SystemServerTimingAsync: ssm.onUnlockingUser-0_com.android.server.autofill.AutofillManagerService took to complete: 31ms
09-16 13:19:25.049 561 629 I SystemServerTimingAsync: ssm.onUnlockingUser-0_com.android.server.clipboard.ClipboardService
09-16 13:19:25.049 561 629 D SystemServerTimingAsync: ssm.onUnlockingUser-0_com.android.server.clipboard.ClipboardService took to complete: 0ms
09-16 13:19:25.049 561 629 I SystemServerTimingAsync: ssm.onUnlockingUser-0_com.android.server.appbinding.AppBindingService$Lifecycle
09-16 13:19:25.050 561 629 W AppBindingService: [Default SMS app] u0 Target package not found
09-16 13:19:25.050 561 629 D SystemServerTimingAsync: ssm.onUnlockingUser-0_com.android.server.appbinding.AppBindingService$Lifecycle took to complete: 1ms
09-16 13:19:25.050 561 629 I SystemServerTimingAsync: ssm.onUnlockingUser-0_com.android.server.tracing.TracingServiceProxy
09-16 13:19:25.050 561 629 D SystemServerTimingAsync: ssm.onUnlockingUser-0_com.android.server.tracing.TracingServiceProxy took to complete: 0ms
09-16 13:19:25.050 561 629 I SystemServerTimingAsync: ssm.onUnlockingUser-0_com.android.server.policy.PermissionPolicyService
09-16 13:19:25.050 561 629 D SystemServerTimingAsync: ssm.onUnlockingUser-0_com.android.server.policy.PermissionPolicyService took to complete: 0ms
09-16 13:19:25.050 561 629 I SystemServerTimingAsync: ssm.onUnlockingUser-0_com.android.server.pm.StagingManager$Lifecycle
09-16 13:19:25.050 561 629 D SystemServerTimingAsync: ssm.onUnlockingUser-0_com.android.server.pm.StagingManager$Lifecycle took to complete: 0ms
09-16 13:19:25.053 384 384 D Zygote : Forked child process 1279
09-16 13:19:25.054 561 630 W ActivityManager: Slow operation: 61ms so far, now at startProcess: returned from zygote!
09-16 13:19:25.056 561 630 W ActivityManager: Slow operation: 62ms so far, now at startProcess: done updating battery stats
09-16 13:19:25.056 561 630 I Watchdog: Interesting Java process com.android.providers.media.module started. Pid 1279
09-16 13:19:25.060 561 630 W ActivityManager: Slow operation: 67ms so far, now at startProcess: building log message
09-16 13:19:25.060 561 630 I ActivityManager: Start proc 1279:com.android.providers.media.module/u0a63 for service {com.android.providers.media.module/com.android.providers.media.fuse.ExternalStorageServiceImpl}
09-16 13:19:25.060 561 630 W ActivityManager: Slow operation: 67ms so far, now at startProcess: starting to update pids map
09-16 13:19:25.061 561 630 W ActivityManager: Slow operation: 67ms so far, now at startProcess: done updating pids map
09-16 13:19:25.071 561 629 I SystemServerTimingAsync: ssm.onUnlockingUser-0_com.android.server.app.GameManagerService$Lifecycle
09-16 13:19:25.071 561 629 D SystemServerTimingAsync: ssm.onUnlockingUser-0_com.android.server.app.GameManagerService$Lifecycle took to complete: 0ms
09-16 13:19:25.071 561 629 I SystemServerTimingAsync: ssm.onUnlockingUser-0_com.android.server.appsearch.AppSearchManagerService
09-16 13:19:25.072 561 629 D SystemServerTimingAsync: ssm.onUnlockingUser-0_com.android.server.appsearch.AppSearchManagerService took to complete: 1ms
09-16 13:19:25.073 561 629 I SystemServerTimingAsync: ssm.onUnlockingUser-0_com.android.server.media.MediaCommunicationService
09-16 13:19:25.073 561 629 D SystemServerTimingAsync: ssm.onUnlockingUser-0_com.android.server.media.MediaCommunicationService took to complete: 0ms
09-16 13:19:25.073 561 629 D SystemServerTimingAsync: ssm.UnlockingUser-0 took to complete: 541ms
09-16 13:19:25.077 561 619 I ActivityTaskManager: Loading recents for user 0 into memory.
09-16 13:19:25.078 561 629 W ActivityManager: UserLifecycleEvent 5 received without an active userJourneySession.
09-16 13:19:25.099 561 708 D WifiConfigStore: Reading from user stores completed in 107 ms.
09-16 13:19:25.104 561 629 W ActivityManager: UserLifecycleEvent 6 received without an active userJourneySession.
09-16 13:19:25.131 561 629 I ActivityManager: User 0 state changed from RUNNING_UNLOCKING to RUNNING_UNLOCKED
09-16 13:19:25.148 1279 1279 I Zygote : seccomp disabled by setenforce 0
09-16 13:19:25.140 561 629 D SystemServerTiming: SystemUserUnlock took to complete: 2449ms
09-16 13:19:25.198 561 629 V ContentProviderHelper: Installing ContentProviderInfo{name=com.android.textclassifier.icons className=com.android.server.textclassifier.IconsContentProvider}
09-16 13:19:25.200 561 629 V ContentProviderHelper: Installing ContentProviderInfo{name=com.android.launcher3 className=com.android.quickstep.LauncherSearchIndexablesProvider}
09-16 13:19:25.203 561 735 I BackupManagerService: Starting service for user: 0
09-16 13:19:25.224 561 619 V PackageConfigPersister: loadPackages: empty list files from /data/system_ce/0/package_configs
09-16 13:19:25.228 561 619 W Looper : Slow dispatch took 150ms android.fg h=android.os.Handler c=com.android.server.am.UserController$$ExternalSyntheticLambda2@5422bc m=0
09-16 13:19:25.232 417 417 E android.hardware.memtrack-service.img: Failed to open /proc/840/fdinfo directory: No such file or directory
09-16 13:19:25.232 561 629 V ContentProviderHelper: Installing ContentProviderInfo{name=com.android.launcher3.overview.fileprovider className=androidx.core.content.FileProvider}
09-16 13:19:25.233 417 417 W IMGMemtrackHAL: getMemoryRecords:543 Failed to read dmabuf fd references for pid 840
09-16 13:19:25.257 561 735 V BackupManagerService: [UserID:0] Starting with transport com.android.localtransport/.LocalTransport
09-16 13:19:25.259 561 735 D BackupManagerService: [UserID:0] Started thread backup-0
09-16 13:19:25.267 561 629 V ContentProviderHelper: Installing ContentProviderInfo{name=com.android.launcher3.settings className=com.android.launcher3.LauncherProvider}
09-16 13:19:25.267 561 629 V ContentProviderHelper: Installing ContentProviderInfo{name=com.android.launcher3.grid_control className=com.android.launcher3.graphics.GridCustomizationsProvider}
09-16 13:19:25.295 561 629 I ActivityManager: Posting BOOT_COMPLETED user #0
09-16 13:19:19.484 1167 1167 I getprop : type=1400 audit(0.0:1651): avc: denied { open } for path="/dev/__properties__/u:object_r:device_config_connectivity_prop:s0" dev="tmpfs" ino=109 scontext=u:r:shell:s0 tcontext=u:object_r:device_config_connectivity_prop:s0 tclass=file permissive=1
09-16 13:19:25.305 475 489 I adbd : jdwp connection from 1279
09-16 13:19:25.321 561 708 D WifiConfigStore: Writing to stores completed in 70 ms.
09-16 13:19:25.354 840 850 I ndroid.systemu: Background young concurrent copying GC freed 9518(956KB) AllocSpace objects, 2(40KB) LOS objects, 13% free, 6400KB/7363KB, paused 2.323ms total 402.521ms
09-16 13:19:25.375 425 500 D AudioFlinger: mixer(0xb400ebea2cc57a70) throttle end: throttle time(3)
09-16 13:19:25.383 561 751 D CompatibilityChangeReporter: Compat change id reported: 168419799; UID 10063; state: DISABLED
09-16 13:19:25.386 561 621 I DropBoxManagerService: add tag=system_server_strictmode isTagEnabled=true flags=0x2
09-16 13:19:25.390 561 619 W AppWidgetServiceImpl: Failed to read state: java.io.FileNotFoundException: /data/system/users/0/appwidgets.xml: open failed: ENOENT (No such file or directory)
09-16 13:19:25.390 561 619 V AppWidgetServiceImpl: Upgrading widget database from 0 to 1
09-16 13:19:25.396 561 751 W ActivityManager: Slow operation: 53ms so far, now at attachApplicationLocked: immediately after bindApplication
09-16 13:19:25.397 561 751 W ActivityManager: Slow operation: 56ms so far, now at attachApplicationLocked: after updateLruProcessLocked
09-16 13:19:25.415 561 619 I AppWidgetServiceImpl: Processing of handleUserUnlocked u0 took 91 ms
09-16 13:19:19.484 1167 1167 I getprop : type=1400 audit(0.0:1652): avc: denied { getattr } for path="/dev/__properties__/u:object_r:device_config_connectivity_prop:s0" dev="tmpfs" ino=109 scontext=u:r:shell:s0 tcontext=u:object_r:device_config_connectivity_prop:s0 tclass=file permissive=1
09-16 13:19:19.484 1167 1167 I getprop : type=1400 audit(0.0:1653): avc: denied { map } for path="/dev/__properties__/u:object_r:device_config_connectivity_prop:s0" dev="tmpfs" ino=109 scontext=u:r:shell:s0 tcontext=u:object_r:device_config_connectivity_prop:s0 tclass=file permissive=1
09-16 13:19:25.468 417 417 E android.hardware.memtrack-service.img: Failed to open /proc/561/fdinfo directory: No such file or directory
09-16 13:19:25.468 417 417 W IMGMemtrackHAL: getMemoryRecords:543 Failed to read dmabuf fd references for pid 561
09-16 13:19:19.484 1167 1167 I getprop : type=1400 audit(0.0:1654): avc: denied { open } for path="/dev/__properties__/u:object_r:device_config_input_native_boot_prop:s0" dev="tmpfs" ino=110 scontext=u:r:shell:s0 tcontext=u:object_r:device_config_input_native_boot_prop:s0 tclass=file permissive=1
09-16 13:19:25.484 425 500 D AudioFlinger: mixer(0xb400ebea2cc57a70) throttle end: throttle time(8)
09-16 13:19:25.509 561 751 W ActivityManager: Slow operation: 168ms so far, now at attachApplicationLocked: after mServices.attachApplicationLocked
09-16 13:19:19.484 1167 1167 I getprop : type=1400 audit(0.0:1655): avc: denied { getattr } for path="/dev/__properties__/u:object_r:device_config_input_native_boot_prop:s0" dev="tmpfs" ino=110 scontext=u:r:shell:s0 tcontext=u:object_r:device_config_input_native_boot_prop:s0 tclass=file permissive=1
09-16 13:19:19.484 1167 1167 I getprop : type=1400 audit(0.0:1656): avc: denied { map } for path="/dev/__properties__/u:object_r:device_config_input_native_boot_prop:s0" dev="tmpfs" ino=110 scontext=u:r:shell:s0 tcontext=u:object_r:device_config_input_native_boot_prop:s0 tclass=file permissive=1
09-16 13:19:25.512 561 629 I SystemServerTimingAsync: ssm.UnlockedUser-0
09-16 13:19:25.512 561 629 I SystemServiceManager: Calling onUnlockedUser 0
09-16 13:19:25.512 561 629 I SystemServerTimingAsync: ssm.onUnlockedUser-0_com.android.server.security.FileIntegrityService
09-16 13:19:25.512 561 629 D SystemServerTimingAsync: ssm.onUnlockedUser-0_com.android.server.security.FileIntegrityService took to complete: 0ms
09-16 13:19:25.520 915 915 D CarrierSvcBindHelper: Received android.intent.action.USER_UNLOCKED
09-16 13:19:25.526 915 915 E PhoneInterfaceManager: [PhoneIntfMgr] getCarrierPackageNamesForIntentAndPhone: No UICC
09-16 13:19:25.526 915 915 D CarrierSvcBindHelper: No carrier app for: 0
09-16 13:19:25.544 561 561 V NotificationAssistants: disabling notification assistant for user 0: ComponentInfo{android.ext.services/android.ext.services.notification.Assistant}
09-16 13:19:25.544 561 561 D NotificationListeners: Removing active service ComponentInfo{android.ext.services/android.ext.services.notification.Assistant}
09-16 13:19:25.546 561 629 I SystemServerTimingAsync: ssm.onUnlockedUser-0_com.android.server.pm.Installer
09-16 13:19:25.547 561 629 D SystemServerTimingAsync: ssm.onUnlockedUser-0_com.android.server.pm.Installer took to complete: 0ms
09-16 13:19:25.547 561 629 I SystemServerTimingAsync: ssm.onUnlockedUser-0_com.android.server.os.DeviceIdentifiersPolicyService
09-16 13:19:25.547 561 629 D SystemServerTimingAsync: ssm.onUnlockedUser-0_com.android.server.os.DeviceIdentifiersPolicyService took to complete: 0ms
09-16 13:19:25.547 561 629 I SystemServerTimingAsync: ssm.onUnlockedUser-0_com.android.server.uri.UriGrantsManagerService$Lifecycle
09-16 13:19:25.547 561 629 D SystemServerTimingAsync: ssm.onUnlockedUser-0_com.android.server.uri.UriGrantsManagerService$Lifecycle took to complete: 0ms
09-16 13:19:25.547 561 629 I SystemServerTimingAsync: ssm.onUnlockedUser-0_com.android.server.powerstats.PowerStatsService
09-16 13:19:25.547 561 629 D SystemServerTimingAsync: ssm.onUnlockedUser-0_com.android.server.powerstats.PowerStatsService took to complete: 0ms
09-16 13:19:25.547 561 629 I SystemServerTimingAsync: ssm.onUnlockedUser-0_com.android.server.wm.ActivityTaskManagerService$Lifecycle
09-16 13:19:25.560 561 619 W Looper : Slow dispatch took 145ms android.fg h=android.os.Handler c=com.android.server.am.UserController$$ExternalSyntheticLambda9@397dfa2 m=0
09-16 13:19:25.569 561 561 V NotificationAssistants: enabling notification assistant for 0: ComponentInfo{android.ext.services/android.ext.services.notification.Assistant}
09-16 13:19:25.569 561 561 V NotificationAssistants: binding: Intent { act=android.service.notification.NotificationAssistantService cmp=android.ext.services/.notification.Assistant (has extras) }
09-16 13:19:25.574 1279 1279 D CompatibilityChangeReporter: Compat change id reported: 171979766; UID 10063; state: DISABLED
09-16 13:19:25.682 561 735 E BackupPasswordManager: Unable to read backup pw version
09-16 13:19:25.683 561 735 E BackupPasswordManager: Unable to read saved backup pw hash
09-16 13:19:25.734 561 629 I LaunchParamsPersister: Didn't find launch param folder for user 0
09-16 13:19:25.755 561 561 W system_server: Long monitor contention with owner ActivityManager (629) at void com.android.server.wm.ActivityTaskManagerService$Lifecycle.onUserUnlocked(com.android.server.SystemService$TargetUser)(ActivityTaskManagerService.java:1127) waiters=0 in android.content.res.CompatibilityInfo com.android.server.wm.ActivityTaskManagerService$LocalService.compatibilityInfoForPackage(android.content.pm.ApplicationInfo) for 159ms
09-16 13:19:25.759 561 561 W Looper : Slow dispatch took 215ms main h=android.app.ActivityThread$H c=android.app.LoadedApk$ReceiverDispatcher$Args$$ExternalSyntheticLambda0@88de287 m=0
09-16 13:19:25.761 561 629 W SystemServiceManager: Service com.android.server.wm.ActivityTaskManagerService$Lifecycle took 214 ms in onUnlockedUser-0
09-16 13:19:25.761 561 629 D SystemServerTimingAsync: ssm.onUnlockedUser-0_com.android.server.wm.ActivityTaskManagerService$Lifecycle took to complete: 214ms
09-16 13:19:25.761 561 629 I SystemServerTimingAsync: ssm.onUnlockedUser-0_com.android.server.am.ActivityManagerService$Lifecycle
09-16 13:19:25.761 561 629 D SystemServerTimingAsync: ssm.onUnlockedUser-0_com.android.server.am.ActivityManagerService$Lifecycle took to complete: 0ms
09-16 13:19:25.761 561 629 I SystemServerTimingAsync: ssm.onUnlockedUser-0_com.android.server.pm.DataLoaderManagerService
09-16 13:19:25.761 561 629 D SystemServerTimingAsync: ssm.onUnlockedUser-0_com.android.server.pm.DataLoaderManagerService took to complete: 0ms
09-16 13:19:25.761 561 629 I SystemServerTimingAsync: ssm.onUnlockedUser-0_com.android.server.power.PowerManagerService
09-16 13:19:25.761 561 629 D SystemServerTimingAsync: ssm.onUnlockedUser-0_com.android.server.power.PowerManagerService took to complete: 0ms
09-16 13:19:25.761 561 629 I SystemServerTimingAsync: ssm.onUnlockedUser-0_com.android.server.power.ThermalManagerService
09-16 13:19:25.761 561 629 D SystemServerTimingAsync: ssm.onUnlockedUser-0_com.android.server.power.ThermalManagerService took to complete: 0ms
09-16 13:19:25.761 561 629 I SystemServerTimingAsync: ssm.onUnlockedUser-0_com.android.server.power.hint.HintManagerService
09-16 13:19:25.761 561 629 D SystemServerTimingAsync: ssm.onUnlockedUser-0_com.android.server.power.hint.HintManagerService took to complete: 0ms
09-16 13:19:25.761 561 629 I SystemServerTimingAsync: ssm.onUnlockedUser-0_com.android.server.recoverysystem.RecoverySystemService$Lifecycle
09-16 13:19:25.761 561 629 D SystemServerTimingAsync: ssm.onUnlockedUser-0_com.android.server.recoverysystem.RecoverySystemService$Lifecycle took to complete: 0ms
09-16 13:19:25.761 561 629 I SystemServerTimingAsync: ssm.onUnlockedUser-0_com.android.server.lights.LightsService
09-16 13:19:25.762 561 629 D SystemServerTimingAsync: ssm.onUnlockedUser-0_com.android.server.lights.LightsService took to complete: 0ms
09-16 13:19:25.762 561 629 I SystemServerTimingAsync: ssm.onUnlockedUser-0_com.android.server.display.DisplayManagerService
09-16 13:19:25.762 561 629 D SystemServerTimingAsync: ssm.onUnlockedUser-0_com.android.server.display.DisplayManagerService took to complete: 0ms
09-16 13:19:25.762 561 629 I SystemServerTimingAsync: ssm.onUnlockedUser-0_com.android.server.pm.verify.domain.DomainVerificationService
09-16 13:19:25.762 561 629 D SystemServerTimingAsync: ssm.onUnlockedUser-0_com.android.server.pm.verify.domain.DomainVerificationService took to complete: 1ms
09-16 13:19:25.762 561 629 I SystemServerTimingAsync: ssm.onUnlockedUser-0_com.android.server.pm.PackageInstallerService$Lifecycle
09-16 13:19:25.762 561 629 D SystemServerTimingAsync: ssm.onUnlockedUser-0_com.android.server.pm.PackageInstallerService$Lifecycle took to complete: 0ms
09-16 13:19:25.762 561 629 I SystemServerTimingAsync: ssm.onUnlockedUser-0_com.android.server.pm.UserManagerService$LifeCycle
09-16 13:19:25.762 561 629 D SystemServerTimingAsync: ssm.onUnlockedUser-0_com.android.server.pm.UserManagerService$LifeCycle took to complete: 0ms
09-16 13:19:25.762 561 629 I SystemServerTimingAsync: ssm.onUnlockedUser-0_com.android.server.om.OverlayManagerService
09-16 13:19:25.762 561 629 D SystemServerTimingAsync: ssm.onUnlockedUser-0_com.android.server.om.OverlayManagerService took to complete: 0ms
09-16 13:19:25.762 561 629 I SystemServerTimingAsync: ssm.onUnlockedUser-0_com.android.server.SensorPrivacyService
09-16 13:19:25.762 561 629 D SystemServerTimingAsync: ssm.onUnlockedUser-0_com.android.server.SensorPrivacyService took to complete: 0ms
09-16 13:19:25.762 561 629 I SystemServerTimingAsync: ssm.onUnlockedUser-0_com.android.server.sensors.SensorService
09-16 13:19:25.762 561 629 D SystemServerTimingAsync: ssm.onUnlockedUser-0_com.android.server.sensors.SensorService took to complete: 0ms
09-16 13:19:25.762 561 629 I SystemServerTimingAsync: ssm.onUnlockedUser-0_com.android.server.SystemConfigService
09-16 13:19:25.762 561 629 D SystemServerTimingAsync: ssm.onUnlockedUser-0_com.android.server.SystemConfigService took to complete: 0ms
09-16 13:19:25.762 561 629 I SystemServerTimingAsync: ssm.onUnlockedUser-0_com.android.server.BatteryService
09-16 13:19:25.762 561 629 D SystemServerTimingAsync: ssm.onUnlockedUser-0_com.android.server.BatteryService took to complete: 0ms
09-16 13:19:25.763 561 629 I SystemServerTimingAsync: ssm.onUnlockedUser-0_com.android.server.usage.UsageStatsService
09-16 13:19:25.763 561 629 D SystemServerTimingAsync: ssm.onUnlockedUser-0_com.android.server.usage.UsageStatsService took to complete: 0ms
09-16 13:19:25.763 561 629 I SystemServerTimingAsync: ssm.onUnlockedUser-0_com.android.server.webkit.WebViewUpdateService
09-16 13:19:25.763 561 629 D SystemServerTimingAsync: ssm.onUnlockedUser-0_com.android.server.webkit.WebViewUpdateService took to complete: 0ms
09-16 13:19:25.763 561 629 I SystemServerTimingAsync: ssm.onUnlockedUser-0_com.android.server.CachedDeviceStateService
09-16 13:19:25.763 561 629 D SystemServerTimingAsync: ssm.onUnlockedUser-0_com.android.server.CachedDeviceStateService took to complete: 0ms
09-16 13:19:25.763 561 629 I SystemServerTimingAsync: ssm.onUnlockedUser-0_com.android.server.BinderCallsStatsService$LifeCycle
09-16 13:19:25.763 561 629 D SystemServerTimingAsync: ssm.onUnlockedUser-0_com.android.server.BinderCallsStatsService$LifeCycle took to complete: 0ms
09-16 13:19:25.763 561 629 I SystemServerTimingAsync: ssm.onUnlockedUser-0_com.android.server.LooperStatsService$Lifecycle
09-16 13:19:25.763 561 629 D SystemServerTimingAsync: ssm.onUnlockedUser-0_com.android.server.LooperStatsService$Lifecycle took to complete: 0ms
09-16 13:19:25.763 561 629 I SystemServerTimingAsync: ssm.onUnlockedUser-0_com.android.server.rollback.RollbackManagerService
09-16 13:19:25.763 561 629 D SystemServerTimingAsync: ssm.onUnlockedUser-0_com.android.server.rollback.RollbackManagerService took to complete: 0ms
09-16 13:19:25.763 561 629 I SystemServerTimingAsync: ssm.onUnlockedUser-0_com.android.server.os.NativeTombstoneManagerService
09-16 13:19:25.763 561 629 D SystemServerTimingAsync: ssm.onUnlockedUser-0_com.android.server.os.NativeTombstoneManagerService took to complete: 0ms
09-16 13:19:25.763 561 629 I SystemServerTimingAsync: ssm.onUnlockedUser-0_com.android.server.os.BugreportManagerService
09-16 13:19:25.763 561 629 D SystemServerTimingAsync: ssm.onUnlockedUser-0_com.android.server.os.BugreportManagerService took to complete: 0ms
09-16 13:19:25.763 561 629 I SystemServerTimingAsync: ssm.onUnlockedUser-0_com.android.server.gpu.GpuService
09-16 13:19:25.763 561 629 D SystemServerTimingAsync: ssm.onUnlockedUser-0_com.android.server.gpu.GpuService took to complete: 0ms
09-16 13:19:25.763 561 629 I SystemServerTimingAsync: ssm.onUnlockedUser-0_com.android.server.security.KeyChainSystemService
09-16 13:19:25.763 561 629 D SystemServerTimingAsync: ssm.onUnlockedUser-0_com.android.server.security.KeyChainSystemService took to complete: 0ms
09-16 13:19:25.763 561 629 I SystemServerTimingAsync: ssm.onUnlockedUser-0_com.android.server.telecom.TelecomLoaderService
09-16 13:19:25.763 561 629 D SystemServerTimingAsync: ssm.onUnlockedUser-0_com.android.server.telecom.TelecomLoaderService took to complete: 0ms
09-16 13:19:25.763 561 629 I SystemServerTimingAsync: ssm.onUnlockedUser-0_com.android.server.accounts.AccountManagerService$Lifecycle
09-16 13:19:25.763 561 629 D SystemServerTimingAsync: ssm.onUnlockedUser-0_com.android.server.accounts.AccountManagerService$Lifecycle took to complete: 0ms
09-16 13:19:25.763 561 629 I SystemServerTimingAsync: ssm.onUnlockedUser-0_com.android.server.content.ContentService$Lifecycle
09-16 13:19:25.763 561 629 D SystemServerTimingAsync: ssm.onUnlockedUser-0_com.android.server.content.ContentService$Lifecycle took to complete: 0ms
09-16 13:19:25.763 561 629 I SystemServerTimingAsync: ssm.onUnlockedUser-0_com.android.server.DropBoxManagerService
09-16 13:19:25.763 561 629 D SystemServerTimingAsync: ssm.onUnlockedUser-0_com.android.server.DropBoxManagerService took to complete: 0ms
09-16 13:19:25.763 561 629 I SystemServerTimingAsync: ssm.onUnlockedUser-0_com.android.role.RoleService
09-16 13:19:25.763 561 629 D SystemServerTimingAsync: ssm.onUnlockedUser-0_com.android.role.RoleService took to complete: 0ms
09-16 13:19:25.763 561 629 I SystemServerTimingAsync: ssm.onUnlockedUser-0_com.android.server.vibrator.VibratorManagerService$Lifecycle
09-16 13:19:25.763 561 629 D SystemServerTimingAsync: ssm.onUnlockedUser-0_com.android.server.vibrator.VibratorManagerService$Lifecycle took to complete: 0ms
09-16 13:19:25.763 561 629 I SystemServerTimingAsync: ssm.onUnlockedUser-0_com.android.server.alarm.AlarmManagerService
09-16 13:19:25.763 561 629 D SystemServerTimingAsync: ssm.onUnlockedUser-0_com.android.server.alarm.AlarmManagerService took to complete: 0ms
09-16 13:19:25.763 561 629 I SystemServerTimingAsync: ssm.onUnlockedUser-0_com.android.server.devicestate.DeviceStateManagerService
09-16 13:19:25.763 561 629 D SystemServerTimingAsync: ssm.onUnlockedUser-0_com.android.server.devicestate.DeviceStateManagerService took to complete: 0ms
09-16 13:19:25.763 561 629 I SystemServerTimingAsync: ssm.onUnlockedUser-0_com.android.server.camera.CameraServiceProxy
09-16 13:19:25.763 561 629 D SystemServerTimingAsync: ssm.onUnlockedUser-0_com.android.server.camera.CameraServiceProxy took to complete: 0ms
09-16 13:19:25.763 561 629 I SystemServerTimingAsync: ssm.onUnlockedUser-0_com.android.server.connectivity.IpConnectivityMetrics
09-16 13:19:25.763 561 629 D SystemServerTimingAsync: ssm.onUnlockedUser-0_com.android.server.connectivity.IpConnectivityMetrics took to complete: 0ms
09-16 13:19:25.763 561 629 I SystemServerTimingAsync: ssm.onUnlockedUser-0_com.android.server.net.watchlist.NetworkWatchlistService$Lifecycle
09-16 13:19:25.763 561 629 D SystemServerTimingAsync: ssm.onUnlockedUser-0_com.android.server.net.watchlist.NetworkWatchlistService$Lifecycle took to complete: 0ms
09-16 13:19:25.763 561 629 I SystemServerTimingAsync: ssm.onUnlockedUser-0_com.android.server.PinnerService
09-16 13:19:25.764 561 629 D SystemServerTimingAsync: ssm.onUnlockedUser-0_com.android.server.PinnerService took to complete: 0ms
09-16 13:19:25.764 561 629 I SystemServerTimingAsync: ssm.onUnlockedUser-0_com.google.android.startop.iorap.IorapForwardingService
09-16 13:19:25.764 561 629 D SystemServerTimingAsync: ssm.onUnlockedUser-0_com.google.android.startop.iorap.IorapForwardingService took to complete: 0ms
09-16 13:19:25.764 561 629 I SystemServerTimingAsync: ssm.onUnlockedUser-0_com.android.server.integrity.AppIntegrityManagerService
09-16 13:19:25.764 561 629 D SystemServerTimingAsync: ssm.onUnlockedUser-0_com.android.server.integrity.AppIntegrityManagerService took to complete: 0ms
09-16 13:19:25.764 561 629 I SystemServerTimingAsync: ssm.onUnlockedUser-0_com.android.server.inputmethod.InputMethodManagerService$Lifecycle
09-16 13:19:25.764 561 629 D SystemServerTimingAsync: ssm.onUnlockedUser-0_com.android.server.inputmethod.InputMethodManagerService$Lifecycle took to complete: 0ms
09-16 13:19:25.764 561 629 I SystemServerTimingAsync: ssm.onUnlockedUser-0_com.android.server.accessibility.AccessibilityManagerService$Lifecycle
09-16 13:19:25.764 561 629 D SystemServerTimingAsync: ssm.onUnlockedUser-0_com.android.server.accessibility.AccessibilityManagerService$Lifecycle took to complete: 0ms
09-16 13:19:25.764 561 629 I SystemServerTimingAsync: ssm.onUnlockedUser-0_com.android.server.StorageManagerService$Lifecycle
09-16 13:19:25.764 561 629 D SystemServerTimingAsync: ssm.onUnlockedUser-0_com.android.server.StorageManagerService$Lifecycle took to complete: 0ms
09-16 13:19:25.764 561 629 I SystemServerTimingAsync: ssm.onUnlockedUser-0_com.android.server.usage.StorageStatsService$Lifecycle
09-16 13:19:25.764 561 629 D SystemServerTimingAsync: ssm.onUnlockedUser-0_com.android.server.usage.StorageStatsService$Lifecycle took to complete: 0ms
09-16 13:19:25.764 561 629 I SystemServerTimingAsync: ssm.onUnlockedUser-0_com.android.server.UiModeManagerService
09-16 13:19:25.764 561 629 D SystemServerTimingAsync: ssm.onUnlockedUser-0_com.android.server.UiModeManagerService took to complete: 0ms
09-16 13:19:25.764 561 629 I SystemServerTimingAsync: ssm.onUnlockedUser-0_com.android.server.locksettings.LockSettingsService$Lifecycle
09-16 13:19:25.764 561 629 D SystemServerTimingAsync: ssm.onUnlockedUser-0_com.android.server.locksettings.LockSettingsService$Lifecycle took to complete: 0ms
09-16 13:19:25.764 561 629 I SystemServerTimingAsync: ssm.onUnlockedUser-0_com.android.server.testharness.TestHarnessModeService
09-16 13:19:25.764 561 629 D SystemServerTimingAsync: ssm.onUnlockedUser-0_com.android.server.testharness.TestHarnessModeService took to complete: 0ms
09-16 13:19:25.764 561 629 I SystemServerTimingAsync: ssm.onUnlockedUser-0_com.android.server.DeviceIdleController
09-16 13:19:25.764 561 629 D SystemServerTimingAsync: ssm.onUnlockedUser-0_com.android.server.DeviceIdleController took to complete: 0ms
09-16 13:19:25.764 561 629 I SystemServerTimingAsync: ssm.onUnlockedUser-0_com.android.server.devicepolicy.DevicePolicyManagerService$Lifecycle
09-16 13:19:25.764 561 629 D SystemServerTimingAsync: ssm.onUnlockedUser-0_com.android.server.devicepolicy.DevicePolicyManagerService$Lifecycle took to complete: 0ms
09-16 13:19:25.786 561 629 I SystemServerTimingAsync: ssm.onUnlockedUser-0_com.android.server.texttospeech.TextToSpeechManagerService
09-16 13:19:25.786 561 629 D SystemServerTimingAsync: ssm.onUnlockedUser-0_com.android.server.texttospeech.TextToSpeechManagerService took to complete: 0ms
09-16 13:19:25.786 561 629 I SystemServerTimingAsync: ssm.onUnlockedUser-0_com.android.server.speech.SpeechRecognitionManagerService
09-16 13:19:25.786 561 629 D SystemServerTimingAsync: ssm.onUnlockedUser-0_com.android.server.speech.SpeechRecognitionManagerService took to complete: 0ms
09-16 13:19:25.786 561 629 I SystemServerTimingAsync: ssm.onUnlockedUser-0_com.android.server.searchui.SearchUiManagerService
09-16 13:19:25.786 561 629 D SystemServerTimingAsync: ssm.onUnlockedUser-0_com.android.server.searchui.SearchUiManagerService took to complete: 0ms
09-16 13:19:25.786 561 629 I SystemServerTimingAsync: ssm.onUnlockedUser-0_com.android.server.smartspace.SmartspaceManagerService
09-16 13:19:25.786 561 629 D SystemServerTimingAsync: ssm.onUnlockedUser-0_com.android.server.smartspace.SmartspaceManagerService took to complete: 0ms
09-16 13:19:25.786 561 629 I SystemServerTimingAsync: ssm.onUnlockedUser-0_com.android.server.graphics.fonts.FontManagerService$Lifecycle
09-16 13:19:25.786 561 629 D SystemServerTimingAsync: ssm.onUnlockedUser-0_com.android.server.graphics.fonts.FontManagerService$Lifecycle took to complete: 0ms
09-16 13:19:25.786 561 629 I SystemServerTimingAsync: ssm.onUnlockedUser-0_com.android.server.textservices.TextServicesManagerService$Lifecycle
09-16 13:19:25.786 561 629 D SystemServerTimingAsync: ssm.onUnlockedUser-0_com.android.server.textservices.TextServicesManagerService$Lifecycle took to complete: 0ms
09-16 13:19:25.786 561 629 I SystemServerTimingAsync: ssm.onUnlockedUser-0_com.android.server.textclassifier.TextClassificationManagerService$Lifecycle
09-16 13:19:25.786 561 629 D SystemServerTimingAsync: ssm.onUnlockedUser-0_com.android.server.textclassifier.TextClassificationManagerService$Lifecycle took to complete: 0ms
09-16 13:19:25.787 561 629 I SystemServerTimingAsync: ssm.onUnlockedUser-0_com.android.server.NetworkScoreService$Lifecycle
09-16 13:19:25.787 561 629 D SystemServerTimingAsync: ssm.onUnlockedUser-0_com.android.server.NetworkScoreService$Lifecycle took to complete: 0ms
09-16 13:19:25.787 561 629 I SystemServerTimingAsync: ssm.onUnlockedUser-0_com.android.server.wifi.WifiService
09-16 13:19:25.787 561 629 D SystemServerTimingAsync: ssm.onUnlockedUser-0_com.android.server.wifi.WifiService took to complete: 0ms
09-16 13:19:25.787 561 629 I SystemServerTimingAsync: ssm.onUnlockedUser-0_com.android.server.wifi.scanner.WifiScanningService
09-16 13:19:25.787 561 629 D SystemServerTimingAsync: ssm.onUnlockedUser-0_com.android.server.wifi.scanner.WifiScanningService took to complete: 0ms
09-16 13:19:25.787 561 629 I SystemServerTimingAsync: ssm.onUnlockedUser-0_com.android.server.ethernet.EthernetService
09-16 13:19:25.787 561 629 D SystemServerTimingAsync: ssm.onUnlockedUser-0_com.android.server.ethernet.EthernetService took to complete: 0ms
09-16 13:19:25.787 561 629 I SystemServerTimingAsync: ssm.onUnlockedUser-0_com.android.server.ConnectivityServiceInitializer
09-16 13:19:25.787 561 629 D SystemServerTimingAsync: ssm.onUnlockedUser-0_com.android.server.ConnectivityServiceInitializer took to complete: 0ms
09-16 13:19:25.787 561 629 I SystemServerTimingAsync: ssm.onUnlockedUser-0_com.android.server.notification.NotificationManagerService
09-16 13:19:25.787 561 629 D SystemServerTimingAsync: ssm.onUnlockedUser-0_com.android.server.notification.NotificationManagerService took to complete: 0ms
09-16 13:19:25.787 561 629 I SystemServerTimingAsync: ssm.onUnlockedUser-0_com.android.server.storage.DeviceStorageMonitorService
09-16 13:19:25.787 561 629 D SystemServerTimingAsync: ssm.onUnlockedUser-0_com.android.server.storage.DeviceStorageMonitorService took to complete: 0ms
09-16 13:19:25.787 561 629 I SystemServerTimingAsync: ssm.onUnlockedUser-0_com.android.server.location.LocationManagerService$Lifecycle
09-16 13:19:25.787 561 629 D SystemServerTimingAsync: ssm.onUnlockedUser-0_com.android.server.location.LocationManagerService$Lifecycle took to complete: 0ms
09-16 13:19:25.787 561 629 I SystemServerTimingAsync: ssm.onUnlockedUser-0_com.android.server.timedetector.TimeDetectorService$Lifecycle
09-16 13:19:25.787 561 629 D SystemServerTimingAsync: ssm.onUnlockedUser-0_com.android.server.timedetector.TimeDetectorService$Lifecycle took to complete: 0ms
09-16 13:19:25.787 561 629 I SystemServerTimingAsync: ssm.onUnlockedUser-0_com.android.server.timezonedetector.TimeZoneDetectorService$Lifecycle
09-16 13:19:25.787 561 629 D SystemServerTimingAsync: ssm.onUnlockedUser-0_com.android.server.timezonedetector.TimeZoneDetectorService$Lifecycle took to complete: 0ms
09-16 13:19:25.787 561 629 I SystemServerTimingAsync: ssm.onUnlockedUser-0_com.android.server.timezonedetector.location.LocationTimeZoneManagerService$Lifecycle
09-16 13:19:25.787 561 629 D SystemServerTimingAsync: ssm.onUnlockedUser-0_com.android.server.timezonedetector.location.LocationTimeZoneManagerService$Lifecycle took to complete: 0ms
09-16 13:19:25.787 561 629 I SystemServerTimingAsync: ssm.onUnlockedUser-0_com.android.server.search.SearchManagerService$Lifecycle
09-16 13:19:25.787 561 629 D SystemServerTimingAsync: ssm.onUnlockedUser-0_com.android.server.search.SearchManagerService$Lifecycle took to complete: 0ms
09-16 13:19:25.787 561 629 I SystemServerTimingAsync: ssm.onUnlockedUser-0_com.android.server.wallpaper.WallpaperManagerService$Lifecycle
09-16 13:19:25.787 561 629 D SystemServerTimingAsync: ssm.onUnlockedUser-0_com.android.server.wallpaper.WallpaperManagerService$Lifecycle took to complete: 0ms
09-16 13:19:25.787 561 629 I SystemServerTimingAsync: ssm.onUnlockedUser-0_com.android.server.audio.AudioService$Lifecycle
09-16 13:19:25.787 561 629 D SystemServerTimingAsync: ssm.onUnlockedUser-0_com.android.server.audio.AudioService$Lifecycle took to complete: 0ms
09-16 13:19:25.787 561 629 I SystemServerTimingAsync: ssm.onUnlockedUser-0_com.android.server.soundtrigger_middleware.SoundTriggerMiddlewareService$Lifecycle
09-16 13:19:25.787 561 629 D SystemServerTimingAsync: ssm.onUnlockedUser-0_com.android.server.soundtrigger_middleware.SoundTriggerMiddlewareService$Lifecycle took to complete: 0ms
09-16 13:19:25.787 561 629 I SystemServerTimingAsync: ssm.onUnlockedUser-0_com.android.server.DockObserver
09-16 13:19:25.787 561 629 D SystemServerTimingAsync: ssm.onUnlockedUser-0_com.android.server.DockObserver took to complete: 0ms
09-16 13:19:25.787 561 629 I SystemServerTimingAsync: ssm.onUnlockedUser-0_com.android.server.adb.AdbService$Lifecycle
09-16 13:19:25.787 561 629 D SystemServerTimingAsync: ssm.onUnlockedUser-0_com.android.server.adb.AdbService$Lifecycle took to complete: 0ms
09-16 13:19:25.787 561 629 I SystemServerTimingAsync: ssm.onUnlockedUser-0_com.android.server.usb.UsbService$Lifecycle
09-16 13:19:25.787 561 629 D SystemServerTimingAsync: ssm.onUnlockedUser-0_com.android.server.usb.UsbService$Lifecycle took to complete: 0ms
09-16 13:19:25.787 561 629 I SystemServerTimingAsync: ssm.onUnlockedUser-0_com.android.server.twilight.TwilightService
09-16 13:19:25.787 561 629 D SystemServerTimingAsync: ssm.onUnlockedUser-0_com.android.server.twilight.TwilightService took to complete: 0ms
09-16 13:19:25.787 561 629 I SystemServerTimingAsync: ssm.onUnlockedUser-0_com.android.server.display.color.ColorDisplayService
09-16 13:19:25.787 561 629 D SystemServerTimingAsync: ssm.onUnlockedUser-0_com.android.server.display.color.ColorDisplayService took to complete: 0ms
09-16 13:19:25.787 561 629 I SystemServerTimingAsync: ssm.onUnlockedUser-0_com.android.server.job.JobSchedulerService
09-16 13:19:25.788 561 629 D SystemServerTimingAsync: ssm.onUnlockedUser-0_com.android.server.job.JobSchedulerService took to complete: 0ms
09-16 13:19:25.788 561 629 I SystemServerTimingAsync: ssm.onUnlockedUser-0_com.android.server.soundtrigger.SoundTriggerService
09-16 13:19:25.788 561 629 D SystemServerTimingAsync: ssm.onUnlockedUser-0_com.android.server.soundtrigger.SoundTriggerService took to complete: 0ms
09-16 13:19:25.788 561 629 I SystemServerTimingAsync: ssm.onUnlockedUser-0_com.android.server.trust.TrustManagerService
09-16 13:19:25.788 561 629 D SystemServerTimingAsync: ssm.onUnlockedUser-0_com.android.server.trust.TrustManagerService took to complete: 0ms
09-16 13:19:25.788 561 629 I SystemServerTimingAsync: ssm.onUnlockedUser-0_com.android.server.backup.BackupManagerService$Lifecycle
09-16 13:19:25.788 561 629 D SystemServerTimingAsync: ssm.onUnlockedUser-0_com.android.server.backup.BackupManagerService$Lifecycle took to complete: 0ms
09-16 13:19:25.788 561 629 I SystemServerTimingAsync: ssm.onUnlockedUser-0_com.android.server.appwidget.AppWidgetService
09-16 13:19:25.788 561 629 D SystemServerTimingAsync: ssm.onUnlockedUser-0_com.android.server.appwidget.AppWidgetService took to complete: 0ms
09-16 13:19:25.788 561 629 I SystemServerTimingAsync: ssm.onUnlockedUser-0_com.android.server.voiceinteraction.VoiceInteractionManagerService
09-16 13:19:25.788 561 629 D SystemServerTimingAsync: ssm.onUnlockedUser-0_com.android.server.voiceinteraction.VoiceInteractionManagerService took to complete: 0ms
09-16 13:19:25.791 561 629 I SystemServerTimingAsync: ssm.onUnlockedUser-0_com.android.server.apphibernation.AppHibernationService
09-16 13:19:25.791 561 629 D SystemServerTimingAsync: ssm.onUnlockedUser-0_com.android.server.apphibernation.AppHibernationService took to complete: 0ms
09-16 13:19:25.791 561 629 I SystemServerTimingAsync: ssm.onUnlockedUser-0_com.android.server.GestureLauncherService
09-16 13:19:25.791 561 629 D SystemServerTimingAsync: ssm.onUnlockedUser-0_com.android.server.GestureLauncherService took to complete: 0ms
09-16 13:19:25.791 561 629 I SystemServerTimingAsync: ssm.onUnlockedUser-0_com.android.server.SensorNotificationService
09-16 13:19:25.791 561 629 D SystemServerTimingAsync: ssm.onUnlockedUser-0_com.android.server.SensorNotificationService took to complete: 0ms
09-16 13:19:25.791 561 629 I SystemServerTimingAsync: ssm.onUnlockedUser-0_com.android.server.emergency.EmergencyAffordanceService
09-16 13:19:25.791 561 629 D SystemServerTimingAsync: ssm.onUnlockedUser-0_com.android.server.emergency.EmergencyAffordanceService took to complete: 0ms
09-16 13:19:25.791 561 629 I SystemServerTimingAsync: ssm.onUnlockedUser-0_com.android.server.dreams.DreamManagerService
09-16 13:19:25.791 561 629 D SystemServerTimingAsync: ssm.onUnlockedUser-0_com.android.server.dreams.DreamManagerService took to complete: 0ms
09-16 13:19:25.792 561 629 I SystemServerTimingAsync: ssm.onUnlockedUser-0_com.android.server.blob.BlobStoreManagerService
09-16 13:19:25.792 561 629 D SystemServerTimingAsync: ssm.onUnlockedUser-0_com.android.server.blob.BlobStoreManagerService took to complete: 0ms
09-16 13:19:25.792 561 629 I SystemServerTimingAsync: ssm.onUnlockedUser-0_com.android.server.print.PrintManagerService
09-16 13:19:25.792 561 629 D SystemServerTimingAsync: ssm.onUnlockedUser-0_com.android.server.print.PrintManagerService took to complete: 0ms
09-16 13:19:25.792 561 629 I SystemServerTimingAsync: ssm.onUnlockedUser-0_com.android.server.companion.CompanionDeviceManagerService
09-16 13:19:25.792 561 629 D SystemServerTimingAsync: ssm.onUnlockedUser-0_com.android.server.companion.CompanionDeviceManagerService took to complete: 0ms
09-16 13:19:25.792 561 629 I SystemServerTimingAsync: ssm.onUnlockedUser-0_com.android.server.restrictions.RestrictionsManagerService
09-16 13:19:25.792 561 629 D SystemServerTimingAsync: ssm.onUnlockedUser-0_com.android.server.restrictions.RestrictionsManagerService took to complete: 0ms
09-16 13:19:25.792 561 629 I SystemServerTimingAsync: ssm.onUnlockedUser-0_com.android.server.media.MediaSessionService
09-16 13:19:25.792 561 629 D SystemServerTimingAsync: ssm.onUnlockedUser-0_com.android.server.media.MediaSessionService took to complete: 0ms
09-16 13:19:25.792 561 629 I SystemServerTimingAsync: ssm.onUnlockedUser-0_com.android.server.media.MediaResourceMonitorService
09-16 13:19:19.484 1167 1167 I getprop : type=1400 audit(0.0:1657): avc: denied { open } for path="/dev/__properties__/u:object_r:device_config_media_native_prop:s0" dev="tmpfs" ino=111 scontext=u:r:shell:s0 tcontext=u:object_r:device_config_media_native_prop:s0 tclass=file permissive=1
09-16 13:19:25.792 561 629 D SystemServerTimingAsync: ssm.onUnlockedUser-0_com.android.server.media.MediaResourceMonitorService took to complete: 0ms
09-16 13:19:25.792 561 629 I SystemServerTimingAsync: ssm.onUnlockedUser-0_com.android.server.biometrics.BiometricService
09-16 13:19:25.792 561 629 D SystemServerTimingAsync: ssm.onUnlockedUser-0_com.android.server.biometrics.BiometricService took to complete: 0ms
09-16 13:19:25.792 561 629 I SystemServerTimingAsync: ssm.onUnlockedUser-0_com.android.server.biometrics.AuthService
09-16 13:19:25.792 561 629 D SystemServerTimingAsync: ssm.onUnlockedUser-0_com.android.server.biometrics.AuthService took to complete: 0ms
09-16 13:19:25.792 561 629 I SystemServerTimingAsync: ssm.onUnlockedUser-0_com.android.server.pm.ShortcutService$Lifecycle
09-16 13:19:25.792 561 629 D SystemServerTimingAsync: ssm.onUnlockedUser-0_com.android.server.pm.ShortcutService$Lifecycle took to complete: 0ms
09-16 13:19:25.792 561 629 I SystemServerTimingAsync: ssm.onUnlockedUser-0_com.android.server.pm.LauncherAppsService
09-16 13:19:25.792 561 629 D SystemServerTimingAsync: ssm.onUnlockedUser-0_com.android.server.pm.LauncherAppsService took to complete: 0ms
09-16 13:19:25.792 561 629 I SystemServerTimingAsync: ssm.onUnlockedUser-0_com.android.server.pm.CrossProfileAppsService
09-16 13:19:25.792 561 629 D SystemServerTimingAsync: ssm.onUnlockedUser-0_com.android.server.pm.CrossProfileAppsService took to complete: 0ms
09-16 13:19:25.792 561 629 I SystemServerTimingAsync: ssm.onUnlockedUser-0_com.android.server.people.PeopleService
09-16 13:19:25.793 561 561 W Looper : Slow delivery took 273ms main h=android.app.ActivityThread$H c=android.app.LoadedApk$ReceiverDispatcher$Args$$ExternalSyntheticLambda0@ad8c5b4 m=0
09-16 13:19:25.818 561 629 D SystemServerTimingAsync: ssm.onUnlockedUser-0_com.android.server.people.PeopleService took to complete: 24ms
09-16 13:19:25.818 561 629 I SystemServerTimingAsync: ssm.onUnlockedUser-0_com.android.server.media.metrics.MediaMetricsManagerService
09-16 13:19:25.818 561 629 D SystemServerTimingAsync: ssm.onUnlockedUser-0_com.android.server.media.metrics.MediaMetricsManagerService took to complete: 0ms
09-16 13:19:25.818 561 629 I SystemServerTimingAsync: ssm.onUnlockedUser-0_com.android.server.media.projection.MediaProjectionManagerService
09-16 13:19:25.818 561 629 D SystemServerTimingAsync: ssm.onUnlockedUser-0_com.android.server.media.projection.MediaProjectionManagerService took to complete: 0ms
09-16 13:19:25.818 561 629 I SystemServerTimingAsync: ssm.onUnlockedUser-0_com.android.server.slice.SliceManagerService$Lifecycle
09-16 13:19:25.818 561 629 D SystemServerTimingAsync: ssm.onUnlockedUser-0_com.android.server.slice.SliceManagerService$Lifecycle took to complete: 0ms
09-16 13:19:25.818 561 629 I SystemServerTimingAsync: ssm.onUnlockedUser-0_com.android.server.stats.StatsCompanion$Lifecycle
09-16 13:19:25.818 561 629 D SystemServerTimingAsync: ssm.onUnlockedUser-0_com.android.server.stats.StatsCompanion$Lifecycle took to complete: 0ms
09-16 13:19:25.818 561 629 I SystemServerTimingAsync: ssm.onUnlockedUser-0_com.android.server.scheduling.RebootReadinessManagerService$Lifecycle
09-16 13:19:25.818 561 629 D SystemServerTimingAsync: ssm.onUnlockedUser-0_com.android.server.scheduling.RebootReadinessManagerService$Lifecycle took to complete: 0ms
09-16 13:19:25.818 561 629 I SystemServerTimingAsync: ssm.onUnlockedUser-0_com.android.server.stats.pull.StatsPullAtomService
09-16 13:19:25.818 561 629 D SystemServerTimingAsync: ssm.onUnlockedUser-0_com.android.server.stats.pull.StatsPullAtomService took to complete: 0ms
09-16 13:19:25.818 561 629 I SystemServerTimingAsync: ssm.onUnlockedUser-0_com.android.server.incident.IncidentCompanionService
09-16 13:19:25.818 561 629 D SystemServerTimingAsync: ssm.onUnlockedUser-0_com.android.server.incident.IncidentCompanionService took to complete: 0ms
09-16 13:19:25.818 561 629 I SystemServerTimingAsync: ssm.onUnlockedUser-0_com.android.server.MmsServiceBroker
09-16 13:19:25.818 561 629 D SystemServerTimingAsync: ssm.onUnlockedUser-0_com.android.server.MmsServiceBroker took to complete: 0ms
09-16 13:19:25.818 561 629 I SystemServerTimingAsync: ssm.onUnlockedUser-0_com.android.server.autofill.AutofillManagerService
09-16 13:19:25.818 561 629 D SystemServerTimingAsync: ssm.onUnlockedUser-0_com.android.server.autofill.AutofillManagerService took to complete: 0ms
09-16 13:19:25.818 561 629 I SystemServerTimingAsync: ssm.onUnlockedUser-0_com.android.server.clipboard.ClipboardService
09-16 13:19:25.818 561 629 D SystemServerTimingAsync: ssm.onUnlockedUser-0_com.android.server.clipboard.ClipboardService took to complete: 0ms
09-16 13:19:25.818 561 629 I SystemServerTimingAsync: ssm.onUnlockedUser-0_com.android.server.appbinding.AppBindingService$Lifecycle
09-16 13:19:25.819 561 629 D SystemServerTimingAsync: ssm.onUnlockedUser-0_com.android.server.appbinding.AppBindingService$Lifecycle took to complete: 0ms
09-16 13:19:25.819 561 629 I SystemServerTimingAsync: ssm.onUnlockedUser-0_com.android.server.tracing.TracingServiceProxy
09-16 13:19:25.819 561 629 D SystemServerTimingAsync: ssm.onUnlockedUser-0_com.android.server.tracing.TracingServiceProxy took to complete: 0ms
09-16 13:19:25.819 561 629 I SystemServerTimingAsync: ssm.onUnlockedUser-0_com.android.server.policy.PermissionPolicyService
09-16 13:19:25.819 561 629 D SystemServerTimingAsync: ssm.onUnlockedUser-0_com.android.server.policy.PermissionPolicyService took to complete: 0ms
09-16 13:19:25.819 561 629 I SystemServerTimingAsync: ssm.onUnlockedUser-0_com.android.server.pm.StagingManager$Lifecycle
09-16 13:19:25.819 561 629 D SystemServerTimingAsync: ssm.onUnlockedUser-0_com.android.server.pm.StagingManager$Lifecycle took to complete: 0ms
09-16 13:19:25.819 561 629 I SystemServerTimingAsync: ssm.onUnlockedUser-0_com.android.server.app.GameManagerService$Lifecycle
09-16 13:19:25.819 561 629 D SystemServerTimingAsync: ssm.onUnlockedUser-0_com.android.server.app.GameManagerService$Lifecycle took to complete: 0ms
09-16 13:19:25.820 561 629 I SystemServerTimingAsync: ssm.onUnlockedUser-0_com.android.server.appsearch.AppSearchManagerService
09-16 13:19:25.820 561 629 D SystemServerTimingAsync: ssm.onUnlockedUser-0_com.android.server.appsearch.AppSearchManagerService took to complete: 0ms
09-16 13:19:25.820 561 629 I SystemServerTimingAsync: ssm.onUnlockedUser-0_com.android.server.media.MediaCommunicationService
09-16 13:19:25.820 561 629 D SystemServerTimingAsync: ssm.onUnlockedUser-0_com.android.server.media.MediaCommunicationService took to complete: 0ms
09-16 13:19:25.820 561 629 D SystemServerTimingAsync: ssm.UnlockedUser-0 took to complete: 309ms
09-16 13:19:25.820 561 629 W ActivityManager: UserLifecycleEvent 6 received without an active userJourneySession.
09-16 13:19:25.825 561 751 W system_server: Long monitor contention with owner main (561) at int com.android.server.am.ActivityManagerService.bindIsolatedService(android.app.IApplicationThread, android.os.IBinder, android.content.Intent, java.lang.String, android.app.IServiceConnection, int, java.lang.String, java.lang.String, int)(ActivityManagerService.java:11992) waiters=1 in void com.android.server.am.ActivityManagerService.serviceDoneExecuting(android.os.IBinder, int, int, int) for 161ms
09-16 13:19:25.844 561 621 I DropBoxManagerService: add tag=system_server_strictmode isTagEnabled=true flags=0x2
09-16 13:19:19.484 1167 1167 I getprop : type=1400 audit(0.0:1658): avc: denied { getattr } for path="/dev/__properties__/u:object_r:device_config_media_native_prop:s0" dev="tmpfs" ino=111 scontext=u:r:shell:s0 tcontext=u:object_r:device_config_media_native_prop:s0 tclass=file permissive=1
09-16 13:19:19.484 1167 1167 I getprop : type=1400 audit(0.0:1659): avc: denied { map } for path="/dev/__properties__/u:object_r:device_config_media_native_prop:s0" dev="tmpfs" ino=111 scontext=u:r:shell:s0 tcontext=u:object_r:device_config_media_native_prop:s0 tclass=file permissive=1
09-16 13:19:25.893 561 1302 E TaskPersister: File error accessing recents directory (directory doesn't exist?).
09-16 13:19:25.923 561 758 D CompatibilityChangeReporter: Compat change id reported: 135634846; UID 1000; state: DISABLED
09-16 13:19:25.923 561 758 D CompatibilityChangeReporter: Compat change id reported: 177438394; UID 1000; state: DISABLED
09-16 13:19:25.923 561 758 D CompatibilityChangeReporter: Compat change id reported: 135772972; UID 1000; state: DISABLED
09-16 13:19:25.923 561 758 D CompatibilityChangeReporter: Compat change id reported: 135754954; UID 1000; state: ENABLED
09-16 13:19:25.924 561 758 W ActivityManager: Slow operation: 76ms so far, now at startProcess: done starting proc!
09-16 13:19:19.484 1167 1167 I getprop : type=1400 audit(0.0:1660): avc: denied { open } for path="/dev/__properties__/u:object_r:device_config_netd_native_prop:s0" dev="tmpfs" ino=112 scontext=u:r:shell:s0 tcontext=u:object_r:device_config_netd_native_prop:s0 tclass=file permissive=1
09-16 13:19:25.963 561 619 W Looper : Slow dispatch took 274ms android.fg h=com.android.server.DropBoxManagerService$DropBoxManagerBroadcastHandler c=null m=2
09-16 13:19:19.484 1167 1167 I getprop : type=1400 audit(0.0:1661): avc: denied { getattr } for path="/dev/__properties__/u:object_r:device_config_netd_native_prop:s0" dev="tmpfs" ino=112 scontext=u:r:shell:s0 tcontext=u:object_r:device_config_netd_native_prop:s0 tclass=file permissive=1
09-16 13:19:25.970 561 629 D CompatibilityChangeReporter: Compat change id reported: 135634846; UID 10027; state: DISABLED
09-16 13:19:25.971 561 629 D CompatibilityChangeReporter: Compat change id reported: 177438394; UID 10027; state: DISABLED
