09-16 13:19:19.496 1167 1167 I getprop : type=1400 audit(0.0:1726): avc: denied { open } for path="/dev/__properties__/u:object_r:rebootescrow_hal_prop:s0" dev="tmpfs" ino=208 scontext=u:r:shell:s0 tcontext=u:object_r:rebootescrow_hal_prop:s0 tclass=file permissive=1
09-16 13:19:29.320 475 489 I adbd : jdwp connection from 1451
09-16 13:19:29.349 1451 1451 D CompatibilityChangeReporter: Compat change id reported: 171979766; UID 1000; state: ENABLED
09-16 13:19:29.355 221 362 D vold : /dev/block/vold/public:179,97: 30 files, 7698016 KiB free (1924504 clusters)
09-16 13:19:29.365 561 1025 I ActivityTaskManager: START u0 {act=android.intent.action.MAIN cat=[android.intent.category.HOME] flg=0x10010000 pkg=com.android.launcher3 cmp=com.android.launcher3/.Launcher3QuickStepGo} from uid 10054
09-16 13:19:29.365 561 634 E libprocessgroup: AddTidToCgroup failed to write '1470'; fd=71: Invalid argument
09-16 13:19:29.365 561 634 E libprocessgroup: Failed to add task into cgroup
09-16 13:19:29.382 561 1025 D CompatibilityChangeReporter: Compat change id reported: 184838306; UID 10054; state: DISABLED
09-16 13:19:29.384 561 1025 D CompatibilityChangeReporter: Compat change id reported: 185004937; UID 10054; state: DISABLED
09-16 13:19:29.388 561 1025 D CompatibilityChangeReporter: Compat change id reported: 181136395; UID 10054; state: DISABLED
09-16 13:19:29.389 561 1025 D CompatibilityChangeReporter: Compat change id reported: 174042936; UID 10054; state: DISABLED
09-16 13:19:29.401 561 1025 D CompatibilityChangeReporter: Compat change id reported: 174042980; UID 10054; state: DISABLED
09-16 13:19:29.404 221 362 I vold : Filesystem check completed OK
09-16 13:19:19.500 1167 1167 I getprop : type=1400 audit(0.0:1727): avc: denied { open } for path="/dev/__properties__/u:object_r:test_boot_reason_prop:s0" dev="tmpfs" ino=236 scontext=u:r:shell:s0 tcontext=u:object_r:test_boot_reason_prop:s0 tclass=file permissive=1
09-16 13:19:20.636 1185 1185 I getprop : type=1400 audit(0.0:1728): avc: denied { open } for path="/dev/__properties__/u:object_r:bluetooth_a2dp_offload_prop:s0" dev="tmpfs" ino=47 scontext=u:r:shell:s0 tcontext=u:object_r:bluetooth_a2dp_offload_prop:s0 tclass=file permissive=1
09-16 13:19:29.467 1416 1416 V GraphicsEnvironment: ANGLE Developer option for 'com.android.providers.contacts' set to: 'default'
09-16 13:19:29.468 1416 1416 V GraphicsEnvironment: Neither updatable production driver nor prerelease driver is supported.
09-16 13:19:29.474 1416 1416 D NetworkSecurityConfig: No Network Security Config specified, using platform default
09-16 13:19:29.475 1416 1416 D NetworkSecurityConfig: No Network Security Config specified, using platform default
09-16 13:19:29.511 221 362 I vold : Mounting public fuse volume
09-16 13:19:29.559 1435 1435 V GraphicsEnvironment: ANGLE Developer option for 'com.android.providers.downloads' set to: 'default'
09-16 13:19:29.559 1435 1435 V GraphicsEnvironment: Neither updatable production driver nor prerelease driver is supported.
09-16 13:19:29.563 1435 1435 D NetworkSecurityConfig: No Network Security Config specified, using platform default
09-16 13:19:29.564 1435 1435 D NetworkSecurityConfig: No Network Security Config specified, using platform default
09-16 13:19:29.566 221 362 I vold : Bind mounting /mnt/media_rw/3C6C-37EC to /mnt/pass_through/0/3C6C-37EC
09-16 13:19:29.577 561 699 I StorageSessionController: On volume mount VolumeInfo{public:179,97}:
09-16 13:19:29.577 561 699 I StorageSessionController: type=PUBLIC diskId=disk:179,96 partGuid= mountFlags=VISIBLE mountUserId=0
09-16 13:19:29.577 561 699 I StorageSessionController: state=CHECKING
09-16 13:19:29.577 561 699 I StorageSessionController: fsType=vfat fsUuid=3C6C-37EC fsLabel=boot
09-16 13:19:29.577 561 699 I StorageSessionController: path=/storage/3C6C-37EC internalPath=/mnt/media_rw/3C6C-37EC
09-16 13:19:29.579 561 699 I StorageSessionController: Creating and starting session with id: public:179,97
09-16 13:19:29.582 1279 1360 I ExternalStorageServiceImpl: Starting session for id: public:179,97
09-16 13:19:29.583 1279 1360 V FuseDaemonThread: Waiting 1000ms for FUSE start. Count 4
09-16 13:19:29.638 1110 1475 E ion : ioctl c0044901 failed with code -1: Inappropriate ioctl for device
09-16 13:19:29.639 1110 1475 I DMABUFHEAPS: Using : Non-legacy ION heaps
09-16 13:19:29.639 1110 1475 E DMABUFHEAPS: No ion heap of name ion_system_heap exists
09-16 13:19:29.639 1110 1475 E DMABUFHEAPS: No ion heap of name ion_system_heap exists
09-16 13:19:29.662 1279 1480 I FuseDaemonThread: Starting thread for public:179,97 ...
09-16 13:19:29.663 1279 1480 I FuseDaemon: Starting fuse...
09-16 13:19:20.640 1185 1185 I getprop : type=1400 audit(0.0:1729): avc: denied { getattr } for path="/dev/__properties__/u:object_r:bluetooth_a2dp_offload_prop:s0" dev="tmpfs" ino=47 scontext=u:r:shell:s0 tcontext=u:object_r:bluetooth_a2dp_offload_prop:s0 tclass=file permissive=1
09-16 13:19:29.666 214 214 I hwservicemanager: getTransport: Cannot find entry android.hardware.configstore@1.0::ISurfaceFlingerConfigs/default in either framework or device VINTF manifest.
09-16 13:19:29.705 561 1287 D CompatibilityChangeReporter: Compat change id reported: 135634846; UID 1000; state: DISABLED
09-16 13:19:29.706 561 1287 D CompatibilityChangeReporter: Compat change id reported: 177438394; UID 1000; state: DISABLED
09-16 13:19:29.706 561 1287 D CompatibilityChangeReporter: Compat change id reported: 135772972; UID 1000; state: DISABLED
09-16 13:19:29.706 561 1287 D CompatibilityChangeReporter: Compat change id reported: 135754954; UID 1000; state: ENABLED
09-16 13:19:20.640 1185 1185 I getprop : type=1400 audit(0.0:1730): avc: denied { map } for path="/dev/__properties__/u:object_r:bluetooth_a2dp_offload_prop:s0" dev="tmpfs" ino=47 scontext=u:r:shell:s0 tcontext=u:object_r:bluetooth_a2dp_offload_prop:s0 tclass=file permissive=1
09-16 13:19:20.640 1185 1185 I getprop : type=1400 audit(0.0:1731): avc: denied { open } for path="/dev/__properties__/u:object_r:bluetooth_audio_hal_prop:s0" dev="tmpfs" ino=48 scontext=u:r:shell:s0 tcontext=u:object_r:bluetooth_audio_hal_prop:s0 tclass=file permissive=1
09-16 13:19:29.773 384 384 D Zygote : Forked child process 1489
09-16 13:19:29.774 561 630 W ActivityManager: Slow operation: 70ms so far, now at startProcess: returned from zygote!
09-16 13:19:29.775 561 630 W ActivityManager: Slow operation: 71ms so far, now at startProcess: done updating battery stats
09-16 13:19:29.775 561 630 W ActivityManager: Slow operation: 72ms so far, now at startProcess: building log message
09-16 13:19:29.775 561 630 I ActivityManager: Start proc 1489:com.android.localtransport/1000 for service {com.android.localtransport/com.android.localtransport.LocalTransportService}
09-16 13:19:29.775 561 630 W ActivityManager: Slow operation: 72ms so far, now at startProcess: starting to update pids map
09-16 13:19:29.776 561 630 W ActivityManager: Slow operation: 73ms so far, now at startProcess: done updating pids map
09-16 13:19:29.792 1489 1489 I Zygote : seccomp disabled by setenforce 0
09-16 13:19:29.825 1110 1475 E FrameEvents: updateAcquireFence: Did not find frame.
09-16 13:19:29.830 475 489 I adbd : jdwp connection from 1489
09-16 13:19:29.840 1416 1416 I ContactsPerf: VoicemailContentProvider.onCreate start
09-16 13:19:29.850 840 850 I ndroid.systemu: Background young concurrent copying GC freed 16367(972KB) AllocSpace objects, 4(80KB) LOS objects, 15% free, 7216KB/8559KB, paused 180us total 385.637ms
09-16 13:19:20.640 1185 1185 I getprop : type=1400 audit(0.0:1732): avc: denied { getattr } for path="/dev/__properties__/u:object_r:bluetooth_audio_hal_prop:s0" dev="tmpfs" ino=48 scontext=u:r:shell:s0 tcontext=u:object_r:bluetooth_audio_hal_prop:s0 tclass=file permissive=1
09-16 13:19:29.856 1451 1451 V GraphicsEnvironment: ANGLE Developer option for 'com.android.dynsystem' set to: 'default'
09-16 13:19:29.856 1451 1451 V GraphicsEnvironment: Neither updatable production driver nor prerelease driver is supported.
09-16 13:19:29.860 1451 1451 D NetworkSecurityConfig: No Network Security Config specified, using platform default
09-16 13:19:29.861 1451 1451 D NetworkSecurityConfig: No Network Security Config specified, using platform default
09-16 13:19:20.640 1185 1185 I getprop : type=1400 audit(0.0:1733): avc: denied { map } for path="/dev/__properties__/u:object_r:bluetooth_audio_hal_prop:s0" dev="tmpfs" ino=48 scontext=u:r:shell:s0 tcontext=u:object_r:bluetooth_audio_hal_prop:s0 tclass=file permissive=1
09-16 13:19:20.640 1185 1185 I getprop : type=1400 audit(0.0:1734): avc: denied { open } for path="/dev/__properties__/u:object_r:bluetooth_prop:s0" dev="tmpfs" ino=49 scontext=u:r:shell:s0 tcontext=u:object_r:bluetooth_prop:s0 tclass=file permissive=1
09-16 13:19:20.640 1185 1185 I getprop : type=1400 audit(0.0:1735): avc: denied { getattr } for path="/dev/__properties__/u:object_r:bluetooth_prop:s0" dev="tmpfs" ino=49 scontext=u:r:shell:s0 tcontext=u:object_r:bluetooth_prop:s0 tclass=file permissive=1
09-16 13:19:20.640 1185 1185 I getprop : type=1400 audit(0.0:1736): avc: denied { map } for path="/dev/__properties__/u:object_r:bluetooth_prop:s0" dev="tmpfs" ino=49 scontext=u:r:shell:s0 tcontext=u:object_r:bluetooth_prop:s0 tclass=file permissive=1
09-16 13:19:20.640 1185 1185 I getprop : type=1400 audit(0.0:1737): avc: denied { open } for path="/dev/__properties__/u:object_r:bootanim_config_prop:s0" dev="tmpfs" ino=51 scontext=u:r:shell:s0 tcontext=u:object_r:bootanim_config_prop:s0 tclass=file permissive=1
09-16 13:19:20.640 1185 1185 I getprop : type=1400 audit(0.0:1738): avc: denied { getattr } for path="/dev/__properties__/u:object_r:bootanim_config_prop:s0" dev="tmpfs" ino=51 scontext=u:r:shell:s0 tcontext=u:object_r:bootanim_config_prop:s0 tclass=file permissive=1
09-16 13:19:20.640 1185 1185 I getprop : type=1400 audit(0.0:1739): avc: denied { map } for path="/dev/__properties__/u:object_r:bootanim_config_prop:s0" dev="tmpfs" ino=51 scontext=u:r:shell:s0 tcontext=u:object_r:bootanim_config_prop:s0 tclass=file permissive=1
09-16 13:19:20.640 1185 1185 I getprop : type=1400 audit(0.0:1740): avc: denied { open } for path="/dev/__properties__/u:object_r:build_config_prop:s0" dev="tmpfs" ino=60 scontext=u:r:shell:s0 tcontext=u:object_r:build_config_prop:s0 tclass=file permissive=1
09-16 13:19:29.878 561 675 D CompatibilityChangeReporter: Compat change id reported: 168419799; UID 1000; state: DISABLED
09-16 13:19:29.930 561 1404 D CompatibilityChangeReporter: Compat change id reported: 135634846; UID 1000; state: DISABLED
09-16 13:19:29.932 561 1404 D CompatibilityChangeReporter: Compat change id reported: 177438394; UID 1000; state: DISABLED
09-16 13:19:29.933 561 1404 D CompatibilityChangeReporter: Compat change id reported: 135772972; UID 1000; state: DISABLED
09-16 13:19:29.933 1416 1416 I ContactsPerf: VoicemailContentProvider.onCreate finish
09-16 13:19:29.934 561 1404 D CompatibilityChangeReporter: Compat change id reported: 135754954; UID 1000; state: ENABLED
09-16 13:19:29.972 384 384 D Zygote : Forked child process 1512
09-16 13:19:29.988 1512 1512 I Zygote : seccomp disabled by setenforce 0
09-16 13:19:29.992 1110 1475 E FrameEvents: updateAcquireFence: Did not find frame.
09-16 13:19:29.995 1489 1489 D CompatibilityChangeReporter: Compat change id reported: 171979766; UID 1000; state: ENABLED
09-16 13:19:30.029 475 489 I adbd : jdwp connection from 1512
09-16 13:19:30.057 561 675 D CountryDetector: The first listener is added
09-16 13:19:30.059 1416 1416 I ContactsDatabaseHelper: updateUseStrictPhoneNumberComparison: US
09-16 13:19:20.640 1185 1185 I getprop : type=1400 audit(0.0:1741): avc: denied { getattr } for path="/dev/__properties__/u:object_r:build_config_prop:s0" dev="tmpfs" ino=60 scontext=u:r:shell:s0 tcontext=u:object_r:build_config_prop:s0 tclass=file permissive=1
09-16 13:19:20.640 1185 1185 I getprop : type=1400 audit(0.0:1742): avc: denied { map } for path="/dev/__properties__/u:object_r:build_config_prop:s0" dev="tmpfs" ino=60 scontext=u:r:shell:s0 tcontext=u:object_r:build_config_prop:s0 tclass=file permissive=1
09-16 13:19:20.640 1185 1185 I getprop : type=1400 audit(0.0:1743): avc: denied { open } for path="/dev/__properties__/u:object_r:cf_graphics_config_prop:s0" dev="tmpfs" ino=68 scontext=u:r:shell:s0 tcontext=u:object_r:cf_graphics_config_prop:s0 tclass=file permissive=1
09-16 13:19:30.062 561 630 W ActivityManager: Slow operation: 134ms so far, now at startProcess: done updating battery stats
09-16 13:19:30.062 561 630 W ActivityManager: Slow operation: 135ms so far, now at startProcess: building log message
09-16 13:19:30.062 561 630 I ActivityManager: Start proc 1512:com.android.dynsystem:dynsystem/1000 for service {com.android.dynsystem/com.android.dynsystem.DynamicSystemInstallationService}
09-16 13:19:30.062 561 630 W ActivityManager: Slow operation: 135ms so far, now at startProcess: starting to update pids map
09-16 13:19:30.062 561 630 W ActivityManager: Slow operation: 135ms so far, now at startProcess: done updating pids map
09-16 13:19:30.063 561 1404 I BroadcastQueue: Delay finish: com.android.dynsystem/.BootCompletedReceiver
09-16 13:19:30.168 1512 1512 D CompatibilityChangeReporter: Compat change id reported: 171979766; UID 1000; state: ENABLED
09-16 13:19:30.179 1489 1489 V GraphicsEnvironment: ANGLE Developer option for 'com.android.localtransport' set to: 'default'
09-16 13:19:30.179 1489 1489 V GraphicsEnvironment: Neither updatable production driver nor prerelease driver is supported.
09-16 13:19:30.186 1489 1489 D NetworkSecurityConfig: No Network Security Config specified, using platform default
09-16 13:19:30.187 1489 1489 D NetworkSecurityConfig: No Network Security Config specified, using platform default
09-16 13:19:30.203 1110 1110 V Launcher: LauncherAppState initiated
09-16 13:19:30.259 561 561 I TransportClient: LocalTransportService#0: Notifying [TransportManager.registerTransport()] transport = IBackupTransport
09-16 13:19:30.277 1416 1531 D ContactsDatabaseHelper: WAL enabled for contacts2.db: false
09-16 13:19:30.315 1416 1509 I CallLogProvider: Syncing call composer pics -- source user=0, isShadow=true, forAllUser=false
09-16 13:19:30.316 1416 1509 I CallLogProvider: Fetching list of Uris to sync
09-16 13:19:30.511 1416 1531 I ContactLocale: AddressBook Labels [[en_US]]: […, A, B, C, D, E, F, G, H, I, J, K, L, M, N, O, P, Q, R, S, T, U, V, W, X, Y, Z, Α, Β, Γ, Δ, Ε, Ζ, Η, Θ, Ι, Κ, Λ, Μ, Ν, Ξ, Ο, Π, Ρ, Σ, Τ, Υ, Φ, Χ, Ψ, Ω, …, А, Б, В, Г, Д, Ђ, Е, Є, Ж, З, И, І, Й, Ј, К, Л, Љ, М, Н, Њ, О, П, Р, С, Т, Ћ, У, Ф, Х, Ц, Ч, Џ, Ш, Щ, Ю, Я, …, א, ב, ג, ד, ה, ו, ז, ח, ט, י, כ, ל, מ, נ, ס, ע, פ, צ, ק, ר, ש, ת, …, ا, ب, ت, ث, ج, ح, خ, د, ذ, ر, ز, س, ش, ص, ض, ط, ظ, ع, غ, ف, ق, ك, ل, م, ن, ه, و, ي, …, ก, ข, ฃ, ค, ฅ, ฆ, ง, จ, ฉ, ช, ซ, ฌ, ญ, ฎ, ฏ, ฐ, ฑ, ฒ, ณ, ด, ต, ถ, ท, ธ, น, บ, ป, ผ, ฝ, พ, ฟ, ภ, ม, ย, ร, ฤ, ล, ฦ, ว, ศ, ษ, ส, ห, ฬ, อ, ฮ, …, ㄱ, ㄴ, ㄷ, ㄹ, ㅁ, ㅂ, ㅅ, ㅇ, ㅈ, ㅊ, ㅋ, ㅌ, ㅍ, ㅎ, …, あ, か, さ, た, な, は, ま, や, ら, わ, #, …]
09-16 13:19:30.525 1416 1509 I CallLogProvider: Will sync following Uris:[]
09-16 13:19:30.526 1416 1509 I CallLogProvider: Syncing call composer pics -- got []
09-16 13:19:30.603 1416 1531 D ContactsDatabaseHelper: WAL enabled for profile.db: false
09-16 13:19:30.650 221 362 I vold : Configuring read_ahead of /mnt/user/0/3C6C-37EC fuse filesystem to 256kb
09-16 13:19:30.652 221 362 I vold : Writing 256 to /sys/class/bdi/0:102/read_ahead_kb
09-16 13:19:30.653 221 362 I vold : Configuring max_ratio of /mnt/user/0/3C6C-37EC fuse filesystem to 40
09-16 13:19:30.657 221 362 I vold : Writing 40 to /sys/class/bdi/0:102/max_ratio
09-16 13:19:30.694 561 699 I StorageManagerService: Mounted volume VolumeInfo{public:179,97}:
09-16 13:19:30.694 561 699 I StorageManagerService: type=PUBLIC diskId=disk:179,96 partGuid= mountFlags=VISIBLE mountUserId=0
09-16 13:19:30.694 561 699 I StorageManagerService: state=MOUNTED
09-16 13:19:30.694 561 699 I StorageManagerService: fsType=vfat fsUuid=3C6C-37EC fsLabel=boot
09-16 13:19:30.694 561 699 I StorageManagerService: path=/storage/3C6C-37EC internalPath=/mnt/media_rw/3C6C-37EC
09-16 13:19:30.701 561 699 I StorageSessionController: Notifying volume state changed for session with id: public:179,97
09-16 13:19:30.705 561 1287 D BackupTransportManager: Transport com.android.localtransport/.LocalTransportService registered
09-16 13:19:30.706 561 1287 D BackupManagerService: [UserID:0] Transport com.android.localtransport/.LocalTransport registered 4318ms after first request (delay = 3000ms)
09-16 13:19:30.709 561 699 E StorageManagerService: Failed to notify volume state changed to the Storage Service
09-16 13:19:30.709 561 699 E StorageManagerService: com.android.server.storage.StorageSessionController$ExternalStorageServiceException: Failed to notify volume state changed for vol : StorageVolume: SD card
09-16 13:19:30.709 561 699 E StorageManagerService: at com.android.server.storage.StorageUserConnection$ActiveConnection.notifyVolumeStateChanged(StorageUserConnection.java:420)
09-16 13:19:30.709 561 699 E StorageManagerService: at com.android.server.storage.StorageUserConnection.notifyVolumeStateChanged(StorageUserConnection.java:131)
09-16 13:19:30.709 561 699 E StorageManagerService: at com.android.server.storage.StorageSessionController.notifyVolumeStateChanged(StorageSessionController.java:157)
09-16 13:19:30.709 561 699 E StorageManagerService: at com.android.server.StorageManagerService.onVolumeStateChangedAsync(StorageManagerService.java:1714)
09-16 13:19:30.709 561 699 E StorageManagerService: at com.android.server.StorageManagerService.access$2600(StorageManagerService.java:203)
09-16 13:19:30.709 561 699 E StorageManagerService: at com.android.server.StorageManagerService$StorageManagerServiceHandler.handleMessage(StorageManagerService.java:839)
09-16 13:19:30.709 561 699 E StorageManagerService: at android.os.Handler.dispatchMessage(Handler.java:106)
09-16 13:19:30.709 561 699 E StorageManagerService: at android.os.Looper.loopOnce(Looper.java:201)
09-16 13:19:30.709 561 699 E StorageManagerService: at android.os.Looper.loop(Looper.java:288)
09-16 13:19:30.709 561 699 E StorageManagerService: at android.os.HandlerThread.run(HandlerThread.java:67)
09-16 13:19:30.709 561 699 E StorageManagerService: Caused by: java.util.concurrent.ExecutionException: android.os.ParcelableException: java.lang.IllegalArgumentException
09-16 13:19:30.709 561 699 E StorageManagerService: at java.util.concurrent.CompletableFuture.reportGet(CompletableFuture.java:361)
09-16 13:19:30.709 561 699 E StorageManagerService: at java.util.concurrent.CompletableFuture.get(CompletableFuture.java:1943)
09-16 13:19:30.709 561 699 E StorageManagerService: at com.android.server.storage.StorageUserConnection$ActiveConnection.waitForAsync(StorageUserConnection.java:379)
09-16 13:19:30.709 561 699 E StorageManagerService: at com.android.server.storage.StorageUserConnection$ActiveConnection.waitForAsyncVoid(StorageUserConnection.java:358)
09-16 13:19:30.709 561 699 E StorageManagerService: at com.android.server.storage.StorageUserConnection$ActiveConnection.notifyVolumeStateChanged(StorageUserConnection.java:417)
09-16 13:19:30.709 561 699 E StorageManagerService: ... 9 more
09-16 13:19:30.709 561 699 E StorageManagerService: Caused by: android.os.ParcelableException: java.lang.IllegalArgumentException
09-16 13:19:30.709 561 699 E StorageManagerService: at android.os.ParcelableException$1.createFromParcel(ParcelableException.java:82)
09-16 13:19:30.709 561 699 E StorageManagerService: at android.os.ParcelableException$1.createFromParcel(ParcelableException.java:79)
09-16 13:19:30.709 561 699 E StorageManagerService: at android.os.Parcel.readParcelable(Parcel.java:3333)
09-16 13:19:30.709 561 699 E StorageManagerService: at android.os.Parcel.readValue(Parcel.java:3226)
09-16 13:19:30.709 561 699 E StorageManagerService: at android.os.Parcel.readArrayMapInternal(Parcel.java:3623)
09-16 13:19:30.709 561 699 E StorageManagerService: at android.os.BaseBundle.initializeFromParcelLocked(BaseBundle.java:292)
09-16 13:19:30.709 561 699 E StorageManagerService: at android.os.BaseBundle.unparcel(BaseBundle.java:236)
09-16 13:19:30.709 561 699 E StorageManagerService: at android.os.Bundle.getParcelable(Bundle.java:1002)
09-16 13:19:30.709 561 699 E StorageManagerService: at com.android.server.storage.StorageUserConnection$ActiveConnection.setResult(StorageUserConnection.java:448)
09-16 13:19:30.709 561 699 E StorageManagerService: at com.android.server.storage.StorageUserConnection$ActiveConnection.lambda$waitForAsyncVoid$0$StorageUserConnection$ActiveConnection(StorageUserConnection.java:356)
09-16 13:19:30.709 561 699 E StorageManagerService: at com.android.server.storage.StorageUserConnection$ActiveConnection$$ExternalSyntheticLambda0.onResult(Unknown Source:4)
09-16 13:19:30.709 561 699 E StorageManagerService: at android.os.RemoteCallback.sendResult(RemoteCallback.java:75)
09-16 13:19:30.709 561 699 E StorageManagerService: at android.os.RemoteCallback$1.sendResult(RemoteCallback.java:52)
09-16 13:19:30.709 561 699 E StorageManagerService: at android.os.IRemoteCallback$Stub.onTransact(IRemoteCallback.java:89)
09-16 13:19:30.709 561 699 E StorageManagerService: at android.os.Binder.execTransactInternal(Binder.java:1184)
09-16 13:19:30.709 561 699 E StorageManagerService: at android.os.Binder.execTransact(Binder.java:1143)
09-16 13:19:30.709 561 699 E StorageManagerService: Caused by: java.lang.IllegalArgumentException
09-16 13:19:30.709 561 699 E StorageManagerService: at java.lang.reflect.Constructor.newInstance0(Native Method)
09-16 13:19:30.709 561 699 E StorageManagerService: at java.lang.reflect.Constructor.newInstance(Constructor.java:343)
09-16 13:19:30.709 561 699 E StorageManagerService: at android.os.ParcelableException.readFromParcel(ParcelableException.java:56)
09-16 13:19:30.709 561 699 E StorageManagerService: ... 16 more
09-16 13:19:30.713 840 840 D StorageNotification: Notifying about public volume: VolumeInfo{public:179,97}:
09-16 13:19:30.713 840 840 D StorageNotification: type=PUBLIC diskId=disk:179,96 partGuid= mountFlags=VISIBLE mountUserId=0
09-16 13:19:30.713 840 840 D StorageNotification: state=UNMOUNTED
09-16 13:19:30.713 840 840 D StorageNotification: fsType=null fsUuid=null fsLabel=null
09-16 13:19:30.713 840 840 D StorageNotification: path=null internalPath=null
09-16 13:19:30.715 561 699 I StorageSessionController: Notifying volume state changed for session with id: emulated;0
09-16 13:19:30.718 1279 1360 I ExternalStorageServiceImpl: Ignoring volume state for vol:external_primary. State: checking
09-16 13:19:30.727 1279 1360 V MediaStore: Examining volume emulated;0 with name external_primary and state mounted
09-16 13:19:30.727 1279 1360 V MediaStore: Examining volume public:179,97 with name 3c6c-37ec and state mounted
09-16 13:19:30.748 212 212 I lowmemorykiller: Kill 'com.android.traceur' (1307), uid 10027, oom_score_adj 915 to free 88368kB rss, 0kB swap; reason: device is in direct reclaim and thrashing (3100%)
09-16 13:19:30.819 384 384 I Zygote : Process 1307 exited due to signal 9 (Killed)
09-16 13:19:30.821 561 675 I ActivityManager: Process com.android.traceur (pid 1307) has died: cch+15 CEM
09-16 13:19:30.828 1279 1279 V MediaStore: Examining volume emulated;0 with name external_primary and state mounted
09-16 13:19:30.828 1279 1279 V MediaStore: Examining volume public:179,97 with name 3c6c-37ec and state mounted
09-16 13:19:30.837 561 699 I StorageSessionController: Notifying volume state changed for session with id: emulated;0
09-16 13:19:30.854 1279 1279 V MediaStore: Examining volume emulated;0 with name external_primary and state mounted
09-16 13:19:30.854 1279 1279 V MediaStore: Examining volume public:179,97 with name 3c6c-37ec and state mounted
09-16 13:19:30.912 840 840 W TouchableRegionManager: onHeadsUpPinnedModeChanged
09-16 13:19:30.935 1110 1110 D CompatibilityChangeReporter: Compat change id reported: 171228096; UID 10054; state: ENABLED
09-16 13:19:30.937 840 840 D StatusBar: disable disable2
09-16 13:19:20.640 1185 1185 I getprop : type=1400 audit(0.0:1744): avc: denied { getattr } for path="/dev/__properties__/u:object_r:cf_graphics_config_prop:s0" dev="tmpfs" ino=68 scontext=u:r:shell:s0 tcontext=u:object_r:cf_graphics_config_prop:s0 tclass=file permissive=1
09-16 13:19:20.640 1185 1185 I getprop : type=1400 audit(0.0:1745): avc: denied { map } for path="/dev/__properties__/u:object_r:cf_graphics_config_prop:s0" dev="tmpfs" ino=68 scontext=u:r:shell:s0 tcontext=u:object_r:cf_graphics_config_prop:s0 tclass=file permissive=1
09-16 13:19:20.640 1185 1185 I getprop : type=1400 audit(0.0:1746): avc: denied { open } for path="/dev/__properties__/u:object_r:charger_config_prop:s0" dev="tmpfs" ino=69 scontext=u:r:shell:s0 tcontext=u:object_r:charger_config_prop:s0 tclass=file permissive=1
09-16 13:19:31.085 561 675 D CompatibilityChangeReporter: Compat change id reported: 168419799; UID 10063; state: DISABLED
09-16 13:19:31.093 561 631 I libprocessgroup: Successfully killed process cgroup uid 10027 pid 1307 in 0ms
09-16 13:19:31.105 1512 1512 V GraphicsEnvironment: ANGLE Developer option for 'com.android.dynsystem' set to: 'default'
09-16 13:19:31.106 1512 1512 V GraphicsEnvironment: Neither updatable production driver nor prerelease driver is supported.
09-16 13:19:31.112 1512 1512 D NetworkSecurityConfig: No Network Security Config specified, using platform default
09-16 13:19:31.113 1512 1512 D NetworkSecurityConfig: No Network Security Config specified, using platform default
09-16 13:19:31.113 561 561 W Looper : Slow dispatch took 183ms main h=com.android.server.job.JobSchedulerService$JobHandler c=null m=4
09-16 13:19:20.640 1185 1185 I getprop : type=1400 audit(0.0:1747): avc: denied { getattr } for path="/dev/__properties__/u:object_r:charger_config_prop:s0" dev="tmpfs" ino=69 scontext=u:r:shell:s0 tcontext=u:object_r:charger_config_prop:s0 tclass=file permissive=1
09-16 13:19:31.138 561 1287 I BackupManagerService: [UserID:0] Found 3 stale backup journal(s), scheduling.
09-16 13:19:31.139 1279 1360 V MediaStore: Examining volume emulated;0 with name external_primary and state mounted
09-16 13:19:31.139 1279 1360 V MediaStore: Examining volume public:179,97 with name 3c6c-37ec and state mounted
09-16 13:19:31.158 1279 1547 I MediaProvider: Begin Intent { act=com.android.providers.media.action.SCAN_VOLUME (has extras) }
09-16 13:19:31.162 1512 1512 D DynamicSystemInstallationService: onStartCommand(): action=android.os.image.action.NOTIFY_IF_IN_USE
09-16 13:19:31.165 561 1404 I DynamicSystemService: isInstalled(): false
09-16 13:19:20.640 1185 1185 I getprop : type=1400 audit(0.0:1748): avc: denied { map } for path="/dev/__properties__/u:object_r:charger_config_prop:s0" dev="tmpfs" ino=69 scontext=u:r:shell:s0 tcontext=u:object_r:charger_config_prop:s0 tclass=file permissive=1
09-16 13:19:31.170 561 629 I BroadcastQueue: Resuming delayed broadcast
09-16 13:19:31.204 447 594 D installd: Found quota mount /dev/block/platform/bus@f0000/fa10000.mmc/by-name/userdata at /data
09-16 13:19:31.204 447 594 D installd: Found quota mount /dev/block/platform/bus@f0000/fa10000.mmc/by-name/userdata at /data/user/0
09-16 13:19:31.206 447 594 D installd: Found quota mount /dev/block/platform/bus@f0000/fa10000.mmc/by-name/userdata at /mnt/pass_through/0/emulated
09-16 13:19:31.207 447 594 D installd: Found quota mount /dev/block/platform/bus@f0000/fa10000.mmc/by-name/userdata at /mnt/androidwritable/0/emulated/0/Android/data
09-16 13:19:31.207 447 594 D installd: Found quota mount /dev/block/platform/bus@f0000/fa10000.mmc/by-name/userdata at /mnt/installer/0/emulated/0/Android/data
09-16 13:19:31.207 447 594 D installd: Found quota mount /dev/block/platform/bus@f0000/fa10000.mmc/by-name/userdata at /mnt/user/0/emulated/0/Android/data
09-16 13:19:31.207 447 594 D installd: Found quota mount /dev/block/platform/bus@f0000/fa10000.mmc/by-name/userdata at /storage/emulated/0/Android/data
09-16 13:19:31.207 447 594 D installd: Found quota mount /dev/block/platform/bus@f0000/fa10000.mmc/by-name/userdata at /mnt/androidwritable/0/emulated/0/Android/obb
09-16 13:19:31.207 447 594 D installd: Found quota mount /dev/block/platform/bus@f0000/fa10000.mmc/by-name/userdata at /mnt/installer/0/emulated/0/Android/obb
09-16 13:19:31.207 447 594 D installd: Found quota mount /dev/block/platform/bus@f0000/fa10000.mmc/by-name/userdata at /mnt/user/0/emulated/0/Android/obb
09-16 13:19:20.640 1185 1185 I getprop : type=1400 audit(0.0:1749): avc: denied { open } for path="/dev/__properties__/u:object_r:charger_prop:s0" dev="tmpfs" ino=70 scontext=u:r:shell:s0 tcontext=u:object_r:charger_prop:s0 tclass=file permissive=1
09-16 13:19:20.640 1185 1185 I getprop : type=1400 audit(0.0:1750): avc: denied { getattr } for path="/dev/__properties__/u:object_r:charger_prop:s0" dev="tmpfs" ino=70 scontext=u:r:shell:s0 tcontext=u:object_r:charger_prop:s0 tclass=file permissive=1
09-16 13:19:20.640 1185 1185 I getprop : type=1400 audit(0.0:1751): avc: denied { map } for path="/dev/__properties__/u:object_r:charger_prop:s0" dev="tmpfs" ino=70 scontext=u:r:shell:s0 tcontext=u:object_r:charger_prop:s0 tclass=file permissive=1
09-16 13:19:31.207 447 594 D installd: Found quota mount /dev/block/platform/bus@f0000/fa10000.mmc/by-name/userdata at /storage/emulated/0/Android/obb
09-16 13:19:31.208 1279 1279 V MediaStore: Examining volume emulated;0 with name external_primary and state mounted
09-16 13:19:31.209 1279 1279 V MediaStore: Examining volume public:179,97 with name 3c6c-37ec and state mounted
09-16 13:19:31.210 447 594 D installd: Found storage mount /dev/block/platform/bus@f0000/fa10000.mmc/by-name/userdata at /mnt/pass_through/0/emulated
09-16 13:19:31.211 447 594 D installd: Found storage mount /dev/block/vold/public:179,97 at /mnt/pass_through/0/3C6C-37EC
09-16 13:19:31.211 447 594 D installd: Found storage mount at /mnt/pass_through/0/3C6C-37EC
09-16 13:19:31.213 561 629 D CompatibilityChangeReporter: Compat change id reported: 168419799; UID 10051; state: DISABLED
09-16 13:19:31.226 561 699 I StorageSessionController: Notifying volume state changed for session with id: public:179,97
09-16 13:19:31.227 1213 1213 I SystemBroadcastReceiver: Boot has been completed
09-16 13:19:31.228 1213 1213 I SystemBroadcastReceiver: toggleAppIcon() : FLAG_SYSTEM = true
09-16 13:19:31.230 1279 1360 I ExternalStorageServiceImpl: Ignoring volume state for vol:null. State: checking
09-16 13:19:31.249 1279 1360 V MediaStore: Examining volume emulated;0 with name external_primary and state mounted
09-16 13:19:31.249 1279 1360 V MediaStore: Examining volume public:179,97 with name 3c6c-37ec and state mounted
09-16 13:19:31.268 1279 1279 V MediaStore: Examining volume emulated;0 with name external_primary and state mounted
09-16 13:19:31.268 1279 1279 V MediaStore: Examining volume public:179,97 with name 3c6c-37ec and state mounted
09-16 13:19:20.640 1185 1185 I getprop : type=1400 audit(0.0:1752): avc: denied { open } for path="/dev/__properties__/u:object_r:charger_status_prop:s0" dev="tmpfs" ino=71 scontext=u:r:shell:s0 tcontext=u:object_r:charger_status_prop:s0 tclass=file permissive=1
09-16 13:19:31.305 561 699 I StorageSessionController: Notifying volume state changed for session with id: public:179,97
09-16 13:19:20.640 1185 1185 I getprop : type=1400 audit(0.0:1753): avc: denied { getattr } for path="/dev/__properties__/u:object_r:charger_status_prop:s0" dev="tmpfs" ino=71 scontext=u:r:shell:s0 tcontext=u:object_r:charger_status_prop:s0 tclass=file permissive=1
09-16 13:19:20.640 1185 1185 I getprop : type=1400 audit(0.0:1754): avc: denied { map } for path="/dev/__properties__/u:object_r:charger_status_prop:s0" dev="tmpfs" ino=71 scontext=u:r:shell:s0 tcontext=u:object_r:charger_status_prop:s0 tclass=file permissive=1
09-16 13:19:31.363 1279 1360 V MediaStore: Examining volume emulated;0 with name external_primary and state mounted
09-16 13:19:31.363 1279 1360 V MediaStore: Examining volume public:179,97 with name 3c6c-37ec and state mounted
09-16 13:19:20.640 1185 1185 I getprop : type=1400 audit(0.0:1755): avc: denied { open } for path="/dev/__properties__/u:object_r:cold_boot_done_prop:s0" dev="tmpfs" ino=73 scontext=u:r:shell:s0 tcontext=u:object_r:cold_boot_done_prop:s0 tclass=file permissive=1
09-16 13:19:31.382 561 675 I ActivityManager: com.android.managedprovisioning is exempt from freezer
09-16 13:19:31.384 561 675 D CompatibilityChangeReporter: Compat change id reported: 135634846; UID 10015; state: DISABLED
09-16 13:19:31.384 447 594 D installd: Found quota mount /dev/block/platform/bus@f0000/fa10000.mmc/by-name/userdata at /data
09-16 13:19:31.385 447 594 D installd: Found quota mount /dev/block/platform/bus@f0000/fa10000.mmc/by-name/userdata at /data/user/0
09-16 13:19:31.387 447 594 D installd: Found quota mount /dev/block/platform/bus@f0000/fa10000.mmc/by-name/userdata at /mnt/pass_through/0/emulated
09-16 13:19:31.387 447 594 D installd: Found quota mount /dev/block/platform/bus@f0000/fa10000.mmc/by-name/userdata at /mnt/androidwritable/0/emulated/0/Android/data
09-16 13:19:31.387 447 594 D installd: Found quota mount /dev/block/platform/bus@f0000/fa10000.mmc/by-name/userdata at /mnt/installer/0/emulated/0/Android/data
09-16 13:19:31.387 447 594 D installd: Found quota mount /dev/block/platform/bus@f0000/fa10000.mmc/by-name/userdata at /mnt/user/0/emulated/0/Android/data
09-16 13:19:31.387 447 594 D installd: Found quota mount /dev/block/platform/bus@f0000/fa10000.mmc/by-name/userdata at /storage/emulated/0/Android/data
09-16 13:19:31.387 447 594 D installd: Found quota mount /dev/block/platform/bus@f0000/fa10000.mmc/by-name/userdata at /mnt/androidwritable/0/emulated/0/Android/obb
09-16 13:19:31.387 447 594 D installd: Found quota mount /dev/block/platform/bus@f0000/fa10000.mmc/by-name/userdata at /mnt/installer/0/emulated/0/Android/obb
09-16 13:19:31.387 447 594 D installd: Found quota mount /dev/block/platform/bus@f0000/fa10000.mmc/by-name/userdata at /mnt/user/0/emulated/0/Android/obb
09-16 13:19:31.387 447 594 D installd: Found quota mount /dev/block/platform/bus@f0000/fa10000.mmc/by-name/userdata at /storage/emulated/0/Android/obb
09-16 13:19:31.387 561 675 D CompatibilityChangeReporter: Compat change id reported: 177438394; UID 10015; state: DISABLED
09-16 13:19:31.390 561 675 D CompatibilityChangeReporter: Compat change id reported: 135772972; UID 10015; state: DISABLED
09-16 13:19:31.392 561 675 D CompatibilityChangeReporter: Compat change id reported: 135754954; UID 10015; state: ENABLED
09-16 13:19:31.393 447 594 D installd: Found storage mount /dev/block/platform/bus@f0000/fa10000.mmc/by-name/userdata at /mnt/pass_through/0/emulated
09-16 13:19:31.393 561 630 D CompatibilityChangeReporter: Compat change id reported: 143937733; UID 10015; state: ENABLED
09-16 13:19:31.394 447 594 D installd: Found storage mount /dev/block/vold/public:179,97 at /mnt/pass_through/0/3C6C-37EC
09-16 13:19:31.394 447 594 D installd: Found storage mount at /mnt/pass_through/0/3C6C-37EC
09-16 13:19:31.411 561 699 D StorageManagerService: Volume emulated;0 broadcasting mounted to UserHandle{0}
09-16 13:19:31.421 561 699 D StorageManagerService: Volume public:179,97 broadcasting mounted to UserHandle{0}
09-16 13:19:31.425 561 699 D StorageManagerService: Volume emulated;0 broadcasting mounted to UserHandle{0}
09-16 13:19:20.640 1185 1185 I getprop : type=1400 audit(0.0:1756): avc: denied { getattr } for path="/dev/__properties__/u:object_r:cold_boot_done_prop:s0" dev="tmpfs" ino=73 scontext=u:r:shell:s0 tcontext=u:object_r:cold_boot_done_prop:s0 tclass=file permissive=1
09-16 13:19:31.427 561 699 D StorageManagerService: Volume public:179,97 broadcasting checking to UserHandle{0}
09-16 13:19:31.436 1279 1279 V MediaStore: Examining volume emulated;0 with name external_primary and state mounted
09-16 13:19:31.436 1279 1279 V MediaStore: Examining volume public:179,97 with name 3c6c-37ec and state mounted
09-16 13:19:31.440 561 699 D StorageManagerService: Volume public:179,97 broadcasting mounted to UserHandle{0}
09-16 13:19:31.486 384 384 D Zygote : Forked child process 1554
09-16 13:19:31.487 561 630 W ActivityManager: Slow operation: 108ms so far, now at startProcess: returned from zygote!
09-16 13:19:31.488 561 630 W ActivityManager: Slow operation: 109ms so far, now at startProcess: done updating battery stats
09-16 13:19:31.488 561 630 W ActivityManager: Slow operation: 110ms so far, now at startProcess: building log message
09-16 13:19:31.488 561 630 I ActivityManager: Start proc 1554:com.android.managedprovisioning/u0a15 for broadcast {com.android.managedprovisioning/com.android.managedprovisioning.BootReminder}
09-16 13:19:31.488 561 630 W ActivityManager: Slow operation: 110ms so far, now at startProcess: starting to update pids map
09-16 13:19:31.489 561 630 W ActivityManager: Slow operation: 110ms so far, now at startProcess: done updating pids map
09-16 13:19:31.489 1279 1279 V MediaStore: Examining volume emulated;0 with name external_primary and state mounted
09-16 13:19:31.489 1279 1279 V MediaStore: Examining volume public:179,97 with name 3c6c-37ec and state mounted
09-16 13:19:20.640 1185 1185 I getprop : type=1400 audit(0.0:1757): avc: denied { map } for path="/dev/__properties__/u:object_r:cold_boot_done_prop:s0" dev="tmpfs" ino=73 scontext=u:r:shell:s0 tcontext=u:object_r:cold_boot_done_prop:s0 tclass=file permissive=1
09-16 13:19:31.514 1279 1547 V MediaProvider: onConfigure() for internal.db
09-16 13:19:31.521 561 1287 I BackupManagerService: [UserID:0] Stale backup journals: Scheduled 10 package(s) total
09-16 13:19:31.533 1554 1554 I Zygote : seccomp disabled by setenforce 0
09-16 13:19:31.562 1279 1547 V MediaProvider: onOpen() for internal.db
09-16 13:19:31.563 1279 1547 V MediaProvider: onOpen() finished for internal.db
09-16 13:19:31.570 475 489 I adbd : jdwp connection from 1554
09-16 13:19:31.599 561 758 D CompatibilityChangeReporter: Compat change id reported: 168419799; UID 10015; state: DISABLED
09-16 13:19:31.632 1554 1554 D CompatibilityChangeReporter: Compat change id reported: 171979766; UID 10015; state: ENABLED
09-16 13:19:20.640 1185 1185 I getprop : type=1400 audit(0.0:1758): avc: denied { open } for path="/dev/__properties__/u:object_r:cpu_variant_prop:s0" dev="tmpfs" ino=76 scontext=u:r:shell:s0 tcontext=u:object_r:cpu_variant_prop:s0 tclass=file permissive=1
09-16 13:19:31.735 561 758 D CompatibilityChangeReporter: Compat change id reported: 149924527; UID 10063; state: ENABLED
09-16 13:19:31.739 561 758 D CompatibilityChangeReporter: Compat change id reported: 132649864; UID 10063; state: DISABLED
09-16 13:19:31.754 561 1025 D CompatibilityChangeReporter: Compat change id reported: 182734110; UID 10063; state: DISABLED
09-16 13:19:20.640 1185 1185 I getprop : type=1400 audit(0.0:1759): avc: denied { getattr } for path="/dev/__properties__/u:object_r:cpu_variant_prop:s0" dev="tmpfs" ino=76 scontext=u:r:shell:s0 tcontext=u:object_r:cpu_variant_prop:s0 tclass=file permissive=1
09-16 13:19:20.640 1185 1185 I getprop : type=1400 audit(0.0:1760): avc: denied { map } for path="/dev/__properties__/u:object_r:cpu_variant_prop:s0" dev="tmpfs" ino=76 scontext=u:r:shell:s0 tcontext=u:object_r:cpu_variant_prop:s0 tclass=file permissive=1
09-16 13:19:31.788 1110 1166 D LoaderTask: loadWorkspace: loading default favorites
09-16 13:19:20.640 1185 1185 I getprop : type=1400 audit(0.0:1761): avc: denied { open } for path="/dev/__properties__/u:object_r:ctl_apexd_prop:s0" dev="tmpfs" ino=78 scontext=u:r:shell:s0 tcontext=u:object_r:ctl_apexd_prop:s0 tclass=file permissive=1
09-16 13:19:20.640 1185 1185 I getprop : type=1400 audit(0.0:1762): avc: denied { getattr } for path="/dev/__properties__/u:object_r:ctl_apexd_prop:s0" dev="tmpfs" ino=78 scontext=u:r:shell:s0 tcontext=u:object_r:ctl_apexd_prop:s0 tclass=file permissive=1
09-16 13:19:20.640 1185 1185 I getprop : type=1400 audit(0.0:1763): avc: denied { map } for path="/dev/__properties__/u:object_r:ctl_apexd_prop:s0" dev="tmpfs" ino=78 scontext=u:r:shell:s0 tcontext=u:object_r:ctl_apexd_prop:s0 tclass=file permissive=1
09-16 13:19:31.846 1110 1166 D LoaderTask: loadWorkspace
09-16 13:19:31.852 1110 1166 D LoaderTask: sanitizeData
09-16 13:19:31.863 1110 1166 D LoaderTask: bindWorkspace
09-16 13:19:20.644 1185 1185 I getprop : type=1400 audit(0.0:1764): avc: denied { open } for path="/dev/__properties__/u:object_r:ctl_bootanim_prop:s0" dev="tmpfs" ino=79 scontext=u:r:shell:s0 tcontext=u:object_r:ctl_bootanim_prop:s0 tclass=file permissive=1
09-16 13:19:31.874 1110 1166 D LoaderTask: sendFirstScreenActiveInstallsBroadcast
09-16 13:19:20.644 1185 1185 I getprop : type=1400 audit(0.0:1765): avc: denied { getattr } for path="/dev/__properties__/u:object_r:ctl_bootanim_prop:s0" dev="tmpfs" ino=79 scontext=u:r:shell:s0 tcontext=u:object_r:ctl_bootanim_prop:s0 tclass=file permissive=1
09-16 13:19:20.644 1185 1185 I getprop : type=1400 audit(0.0:1766): avc: denied { map } for path="/dev/__properties__/u:object_r:ctl_bootanim_prop:s0" dev="tmpfs" ino=79 scontext=u:r:shell:s0 tcontext=u:object_r:ctl_bootanim_prop:s0 tclass=file permissive=1
09-16 13:19:31.998 241 547 W ServiceManager: Permission failure: android.permission.ACCESS_SURFACE_FLINGER from uid=10054 pid=1110
09-16 13:19:31.998 241 547 D PermissionCache: checking android.permission.ACCESS_SURFACE_FLINGER for uid=10054 => denied (1298 us)
09-16 13:19:32.008 241 547 D PermissionCache: checking android.permission.ROTATE_SURFACE_FLINGER for uid=10054 => granted (9860 us)
09-16 13:19:32.013 561 623 D CompatibilityChangeReporter: Compat change id reported: 158002302; UID 10054; state: ENABLED
09-16 13:19:20.644 1185 1185 I getprop : type=1400 audit(0.0:1767): avc: denied { open } for path="/dev/__properties__/u:object_r:ctl_default_prop:s0" dev="tmpfs" ino=82 scontext=u:r:shell:s0 tcontext=u:object_r:ctl_default_prop:s0 tclass=file permissive=1
09-16 13:19:32.046 840 850 I ndroid.systemu: Background concurrent copying GC freed 19080(1014KB) AllocSpace objects, 0(0B) LOS objects, 20% free, 8053KB/10101KB, paused 2.551ms total 805.480ms
09-16 13:19:20.644 1185 1185 I getprop : type=1400 audit(0.0:1768): avc: denied { getattr } for path="/dev/__properties__/u:object_r:ctl_default_prop:s0" dev="tmpfs" ino=82 scontext=u:r:shell:s0 tcontext=u:object_r:ctl_default_prop:s0 tclass=file permissive=1
09-16 13:19:32.101 1554 1554 V GraphicsEnvironment: ANGLE Developer option for 'com.android.managedprovisioning' set to: 'default'
09-16 13:19:32.101 1554 1554 V GraphicsEnvironment: Neither updatable production driver nor prerelease driver is supported.
09-16 13:19:32.106 1554 1554 D NetworkSecurityConfig: No Network Security Config specified, using platform default
09-16 13:19:32.107 1554 1554 D NetworkSecurityConfig: No Network Security Config specified, using platform default
09-16 13:19:20.644 1185 1185 I getprop : type=1400 audit(0.0:1769): avc: denied { map } for path="/dev/__properties__/u:object_r:ctl_default_prop:s0" dev="tmpfs" ino=82 scontext=u:r:shell:s0 tcontext=u:object_r:ctl_default_prop:s0 tclass=file permissive=1
09-16 13:19:20.644 1185 1185 I getprop : type=1400 audit(0.0:1770): avc: denied { open } for path="/dev/__properties__/u:object_r:ctl_fuse_prop:s0" dev="tmpfs" ino=84 scontext=u:r:shell:s0 tcontext=u:object_r:ctl_fuse_prop:s0 tclass=file permissive=1
09-16 13:19:20.644 1185 1185 I getprop : type=1400 audit(0.0:1771): avc: denied { getattr } for path="/dev/__properties__/u:object_r:ctl_fuse_prop:s0" dev="tmpfs" ino=84 scontext=u:r:shell:s0 tcontext=u:object_r:ctl_fuse_prop:s0 tclass=file permissive=1
09-16 13:19:32.173 840 855 I OpenGLRenderer: Davey! duration=1041ms; Flags=1, FrameTimelineVsyncId=731, IntendedVsync=66891231159, Vsync=67243879392, InputEventId=0, HandleInputStart=67247279920, AnimationStart=67247282795, PerformTraversalsStart=67249034755, DrawStart=67828483330, FrameDeadline=66908023932, FrameInterval=67247269535, FrameStartTime=16792773, SyncQueued=67884351660, SyncStart=67950421165, IssueDrawCommandsStart=67954559720, SwapBuffers=67994983090, FrameCompleted=67998683805, DequeueBufferDuration=0, QueueBufferDuration=3158075, GpuCompleted=67994967650, SwapBuffersCompleted=67998683805, DisplayPresentTime=64,
09-16 13:19:32.201 1554 1554 I CarUiInstaller: CarUiInstaller started for com.android.managedprovisioning
09-16 13:19:32.205 840 840 D StorageNotification: Notifying about public volume: VolumeInfo{public:179,97}:
09-16 13:19:32.205 840 840 D StorageNotification: type=PUBLIC diskId=disk:179,96 partGuid= mountFlags=VISIBLE mountUserId=0
09-16 13:19:32.205 840 840 D StorageNotification: state=CHECKING
09-16 13:19:32.205 840 840 D StorageNotification: fsType=null fsUuid=null fsLabel=null
09-16 13:19:32.205 840 840 D StorageNotification: path=null internalPath=null
09-16 13:19:20.644 1185 1185 I getprop : type=1400 audit(0.0:1772): avc: denied { map } for path="/dev/__properties__/u:object_r:ctl_fuse_prop:s0" dev="tmpfs" ino=84 scontext=u:r:shell:s0 tcontext=u:object_r:ctl_fuse_prop:s0 tclass=file permissive=1
09-16 13:19:20.652 1185 1185 I getprop : type=1400 audit(0.0:1773): avc: denied { open } for path="/dev/__properties__/u:object_r:lowpan_prop:s0" dev="tmpfs" ino=171 scontext=u:r:shell:s0 tcontext=u:object_r:lowpan_prop:s0 tclass=file permissive=1
09-16 13:19:21.836 1199 1199 I getprop : type=1400 audit(0.0:1774): avc: denied { open } for path="/dev/__properties__/u:object_r:aac_drc_prop:s0" dev="tmpfs" ino=33 scontext=u:r:shell:s0 tcontext=u:object_r:aac_drc_prop:s0 tclass=file permissive=1
09-16 13:19:32.240 561 758 D CompatibilityChangeReporter: Compat change id reported: 168419799; UID 10013; state: DISABLED
09-16 13:19:32.241 840 840 D StorageNotification: Notifying about public volume: VolumeInfo{public:179,97}:
09-16 13:19:32.241 840 840 D StorageNotification: type=PUBLIC diskId=disk:179,96 partGuid= mountFlags=VISIBLE mountUserId=0
09-16 13:19:32.241 840 840 D StorageNotification: state=MOUNTED
09-16 13:19:32.241 840 840 D StorageNotification: fsType=vfat fsUuid=3C6C-37EC fsLabel=boot
09-16 13:19:32.241 840 840 D StorageNotification: path=/storage/3C6C-37EC internalPath=/mnt/media_rw/3C6C-37EC
09-16 13:19:32.246 1435 1435 D NetworkSecurityConfig: No Network Security Config specified, using platform default
09-16 13:19:21.836 1199 1199 I getprop : type=1400 audit(0.0:1775): avc: denied { getattr } for path="/dev/__properties__/u:object_r:aac_drc_prop:s0" dev="tmpfs" ino=33 scontext=u:r:shell:s0 tcontext=u:object_r:aac_drc_prop:s0 tclass=file permissive=1
09-16 13:19:32.263 1110 1110 D TouchInteractionService: Touch service connected: user=0
09-16 13:19:32.289 561 675 D CompatibilityChangeReporter: Compat change id reported: 135634846; UID 10046; state: DISABLED
09-16 13:19:32.290 561 675 D CompatibilityChangeReporter: Compat change id reported: 177438394; UID 10046; state: DISABLED
09-16 13:19:32.291 561 675 D CompatibilityChangeReporter: Compat change id reported: 135772972; UID 10046; state: DISABLED
09-16 13:19:32.292 561 675 D CompatibilityChangeReporter: Compat change id reported: 135754954; UID 10046; state: ENABLED
09-16 13:19:21.836 1199 1199 I getprop : type=1400 audit(0.0:1776): avc: denied { map } for path="/dev/__properties__/u:object_r:aac_drc_prop:s0" dev="tmpfs" ino=33 scontext=u:r:shell:s0 tcontext=u:object_r:aac_drc_prop:s0 tclass=file permissive=1
09-16 13:19:32.297 561 630 D CompatibilityChangeReporter: Compat change id reported: 143937733; UID 10046; state: ENABLED
09-16 13:19:32.368 384 384 D Zygote : Forked child process 1580
09-16 13:19:21.836 1199 1199 I getprop : type=1400 audit(0.0:1777): avc: denied { open } for path="/dev/__properties__/u:object_r:ab_update_gki_prop:s0" dev="tmpfs" ino=35 scontext=u:r:shell:s0 tcontext=u:object_r:ab_update_gki_prop:s0 tclass=file permissive=1
09-16 13:19:32.376 840 840 I Choreographer: Skipped 56 frames! The application may be doing too much work on its main thread.
09-16 13:19:32.379 561 630 W ActivityManager: Slow operation: 94ms so far, now at startProcess: returned from zygote!
09-16 13:19:32.381 561 630 W ActivityManager: Slow operation: 96ms so far, now at startProcess: done updating battery stats
09-16 13:19:32.381 561 630 W ActivityManager: Slow operation: 96ms so far, now at startProcess: building log message
09-16 13:19:32.381 561 630 I ActivityManager: Start proc 1580:com.android.onetimeinitializer/u0a46 for broadcast {com.android.onetimeinitializer/com.android.onetimeinitializer.OneTimeInitializerReceiver}
09-16 13:19:32.382 561 630 W ActivityManager: Slow operation: 96ms so far, now at startProcess: starting to update pids map
09-16 13:19:32.382 561 630 W ActivityManager: Slow operation: 96ms so far, now at startProcess: done updating pids map
09-16 13:19:32.393 1580 1580 I Zygote : seccomp disabled by setenforce 0
09-16 13:19:21.836 1199 1199 I getprop : type=1400 audit(0.0:1778): avc: denied { getattr } for path="/dev/__properties__/u:object_r:ab_update_gki_prop:s0" dev="tmpfs" ino=35 scontext=u:r:shell:s0 tcontext=u:object_r:ab_update_gki_prop:s0 tclass=file permissive=1
09-16 13:19:32.450 561 561 W NotificationHistory: Attempted to add notif for locked/gone/disabled user 0
09-16 13:19:32.475 475 489 I adbd : jdwp connection from 1580
09-16 13:19:21.836 1199 1199 I getprop : type=1400 audit(0.0:1779): avc: denied { map } for path="/dev/__properties__/u:object_r:ab_update_gki_prop:s0" dev="tmpfs" ino=35 scontext=u:r:shell:s0 tcontext=u:object_r:ab_update_gki_prop:s0 tclass=file permissive=1
09-16 13:19:21.836 1199 1199 I getprop : type=1400 audit(0.0:1780): avc: denied { open } for path="/dev/__properties__/u:object_r:adbd_prop:s0" dev="tmpfs" ino=37 scontext=u:r:shell:s0 tcontext=u:object_r:adbd_prop:s0 tclass=file permissive=1
