09-16 13:23:05.090 840 1117 D BufferPoolAccessor2.0: bufferpool2 0xb400fa22f855e7d8 : 0(0 size) total buffers - 0(0 size) used buffers - 2/7 (recycle/alloc) - 5/18 (fetch/transfer)
09-16 13:23:05.091 840 1117 D BufferPoolAccessor2.0: Destruction - bufferpool2 0xb400fa22f855e7d8 cached: 0/0M, 0/0% in use; allocs: 7, 29% recycled; transfers: 18, 72% unfetched
09-16 13:23:05.113 465 1988 D SimpleC2Component: Using output block pool with poolID 27 => got 27 - 0
09-16 13:23:05.167 425 492 D AudioFlinger: Client defaulted notificationFrames to 11280 for frameCount 22560
09-16 13:23:05.175 425 492 D AF::TrackHandle: OpPlayAudio: track:57 usage:5 not muted
09-16 13:23:05.342 475 475 I adbd : UsbFfs: already offline
09-16 13:23:05.342 475 475 I adbd : authentication not required
09-16 13:23:05.580 1989 1989 I getprop : type=1400 audit(0.0:1872): avc: denied { open } for path="/dev/__properties__/u:object_r:aac_drc_prop:s0" dev="tmpfs" ino=33 scontext=u:r:shell:s0 tcontext=u:object_r:aac_drc_prop:s0 tclass=file permissive=1
09-16 13:23:05.580 1989 1989 I getprop : type=1400 audit(0.0:1873): avc: denied { getattr } for path="/dev/__properties__/u:object_r:aac_drc_prop:s0" dev="tmpfs" ino=33 scontext=u:r:shell:s0 tcontext=u:object_r:aac_drc_prop:s0 tclass=file permissive=1
09-16 13:23:05.580 1989 1989 I getprop : type=1400 audit(0.0:1874): avc: denied { map } for path="/dev/__properties__/u:object_r:aac_drc_prop:s0" dev="tmpfs" ino=33 scontext=u:r:shell:s0 tcontext=u:object_r:aac_drc_prop:s0 tclass=file permissive=1
09-16 13:23:05.580 1989 1989 I getprop : type=1400 audit(0.0:1875): avc: denied { open } for path="/dev/__properties__/u:object_r:ab_update_gki_prop:s0" dev="tmpfs" ino=35 scontext=u:r:shell:s0 tcontext=u:object_r:ab_update_gki_prop:s0 tclass=file permissive=1
09-16 13:23:05.580 1989 1989 I getprop : type=1400 audit(0.0:1876): avc: denied { getattr } for path="/dev/__properties__/u:object_r:ab_update_gki_prop:s0" dev="tmpfs" ino=35 scontext=u:r:shell:s0 tcontext=u:object_r:ab_update_gki_prop:s0 tclass=file permissive=1
09-16 13:23:05.760 425 500 D AudioFlinger: mixer(0xb400ebea2cc57a70) throttle end: throttle time(7)
09-16 13:23:07.112 425 500 D AudioFlinger: mixer(0xb400ebea2cc57a70) throttle end: throttle time(1)
09-16 13:23:07.205 459 1987 D CCodecBufferChannel: [c2.android.vorbis.decoder#133] buffers after EOS ignored (0 us)
09-16 13:23:07.205 459 1987 D CCodecBufferChannel: [c2.android.vorbis.decoder#133] buffers after EOS ignored (0 us)
09-16 13:23:07.205 459 1987 D CCodecBufferChannel: [c2.android.vorbis.decoder#133] buffers after EOS ignored (0 us)
09-16 13:23:07.206 459 1985 D AudioTrack: stop(8): called with 84672 frames delivered
09-16 13:23:07.698 561 675 I MediaFocusControl: abandonAudioFocus() from uid/pid 10057/840 clientId=android.media.AudioManager@7e48857
09-16 13:23:07.699 840 1979 V MediaPlayer: resetDrmState: mDrmInfo=null mDrmProvisioningThread=null mPrepareDrmInProgress=false mActiveDrmScheme=false
09-16 13:23:07.699 840 1979 V MediaPlayer: cleanDrmObj: mDrmObj=null mDrmSessionId=null
09-16 13:23:07.700 459 893 D NuPlayerDriver: reset(0xf5341af0) at state 6
09-16 13:23:07.704 459 1987 I hw-BpHwBinder: onLastStrongRef automatically unlinking death recipients
09-16 13:23:07.704 465 1135 I hw-BpHwBinder: onLastStrongRef automatically unlinking death recipients
09-16 13:23:07.705 465 1135 V C2Store : in ~ComponentModule
09-16 13:23:07.705 465 1135 V C2Store : unloading dll
09-16 13:23:07.710 459 1981 D NuPlayerDriver: notifyResetComplete(0xf5341af0)
09-16 13:23:07.711 459 893 W AMessage: failed to post message as target looper for handler 0 is gone.
09-16 13:23:10.084 465 839 D BufferPoolAccessor2.0: evictor expired: 1, evicted: 0
09-16 13:23:10.115 840 1116 D BufferPoolAccessor2.0: evictor expired: 1, evicted: 0
09-16 13:23:10.389 840 840 W TouchableRegionManager: onHeadsUpPinnedModeChanged
09-16 13:23:10.524 840 1152 W FrameTracker: Missed App frame:72
09-16 13:23:10.525 840 1152 W FrameTracker: Missing SF jank callback for vsyncId: 2548
09-16 13:23:10.525 840 1152 W FrameTracker: Missed App frame:8
09-16 13:23:10.525 840 1550 V PerfettoTrigger: Triggering /system/bin/trigger_perfetto com.android.telemetry.interaction-jank-monitor-12
09-16 13:23:10.957 840 840 D StatusBar: disable disable2
09-16 13:23:11.025 840 1550 W FrameTracker: Missed App frame:80
09-16 13:23:11.025 840 1550 W FrameTracker: Missed App frame:80
09-16 13:23:11.025 840 1550 W FrameTracker: Missing SF jank callback for vsyncId: 2609
09-16 13:23:11.026 840 1550 V PerfettoTrigger: Not triggering com.android.telemetry.interaction-jank-monitor-13 - not enough time since last trigger
09-16 13:23:11.082 459 1262 D BufferPoolAccessor2.0: evictor expired: 1, evicted: 0
09-16 13:23:12.081 475 475 I adbd : UsbFfs: offline
09-16 13:23:12.086 475 475 I adbd : authentication not required
09-16 13:23:12.132 1997 1997 I getprop : type=1400 audit(0.0:2223): avc: denied { open } for path="/dev/__properties__/u:object_r:aac_drc_prop:s0" dev="tmpfs" ino=33 scontext=u:r:shell:s0 tcontext=u:object_r:aac_drc_prop:s0 tclass=file permissive=1
09-16 13:23:12.132 1997 1997 I getprop : type=1400 audit(0.0:2224): avc: denied { getattr } for path="/dev/__properties__/u:object_r:aac_drc_prop:s0" dev="tmpfs" ino=33 scontext=u:r:shell:s0 tcontext=u:object_r:aac_drc_prop:s0 tclass=file permissive=1
09-16 13:23:12.132 1997 1997 I getprop : type=1400 audit(0.0:2225): avc: denied { map } for path="/dev/__properties__/u:object_r:aac_drc_prop:s0" dev="tmpfs" ino=33 scontext=u:r:shell:s0 tcontext=u:object_r:aac_drc_prop:s0 tclass=file permissive=1
09-16 13:23:12.132 1997 1997 I getprop : type=1400 audit(0.0:2226): avc: denied { open } for path="/dev/__properties__/u:object_r:ab_update_gki_prop:s0" dev="tmpfs" ino=35 scontext=u:r:shell:s0 tcontext=u:object_r:ab_update_gki_prop:s0 tclass=file permissive=1
09-16 13:23:12.132 1997 1997 I getprop : type=1400 audit(0.0:2227): avc: denied { getattr } for path="/dev/__properties__/u:object_r:ab_update_gki_prop:s0" dev="tmpfs" ino=35 scontext=u:r:shell:s0 tcontext=u:object_r:ab_update_gki_prop:s0 tclass=file permissive=1
09-16 13:23:13.083 459 1262 D BufferPoolAccessor2.0: bufferpool2 0xf12c3e08 : 0(0 size) total buffers - 0(0 size) used buffers - 170/178 (recycle/alloc) - 8/346 (fetch/transfer)
09-16 13:23:13.083 459 1262 D BufferPoolAccessor2.0: evictor expired: 1, evicted: 1
09-16 13:23:13.085 465 839 D BufferPoolAccessor2.0: bufferpool2 0xb400eb2ad004d348 : 0(0 size) total buffers - 0(0 size) used buffers - 167/171 (recycle/alloc) - 4/170 (fetch/transfer)
09-16 13:23:13.085 465 839 D BufferPoolAccessor2.0: evictor expired: 1, evicted: 1
09-16 13:23:14.085 475 475 W adbd : timeout expired while flushing socket, closing
09-16 13:24:10.773 561 621 I DropBoxManagerService: add tag=system_server_strictmode isTagEnabled=true flags=0x2
09-16 13:24:10.777 561 621 I DropBoxManagerService: add tag=system_server_strictmode isTagEnabled=true flags=0x2
09-16 13:24:10.779 561 621 I DropBoxManagerService: add tag=system_server_strictmode isTagEnabled=true flags=0x2
09-16 13:24:10.782 561 621 I DropBoxManagerService: add tag=system_server_strictmode isTagEnabled=true flags=0x2
09-16 13:24:10.784 561 621 I DropBoxManagerService: add tag=system_server_strictmode isTagEnabled=true flags=0x2
09-16 13:24:10.786 561 621 I DropBoxManagerService: add tag=system_server_strictmode isTagEnabled=true flags=0x2
09-16 13:24:10.789 561 621 I DropBoxManagerService: add tag=system_server_strictmode isTagEnabled=true flags=0x2
09-16 13:24:10.791 561 621 I DropBoxManagerService: add tag=system_server_strictmode isTagEnabled=true flags=0x2
09-16 13:24:10.793 561 621 I DropBoxManagerService: add tag=system_server_strictmode isTagEnabled=true flags=0x2
09-16 13:24:10.795 561 621 I DropBoxManagerService: add tag=system_server_strictmode isTagEnabled=true flags=0x2
09-16 13:29:28.578 561 688 D ActivityManager: froze 1304 com.android.keychain
09-16 13:29:30.085 561 688 D ActivityManager: froze 1451 com.android.dynsystem
09-16 13:29:31.165 561 688 D ActivityManager: froze 1489 com.android.localtransport
09-16 13:29:31.245 561 688 D ActivityManager: froze 1512 com.android.dynsystem:dynsystem
09-16 13:29:33.457 561 688 D ActivityManager: froze 1376 com.android.printspooler
09-16 13:29:33.789 561 688 D ActivityManager: froze 1580 com.android.onetimeinitializer
09-16 13:29:37.113 561 688 D ActivityManager: froze 1705 com.android.settings
09-16 13:29:38.017 561 688 D ActivityManager: froze 1763 com.android.statementservice
09-16 13:29:38.461 561 688 D ActivityManager: froze 1793 com.android.externalstorage
09-16 13:29:41.269 561 688 D ActivityManager: froze 1675 com.android.providers.calendar
09-16 13:29:57.129 561 688 D ActivityManager: froze 1416 android.process.acore
09-16 13:30:12.630 561 679 W DeviceIdleController: motion timeout went off and device isn't stationary
09-16 13:30:12.637 561 561 D CompatibilityChangeReporter: Compat change id reported: 168419799; UID 1000; state: DISABLED
09-16 13:30:12.637 417 417 E android.hardware.memtrack-service.img: Failed to open /proc/561/fdinfo directory: No such file or directory
09-16 13:30:12.637 417 417 W IMGMemtrackHAL: getMemoryRecords:543 Failed to read dmabuf fd references for pid 561
09-16 13:30:12.663 417 417 E android.hardware.memtrack-service.img: Failed to open /proc/1110/fdinfo directory: No such file or directory
09-16 13:30:12.663 417 417 W IMGMemtrackHAL: getMemoryRecords:543 Failed to read dmabuf fd references for pid 1110
09-16 13:30:12.679 417 417 E android.hardware.memtrack-service.img: Failed to open /proc/979/fdinfo directory: No such file or directory
09-16 13:30:12.680 417 417 W IMGMemtrackHAL: getMemoryRecords:543 Failed to read dmabuf fd references for pid 979
09-16 13:30:12.692 417 417 E android.hardware.memtrack-service.img: Failed to open /proc/1213/fdinfo directory: No such file or directory
09-16 13:30:12.692 417 417 W IMGMemtrackHAL: getMemoryRecords:543 Failed to read dmabuf fd references for pid 1213
09-16 13:30:12.705 417 417 E android.hardware.memtrack-service.img: Failed to open /proc/876/fdinfo directory: No such file or directory
09-16 13:30:12.706 417 417 W IMGMemtrackHAL: getMemoryRecords:543 Failed to read dmabuf fd references for pid 876
09-16 13:30:12.719 417 417 E android.hardware.memtrack-service.img: Failed to open /proc/840/fdinfo directory: No such file or directory
09-16 13:30:12.719 417 417 W IMGMemtrackHAL: getMemoryRecords:543 Failed to read dmabuf fd references for pid 840
09-16 13:30:13.705 561 2011 W system_server: ClassLoaderContext shared library size mismatch. Expected=1, found=0 (PCL[]{PCL[/vendor/framework/androidx.camera.extensions.impl.jar*2178592659]} | PCL[])
09-16 13:30:14.389 561 2011 I PackageDexOptimizer: Running dexopt (dexoptNeeded=1) on: /data/app/~~VqcU_sUUO2jivhk8VdVaqQ==/com.example.myapplication-imwTbBPwJu-n9evhM9ebZQ==/base.apk pkg=com.example.myapplication isa=arm64 dexoptFlags=boot_complete,debuggable,public,enable_hidden_api_checks targetFilter=extract oatDir=/data/app/~~VqcU_sUUO2jivhk8VdVaqQ==/com.example.myapplication-imwTbBPwJu-n9evhM9ebZQ==/oat classLoaderContext=PCL[]{}
09-16 13:30:14.394 447 594 V installd: DexInv: --- BEGIN '/data/app/~~VqcU_sUUO2jivhk8VdVaqQ==/com.example.myapplication-imwTbBPwJu-n9evhM9ebZQ==/base.apk' ---
09-16 13:30:14.394 447 594 V installd: Running /apex/com.android.art/bin/dex2oat64 in=base.apk out=/data/app/~~VqcU_sUUO2jivhk8VdVaqQ==/com.example.myapplication-imwTbBPwJu-n9evhM9ebZQ==/oat/arm64/base.odex
09-16 13:30:14.520 2013 2013 W dex2oat64: Mismatch between dex2oat instruction set features to use (ISA: Arm64 Feature string: a53,crc,-lse,-fp16,-dotprod,-sve) and those from CPP defines (ISA: Arm64 Feature string: -a53,-crc,-lse,-fp16,-dotprod,-sve) for the command line:
09-16 13:30:14.520 2013 2013 W dex2oat64: /apex/com.android.art/bin/dex2oat64 --zip-fd=7 --zip-location=base.apk --oat-fd=8 --oat-location=/data/app/~~VqcU_sUUO2jivhk8VdVaqQ==/com.example.myapplication-imwTbBPwJu-n9evhM9ebZQ==/oat/arm64/base.odex --input-vdex-fd=-1 --output-vdex-fd=9 --swap-fd=10 --classpath-dir=/data/app/~~VqcU_sUUO2jivhk8VdVaqQ==/com.example.myapplication-imwTbBPwJu-n9evhM9ebZQ== --class-loader-context=PCL[]{} --compact-dex-level=none --instruction-set=arm64 --instruction-set-features=default --instruction-set-variant=cortex-a53 --compiler-filter=extract --compilation-reason=post-boot --max-image-block-size=524288 --resolve-startup-const-strings=true --debuggable --generate-mini-debug-info --runtime-arg -Xtarget-sdk-version:32 --runtime-arg -Xhidden-api-policy:enabled --runtime-arg -Xms64m --runtime-arg -Xmx512m --compile-individually
09-16 13:30:14.521 2013 2013 I dex2oat64: /apex/com.android.art/bin/dex2oat64 --input-vdex-fd=-1 --output-vdex-fd=9 --classpath-dir=/data/app/~~VqcU_sUUO2jivhk8VdVaqQ==/com.example.myapplication-imwTbBPwJu-n9evhM9ebZQ== --class-loader-context=PCL[]{} --compact-dex-level=none --compiler-filter=extract --compilation-reason=post-boot --max-image-block-size=524288 --resolve-startup-const-strings=true --debuggable --generate-mini-debug-info --compile-individually
09-16 13:30:14.952 2013 2013 I dex2oat64: Explicit concurrent copying GC freed 10(13KB) AllocSpace objects, 0(0B) LOS objects, 99% free, 2880B/1538KB, paused 66us total 5.592ms
09-16 13:30:14.960 2013 2013 I dex2oat64: Explicit concurrent copying GC freed 10(15KB) AllocSpace objects, 0(0B) LOS objects, 99% free, 3272B/1539KB, paused 39us total 5.338ms
09-16 13:30:14.968 2013 2013 I dex2oat64: Explicit concurrent copying GC freed 10(15KB) AllocSpace objects, 0(0B) LOS objects, 99% free, 3664B/1539KB, paused 37us total 5.363ms
09-16 13:30:14.983 2013 2013 I dex2oat64: dex2oat took 481.819ms (428.673ms cpu) (threads: 4) arena alloc=0B (0B) java alloc=3664B (3664B) native alloc=687KB (704112B) free=1076KB (1102224B)
09-16 13:30:15.007 447 594 V installd: DexInv: --- END '/data/app/~~VqcU_sUUO2jivhk8VdVaqQ==/com.example.myapplication-imwTbBPwJu-n9evhM9ebZQ==/base.apk' (success) ---
09-16 13:30:15.514 561 2011 I BackgroundDexOptService: Pinning optimized code {com.example.myapplication}
09-16 13:30:20.665 561 688 D ActivityManager: froze 1644 com.android.permissioncontroller
09-16 13:31:24.343 475 475 W adbd : timeout expired while flushing socket, closing