root@kenlin:~# adb logcat --------- beginning of system
09-16 13:19:13.054 561 561 V StorageManagerService: Package com.android.inputmethod.latin does not have legacy storage
09-16 13:19:13.055 561 561 V StorageManagerService: Package com.android.managedprovisioning does not have legacy storage
09-16 13:19:13.055 561 561 V StorageManagerService: Package com.android.networkstack.tethering does not have legacy storage
09-16 13:19:13.055 561 561 V StorageManagerService: Package com.android.soundpicker does not have legacy storage
09-16 13:19:13.055 561 561 V StorageManagerService: Package com.android.dreams.phototable does not have legacy storage
09-16 13:19:13.055 561 561 V StorageManagerService: Package com.android.smspush does not have legacy storage
09-16 13:19:13.055 561 561 V StorageManagerService: Package com.android.wallpaper.livepicker does not have legacy storage
09-16 13:19:13.055 561 561 V StorageManagerService: Package com.android.storagemanager does not have legacy storage
09-16 13:19:13.055 561 561 V StorageManagerService: Package com.android.bookmarkprovider does not have legacy storage
09-16 13:19:13.056 561 561 V StorageManagerService: Package com.android.settings does not have legacy storage
09-16 13:19:13.056 561 561 V StorageManagerService: Package com.android.networkstack.permissionconfig does not have legacy storage
09-16 13:19:13.056 561 561 V StorageManagerService: Package com.android.cts.ctsshim does not have legacy storage
09-16 13:19:13.056 561 561 V StorageManagerService: Package com.example.android.systemupdatersample does not have legacy storage
09-16 13:19:13.085 561 561 V StorageManagerService: Package com.android.vpndialogs does not have legacy storage
09-16 13:19:13.086 561 561 V StorageManagerService: Package com.android.phone does not have legacy storage
09-16 13:19:13.086 561 561 V StorageManagerService: Package com.android.shell does not have legacy storage
09-16 13:19:13.086 561 561 V StorageManagerService: Package com.android.wallpaperbackup does not have legacy storage
09-16 13:19:13.086 561 561 V StorageManagerService: Package com.example.myapplication does not have legacy storage
09-16 13:19:13.087 561 561 V StorageManagerService: Package com.android.providers.blockednumber does not have legacy storage
09-16 13:19:13.087 561 561 V StorageManagerService: Package com.android.providers.userdictionary does not have legacy storage
09-16 13:19:13.087 561 561 V StorageManagerService: Package com.android.providers.media.module does not have legacy storage
09-16 13:19:13.088 561 561 V StorageManagerService: Package com.android.hotspot2.osulogin does not have legacy storage
09-16 13:19:13.088 561 561 V StorageManagerService: Package com.android.internal.systemui.navbar.gestural does not have legacy storage
09-16 13:19:13.089 561 561 V StorageManagerService: Package com.example.android.aardwolf does not have legacy storage
09-16 13:19:13.089 561 561 V StorageManagerService: Package com.android.location.fused does not have legacy storage
09-16 13:19:13.089 561 561 V StorageManagerService: Package com.android.systemui does not have legacy storage
09-16 13:19:13.090 561 561 V StorageManagerService: Package com.android.bluetoothmidiservice does not have legacy storage
09-16 13:19:13.090 561 561 V StorageManagerService: Package com.android.permissioncontroller does not have legacy storage
09-16 13:19:13.090 561 561 V StorageManagerService: Package com.android.traceur does not have legacy storage
09-16 13:19:13.090 561 561 V StorageManagerService: Package com.android.bluetooth does not have legacy storage
09-16 13:19:13.091 561 561 V StorageManagerService: Package com.android.wallpaperpicker does not have legacy storage
09-16 13:19:13.091 561 561 V StorageManagerService: Package com.android.providers.contacts does not have legacy storage
09-16 13:19:13.091 561 561 V StorageManagerService: Package com.android.captiveportallogin does not have legacy storage
09-16 13:19:13.092 561 561 V StorageManagerService: Package com.android.internal.systemui.navbar.gestural_narrow_back does not have legacy storage
09-16 13:19:13.102 561 561 W SystemServiceManager: Service com.android.server.StorageManagerService$Lifecycle took 75 ms in onStartUser-0
09-16 13:19:13.126 561 561 D SystemServerTiming: ssm.onStartUser-0_com.android.server.StorageManagerService$Lifecycle took to complete: 99ms
09-16 13:19:13.126 561 561 I SystemServerTiming: ssm.onStartUser-0_com.android.server.usage.StorageStatsService$Lifecycle
09-16 13:19:13.126 561 561 D SystemServerTiming: ssm.onStartUser-0_com.android.server.usage.StorageStatsService$Lifecycle took to complete: 0ms
09-16 13:19:13.126 561 561 I SystemServerTiming: ssm.onStartUser-0_com.android.server.UiModeManagerService
09-16 13:19:13.126 561 561 D SystemServerTiming: ssm.onStartUser-0_com.android.server.UiModeManagerService took to complete: 0ms
09-16 13:19:13.126 561 561 I SystemServerTiming: ssm.onStartUser-0_com.android.server.locksettings.LockSettingsService$Lifecycle
09-16 13:19:13.126 561 561 D SystemServerTiming: ssm.onStartUser-0_com.android.server.locksettings.LockSettingsService$Lifecycle took to complete: 0ms
09-16 13:19:13.127 561 561 I SystemServerTiming: ssm.onStartUser-0_com.android.server.testharness.TestHarnessModeService
09-16 13:19:13.127 561 561 D SystemServerTiming: ssm.onStartUser-0_com.android.server.testharness.TestHarnessModeService took to complete: 0ms
09-16 13:19:13.127 561 561 I SystemServerTiming: ssm.onStartUser-0_com.android.server.DeviceIdleController
09-16 13:19:13.127 561 561 D SystemServerTiming: ssm.onStartUser-0_com.android.server.DeviceIdleController took to complete: 0ms
09-16 13:19:13.127 561 561 I SystemServerTiming: ssm.onStartUser-0_com.android.server.devicepolicy.DevicePolicyManagerService$Lifecycle
09-16 13:19:13.128 561 561 D SystemServerTiming: ssm.onStartUser-0_com.android.server.devicepolicy.DevicePolicyManagerService$Lifecycle took to complete: 1ms
09-16 13:19:13.128 561 561 I SystemServerTiming: ssm.onStartUser-0_com.android.server.texttospeech.TextToSpeechManagerService
09-16 13:19:13.128 561 561 D SystemServerTiming: ssm.onStartUser-0_com.android.server.texttospeech.TextToSpeechManagerService took to complete: 0ms
09-16 13:19:13.128 561 561 I SystemServerTiming: ssm.onStartUser-0_com.android.server.speech.SpeechRecognitionManagerService
09-16 13:19:13.128 561 561 D SystemServerTiming: ssm.onStartUser-0_com.android.server.speech.SpeechRecognitionManagerService took to complete: 0ms
09-16 13:19:13.128 561 561 I SystemServerTiming: ssm.onStartUser-0_com.android.server.searchui.SearchUiManagerService
09-16 13:19:13.128 561 561 D SystemServerTiming: ssm.onStartUser-0_com.android.server.searchui.SearchUiManagerService took to complete: 0ms
09-16 13:19:13.128 561 561 I SystemServerTiming: ssm.onStartUser-0_com.android.server.smartspace.SmartspaceManagerService
09-16 13:19:13.128 561 561 D SystemServerTiming: ssm.onStartUser-0_com.android.server.smartspace.SmartspaceManagerService took to complete: 0ms
09-16 13:19:13.128 561 561 I SystemServerTiming: ssm.onStartUser-0_com.android.server.graphics.fonts.FontManagerService$Lifecycle
09-16 13:19:13.128 561 561 D SystemServerTiming: ssm.onStartUser-0_com.android.server.graphics.fonts.FontManagerService$Lifecycle took to complete: 0ms
09-16 13:19:13.128 561 561 I SystemServerTiming: ssm.onStartUser-0_com.android.server.textservices.TextServicesManagerService$Lifecycle
09-16 13:19:13.128 561 561 D SystemServerTiming: ssm.onStartUser-0_com.android.server.textservices.TextServicesManagerService$Lifecycle took to complete: 0ms
09-16 13:19:13.128 561 561 I SystemServerTiming: ssm.onStartUser-0_com.android.server.textclassifier.TextClassificationManagerService$Lifecycle
09-16 13:19:13.134 561 561 D SystemServerTiming: ssm.onStartUser-0_com.android.server.textclassifier.TextClassificationManagerService$Lifecycle took to complete: 5ms
09-16 13:19:13.134 561 561 I SystemServerTiming: ssm.onStartUser-0_com.android.server.NetworkScoreService$Lifecycle
09-16 13:19:13.134 561 561 D SystemServerTiming: ssm.onStartUser-0_com.android.server.NetworkScoreService$Lifecycle took to complete: 0ms
09-16 13:19:13.134 561 561 I SystemServerTiming: ssm.onStartUser-0_com.android.server.wifi.WifiService
09-16 13:19:13.134 561 561 D SystemServerTiming: ssm.onStartUser-0_com.android.server.wifi.WifiService took to complete: 0ms
09-16 13:19:13.134 561 561 I SystemServerTiming: ssm.onStartUser-0_com.android.server.wifi.scanner.WifiScanningService
09-16 13:19:13.134 561 561 D SystemServerTiming: ssm.onStartUser-0_com.android.server.wifi.scanner.WifiScanningService took to complete: 0ms
09-16 13:19:13.134 561 561 I SystemServerTiming: ssm.onStartUser-0_com.android.server.ethernet.EthernetService
09-16 13:19:13.134 561 561 D SystemServerTiming: ssm.onStartUser-0_com.android.server.ethernet.EthernetService took to complete: 0ms
09-16 13:19:13.134 561 561 I SystemServerTiming: ssm.onStartUser-0_com.android.server.ConnectivityServiceInitializer
09-16 13:19:13.134 561 561 D SystemServerTiming: ssm.onStartUser-0_com.android.server.ConnectivityServiceInitializer took to complete: 0ms
09-16 13:19:13.134 561 561 I SystemServerTiming: ssm.onStartUser-0_com.android.server.notification.NotificationManagerService
09-16 13:19:13.134 561 561 D SystemServerTiming: ssm.onStartUser-0_com.android.server.notification.NotificationManagerService took to complete: 0ms
09-16 13:19:13.134 561 561 I SystemServerTiming: ssm.onStartUser-0_com.android.server.storage.DeviceStorageMonitorService
09-16 13:19:13.134 561 561 D SystemServerTiming: ssm.onStartUser-0_com.android.server.storage.DeviceStorageMonitorService took to complete: 0ms
09-16 13:19:13.134 561 561 I SystemServerTiming: ssm.onStartUser-0_com.android.server.location.LocationManagerService$Lifecycle
09-16 13:19:13.135 561 561 D SystemServerTiming: ssm.onStartUser-0_com.android.server.location.LocationManagerService$Lifecycle took to complete: 1ms
09-16 13:19:13.135 561 561 I SystemServerTiming: ssm.onStartUser-0_com.android.server.timedetector.TimeDetectorService$Lifecycle
09-16 13:19:13.135 561 561 D SystemServerTiming: ssm.onStartUser-0_com.android.server.timedetector.TimeDetectorService$Lifecycle took to complete: 0ms
09-16 13:19:13.135 561 561 I SystemServerTiming: ssm.onStartUser-0_com.android.server.timezonedetector.TimeZoneDetectorService$Lifecycle
09-16 13:19:13.135 561 561 D SystemServerTiming: ssm.onStartUser-0_com.android.server.timezonedetector.TimeZoneDetectorService$Lifecycle took to complete: 0ms
09-16 13:19:13.135 561 561 I SystemServerTiming: ssm.onStartUser-0_com.android.server.timezonedetector.location.LocationTimeZoneManagerService$Lifecycle
09-16 13:19:13.135 561 561 D SystemServerTiming: ssm.onStartUser-0_com.android.server.timezonedetector.location.LocationTimeZoneManagerService$Lifecycle took to complete: 0ms
09-16 13:19:13.135 561 561 I SystemServerTiming: ssm.onStartUser-0_com.android.server.search.SearchManagerService$Lifecycle
09-16 13:19:13.135 561 561 D SystemServerTiming: ssm.onStartUser-0_com.android.server.search.SearchManagerService$Lifecycle took to complete: 0ms
09-16 13:19:13.135 561 561 I SystemServerTiming: ssm.onStartUser-0_com.android.server.wallpaper.WallpaperManagerService$Lifecycle
09-16 13:19:13.135 561 561 D SystemServerTiming: ssm.onStartUser-0_com.android.server.wallpaper.WallpaperManagerService$Lifecycle took to complete: 0ms
09-16 13:19:13.135 561 561 I SystemServerTiming: ssm.onStartUser-0_com.android.server.audio.AudioService$Lifecycle
09-16 13:19:13.135 561 561 D SystemServerTiming: ssm.onStartUser-0_com.android.server.audio.AudioService$Lifecycle took to complete: 0ms
09-16 13:19:13.136 561 561 I SystemServerTiming: ssm.onStartUser-0_com.android.server.soundtrigger_middleware.SoundTriggerMiddlewareService$Lifecycle
09-16 13:19:13.136 561 561 D SystemServerTiming: ssm.onStartUser-0_com.android.server.soundtrigger_middleware.SoundTriggerMiddlewareService$Lifecycle took to complete: 0ms
09-16 13:19:13.136 561 561 I SystemServerTiming: ssm.onStartUser-0_com.android.server.DockObserver
09-16 13:19:13.136 561 561 D SystemServerTiming: ssm.onStartUser-0_com.android.server.DockObserver took to complete: 0ms
09-16 13:19:13.136 561 561 I SystemServerTiming: ssm.onStartUser-0_com.android.server.adb.AdbService$Lifecycle
09-16 13:19:13.136 561 561 D SystemServerTiming: ssm.onStartUser-0_com.android.server.adb.AdbService$Lifecycle took to complete: 0ms
09-16 13:19:13.177 561 561 I SystemServerTiming: ssm.onStartUser-0_com.android.server.usb.UsbService$Lifecycle
09-16 13:19:13.178 561 561 D SystemServerTiming: ssm.onStartUser-0_com.android.server.usb.UsbService$Lifecycle took to complete: 0ms
09-16 13:19:13.178 561 561 I SystemServerTiming: ssm.onStartUser-0_com.android.server.twilight.TwilightService
09-16 13:19:13.178 561 561 D SystemServerTiming: ssm.onStartUser-0_com.android.server.twilight.TwilightService took to complete: 0ms
09-16 13:19:13.178 561 561 I SystemServerTiming: ssm.onStartUser-0_com.android.server.display.color.ColorDisplayService
09-16 13:19:13.178 561 561 D SystemServerTiming: ssm.onStartUser-0_com.android.server.display.color.ColorDisplayService took to complete: 0ms
09-16 13:19:13.178 561 561 I SystemServerTiming: ssm.onStartUser-0_com.android.server.job.JobSchedulerService
09-16 13:19:13.178 561 561 D SystemServerTiming: ssm.onStartUser-0_com.android.server.job.JobSchedulerService took to complete: 0ms
09-16 13:19:13.178 561 561 I SystemServerTiming: ssm.onStartUser-0_com.android.server.soundtrigger.SoundTriggerService
09-16 13:19:13.178 561 561 D SystemServerTiming: ssm.onStartUser-0_com.android.server.soundtrigger.SoundTriggerService took to complete: 0ms
09-16 13:19:13.178 561 561 I SystemServerTiming: ssm.onStartUser-0_com.android.server.trust.TrustManagerService
09-16 13:19:13.178 561 561 D SystemServerTiming: ssm.onStartUser-0_com.android.server.trust.TrustManagerService took to complete: 0ms
09-16 13:19:13.178 561 561 I SystemServerTiming: ssm.onStartUser-0_com.android.server.backup.BackupManagerService$Lifecycle
09-16 13:19:13.178 561 561 D SystemServerTiming: ssm.onStartUser-0_com.android.server.backup.BackupManagerService$Lifecycle took to complete: 0ms
09-16 13:19:13.178 561 561 I SystemServerTiming: ssm.onStartUser-0_com.android.server.appwidget.AppWidgetService
09-16 13:19:13.178 561 561 D SystemServerTiming: ssm.onStartUser-0_com.android.server.appwidget.AppWidgetService took to complete: 0ms
09-16 13:19:13.178 561 561 I SystemServerTiming: ssm.onStartUser-0_com.android.server.voiceinteraction.VoiceInteractionManagerService
09-16 13:19:13.184 561 561 W VoiceInteractionManager: no available voice recognition services found for user 0
09-16 13:19:13.184 561 561 D SystemServerTiming: ssm.onStartUser-0_com.android.server.voiceinteraction.VoiceInteractionManagerService took to complete: 5ms
09-16 13:19:13.184 561 561 I SystemServerTiming: ssm.onStartUser-0_com.android.server.apphibernation.AppHibernationService
09-16 13:19:13.184 561 561 D SystemServerTiming: ssm.onStartUser-0_com.android.server.apphibernation.AppHibernationService took to complete: 0ms
09-16 13:19:13.184 561 561 I SystemServerTiming: ssm.onStartUser-0_com.android.server.GestureLauncherService
09-16 13:19:13.184 561 561 D SystemServerTiming: ssm.onStartUser-0_com.android.server.GestureLauncherService took to complete: 0ms
09-16 13:19:13.184 561 561 I SystemServerTiming: ssm.onStartUser-0_com.android.server.SensorNotificationService
09-16 13:19:13.184 561 561 D SystemServerTiming: ssm.onStartUser-0_com.android.server.SensorNotificationService took to complete: 0ms
09-16 13:19:13.184 561 561 I SystemServerTiming: ssm.onStartUser-0_com.android.server.emergency.EmergencyAffordanceService
09-16 13:19:13.184 561 561 D SystemServerTiming: ssm.onStartUser-0_com.android.server.emergency.EmergencyAffordanceService took to complete: 0ms
09-16 13:19:13.184 561 561 I SystemServerTiming: ssm.onStartUser-0_com.android.server.dreams.DreamManagerService
09-16 13:19:13.184 561 561 D SystemServerTiming: ssm.onStartUser-0_com.android.server.dreams.DreamManagerService took to complete: 0ms
09-16 13:19:13.184 561 561 I SystemServerTiming: ssm.onStartUser-0_com.android.server.blob.BlobStoreManagerService
09-16 13:19:13.184 561 561 D SystemServerTiming: ssm.onStartUser-0_com.android.server.blob.BlobStoreManagerService took to complete: 0ms
09-16 13:19:13.184 561 561 I SystemServerTiming: ssm.onStartUser-0_com.android.server.print.PrintManagerService
09-16 13:19:13.184 561 561 D SystemServerTiming: ssm.onStartUser-0_com.android.server.print.PrintManagerService took to complete: 0ms
09-16 13:19:13.184 561 561 I SystemServerTiming: ssm.onStartUser-0_com.android.server.companion.CompanionDeviceManagerService
09-16 13:19:13.185 561 561 D SystemServerTiming: ssm.onStartUser-0_com.android.server.companion.CompanionDeviceManagerService took to complete: 0ms
09-16 13:19:13.185 561 561 I SystemServerTiming: ssm.onStartUser-0_com.android.server.restrictions.RestrictionsManagerService
09-16 13:19:13.185 561 561 D SystemServerTiming: ssm.onStartUser-0_com.android.server.restrictions.RestrictionsManagerService took to complete: 0ms
09-16 13:19:13.185 561 561 I SystemServerTiming: ssm.onStartUser-0_com.android.server.media.MediaSessionService
09-16 13:19:13.185 561 561 D SystemServerTiming: ssm.onStartUser-0_com.android.server.media.MediaSessionService took to complete: 0ms
09-16 13:19:13.185 561 561 I SystemServerTiming: ssm.onStartUser-0_com.android.server.media.MediaResourceMonitorService
09-16 13:19:13.185 561 561 D SystemServerTiming: ssm.onStartUser-0_com.android.server.media.MediaResourceMonitorService took to complete: 0ms
09-16 13:19:13.185 561 561 I SystemServerTiming: ssm.onStartUser-0_com.android.server.biometrics.BiometricService
09-16 13:19:13.185 561 561 D SystemServerTiming: ssm.onStartUser-0_com.android.server.biometrics.BiometricService took to complete: 0ms
09-16 13:19:13.185 561 561 I SystemServerTiming: ssm.onStartUser-0_com.android.server.biometrics.AuthService
09-16 13:19:13.185 561 561 D SystemServerTiming: ssm.onStartUser-0_com.android.server.biometrics.AuthService took to complete: 0ms
09-16 13:19:13.185 561 561 I SystemServerTiming: ssm.onStartUser-0_com.android.server.pm.ShortcutService$Lifecycle
09-16 13:19:13.185 561 561 D SystemServerTiming: ssm.onStartUser-0_com.android.server.pm.ShortcutService$Lifecycle took to complete: 0ms
09-16 13:19:13.185 561 561 I SystemServerTiming: ssm.onStartUser-0_com.android.server.pm.LauncherAppsService
09-16 13:19:13.185 561 561 D SystemServerTiming: ssm.onStartUser-0_com.android.server.pm.LauncherAppsService took to complete: 0ms
09-16 13:19:13.185 561 561 I SystemServerTiming: ssm.onStartUser-0_com.android.server.pm.CrossProfileAppsService
09-16 13:19:13.185 561 561 D SystemServerTiming: ssm.onStartUser-0_com.android.server.pm.CrossProfileAppsService took to complete: 0ms
09-16 13:19:13.185 561 561 I SystemServerTiming: ssm.onStartUser-0_com.android.server.people.PeopleService
09-16 13:19:13.187 561 561 D SystemServerTiming: ssm.onStartUser-0_com.android.server.people.PeopleService took to complete: 0ms
09-16 13:19:13.188 561 561 I SystemServerTiming: ssm.onStartUser-0_com.android.server.media.metrics.MediaMetricsManagerService
09-16 13:19:13.188 561 561 D SystemServerTiming: ssm.onStartUser-0_com.android.server.media.metrics.MediaMetricsManagerService took to complete: 0ms
09-16 13:19:13.189 561 561 I SystemServerTiming: ssm.onStartUser-0_com.android.server.media.projection.MediaProjectionManagerService
09-16 13:19:13.189 561 561 D SystemServerTiming: ssm.onStartUser-0_com.android.server.media.projection.MediaProjectionManagerService took to complete: 0ms
09-16 13:19:13.189 561 561 I SystemServerTiming: ssm.onStartUser-0_com.android.server.slice.SliceManagerService$Lifecycle
09-16 13:19:13.189 561 561 D SystemServerTiming: ssm.onStartUser-0_com.android.server.slice.SliceManagerService$Lifecycle took to complete: 0ms
09-16 13:19:13.189 561 561 I SystemServerTiming: ssm.onStartUser-0_com.android.server.stats.StatsCompanion$Lifecycle
09-16 13:19:13.189 561 561 D SystemServerTiming: ssm.onStartUser-0_com.android.server.stats.StatsCompanion$Lifecycle took to complete: 0ms
09-16 13:19:13.189 561 561 I SystemServerTiming: ssm.onStartUser-0_com.android.server.scheduling.RebootReadinessManagerService$Lifecycle
09-16 13:19:13.189 561 561 D SystemServerTiming: ssm.onStartUser-0_com.android.server.scheduling.RebootReadinessManagerService$Lifecycle took to complete: 0ms
09-16 13:19:13.190 561 561 I SystemServerTiming: ssm.onStartUser-0_com.android.server.stats.pull.StatsPullAtomService
09-16 13:19:13.190 561 561 D SystemServerTiming: ssm.onStartUser-0_com.android.server.stats.pull.StatsPullAtomService took to complete: 0ms
09-16 13:19:13.190 561 561 I SystemServerTiming: ssm.onStartUser-0_com.android.server.incident.IncidentCompanionService
09-16 13:19:13.190 561 561 D SystemServerTiming: ssm.onStartUser-0_com.android.server.incident.IncidentCompanionService took to complete: 0ms
09-16 13:19:13.190 561 561 I SystemServerTiming: ssm.onStartUser-0_com.android.server.MmsServiceBroker
09-16 13:19:13.190 561 561 D SystemServerTiming: ssm.onStartUser-0_com.android.server.MmsServiceBroker took to complete: 0ms
09-16 13:19:13.190 561 561 I SystemServerTiming: ssm.onStartUser-0_com.android.server.autofill.AutofillManagerService
09-16 13:19:13.190 561 561 D SystemServerTiming: ssm.onStartUser-0_com.android.server.autofill.AutofillManagerService took to complete: 0ms
09-16 13:19:13.190 561 561 I SystemServerTiming: ssm.onStartUser-0_com.android.server.clipboard.ClipboardService
09-16 13:19:13.190 561 561 D SystemServerTiming: ssm.onStartUser-0_com.android.server.clipboard.ClipboardService took to complete: 0ms
09-16 13:19:13.190 561 561 I SystemServerTiming: ssm.onStartUser-0_com.android.server.appbinding.AppBindingService$Lifecycle
09-16 13:19:13.191 561 561 W AppBindingService: [Default SMS app] u0 Target package not found
09-16 13:19:13.191 561 561 D SystemServerTiming: ssm.onStartUser-0_com.android.server.appbinding.AppBindingService$Lifecycle took to complete: 2ms
09-16 13:19:13.191 561 561 I SystemServerTiming: ssm.onStartUser-0_com.android.server.tracing.TracingServiceProxy
09-16 13:19:13.191 561 561 D SystemServerTiming: ssm.onStartUser-0_com.android.server.tracing.TracingServiceProxy took to complete: 0ms
09-16 13:19:13.191 561 561 I SystemServerTiming: ssm.onStartUser-0_com.android.server.policy.PermissionPolicyService
09-16 13:19:13.191 561 561 D SystemServerTiming: ssm.onStartUser-0_com.android.server.policy.PermissionPolicyService took to complete: 0ms
09-16 13:19:13.191 561 561 I SystemServerTiming: ssm.onStartUser-0_com.android.server.pm.StagingManager$Lifecycle
09-16 13:19:13.191 561 561 D SystemServerTiming: ssm.onStartUser-0_com.android.server.pm.StagingManager$Lifecycle took to complete: 0ms
09-16 13:19:13.191 561 561 I SystemServerTiming: ssm.onStartUser-0_com.android.server.app.GameManagerService$Lifecycle
09-16 13:19:13.207 561 561 V GameManagerService: Settings file doesn't exists, skip reading
09-16 13:19:13.208 561 561 D SystemServerTiming: ssm.onStartUser-0_com.android.server.app.GameManagerService$Lifecycle took to complete: 16ms
09-16 13:19:13.208 561 561 I SystemServerTiming: ssm.onStartUser-0_com.android.server.appsearch.AppSearchManagerService
09-16 13:19:13.208 561 561 D SystemServerTiming: ssm.onStartUser-0_com.android.server.appsearch.AppSearchManagerService took to complete: 0ms
09-16 13:19:13.208 561 561 I SystemServerTiming: ssm.onStartUser-0_com.android.server.media.MediaCommunicationService
09-16 13:19:13.208 561 561 D SystemServerTiming: ssm.onStartUser-0_com.android.server.media.MediaCommunicationService took to complete: 1ms
09-16 13:19:13.209 561 561 D SystemServerTiming: ssm.StartUser-0 took to complete: 245ms
09-16 13:19:13.209 561 561 I SystemServerTiming: startPersistentApps
09-16 13:19:13.218 561 561 D CompatibilityChangeReporter: Compat change id reported: 135634846; UID 1068; state: DISABLED
09-16 13:19:13.272 561 561 D CompatibilityChangeReporter: Compat change id reported: 135634846; UID 1001; state: DISABLED
09-16 13:19:13.281 561 630 W ActivityManager: Slow operation: 380ms so far, now at startProcess: returned from zygote!
09-16 13:19:13.281 561 561 D CompatibilityChangeReporter: Compat change id reported: 177438394; UID 1001; state: DISABLED
09-16 13:19:13.283 561 561 D CompatibilityChangeReporter: Compat change id reported: 135772972; UID 1001; state: DISABLED
09-16 13:19:13.284 561 561 D CompatibilityChangeReporter: Compat change id reported: 135754954; UID 1001; state: ENABLED
09-16 13:19:13.311 561 561 D SystemServerTiming: startPersistentApps took to complete: 102ms
09-16 13:19:13.319 561 561 I SystemServerTiming: startHomeOnAllDisplays
09-16 13:19:13.328 561 561 I ActivityTaskManager: START u0 {act=android.intent.action.MAIN cat=[android.intent.category.HOME] flg=0x10000100 cmp=com.skyla.qbi/.Activities.Main.SplashActivity (has extras)} from uid 0
09-16 13:19:13.349 561 561 D CompatibilityChangeReporter: Compat change id reported: 184838306; UID 10017; state: DISABLED
09-16 13:19:13.353 561 561 D CompatibilityChangeReporter: Compat change id reported: 185004937; UID 10017; state: DISABLED
09-16 13:19:13.355 561 561 D CompatibilityChangeReporter: Compat change id reported: 181136395; UID 10017; state: DISABLED
09-16 13:19:13.357 561 561 D CompatibilityChangeReporter: Compat change id reported: 174042936; UID 10017; state: DISABLED
09-16 13:19:13.359 561 561 D CompatibilityChangeReporter: Compat change id reported: 174042980; UID 10017; state: DISABLED
09-16 13:19:13.410 561 758 W StorageManagerService: No primary storage defined yet; hacking together a stub
09-16 13:19:13.447 561 561 D CompatibilityChangeReporter: Compat change id reported: 168419799; UID 10017; state: DISABLED
09-16 13:19:13.463 561 561 D SystemServerTiming: startHomeOnAllDisplays took to complete: 143ms
09-16 13:19:13.463 561 561 I SystemServerTiming: showSystemReadyErrorDialogs
09-16 13:19:13.699 561 561 E Build : Vendor interface is incompatible, error=1
09-16 13:19:13.699 561 561 E ActivityTaskManager: Build fingerprint is not consistent, warning user
09-16 13:19:13.701 561 561 D SystemServerTiming: showSystemReadyErrorDialogs took to complete: 238ms
09-16 13:19:13.701 561 561 I SystemServerTiming: sendUserStartBroadcast
09-16 13:19:13.703 561 561 D SystemServerTiming: sendUserStartBroadcast took to complete: 1ms
09-16 13:19:13.703 561 561 I SystemServerTiming: resumeTopActivities
09-16 13:19:13.716 561 561 D SystemServerTiming: resumeTopActivities took to complete: 14ms
09-16 13:19:13.716 561 561 I SystemServerTiming: sendUserSwitchBroadcasts
09-16 13:19:13.717 561 561 D SystemServerTiming: sendUserSwitchBroadcasts took to complete: 1ms
09-16 13:19:13.717 561 561 I SystemServerTiming: setBinderProxies
09-16 13:19:13.718 561 561 D SystemServerTiming: setBinderProxies took to complete: 0ms
09-16 13:19:13.718 561 561 D SystemServerTiming: ActivityManagerStartApps took to complete: 754ms
09-16 13:19:13.718 561 561 D SystemServerTiming: PhaseActivityManagerReady took to complete: 3043ms
09-16 13:19:13.725 561 561 I SystemServerTiming: StartSystemUI
09-16 13:19:13.728 561 622 D CompatibilityChangeReporter: Compat change id reported: 135634846; UID 10017; state: DISABLED
09-16 13:19:13.729 561 622 D CompatibilityChangeReporter: Compat change id reported: 177438394; UID 10017; state: DISABLED
09-16 13:19:13.730 561 622 D CompatibilityChangeReporter: Compat change id reported: 135772972; UID 10017; state: DISABLED
09-16 13:19:13.731 561 622 D CompatibilityChangeReporter: Compat change id reported: 135754954; UID 10017; state: ENABLED
09-16 13:19:13.748 561 615 W ActivityManager: Slow operation: 852ms so far, now at startProcess: done updating battery stats
09-16 13:19:13.748 561 615 W ActivityManager: Slow operation: 853ms so far, now at startProcess: building log message
09-16 13:19:13.748 561 615 I ActivityManager: Start proc 876:com.android.networkstack.process/1073 for service {com.android.networkstack/com.android.server.NetworkStackService}
09-16 13:19:13.749 561 615 W ActivityManager: Slow operation: 853ms so far, now at startProcess: starting to update pids map
09-16 13:19:13.749 561 615 W ActivityManager: Slow operation: 853ms so far, now at startProcess: done updating pids map
09-16 13:19:13.759 561 615 D CompatibilityChangeReporter: Compat change id reported: 168419799; UID 1073; state: DISABLED
09-16 13:19:13.828 561 615 D CompatibilityChangeReporter: Compat change id reported: 168419799; UID 1073; state: DISABLED
09-16 13:19:13.830 561 615 W ActivityManager: Slow operation: 84ms so far, now at attachApplicationLocked: after mServices.attachApplicationLocked
09-16 13:19:13.855 561 630 W ActivityManager: Slow operation: 640ms so far, now at startProcess: asking zygote to start proc
09-16 13:19:13.890 561 630 W ActivityManager: Slow operation: 675ms so far, now at startProcess: returned from zygote!
09-16 13:19:13.907 561 630 W ActivityManager: Slow operation: 692ms so far, now at startProcess: done updating battery stats
09-16 13:19:13.907 561 630 W ActivityManager: Slow operation: 692ms so far, now at startProcess: building log message
09-16 13:19:13.908 561 630 I ActivityManager: Start proc 906:com.android.se/1068 for added application com.android.se
09-16 13:19:13.908 561 630 W ActivityManager: Slow operation: 692ms so far, now at startProcess: starting to update pids map
09-16 13:19:13.908 561 630 W ActivityManager: Slow operation: 692ms so far, now at startProcess: done updating pids map
09-16 13:19:13.910 561 630 W ActivityManager: Slow operation: 688ms so far, now at startProcess: asking zygote to start proc
09-16 13:19:13.972 561 630 W ActivityManager: Slow operation: 752ms so far, now at startProcess: returned from zygote!
09-16 13:19:13.975 561 630 W ActivityManager: Slow operation: 755ms so far, now at startProcess: done updating battery stats
09-16 13:19:13.975 561 630 I Watchdog: Interesting Java process com.android.phone started. Pid 915
09-16 13:19:13.975 561 630 W ActivityManager: Slow operation: 756ms so far, now at startProcess: building log message
09-16 13:19:13.975 561 630 I ActivityManager: Start proc 915:com.android.phone/1001 for added application com.android.phone
09-16 13:19:13.975 561 630 W ActivityManager: Slow operation: 756ms so far, now at startProcess: starting to update pids map
09-16 13:19:13.976 561 630 W ActivityManager: Slow operation: 756ms so far, now at startProcess: done updating pids map
09-16 13:19:14.009 561 630 W ActivityManager: Slow operation: 282ms so far, now at startProcess: asking zygote to start proc
09-16 13:19:14.013 561 630 D CompatibilityChangeReporter: Compat change id reported: 143937733; UID 10017; state: ENABLED
09-16 13:19:14.039 561 561 D SystemServerTiming: StartSystemUI took to complete: 312ms
09-16 13:19:14.042 561 561 D SystemServerTiming: startOtherServices took to complete: 8579ms
09-16 13:19:14.042 561 561 D SystemServerTiming: StartServices took to complete: 16990ms
09-16 13:19:14.067 561 630 W ActivityManager: Slow operation: 340ms so far, now at startProcess: returned from zygote!
09-16 13:19:14.080 561 630 W ActivityManager: Slow operation: 341ms so far, now at startProcess: done updating battery stats
09-16 13:19:14.080 561 630 W ActivityManager: Slow operation: 354ms so far, now at startProcess: building log message
09-16 13:19:14.080 561 630 I ActivityManager: Start proc 925:com.skyla.qbi/u0a17 for top-activity {com.skyla.qbi/com.skyla.qbi.Activities.Main.SplashActivity}
09-16 13:19:14.081 561 630 W ActivityManager: Slow operation: 354ms so far, now at startProcess: starting to update pids map
09-16 13:19:14.081 561 630 W ActivityManager: Slow operation: 355ms so far, now at startProcess: done updating pids map
09-16 13:19:14.248 561 561 W Looper : Slow dispatch took 194ms main h=android.os.Handler c=com.android.server.Watchdog$HandlerChecker@99ee8fa m=0
09-16 13:19:14.312 561 561 W Looper : Slow delivery took 16030ms main h=android.app.PropertyInvalidatedCache$AutoCorker$1 c=null m=0
09-16 13:19:14.324 561 561 D ConditionProviders.SCP: onConnected
09-16 13:19:14.337 561 561 D ConditionProviders: Subscribing to condition://android/event?userId=-10000&calendar=&reply=1 with ComponentInfo{android/com.android.server.notification.EventConditionProvider}
09-16 13:19:14.338 561 561 D ConditionProviders: Subscribing to condition://android/schedule?days=1.2.3.4.5.6.7&start=22.0&end=7.0&exitAtAlarm=true with ComponentInfo{android/com.android.server.notification.ScheduleConditionProvider}
09-16 13:19:14.437 561 561 D CompatibilityChangeReporter: Compat change id reported: 135634846; UID 10059; state: DISABLED
09-16 13:19:14.446 561 561 D CompatibilityChangeReporter: Compat change id reported: 177438394; UID 10059; state: DISABLED
09-16 13:19:14.446 561 561 D CompatibilityChangeReporter: Compat change id reported: 135772972; UID 10059; state: DISABLED
09-16 13:19:14.446 561 561 D CompatibilityChangeReporter: Compat change id reported: 135754954; UID 10059; state: ENABLED
09-16 13:19:14.447 561 561 W ActivityManager: Slow operation: 97ms so far, now at startProcess: done starting proc!
09-16 13:19:14.447 561 630 W ActivityManager: Slow operation: 95ms so far, now at startProcess: asking zygote to start proc
09-16 13:19:14.448 561 561 W Looper : Slow dispatch took 105ms main h=android.os.Handler c= m=1
09-16 13:19:14.448 561 630 D CompatibilityChangeReporter: Compat change id reported: 143937733; UID 10059; state: ENABLED
09-16 13:19:14.526 561 615 W ActivityManager: Slow operation: 76ms so far, now at attachApplicationLocked: after mServices.attachApplicationLocked
09-16 13:19:14.603 561 561 W Looper : Slow dispatch took 118ms main h=com.android.server.notification.ZenModeHelper$H c=null m=4
09-16 13:19:14.615 561 630 W ActivityManager: Slow operation: 263ms so far, now at startProcess: returned from zygote!
09-16 13:19:14.616 561 630 W ActivityManager: Slow operation: 264ms so far, now at startProcess: done updating battery stats
09-16 13:19:14.617 561 630 W ActivityManager: Slow operation: 264ms so far, now at startProcess: building log message
09-16 13:19:14.617 561 630 I ActivityManager: Start proc 979:android.ext.services/u0a59 for service {android.ext.services/android.ext.services.autofill.InlineSuggestionRenderServiceImpl}
09-16 13:19:14.617 561 630 W ActivityManager: Slow operation: 264ms so far, now at startProcess: starting to update pids map
09-16 13:19:14.617 561 630 W ActivityManager: Slow operation: 265ms so far, now at startProcess: done updating pids map
09-16 13:19:14.668 561 628 D CountryDetector: Using custom country detector class: com.android.server.location.ComprehensiveCountryDetector
09-16 13:19:14.670 561 628 E CountryDetector: Could not instantiate the custom country detector class
09-16 13:19:14.670 561 628 D CountryDetector: Using default country detector
09-16 13:19:14.819 561 966 D CompatibilityChangeReporter: Compat change id reported: 168419799; UID 1068; state: DISABLED
09-16 13:19:14.852 561 615 D CompatibilityChangeReporter: Compat change id reported: 168419799; UID 10059; state: DISABLED
09-16 13:19:15.029 561 615 W ActivityManager: Slow operation: 180ms so far, now at attachApplicationLocked: after mServices.attachApplicationLocked
09-16 13:19:15.069 561 751 D CompatibilityChangeReporter: Compat change id reported: 168419799; UID 1001; state: DISABLED
09-16 13:19:15.328 561 966 W OverlayManager: service 'idmap' died
09-16 13:19:15.340 561 620 W WindowManager: Keyguard drawn timeout. Setting mKeyguardDrawComplete
09-16 13:19:15.446 561 621 I DropBoxManagerService: add tag=system_app_strictmode isTagEnabled=true flags=0x2
09-16 13:19:15.466 561 621 I DropBoxManagerService: add tag=system_app_strictmode isTagEnabled=true flags=0x2
09-16 13:19:15.536 561 561 W Looper : Slow dispatch took 926ms main h=android.app.ActivityThread$H c=null m=114
09-16 13:19:15.549 561 561 I PackageWatchdog: Syncing health check requests for packages: {}
09-16 13:19:15.550 561 561 I ExplicitHealthCheckController: Service not ready to get health check supported packages. Binding...
09-16 13:19:15.572 561 561 I ExplicitHealthCheckController: Explicit health check service is bound
09-16 13:19:15.613 561 621 I DropBoxManagerService: add tag=system_app_strictmode isTagEnabled=true flags=0x2
09-16 13:19:15.625 561 621 I DropBoxManagerService: add tag=system_app_strictmode isTagEnabled=true flags=0x2
09-16 13:19:15.640 561 621 I DropBoxManagerService: add tag=system_app_strictmode isTagEnabled=true flags=0x2
09-16 13:19:15.673 561 621 I DropBoxManagerService: add tag=system_app_strictmode isTagEnabled=true flags=0x2
09-16 13:19:15.735 561 621 I DropBoxManagerService: add tag=system_app_strictmode isTagEnabled=true flags=0x2
09-16 13:19:15.789 561 621 I DropBoxManagerService: add tag=system_app_strictmode isTagEnabled=true flags=0x2
09-16 13:19:16.094 561 561 W Looper : Slow dispatch took 466ms main h=android.app.ActivityThread$H c=null m=114
09-16 13:19:16.101 561 614 D CompatibilityChangeReporter: Compat change id reported: 171306433; UID 1000; state: ENABLED
09-16 13:19:16.138 561 758 W WindowManager: Failed looking up window session=Session{58059da 925:u0a10017} callers=com.android.server.wm.WindowManagerService.windowForClientLocked:5593 com.android.server.wm.Session.insetsModified:629 android.view.IWindowSession$Stub.onTransact:1151
09-16 13:19:16.157 840 840 W OneHandedController: Device doesn't support OneHanded feature
09-16 13:19:16.214 561 561 I SystemServerTiming: ManagedServices.unbindOtherUserServices_current0
09-16 13:19:16.214 561 561 D SystemServerTiming: ManagedServices.unbindOtherUserServices_current0 took to complete: 0ms
09-16 13:19:16.215 561 561 I SystemServerTiming: ManagedServices.unbindOtherUserServices_current0
09-16 13:19:16.224 561 614 D CompatibilityChangeReporter: Compat change id reported: 182478738; UID 1073; state: DISABLED
09-16 13:19:16.227 561 623 D CompatibilityChangeReporter: Compat change id reported: 158002302; UID 10017; state: ENABLED
09-16 13:19:16.228 561 561 D SystemServerTiming: ManagedServices.unbindOtherUserServices_current0 took to complete: 0ms
09-16 13:19:16.229 561 561 I SystemServerTiming: ManagedServices.unbindOtherUserServices_current0
09-16 13:19:16.229 561 561 D SystemServerTiming: ManagedServices.unbindOtherUserServices_current0 took to complete: 0ms
09-16 13:19:16.230 561 561 V NotificationAssistants: enabling notification assistant for 0: ComponentInfo{android.ext.services/android.ext.services.notification.Assistant}
09-16 13:19:16.232 561 561 V NotificationAssistants: binding: Intent { act=android.service.notification.NotificationAssistantService cmp=android.ext.services/.notification.Assistant (has extras) }
09-16 13:19:16.558 561 619 D UsbDeviceManager: push notification:Charging this device via USB
09-16 13:19:16.622 561 561 W Looper : Slow dispatch took 386ms main h=android.app.ActivityThread$H c=android.app.LoadedApk$ReceiverDispatcher$Args$$ExternalSyntheticLambda0@3b1789f m=0
09-16 13:19:16.633 561 561 I ActivityManager: Exiting empty application process 0:WebViewLoader-arm64-v8a/1037 (null)
09-16 13:19:16.643 561 622 I ActivityManagerTiming: FinishBooting
09-16 13:19:16.653 561 561 I ActivityManager: Exiting empty application process 0:WebViewLoader-armeabi-v7a/1037 (null)
09-16 13:19:16.660 561 561 D ConditionProviders.SCP: onSubscribe condition://android/schedule?days=1.2.3.4.5.6.7&start=22.0&end=7.0&exitAtAlarm=true
09-16 13:19:16.666 561 622 W KeyguardServiceDelegate: onScreenTurningOn(): no keyguard service!
09-16 13:19:16.669 561 561 D ConditionProviders.SCP: setRegistered true
09-16 13:19:16.670 561 723 W ActivityThread: Failed to find provider info for com.android.calendar (user not unlocked)
09-16 13:19:16.679 561 723 W ActivityThread: Failed to find provider info for com.android.calendar (user not unlocked)
09-16 13:19:16.758 561 561 D ConditionProviders.SCP: evaluateSubscriptionLocked cal=ScheduleCalendar[mDays={1, 2, 3, 4, 5, 6, 7}, mSchedule=ScheduleInfo{days=[1, 2, 3, 4, 5, 6, 7], startHour=22, startMinute=0, endHour=7, endMinute=0, exitAtAlarm=true, nextAlarm=Thu Jan 01 00:00:00 GMT 1970 (0)}], now=Fri Sep 16 13:19:16 GMT 2022 (1663334356665), nextUserAlarmTime=Thu Jan 01 00:00:00 GMT 1970 (0)
09-16 13:19:16.759 561 561 D ConditionProviders.SCP: notifyCondition condition://android/schedule?days=1.2.3.4.5.6.7&start=22.0&end=7.0&exitAtAlarm=true STATE_FALSE reason=!meetsSchedule
09-16 13:19:16.764 561 561 D ConditionProviders.SCP: Scheduling evaluate for Fri Sep 16 22:00:00 GMT 2022 (1663365600000), in +8h40m43s335ms, now=Fri Sep 16 13:19:16 GMT 2022 (1663334356665)
09-16 13:19:16.766 561 561 W Looper : Slow dispatch took 107ms main h=android.service.notification.ConditionProviderService$H c=null m=3
09-16 13:19:16.770 561 561 I ConnectivityModuleConnector: Networking module service connected
09-16 13:19:16.886 561 621 I DropBoxManagerService: add tag=system_server_strictmode isTagEnabled=true flags=0x2
09-16 13:19:16.896 561 614 D CompatibilityChangeReporter: Compat change id reported: 157233955; UID 10057; state: ENABLED
09-16 13:19:16.950 561 1065 I Telecom : BluetoothRouteManager: getBluetoothAudioConnectedDevice: no service available.
09-16 13:19:16.953 561 561 I Telecom : SystemStateHelper: Registering broadcast receiver: android.content.IntentFilter@823ee91: TS.init@AAA
09-16 13:19:16.954 561 561 I Telecom : SystemStateHelper: Registering broadcast receiver: android.content.IntentFilter@f22f1f6: TS.init@AAA
09-16 13:19:17.005 561 1067 I Telecom : Logging.Events: Non-call EVENT: AUDIO_ROUTE, Entering state QuiescentHeadsetRoute
09-16 13:19:17.007 561 1067 I Telecom : BluetoothRouteManager: getBluetoothAudioConnectedDevice: no service available.
09-16 13:19:17.079 561 1069 I Telecom : CallAudioModeStateMachine: Message received: null.: TS.init->CAMSM.pM_1@AAA
09-16 13:19:17.112 561 561 I Telecom : MissedCallNotifierImpl: reloadFromDatabase: Boot not yet complete -- call log db may not be available. Deferring loading until boot complete for user 0: TS.init@AAA
09-16 13:19:17.125 561 966 D CompatibilityChangeReporter: Compat change id reported: 135634846; UID 10058; state: DISABLED
09-16 13:19:17.125 561 966 D CompatibilityChangeReporter: Compat change id reported: 177438394; UID 10058; state: DISABLED
09-16 13:19:17.129 561 966 D CompatibilityChangeReporter: Compat change id reported: 135772972; UID 10058; state: DISABLED
09-16 13:19:17.131 561 966 D CompatibilityChangeReporter: Compat change id reported: 135754954; UID 10058; state: ENABLED
09-16 13:19:17.137 561 630 D CompatibilityChangeReporter: Compat change id reported: 143937733; UID 10058; state: ENABLED
09-16 13:19:17.141 561 561 I Telecom : MissedCallNotifierImpl: reloadFromDatabase: Boot not yet complete -- call log db may not be available. Deferring loading until boot complete for user 0: TS.init@AAA
09-16 13:19:17.171 561 561 I Telecom : Class: TelecomSystem.INSTANCE being set
09-16 13:19:17.174 561 630 I ActivityManager: Start proc 1073:com.android.smspush/u0a58 for service {com.android.smspush/com.android.smspush.WapPushManager}
09-16 13:19:17.175 561 630 W ActivityManager: Slow operation: 51ms so far, now at startProcess: starting to update pids map
09-16 13:19:17.175 561 630 W ActivityManager: Slow operation: 51ms so far, now at startProcess: done updating pids map
09-16 13:19:17.183 561 561 W Looper : Slow dispatch took 387ms main h=android.app.ActivityThread$H c=android.app.LoadedApk$ServiceDispatcher$RunConnection@733886f m=0
09-16 13:19:17.193 561 561 I ExplicitHealthCheckController: Explicit health check service is connected ComponentInfo{android.ext.services/android.ext.services.watchdog.ExplicitHealthCheckServiceImpl}
09-16 13:19:17.197 561 561 I ExplicitHealthCheckController: Service initialized, syncing requests
09-16 13:19:17.206 561 561 D AutofillManagerService: Restriction did not change for user 0
09-16 13:19:17.221 561 561 I ConnectivityModuleConnector: Networking module service connected
09-16 13:19:17.237 561 561 V NotificationAssistants: 0 notification assistant service connected: ComponentInfo{android.ext.services/android.ext.services.notification.Assistant}
09-16 13:19:17.347 561 561 I Telecom : WiredHeadsetManager: ACTION_HEADSET_PLUG event, plugged in: true, : WHC.oADA@AAE
09-16 13:19:17.428 561 966 D CompatibilityChangeReporter: Compat change id reported: 168419799; UID 10058; state: DISABLED
09-16 13:19:17.434 561 561 I PackageWatchdog: Syncing health check requests for packages: {}
09-16 13:19:17.434 561 561 D ExplicitHealthCheckController: Getting health check supported packages
09-16 13:19:17.436 561 561 W Looper : Drained
09-16 13:19:17.444 561 675 I ExplicitHealthCheckController: Explicit health check supported packages [PackageConfig{com.android.networkstack, 86400000}]
09-16 13:19:17.449 561 675 D PackageWatchdog: Received supported packages [PackageConfig{com.android.networkstack, 86400000}]
09-16 13:19:17.450 561 675 D ExplicitHealthCheckController: Getting health check requested packages
09-16 13:19:17.465 561 675 I ExplicitHealthCheckController: Explicit health check requested packages []
09-16 13:19:17.466 561 675 I ExplicitHealthCheckController: No more health check requests, unbinding...
09-16 13:19:17.501 561 966 W ActivityManager: Slow operation: 79ms so far, now at attachApplicationLocked: after mServices.attachApplicationLocked
09-16 13:19:17.508 561 561 W NotificationHistory: Attempted to add notif for locked/gone/disabled user 0
09-16 13:19:17.554 561 675 I ExplicitHealthCheckController: Explicit health check service is unbound
09-16 13:19:17.574 840 840 D SystemUIBootTiming: DependencyInjection took to complete: 8ms
09-16 13:19:17.669 561 621 I DropBoxManagerService: add tag=system_app_strictmode isTagEnabled=true flags=0x2
09-16 13:19:17.684 840 840 D SystemUIBootTiming: StartServicescom.android.systemui.util.NotificationChannels took to complete: 41ms
09-16 13:19:17.721 561 621 I DropBoxManagerService: add tag=system_app_strictmode isTagEnabled=true flags=0x2
09-16 13:19:17.747 561 621 I DropBoxManagerService: add tag=system_app_strictmode isTagEnabled=true flags=0x2
09-16 13:19:17.766 561 621 I DropBoxManagerService: add tag=system_app_strictmode isTagEnabled=true flags=0x2
09-16 13:19:17.905 561 1024 D CompatibilityChangeReporter: Compat change id reported: 124107808; UID 1001; state: ENABLED
09-16 13:19:18.025 840 840 D SystemUIBootTiming: StartServicescom.android.systemui.keyguard.KeyguardViewMediator took to complete: 340ms
09-16 13:19:18.071 561 675 D CompatibilityChangeReporter: Compat change id reported: 135634846; UID 10054; state: DISABLED
09-16 13:19:18.072 561 675 D CompatibilityChangeReporter: Compat change id reported: 177438394; UID 10054; state: DISABLED
09-16 13:19:18.072 561 675 D CompatibilityChangeReporter: Compat change id reported: 135772972; UID 10054; state: DISABLED
09-16 13:19:18.072 561 675 D CompatibilityChangeReporter: Compat change id reported: 135754954; UID 10054; state: ENABLED
09-16 13:19:18.073 561 630 D CompatibilityChangeReporter: Compat change id reported: 143937733; UID 10054; state: ENABLED
09-16 13:19:18.093 840 840 D SystemUIBootTiming: StartServicescom.android.systemui.recents.Recents took to complete: 66ms
09-16 13:19:18.109 561 630 I ActivityManager: Start proc 1110:com.android.launcher3/u0a54 for service {com.android.launcher3/com.android.quickstep.TouchInteractionService}
09-16 13:19:18.155 561 675 W ContextImpl: Calling a method in the system process without a qualified user: android.app.ContextImpl.sendBroadcastMultiplePermissions:1256 com.android.server.TelephonyRegistry.broadcastDataConnectionStateChanged:3004 com.android.server.TelephonyRegistry.notifyDataConnectionForSubscriber:2051 com.android.internal.telephony.ITelephonyRegistry$Stub.onTransact:544 android.os.Binder.execTransactInternal:1179
09-16 13:19:18.214 561 675 W ContextImpl: Calling a method in the system process without a qualified user: android.app.ContextImpl.sendBroadcastMultiplePermissions:1256 com.android.server.TelephonyRegistry.broadcastDataConnectionStateChanged:3004 com.android.server.TelephonyRegistry.notifyDataConnectionForSubscriber:2051 com.android.internal.telephony.ITelephonyRegistry$Stub.onTransact:544 android.os.Binder.execTransactInternal:1179
09-16 13:19:18.233 561 966 W ContextImpl: Calling a method in the system process without a qualified user: android.app.ContextImpl.sendBroadcastMultiplePermissions:1256 com.android.server.TelephonyRegistry.broadcastDataConnectionStateChanged:3004 com.android.server.TelephonyRegistry.notifyDataConnectionForSubscriber:2051 com.android.internal.telephony.ITelephonyRegistry$Stub.onTransact:544 android.os.Binder.execTransactInternal:1179
09-16 13:19:18.246 561 675 W ContextImpl: Calling a method in the system process without a qualified user: android.app.ContextImpl.sendBroadcastMultiplePermissions:1256 com.android.server.TelephonyRegistry.broadcastDataConnectionStateChanged:3004 com.android.server.TelephonyRegistry.notifyDataConnectionForSubscriber:2051 com.android.internal.telephony.ITelephonyRegistry$Stub.onTransact:544 android.os.Binder.execTransactInternal:1179
09-16 13:19:18.265 561 1024 W ContextImpl: Calling a method in the system process without a qualified user: android.app.ContextImpl.sendBroadcastMultiplePermissions:1256 com.android.server.TelephonyRegistry.broadcastDataConnectionStateChanged:3004 com.android.server.TelephonyRegistry.notifyDataConnectionForSubscriber:2051 com.android.internal.telephony.ITelephonyRegistry$Stub.onTransact:544 android.os.Binder.execTransactInternal:1179
