09-16 13:19:25.973 561 629 D CompatibilityChangeReporter: Compat change id reported: 135772972; UID 10027; state: DISABLED
09-16 13:19:25.974 561 629 D CompatibilityChangeReporter: Compat change id reported: 135754954; UID 10027; state: ENABLED
09-16 13:19:25.974 561 561 I AccountManagerService: User 0 is unlocked - opening CE database
09-16 13:19:19.484 1167 1167 I getprop : type=1400 audit(0.0:1662): avc: denied { map } for path="/dev/__properties__/u:object_r:device_config_netd_native_prop:s0" dev="tmpfs" ino=112 scontext=u:r:shell:s0 tcontext=u:object_r:device_config_netd_native_prop:s0 tclass=file permissive=1
09-16 13:19:26.009 561 1278 E system_server: No package ID 7f found for ID 0x7f0802bb.
09-16 13:19:26.009 561 1278 E system_server: No package ID 7f found for ID 0x7f121598.
09-16 13:19:26.010 561 1278 E system_server: No package ID 7f found for ID 0x7f0802ba.
09-16 13:19:26.010 561 1278 E system_server: No package ID 7f found for ID 0x7f120676.
09-16 13:19:26.010 561 1278 E system_server: No package ID 7f found for ID 0x7f0802b9.
09-16 13:19:26.010 561 1278 E system_server: No package ID 7f found for ID 0x7f120e12.
09-16 13:19:26.015 384 384 D Zygote : Forked child process 1304
09-16 13:19:26.016 561 630 W ActivityManager: Slow operation: 121ms so far, now at startProcess: returned from zygote!
09-16 13:19:19.484 1167 1167 I getprop : type=1400 audit(0.0:1663): avc: denied { open } for path="/dev/__properties__/u:object_r:device_config_profcollect_native_boot_prop:s0" dev="tmpfs" ino=113 scontext=u:r:shell:s0 tcontext=u:object_r:device_config_profcollect_native_boot_prop:s0 tclass=file permissive=1
09-16 13:19:26.019 561 630 W ActivityManager: Slow operation: 124ms so far, now at startProcess: done updating battery stats
09-16 13:19:26.020 561 630 W ActivityManager: Slow operation: 124ms so far, now at startProcess: building log message
09-16 13:19:26.020 561 630 I ActivityManager: Start proc 1304:com.android.keychain/1000 for service {com.android.keychain/com.android.keychain.KeyChainService}
09-16 13:19:26.020 561 630 W ActivityManager: Slow operation: 124ms so far, now at startProcess: starting to update pids map
09-16 13:19:26.020 561 630 W ActivityManager: Slow operation: 124ms so far, now at startProcess: done updating pids map
09-16 13:19:26.023 561 630 W ActivityManager: Slow operation: 58ms so far, now at startProcess: asking zygote to start proc
09-16 13:19:26.026 561 630 D CompatibilityChangeReporter: Compat change id reported: 143937733; UID 10027; state: ENABLED
09-16 13:19:26.042 1304 1304 I Zygote : seccomp disabled by setenforce 0
09-16 13:19:26.072 425 500 D AudioFlinger: mixer(0xb400ebea2cc57a70) throttle end: throttle time(3)
09-16 13:19:26.085 384 384 D Zygote : Forked child process 1307
09-16 13:19:26.102 475 489 I adbd : jdwp connection from 1304
09-16 13:19:26.115 561 630 W ActivityManager: Slow operation: 149ms so far, now at startProcess: returned from zygote!
09-16 13:19:19.484 1167 1167 I getprop : type=1400 audit(0.0:1664): avc: denied { getattr } for path="/dev/__properties__/u:object_r:device_config_profcollect_native_boot_prop:s0" dev="tmpfs" ino=113 scontext=u:r:shell:s0 tcontext=u:object_r:device_config_profcollect_native_boot_prop:s0 tclass=file permissive=1
09-16 13:19:19.484 1167 1167 I getprop : type=1400 audit(0.0:1665): avc: denied { map } for path="/dev/__properties__/u:object_r:device_config_profcollect_native_boot_prop:s0" dev="tmpfs" ino=113 scontext=u:r:shell:s0 tcontext=u:object_r:device_config_profcollect_native_boot_prop:s0 tclass=file permissive=1
09-16 13:19:26.155 561 561 W Looper : Slow dispatch took 340ms main h=android.app.ActivityThread$H c=android.app.LoadedApk$ReceiverDispatcher$Args$$ExternalSyntheticLambda0@dec31b9 m=0
09-16 13:19:26.163 561 1278 E system_server: No package ID 7f found for ID 0x7f070090.
09-16 13:19:26.163 561 1278 E system_server: No package ID 7f found for ID 0x7f10009b.
09-16 13:19:26.169 1307 1307 I Zygote : seccomp disabled by setenforce 0
09-16 13:19:26.180 1279 1279 V GraphicsEnvironment: ANGLE Developer option for 'com.android.providers.media.module' set to: 'default'
09-16 13:19:26.181 1279 1279 V GraphicsEnvironment: Neither updatable production driver nor prerelease driver is supported.
09-16 13:19:26.189 561 561 V NotificationAssistants: 0 notification assistant service connected: ComponentInfo{android.ext.services/android.ext.services.notification.Assistant}
09-16 13:19:26.195 1279 1279 D NetworkSecurityConfig: No Network Security Config specified, using platform default
09-16 13:19:26.196 1279 1279 D NetworkSecurityConfig: No Network Security Config specified, using platform default
09-16 13:19:26.217 561 630 W ActivityManager: Slow operation: 252ms so far, now at startProcess: done updating battery stats
09-16 13:19:26.218 561 630 W ActivityManager: Slow operation: 252ms so far, now at startProcess: building log message
09-16 13:19:26.218 561 630 I ActivityManager: Start proc 1307:com.android.traceur/u0a27 for broadcast {com.android.traceur/com.android.traceur.Receiver}
09-16 13:19:26.218 561 630 W ActivityManager: Slow operation: 252ms so far, now at startProcess: starting to update pids map
09-16 13:19:26.218 561 630 W ActivityManager: Slow operation: 253ms so far, now at startProcess: done updating pids map
09-16 13:19:26.235 561 767 I SyncManager: Loaded persisted syncs: 0 periodic syncs, 0 oneshot syncs, 13 total system server jobs, JobStats: FirstLoad: 5/2/0 LastSave: -1/-1/-1
09-16 13:19:19.484 1167 1167 I getprop : type=1400 audit(0.0:1666): avc: denied { open } for path="/dev/__properties__/u:object_r:device_config_reset_performed_prop:s0" dev="tmpfs" ino=114 scontext=u:r:shell:s0 tcontext=u:object_r:device_config_reset_performed_prop:s0 tclass=file permissive=1
09-16 13:19:26.314 1304 1304 D CompatibilityChangeReporter: Compat change id reported: 171979766; UID 1000; state: ENABLED
09-16 13:19:19.484 1167 1167 I getprop : type=1400 audit(0.0:1667): avc: denied { getattr } for path="/dev/__properties__/u:object_r:device_config_reset_performed_prop:s0" dev="tmpfs" ino=114 scontext=u:r:shell:s0 tcontext=u:object_r:device_config_reset_performed_prop:s0 tclass=file permissive=1
09-16 13:19:26.354 475 489 I adbd : jdwp connection from 1307
09-16 13:19:26.384 561 675 D CompatibilityChangeReporter: Compat change id reported: 168419799; UID 10027; state: DISABLED
09-16 13:19:26.389 561 1025 I ActivityTaskManager: START u0 {cmp=com.skyla.qbi/.Activities.WorkList.HomeActivity} from uid 10017
09-16 13:19:19.484 1167 1167 I getprop : type=1400 audit(0.0:1668): avc: denied { map } for path="/dev/__properties__/u:object_r:device_config_reset_performed_prop:s0" dev="tmpfs" ino=114 scontext=u:r:shell:s0 tcontext=u:object_r:device_config_reset_performed_prop:s0 tclass=file permissive=1
09-16 13:19:26.416 561 561 W Looper : Drained
09-16 13:19:26.427 561 573 I system_server: Background concurrent copying GC freed 31998(2067KB) AllocSpace objects, 14(516KB) LOS objects, 17% free, 9349KB/11MB, paused 24.405ms total 1.067s
09-16 13:19:26.461 561 735 V BackupManagerService: [UserID:0] No ancestral data
09-16 13:19:26.464 1279 1279 V MediaProvider: Attached media from com.android.providers.media.module
09-16 13:19:19.484 1167 1167 I getprop : type=1400 audit(0.0:1669): avc: denied { open } for path="/dev/__properties__/u:object_r:device_config_statsd_native_boot_prop:s0" dev="tmpfs" ino=117 scontext=u:r:shell:s0 tcontext=u:object_r:device_config_statsd_native_boot_prop:s0 tclass=file permissive=1
09-16 13:19:19.484 1167 1167 I getprop : type=1400 audit(0.0:1670): avc: denied { getattr } for path="/dev/__properties__/u:object_r:device_config_statsd_native_boot_prop:s0" dev="tmpfs" ino=117 scontext=u:r:shell:s0 tcontext=u:object_r:device_config_statsd_native_boot_prop:s0 tclass=file permissive=1
09-16 13:19:26.502 561 623 W system_server: Long monitor contention with owner Binder:561_8 (1025) at int com.android.server.wm.ActivityStarter.execute()(ActivityStarter.java:702) waiters=0 in void com.android.server.wm.InputMonitor$UpdateInputWindows.run() for 104ms
09-16 13:19:26.516 561 675 W ActivityManager: Slow operation: 143ms so far, now at attachApplicationLocked: after sendPendingBroadcastsLocked
09-16 13:19:26.543 561 1025 W ActivityTaskManager: Tried to set launchTime (0) < mLastActivityLaunchTime (55628)
09-16 13:19:26.543 561 1287 V BackupManagerConstants: getKeyValueBackupIntervalMilliseconds(...) returns 14400000
09-16 13:19:26.543 561 1287 V BackupManagerConstants: getKeyValueBackupFuzzMilliseconds(...) returns 600000
09-16 13:19:26.543 561 1287 V BackupManagerConstants: getKeyValueBackupRequiredNetworkType(...) returns 1
09-16 13:19:26.543 561 1287 V BackupManagerConstants: getKeyValueBackupRequireCharging(...) returns true
09-16 13:19:26.543 561 1287 V KeyValueBackupJob: Scheduling k/v pass in 241 minutes
09-16 13:19:26.597 241 241 I BpBinder: onLastStrongRef automatically unlinking death recipients:
09-16 13:19:26.620 1110 1110 D CompatibilityChangeReporter: Compat change id reported: 160794467; UID 10054; state: ENABLED
09-16 13:19:19.484 1167 1167 I getprop : type=1400 audit(0.0:1671): avc: denied { map } for path="/dev/__properties__/u:object_r:device_config_statsd_native_boot_prop:s0" dev="tmpfs" ino=117 scontext=u:r:shell:s0 tcontext=u:object_r:device_config_statsd_native_boot_prop:s0 tclass=file permissive=1
09-16 13:19:26.627 925 925 D HomeActivity: onCreate: 1:1663334366626
09-16 13:19:26.645 425 500 D AudioFlinger: mixer(0xb400ebea2cc57a70) throttle end: throttle time(8)
09-16 13:19:26.661 561 628 I UsageStatsService: User[0] Rollover scheduled @ 2022-09-17 13:19:18(1663420758828)
09-16 13:19:26.666 561 628 I UsageStatsService: Time changed in by 1663334296 seconds
09-16 13:19:26.676 561 1287 D ConnectivityService: requestNetwork for uid/pid:1000/561 activeRequest: null callbackRequest: 30 [NetworkRequest [ REQUEST id=31, [ Capabilities: INTERNET&NOT_RESTRICTED&TRUSTED&NOT_VCN_MANAGED Uid: 1000 RequestorUid: 1000 RequestorPkg: android] ]] callback flags: 0 priority: 2147483647
09-16 13:19:26.683 561 717 D ConnectivityService: NetReassign [no changes]
09-16 13:19:26.692 561 735 I BackupManagerService: isBackupEnabled() => false due to absent settings file
09-16 13:19:26.695 561 735 D BackupManagerService: user:0 readBackupEnableState enabled:false
09-16 13:19:26.695 561 735 I BackupManagerService: [UserID:0] Backup enabled => false
09-16 13:19:26.709 561 708 D WifiNetworkFactory: got request NetworkRequest [ REQUEST id=31, [ Capabilities: INTERNET&NOT_RESTRICTED&TRUSTED&NOT_VCN_MANAGED Uid: 1000 RequestorUid: 1000 RequestorPkg: android] ]
09-16 13:19:26.710 561 708 D UntrustedWifiNetworkFactory: got request NetworkRequest [ REQUEST id=31, [ Capabilities: INTERNET&NOT_RESTRICTED&TRUSTED&NOT_VCN_MANAGED Uid: 1000 RequestorUid: 1000 RequestorPkg: android] ]
09-16 13:19:26.711 561 708 D OemPaidWifiNetworkFactory: got request NetworkRequest [ REQUEST id=31, [ Capabilities: INTERNET&NOT_RESTRICTED&TRUSTED&NOT_VCN_MANAGED Uid: 1000 RequestorUid: 1000 RequestorPkg: android] ]
09-16 13:19:26.718 1304 1304 V GraphicsEnvironment: ANGLE Developer option for 'com.android.keychain' set to: 'default'
09-16 13:19:26.719 1304 1304 V GraphicsEnvironment: Neither updatable production driver nor prerelease driver is supported.
09-16 13:19:26.722 1304 1304 D NetworkSecurityConfig: No Network Security Config specified, using platform default
09-16 13:19:26.723 1304 1304 D NetworkSecurityConfig: No Network Security Config specified, using platform default
09-16 13:19:26.725 561 753 D Ethernet: got request NetworkRequest [ REQUEST id=31, [ Capabilities: INTERNET&NOT_RESTRICTED&TRUSTED&NOT_VCN_MANAGED Uid: 1000 RequestorUid: 1000 RequestorPkg: android] ]
09-16 13:19:26.725 561 753 D EthernetNetworkFactory: acceptRequest, request: NetworkRequest [ REQUEST id=31, [ Capabilities: INTERNET&NOT_RESTRICTED&TRUSTED&NOT_VCN_MANAGED Uid: 1000 RequestorUid: 1000 RequestorPkg: android] ]
09-16 13:19:26.725 561 753 I EthernetNetworkFactory: networkForRequest, request: NetworkRequest [ REQUEST id=31, [ Capabilities: INTERNET&NOT_RESTRICTED&TRUSTED&NOT_VCN_MANAGED Uid: 1000 RequestorUid: 1000 RequestorPkg: android] ], network: null
09-16 13:19:26.751 1279 1279 I TranscodeHelper: Empty transcode compat stale
09-16 13:19:26.752 1279 1279 I TranscodeHelper: Parsed 0 packages from resource
09-16 13:19:26.765 1279 1279 I TranscodeHelper: Empty device config transcode compat manifest
09-16 13:19:26.811 1307 1307 D CompatibilityChangeReporter: Compat change id reported: 171979766; UID 10027; state: ENABLED
09-16 13:19:26.828 1279 1279 V MediaStore: Examining volume emulated;0 with name external_primary and state checking
09-16 13:19:26.829 1279 1279 V MediaStore: Examining volume public:179,97 with name null and state unmounted
09-16 13:19:26.846 1279 1279 D CompatibilityChangeReporter: Compat change id reported: 148180766; UID 10063; state: ENABLED
09-16 13:19:19.484 1167 1167 I getprop : type=1400 audit(0.0:1672): avc: denied { open } for path="/dev/__properties__/u:object_r:device_config_statsd_native_prop:s0" dev="tmpfs" ino=118 scontext=u:r:shell:s0 tcontext=u:object_r:device_config_statsd_native_prop:s0 tclass=file permissive=1
09-16 13:19:19.484 1167 1167 I getprop : type=1400 audit(0.0:1673): avc: denied { getattr } for path="/dev/__properties__/u:object_r:device_config_statsd_native_prop:s0" dev="tmpfs" ino=118 scontext=u:r:shell:s0 tcontext=u:object_r:device_config_statsd_native_prop:s0 tclass=file permissive=1
09-16 13:19:26.901 1279 1279 D PulledMetrics: Registering callback with StatsManager
09-16 13:19:26.974 561 1277 I StorageUserConnection: Service: [ComponentInfo{com.android.providers.media.module/com.android.providers.media.fuse.ExternalStorageServiceImpl}] connected. User [0]
09-16 13:19:26.979 1279 1360 I ExternalStorageServiceImpl: Starting session for id: emulated;0
09-16 13:19:26.980 1213 1213 I LatinIME: Timeout waiting for dictionary load
09-16 13:19:26.990 1279 1357 V MediaProvider: onConfigure() for external.db
09-16 13:19:26.997 1279 1360 V FuseDaemonThread: Waiting 1000ms for FUSE start. Count 4
09-16 13:19:27.003 1279 1357 V MediaProvider: onOpen() for external.db
09-16 13:19:27.004 1279 1357 V MediaProvider: onOpen() finished for external.db
09-16 13:19:19.484 1167 1167 I getprop : type=1400 audit(0.0:1674): avc: denied { map } for path="/dev/__properties__/u:object_r:device_config_statsd_native_prop:s0" dev="tmpfs" ino=118 scontext=u:r:shell:s0 tcontext=u:object_r:device_config_statsd_native_prop:s0 tclass=file permissive=1
09-16 13:19:27.004 561 628 I UsageStatsService: User[0] Flushing usage stats to disk
09-16 13:19:19.484 1167 1167 I getprop : type=1400 audit(0.0:1675): avc: denied { open } for path="/dev/__properties__/u:object_r:device_config_swcodec_native_prop:s0" dev="tmpfs" ino=120 scontext=u:r:shell:s0 tcontext=u:object_r:device_config_swcodec_native_prop:s0 tclass=file permissive=1
09-16 13:19:27.039 1279 1361 I FuseDaemonThread: Starting thread for emulated;0 ...
09-16 13:19:27.041 1279 1361 I FuseDaemon: Starting fuse...
09-16 13:19:19.484 1167 1167 I getprop : type=1400 audit(0.0:1676): avc: denied { getattr } for path="/dev/__properties__/u:object_r:device_config_swcodec_native_prop:s0" dev="tmpfs" ino=120 scontext=u:r:shell:s0 tcontext=u:object_r:device_config_swcodec_native_prop:s0 tclass=file permissive=1
09-16 13:19:19.484 1167 1167 I getprop : type=1400 audit(0.0:1677): avc: denied { map } for path="/dev/__properties__/u:object_r:device_config_swcodec_native_prop:s0" dev="tmpfs" ino=120 scontext=u:r:shell:s0 tcontext=u:object_r:device_config_swcodec_native_prop:s0 tclass=file permissive=1
09-16 13:19:19.484 1167 1167 I getprop : type=1400 audit(0.0:1678): avc: denied { open } for path="/dev/__properties__/u:object_r:device_config_sys_traced_prop:s0" dev="tmpfs" ino=121 scontext=u:r:shell:s0 tcontext=u:object_r:device_config_sys_traced_prop:s0 tclass=file permissive=1
09-16 13:19:27.095 425 500 D AudioFlinger: mixer(0xb400ebea2cc57a70) throttle end: throttle time(8)
09-16 13:19:27.125 925 925 D TopBarStatusView: init
09-16 13:19:27.134 925 925 D TopBarStatusView: defaultDateFormat=YYYYMMDD_SLASH
09-16 13:19:19.484 1167 1167 I getprop : type=1400 audit(0.0:1679): avc: denied { getattr } for path="/dev/__properties__/u:object_r:device_config_sys_traced_prop:s0" dev="tmpfs" ino=121 scontext=u:r:shell:s0 tcontext=u:object_r:device_config_sys_traced_prop:s0 tclass=file permissive=1
09-16 13:19:27.202 840 850 I ndroid.systemu: Background concurrent copying GC freed 9689(947KB) AllocSpace objects, 0(0B) LOS objects, 23% free, 6511KB/8559KB, paused 307us total 908.047ms
09-16 13:19:19.484 1167 1167 I getprop : type=1400 audit(0.0:1680): avc: denied { map } for path="/dev/__properties__/u:object_r:device_config_sys_traced_prop:s0" dev="tmpfs" ino=121 scontext=u:r:shell:s0 tcontext=u:object_r:device_config_sys_traced_prop:s0 tclass=file permissive=1
09-16 13:19:27.213 840 840 D ControlsListingControllerImpl: Initializing
09-16 13:19:19.484 1167 1167 I getprop : type=1400 audit(0.0:1681): avc: denied { open } for path="/dev/__properties__/u:object_r:device_config_window_manager_native_boot_prop:s0" dev="tmpfs" ino=122 scontext=u:r:shell:s0 tcontext=u:object_r:device_config_window_manager_native_boot_prop:s0 tclass=file permissive=1
09-16 13:19:27.234 840 840 D ControlsFavoritePersistenceWrapper: No favorites, returning empty list
09-16 13:19:19.484 1167 1167 I getprop : type=1400 audit(0.0:1682): avc: denied { getattr } for path="/dev/__properties__/u:object_r:device_config_window_manager_native_boot_prop:s0" dev="tmpfs" ino=122 scontext=u:r:shell:s0 tcontext=u:object_r:device_config_window_manager_native_boot_prop:s0 tclass=file permissive=1
09-16 13:19:19.484 1167 1167 I getprop : type=1400 audit(0.0:1683): avc: denied { map } for path="/dev/__properties__/u:object_r:device_config_window_manager_native_boot_prop:s0" dev="tmpfs" ino=122 scontext=u:r:shell:s0 tcontext=u:object_r:device_config_window_manager_native_boot_prop:s0 tclass=file permissive=1
09-16 13:19:27.315 561 735 W system_server: Long monitor contention with owner backup-0 (1287) at void com.android.server.backup.UserBackupManagerService.dataChangedImpl(java.lang.String, java.util.HashSet)(UserBackupManagerService.java:2685) waiters=0 in void com.android.server.backup.UserBackupManagerService.updateStateOnBackupEnabled(boolean, boolean) for 619ms
09-16 13:19:19.484 1167 1167 I getprop : type=1400 audit(0.0:1684): avc: denied { open } for path="/dev/__properties__/u:object_r:drm_service_config_prop:s0" dev="tmpfs" ino=125 scontext=u:r:shell:s0 tcontext=u:object_r:drm_service_config_prop:s0 tclass=file permissive=1
09-16 13:19:19.484 1167 1167 I getprop : type=1400 audit(0.0:1685): avc: denied { getattr } for path="/dev/__properties__/u:object_r:drm_service_config_prop:s0" dev="tmpfs" ino=125 scontext=u:r:shell:s0 tcontext=u:object_r:drm_service_config_prop:s0 tclass=file permissive=1
09-16 13:19:27.367 1307 1307 V GraphicsEnvironment: ANGLE Developer option for 'com.android.traceur' set to: 'default'
09-16 13:19:27.367 1307 1307 V GraphicsEnvironment: Neither updatable production driver nor prerelease driver is supported.
09-16 13:19:27.369 459 1256 D AudioTrack: stop(6): called with 84672 frames delivered
09-16 13:19:27.375 1307 1307 D NetworkSecurityConfig: No Network Security Config specified, using platform default
09-16 13:19:27.376 1307 1307 D NetworkSecurityConfig: No Network Security Config specified, using platform default
09-16 13:19:27.382 561 1287 V BackupManagerConstants: getKeyValueBackupIntervalMilliseconds(...) returns 14400000
09-16 13:19:27.383 561 1287 V BackupManagerConstants: getKeyValueBackupFuzzMilliseconds(...) returns 600000
09-16 13:19:27.383 561 1287 V BackupManagerConstants: getKeyValueBackupRequiredNetworkType(...) returns 1
09-16 13:19:27.383 561 1287 V BackupManagerConstants: getKeyValueBackupRequireCharging(...) returns true
09-16 13:19:27.383 561 1287 V KeyValueBackupJob: Scheduling k/v pass in 244 minutes
09-16 13:19:19.484 1167 1167 I getprop : type=1400 audit(0.0:1686): avc: denied { map } for path="/dev/__properties__/u:object_r:drm_service_config_prop:s0" dev="tmpfs" ino=125 scontext=u:r:shell:s0 tcontext=u:object_r:drm_service_config_prop:s0 tclass=file permissive=1
09-16 13:19:27.415 925 925 D HomeActivity: onCreate: 2:1663334367415
09-16 13:19:19.484 1167 1167 I getprop : type=1400 audit(0.0:1687): avc: denied { open } for path="/dev/__properties__/u:object_r:dumpstate_options_prop:s0" dev="tmpfs" ino=126 scontext=u:r:shell:s0 tcontext=u:object_r:dumpstate_options_prop:s0 tclass=file permissive=1
09-16 13:19:27.464 1307 1307 I Traceur : Received BOOT_COMPLETE
09-16 13:19:19.484 1167 1167 I getprop : type=1400 audit(0.0:1688): avc: denied { getattr } for path="/dev/__properties__/u:object_r:dumpstate_options_prop:s0" dev="tmpfs" ino=126 scontext=u:r:shell:s0 tcontext=u:object_r:dumpstate_options_prop:s0 tclass=file permissive=1
09-16 13:19:19.484 1167 1167 I getprop : type=1400 audit(0.0:1689): avc: denied { map } for path="/dev/__properties__/u:object_r:dumpstate_options_prop:s0" dev="tmpfs" ino=126 scontext=u:r:shell:s0 tcontext=u:object_r:dumpstate_options_prop:s0 tclass=file permissive=1
09-16 13:19:19.488 1167 1167 I getprop : type=1400 audit(0.0:1690): avc: denied { open } for path="/dev/__properties__/u:object_r:exported_bluetooth_prop:s0" dev="tmpfs" ino=130 scontext=u:r:shell:s0 tcontext=u:object_r:exported_bluetooth_prop:s0 tclass=file permissive=1
09-16 13:19:19.488 1167 1167 I getprop : type=1400 audit(0.0:1691): avc: denied { getattr } for path="/dev/__properties__/u:object_r:exported_bluetooth_prop:s0" dev="tmpfs" ino=130 scontext=u:r:shell:s0 tcontext=u:object_r:exported_bluetooth_prop:s0 tclass=file permissive=1
09-16 13:19:27.525 840 840 V ShadeControllerImpl: NotificationShadeWindow: com.android.systemui.statusbar.phone.NotificationShadeWindowView{3b5b034 I.E...... ......ID 0,0-1024,600} canPanelBeCollapsed(): false
09-16 13:19:27.562 561 675 W WindowManager: Failed looking up window session=Session{58059da 925:u0a10017} callers=com.android.server.wm.WindowManagerService.windowForClientLocked:5593 com.android.server.wm.Session.insetsModified:629 android.view.IWindowSession$Stub.onTransact:1151
09-16 13:19:19.488 1167 1167 I getprop : type=1400 audit(0.0:1692): avc: denied { map } for path="/dev/__properties__/u:object_r:exported_bluetooth_prop:s0" dev="tmpfs" ino=130 scontext=u:r:shell:s0 tcontext=u:object_r:exported_bluetooth_prop:s0 tclass=file permissive=1
09-16 13:19:19.488 1167 1167 I getprop : type=1400 audit(0.0:1693): avc: denied { open } for path="/dev/__properties__/u:object_r:exported_overlay_prop:s0" dev="tmpfs" ino=134 scontext=u:r:shell:s0 tcontext=u:object_r:exported_overlay_prop:s0 tclass=file permissive=1
09-16 13:19:19.488 1167 1167 I getprop : type=1400 audit(0.0:1694): avc: denied { getattr } for path="/dev/__properties__/u:object_r:exported_overlay_prop:s0" dev="tmpfs" ino=134 scontext=u:r:shell:s0 tcontext=u:object_r:exported_overlay_prop:s0 tclass=file permissive=1
09-16 13:19:27.615 561 1303 W system_server: Long monitor contention with owner android.bg (628) at void com.android.server.usage.UsageStatsService.reportEvent(android.app.usage.UsageEvents$Event, int)(UsageStatsService.java:1055) waiters=0 in android.app.usage.UsageEvents com.android.server.usage.UsageStatsService.queryEvents(int, long, long, int) for 716ms
09-16 13:19:27.620 561 628 W Searchables: No global search activity found
09-16 13:19:27.632 840 840 D StatusBar: updateQsExpansionEnabled - QS Expand enabled: true
09-16 13:19:27.639 840 840 D StatusBar: disable disable2
09-16 13:19:27.645 840 840 D KeyguardUpdateMonitor: onKeyguardVisibilityChanged(false)
09-16 13:19:27.676 561 628 D CompatibilityChangeReporter: Compat change id reported: 135634846; UID 10032; state: DISABLED
09-16 13:19:27.677 561 628 D CompatibilityChangeReporter: Compat change id reported: 177438394; UID 10032; state: DISABLED
09-16 13:19:27.677 561 628 D CompatibilityChangeReporter: Compat change id reported: 135772972; UID 10032; state: DISABLED
09-16 13:19:27.677 561 628 D CompatibilityChangeReporter: Compat change id reported: 135754954; UID 10032; state: ENABLED
09-16 13:19:27.689 561 630 D CompatibilityChangeReporter: Compat change id reported: 143937733; UID 10032; state: ENABLED
09-16 13:19:19.488 1167 1167 I getprop : type=1400 audit(0.0:1695): avc: denied { map } for path="/dev/__properties__/u:object_r:exported_overlay_prop:s0" dev="tmpfs" ino=134 scontext=u:r:shell:s0 tcontext=u:object_r:exported_overlay_prop:s0 tclass=file permissive=1
09-16 13:19:27.724 384 384 D Zygote : Forked child process 1376
09-16 13:19:27.725 561 630 W ActivityManager: Slow operation: 51ms so far, now at startProcess: done updating battery stats
09-16 13:19:27.725 561 630 W ActivityManager: Slow operation: 51ms so far, now at startProcess: building log message
09-16 13:19:27.725 561 630 I ActivityManager: Start proc 1376:com.android.printspooler/u0a32 for service {com.android.printspooler/com.android.printspooler.model.PrintSpoolerService}
09-16 13:19:27.726 561 630 W ActivityManager: Slow operation: 51ms so far, now at startProcess: starting to update pids map
09-16 13:19:27.726 561 630 W ActivityManager: Slow operation: 52ms so far, now at startProcess: done updating pids map
09-16 13:19:27.735 840 840 V KeyguardUpdateMonitor: onSubscriptionInfoChanged()
09-16 13:19:27.737 840 1098 D EglHelper: createEglContext start
09-16 13:19:27.746 840 1098 D EglHelper: createEglContext done
09-16 13:19:27.746 840 1098 D EglHelper: createEglSurface start
09-16 13:19:27.754 1376 1376 I Zygote : seccomp disabled by setenforce 0
09-16 13:19:19.488 1167 1167 I getprop : type=1400 audit(0.0:1696): avc: denied { open } for path="/dev/__properties__/u:object_r:fastbootd_protocol_prop:s0" dev="tmpfs" ino=137 scontext=u:r:shell:s0 tcontext=u:object_r:fastbootd_protocol_prop:s0 tclass=file permissive=1
09-16 13:19:27.786 840 840 W AudioManager: attempt to call registerAudioRecordingCallback() on a previouslyregistered callback
09-16 13:19:27.788 475 489 I adbd : jdwp connection from 1376
09-16 13:19:27.792 840 840 I Choreographer: Skipped 294 frames! The application may be doing too much work on its main thread.
09-16 13:19:27.795 925 954 I com.skyla.qbi: NativeAlloc concurrent copying GC freed 5401(428KB) AllocSpace objects, 0(0B) LOS objects, 7% free, 25MB/27MB, paused 141us total 325.689ms
09-16 13:19:27.797 840 1098 D EglHelper: createEglSurface done
09-16 13:19:19.488 1167 1167 I getprop : type=1400 audit(0.0:1697): avc: denied { getattr } for path="/dev/__properties__/u:object_r:fastbootd_protocol_prop:s0" dev="tmpfs" ino=137 scontext=u:r:shell:s0 tcontext=u:object_r:fastbootd_protocol_prop:s0 tclass=file permissive=1
09-16 13:19:27.840 561 675 D CompatibilityChangeReporter: Compat change id reported: 168419799; UID 10032; state: DISABLED
09-16 13:19:19.488 1167 1167 I getprop : type=1400 audit(0.0:1698): avc: denied { map } for path="/dev/__properties__/u:object_r:fastbootd_protocol_prop:s0" dev="tmpfs" ino=137 scontext=u:r:shell:s0 tcontext=u:object_r:fastbootd_protocol_prop:s0 tclass=file permissive=1
09-16 13:19:27.955 561 675 W ActivityManager: Slow operation: 118ms so far, now at attachApplicationLocked: after mServices.attachApplicationLocked
09-16 13:19:19.488 1167 1167 I getprop : type=1400 audit(0.0:1699): avc: denied { open } for path="/dev/__properties__/u:object_r:ffs_control_prop:s0" dev="tmpfs" ino=139 scontext=u:r:shell:s0 tcontext=u:object_r:ffs_control_prop:s0 tclass=file permissive=1
09-16 13:19:27.970 561 1025 I MediaFocusControl: abandonAudioFocus() from uid/pid 10057/840 clientId=android.media.AudioManager@5aad164
09-16 13:19:28.012 1376 1376 D CompatibilityChangeReporter: Compat change id reported: 171979766; UID 10032; state: ENABLED
09-16 13:19:28.016 840 1229 V MediaPlayer: resetDrmState: mDrmInfo=null mDrmProvisioningThread=null mPrepareDrmInProgress=false mActiveDrmScheme=false
09-16 13:19:28.017 840 1229 V MediaPlayer: cleanDrmObj: mDrmObj=null mDrmSessionId=null
09-16 13:19:28.017 459 459 D NuPlayerDriver: reset(0xf5341190) at state 6
09-16 13:19:28.050 221 362 I vold : Bind mounting //data/media/0/Android/data on /mnt/user/0/emulated/0/Android/data
09-16 13:19:28.053 465 482 I hw-BpHwBinder: onLastStrongRef automatically unlinking death recipients
09-16 13:19:28.054 221 362 I vold : Bind mounted //data/media/0/Android/data on /mnt/user/0/emulated/0/Android/data
09-16 13:19:28.054 221 362 I vold : Bind mounting //data/media/0/Android/obb on /mnt/user/0/emulated/0/Android/obb
09-16 13:19:28.055 465 482 V C2Store : in ~ComponentModule
09-16 13:19:28.055 465 482 V C2Store : unloading dll
09-16 13:19:28.055 459 1397 I hw-BpHwBinder: onLastStrongRef automatically unlinking death recipients
09-16 13:19:28.058 221 362 I vold : Bind mounted //data/media/0/Android/obb on /mnt/user/0/emulated/0/Android/obb
09-16 13:19:28.058 221 362 I vold : Configuring read_ahead of /mnt/user/0/emulated fuse filesystem to 256kb
09-16 13:19:28.059 221 362 I vold : Writing 256 to /sys/class/bdi/0:76/read_ahead_kb
09-16 13:19:28.059 221 362 I vold : Configuring max_ratio of /mnt/user/0/emulated fuse filesystem to 40
09-16 13:19:28.060 221 362 I vold : Writing 40 to /sys/class/bdi/0:76/max_ratio
09-16 13:19:28.064 561 619 W Looper : Slow dispatch took 966ms android.fg h=android.os.Handler c=com.android.server.Watchdog$HandlerChecker@4b9fcad m=0
09-16 13:19:28.068 459 1240 D NuPlayerDriver: notifyResetComplete(0xf5341190)
09-16 13:19:28.071 459 459 W AMessage: failed to post message as target looper for handler 0 is gone.
09-16 13:19:28.076 561 619 W Looper : Slow delivery took 676ms android.fg h=com.android.server.DropBoxManagerService$DropBoxManagerBroadcastHandler c=null m=2
09-16 13:19:19.488 1167 1167 I getprop : type=1400 audit(0.0:1700): avc: denied { getattr } for path="/dev/__properties__/u:object_r:ffs_control_prop:s0" dev="tmpfs" ino=139 scontext=u:r:shell:s0 tcontext=u:object_r:ffs_control_prop:s0 tclass=file permissive=1
09-16 13:19:19.488 1167 1167 I getprop : type=1400 audit(0.0:1701): avc: denied { map } for path="/dev/__properties__/u:object_r:ffs_control_prop:s0" dev="tmpfs" ino=139 scontext=u:r:shell:s0 tcontext=u:object_r:ffs_control_prop:s0 tclass=file permissive=1
09-16 13:19:28.077 561 699 I StorageManagerService: Mounted volume VolumeInfo{emulated;0}:
09-16 13:19:28.077 561 699 I StorageManagerService: type=EMULATED diskId=null partGuid= mountFlags=PRIMARY|VISIBLE
09-16 13:19:28.077 561 699 I StorageManagerService: mountUserId=0 state=CHECKING
09-16 13:19:28.077 561 699 I StorageManagerService: fsType=null fsUuid=null fsLabel=null
09-16 13:19:28.077 561 699 I StorageManagerService: path=/storage/emulated internalPath=/data/media
09-16 13:19:28.082 561 699 I StorageSessionController: Notifying volume state changed for session with id: emulated;0
09-16 13:19:28.139 1279 1360 V MediaStore: Examining volume emulated;0 with name external_primary and state mounted
09-16 13:19:28.140 1279 1360 V MediaStore: Examining volume public:179,97 with name null and state unmounted
09-16 13:19:19.488 1167 1167 I getprop : type=1400 audit(0.0:1702): avc: denied { open } for path="/dev/__properties__/u:object_r:firstboot_prop:s0" dev="tmpfs" ino=141 scontext=u:r:shell:s0 tcontext=u:object_r:firstboot_prop:s0 tclass=file permissive=1
09-16 13:19:28.158 840 840 W View : requestLayout() improperly called by com.android.systemui.statusbar.phone.StatusIconContainer{d9dbe4f V.E...... ......ID 0,0-9,72 #7f0b0571 app:id/statusIcons} during layout: running second layout pass
09-16 13:19:28.183 561 699 I StorageManagerService: Mounting volume VolumeInfo{public:179,97}:
09-16 13:19:28.183 561 699 I StorageManagerService: type=PUBLIC diskId=disk:179,96 partGuid= mountFlags=VISIBLE mountUserId=0
09-16 13:19:28.183 561 699 I StorageManagerService: state=UNMOUNTED
09-16 13:19:28.183 561 699 I StorageManagerService: fsType=null fsUuid=null fsLabel=null
09-16 13:19:28.183 561 699 I StorageManagerService: path=null internalPath=null
09-16 13:19:28.184 221 362 D vold : /system/bin/blkid
09-16 13:19:28.184 221 362 D vold : -c
09-16 13:19:28.184 221 362 D vold : /dev/null
09-16 13:19:28.184 221 362 D vold : -s
09-16 13:19:28.184 221 362 D vold : TYPE
09-16 13:19:28.184 221 362 D vold : -s
09-16 13:19:28.184 221 362 D vold : UUID
09-16 13:19:28.184 221 362 D vold : -s
09-16 13:19:28.184 221 362 D vold : LABEL
09-16 13:19:28.184 221 362 D vold : /dev/block/vold/public:179,97
09-16 13:19:19.488 1167 1167 I getprop : type=1400 audit(0.0:1703): avc: denied { getattr } for path="/dev/__properties__/u:object_r:firstboot_prop:s0" dev="tmpfs" ino=141 scontext=u:r:shell:s0 tcontext=u:object_r:firstboot_prop:s0 tclass=file permissive=1
09-16 13:19:19.488 1167 1167 I getprop : type=1400 audit(0.0:1704): avc: denied { map } for path="/dev/__properties__/u:object_r:firstboot_prop:s0" dev="tmpfs" ino=141 scontext=u:r:shell:s0 tcontext=u:object_r:firstboot_prop:s0 tclass=file permissive=1
09-16 13:19:28.191 561 619 W Looper : Drained
09-16 13:19:28.205 840 840 D MediaRouter: onRestoreRoute() : route=RouteInfo{ name=Tablet, description=null, status=null, category=RouteCategory{ name=System types=ROUTE_TYPE_LIVE_AUDIO ROUTE_TYPE_LIVE_VIDEO groupable=false }, supportedTypes=ROUTE_TYPE_LIVE_AUDIO ROUTE_TYPE_LIVE_VIDEO , presentationDisplay=null }
09-16 13:19:28.205 840 840 V MediaRouter: Selecting route: RouteInfo{ name=Tablet, description=null, status=null, category=RouteCategory{ name=System types=ROUTE_TYPE_LIVE_AUDIO ROUTE_TYPE_LIVE_VIDEO groupable=false }, supportedTypes=ROUTE_TYPE_LIVE_AUDIO ROUTE_TYPE_LIVE_VIDEO , presentationDisplay=null }
09-16 13:19:28.222 1376 1376 V GraphicsEnvironment: ANGLE Developer option for 'com.android.printspooler' set to: 'default'
09-16 13:19:28.225 1376 1376 V GraphicsEnvironment: Neither updatable production driver nor prerelease driver is supported.
09-16 13:19:28.235 1376 1376 D NetworkSecurityConfig: No Network Security Config specified, using platform default
09-16 13:19:28.251 1376 1376 D NetworkSecurityConfig: No Network Security Config specified, using platform default
09-16 13:19:19.488 1167 1167 I getprop : type=1400 audit(0.0:1705): avc: denied { open } for path="/dev/__properties__/u:object_r:framework_watchdog_config_prop:s0" dev="tmpfs" ino=142 scontext=u:r:shell:s0 tcontext=u:object_r:framework_watchdog_config_prop:s0 tclass=file permissive=1
09-16 13:19:19.488 1167 1167 I getprop : type=1400 audit(0.0:1706): avc: denied { getattr } for path="/dev/__properties__/u:object_r:framework_watchdog_config_prop:s0" dev="tmpfs" ino=142 scontext=u:r:shell:s0 tcontext=u:object_r:framework_watchdog_config_prop:s0 tclass=file permissive=1
09-16 13:19:28.339 561 966 D CompatibilityChangeReporter: Compat change id reported: 168419799; UID 10054; state: DISABLED
09-16 13:19:28.351 1110 1110 D TouchInteractionService: Touch service destroyed: user=0
09-16 13:19:28.353 561 751 W InputManager-JNI: Input channel object 'recents_animation_input_consumer (client)' was disposed without first being removed with the input manager!
09-16 13:19:19.488 1167 1167 I getprop : type=1400 audit(0.0:1707): avc: denied { map } for path="/dev/__properties__/u:object_r:framework_watchdog_config_prop:s0" dev="tmpfs" ino=142 scontext=u:r:shell:s0 tcontext=u:object_r:framework_watchdog_config_prop:s0 tclass=file permissive=1
09-16 13:19:28.400 221 362 D vold : /dev/block/vold/public:179,97: LABEL="boot" UUID="3C6C-37EC" TYPE="vfat"
09-16 13:19:28.403 221 362 D vold : /system/bin/fsck_msdos
09-16 13:19:28.403 221 362 D vold : -p
09-16 13:19:28.403 221 362 D vold : -f
09-16 13:19:28.403 221 362 D vold : -y
09-16 13:19:28.403 221 362 D vold : /dev/block/vold/public:179,97
09-16 13:19:19.488 1167 1167 I getprop : type=1400 audit(0.0:1708): avc: denied { open } for path="/dev/__properties__/u:object_r:gsid_prop:s0" dev="tmpfs" ino=144 scontext=u:r:shell:s0 tcontext=u:object_r:gsid_prop:s0 tclass=file permissive=1
09-16 13:19:19.488 1167 1167 I getprop : type=1400 audit(0.0:1709): avc: denied { getattr } for path="/dev/__properties__/u:object_r:gsid_prop:s0" dev="tmpfs" ino=144 scontext=u:r:shell:s0 tcontext=u:object_r:gsid_prop:s0 tclass=file permissive=1
09-16 13:19:19.488 1167 1167 I getprop : type=1400 audit(0.0:1710): avc: denied { map } for path="/dev/__properties__/u:object_r:gsid_prop:s0" dev="tmpfs" ino=144 scontext=u:r:shell:s0 tcontext=u:object_r:gsid_prop:s0 tclass=file permissive=1
09-16 13:19:19.488 1167 1167 I getprop : type=1400 audit(0.0:1711): avc: denied { open } for path="/dev/__properties__/u:object_r:hal_dumpstate_config_prop:s0" dev="tmpfs" ino=145 scontext=u:r:shell:s0 tcontext=u:object_r:hal_dumpstate_config_prop:s0 tclass=file permissive=1
09-16 13:19:28.515 561 619 W Looper : Slow dispatch took 100ms android.fg h=android.os.Handler c=com.android.server.wm.ActivityMetricsLogger$$ExternalSyntheticLambda1@182e0d5 m=0
09-16 13:19:28.515 561 619 I ActivityTaskManager: Displayed com.skyla.qbi/.Activities.WorkList.HomeActivity: +15s58ms
09-16 13:19:28.542 1110 1110 D TouchInteractionService: Touch service connected: user=0
09-16 13:19:28.585 840 1060 D ControlsListingControllerImpl: Subscribing callback, service count: 0
09-16 13:19:28.599 840 840 D InterruptionStateProvider: No bubble up: not allowed to bubble: -1|android|26|null|1000
09-16 13:19:28.623 840 840 W NotifBindPipeline: Row is not set so pipeline will not run. notif = -1|android|26|null|1000
09-16 13:19:28.642 840 840 D InterruptionStateProvider: No bubble up: not allowed to bubble: -1|android|55|null|1000
09-16 13:19:28.643 840 840 D InterruptionStateProvider: No heads up: unimportant notification: -1|android|55|null|1000
09-16 13:19:19.488 1167 1167 I getprop : type=1400 audit(0.0:1712): avc: denied { getattr } for path="/dev/__properties__/u:object_r:hal_dumpstate_config_prop:s0" dev="tmpfs" ino=145 scontext=u:r:shell:s0 tcontext=u:object_r:hal_dumpstate_config_prop:s0 tclass=file permissive=1
09-16 13:19:28.710 840 840 D InterruptionStateProvider: No bubble up: not allowed to bubble: -1|android|32|null|1000
09-16 13:19:28.712 840 840 D InterruptionStateProvider: No heads up: unimportant notification: -1|android|32|null|1000
09-16 13:19:19.488 1167 1167 I getprop : type=1400 audit(0.0:1713): avc: denied { map } for path="/dev/__properties__/u:object_r:hal_dumpstate_config_prop:s0" dev="tmpfs" ino=145 scontext=u:r:shell:s0 tcontext=u:object_r:hal_dumpstate_config_prop:s0 tclass=file permissive=1
09-16 13:19:28.759 840 840 W NotifCollection: Ranking update is missing ranking for -1|android|55|null|1000
09-16 13:19:19.488 1167 1167 I getprop : type=1400 audit(0.0:1714): avc: denied { open } for path="/dev/__properties__/u:object_r:incremental_prop:s0" dev="tmpfs" ino=152 scontext=u:r:shell:s0 tcontext=u:object_r:incremental_prop:s0 tclass=file permissive=1
09-16 13:19:28.767 561 1025 D CompatibilityChangeReporter: Compat change id reported: 168419799; UID 1000; state: DISABLED
09-16 13:19:28.783 840 840 D InterruptionStateProvider: No bubble up: not allowed to bubble: -1|android|26|null|1000
09-16 13:19:28.787 840 840 W NotifBindPipeline: Row is not set so pipeline will not run. notif = -1|android|26|null|1000
09-16 13:19:28.788 840 840 I Choreographer: Skipped 56 frames! The application may be doing too much work on its main thread.
09-16 13:19:19.488 1167 1167 I getprop : type=1400 audit(0.0:1715): avc: denied { getattr } for path="/dev/__properties__/u:object_r:incremental_prop:s0" dev="tmpfs" ino=152 scontext=u:r:shell:s0 tcontext=u:object_r:incremental_prop:s0 tclass=file permissive=1
09-16 13:19:28.794 561 561 D NetworkSecurityConfig: No Network Security Config specified, using platform default
09-16 13:19:19.488 1167 1167 I getprop : type=1400 audit(0.0:1716): avc: denied { map } for path="/dev/__properties__/u:object_r:incremental_prop:s0" dev="tmpfs" ino=152 scontext=u:r:shell:s0 tcontext=u:object_r:incremental_prop:s0 tclass=file permissive=1
09-16 13:19:28.817 561 561 I Telecom : DefaultDialerCache: Refreshing default dialer for user 0: now null: DDC.oR@AAw
09-16 13:19:28.820 561 561 I Telecom : MissedCallNotifierImpl: reloadAfterBootComplete: user=0: TSBCR.oR@AA0
09-16 13:19:28.826 561 1414 I RecoverySystem: No recovery log file
09-16 13:19:28.836 840 1060 D PeopleSpaceWidgetMgr: Sbn doesn't contain valid PeopleTileKey: null/-1/android
09-16 13:19:28.837 840 1060 D PeopleSpaceWidgetMgr: Sbn doesn't contain valid PeopleTileKey: null/-1/android
09-16 13:19:28.837 840 1060 D PeopleSpaceWidgetMgr: Sbn doesn't contain valid PeopleTileKey: null/-1/android
09-16 13:19:28.838 840 1060 D PeopleSpaceWidgetMgr: Sbn doesn't contain valid PeopleTileKey: null/-1/android
09-16 13:19:28.842 561 561 I Telecom : MissedCallNotifierImpl: reloadAfterBootComplete: user=0: TSBCR.oR@AA0
09-16 13:19:28.849 915 915 D CarrierConfigLoader: mHandler: EVENT_SYSTEM_UNLOCKED phoneId: 0
09-16 13:19:28.857 561 1415 D CompatibilityChangeReporter: Compat change id reported: 135634846; UID 10014; state: DISABLED
09-16 13:19:28.858 561 1415 D CompatibilityChangeReporter: Compat change id reported: 177438394; UID 10014; state: DISABLED
09-16 13:19:28.858 561 1415 D CompatibilityChangeReporter: Compat change id reported: 135772972; UID 10014; state: DISABLED
09-16 13:19:28.858 561 1414 I DropBoxManagerService: add tag=SYSTEM_BOOT isTagEnabled=true flags=0x2
09-16 13:19:28.859 561 1415 D CompatibilityChangeReporter: Compat change id reported: 135754954; UID 10014; state: ENABLED
09-16 13:19:28.860 561 630 D CompatibilityChangeReporter: Compat change id reported: 143937733; UID 10014; state: ENABLED
09-16 13:19:28.863 561 1414 I BootReceiver: Copying audit failures to DropBox
09-16 13:19:28.869 561 1414 I BootReceiver: Checking for fsck errors
09-16 13:19:28.889 384 384 D Zygote : Forked child process 1416
09-16 13:19:28.914 561 630 W ActivityManager: Slow operation: 58ms so far, now at startProcess: done updating battery stats
09-16 13:19:28.914 561 630 W ActivityManager: Slow operation: 59ms so far, now at startProcess: building log message
09-16 13:19:28.914 561 630 I ActivityManager: Start proc 1416:android.process.acore/u0a14 for content provider {com.android.providers.contacts/com.android.providers.contacts.CallLogProvider}
09-16 13:19:28.914 561 630 W ActivityManager: Slow operation: 59ms so far, now at startProcess: starting to update pids map
09-16 13:19:28.938 1416 1416 I Zygote : seccomp disabled by setenforce 0
09-16 13:19:19.492 1167 1167 I getprop : type=1400 audit(0.0:1717): avc: denied { open } for path="/dev/__properties__/u:object_r:lower_kptr_restrict_prop:s0" dev="tmpfs" ino=170 scontext=u:r:shell:s0 tcontext=u:object_r:lower_kptr_restrict_prop:s0 tclass=file permissive=1
09-16 13:19:28.963 561 630 W ActivityManager: Slow operation: 107ms so far, now at startProcess: done updating pids map
09-16 13:19:28.976 475 489 I adbd : jdwp connection from 1416
09-16 13:19:19.492 1167 1167 I getprop : type=1400 audit(0.0:1718): avc: denied { getattr } for path="/dev/__properties__/u:object_r:lower_kptr_restrict_prop:s0" dev="tmpfs" ino=170 scontext=u:r:shell:s0 tcontext=u:object_r:lower_kptr_restrict_prop:s0 tclass=file permissive=1
09-16 13:19:19.492 1167 1167 I getprop : type=1400 audit(0.0:1719): avc: denied { map } for path="/dev/__properties__/u:object_r:lower_kptr_restrict_prop:s0" dev="tmpfs" ino=170 scontext=u:r:shell:s0 tcontext=u:object_r:lower_kptr_restrict_prop:s0 tclass=file permissive=1
09-16 13:19:19.492 1167 1167 I getprop : type=1400 audit(0.0:1720): avc: denied { open } for path="/dev/__properties__/u:object_r:qemu_hw_prop:s0" dev="tmpfs" ino=203 scontext=u:r:shell:s0 tcontext=u:object_r:qemu_hw_prop:s0 tclass=file permissive=1
09-16 13:19:29.001 840 840 D InterruptionStateProvider: No heads up: unimportant notification: -1|android|55|null|1000
09-16 13:19:29.009 840 1060 D PeopleSpaceWidgetMgr: Sbn doesn't contain valid PeopleTileKey: null/-1/android
09-16 13:19:29.009 561 1025 D CompatibilityChangeReporter: Compat change id reported: 168419799; UID 1001; state: DISABLED
09-16 13:19:29.017 561 1414 D CompatibilityChangeReporter: Compat change id reported: 135634846; UID 10013; state: DISABLED
09-16 13:19:29.018 561 1414 D CompatibilityChangeReporter: Compat change id reported: 177438394; UID 10013; state: DISABLED
09-16 13:19:29.018 561 1414 D CompatibilityChangeReporter: Compat change id reported: 135772972; UID 10013; state: DISABLED
09-16 13:19:29.019 561 1414 D CompatibilityChangeReporter: Compat change id reported: 135754954; UID 10013; state: ENABLED
09-16 13:19:29.020 561 630 D CompatibilityChangeReporter: Compat change id reported: 143937733; UID 10013; state: ENABLED
09-16 13:19:29.046 561 675 D CompatibilityChangeReporter: Compat change id reported: 168419799; UID 10014; state: DISABLED
09-16 13:19:29.065 384 384 D Zygote : Forked child process 1435
09-16 13:19:29.066 561 630 W ActivityManager: Slow operation: 51ms so far, now at startProcess: returned from zygote!
09-16 13:19:29.089 1435 1435 I Zygote : seccomp disabled by setenforce 0
09-16 13:19:19.492 1167 1167 I getprop : type=1400 audit(0.0:1721): avc: denied { getattr } for path="/dev/__properties__/u:object_r:qemu_hw_prop:s0" dev="tmpfs" ino=203 scontext=u:r:shell:s0 tcontext=u:object_r:qemu_hw_prop:s0 tclass=file permissive=1
09-16 13:19:29.120 475 489 I adbd : jdwp connection from 1435
09-16 13:19:29.126 561 675 W ActivityManager: Slow operation: 92ms so far, now at attachApplicationLocked: after updateOomAdjLocked
09-16 13:19:29.135 561 1025 D CompatibilityChangeReporter: Compat change id reported: 135634846; UID 1000; state: DISABLED
09-16 13:19:29.136 561 1025 D CompatibilityChangeReporter: Compat change id reported: 177438394; UID 1000; state: DISABLED
09-16 13:19:29.136 561 1025 D CompatibilityChangeReporter: Compat change id reported: 135772972; UID 1000; state: DISABLED
09-16 13:19:29.136 561 1025 D CompatibilityChangeReporter: Compat change id reported: 135754954; UID 1000; state: ENABLED
09-16 13:19:29.138 561 900 D BufferPoolAccessor2.0: evictor expired: 6, evicted: 0
09-16 13:19:29.146 1416 1416 D CompatibilityChangeReporter: Compat change id reported: 171979766; UID 10014; state: ENABLED
09-16 13:19:19.492 1167 1167 I getprop : type=1400 audit(0.0:1722): avc: denied { map } for path="/dev/__properties__/u:object_r:qemu_hw_prop:s0" dev="tmpfs" ino=203 scontext=u:r:shell:s0 tcontext=u:object_r:qemu_hw_prop:s0 tclass=file permissive=1
09-16 13:19:29.160 213 213 I servicemanager: Notifying apexservice they have clients: 1
09-16 13:19:29.161 213 213 I servicemanager: Notifying apexservice they have clients: 0
09-16 13:19:29.167 561 630 W ActivityManager: Slow operation: 153ms so far, now at startProcess: done updating battery stats
09-16 13:19:29.168 561 630 W ActivityManager: Slow operation: 153ms so far, now at startProcess: building log message
09-16 13:19:29.168 561 630 I ActivityManager: Start proc 1435:android.process.media/u0a13 for content provider {com.android.providers.downloads/com.android.providers.downloads.DownloadProvider}
09-16 13:19:29.170 561 630 W ActivityManager: Slow operation: 156ms so far, now at startProcess: starting to update pids map
09-16 13:19:29.171 561 630 W ActivityManager: Slow operation: 156ms so far, now at startProcess: done updating pids map
09-16 13:19:29.189 561 1025 D CompatibilityChangeReporter: Compat change id reported: 168419799; UID 10013; state: DISABLED
09-16 13:19:19.492 1167 1167 I getprop : type=1400 audit(0.0:1723): avc: denied { open } for path="/dev/__properties__/u:object_r:qemu_sf_lcd_density_prop:s0" dev="tmpfs" ino=204 scontext=u:r:shell:s0 tcontext=u:object_r:qemu_sf_lcd_density_prop:s0 tclass=file permissive=1
09-16 13:19:29.233 380 380 I netd : bandwidthAddNiceApp(10013) <0.22ms>
09-16 13:19:19.492 1167 1167 I getprop : type=1400 audit(0.0:1724): avc: denied { getattr } for path="/dev/__properties__/u:object_r:qemu_sf_lcd_density_prop:s0" dev="tmpfs" ino=204 scontext=u:r:shell:s0 tcontext=u:object_r:qemu_sf_lcd_density_prop:s0 tclass=file permissive=1
09-16 13:19:19.492 1167 1167 I getprop : type=1400 audit(0.0:1725): avc: denied { map } for path="/dev/__properties__/u:object_r:qemu_sf_lcd_density_prop:s0" dev="tmpfs" ino=204 scontext=u:r:shell:s0 tcontext=u:object_r:qemu_sf_lcd_density_prop:s0 tclass=file permissive=1
09-16 13:19:29.236 384 384 D Zygote : Forked child process 1451
09-16 13:19:29.240 561 630 W ActivityManager: Slow operation: 107ms so far, now at startProcess: returned from zygote!
09-16 13:19:29.249 840 1116 D BufferPoolAccessor2.0: evictor expired: 2, evicted: 0
09-16 13:19:29.254 1451 1451 I Zygote : seccomp disabled by setenforce 0
09-16 13:19:29.258 561 1025 W ActivityManager: Slow operation: 74ms so far, now at attachApplicationLocked: after updateOomAdjLocked
09-16 13:19:29.272 561 630 W ActivityManager: Slow operation: 138ms so far, now at startProcess: done updating battery stats
09-16 13:19:29.279 561 573 I system_server: Background young concurrent copying GC freed 23407(1846KB) AllocSpace objects, 7(316KB) LOS objects, 18% free, 9261KB/11MB, paused 655us total 400.538ms
09-16 13:19:29.284 561 630 W ActivityManager: Slow operation: 150ms so far, now at startProcess: building log message
09-16 13:19:29.284 561 630 I ActivityManager: Start proc 1451:com.android.dynsystem/1000 for broadcast {com.android.dynsystem/com.android.dynsystem.BootCompletedReceiver}
09-16 13:19:29.284 561 630 W ActivityManager: Slow operation: 150ms so far, now at startProcess: starting to update pids map
09-16 13:19:29.284 561 630 W ActivityManager: Slow operation: 151ms so far, now at startProcess: done updating pids map
09-16 13:19:29.301 1435 1435 D CompatibilityChangeReporter: Compat change id reported: 171979766; UID 10013; state: ENABLED
