09-16 13:19:22.775 561 1025 W ActivityManager: Slow operation: 60ms so far, now at attachApplicationLocked: immediately before bindApplication
09-16 13:19:22.778 561 1025 W ActivityManager: Slow operation: 62ms so far, now at attachApplicationLocked: immediately after bindApplication
09-16 13:19:22.778 561 1025 W ActivityManager: Slow operation: 63ms so far, now at attachApplicationLocked: after updateLruProcessLocked
09-16 13:19:22.785 221 225 D vold : Disk at 7:26 changed
09-16 13:19:22.806 561 1025 W ActivityManager: Slow operation: 91ms so far, now at attachApplicationLocked: after mServices.attachApplicationLocked
09-16 13:19:22.833 840 1229 W ActivityThread: Failed to find provider info for media (user not unlocked)
09-16 13:19:22.842 221 221 D vold : Finished restorecon of /data/vendor_ce/0
09-16 13:19:22.842 221 221 D vold : Starting restorecon of /data/misc_ce/0
09-16 13:19:22.878 221 221 D vold : Finished restorecon of /data/misc_ce/0
09-16 13:19:22.878 221 221 D vold : /system/bin/vold_prepare_subdirs
09-16 13:19:22.878 221 221 D vold : prepare
09-16 13:19:22.878 221 221 D vold :
09-16 13:19:22.878 221 221 D vold : 0
09-16 13:19:22.878 221 221 D vold : 2
09-16 13:19:22.943 561 561 W NotificationHistory: Attempted to add notif for locked/gone/disabled user 0
09-16 13:19:23.056 561 619 V UserDataPreparer: Found /data/user/0 with serial number 0
09-16 13:19:23.057 561 619 V UserDataPreparer: Found /data/system_ce/0 with serial number 0
09-16 13:19:23.058 561 619 D UserDataPreparer: Setting property: sys.user.0.ce_available=true
09-16 13:19:23.061 561 619 V PackageManager: reconcileAppsData for null u0 0x2 migrateAppData=false
09-16 13:19:23.313 840 1195 W ActivityThread: Failed to find provider info for com.android.contacts (user not unlocked)
09-16 13:19:23.678 561 1250 I DropBoxManagerService: add tag=system_app_wtf isTagEnabled=true flags=0x2
09-16 13:19:23.912 840 1195 W ActivityThread: Failed to find provider info for com.android.contacts (user not unlocked)
09-16 13:19:23.968 840 1195 W ActivityThread: Failed to find provider info for com.android.contacts (user not unlocked)
09-16 13:19:23.969 1213 1254 W ActivityThread: Failed to find provider info for user_dictionary (user not unlocked) --------- beginning of main
09-16 13:19:24.082 459 1258 I CCodecBufferChannel: [c2.android.vorbis.decoder#982] Created output block pool with allocatorID 16 => poolID 26 - OK
09-16 13:19:24.083 459 1258 D CCodecBufferChannel: [c2.android.vorbis.decoder#982] Configured output block pool ids 26 => OK
09-16 13:19:24.083 561 573 I system_server: Background young concurrent copying GC freed 25072(1595KB) AllocSpace objects, 5(108KB) LOS objects, 16% free, 8780KB/10MB, paused 360us total 404.365ms
09-16 13:19:24.086 459 1258 E ion : ioctl c0044901 failed with code -1: Inappropriate ioctl for device
09-16 13:19:19.480 1167 1167 I getprop : type=1400 audit(0.0:1635): avc: denied { map } for path="/dev/__properties__/u:object_r:ctl_start_prop:s0" dev="tmpfs" ino=96 scontext=u:r:shell:s0 tcontext=u:object_r:ctl_start_prop:s0 tclass=file permissive=1
09-16 13:19:19.480 1167 1167 I getprop : type=1400 audit(0.0:1636): avc: denied { open } for path="/dev/__properties__/u:object_r:ctl_stop_prop:s0" dev="tmpfs" ino=97 scontext=u:r:shell:s0 tcontext=u:object_r:ctl_stop_prop:s0 tclass=file permissive=1
09-16 13:19:19.480 1167 1167 I getprop : type=1400 audit(0.0:1637): avc: denied { getattr } for path="/dev/__properties__/u:object_r:ctl_stop_prop:s0" dev="tmpfs" ino=97 scontext=u:r:shell:s0 tcontext=u:object_r:ctl_stop_prop:s0 tclass=file permissive=1
09-16 13:19:24.130 465 1263 D SimpleC2Component: Using output block pool with poolID 26 => got 26 - 0
09-16 13:19:24.145 417 417 E android.hardware.memtrack-service.img: Failed to open /proc/474/fdinfo directory: No such file or directory
09-16 13:19:24.145 417 417 W IMGMemtrackHAL: getMemoryRecords:543 Failed to read dmabuf fd references for pid 474
09-16 13:19:24.159 213 213 I servicemanager: Notifying apexservice they have clients: 1
09-16 13:19:24.160 213 213 I servicemanager: Notifying apexservice they have clients: 0
09-16 13:19:24.229 417 417 E android.hardware.memtrack-service.img: Failed to open /proc/475/fdinfo directory: No such file or directory
09-16 13:19:24.229 417 417 W IMGMemtrackHAL: getMemoryRecords:543 Failed to read dmabuf fd references for pid 475
09-16 13:19:24.235 840 1116 D BufferPoolAccessor2.0: bufferpool2 0xb400fa22f855e7d8 : 0(0 size) total buffers - 0(0 size) used buffers - 2/7 (recycle/alloc) - 5/18 (fetch/transfer)
09-16 13:19:24.235 840 1116 D BufferPoolAccessor2.0: evictor expired: 1, evicted: 1
09-16 13:19:24.248 425 670 D AudioFlinger: Client defaulted notificationFrames to 11280 for frameCount 22560
09-16 13:19:24.258 840 840 D StatusBar: disable disable2
09-16 13:19:24.264 425 670 D AF::TrackHandle: OpPlayAudio: track:55 usage:5 not muted
09-16 13:19:19.480 1167 1167 I getprop : type=1400 audit(0.0:1638): avc: denied { map } for path="/dev/__properties__/u:object_r:ctl_stop_prop:s0" dev="tmpfs" ino=97 scontext=u:r:shell:s0 tcontext=u:object_r:ctl_stop_prop:s0 tclass=file permissive=1
09-16 13:19:19.480 1167 1167 I getprop : type=1400 audit(0.0:1639): avc: denied { open } for path="/dev/__properties__/u:object_r:dck_prop:s0" dev="tmpfs" ino=101 scontext=u:r:shell:s0 tcontext=u:object_r:dck_prop:s0 tclass=file permissive=1
09-16 13:19:24.383 417 417 E android.hardware.memtrack-service.img: Failed to open /proc/533/fdinfo directory: No such file or directory
09-16 13:19:24.389 417 417 W IMGMemtrackHAL: getMemoryRecords:543 Failed to read dmabuf fd references for pid 533
09-16 13:19:19.480 1167 1167 I getprop : type=1400 audit(0.0:1640): avc: denied { getattr } for path="/dev/__properties__/u:object_r:dck_prop:s0" dev="tmpfs" ino=101 scontext=u:r:shell:s0 tcontext=u:object_r:dck_prop:s0 tclass=file permissive=1
09-16 13:19:24.519 561 619 V PackageManager: reconcileAppsData finished 93 packages
09-16 13:19:19.480 1167 1167 I getprop : type=1400 audit(0.0:1641): avc: denied { map } for path="/dev/__properties__/u:object_r:dck_prop:s0" dev="tmpfs" ino=101 scontext=u:r:shell:s0 tcontext=u:object_r:dck_prop:s0 tclass=file permissive=1
09-16 13:19:24.519 561 619 I ActivityManager: User 0 state changed from RUNNING_LOCKED to RUNNING_UNLOCKING
09-16 13:19:24.530 561 619 D ActivityManager: Unlocking user 0 progress 20
09-16 13:19:24.532 561 629 I SystemServerTimingAsync: ssm.UnlockingUser-0
09-16 13:19:24.532 561 629 I SystemServiceManager: Calling onUnlockingUser 0
09-16 13:19:24.532 561 629 I SystemServerTimingAsync: ssm.onUnlockingUser-0_com.android.server.security.FileIntegrityService
09-16 13:19:24.532 561 629 D SystemServerTimingAsync: ssm.onUnlockingUser-0_com.android.server.security.FileIntegrityService took to complete: 0ms
09-16 13:19:24.532 561 629 I SystemServerTimingAsync: ssm.onUnlockingUser-0_com.android.server.pm.Installer
09-16 13:19:24.532 561 629 D SystemServerTimingAsync: ssm.onUnlockingUser-0_com.android.server.pm.Installer took to complete: 0ms
09-16 13:19:24.532 561 629 I SystemServerTimingAsync: ssm.onUnlockingUser-0_com.android.server.os.DeviceIdentifiersPolicyService
09-16 13:19:24.532 561 629 D SystemServerTimingAsync: ssm.onUnlockingUser-0_com.android.server.os.DeviceIdentifiersPolicyService took to complete: 0ms
09-16 13:19:24.532 561 629 I SystemServerTimingAsync: ssm.onUnlockingUser-0_com.android.server.uri.UriGrantsManagerService$Lifecycle
09-16 13:19:24.532 561 629 D SystemServerTimingAsync: ssm.onUnlockingUser-0_com.android.server.uri.UriGrantsManagerService$Lifecycle took to complete: 0ms
09-16 13:19:24.532 561 629 I SystemServerTimingAsync: ssm.onUnlockingUser-0_com.android.server.powerstats.PowerStatsService
09-16 13:19:24.532 561 629 D SystemServerTimingAsync: ssm.onUnlockingUser-0_com.android.server.powerstats.PowerStatsService took to complete: 0ms
09-16 13:19:24.532 561 629 I SystemServerTimingAsync: ssm.onUnlockingUser-0_com.android.server.wm.ActivityTaskManagerService$Lifecycle
09-16 13:19:24.532 561 629 D SystemServerTimingAsync: ssm.onUnlockingUser-0_com.android.server.wm.ActivityTaskManagerService$Lifecycle took to complete: 0ms
09-16 13:19:24.532 561 629 I SystemServerTimingAsync: ssm.onUnlockingUser-0_com.android.server.am.ActivityManagerService$Lifecycle
09-16 13:19:24.532 561 629 D SystemServerTimingAsync: ssm.onUnlockingUser-0_com.android.server.am.ActivityManagerService$Lifecycle took to complete: 0ms
09-16 13:19:24.532 561 629 I SystemServerTimingAsync: ssm.onUnlockingUser-0_com.android.server.pm.DataLoaderManagerService
09-16 13:19:24.532 561 629 D SystemServerTimingAsync: ssm.onUnlockingUser-0_com.android.server.pm.DataLoaderManagerService took to complete: 0ms
09-16 13:19:24.532 561 629 I SystemServerTimingAsync: ssm.onUnlockingUser-0_com.android.server.power.PowerManagerService
09-16 13:19:24.532 561 629 D SystemServerTimingAsync: ssm.onUnlockingUser-0_com.android.server.power.PowerManagerService took to complete: 0ms
09-16 13:19:24.533 561 629 I SystemServerTimingAsync: ssm.onUnlockingUser-0_com.android.server.power.ThermalManagerService
09-16 13:19:24.533 561 629 D SystemServerTimingAsync: ssm.onUnlockingUser-0_com.android.server.power.ThermalManagerService took to complete: 0ms
09-16 13:19:24.533 561 629 I SystemServerTimingAsync: ssm.onUnlockingUser-0_com.android.server.power.hint.HintManagerService
09-16 13:19:24.533 561 629 D SystemServerTimingAsync: ssm.onUnlockingUser-0_com.android.server.power.hint.HintManagerService took to complete: 0ms
09-16 13:19:24.533 561 629 I SystemServerTimingAsync: ssm.onUnlockingUser-0_com.android.server.recoverysystem.RecoverySystemService$Lifecycle
09-16 13:19:24.533 561 629 D SystemServerTimingAsync: ssm.onUnlockingUser-0_com.android.server.recoverysystem.RecoverySystemService$Lifecycle took to complete: 0ms
09-16 13:19:24.533 561 629 I SystemServerTimingAsync: ssm.onUnlockingUser-0_com.android.server.lights.LightsService
09-16 13:19:24.533 561 629 D SystemServerTimingAsync: ssm.onUnlockingUser-0_com.android.server.lights.LightsService took to complete: 0ms
09-16 13:19:24.533 561 629 I SystemServerTimingAsync: ssm.onUnlockingUser-0_com.android.server.display.DisplayManagerService
09-16 13:19:24.533 561 629 D SystemServerTimingAsync: ssm.onUnlockingUser-0_com.android.server.display.DisplayManagerService took to complete: 0ms
09-16 13:19:24.533 561 629 I SystemServerTimingAsync: ssm.onUnlockingUser-0_com.android.server.pm.verify.domain.DomainVerificationService
09-16 13:19:24.533 561 629 D SystemServerTimingAsync: ssm.onUnlockingUser-0_com.android.server.pm.verify.domain.DomainVerificationService took to complete: 0ms
09-16 13:19:24.533 561 629 I SystemServerTimingAsync: ssm.onUnlockingUser-0_com.android.server.pm.PackageInstallerService$Lifecycle
09-16 13:19:24.533 561 629 D SystemServerTimingAsync: ssm.onUnlockingUser-0_com.android.server.pm.PackageInstallerService$Lifecycle took to complete: 0ms
09-16 13:19:24.533 561 629 I SystemServerTimingAsync: ssm.onUnlockingUser-0_com.android.server.pm.UserManagerService$LifeCycle
09-16 13:19:24.533 561 629 D SystemServerTimingAsync: ssm.onUnlockingUser-0_com.android.server.pm.UserManagerService$LifeCycle took to complete: 1ms
09-16 13:19:24.533 561 629 I SystemServerTimingAsync: ssm.onUnlockingUser-0_com.android.server.om.OverlayManagerService
09-16 13:19:24.533 561 629 D SystemServerTimingAsync: ssm.onUnlockingUser-0_com.android.server.om.OverlayManagerService took to complete: 0ms
09-16 13:19:24.533 561 629 I SystemServerTimingAsync: ssm.onUnlockingUser-0_com.android.server.SensorPrivacyService
09-16 13:19:24.533 561 629 D SystemServerTimingAsync: ssm.onUnlockingUser-0_com.android.server.SensorPrivacyService took to complete: 0ms
09-16 13:19:24.533 561 629 I SystemServerTimingAsync: ssm.onUnlockingUser-0_com.android.server.sensors.SensorService
09-16 13:19:24.533 561 629 D SystemServerTimingAsync: ssm.onUnlockingUser-0_com.android.server.sensors.SensorService took to complete: 0ms
09-16 13:19:24.533 561 629 I SystemServerTimingAsync: ssm.onUnlockingUser-0_com.android.server.SystemConfigService
09-16 13:19:24.533 561 629 D SystemServerTimingAsync: ssm.onUnlockingUser-0_com.android.server.SystemConfigService took to complete: 0ms
09-16 13:19:24.533 561 629 I SystemServerTimingAsync: ssm.onUnlockingUser-0_com.android.server.BatteryService
09-16 13:19:24.533 561 629 D SystemServerTimingAsync: ssm.onUnlockingUser-0_com.android.server.BatteryService took to complete: 0ms
09-16 13:19:24.533 561 629 I SystemServerTimingAsync: ssm.onUnlockingUser-0_com.android.server.usage.UsageStatsService
09-16 13:19:24.533 561 629 D SystemServerTimingAsync: ssm.onUnlockingUser-0_com.android.server.usage.UsageStatsService took to complete: 0ms
09-16 13:19:24.533 561 629 I SystemServerTimingAsync: ssm.onUnlockingUser-0_com.android.server.webkit.WebViewUpdateService
09-16 13:19:24.533 561 629 D SystemServerTimingAsync: ssm.onUnlockingUser-0_com.android.server.webkit.WebViewUpdateService took to complete: 0ms
09-16 13:19:24.533 561 629 I SystemServerTimingAsync: ssm.onUnlockingUser-0_com.android.server.CachedDeviceStateService
09-16 13:19:24.534 561 629 D SystemServerTimingAsync: ssm.onUnlockingUser-0_com.android.server.CachedDeviceStateService took to complete: 0ms
09-16 13:19:24.534 561 629 I SystemServerTimingAsync: ssm.onUnlockingUser-0_com.android.server.BinderCallsStatsService$LifeCycle
09-16 13:19:24.534 561 629 D SystemServerTimingAsync: ssm.onUnlockingUser-0_com.android.server.BinderCallsStatsService$LifeCycle took to complete: 0ms
09-16 13:19:24.534 561 629 I SystemServerTimingAsync: ssm.onUnlockingUser-0_com.android.server.LooperStatsService$Lifecycle
09-16 13:19:24.534 561 629 D SystemServerTimingAsync: ssm.onUnlockingUser-0_com.android.server.LooperStatsService$Lifecycle took to complete: 0ms
09-16 13:19:24.534 561 629 I SystemServerTimingAsync: ssm.onUnlockingUser-0_com.android.server.rollback.RollbackManagerService
09-16 13:19:24.537 561 629 D SystemServerTimingAsync: ssm.onUnlockingUser-0_com.android.server.rollback.RollbackManagerService took to complete: 3ms
09-16 13:19:24.537 561 629 I SystemServerTimingAsync: ssm.onUnlockingUser-0_com.android.server.os.NativeTombstoneManagerService
09-16 13:19:24.537 561 629 D SystemServerTimingAsync: ssm.onUnlockingUser-0_com.android.server.os.NativeTombstoneManagerService took to complete: 0ms
09-16 13:19:24.537 561 629 I SystemServerTimingAsync: ssm.onUnlockingUser-0_com.android.server.os.BugreportManagerService
09-16 13:19:24.537 561 629 D SystemServerTimingAsync: ssm.onUnlockingUser-0_com.android.server.os.BugreportManagerService took to complete: 0ms
09-16 13:19:24.537 561 629 I SystemServerTimingAsync: ssm.onUnlockingUser-0_com.android.server.gpu.GpuService
09-16 13:19:24.537 561 629 D SystemServerTimingAsync: ssm.onUnlockingUser-0_com.android.server.gpu.GpuService took to complete: 0ms
09-16 13:19:24.537 561 629 I SystemServerTimingAsync: ssm.onUnlockingUser-0_com.android.server.security.KeyChainSystemService
09-16 13:19:24.537 561 629 D SystemServerTimingAsync: ssm.onUnlockingUser-0_com.android.server.security.KeyChainSystemService took to complete: 0ms
09-16 13:19:24.537 561 629 I SystemServerTimingAsync: ssm.onUnlockingUser-0_com.android.server.telecom.TelecomLoaderService
09-16 13:19:24.537 561 629 D SystemServerTimingAsync: ssm.onUnlockingUser-0_com.android.server.telecom.TelecomLoaderService took to complete: 0ms
09-16 13:19:24.537 561 629 I SystemServerTimingAsync: ssm.onUnlockingUser-0_com.android.server.accounts.AccountManagerService$Lifecycle
09-16 13:19:24.537 561 629 D SystemServerTimingAsync: ssm.onUnlockingUser-0_com.android.server.accounts.AccountManagerService$Lifecycle took to complete: 0ms
09-16 13:19:24.537 561 629 I SystemServerTimingAsync: ssm.onUnlockingUser-0_com.android.server.content.ContentService$Lifecycle
09-16 13:19:24.538 561 629 D SystemServerTimingAsync: ssm.onUnlockingUser-0_com.android.server.content.ContentService$Lifecycle took to complete: 0ms
09-16 13:19:24.538 561 629 I SystemServerTimingAsync: ssm.onUnlockingUser-0_com.android.server.DropBoxManagerService
09-16 13:19:24.538 561 629 D SystemServerTimingAsync: ssm.onUnlockingUser-0_com.android.server.DropBoxManagerService took to complete: 0ms
09-16 13:19:24.538 561 629 I SystemServerTimingAsync: ssm.onUnlockingUser-0_com.android.role.RoleService
09-16 13:19:24.538 561 629 D SystemServerTimingAsync: ssm.onUnlockingUser-0_com.android.role.RoleService took to complete: 0ms
09-16 13:19:24.538 561 629 I SystemServerTimingAsync: ssm.onUnlockingUser-0_com.android.server.vibrator.VibratorManagerService$Lifecycle
09-16 13:19:24.538 561 629 D SystemServerTimingAsync: ssm.onUnlockingUser-0_com.android.server.vibrator.VibratorManagerService$Lifecycle took to complete: 0ms
09-16 13:19:24.538 561 629 I SystemServerTimingAsync: ssm.onUnlockingUser-0_com.android.server.alarm.AlarmManagerService
09-16 13:19:24.538 1213 1254 I LatinIME:LogUtils: Dictionary info: dictionary = main:en ; version = 54 ; date = 1414726273
09-16 13:19:24.538 561 629 D SystemServerTimingAsync: ssm.onUnlockingUser-0_com.android.server.alarm.AlarmManagerService took to complete: 0ms
09-16 13:19:24.538 561 629 I SystemServerTimingAsync: ssm.onUnlockingUser-0_com.android.server.devicestate.DeviceStateManagerService
09-16 13:19:24.538 561 629 D SystemServerTimingAsync: ssm.onUnlockingUser-0_com.android.server.devicestate.DeviceStateManagerService took to complete: 0ms
09-16 13:19:24.538 561 629 I SystemServerTimingAsync: ssm.onUnlockingUser-0_com.android.server.camera.CameraServiceProxy
09-16 13:19:24.538 561 629 D SystemServerTimingAsync: ssm.onUnlockingUser-0_com.android.server.camera.CameraServiceProxy took to complete: 0ms
09-16 13:19:24.538 561 629 I SystemServerTimingAsync: ssm.onUnlockingUser-0_com.android.server.connectivity.IpConnectivityMetrics
09-16 13:19:24.538 561 629 D SystemServerTimingAsync: ssm.onUnlockingUser-0_com.android.server.connectivity.IpConnectivityMetrics took to complete: 0ms
09-16 13:19:24.538 561 629 I SystemServerTimingAsync: ssm.onUnlockingUser-0_com.android.server.net.watchlist.NetworkWatchlistService$Lifecycle
09-16 13:19:24.538 561 629 D SystemServerTimingAsync: ssm.onUnlockingUser-0_com.android.server.net.watchlist.NetworkWatchlistService$Lifecycle took to complete: 0ms
09-16 13:19:24.538 561 629 I SystemServerTimingAsync: ssm.onUnlockingUser-0_com.android.server.PinnerService
09-16 13:19:24.539 561 629 D SystemServerTimingAsync: ssm.onUnlockingUser-0_com.android.server.PinnerService took to complete: 0ms
09-16 13:19:24.539 561 629 I SystemServerTimingAsync: ssm.onUnlockingUser-0_com.google.android.startop.iorap.IorapForwardingService
09-16 13:19:24.539 561 629 D SystemServerTimingAsync: ssm.onUnlockingUser-0_com.google.android.startop.iorap.IorapForwardingService took to complete: 0ms
09-16 13:19:24.539 561 629 I SystemServerTimingAsync: ssm.onUnlockingUser-0_com.android.server.integrity.AppIntegrityManagerService
09-16 13:19:24.539 561 629 D SystemServerTimingAsync: ssm.onUnlockingUser-0_com.android.server.integrity.AppIntegrityManagerService took to complete: 0ms
09-16 13:19:24.539 561 629 I SystemServerTimingAsync: ssm.onUnlockingUser-0_com.android.server.inputmethod.InputMethodManagerService$Lifecycle
09-16 13:19:24.539 561 629 D SystemServerTimingAsync: ssm.onUnlockingUser-0_com.android.server.inputmethod.InputMethodManagerService$Lifecycle took to complete: 1ms
09-16 13:19:24.539 561 629 I SystemServerTimingAsync: ssm.onUnlockingUser-0_com.android.server.accessibility.AccessibilityManagerService$Lifecycle
09-16 13:19:24.539 561 629 D SystemServerTimingAsync: ssm.onUnlockingUser-0_com.android.server.accessibility.AccessibilityManagerService$Lifecycle took to complete: 0ms
09-16 13:19:24.539 561 629 I SystemServerTimingAsync: ssm.onUnlockingUser-0_com.android.server.StorageManagerService$Lifecycle
09-16 13:19:24.539 561 629 D StorageManagerService: onUnlockUser 0
09-16 13:19:24.540 561 629 I StorageSessionController: On user unlock 0
09-16 13:19:24.540 561 629 I StorageSessionController: Initialialising...
09-16 13:19:24.556 561 619 W Looper : Slow dispatch took 1849ms android.fg h=android.os.Handler c=com.android.server.am.UserController$$ExternalSyntheticLambda3@91c0885 m=0
09-16 13:19:24.557 561 619 W Looper : Slow delivery took 1848ms android.fg h=android.os.Handler c=com.android.server.am.UserController$$ExternalSyntheticLambda1@ba5970b m=0
09-16 13:19:24.560 221 221 I vold : onUserStarted: 0
09-16 13:19:24.578 221 221 D vold : /system/bin/sgdisk
09-16 13:19:24.578 221 221 D vold : --android-dump
09-16 13:19:24.578 221 221 D vold : /dev/block/vold/disk:179,96
09-16 13:19:24.581 561 1025 V StorageManagerService: Found primary storage at VolumeInfo{emulated;0}:
09-16 13:19:24.581 561 1025 V StorageManagerService: type=EMULATED diskId=null partGuid= mountFlags=0 mountUserId=0
09-16 13:19:24.581 561 1025 V StorageManagerService: state=UNMOUNTED
09-16 13:19:24.581 561 1025 V StorageManagerService: fsType=null fsUuid=null fsLabel=null
09-16 13:19:24.581 561 1025 V StorageManagerService: path=null internalPath=null
09-16 13:19:24.583 561 699 I StorageManagerService: Mounting volume VolumeInfo{emulated;0}:
09-16 13:19:24.583 561 699 I StorageManagerService: type=EMULATED diskId=null partGuid= mountFlags=PRIMARY|VISIBLE
09-16 13:19:24.583 561 699 I StorageManagerService: mountUserId=0 state=UNMOUNTED
09-16 13:19:24.583 561 699 I StorageManagerService: fsType=null fsUuid=null fsLabel=null
09-16 13:19:24.583 561 699 I StorageManagerService: path=null internalPath=null
09-16 13:19:24.623 840 840 D QSTileHost: Recreating tiles
09-16 13:19:24.630 840 840 D QSTileHost: Creating tile: internet
09-16 13:19:19.480 1167 1167 I getprop : type=1400 audit(0.0:1642): avc: denied { open } for path="/dev/__properties__/u:object_r:debugfs_restriction_prop:s0" dev="tmpfs" ino=103 scontext=u:r:shell:s0 tcontext=u:object_r:debugfs_restriction_prop:s0 tclass=file permissive=1
09-16 13:19:24.657 561 561 W Looper : Slow dispatch took 117ms main h=android.os.Handler c=null m=5000
09-16 13:19:24.661 561 1025 W ActivityTaskManager: Current config: {1.0 ?mcc?mnc [en_US] ldltr sw400dp w682dp h400dp 240dpi nrml long land -touch -keyb/v/h -nav/h winConfig={ mBounds=Rect(0, 0 - 1024, 600) mAppBounds=Rect(0, 0 - 1024, 600) mMaxBounds=Rect(0, 0 - 1024, 600) mWindowingMode=fullscreen mDisplayWindowingMode=fullscreen mActivityType=undefined mAlwaysOnTop=undefined mRotation=ROTATION_0} s.6 fontWeightAdjustment=0} unchanged for IME proc com.android.inputmethod.latin
09-16 13:19:24.662 561 1025 W ActivityTaskManager: Current config: {1.0 ?mcc?mnc [en_US] ldltr sw400dp w682dp h400dp 240dpi nrml long land -touch -keyb/v/h -nav/h winConfig={ mBounds=Rect(0, 0 - 1024, 600) mAppBounds=Rect(0, 0 - 1024, 600) mMaxBounds=Rect(0, 0 - 1024, 600) mWindowingMode=fullscreen mDisplayWindowingMode=fullscreen mActivityType=undefined mAlwaysOnTop=undefined mRotation=ROTATION_0} s.6 fontWeightAdjustment=0} unchanged for IME proc com.android.inputmethod.latin
09-16 13:19:24.668 417 417 E android.hardware.memtrack-service.img: Failed to open /proc/535/fdinfo directory: No such file or directory
09-16 13:19:24.668 417 417 W IMGMemtrackHAL: getMemoryRecords:543 Failed to read dmabuf fd references for pid 535
09-16 13:19:24.672 417 417 E android.hardware.memtrack-service.img: Failed to open /proc/542/fdinfo directory: No such file or directory
09-16 13:19:24.672 417 417 W IMGMemtrackHAL: getMemoryRecords:543 Failed to read dmabuf fd references for pid 542
09-16 13:19:24.675 417 417 E android.hardware.memtrack-service.img: Failed to open /proc/866/fdinfo directory: No such file or directory
09-16 13:19:24.675 417 417 W IMGMemtrackHAL: getMemoryRecords:543 Failed to read dmabuf fd references for pid 866
09-16 13:19:24.690 417 417 E android.hardware.memtrack-service.img: Failed to open /proc/925/fdinfo directory: No such file or directory
09-16 13:19:24.690 417 417 W IMGMemtrackHAL: getMemoryRecords:543 Failed to read dmabuf fd references for pid 925
09-16 13:19:24.691 840 840 D QSTileHost: Creating tile: bt
09-16 13:19:24.694 840 840 D QSTileHost: Destroying not available tile: bt
09-16 13:19:24.694 840 840 D QSTileHost: Creating tile: flashlight
09-16 13:19:24.699 840 840 D QSTileHost: Destroying not available tile: flashlight
09-16 13:19:24.700 840 840 D QSTileHost: Creating tile: dnd
09-16 13:19:24.702 840 840 D QSTileHost: Creating tile: alarm
09-16 13:19:24.706 840 840 D QSTileHost: Creating tile: airplane
09-16 13:19:24.709 840 840 D QSTileHost: Creating tile: controls
09-16 13:19:24.711 840 840 D QSTileHost: Destroying not available tile: controls
09-16 13:19:24.711 840 840 D QSTileHost: Creating tile: wallet
09-16 13:19:19.480 1167 1167 I getprop : type=1400 audit(0.0:1643): avc: denied { getattr } for path="/dev/__properties__/u:object_r:debugfs_restriction_prop:s0" dev="tmpfs" ino=103 scontext=u:r:shell:s0 tcontext=u:object_r:debugfs_restriction_prop:s0 tclass=file permissive=1
09-16 13:19:24.714 840 840 D QSTileHost: Destroying not available tile: wallet
09-16 13:19:24.714 840 840 D QSTileHost: Creating tile: rotation
09-16 13:19:24.716 840 840 D QSTileHost: Creating tile: battery
09-16 13:19:24.718 840 840 D QSTileHost: Creating tile: cast
09-16 13:19:24.727 840 840 D QSTileHost: Creating tile: screenrecord
09-16 13:19:24.729 840 840 D QSTileHost: Creating tile: mictoggle
09-16 13:19:24.731 1213 1213 W InputAttributes: No editor info for this field. Bug?
09-16 13:19:24.733 840 840 D QSTileHost: Destroying not available tile: mictoggle
09-16 13:19:24.733 840 840 D QSTileHost: Creating tile: cameratoggle
09-16 13:19:24.736 840 840 D QSTileHost: Destroying not available tile: cameratoggle
09-16 13:19:24.737 840 840 D QSTileHost: Creating tile: dbg:mem
09-16 13:19:19.480 1167 1167 I getprop : type=1400 audit(0.0:1644): avc: denied { map } for path="/dev/__properties__/u:object_r:debugfs_restriction_prop:s0" dev="tmpfs" ino=103 scontext=u:r:shell:s0 tcontext=u:object_r:debugfs_restriction_prop:s0 tclass=file permissive=1
09-16 13:19:24.775 417 417 E android.hardware.memtrack-service.img: Failed to open /proc/1110/fdinfo directory: No such file or directory
09-16 13:19:24.775 417 417 W IMGMemtrackHAL: getMemoryRecords:543 Failed to read dmabuf fd references for pid 1110
09-16 13:19:19.484 1167 1167 I getprop : type=1400 audit(0.0:1645): avc: denied { open } for path="/dev/__properties__/u:object_r:device_config_boot_count_prop:s0" dev="tmpfs" ino=107 scontext=u:r:shell:s0 tcontext=u:object_r:device_config_boot_count_prop:s0 tclass=file permissive=1
09-16 13:19:24.791 417 417 E android.hardware.memtrack-service.img: Failed to open /proc/979/fdinfo directory: No such file or directory
09-16 13:19:24.791 417 417 W IMGMemtrackHAL: getMemoryRecords:543 Failed to read dmabuf fd references for pid 979
09-16 13:19:24.809 417 417 E android.hardware.memtrack-service.img: Failed to open /proc/1073/fdinfo directory: No such file or directory
09-16 13:19:24.809 417 417 W IMGMemtrackHAL: getMemoryRecords:543 Failed to read dmabuf fd references for pid 1073
09-16 13:19:19.484 1167 1167 I getprop : type=1400 audit(0.0:1646): avc: denied { getattr } for path="/dev/__properties__/u:object_r:device_config_boot_count_prop:s0" dev="tmpfs" ino=107 scontext=u:r:shell:s0 tcontext=u:object_r:device_config_boot_count_prop:s0 tclass=file permissive=1
09-16 13:19:24.814 840 840 I WalletControllerImpl: Setting WalletTile position: null
09-16 13:19:24.822 417 417 E android.hardware.memtrack-service.img: Failed to open /proc/915/fdinfo directory: No such file or directory
09-16 13:19:24.822 417 417 W IMGMemtrackHAL: getMemoryRecords:543 Failed to read dmabuf fd references for pid 915
09-16 13:19:24.838 417 417 E android.hardware.memtrack-service.img: Failed to open /proc/906/fdinfo directory: No such file or directory
09-16 13:19:24.838 417 417 W IMGMemtrackHAL: getMemoryRecords:543 Failed to read dmabuf fd references for pid 906
09-16 13:19:19.484 1167 1167 I getprop : type=1400 audit(0.0:1647): avc: denied { map } for path="/dev/__properties__/u:object_r:device_config_boot_count_prop:s0" dev="tmpfs" ino=107 scontext=u:r:shell:s0 tcontext=u:object_r:device_config_boot_count_prop:s0 tclass=file permissive=1
09-16 13:19:24.856 417 417 E android.hardware.memtrack-service.img: Failed to open /proc/876/fdinfo directory: No such file or directory
09-16 13:19:24.856 417 417 W IMGMemtrackHAL: getMemoryRecords:543 Failed to read dmabuf fd references for pid 876
09-16 13:19:24.863 221 221 D vold : DISK mbr
09-16 13:19:24.863 221 221 D vold : PART 1 c
09-16 13:19:19.484 1167 1167 I getprop : type=1400 audit(0.0:1648): avc: denied { open } for path="/dev/__properties__/u:object_r:device_config_configuration_prop:s0" dev="tmpfs" ino=108 scontext=u:r:shell:s0 tcontext=u:object_r:device_config_configuration_prop:s0 tclass=file permissive=1
09-16 13:19:24.877 561 619 W Looper : Drained
09-16 13:19:19.484 1167 1167 I getprop : type=1400 audit(0.0:1649): avc: denied { getattr } for path="/dev/__properties__/u:object_r:device_config_configuration_prop:s0" dev="tmpfs" ino=108 scontext=u:r:shell:s0 tcontext=u:object_r:device_config_configuration_prop:s0 tclass=file permissive=1
09-16 13:19:19.484 1167 1167 I getprop : type=1400 audit(0.0:1650): avc: denied { map } for path="/dev/__properties__/u:object_r:device_config_configuration_prop:s0" dev="tmpfs" ino=108 scontext=u:r:shell:s0 tcontext=u:object_r:device_config_configuration_prop:s0 tclass=file permissive=1
09-16 13:19:24.909 221 362 I vold : Mounting emulated fuse volume
09-16 13:19:24.928 561 629 W SystemServiceManager: Service com.android.server.StorageManagerService$Lifecycle took 388 ms in onUnlockingUser-0
09-16 13:19:24.928 561 629 D SystemServerTimingAsync: ssm.onUnlockingUser-0_com.android.server.StorageManagerService$Lifecycle took to complete: 388ms
09-16 13:19:24.928 561 629 I SystemServerTimingAsync: ssm.onUnlockingUser-0_com.android.server.usage.StorageStatsService$Lifecycle
09-16 13:19:24.928 561 629 D SystemServerTimingAsync: ssm.onUnlockingUser-0_com.android.server.usage.StorageStatsService$Lifecycle took to complete: 0ms
09-16 13:19:24.928 561 629 I SystemServerTimingAsync: ssm.onUnlockingUser-0_com.android.server.UiModeManagerService
09-16 13:19:24.928 561 629 D SystemServerTimingAsync: ssm.onUnlockingUser-0_com.android.server.UiModeManagerService took to complete: 0ms
09-16 13:19:24.928 561 629 I SystemServerTimingAsync: ssm.onUnlockingUser-0_com.android.server.locksettings.LockSettingsService$Lifecycle
09-16 13:19:24.928 561 629 D SystemServerTimingAsync: ssm.onUnlockingUser-0_com.android.server.locksettings.LockSettingsService$Lifecycle took to complete: 0ms
09-16 13:19:24.928 561 629 I SystemServerTimingAsync: ssm.onUnlockingUser-0_com.android.server.testharness.TestHarnessModeService
09-16 13:19:24.928 561 629 D SystemServerTimingAsync: ssm.onUnlockingUser-0_com.android.server.testharness.TestHarnessModeService took to complete: 0ms
09-16 13:19:24.929 561 629 I SystemServerTimingAsync: ssm.onUnlockingUser-0_com.android.server.DeviceIdleController
09-16 13:19:24.929 561 629 D SystemServerTimingAsync: ssm.onUnlockingUser-0_com.android.server.DeviceIdleController took to complete: 0ms
09-16 13:19:24.929 561 629 I SystemServerTimingAsync: ssm.onUnlockingUser-0_com.android.server.devicepolicy.DevicePolicyManagerService$Lifecycle
09-16 13:19:24.929 561 629 D SystemServerTimingAsync: ssm.onUnlockingUser-0_com.android.server.devicepolicy.DevicePolicyManagerService$Lifecycle took to complete: 0ms
09-16 13:19:24.929 561 629 I SystemServerTimingAsync: ssm.onUnlockingUser-0_com.android.server.texttospeech.TextToSpeechManagerService
09-16 13:19:24.929 561 629 D SystemServerTimingAsync: ssm.onUnlockingUser-0_com.android.server.texttospeech.TextToSpeechManagerService took to complete: 1ms
09-16 13:19:24.929 561 629 I SystemServerTimingAsync: ssm.onUnlockingUser-0_com.android.server.speech.SpeechRecognitionManagerService
09-16 13:19:24.930 561 629 D SystemServerTimingAsync: ssm.onUnlockingUser-0_com.android.server.speech.SpeechRecognitionManagerService took to complete: 0ms
09-16 13:19:24.930 561 629 I SystemServerTimingAsync: ssm.onUnlockingUser-0_com.android.server.searchui.SearchUiManagerService
09-16 13:19:24.930 561 629 D SystemServerTimingAsync: ssm.onUnlockingUser-0_com.android.server.searchui.SearchUiManagerService took to complete: 1ms
09-16 13:19:24.930 561 629 I SystemServerTimingAsync: ssm.onUnlockingUser-0_com.android.server.smartspace.SmartspaceManagerService
09-16 13:19:24.930 561 629 D SystemServerTimingAsync: ssm.onUnlockingUser-0_com.android.server.smartspace.SmartspaceManagerService took to complete: 0ms
09-16 13:19:24.930 561 629 I SystemServerTimingAsync: ssm.onUnlockingUser-0_com.android.server.graphics.fonts.FontManagerService$Lifecycle
09-16 13:19:24.930 561 629 D SystemServerTimingAsync: ssm.onUnlockingUser-0_com.android.server.graphics.fonts.FontManagerService$Lifecycle took to complete: 0ms
09-16 13:19:24.930 561 629 I SystemServerTimingAsync: ssm.onUnlockingUser-0_com.android.server.textservices.TextServicesManagerService$Lifecycle
09-16 13:19:24.935 561 629 D SystemServerTimingAsync: ssm.onUnlockingUser-0_com.android.server.textservices.TextServicesManagerService$Lifecycle took to complete: 4ms
09-16 13:19:24.935 561 629 I SystemServerTimingAsync: ssm.onUnlockingUser-0_com.android.server.textclassifier.TextClassificationManagerService$Lifecycle
09-16 13:19:24.936 561 629 D SystemServerTimingAsync: ssm.onUnlockingUser-0_com.android.server.textclassifier.TextClassificationManagerService$Lifecycle took to complete: 1ms
09-16 13:19:24.936 561 629 I SystemServerTimingAsync: ssm.onUnlockingUser-0_com.android.server.NetworkScoreService$Lifecycle
09-16 13:19:24.936 561 629 D SystemServerTimingAsync: ssm.onUnlockingUser-0_com.android.server.NetworkScoreService$Lifecycle took to complete: 0ms
09-16 13:19:24.936 561 629 I SystemServerTimingAsync: ssm.onUnlockingUser-0_com.android.server.wifi.WifiService
09-16 13:19:24.936 561 629 D WifiService: Handle user unlock 0
09-16 13:19:24.947 221 362 I vold : Bind mounting /data/media to /mnt/pass_through/0/emulated
09-16 13:19:24.951 561 699 I StorageSessionController: On volume mount VolumeInfo{emulated;0}:
09-16 13:19:24.951 561 699 I StorageSessionController: type=EMULATED diskId=null partGuid= mountFlags=PRIMARY|VISIBLE
09-16 13:19:24.951 561 699 I StorageSessionController: mountUserId=0 state=CHECKING
09-16 13:19:24.951 561 699 I StorageSessionController: fsType=null fsUuid=null fsLabel=null
09-16 13:19:24.951 561 699 I StorageSessionController: path=/storage/emulated internalPath=/data/media
09-16 13:19:24.959 561 629 D SystemServerTimingAsync: ssm.onUnlockingUser-0_com.android.server.wifi.WifiService took to complete: 22ms
09-16 13:19:24.959 561 629 I SystemServerTimingAsync: ssm.onUnlockingUser-0_com.android.server.wifi.scanner.WifiScanningService
09-16 13:19:24.959 561 629 D SystemServerTimingAsync: ssm.onUnlockingUser-0_com.android.server.wifi.scanner.WifiScanningService took to complete: 0ms
09-16 13:19:24.959 561 629 I SystemServerTimingAsync: ssm.onUnlockingUser-0_com.android.server.ethernet.EthernetService
09-16 13:19:24.959 561 629 D SystemServerTimingAsync: ssm.onUnlockingUser-0_com.android.server.ethernet.EthernetService took to complete: 0ms
09-16 13:19:24.959 561 629 I SystemServerTimingAsync: ssm.onUnlockingUser-0_com.android.server.ConnectivityServiceInitializer
09-16 13:19:24.959 561 629 D SystemServerTimingAsync: ssm.onUnlockingUser-0_com.android.server.ConnectivityServiceInitializer took to complete: 0ms
09-16 13:19:24.959 561 629 I SystemServerTimingAsync: ssm.onUnlockingUser-0_com.android.server.notification.NotificationManagerService
09-16 13:19:24.961 561 561 I NotificationHistory: Attempted to unlock gone/disabled user 0
09-16 13:19:24.961 561 629 D SystemServerTimingAsync: ssm.onUnlockingUser-0_com.android.server.notification.NotificationManagerService took to complete: 1ms
09-16 13:19:24.961 561 629 I SystemServerTimingAsync: ssm.onUnlockingUser-0_com.android.server.storage.DeviceStorageMonitorService
09-16 13:19:24.961 561 629 D SystemServerTimingAsync: ssm.onUnlockingUser-0_com.android.server.storage.DeviceStorageMonitorService took to complete: 0ms
09-16 13:19:24.961 561 629 I SystemServerTimingAsync: ssm.onUnlockingUser-0_com.android.server.location.LocationManagerService$Lifecycle
09-16 13:19:24.961 561 629 D SystemServerTimingAsync: ssm.onUnlockingUser-0_com.android.server.location.LocationManagerService$Lifecycle took to complete: 0ms
09-16 13:19:24.961 561 629 I SystemServerTimingAsync: ssm.onUnlockingUser-0_com.android.server.timedetector.TimeDetectorService$Lifecycle
09-16 13:19:24.961 561 629 D SystemServerTimingAsync: ssm.onUnlockingUser-0_com.android.server.timedetector.TimeDetectorService$Lifecycle took to complete: 0ms
09-16 13:19:24.961 561 629 I SystemServerTimingAsync: ssm.onUnlockingUser-0_com.android.server.timezonedetector.TimeZoneDetectorService$Lifecycle
09-16 13:19:24.961 561 629 D SystemServerTimingAsync: ssm.onUnlockingUser-0_com.android.server.timezonedetector.TimeZoneDetectorService$Lifecycle took to complete: 0ms
09-16 13:19:24.961 561 629 I SystemServerTimingAsync: ssm.onUnlockingUser-0_com.android.server.timezonedetector.location.LocationTimeZoneManagerService$Lifecycle
09-16 13:19:24.961 561 629 D SystemServerTimingAsync: ssm.onUnlockingUser-0_com.android.server.timezonedetector.location.LocationTimeZoneManagerService$Lifecycle took to complete: 0ms
09-16 13:19:24.961 561 629 I SystemServerTimingAsync: ssm.onUnlockingUser-0_com.android.server.search.SearchManagerService$Lifecycle
09-16 13:19:24.962 561 629 D SystemServerTimingAsync: ssm.onUnlockingUser-0_com.android.server.search.SearchManagerService$Lifecycle took to complete: 0ms
09-16 13:19:24.962 561 629 I SystemServerTimingAsync: ssm.onUnlockingUser-0_com.android.server.wallpaper.WallpaperManagerService$Lifecycle
09-16 13:19:24.962 561 629 I WallpaperManagerService: on-unlock-user-0
09-16 13:19:24.962 561 629 D WallpaperManagerService: on-unlock-user-0 took to complete: 1ms
09-16 13:19:24.962 561 629 D SystemServerTimingAsync: ssm.onUnlockingUser-0_com.android.server.wallpaper.WallpaperManagerService$Lifecycle took to complete: 1ms
09-16 13:19:24.962 561 629 I SystemServerTimingAsync: ssm.onUnlockingUser-0_com.android.server.audio.AudioService$Lifecycle
09-16 13:19:24.962 561 629 D SystemServerTimingAsync: ssm.onUnlockingUser-0_com.android.server.audio.AudioService$Lifecycle took to complete: 0ms
09-16 13:19:24.962 561 629 I SystemServerTimingAsync: ssm.onUnlockingUser-0_com.android.server.soundtrigger_middleware.SoundTriggerMiddlewareService$Lifecycle
09-16 13:19:24.962 561 629 D SystemServerTimingAsync: ssm.onUnlockingUser-0_com.android.server.soundtrigger_middleware.SoundTriggerMiddlewareService$Lifecycle took to complete: 0ms
09-16 13:19:24.962 561 629 I SystemServerTimingAsync: ssm.onUnlockingUser-0_com.android.server.DockObserver
09-16 13:19:24.962 561 629 D SystemServerTimingAsync: ssm.onUnlockingUser-0_com.android.server.DockObserver took to complete: 0ms
09-16 13:19:24.962 561 629 I SystemServerTimingAsync: ssm.onUnlockingUser-0_com.android.server.adb.AdbService$Lifecycle
09-16 13:19:24.962 561 629 D SystemServerTimingAsync: ssm.onUnlockingUser-0_com.android.server.adb.AdbService$Lifecycle took to complete: 0ms
09-16 13:19:24.962 561 629 I SystemServerTimingAsync: ssm.onUnlockingUser-0_com.android.server.usb.UsbService$Lifecycle
09-16 13:19:24.963 561 629 D SystemServerTimingAsync: ssm.onUnlockingUser-0_com.android.server.usb.UsbService$Lifecycle took to complete: 1ms
09-16 13:19:24.963 561 629 I SystemServerTimingAsync: ssm.onUnlockingUser-0_com.android.server.twilight.TwilightService
09-16 13:19:24.963 561 629 D SystemServerTimingAsync: ssm.onUnlockingUser-0_com.android.server.twilight.TwilightService took to complete: 0ms
09-16 13:19:24.963 561 629 I SystemServerTimingAsync: ssm.onUnlockingUser-0_com.android.server.display.color.ColorDisplayService
09-16 13:19:24.963 561 629 D SystemServerTimingAsync: ssm.onUnlockingUser-0_com.android.server.display.color.ColorDisplayService took to complete: 0ms
09-16 13:19:24.963 561 629 I SystemServerTimingAsync: ssm.onUnlockingUser-0_com.android.server.job.JobSchedulerService
09-16 13:19:24.963 561 629 D SystemServerTimingAsync: ssm.onUnlockingUser-0_com.android.server.job.JobSchedulerService took to complete: 0ms
09-16 13:19:24.963 561 629 I SystemServerTimingAsync: ssm.onUnlockingUser-0_com.android.server.soundtrigger.SoundTriggerService
09-16 13:19:24.963 561 629 D SystemServerTimingAsync: ssm.onUnlockingUser-0_com.android.server.soundtrigger.SoundTriggerService took to complete: 0ms
09-16 13:19:24.963 561 629 I SystemServerTimingAsync: ssm.onUnlockingUser-0_com.android.server.trust.TrustManagerService
09-16 13:19:24.964 561 629 D SystemServerTimingAsync: ssm.onUnlockingUser-0_com.android.server.trust.TrustManagerService took to complete: 0ms
09-16 13:19:24.964 561 629 I SystemServerTimingAsync: ssm.onUnlockingUser-0_com.android.server.backup.BackupManagerService$Lifecycle
09-16 13:19:24.964 561 629 D SystemServerTimingAsync: ssm.onUnlockingUser-0_com.android.server.backup.BackupManagerService$Lifecycle took to complete: 0ms
09-16 13:19:24.965 561 629 I SystemServerTimingAsync: ssm.onUnlockingUser-0_com.android.server.appwidget.AppWidgetService
09-16 13:19:24.965 561 629 D SystemServerTimingAsync: ssm.onUnlockingUser-0_com.android.server.appwidget.AppWidgetService took to complete: 0ms
09-16 13:19:24.965 561 629 I SystemServerTimingAsync: ssm.onUnlockingUser-0_com.android.server.voiceinteraction.VoiceInteractionManagerService
09-16 13:19:24.966 561 629 W VoiceInteractionManager: no available voice recognition services found for user 0
09-16 13:19:24.970 561 629 D SystemServerTimingAsync: ssm.onUnlockingUser-0_com.android.server.voiceinteraction.VoiceInteractionManagerService took to complete: 5ms
09-16 13:19:24.970 561 629 I SystemServerTimingAsync: ssm.onUnlockingUser-0_com.android.server.apphibernation.AppHibernationService
09-16 13:19:24.971 561 1208 I HibernationStateDiskStore: No hibernation file on disk for file /data/system_ce/0/hibernation/states
09-16 13:19:24.975 561 629 D SystemServerTimingAsync: ssm.onUnlockingUser-0_com.android.server.apphibernation.AppHibernationService took to complete: 4ms
09-16 13:19:24.975 561 629 I SystemServerTimingAsync: ssm.onUnlockingUser-0_com.android.server.GestureLauncherService
09-16 13:19:24.975 561 629 D SystemServerTimingAsync: ssm.onUnlockingUser-0_com.android.server.GestureLauncherService took to complete: 0ms
09-16 13:19:24.975 561 629 I SystemServerTimingAsync: ssm.onUnlockingUser-0_com.android.server.SensorNotificationService
09-16 13:19:24.975 561 629 D SystemServerTimingAsync: ssm.onUnlockingUser-0_com.android.server.SensorNotificationService took to complete: 0ms
09-16 13:19:24.975 561 629 I SystemServerTimingAsync: ssm.onUnlockingUser-0_com.android.server.emergency.EmergencyAffordanceService
09-16 13:19:24.975 561 629 D SystemServerTimingAsync: ssm.onUnlockingUser-0_com.android.server.emergency.EmergencyAffordanceService took to complete: 0ms
09-16 13:19:24.975 561 629 I SystemServerTimingAsync: ssm.onUnlockingUser-0_com.android.server.dreams.DreamManagerService
09-16 13:19:24.975 561 629 D SystemServerTimingAsync: ssm.onUnlockingUser-0_com.android.server.dreams.DreamManagerService took to complete: 0ms
09-16 13:19:24.975 561 629 I SystemServerTimingAsync: ssm.onUnlockingUser-0_com.android.server.blob.BlobStoreManagerService
09-16 13:19:24.975 561 629 D SystemServerTimingAsync: ssm.onUnlockingUser-0_com.android.server.blob.BlobStoreManagerService took to complete: 0ms
09-16 13:19:24.975 561 629 I SystemServerTimingAsync: ssm.onUnlockingUser-0_com.android.server.print.PrintManagerService
09-16 13:19:24.975 561 629 D SystemServerTimingAsync: ssm.onUnlockingUser-0_com.android.server.print.PrintManagerService took to complete: 0ms
09-16 13:19:24.975 561 629 I SystemServerTimingAsync: ssm.onUnlockingUser-0_com.android.server.companion.CompanionDeviceManagerService
09-16 13:19:24.977 561 629 I CompanionDeviceManagerService: Read associations from disk: {0=[]}
09-16 13:19:24.977 561 629 D SystemServerTimingAsync: ssm.onUnlockingUser-0_com.android.server.companion.CompanionDeviceManagerService took to complete: 2ms
09-16 13:19:24.977 561 629 I SystemServerTimingAsync: ssm.onUnlockingUser-0_com.android.server.restrictions.RestrictionsManagerService
09-16 13:19:24.977 561 629 D SystemServerTimingAsync: ssm.onUnlockingUser-0_com.android.server.restrictions.RestrictionsManagerService took to complete: 0ms
09-16 13:19:24.977 561 629 I SystemServerTimingAsync: ssm.onUnlockingUser-0_com.android.server.media.MediaSessionService
09-16 13:19:24.977 561 629 D SystemServerTimingAsync: ssm.onUnlockingUser-0_com.android.server.media.MediaSessionService took to complete: 0ms
09-16 13:19:24.977 561 629 I SystemServerTimingAsync: ssm.onUnlockingUser-0_com.android.server.media.MediaResourceMonitorService
09-16 13:19:24.977 561 629 D SystemServerTimingAsync: ssm.onUnlockingUser-0_com.android.server.media.MediaResourceMonitorService took to complete: 0ms
09-16 13:19:24.977 561 629 I SystemServerTimingAsync: ssm.onUnlockingUser-0_com.android.server.biometrics.BiometricService
09-16 13:19:24.977 561 629 D SystemServerTimingAsync: ssm.onUnlockingUser-0_com.android.server.biometrics.BiometricService took to complete: 0ms
09-16 13:19:24.977 561 629 I SystemServerTimingAsync: ssm.onUnlockingUser-0_com.android.server.biometrics.AuthService
09-16 13:19:24.977 561 629 D SystemServerTimingAsync: ssm.onUnlockingUser-0_com.android.server.biometrics.AuthService took to complete: 0ms
09-16 13:19:24.977 561 629 I SystemServerTimingAsync: ssm.onUnlockingUser-0_com.android.server.pm.ShortcutService$Lifecycle
09-16 13:19:24.980 561 699 I StorageSessionController: Creating connection for user: 0
09-16 13:19:24.981 561 699 I StorageSessionController: Creating and starting session with id: emulated;0
09-16 13:19:24.982 561 699 I StorageUserConnection: Binding to the ExternalStorageService for user 0
09-16 13:19:24.995 561 699 D CompatibilityChangeReporter: Compat change id reported: 135634846; UID 10063; state: DISABLED
09-16 13:19:24.999 561 699 D CompatibilityChangeReporter: Compat change id reported: 177438394; UID 10063; state: DISABLED
09-16 13:19:24.999 561 699 D CompatibilityChangeReporter: Compat change id reported: 135772972; UID 10063; state: DISABLED
09-16 13:19:25.000 561 699 D CompatibilityChangeReporter: Compat change id reported: 135754954; UID 10063; state: ENABLED
09-16 13:19:25.005 561 630 D CompatibilityChangeReporter: Compat change id reported: 143937733; UID 10063; state: ENABLED
09-16 13:19:25.012 561 708 D WakeupConfigStoreData: WifiWake user data has been read
09-16 13:19:25.017 561 629 D SystemServerTimingAsync: ssm.onUnlockingUser-0_com.android.server.pm.ShortcutService$Lifecycle took to complete: 40ms
09-16 13:19:25.018 561 629 I SystemServerTimingAsync: ssm.onUnlockingUser-0_com.android.server.pm.LauncherAppsService
09-16 13:19:25.018 561 629 D SystemServerTimingAsync: ssm.onUnlockingUser-0_com.android.server.pm.LauncherAppsService took to complete: 0ms
09-16 13:19:25.018 561 629 I SystemServerTimingAsync: ssm.onUnlockingUser-0_com.android.server.pm.CrossProfileAppsService
09-16 13:19:25.018 561 629 D SystemServerTimingAsync: ssm.onUnlockingUser-0_com.android.server.pm.CrossProfileAppsService took to complete: 0ms
09-16 13:19:25.018 561 629 I SystemServerTimingAsync: ssm.onUnlockingUser-0_com.android.server.people.PeopleService
09-16 13:19:25.018 561 629 D SystemServerTimingAsync: ssm.onUnlockingUser-0_com.android.server.people.PeopleService took to complete: 0ms
09-16 13:19:25.018 561 629 I SystemServerTimingAsync: ssm.onUnlockingUser-0_com.android.server.media.metrics.MediaMetricsManagerService
09-16 13:19:25.018 561 629 D SystemServerTimingAsync: ssm.onUnlockingUser-0_com.android.server.media.metrics.MediaMetricsManagerService took to complete: 0ms
09-16 13:19:25.018 561 629 I SystemServerTimingAsync: ssm.onUnlockingUser-0_com.android.server.media.projection.MediaProjectionManagerService
09-16 13:19:25.018 561 629 D SystemServerTimingAsync: ssm.onUnlockingUser-0_com.android.server.media.projection.MediaProjectionManagerService took to complete: 0ms
09-16 13:19:25.018 561 629 I SystemServerTimingAsync: ssm.onUnlockingUser-0_com.android.server.slice.SliceManagerService$Lifecycle
09-16 13:19:25.018 561 629 D SystemServerTimingAsync: ssm.onUnlockingUser-0_com.android.server.slice.SliceManagerService$Lifecycle took to complete: 0ms
09-16 13:19:25.018 561 629 I SystemServerTimingAsync: ssm.onUnlockingUser-0_com.android.server.stats.StatsCompanion$Lifecycle
09-16 13:19:25.018 561 629 D SystemServerTimingAsync: ssm.onUnlockingUser-0_com.android.server.stats.StatsCompanion$Lifecycle took to complete: 1ms
09-16 13:19:25.018 561 629 I SystemServerTimingAsync: ssm.onUnlockingUser-0_com.android.server.scheduling.RebootReadinessManagerService$Lifecycle
09-16 13:19:25.018 561 629 D SystemServerTimingAsync: ssm.onUnlockingUser-0_com.android.server.scheduling.RebootReadinessManagerService$Lifecycle took to complete: 0ms
09-16 13:19:25.018 561 629 I SystemServerTimingAsync: ssm.onUnlockingUser-0_com.android.server.stats.pull.StatsPullAtomService
09-16 13:19:25.018 561 629 D SystemServerTimingAsync: ssm.onUnlockingUser-0_com.android.server.stats.pull.StatsPullAtomService took to complete: 0ms
09-16 13:19:25.018 561 629 I SystemServerTimingAsync: ssm.onUnlockingUser-0_com.android.server.incident.IncidentCompanionService
09-16 13:19:25.018 561 629 D SystemServerTimingAsync: ssm.onUnlockingUser-0_com.android.server.incident.IncidentCompanionService took to complete: 0ms
09-16 13:19:25.018 561 629 I SystemServerTimingAsync: ssm.onUnlockingUser-0_com.android.server.MmsServiceBroker
