02-06 09:39:24.265 3062 3080 E OpenGLRenderer: Unable to match the desired swap behavior.
02-06 09:39:24.378 3062 3080 E OpenGLRenderer: Unable to match the desired swap behavior.
02-06 09:39:24.658 3062 3062 E Acudrive: binder null for service request acudrive_sense_service
02-06 09:39:24.658 200 200 E BpTransactionCompletedListener: Failed to transact (-32)
02-06 09:39:25.242 1133 1239 E CAR.EVS.REARVIEW: Transition failed: error = -1
02-06 09:39:26.245 1133 1239 E CAR.EVS.REARVIEW: Transition failed: error = -1
02-06 09:39:27.247 1133 1239 E CAR.EVS.REARVIEW: Transition failed: error = -1
02-06 09:39:28.097 526 540 E CellBroadcastUtils: getDefaultCellBroadcastReceiverPackageName: no package found
02-06 09:39:28.260 1133 1239 E CAR.EVS.REARVIEW: Transition failed: error = -1
02-06 09:39:28.585 3062 3080 E OpenGLRenderer: Unable to match the desired swap behavior.
02-06 09:39:28.713 526 2452 E TaskPersister: File error accessing recents directory (directory doesn't exist?).
02-06 09:39:29.264 1133 1239 E CAR.EVS.REARVIEW: Transition failed: error = -1
02-06 09:39:30.266 1133 1239 E CAR.EVS.REARVIEW: Transition failed: error = -1
02-06 09:39:31.269 1133 1239 E CAR.EVS.REARVIEW: Transition failed: error = -1
02-06 09:39:31.992 188 188 E optee_keymaster_hal: Cmd 4 returned error: -26
02-06 09:39:31.994 185 185 E keystore2: system/security/keystore2/src/error.rs:180 - system/security/keystore2/src/security_level.rs:358: Failed to begin operation.
02-06 09:39:31.994 185 185 E keystore2:
02-06 09:39:31.994 185 185 E keystore2: Caused by:
02-06 09:39:31.994 185 185 E keystore2: 0: system/security/keystore2/src/security_level.rs:868
02-06 09:39:31.994 185 185 E keystore2: 1: system/security/keystore2/src/utils.rs:200: Calling km_op.
02-06 09:39:31.994 185 185 E keystore2: 2: Error::Km(r#KEY_USER_NOT_AUTHENTICATED)
02-06 09:39:31.997 526 2917 E SyntheticPasswordCrypto: Failed to decrypt blob
02-06 09:39:31.997 526 2917 E SyntheticPasswordCrypto: android.security.keystore.UserNotAuthenticatedException: User not authenticated
02-06 09:39:31.997 526 2917 E SyntheticPasswordCrypto: at android.security.keystore2.KeyStoreCryptoOperationUtils.getInvalidKeyException(KeyStoreCryptoOperationUtils.java:126)
02-06 09:39:31.997 526 2917 E SyntheticPasswordCrypto: at android.security.keystore2.KeyStoreCryptoOperationUtils.getExceptionForCipherInit(KeyStoreCryptoOperationUtils.java:152)
02-06 09:39:31.997 526 2917 E SyntheticPasswordCrypto: at android.security.keystore2.AndroidKeyStoreCipherSpiBase.ensureKeystoreOperationInitialized(AndroidKeyStoreCipherSpiBase.java:354)
02-06 09:39:31.997 526 2917 E SyntheticPasswordCrypto: at android.security.keystore2.AndroidKeyStoreCipherSpiBase.engineInit(AndroidKeyStoreCipherSpiBase.java:248)
02-06 09:39:31.997 526 2917 E SyntheticPasswordCrypto: at javax.crypto.Cipher.tryTransformWithProvider(Cipher.java:2981)
02-06 09:39:31.997 526 2917 E SyntheticPasswordCrypto: at javax.crypto.Cipher.tryCombinations(Cipher.java:2892)
02-06 09:39:31.997 526 2917 E SyntheticPasswordCrypto: at javax.crypto.Cipher$SpiAndProviderUpdater.updateAndGetSpiAndProvider(Cipher.java:2797)
02-06 09:39:31.997 526 2917 E SyntheticPasswordCrypto: at javax.crypto.Cipher.chooseProvider(Cipher.java:774)
02-06 09:39:31.997 526 2917 E SyntheticPasswordCrypto: at javax.crypto.Cipher.init(Cipher.java:1289)
02-06 09:39:31.997 526 2917 E SyntheticPasswordCrypto: at javax.crypto.Cipher.init(Cipher.java:1224)
02-06 09:39:31.997 526 2917 E SyntheticPasswordCrypto: at com.android.server.locksettings.SyntheticPasswordCrypto.decrypt(SyntheticPasswordCrypto.java:73)
02-06 09:39:31.997 526 2917 E SyntheticPasswordCrypto: at com.android.server.locksettings.SyntheticPasswordCrypto.decryptBlob(SyntheticPasswordCrypto.java:178)
02-06 09:39:31.997 526 2917 E SyntheticPasswordCrypto: at com.android.server.locksettings.SyntheticPasswordManager.decryptSpBlob(SyntheticPasswordManager.java:1824)
02-06 09:39:31.997 526 2917 E SyntheticPasswordCrypto: at com.android.server.locksettings.SyntheticPasswordManager.unwrapSyntheticPasswordBlob(SyntheticPasswordManager.java:1572)
02-06 09:39:31.997 526 2917 E SyntheticPasswordCrypto: at com.android.server.locksettings.SyntheticPasswordManager.unlockLskfBasedProtector(SyntheticPasswordManager.java:1430)
02-06 09:39:31.997 526 2917 E SyntheticPasswordCrypto: at com.android.server.locksettings.LockSettingsService.doVerifyCredential(LockSettingsService.java:2197)
02-06 09:39:31.997 526 2917 E SyntheticPasswordCrypto: at com.android.server.locksettings.LockSettingsService.checkCredential(LockSettingsService.java:2104)
02-06 09:39:31.997 526 2917 E SyntheticPasswordCrypto: at com.android.internal.widget.ILockSettings$Stub.onTransact(ILockSettings.java:618)
02-06 09:39:31.997 526 2917 E SyntheticPasswordCrypto: at android.os.Binder.execTransactInternal(Binder.java:1358)
02-06 09:39:31.997 526 2917 E SyntheticPasswordCrypto: at android.os.Binder.execTransact(Binder.java:1304)
02-06 09:39:32.002 3062 3098 E AndroidRuntime: FATAL EXCEPTION: AsyncTask #1
02-06 09:39:32.002 3062 3098 E AndroidRuntime: Process: com.android.car.settings, PID: 3062
02-06 09:39:32.002 3062 3098 E AndroidRuntime: java.lang.RuntimeException: An error occurred while executing doInBackground()
02-06 09:39:32.002 3062 3098 E AndroidRuntime: at android.os.AsyncTask$4.done(AsyncTask.java:415)
02-06 09:39:32.002 3062 3098 E AndroidRuntime: at java.util.concurrent.FutureTask.finishCompletion(FutureTask.java:381)
02-06 09:39:32.002 3062 3098 E AndroidRuntime: at java.util.concurrent.FutureTask.setException(FutureTask.java:250)
02-06 09:39:32.002 3062 3098 E AndroidRuntime: at java.util.concurrent.FutureTask.run(FutureTask.java:269)
02-06 09:39:32.002 3062 3098 E AndroidRuntime: at android.os.AsyncTask$SerialExecutor$1.run(AsyncTask.java:305)
02-06 09:39:32.002 3062 3098 E AndroidRuntime: at java.util.concurrent.ThreadPoolExecutor.runWorker(ThreadPoolExecutor.java:1145)
02-06 09:39:32.002 3062 3098 E AndroidRuntime: at java.util.concurrent.ThreadPoolExecutor$Worker.run(ThreadPoolExecutor.java:644)
02-06 09:39:32.002 3062 3098 E AndroidRuntime: at java.lang.Thread.run(Thread.java:1012)
02-06 09:39:32.002 3062 3098 E AndroidRuntime: Caused by: java.lang.IllegalStateException: Failed to decrypt blob
02-06 09:39:32.002 3062 3098 E AndroidRuntime: at android.os.Parcel.createExceptionOrNull(Parcel.java:3065)
02-06 09:39:32.002 3062 3098 E AndroidRuntime: at android.os.Parcel.createException(Parcel.java:3041)
02-06 09:39:32.002 3062 3098 E AndroidRuntime: at android.os.Parcel.readException(Parcel.java:3024)
02-06 09:39:32.002 3062 3098 E AndroidRuntime: at android.os.Parcel.readException(Parcel.java:2966)
02-06 09:39:32.002 3062 3098 E AndroidRuntime: at com.android.internal.widget.ILockSettings$Stub$Proxy.checkCredential(ILockSettings.java:1299)
02-06 09:39:32.002 3062 3098 E AndroidRuntime: at com.android.internal.widget.LockPatternUtils.checkCredential(LockPatternUtils.java:518)
02-06 09:39:32.002 3062 3098 E AndroidRuntime: at com.android.internal.widget.LockPatternChecker$2.doInBackground(LockPatternChecker.java:110)
02-06 09:39:32.002 3062 3098 E AndroidRuntime: at com.android.internal.widget.LockPatternChecker$2.doInBackground(LockPatternChecker.java:104)
02-06 09:39:32.002 3062 3098 E AndroidRuntime: at android.os.AsyncTask$3.call(AsyncTask.java:394)
02-06 09:39:32.002 3062 3098 E AndroidRuntime: at java.util.concurrent.FutureTask.run(FutureTask.java:264)
02-06 09:39:32.002 3062 3098 E AndroidRuntime: ... 4 more
02-06 09:39:32.002 3062 3098 E AndroidRuntime: Caused by: android.os.RemoteException: Remote stack trace:
02-06 09:39:32.002 3062 3098 E AndroidRuntime: at com.android.server.locksettings.SyntheticPasswordCrypto.decryptBlob(SyntheticPasswordCrypto.java:186)
02-06 09:39:32.002 3062 3098 E AndroidRuntime: at com.android.server.locksettings.SyntheticPasswordManager.decryptSpBlob(SyntheticPasswordManager.java:1824)
02-06 09:39:32.002 3062 3098 E AndroidRuntime: at com.android.server.locksettings.SyntheticPasswordManager.unwrapSyntheticPasswordBlob(SyntheticPasswordManager.java:1572)
02-06 09:39:32.002 3062 3098 E AndroidRuntime: at com.android.server.locksettings.SyntheticPasswordManager.unlockLskfBasedProtector(SyntheticPasswordManager.java:1430)
02-06 09:39:32.002 3062 3098 E AndroidRuntime: at com.android.server.locksettings.LockSettingsService.doVerifyCredential(LockSettingsService.java:2197)
02-06 09:39:32.002 3062 3098 E AndroidRuntime:
02-06 09:39:32.273 1133 1239 E CAR.EVS.REARVIEW: Transition failed: error = -1
02-06 09:39:32.323 3104 3104 E id.car.settings: Not starting debugger since process cannot load the jdwp agent.
02-06 09:39:32.500 1083 1163 E OpenGLRenderer: Unable to match the desired swap behavior.
02-06 09:39:32.605 200 200 E BpTransactionCompletedListener: Failed to transact (-32)
02-06 09:39:32.971 3104 3104 E Acudrive: binder null for service request acudrive_sense_service
02-06 09:39:33.071 3104 3122 E ion : open /dev/ion failed: No such file or directory
02-06 09:39:33.118 3104 3122 E OpenGLRenderer: Unable to match the desired swap behavior.
02-06 09:39:33.276 1133 1239 E CAR.EVS.REARVIEW: Transition failed: error = -1
02-06 09:39:34.280 1133 1239 E CAR.EVS.REARVIEW: Transition failed: error = -1
02-06 09:39:35.285 1133 1239 E CAR.EVS.REARVIEW: Transition failed: error = -1
02-06 09:39:35.594 526 2452 E TaskPersister: File error accessing recents directory (directory doesn't exist?).
02-06 09:39:36.287 1133 1239 E CAR.EVS.REARVIEW: Transition failed: error = -1
02-06 09:39:37.290 1133 1239 E CAR.EVS.REARVIEW: Transition failed: error = -1
02-06 09:39:38.293 1133 1239 E CAR.EVS.REARVIEW: Transition failed: error = -1
02-06 09:39:39.296 1133 1239 E CAR.EVS.REARVIEW: Transition failed: error = -1
02-06 09:39:40.298 1133 1239 E CAR.EVS.REARVIEW: Transition failed: error = -1
02-06 09:39:40.526 526 2917 E CellBroadcastUtils: getDefaultCellBroadcastReceiverPackageName: no package found
02-06 09:39:41.301 1133 1239 E CAR.EVS.REARVIEW: Transition failed: error = -1
02-06 09:39:41.690 2185 2185 E FAVAPPS1: null
02-06 09:39:41.768 2185 2262 E OpenGLRenderer: Unable to match the desired swap behavior.
02-06 09:39:42.303 1133 1239 E CAR.EVS.REARVIEW: Transition failed: error = -1
02-06 09:39:43.306 1133 1239 E CAR.EVS.REARVIEW: Transition failed: error = -1
02-06 09:39:44.309 1133 1239 E CAR.EVS.REARVIEW: Transition failed: error = -1
02-06 09:39:45.313 1133 1239 E CAR.EVS.REARVIEW: Transition failed: error = -1
02-06 09:39:46.316 1133 1239 E CAR.EVS.REARVIEW: Transition failed: error = -1
02-06 09:39:47.319 1133 1239 E CAR.EVS.REARVIEW: Transition failed: error = -1
02-06 09:39:48.327 1133 1239 E CAR.EVS.REARVIEW: Transition failed: error = -1
02-06 09:39:49.329 1133 1239 E CAR.EVS.REARVIEW: Transition failed: error = -1
02-06 09:39:50.331 1133 1239 E CAR.EVS.REARVIEW: Transition failed: error = -1
02-06 09:39:51.334 1133 1239 E CAR.EVS.REARVIEW: Transition failed: error = -1
02-06 09:39:52.337 1133 1239 E CAR.EVS.REARVIEW: Transition failed: error = -1
02-06 09:39:53.340 1133 1239 E CAR.EVS.REARVIEW: Transition failed: error = -1
02-06 09:39:54.343 1133 1239 E CAR.EVS.REARVIEW: Transition failed: error = -1
02-06 09:39:55.346 1133 1239 E CAR.EVS.REARVIEW: Transition failed: error = -1
02-06 09:39:56.349 1133 1239 E CAR.EVS.REARVIEW: Transition failed: error = -1
02-06 09:39:57.352 1133 1239 E CAR.EVS.REARVIEW: Transition failed: error = -1
02-06 09:39:58.355 1133 1239 E CAR.EVS.REARVIEW: Transition failed: error = -1
02-06 09:39:59.358 1133 1239 E CAR.EVS.REARVIEW: Transition failed: error = -1
02-06 09:40:00.361 1133 1239 E CAR.EVS.REARVIEW: Transition failed: error = -1
02-06 09:40:01.363 1133 1239 E CAR.EVS.REARVIEW: Transition failed: error = -1
02-06 09:40:02.366 1133 1239 E CAR.EVS.REARVIEW: Transition failed: error = -1
02-06 09:40:03.369 1133 1239 E CAR.EVS.REARVIEW: Transition failed: error = -1
02-06 09:40:04.371 1133 1239 E CAR.EVS.REARVIEW: Transition failed: error = -1
02-06 09:40:05.374 1133 1239 E CAR.EVS.REARVIEW: Transition failed: error = -1
02-06 09:40:06.377 1133 1239 E CAR.EVS.REARVIEW: Transition failed: error = -1
02-06 09:40:07.380 1133 1239 E CAR.EVS.REARVIEW: Transition failed: error = -1
02-06 09:40:08.384 1133 1239 E CAR.EVS.REARVIEW: Transition failed: error = -1
02-06 09:40:09.386 1133 1239 E CAR.EVS.REARVIEW: Transition failed: error = -1
02-06 09:40:10.389 1133 1239 E CAR.EVS.REARVIEW: Transition failed: error = -1
02-06 09:40:11.391 1133 1239 E CAR.EVS.REARVIEW: Transition failed: error = -1
02-06 09:40:12.394 1133 1239 E CAR.EVS.REARVIEW: Transition failed: error = -1
02-06 09:40:13.397 1133 1239 E CAR.EVS.REARVIEW: Transition failed: error = -1
02-06 09:40:14.399 1133 1239 E CAR.EVS.REARVIEW: Transition failed: error = -1
02-06 09:40:15.402 1133 1239 E CAR.EVS.REARVIEW: Transition failed: error = -1
02-06 09:40:16.405 1133 1239 E CAR.EVS.REARVIEW: Transition failed: error = -1
02-06 09:40:17.409 1133 1239 E CAR.EVS.REARVIEW: Transition failed: error = -1
02-06 09:40:18.411 1133 1239 E CAR.EVS.REARVIEW: Transition failed: error = -1
02-06 09:40:19.414 1133 1239 E CAR.EVS.REARVIEW: Transition failed: error = -1
02-06 09:40:20.417 1133 1239 E CAR.EVS.REARVIEW: Transition failed: error = -1
02-06 09:40:21.262 526 563 E system_server: Cannot read thread CPU times for PID 526
02-06 09:40:21.311 526 573 E Surface : freeAllBuffers: 1 buffers were freed while being dequeued!
02-06 09:40:21.314 526 573 E Surface : getSlotFromBufferLocked: unknown buffer: 0xb400007b9b1f2020
02-06 09:40:21.320 526 573 E libEGL : call to OpenGL ES API with no current context (logged once per thread)
02-06 09:40:21.397 183 3154 E android.system.suspend-service: error writing zygote_kwl to /sys/power/wake_unlock: Invalid argument
02-06 09:40:21.420 1133 1239 E CAR.EVS.REARVIEW: Transition failed: error = -1
02-06 09:40:21.501 1083 1163 E OpenGLRenderer: Unable to match the desired swap behavior.
01-01 00:09:02.203 128 128 E ueventd : LoadWithAliases was unable to load rpmsg:rpmsg_ctrl
01-01 00:09:02.212 128 128 E ueventd : LoadWithAliases was unable to load rpmsg:rpmsg_ns
01-01 00:09:02.226 3159 3159 E : Freezing of tasks aborted after 0.005 seconds
01-01 00:09:02.232 128 128 E ueventd : LoadWithAliases was unable to load rpmsg:ti.ipc4.ping-pong
01-01 00:09:02.256 128 128 E ueventd : LoadWithAliases was unable to load rpmsg:rpmsg_chrdev
02-06 09:40:21.587 345 446 E libusbconfigfs: epoll wait did not return descriptor number
01-01 00:09:02.265 128 128 E ueventd : LoadWithAliases was unable to load virtio:d00000007v00000000
01-01 00:09:02.274 128 128 E ueventd : LoadWithAliases was unable to load platform:rproc-virtio
01-01 00:09:02.286 128 128 E ueventd : LoadWithAliases was unable to load platform:rproc-virtio
01-01 00:09:02.297 128 128 E ueventd : LoadWithAliases was unable to load platform:rproc-virtio
01-01 00:09:02.308 128 128 E ueventd : LoadWithAliases was unable to load virtio:d00000007v00000000
01-01 00:09:02.319 128 128 E ueventd : LoadWithAliases was unable to load rpmsg:rpmsg_ctrl
01-01 00:09:02.330 128 128 E ueventd : LoadWithAliases was unable to load rpmsg:rpmsg_ns
01-01 00:09:02.342 128 128 E ueventd : LoadWithAliases was unable to load rpmsg:rpmsg_ns
01-01 00:09:02.356 128 128 E ueventd : LoadWithAliases was unable to load virtio:d00000007v00000000
01-01 00:09:02.372 128 128 E ueventd : LoadWithAliases was unable to load rpmsg:ti.ipc4.ping-pong
01-01 00:09:02.384 128 128 E ueventd : LoadWithAliases was unable to load rpmsg:rpmsg_chrdev
01-01 00:09:02.399 128 128 E ueventd : LoadWithAliases was unable to load rpmsg:rpmsg_chrdev
01-01 00:09:02.473 128 128 E ueventd : LoadWithAliases was unable to load rpmsg:rpmsg_ctrl
02-06 09:40:21.843 345 446 E libusbconfigfs: epoll wait did not return descriptor number
01-01 00:09:02.486 3159 3159 E : Freezing of tasks aborted after 0.004 seconds
01-01 00:09:02.498 128 128 E ueventd : LoadWithAliases was unable to load rpmsg:rpmsg_ns
01-01 00:09:02.507 128 128 E ueventd : LoadWithAliases was unable to load rpmsg:ti.ipc4.ping-pong
01-01 00:09:02.518 128 128 E ueventd : LoadWithAliases was unable to load rpmsg:rpmsg_chrdev
01-01 00:09:02.526 128 128 E ueventd : LoadWithAliases was unable to load virtio:d00000007v00000000
01-01 00:09:02.536 128 128 E ueventd : LoadWithAliases was unable to load platform:rproc-virtio
01-01 00:09:02.548 128 128 E ueventd : LoadWithAliases was unable to load platform:rproc-virtio
01-01 00:09:02.559 128 128 E ueventd : LoadWithAliases was unable to load platform:rproc-virtio
01-01 00:09:02.570 128 128 E ueventd : LoadWithAliases was unable to load virtio:d00000007v00000000
01-01 00:09:02.582 128 128 E ueventd : LoadWithAliases was unable to load rpmsg:rpmsg_ctrl
01-01 00:09:02.593 128 128 E ueventd : LoadWithAliases was unable to load rpmsg:rpmsg_ns
01-01 00:09:02.603 128 128 E ueventd : LoadWithAliases was unable to load rpmsg:rpmsg_ns
01-01 00:09:02.614 128 128 E ueventd : LoadWithAliases was unable to load rpmsg:ti.ipc4.ping-pong
01-01 00:09:02.625 128 128 E ueventd : LoadWithAliases was unable to load rpmsg:rpmsg_chrdev
01-01 00:09:02.640 128 128 E ueventd : LoadWithAliases was unable to load rpmsg:rpmsg_chrdev
01-01 00:09:02.651 128 128 E ueventd : LoadWithAliases was unable to load virtio:d00000007v00000000
01-01 00:09:02.966 128 128 E ueventd : LoadWithAliases was unable to load rpmsg:rpmsg_ctrl
02-06 09:40:22.337 345 446 E libusbconfigfs: epoll wait did not return descriptor number
01-01 00:09:02.978 3159 3159 E : Freezing of tasks aborted after 0.004 seconds
01-01 00:09:02.985 128 128 E ueventd : LoadWithAliases was unable to load rpmsg:rpmsg_ns
01-01 00:09:02.998 128 128 E ueventd : LoadWithAliases was unable to load rpmsg:ti.ipc4.ping-pong
01-01 00:09:03.008 128 128 E ueventd : LoadWithAliases was unable to load rpmsg:rpmsg_chrdev
01-01 00:09:03.017 128 128 E ueventd : LoadWithAliases was unable to load virtio:d00000007v00000000
01-01 00:09:03.026 128 128 E ueventd : LoadWithAliases was unable to load platform:rproc-virtio
01-01 00:09:03.037 128 128 E ueventd : LoadWithAliases was unable to load platform:rproc-virtio
01-01 00:09:03.048 128 128 E ueventd : LoadWithAliases was unable to load platform:rproc-virtio
01-01 00:09:03.059 128 128 E ueventd : LoadWithAliases was unable to load virtio:d00000007v00000000
02-06 09:40:22.426 1133 1239 E CAR.EVS.REARVIEW: Transition failed: error = -1
01-01 00:09:03.071 128 128 E ueventd : LoadWithAliases was unable to load rpmsg:rpmsg_ctrl
01-01 00:09:03.082 128 128 E ueventd : LoadWithAliases was unable to load rpmsg:rpmsg_ns
01-01 00:09:03.092 128 128 E ueventd : LoadWithAliases was unable to load rpmsg:rpmsg_ns
01-01 00:09:03.103 128 128 E ueventd : LoadWithAliases was unable to load virtio:d00000007v00000000
01-01 00:09:03.115 128 128 E ueventd : LoadWithAliases was unable to load rpmsg:ti.ipc4.ping-pong
01-01 00:09:03.127 128 128 E ueventd : LoadWithAliases was unable to load rpmsg:rpmsg_chrdev
01-01 00:09:03.141 128 128 E ueventd : LoadWithAliases was unable to load rpmsg:rpmsg_chrdev
01-01 00:09:03.817 128 128 E ueventd : LoadWithAliases was unable to load rpmsg:rpmsg_ctrl
01-01 00:09:03.825 128 128 E ueventd : LoadWithAliases was unable to load rpmsg:rpmsg_ns
01-01 00:09:03.833 3159 3159 E : Freezing of tasks aborted after 0.007 seconds
01-01 00:09:03.834 128 128 E ueventd : LoadWithAliases was unable to load rpmsg:ti.ipc4.ping-pong
02-06 09:40:23.186 345 446 E libusbconfigfs: epoll wait did not return descriptor number
01-01 00:09:03.851 128 128 E ueventd : LoadWithAliases was unable to load rpmsg:rpmsg_chrdev
01-01 00:09:03.860 128 128 E ueventd : LoadWithAliases was unable to load virtio:d00000007v00000000
01-01 00:09:03.869 128 128 E ueventd : LoadWithAliases was unable to load platform:rproc-virtio
01-01 00:09:03.880 128 128 E ueventd : LoadWithAliases was unable to load platform:rproc-virtio
01-01 00:09:03.891 128 128 E ueventd : LoadWithAliases was unable to load platform:rproc-virtio
01-01 00:09:03.902 128 128 E ueventd : LoadWithAliases was unable to load virtio:d00000007v00000000
01-01 00:09:03.913 128 128 E ueventd : LoadWithAliases was unable to load rpmsg:rpmsg_ctrl
01-01 00:09:03.924 128 128 E ueventd : LoadWithAliases was unable to load rpmsg:rpmsg_ns
01-01 00:09:03.934 128 128 E ueventd : LoadWithAliases was unable to load rpmsg:rpmsg_ns
01-01 00:09:03.945 128 128 E ueventd : LoadWithAliases was unable to load rpmsg:ti.ipc4.ping-pong
01-01 00:09:03.956 128 128 E ueventd : LoadWithAliases was unable to load rpmsg:rpmsg_chrdev
01-01 00:09:03.970 128 128 E ueventd : LoadWithAliases was unable to load rpmsg:rpmsg_chrdev
01-01 00:09:03.981 128 128 E ueventd : LoadWithAliases was unable to load virtio:d00000007v00000000
02-06 09:40:23.427 1133 1239 E CAR.EVS.REARVIEW: Transition failed: error = -1
02-06 09:40:24.171 526 526 E ActivityManager: Cancel pending or running compactions as system is awake
02-06 09:40:24.195 526 526 E SensorManager: sensor or listener is null
02-06 09:40:24.210 526 563 E system_server: Cannot read thread CPU times for PID 526
02-06 09:40:24.213 526 526 E NearbyManager: Cannot stop scan with this callback because it is never registered.
02-06 09:40:24.435 1133 1239 E CAR.EVS.REARVIEW: Transition failed: error = -1
02-06 09:40:25.439 1133 1239 E CAR.EVS.REARVIEW: Transition failed: error = -1
02-06 09:40:26.442 1133 1239 E CAR.EVS.REARVIEW: Transition failed: error = -1
02-06 09:40:27.448 1133 1239 E CAR.EVS.REARVIEW: Transition failed: error = -1
02-06 09:40:28.062 188 188 E optee_keymaster_hal: Cmd 4 returned error: -26
02-06 09:40:28.064 185 185 E keystore2: system/security/keystore2/src/error.rs:180 - system/security/keystore2/src/security_level.rs:358: Failed to begin operation.
02-06 09:40:28.064 185 185 E keystore2:
02-06 09:40:28.064 185 185 E keystore2: Caused by:
02-06 09:40:28.064 185 185 E keystore2: 0: system/security/keystore2/src/security_level.rs:868
02-06 09:40:28.064 185 185 E keystore2: 1: system/security/keystore2/src/utils.rs:200: Calling km_op.
02-06 09:40:28.064 185 185 E keystore2: 2: Error::Km(r#KEY_USER_NOT_AUTHENTICATED)
02-06 09:40:28.068 526 1061 E SyntheticPasswordCrypto: Failed to decrypt blob
02-06 09:40:28.068 526 1061 E SyntheticPasswordCrypto: android.security.keystore.UserNotAuthenticatedException: User not authenticated
02-06 09:40:28.068 526 1061 E SyntheticPasswordCrypto: at android.security.keystore2.KeyStoreCryptoOperationUtils.getInvalidKeyException(KeyStoreCryptoOperationUtils.java:126)
02-06 09:40:28.068 526 1061 E SyntheticPasswordCrypto: at android.security.keystore2.KeyStoreCryptoOperationUtils.getExceptionForCipherInit(KeyStoreCryptoOperationUtils.java:152)
02-06 09:40:28.068 526 1061 E SyntheticPasswordCrypto: at android.security.keystore2.AndroidKeyStoreCipherSpiBase.ensureKeystoreOperationInitialized(AndroidKeyStoreCipherSpiBase.java:354)
02-06 09:40:28.068 526 1061 E SyntheticPasswordCrypto: at android.security.keystore2.AndroidKeyStoreCipherSpiBase.engineInit(AndroidKeyStoreCipherSpiBase.java:248)
02-06 09:40:28.068 526 1061 E SyntheticPasswordCrypto: at javax.crypto.Cipher.tryTransformWithProvider(Cipher.java:2981)
02-06 09:40:28.068 526 1061 E SyntheticPasswordCrypto: at javax.crypto.Cipher.tryCombinations(Cipher.java:2892)
02-06 09:40:28.068 526 1061 E SyntheticPasswordCrypto: at javax.crypto.Cipher$SpiAndProviderUpdater.updateAndGetSpiAndProvider(Cipher.java:2797)
02-06 09:40:28.068 526 1061 E SyntheticPasswordCrypto: at javax.crypto.Cipher.chooseProvider(Cipher.java:774)
02-06 09:40:28.068 526 1061 E SyntheticPasswordCrypto: at javax.crypto.Cipher.init(Cipher.java:1289)
02-06 09:40:28.068 526 1061 E SyntheticPasswordCrypto: at javax.crypto.Cipher.init(Cipher.java:1224)
02-06 09:40:28.068 526 1061 E SyntheticPasswordCrypto: at com.android.server.locksettings.SyntheticPasswordCrypto.decrypt(SyntheticPasswordCrypto.java:73)
02-06 09:40:28.068 526 1061 E SyntheticPasswordCrypto: at com.android.server.locksettings.SyntheticPasswordCrypto.decryptBlob(SyntheticPasswordCrypto.java:178)
02-06 09:40:28.068 526 1061 E SyntheticPasswordCrypto: at com.android.server.locksettings.SyntheticPasswordManager.decryptSpBlob(SyntheticPasswordManager.java:1824)
02-06 09:40:28.068 526 1061 E SyntheticPasswordCrypto: at com.android.server.locksettings.SyntheticPasswordManager.unwrapSyntheticPasswordBlob(SyntheticPasswordManager.java:1572)
02-06 09:40:28.068 526 1061 E SyntheticPasswordCrypto: at com.android.server.locksettings.SyntheticPasswordManager.unlockLskfBasedProtector(SyntheticPasswordManager.java:1430)
02-06 09:40:28.068 526 1061 E SyntheticPasswordCrypto: at com.android.server.locksettings.LockSettingsService.doVerifyCredential(LockSettingsService.java:2197)
02-06 09:40:28.068 526 1061 E SyntheticPasswordCrypto: at com.android.server.locksettings.LockSettingsService.checkCredential(LockSettingsService.java:2104)
02-06 09:40:28.068 526 1061 E SyntheticPasswordCrypto: at com.android.internal.widget.ILockSettings$Stub.onTransact(ILockSettings.java:618)
02-06 09:40:28.068 526 1061 E SyntheticPasswordCrypto: at android.os.Binder.execTransactInternal(Binder.java:1358)
02-06 09:40:28.068 526 1061 E SyntheticPasswordCrypto: at android.os.Binder.execTransact(Binder.java:1304)
02-06 09:40:28.072 1083 1259 E AndroidRuntime: FATAL EXCEPTION: AsyncTask #1
02-06 09:40:28.072 1083 1259 E AndroidRuntime: Process: com.android.systemui, PID: 1083
02-06 09:40:28.072 1083 1259 E AndroidRuntime: java.lang.RuntimeException: An error occurred while executing doInBackground()
02-06 09:40:28.072 1083 1259 E AndroidRuntime: at android.os.AsyncTask$4.done(AsyncTask.java:415)
02-06 09:40:28.072 1083 1259 E AndroidRuntime: at java.util.concurrent.FutureTask.finishCompletion(FutureTask.java:381)
02-06 09:40:28.072 1083 1259 E AndroidRuntime: at java.util.concurrent.FutureTask.setException(FutureTask.java:250)
02-06 09:40:28.072 1083 1259 E AndroidRuntime: at java.util.concurrent.FutureTask.run(FutureTask.java:269)
02-06 09:40:28.072 1083 1259 E AndroidRuntime: at android.os.AsyncTask$SerialExecutor$1.run(AsyncTask.java:305)
02-06 09:40:28.072 1083 1259 E AndroidRuntime: at java.util.concurrent.ThreadPoolExecutor.runWorker(ThreadPoolExecutor.java:1145)
02-06 09:40:28.072 1083 1259 E AndroidRuntime: at java.util.concurrent.ThreadPoolExecutor$Worker.run(ThreadPoolExecutor.java:644)
02-06 09:40:28.072 1083 1259 E AndroidRuntime: at java.lang.Thread.run(Thread.java:1012)
02-06 09:40:28.072 1083 1259 E AndroidRuntime: Caused by: java.lang.IllegalStateException: Failed to decrypt blob
02-06 09:40:28.072 1083 1259 E AndroidRuntime: at android.os.Parcel.createExceptionOrNull(Parcel.java:3065)
02-06 09:40:28.072 1083 1259 E AndroidRuntime: at android.os.Parcel.createException(Parcel.java:3041)
02-06 09:40:28.072 1083 1259 E AndroidRuntime: at android.os.Parcel.readException(Parcel.java:3024)
02-06 09:40:28.072 1083 1259 E AndroidRuntime: at android.os.Parcel.readException(Parcel.java:2966)
02-06 09:40:28.072 1083 1259 E AndroidRuntime: at com.android.internal.widget.ILockSettings$Stub$Proxy.checkCredential(ILockSettings.java:1299)
02-06 09:40:28.072 1083 1259 E AndroidRuntime: at com.android.internal.widget.LockPatternUtils.checkCredential(LockPatternUtils.java:518)
02-06 09:40:28.072 1083 1259 E AndroidRuntime: at com.android.internal.widget.LockPatternChecker$2.doInBackground(LockPatternChecker.java:110)
02-06 09:40:28.072 1083 1259 E AndroidRuntime: at com.android.internal.widget.LockPatternChecker$2.doInBackground(LockPatternChecker.java:104)
02-06 09:40:28.072 1083 1259 E AndroidRuntime: at android.os.AsyncTask$3.call(AsyncTask.java:394)
02-06 09:40:28.072 1083 1259 E AndroidRuntime: at java.util.concurrent.FutureTask.run(FutureTask.java:264)
02-06 09:40:28.072 1083 1259 E AndroidRuntime: ... 4 more
02-06 09:40:28.072 1083 1259 E AndroidRuntime: Caused by: android.os.RemoteException: Remote stack trace:
02-06 09:40:28.072 1083 1259 E AndroidRuntime: at com.android.server.locksettings.SyntheticPasswordCrypto.decryptBlob(SyntheticPasswordCrypto.java:186)
02-06 09:40:28.072 1083 1259 E AndroidRuntime: at com.android.server.locksettings.SyntheticPasswordManager.decryptSpBlob(SyntheticPasswordManager.java:1824)
02-06 09:40:28.072 1083 1259 E AndroidRuntime: at com.android.server.locksettings.SyntheticPasswordManager.unwrapSyntheticPasswordBlob(SyntheticPasswordManager.java:1572)
02-06 09:40:28.072 1083 1259 E AndroidRuntime: at com.android.server.locksettings.SyntheticPasswordManager.unlockLskfBasedProtector(SyntheticPasswordManager.java:1430)
02-06 09:40:28.072 1083 1259 E AndroidRuntime: at com.android.server.locksettings.LockSettingsService.doVerifyCredential(LockSettingsService.java:2197)
02-06 09:40:28.072 1083 1259 E AndroidRuntime:
02-06 09:40:28.360 200 200 E BpTransactionCompletedListener: Failed to transact (-32)
02-06 09:40:28.376 200 200 E BpTransactionCompletedListener: Failed to transact (-32)
02-06 09:40:28.443 200 200 E BpTransactionCompletedListener: Failed to transact (-32)
02-06 09:40:28.454 1133 1239 E CAR.EVS.REARVIEW: Transition failed: error = -1
02-06 09:40:28.460 200 200 E BpTransactionCompletedListener: Failed to transact (-32)
02-06 09:40:28.463 200 200 E Scheduler: trackPendingFrame: Invalid present fence
02-06 09:40:28.495 200 200 E Scheduler: trackPendingFrame: Invalid present fence
02-06 09:40:28.512 200 200 E Scheduler: trackPendingFrame: Invalid present fence
02-06 09:40:28.559 1309 1333 E DeviceConfigUtils: Could not find the module name
02-06 09:40:28.559 1309 1333 E DeviceConfigUtils: android.content.pm.PackageManager$NameNotFoundException: com.android.go.tethering
02-06 09:40:28.559 1309 1333 E DeviceConfigUtils: at android.app.ApplicationPackageManager.getPackageInfoAsUser(ApplicationPackageManager.java:256)
02-06 09:40:28.559 1309 1333 E DeviceConfigUtils: at android.app.ApplicationPackageManager.getPackageInfo(ApplicationPackageManager.java:216)
02-06 09:40:28.559 1309 1333 E DeviceConfigUtils: at android.app.ApplicationPackageManager.getPackageInfo(ApplicationPackageManager.java:210)
02-06 09:40:28.559 1309 1333 E DeviceConfigUtils: at com.android.networkstack.tethering.util.DeviceConfigUtils.resolveTetheringModuleVersion(DeviceConfigUtils.java:249)
02-06 09:40:28.559 1309 1333 E DeviceConfigUtils: at com.android.networkstack.tethering.util.DeviceConfigUtils.getTetheringModuleVersion(DeviceConfigUtils.java:258)
02-06 09:40:28.559 1309 1333 E DeviceConfigUtils: at com.android.networkstack.tethering.util.DeviceConfigUtils.isFeatureEnabled(DeviceConfigUtils.java:209)
02-06 09:40:28.559 1309 1333 E DeviceConfigUtils: at com.android.networkstack.tethering.TetheringConfiguration$Dependencies.isFeatureEnabled(TetheringConfiguration.java:184)
02-06 09:40:28.559 1309 1333 E DeviceConfigUtils: at com.android.networkstack.tethering.TetheringConfiguration.isFeatureEnabled(TetheringConfiguration.java:632)
02-06 09:40:28.559 1309 1333 E DeviceConfigUtils: at com.android.networkstack.tethering.TetheringConfiguration.isTetheringFeatureEnabled(TetheringConfiguration.java:628)
02-06 09:40:28.559 1309 1333 E DeviceConfigUtils: at com.android.networkstack.tethering.TetheringConfiguration.shouldEnableWearTethering(TetheringConfiguration.java:610)
02-06 09:40:28.559 1309 1333 E DeviceConfigUtils: at com.android.networkstack.tethering.TetheringConfiguration.(TetheringConfiguration.java:274)
02-06 09:40:28.559 1309 1333 E DeviceConfigUtils: at com.android.networkstack.tethering.TetheringConfiguration.(TetheringConfiguration.java:195)
02-06 09:40:28.559 1309 1333 E DeviceConfigUtils: at com.android.networkstack.tethering.TetheringDependencies.generateTetheringConfiguration(TetheringDependencies.java:113)
02-06 09:40:28.559 1309 1333 E DeviceConfigUtils: at com.android.networkstack.tethering.Tethering.updateConfiguration(Tethering.java:541)
02-06 09:40:28.559 1309 1333 E DeviceConfigUtils: at com.android.networkstack.tethering.Tethering.-$$Nest$mupdateConfiguration(Tethering.java:0)
02-06 09:40:28.559 1309 1333 E DeviceConfigUtils: at com.android.networkstack.tethering.Tethering$StateReceiver.onReceive(Tethering.java:1184)
02-06 09:40:28.559 1309 1333 E DeviceConfigUtils: at android.app.LoadedApk$ReceiverDispatcher$Args.lambda$getRunnable$0(LoadedApk.java:1811)
02-06 09:40:28.559 1309 1333 E DeviceConfigUtils: at android.app.LoadedApk$ReceiverDispatcher$Args.$r8$lambda$gDuJqgxY6Zb-ifyeubKeivTLAwk(Unknown Source:0)
02-06 09:40:28.559 1309 1333 E DeviceConfigUtils: at android.app.LoadedApk$ReceiverDispatcher$Args$$ExternalSyntheticLambda0.run(Unknown Source:2)
02-06 09:40:28.559 1309 1333 E DeviceConfigUtils: at android.os.Handler.handleCallback(Handler.java:958)
02-06 09:40:28.559 1309 1333 E DeviceConfigUtils: at android.os.Handler.dispatchMessage(Handler.java:99)
02-06 09:40:28.559 1309 1333 E DeviceConfigUtils: at android.os.Looper.loopOnce(Looper.java:205)
02-06 09:40:28.559 1309 1333 E DeviceConfigUtils: at android.os.Looper.loop(Looper.java:294)
02-06 09:40:28.559 1309 1333 E DeviceConfigUtils: at android.os.HandlerThread.run(HandlerThread.java:67)
02-06 09:40:28.609 3179 3179 E ndroid.systemui: Not starting debugger since process cannot load the jdwp agent.
02-06 09:40:28.879 200 200 E Scheduler: trackPendingFrame: Invalid present fence
02-06 09:40:28.945 200 200 E Scheduler: trackPendingFrame: Invalid present fence
02-06 09:40:28.962 200 200 E Scheduler: trackPendingFrame: Invalid present fence
02-06 09:40:29.292 526 526 E IPCThreadState: Binder transaction failure: 198827/29189/-22
02-06 09:40:29.293 526 526 E IPCThreadState: Binder transaction failure: 198837/29189/-22
02-06 09:40:29.462 1133 1239 E CAR.EVS.REARVIEW: Transition failed: error = -1
02-06 09:40:29.596 200 200 E Scheduler: trackPendingFrame: Invalid present fence
02-06 09:40:29.613 200 200 E Scheduler: trackPendingFrame: Invalid present fence
02-06 09:40:29.789 200 1059 E HWComposer: getDisplayDecorationSupport: getDisplayDecorationSupport failed for display 0: Unsupported (8)
02-06 09:40:29.863 200 200 E Scheduler: trackPendingFrame: Invalid present fence
02-06 09:40:29.881 200 200 E Scheduler: trackPendingFrame: Invalid present fence
02-06 09:40:29.897 200 200 E Scheduler: trackPendingFrame: Invalid present fence
02-06 09:40:29.914 200 200 E Scheduler: trackPendingFrame: Invalid present fence
02-06 09:40:30.466 1133 1239 E CAR.EVS.REARVIEW: Transition failed: error = -1
02-06 09:40:31.468 1133 1239 E CAR.EVS.REARVIEW: Transition failed: error = -1
02-06 09:40:32.471 1133 1239 E CAR.EVS.REARVIEW: Transition failed: error = -1
02-06 09:40:32.769 200 200 E Scheduler: trackPendingFrame: Invalid present fence
02-06 09:40:32.785 200 200 E Scheduler: trackPendingFrame: Invalid present fence
02-06 09:40:33.473 1133 1239 E CAR.EVS.REARVIEW: Transition failed: error = -1
02-06 09:40:34.476 1133 1239 E CAR.EVS.REARVIEW: Transition failed: error = -1
02-06 09:40:35.479 1133 1239 E CAR.EVS.REARVIEW: Transition failed: error = -1
02-06 09:40:36.481 1133 1239 E CAR.EVS.REARVIEW: Transition failed: error = -1
02-06 09:40:37.484 1133 1239 E CAR.EVS.REARVIEW: Transition failed: error = -1
02-06 09:40:38.486 1133 1239 E CAR.EVS.REARVIEW: Transition failed: error = -1
02-06 09:40:39.489 1133 1239 E CAR.EVS.REARVIEW: Transition failed: error = -1
02-06 09:40:40.491 1133 1239 E CAR.EVS.REARVIEW: Transition failed: error = -1
02-06 09:40:41.494 1133 1239 E CAR.EVS.REARVIEW: Transition failed: error = -1
02-06 09:40:42.497 1133 1239 E CAR.EVS.REARVIEW: Transition failed: error = -1
02-06 09:40:43.499 1133 1239 E CAR.EVS.REARVIEW: Transition failed: error = -1
02-06 09:40:44.502 1133 1239 E CAR.EVS.REARVIEW: Transition failed: error = -1
02-06 09:40:45.505 1133 1239 E CAR.EVS.REARVIEW: Transition failed: error = -1
02-06 09:40:46.508 1133 1239 E CAR.EVS.REARVIEW: Transition failed: error = -1
02-06 09:40:47.510 1133 1239 E CAR.EVS.REARVIEW: Transition failed: error = -1
02-06 09:40:48.513 1133 1239 E CAR.EVS.REARVIEW: Transition failed: error = -1
02-06 09:40:49.515 1133 1239 E CAR.EVS.REARVIEW: Transition failed: error = -1
02-06 09:40:50.518 1133 1239 E CAR.EVS.REARVIEW: Transition failed: error = -1
02-06 09:40:51.521 1133 1239 E CAR.EVS.REARVIEW: Transition failed: error = -1
02-06 09:40:52.524 1133 1239 E CAR.EVS.REARVIEW: Transition failed: error = -1
02-06 09:40:53.527 1133 1239 E CAR.EVS.REARVIEW: Transition failed: error = -1
02-06 09:40:54.529 1133 1239 E CAR.EVS.REARVIEW: Transition failed: error = -1
02-06 09:40:55.532 1133 1239 E CAR.EVS.REARVIEW: Transition failed: error = -1
02-06 09:40:56.535 1133 1239 E CAR.EVS.REARVIEW: Transition failed: error = -1
02-06 09:40:57.537 1133 1239 E CAR.EVS.REARVIEW: Transition failed: error = -1
02-06 09:40:58.540 1133 1239 E CAR.EVS.REARVIEW: Transition failed: error = -1
02-06 09:40:59.543 1133 1239 E CAR.EVS.REARVIEW: Transition failed: error = -1
02-06 09:41:00.545 1133 1239 E CAR.EVS.REARVIEW: Transition failed: error = -1
02-06 09:41:01.548 1133 1239 E CAR.EVS.REARVIEW: Transition failed: error = -1
02-06 09:41:02.550 1133 1239 E CAR.EVS.REARVIEW: Transition failed: error = -1
02-06 09:41:02.819 3179 3179 E ConstraintLayout: layout_constraintHeight_default="wrap" is deprecated.
02-06 09:41:02.819 3179 3179 E ConstraintLayout: Use layout_height="WRAP_CONTENT" and layout_constrainedHeight="true" instead.
02-06 09:41:02.854 3179 3179 E ConstraintLayout: layout_constraintHeight_default="wrap" is deprecated.
02-06 09:41:02.854 3179 3179 E ConstraintLayout: Use layout_height="WRAP_CONTENT" and layout_constrainedHeight="true" instead.
02-06 09:41:02.899 3179 3179 E ConstraintLayout: layout_constraintHeight_default="wrap" is deprecated.
02-06 09:41:02.899 3179 3179 E ConstraintLayout: Use layout_height="WRAP_CONTENT" and layout_constrainedHeight="true" instead.
02-06 09:41:02.910 3179 3179 E ConstraintLayout: layout_constraintHeight_default="wrap" is deprecated.
02-06 09:41:02.910 3179 3179 E ConstraintLayout: Use layout_height="WRAP_CONTENT" and layout_constrainedHeight="true" instead.
02-06 09:41:03.552 1133 1239 E CAR.EVS.REARVIEW: Transition failed: error = -1
02-06 09:41:03.668 200 200 E Scheduler: trackPendingFrame: Invalid present fence