02-06 09:37:33.851 1133 1239 E CAR.EVS.REARVIEW: Transition failed: error = -1
02-06 09:37:34.853 1133 1239 E CAR.EVS.REARVIEW: Transition failed: error = -1
02-06 09:37:35.856 1133 1239 E CAR.EVS.REARVIEW: Transition failed: error = -1
02-06 09:37:36.859 1133 1239 E CAR.EVS.REARVIEW: Transition failed: error = -1
02-06 09:37:37.862 1133 1239 E CAR.EVS.REARVIEW: Transition failed: error = -1
02-06 09:37:38.864 1133 1239 E CAR.EVS.REARVIEW: Transition failed: error = -1
02-06 09:37:39.867 1133 1239 E CAR.EVS.REARVIEW: Transition failed: error = -1
02-06 09:37:40.254 526 1556 E CellBroadcastUtils: getDefaultCellBroadcastReceiverPackageName: no package found
02-06 09:37:40.386 1083 1163 E OpenGLRenderer: Unable to match the desired swap behavior.
02-06 09:37:40.861 2185 2262 E OpenGLRenderer: Unable to match the desired swap behavior.
02-06 09:37:40.874 1133 1239 E CAR.EVS.REARVIEW: Transition failed: error = -1
02-06 09:37:41.880 1133 1239 E CAR.EVS.REARVIEW: Transition failed: error = -1
02-06 09:37:42.684 526 1191 E CellBroadcastUtils: getDefaultCellBroadcastReceiverPackageName: no package found
02-06 09:37:42.804 1083 1163 E OpenGLRenderer: Unable to match the desired swap behavior.
02-06 09:37:42.884 1133 1239 E CAR.EVS.REARVIEW: Transition failed: error = -1
02-06 09:37:43.824 1389 1389 E Acudrive: binder null for service request acudrive_sense_service
02-06 09:37:43.892 1133 1239 E CAR.EVS.REARVIEW: Transition failed: error = -1
02-06 09:37:43.985 1389 1443 E OpenGLRenderer: Unable to match the desired swap behavior.
02-06 09:37:44.902 1133 1239 E CAR.EVS.REARVIEW: Transition failed: error = -1
02-06 09:37:45.873 526 2452 E TaskPersister: File error accessing recents directory (directory doesn't exist?).
02-06 09:37:45.905 1133 1239 E CAR.EVS.REARVIEW: Transition failed: error = -1
02-06 09:37:46.908 1133 1239 E CAR.EVS.REARVIEW: Transition failed: error = -1
02-06 09:37:47.911 1133 1239 E CAR.EVS.REARVIEW: Transition failed: error = -1
02-06 09:37:48.914 1133 1239 E CAR.EVS.REARVIEW: Transition failed: error = -1
02-06 09:37:49.916 1133 1239 E CAR.EVS.REARVIEW: Transition failed: error = -1
02-06 09:37:50.101 526 1061 E CellBroadcastUtils: getDefaultCellBroadcastReceiverPackageName: no package found
02-06 09:37:50.921 1133 1239 E CAR.EVS.REARVIEW: Transition failed: error = -1
02-06 09:37:51.928 1133 1239 E CAR.EVS.REARVIEW: Transition failed: error = -1
02-06 09:37:52.935 1133 1239 E CAR.EVS.REARVIEW: Transition failed: error = -1
02-06 09:37:53.211 526 1730 E CellBroadcastUtils: getDefaultCellBroadcastReceiverPackageName: no package found
02-06 09:37:53.803 1389 1443 E OpenGLRenderer: Unable to match the desired swap behavior.
02-06 09:37:53.940 1133 1239 E CAR.EVS.REARVIEW: Transition failed: error = -1
02-06 09:37:54.147 526 2452 E TaskPersister: File error accessing recents directory (directory doesn't exist?).
02-06 09:37:54.944 1133 1239 E CAR.EVS.REARVIEW: Transition failed: error = -1
02-06 09:37:55.709 526 2770 E ActivityManager: ANR in com.ust.app.mapbox
02-06 09:37:55.709 526 2770 E ActivityManager: PID: 2325
02-06 09:37:55.709 526 2770 E ActivityManager: Reason: Context.startForegroundService() did not then call Service.startForeground(): ServiceRecord{fb41b02 u0 com.ust.app.mapbox/.service.NavigationService}
02-06 09:37:55.709 526 2770 E ActivityManager: ErrorId: 30ce6509-3f6d-4ecc-b66b-32ab286d44cf
02-06 09:37:55.709 526 2770 E ActivityManager: Frozen: false
02-06 09:37:55.709 526 2770 E ActivityManager: Load: 6.72 / 3.3 / 1.29
02-06 09:37:55.709 526 2770 E ActivityManager: ----- Output from /proc/pressure/memory -----
02-06 09:37:55.709 526 2770 E ActivityManager: some avg10=0.00 avg60=0.00 avg300=0.00 total=140
02-06 09:37:55.709 526 2770 E ActivityManager: full avg10=0.00 avg60=0.00 avg300=0.00 total=119
02-06 09:37:55.709 526 2770 E ActivityManager: ----- End output from /proc/pressure/memory -----
02-06 09:37:55.709 526 2770 E ActivityManager: ----- Output from /proc/pressure/cpu -----
02-06 09:37:55.709 526 2770 E ActivityManager: some avg10=13.80 avg60=24.48 avg300=10.61 total=40266994
02-06 09:37:55.709 526 2770 E ActivityManager: full avg10=0.00 avg60=0.00 avg300=0.00 total=0
02-06 09:37:55.709 526 2770 E ActivityManager: ----- End output from /proc/pressure/cpu -----
02-06 09:37:55.709 526 2770 E ActivityManager: ----- Output from /proc/pressure/io -----
02-06 09:37:55.709 526 2770 E ActivityManager: some avg10=1.34 avg60=9.93 avg300=6.76 total=29379796
02-06 09:37:55.709 526 2770 E ActivityManager: full avg10=0.30 avg60=4.89 avg300=4.30 total=19773850
02-06 09:37:55.709 526 2770 E ActivityManager: ----- End output from /proc/pressure/io -----
02-06 09:37:55.709 526 2770 E ActivityManager:
02-06 09:37:55.709 526 2770 E ActivityManager: CPU usage from 2ms to 5098ms later (2025-02-06 09:37:50.582 to 2025-02-06 09:37:55.678):
02-06 09:37:55.709 526 2770 E ActivityManager: 44% 526/system_server: 24% user + 20% kernel / faults: 11054 minor 6 major
02-06 09:37:55.709 526 2770 E ActivityManager: 35% 1389/com.android.car.settings: 29% user + 6.3% kernel / faults: 4012 minor 7 major
02-06 09:37:55.709 526 2770 E ActivityManager: 33% 200/surfaceflinger: 20% user + 13% kernel / faults: 2205 minor
02-06 09:37:55.709 526 2770 E ActivityManager: 22% 1083/com.android.systemui: 15% user + 7.3% kernel / faults: 2728 minor
02-06 09:37:55.709 526 2770 E ActivityManager: 10% 2325/com.ust.app.mapbox: 8.3% user + 2.1% kernel / faults: 1047 minor 3 major
02-06 09:37:55.709 526 2770 E ActivityManager: 6.5% 206/android.hardware.graphics.composer@2.4-service: 3.5% user + 2.9% kernel
02-06 09:37:55.709 526 2770 E ActivityManager: 6.3% 440/adbd: 2.7% user + 3.5% kernel
02-06 09:37:55.709 526 2770 E ActivityManager: 5.5% 156/logd: 1.3% user + 4.1% kernel / faults: 14 minor
02-06 09:37:55.709 526 2770 E ActivityManager: 5.3% 1470/com.ust.sdk.acudrive:dltService: 4.3% user + 0.9% kernel / faults: 90 minor
02-06 09:37:55.709 526 2770 E ActivityManager: 0.5% 429/media.swcodec: 0.1% user + 0.3% kernel / faults: 3050 minor
02-06 09:37:55.709 526 2770 E ActivityManager: 64% TOTAL: 34% user + 25% kernel + 1.8% iowait + 1.9% irq + 0.7% softirq
02-06 09:37:55.709 526 2770 E ActivityManager: CPU usage from 242ms to 1060ms later (2025-02-06 09:37:50.823 to 2025-02-06 09:37:51.640):
02-06 09:37:55.709 526 2770 E ActivityManager: 139% 526/system_server: 86% user + 53% kernel / faults: 1819 minor 6 major
02-06 09:37:55.709 526 2770 E ActivityManager: 86% 532/Signal Catcher: 65% user + 20% kernel
02-06 09:37:55.709 526 2770 E ActivityManager: 45% 2771/AnrAuxiliaryTas: 17% user + 27% kernel
02-06 09:37:55.709 526 2770 E ActivityManager: 2.5% 1022/onProviders.ECP: 2.5% user + 0% kernel
02-06 09:37:55.709 526 2770 E ActivityManager: 20% 200/surfaceflinger: 12% user + 8.1% kernel / faults: 74 minor
02-06 09:37:55.709 526 2770 E ActivityManager: 10% 200/surfaceflinger: 6.1% user + 4% kernel
02-06 09:37:55.709 526 2770 E ActivityManager: 2% 237/binder:200_1: 0% user + 2% kernel
02-06 09:37:55.709 526 2770 E ActivityManager: 2% 240/RenderEngine: 2% user + 0% kernel
02-06 09:37:55.709 526 2770 E ActivityManager: 2% 249/app: 0% user + 2% kernel
02-06 09:37:55.709 526 2770 E ActivityManager: 2% 250/appSf: 0% user + 2% kernel
02-06 09:37:55.709 526 2770 E ActivityManager: 12% 1083/com.android.systemui: 7.6% user + 5.1% kernel / faults: 27 minor
02-06 09:37:55.709 526 2770 E ActivityManager: 7.6% 1163/RenderThread: 5.1% user + 2.5% kernel
02-06 09:37:55.709 526 2770 E ActivityManager: 2.5% 1083/ndroid.systemui: 0% user + 2.5% kernel
02-06 09:37:55.709 526 2770 E ActivityManager: 2.5% 2072/binder:1083_8: 0% user + 2.5% kernel
02-06 09:37:55.709 526 2770 E ActivityManager: 4.1% 206/android.hardware.graphics.composer@2.4-service: 2% user + 2% kernel
02-06 09:37:55.709 526 2770 E ActivityManager: 4.1% 245/HwBinder:206_2: 2% user + 2% kernel
02-06 09:37:55.709 526 2770 E ActivityManager: 1.2% 8/kworker/u8:0-pvr_misr: 0% user + 1.2% kernel
02-06 09:37:55.709 526 2770 E ActivityManager: 1.5% 53/kworker/u8:2-adb: 0% user + 1.5% kernel
02-06 09:37:55.709 526 2770 E ActivityManager: 1.8% 156/logd: 0% user + 1.8% kernel / faults: 1 minor
02-06 09:37:55.709 526 2770 E ActivityManager: 3.5% 2325/com.ust.app.mapbox: 3.5% user + 0% kernel / faults: 2 minor
02-06 09:37:55.709 526 2770 E ActivityManager: 3.5% 2446/x.navnative.imu: 3.5% user + 0% kernel
02-06 09:37:55.709 526 2770 E ActivityManager: 74% TOTAL: 46% user + 25% kernel + 0.3% iowait + 1.8% irq + 0.9% softirq
02-06 09:37:55.946 1133 1239 E CAR.EVS.REARVIEW: Transition failed: error = -1
02-06 09:37:56.950 1133 1239 E CAR.EVS.REARVIEW: Transition failed: error = -1
02-06 09:37:57.959 1133 1239 E CAR.EVS.REARVIEW: Transition failed: error = -1
02-06 09:37:58.755 2833 2833 E SensorManager: sensor or listener is null
02-06 09:37:58.755 2833 2833 E SensorManager: sensor or listener is null
02-06 09:37:58.755 2833 2833 E SensorManager: sensor or listener is null
02-06 09:37:58.755 2833 2833 E SensorManager: sensor or listener is null
02-06 09:37:58.755 2833 2833 E SensorManager: sensor or listener is null
02-06 09:37:58.825 2833 2866 E Mapbox : [nav-native]: Unable to find the latest version of routing tiles!
02-06 09:37:58.827 2833 2866 E Mapbox : [nav-native]: Async config init - Unable to determine the routing tiles version
02-06 09:37:58.962 1133 1239 E CAR.EVS.REARVIEW: Transition failed: error = -1
02-06 09:37:59.013 2833 2857 E Mapbox : [config_service]: Configuration request aborted after 2 attempts
02-06 09:37:59.965 1133 1239 E CAR.EVS.REARVIEW: Transition failed: error = -1
02-06 09:38:00.968 1133 1239 E CAR.EVS.REARVIEW: Transition failed: error = -1
02-06 09:38:01.970 1133 1239 E CAR.EVS.REARVIEW: Transition failed: error = -1
02-06 09:38:02.974 1133 1239 E CAR.EVS.REARVIEW: Transition failed: error = -1
02-06 09:38:03.952 2833 2857 E Mapbox : [config_service]: Configuration request aborted after 2 attempts
02-06 09:38:03.980 1133 1239 E CAR.EVS.REARVIEW: Transition failed: error = -1
02-06 09:38:04.067 1389 1443 E OpenGLRenderer: Unable to match the desired swap behavior.
02-06 09:38:04.198 2833 2859 E Mapbox : [events_service]: Events sending aborted after 2 attempts
02-06 09:38:04.210 2833 2859 E Mapbox : [nav-sdk]: [MapboxMetricsReporter] EventsService failure: [code: HttpError, message: Unable to resolve host "events.mapbox.com": No address associated with hostname] for events [appUserTurnstile]
02-06 09:38:04.212 2833 2859 E Mapbox : [nav-sdk]: [MapboxMetricsReporter] Failed to send Turnstile event: [code: HttpError, message: Unable to resolve host "events.mapbox.com": No address associated with hostname]
02-06 09:38:04.262 2833 2858 E Mapbox : [config_service]: Configuration request aborted after 2 attempts
02-06 09:38:04.988 1133 1239 E CAR.EVS.REARVIEW: Transition failed: error = -1
02-06 09:38:05.992 1133 1239 E CAR.EVS.REARVIEW: Transition failed: error = -1
02-06 09:38:06.994 1133 1239 E CAR.EVS.REARVIEW: Transition failed: error = -1
02-06 09:38:07.100 2833 2856 E Mapbox : [config_service]: Configuration request aborted after 2 attempts
02-06 09:38:07.997 1133 1239 E CAR.EVS.REARVIEW: Transition failed: error = -1
02-06 09:38:08.059 526 2452 E TaskPersister: File error accessing recents directory (directory doesn't exist?).
02-06 09:38:08.999 1133 1239 E CAR.EVS.REARVIEW: Transition failed: error = -1
02-06 09:38:10.002 1133 1239 E CAR.EVS.REARVIEW: Transition failed: error = -1
02-06 09:38:11.005 1133 1239 E CAR.EVS.REARVIEW: Transition failed: error = -1
02-06 09:38:12.008 1133 1239 E CAR.EVS.REARVIEW: Transition failed: error = -1
02-06 09:38:13.011 1133 1239 E CAR.EVS.REARVIEW: Transition failed: error = -1
02-06 09:38:14.013 1133 1239 E CAR.EVS.REARVIEW: Transition failed: error = -1
02-06 09:38:15.015 1133 1239 E CAR.EVS.REARVIEW: Transition failed: error = -1
02-06 09:38:16.018 1133 1239 E CAR.EVS.REARVIEW: Transition failed: error = -1
02-06 09:38:17.021 1133 1239 E CAR.EVS.REARVIEW: Transition failed: error = -1
02-06 09:38:18.023 1133 1239 E CAR.EVS.REARVIEW: Transition failed: error = -1
02-06 09:38:19.026 1133 1239 E CAR.EVS.REARVIEW: Transition failed: error = -1
02-06 09:38:20.028 1133 1239 E CAR.EVS.REARVIEW: Transition failed: error = -1
02-06 09:38:21.031 1133 1239 E CAR.EVS.REARVIEW: Transition failed: error = -1
02-06 09:38:22.034 1133 1239 E CAR.EVS.REARVIEW: Transition failed: error = -1
02-06 09:38:23.036 1133 1239 E CAR.EVS.REARVIEW: Transition failed: error = -1
02-06 09:38:24.039 1133 1239 E CAR.EVS.REARVIEW: Transition failed: error = -1
02-06 09:38:25.041 1133 1239 E CAR.EVS.REARVIEW: Transition failed: error = -1
02-06 09:38:26.043 1133 1239 E CAR.EVS.REARVIEW: Transition failed: error = -1
02-06 09:38:27.046 1133 1239 E CAR.EVS.REARVIEW: Transition failed: error = -1
02-06 09:38:27.818 526 1557 E CellBroadcastUtils: getDefaultCellBroadcastReceiverPackageName: no package found
02-06 09:38:28.048 1133 1239 E CAR.EVS.REARVIEW: Transition failed: error = -1
02-06 09:38:28.195 1389 1443 E OpenGLRenderer: Unable to match the desired swap behavior.
02-06 09:38:29.051 1133 1239 E CAR.EVS.REARVIEW: Transition failed: error = -1
02-06 09:38:30.053 1133 1239 E CAR.EVS.REARVIEW: Transition failed: error = -1
02-06 09:38:30.831 526 2452 E TaskPersister: File error accessing recents directory (directory doesn't exist?).
02-06 09:38:31.056 1133 1239 E CAR.EVS.REARVIEW: Transition failed: error = -1
02-06 09:38:32.055 188 188 E optee_keymaster_hal: Cmd 4 returned error: -26
02-06 09:38:32.059 1133 1239 E CAR.EVS.REARVIEW: Transition failed: error = -1
02-06 09:38:32.060 185 185 E keystore2: system/security/keystore2/src/error.rs:180 - system/security/keystore2/src/security_level.rs:358: Failed to begin operation.
02-06 09:38:32.060 185 185 E keystore2:
02-06 09:38:32.060 185 185 E keystore2: Caused by:
02-06 09:38:32.060 185 185 E keystore2: 0: system/security/keystore2/src/security_level.rs:868
02-06 09:38:32.060 185 185 E keystore2: 1: system/security/keystore2/src/utils.rs:200: Calling km_op.
02-06 09:38:32.060 185 185 E keystore2: 2: Error::Km(r#KEY_USER_NOT_AUTHENTICATED)
02-06 09:38:32.074 526 1557 E SyntheticPasswordCrypto: Failed to decrypt blob
02-06 09:38:32.074 526 1557 E SyntheticPasswordCrypto: android.security.keystore.UserNotAuthenticatedException: User not authenticated
02-06 09:38:32.074 526 1557 E SyntheticPasswordCrypto: at android.security.keystore2.KeyStoreCryptoOperationUtils.getInvalidKeyException(KeyStoreCryptoOperationUtils.java:126)
02-06 09:38:32.074 526 1557 E SyntheticPasswordCrypto: at android.security.keystore2.KeyStoreCryptoOperationUtils.getExceptionForCipherInit(KeyStoreCryptoOperationUtils.java:152)
02-06 09:38:32.074 526 1557 E SyntheticPasswordCrypto: at android.security.keystore2.AndroidKeyStoreCipherSpiBase.ensureKeystoreOperationInitialized(AndroidKeyStoreCipherSpiBase.java:354)
02-06 09:38:32.074 526 1557 E SyntheticPasswordCrypto: at android.security.keystore2.AndroidKeyStoreCipherSpiBase.engineInit(AndroidKeyStoreCipherSpiBase.java:248)
02-06 09:38:32.074 526 1557 E SyntheticPasswordCrypto: at javax.crypto.Cipher.tryTransformWithProvider(Cipher.java:2981)
02-06 09:38:32.074 526 1557 E SyntheticPasswordCrypto: at javax.crypto.Cipher.tryCombinations(Cipher.java:2892)
02-06 09:38:32.074 526 1557 E SyntheticPasswordCrypto: at javax.crypto.Cipher$SpiAndProviderUpdater.updateAndGetSpiAndProvider(Cipher.java:2797)
02-06 09:38:32.074 526 1557 E SyntheticPasswordCrypto: at javax.crypto.Cipher.chooseProvider(Cipher.java:774)
02-06 09:38:32.074 526 1557 E SyntheticPasswordCrypto: at javax.crypto.Cipher.init(Cipher.java:1289)
02-06 09:38:32.074 526 1557 E SyntheticPasswordCrypto: at javax.crypto.Cipher.init(Cipher.java:1224)
02-06 09:38:32.074 526 1557 E SyntheticPasswordCrypto: at com.android.server.locksettings.SyntheticPasswordCrypto.decrypt(SyntheticPasswordCrypto.java:73)
02-06 09:38:32.074 526 1557 E SyntheticPasswordCrypto: at com.android.server.locksettings.SyntheticPasswordCrypto.decryptBlob(SyntheticPasswordCrypto.java:178)
02-06 09:38:32.074 526 1557 E SyntheticPasswordCrypto: at com.android.server.locksettings.SyntheticPasswordManager.decryptSpBlob(SyntheticPasswordManager.java:1824)
02-06 09:38:32.074 526 1557 E SyntheticPasswordCrypto: at com.android.server.locksettings.SyntheticPasswordManager.unwrapSyntheticPasswordBlob(SyntheticPasswordManager.java:1572)
02-06 09:38:32.074 526 1557 E SyntheticPasswordCrypto: at com.android.server.locksettings.SyntheticPasswordManager.unlockLskfBasedProtector(SyntheticPasswordManager.java:1430)
02-06 09:38:32.074 526 1557 E SyntheticPasswordCrypto: at com.android.server.locksettings.LockSettingsService.doVerifyCredential(LockSettingsService.java:2197)
02-06 09:38:32.074 526 1557 E SyntheticPasswordCrypto: at com.android.server.locksettings.LockSettingsService.checkCredential(LockSettingsService.java:2104)
02-06 09:38:32.074 526 1557 E SyntheticPasswordCrypto: at com.android.internal.widget.ILockSettings$Stub.onTransact(ILockSettings.java:618)
02-06 09:38:32.074 526 1557 E SyntheticPasswordCrypto: at android.os.Binder.execTransactInternal(Binder.java:1363)
02-06 09:38:32.074 526 1557 E SyntheticPasswordCrypto: at android.os.Binder.execTransact(Binder.java:1304)
02-06 09:38:32.080 1389 2891 E AndroidRuntime: FATAL EXCEPTION: AsyncTask #1
02-06 09:38:32.080 1389 2891 E AndroidRuntime: Process: com.android.car.settings, PID: 1389
02-06 09:38:32.080 1389 2891 E AndroidRuntime: java.lang.RuntimeException: An error occurred while executing doInBackground()
02-06 09:38:32.080 1389 2891 E AndroidRuntime: at android.os.AsyncTask$4.done(AsyncTask.java:415)
02-06 09:38:32.080 1389 2891 E AndroidRuntime: at java.util.concurrent.FutureTask.finishCompletion(FutureTask.java:381)
02-06 09:38:32.080 1389 2891 E AndroidRuntime: at java.util.concurrent.FutureTask.setException(FutureTask.java:250)
02-06 09:38:32.080 1389 2891 E AndroidRuntime: at java.util.concurrent.FutureTask.run(FutureTask.java:269)
02-06 09:38:32.080 1389 2891 E AndroidRuntime: at android.os.AsyncTask$SerialExecutor$1.run(AsyncTask.java:305)
02-06 09:38:32.080 1389 2891 E AndroidRuntime: at java.util.concurrent.ThreadPoolExecutor.runWorker(ThreadPoolExecutor.java:1145)
02-06 09:38:32.080 1389 2891 E AndroidRuntime: at java.util.concurrent.ThreadPoolExecutor$Worker.run(ThreadPoolExecutor.java:644)
02-06 09:38:32.080 1389 2891 E AndroidRuntime: at java.lang.Thread.run(Thread.java:1012)
02-06 09:38:32.080 1389 2891 E AndroidRuntime: Caused by: java.lang.IllegalStateException: Failed to decrypt blob
02-06 09:38:32.080 1389 2891 E AndroidRuntime: at android.os.Parcel.createExceptionOrNull(Parcel.java:3065)
02-06 09:38:32.080 1389 2891 E AndroidRuntime: at android.os.Parcel.createException(Parcel.java:3041)
02-06 09:38:32.080 1389 2891 E AndroidRuntime: at android.os.Parcel.readException(Parcel.java:3024)
02-06 09:38:32.080 1389 2891 E AndroidRuntime: at android.os.Parcel.readException(Parcel.java:2966)
02-06 09:38:32.080 1389 2891 E AndroidRuntime: at com.android.internal.widget.ILockSettings$Stub$Proxy.checkCredential(ILockSettings.java:1299)
02-06 09:38:32.080 1389 2891 E AndroidRuntime: at com.android.internal.widget.LockPatternUtils.checkCredential(LockPatternUtils.java:518)
02-06 09:38:32.080 1389 2891 E AndroidRuntime: at com.android.internal.widget.LockPatternChecker$2.doInBackground(LockPatternChecker.java:110)
02-06 09:38:32.080 1389 2891 E AndroidRuntime: at com.android.internal.widget.LockPatternChecker$2.doInBackground(LockPatternChecker.java:104)
02-06 09:38:32.080 1389 2891 E AndroidRuntime: at android.os.AsyncTask$3.call(AsyncTask.java:394)
02-06 09:38:32.080 1389 2891 E AndroidRuntime: at java.util.concurrent.FutureTask.run(FutureTask.java:264)
02-06 09:38:32.080 1389 2891 E AndroidRuntime: ... 4 more
02-06 09:38:32.080 1389 2891 E AndroidRuntime: Caused by: android.os.RemoteException: Remote stack trace:
02-06 09:38:32.080 1389 2891 E AndroidRuntime: at com.android.server.locksettings.SyntheticPasswordCrypto.decryptBlob(SyntheticPasswordCrypto.java:186)
02-06 09:38:32.080 1389 2891 E AndroidRuntime: at com.android.server.locksettings.SyntheticPasswordManager.decryptSpBlob(SyntheticPasswordManager.java:1824)
02-06 09:38:32.080 1389 2891 E AndroidRuntime: at com.android.server.locksettings.SyntheticPasswordManager.unwrapSyntheticPasswordBlob(SyntheticPasswordManager.java:1572)
02-06 09:38:32.080 1389 2891 E AndroidRuntime: at com.android.server.locksettings.SyntheticPasswordManager.unlockLskfBasedProtector(SyntheticPasswordManager.java:1430)
02-06 09:38:32.080 1389 2891 E AndroidRuntime: at com.android.server.locksettings.LockSettingsService.doVerifyCredential(LockSettingsService.java:2197)
02-06 09:38:32.080 1389 2891 E AndroidRuntime:
02-06 09:38:32.393 2920 2920 E id.car.settings: Not starting debugger since process cannot load the jdwp agent.
02-06 09:38:32.561 1083 1163 E OpenGLRenderer: Unable to match the desired swap behavior.
02-06 09:38:32.679 200 200 E BpTransactionCompletedListener: Failed to transact (-32)
02-06 09:38:33.062 1133 1239 E CAR.EVS.REARVIEW: Transition failed: error = -1
02-06 09:38:33.128 2920 2920 E Acudrive: binder null for service request acudrive_sense_service
02-06 09:38:33.231 2920 2938 E ion : open /dev/ion failed: No such file or directory
02-06 09:38:33.276 2920 2938 E OpenGLRenderer: Unable to match the desired swap behavior.
02-06 09:38:34.065 1133 1239 E CAR.EVS.REARVIEW: Transition failed: error = -1
02-06 09:38:35.067 1133 1239 E CAR.EVS.REARVIEW: Transition failed: error = -1
02-06 09:38:36.069 1133 1239 E CAR.EVS.REARVIEW: Transition failed: error = -1
02-06 09:38:36.466 526 2452 E TaskPersister: File error accessing recents directory (directory doesn't exist?).
02-06 09:38:37.072 1133 1239 E CAR.EVS.REARVIEW: Transition failed: error = -1
02-06 09:38:38.075 1133 1239 E CAR.EVS.REARVIEW: Transition failed: error = -1
02-06 09:38:39.078 1133 1239 E CAR.EVS.REARVIEW: Transition failed: error = -1
02-06 09:38:40.081 1133 1239 E CAR.EVS.REARVIEW: Transition failed: error = -1
02-06 09:38:41.083 1133 1239 E CAR.EVS.REARVIEW: Transition failed: error = -1
02-06 09:38:42.086 1133 1239 E CAR.EVS.REARVIEW: Transition failed: error = -1
02-06 09:38:43.089 1133 1239 E CAR.EVS.REARVIEW: Transition failed: error = -1
02-06 09:38:44.092 1133 1239 E CAR.EVS.REARVIEW: Transition failed: error = -1
02-06 09:38:45.094 1133 1239 E CAR.EVS.REARVIEW: Transition failed: error = -1
02-06 09:38:46.096 1133 1239 E CAR.EVS.REARVIEW: Transition failed: error = -1
02-06 09:38:47.099 1133 1239 E CAR.EVS.REARVIEW: Transition failed: error = -1
02-06 09:38:48.102 1133 1239 E CAR.EVS.REARVIEW: Transition failed: error = -1
02-06 09:38:48.359 526 1245 E CellBroadcastUtils: getDefaultCellBroadcastReceiverPackageName: no package found
02-06 09:38:48.809 2920 2938 E OpenGLRenderer: Unable to match the desired swap behavior.
02-06 09:38:49.106 1133 1239 E CAR.EVS.REARVIEW: Transition failed: error = -1
02-06 09:38:50.109 1133 1239 E CAR.EVS.REARVIEW: Transition failed: error = -1
02-06 09:38:51.112 1133 1239 E CAR.EVS.REARVIEW: Transition failed: error = -1
02-06 09:38:51.376 526 2452 E TaskPersister: File error accessing recents directory (directory doesn't exist?).
02-06 09:38:52.114 1133 1239 E CAR.EVS.REARVIEW: Transition failed: error = -1
02-06 09:38:52.580 188 188 E optee_keymaster_hal: Cmd 4 returned error: -26
02-06 09:38:52.580 185 185 E keystore2: system/security/keystore2/src/error.rs:180 - system/security/keystore2/src/security_level.rs:358: Failed to begin operation.
02-06 09:38:52.580 185 185 E keystore2:
02-06 09:38:52.580 185 185 E keystore2: Caused by:
02-06 09:38:52.580 185 185 E keystore2: 0: system/security/keystore2/src/security_level.rs:868
02-06 09:38:52.580 185 185 E keystore2: 1: system/security/keystore2/src/utils.rs:200: Calling km_op.
02-06 09:38:52.580 185 185 E keystore2: 2: Error::Km(r#KEY_USER_NOT_AUTHENTICATED)
02-06 09:38:52.583 526 1820 E SyntheticPasswordCrypto: Failed to decrypt blob
02-06 09:38:52.583 526 1820 E SyntheticPasswordCrypto: android.security.keystore.UserNotAuthenticatedException: User not authenticated
02-06 09:38:52.583 526 1820 E SyntheticPasswordCrypto: at android.security.keystore2.KeyStoreCryptoOperationUtils.getInvalidKeyException(KeyStoreCryptoOperationUtils.java:126)
02-06 09:38:52.583 526 1820 E SyntheticPasswordCrypto: at android.security.keystore2.KeyStoreCryptoOperationUtils.getExceptionForCipherInit(KeyStoreCryptoOperationUtils.java:152)
02-06 09:38:52.583 526 1820 E SyntheticPasswordCrypto: at android.security.keystore2.AndroidKeyStoreCipherSpiBase.ensureKeystoreOperationInitialized(AndroidKeyStoreCipherSpiBase.java:354)
02-06 09:38:52.583 526 1820 E SyntheticPasswordCrypto: at android.security.keystore2.AndroidKeyStoreCipherSpiBase.engineInit(AndroidKeyStoreCipherSpiBase.java:248)
02-06 09:38:52.583 526 1820 E SyntheticPasswordCrypto: at javax.crypto.Cipher.tryTransformWithProvider(Cipher.java:2981)
02-06 09:38:52.583 526 1820 E SyntheticPasswordCrypto: at javax.crypto.Cipher.tryCombinations(Cipher.java:2892)
02-06 09:38:52.583 526 1820 E SyntheticPasswordCrypto: at javax.crypto.Cipher$SpiAndProviderUpdater.updateAndGetSpiAndProvider(Cipher.java:2797)
02-06 09:38:52.583 526 1820 E SyntheticPasswordCrypto: at javax.crypto.Cipher.chooseProvider(Cipher.java:774)
02-06 09:38:52.583 526 1820 E SyntheticPasswordCrypto: at javax.crypto.Cipher.init(Cipher.java:1289)
02-06 09:38:52.583 526 1820 E SyntheticPasswordCrypto: at javax.crypto.Cipher.init(Cipher.java:1224)
02-06 09:38:52.583 526 1820 E SyntheticPasswordCrypto: at com.android.server.locksettings.SyntheticPasswordCrypto.decrypt(SyntheticPasswordCrypto.java:73)
02-06 09:38:52.583 526 1820 E SyntheticPasswordCrypto: at com.android.server.locksettings.SyntheticPasswordCrypto.decryptBlob(SyntheticPasswordCrypto.java:178)
02-06 09:38:52.583 526 1820 E SyntheticPasswordCrypto: at com.android.server.locksettings.SyntheticPasswordManager.decryptSpBlob(SyntheticPasswordManager.java:1824)
02-06 09:38:52.583 526 1820 E SyntheticPasswordCrypto: at com.android.server.locksettings.SyntheticPasswordManager.unwrapSyntheticPasswordBlob(SyntheticPasswordManager.java:1572)
02-06 09:38:52.583 526 1820 E SyntheticPasswordCrypto: at com.android.server.locksettings.SyntheticPasswordManager.unlockLskfBasedProtector(SyntheticPasswordManager.java:1430)
02-06 09:38:52.583 526 1820 E SyntheticPasswordCrypto: at com.android.server.locksettings.LockSettingsService.doVerifyCredential(LockSettingsService.java:2197)
02-06 09:38:52.583 526 1820 E SyntheticPasswordCrypto: at com.android.server.locksettings.LockSettingsService.checkCredential(LockSettingsService.java:2104)
02-06 09:38:52.583 526 1820 E SyntheticPasswordCrypto: at com.android.internal.widget.ILockSettings$Stub.onTransact(ILockSettings.java:618)
02-06 09:38:52.583 526 1820 E SyntheticPasswordCrypto: at android.os.Binder.execTransactInternal(Binder.java:1358)
02-06 09:38:52.583 526 1820 E SyntheticPasswordCrypto: at android.os.Binder.execTransact(Binder.java:1304)
02-06 09:38:52.593 2920 2959 E AndroidRuntime: FATAL EXCEPTION: AsyncTask #1
02-06 09:38:52.593 2920 2959 E AndroidRuntime: Process: com.android.car.settings, PID: 2920
02-06 09:38:52.593 2920 2959 E AndroidRuntime: java.lang.RuntimeException: An error occurred while executing doInBackground()
02-06 09:38:52.593 2920 2959 E AndroidRuntime: at android.os.AsyncTask$4.done(AsyncTask.java:415)
02-06 09:38:52.593 2920 2959 E AndroidRuntime: at java.util.concurrent.FutureTask.finishCompletion(FutureTask.java:381)
02-06 09:38:52.593 2920 2959 E AndroidRuntime: at java.util.concurrent.FutureTask.setException(FutureTask.java:250)
02-06 09:38:52.593 2920 2959 E AndroidRuntime: at java.util.concurrent.FutureTask.run(FutureTask.java:269)
02-06 09:38:52.593 2920 2959 E AndroidRuntime: at android.os.AsyncTask$SerialExecutor$1.run(AsyncTask.java:305)
02-06 09:38:52.593 2920 2959 E AndroidRuntime: at java.util.concurrent.ThreadPoolExecutor.runWorker(ThreadPoolExecutor.java:1145)
02-06 09:38:52.593 2920 2959 E AndroidRuntime: at java.util.concurrent.ThreadPoolExecutor$Worker.run(ThreadPoolExecutor.java:644)
02-06 09:38:52.593 2920 2959 E AndroidRuntime: at java.lang.Thread.run(Thread.java:1012)
02-06 09:38:52.593 2920 2959 E AndroidRuntime: Caused by: java.lang.IllegalStateException: Failed to decrypt blob
02-06 09:38:52.593 2920 2959 E AndroidRuntime: at android.os.Parcel.createExceptionOrNull(Parcel.java:3065)
02-06 09:38:52.593 2920 2959 E AndroidRuntime: at android.os.Parcel.createException(Parcel.java:3041)
02-06 09:38:52.593 2920 2959 E AndroidRuntime: at android.os.Parcel.readException(Parcel.java:3024)
02-06 09:38:52.593 2920 2959 E AndroidRuntime: at android.os.Parcel.readException(Parcel.java:2966)
02-06 09:38:52.593 2920 2959 E AndroidRuntime: at com.android.internal.widget.ILockSettings$Stub$Proxy.checkCredential(ILockSettings.java:1299)
02-06 09:38:52.593 2920 2959 E AndroidRuntime: at com.android.internal.widget.LockPatternUtils.checkCredential(LockPatternUtils.java:518)
02-06 09:38:52.593 2920 2959 E AndroidRuntime: at com.android.internal.widget.LockPatternChecker$2.doInBackground(LockPatternChecker.java:110)
02-06 09:38:52.593 2920 2959 E AndroidRuntime: at com.android.internal.widget.LockPatternChecker$2.doInBackground(LockPatternChecker.java:104)
02-06 09:38:52.593 2920 2959 E AndroidRuntime: at android.os.AsyncTask$3.call(AsyncTask.java:394)
02-06 09:38:52.593 2920 2959 E AndroidRuntime: at java.util.concurrent.FutureTask.run(FutureTask.java:264)
02-06 09:38:52.593 2920 2959 E AndroidRuntime: ... 4 more
02-06 09:38:52.593 2920 2959 E AndroidRuntime: Caused by: android.os.RemoteException: Remote stack trace:
02-06 09:38:52.593 2920 2959 E AndroidRuntime: at com.android.server.locksettings.SyntheticPasswordCrypto.decryptBlob(SyntheticPasswordCrypto.java:186)
02-06 09:38:52.593 2920 2959 E AndroidRuntime: at com.android.server.locksettings.SyntheticPasswordManager.decryptSpBlob(SyntheticPasswordManager.java:1824)
02-06 09:38:52.593 2920 2959 E AndroidRuntime: at com.android.server.locksettings.SyntheticPasswordManager.unwrapSyntheticPasswordBlob(SyntheticPasswordManager.java:1572)
02-06 09:38:52.593 2920 2959 E AndroidRuntime: at com.android.server.locksettings.SyntheticPasswordManager.unlockLskfBasedProtector(SyntheticPasswordManager.java:1430)
02-06 09:38:52.593 2920 2959 E AndroidRuntime: at com.android.server.locksettings.LockSettingsService.doVerifyCredential(LockSettingsService.java:2197)
02-06 09:38:52.593 2920 2959 E AndroidRuntime:
02-06 09:38:52.899 2966 2966 E id.car.settings: Not starting debugger since process cannot load the jdwp agent.
02-06 09:38:53.083 1083 1163 E OpenGLRenderer: Unable to match the desired swap behavior.
02-06 09:38:53.133 1133 1239 E CAR.EVS.REARVIEW: Transition failed: error = -1
02-06 09:38:53.200 200 200 E BpTransactionCompletedListener: Failed to transact (-32)
02-06 09:38:53.557 2966 2966 E Acudrive: binder null for service request acudrive_sense_service
02-06 09:38:53.647 2966 2984 E ion : open /dev/ion failed: No such file or directory
02-06 09:38:53.686 2966 2984 E OpenGLRenderer: Unable to match the desired swap behavior.
02-06 09:38:54.141 1133 1239 E CAR.EVS.REARVIEW: Transition failed: error = -1
02-06 09:38:55.144 1133 1239 E CAR.EVS.REARVIEW: Transition failed: error = -1
02-06 09:38:56.146 1133 1239 E CAR.EVS.REARVIEW: Transition failed: error = -1
02-06 09:38:56.197 526 2452 E TaskPersister: File error accessing recents directory (directory doesn't exist?).
02-06 09:38:57.149 1133 1239 E CAR.EVS.REARVIEW: Transition failed: error = -1
02-06 09:38:57.840 526 1177 E CellBroadcastUtils: getDefaultCellBroadcastReceiverPackageName: no package found
02-06 09:38:58.153 1133 1239 E CAR.EVS.REARVIEW: Transition failed: error = -1
02-06 09:38:58.293 2966 2984 E OpenGLRenderer: Unable to match the desired swap behavior.
02-06 09:38:59.156 1133 1239 E CAR.EVS.REARVIEW: Transition failed: error = -1
02-06 09:39:00.158 1133 1239 E CAR.EVS.REARVIEW: Transition failed: error = -1
02-06 09:39:01.059 526 2452 E TaskPersister: File error accessing recents directory (directory doesn't exist?).
02-06 09:39:01.161 1133 1239 E CAR.EVS.REARVIEW: Transition failed: error = -1
02-06 09:39:02.164 1133 1239 E CAR.EVS.REARVIEW: Transition failed: error = -1
02-06 09:39:02.683 188 188 E optee_keymaster_hal: Cmd 4 returned error: -26
02-06 09:39:02.685 185 220 E keystore2: system/security/keystore2/src/error.rs:180 - system/security/keystore2/src/security_level.rs:358: Failed to begin operation.
02-06 09:39:02.685 185 220 E keystore2:
02-06 09:39:02.685 185 220 E keystore2: Caused by:
02-06 09:39:02.685 185 220 E keystore2: 0: system/security/keystore2/src/security_level.rs:868
02-06 09:39:02.685 185 220 E keystore2: 1: system/security/keystore2/src/utils.rs:200: Calling km_op.
02-06 09:39:02.685 185 220 E keystore2: 2: Error::Km(r#KEY_USER_NOT_AUTHENTICATED)
02-06 09:39:02.695 526 1820 E SyntheticPasswordCrypto: Failed to decrypt blob
02-06 09:39:02.695 526 1820 E SyntheticPasswordCrypto: android.security.keystore.UserNotAuthenticatedException: User not authenticated
02-06 09:39:02.695 526 1820 E SyntheticPasswordCrypto: at android.security.keystore2.KeyStoreCryptoOperationUtils.getInvalidKeyException(KeyStoreCryptoOperationUtils.java:126)
02-06 09:39:02.695 526 1820 E SyntheticPasswordCrypto: at android.security.keystore2.KeyStoreCryptoOperationUtils.getExceptionForCipherInit(KeyStoreCryptoOperationUtils.java:152)
02-06 09:39:02.695 526 1820 E SyntheticPasswordCrypto: at android.security.keystore2.AndroidKeyStoreCipherSpiBase.ensureKeystoreOperationInitialized(AndroidKeyStoreCipherSpiBase.java:354)
02-06 09:39:02.695 526 1820 E SyntheticPasswordCrypto: at android.security.keystore2.AndroidKeyStoreCipherSpiBase.engineInit(AndroidKeyStoreCipherSpiBase.java:248)
02-06 09:39:02.695 526 1820 E SyntheticPasswordCrypto: at javax.crypto.Cipher.tryTransformWithProvider(Cipher.java:2981)
02-06 09:39:02.695 526 1820 E SyntheticPasswordCrypto: at javax.crypto.Cipher.tryCombinations(Cipher.java:2892)
02-06 09:39:02.695 526 1820 E SyntheticPasswordCrypto: at javax.crypto.Cipher$SpiAndProviderUpdater.updateAndGetSpiAndProvider(Cipher.java:2797)
02-06 09:39:02.695 526 1820 E SyntheticPasswordCrypto: at javax.crypto.Cipher.chooseProvider(Cipher.java:774)
02-06 09:39:02.695 526 1820 E SyntheticPasswordCrypto: at javax.crypto.Cipher.init(Cipher.java:1289)
02-06 09:39:02.695 526 1820 E SyntheticPasswordCrypto: at javax.crypto.Cipher.init(Cipher.java:1224)
02-06 09:39:02.695 526 1820 E SyntheticPasswordCrypto: at com.android.server.locksettings.SyntheticPasswordCrypto.decrypt(SyntheticPasswordCrypto.java:73)
02-06 09:39:02.695 526 1820 E SyntheticPasswordCrypto: at com.android.server.locksettings.SyntheticPasswordCrypto.decryptBlob(SyntheticPasswordCrypto.java:178)
02-06 09:39:02.695 526 1820 E SyntheticPasswordCrypto: at com.android.server.locksettings.SyntheticPasswordManager.decryptSpBlob(SyntheticPasswordManager.java:1824)
02-06 09:39:02.695 526 1820 E SyntheticPasswordCrypto: at com.android.server.locksettings.SyntheticPasswordManager.unwrapSyntheticPasswordBlob(SyntheticPasswordManager.java:1572)
02-06 09:39:02.695 526 1820 E SyntheticPasswordCrypto: at com.android.server.locksettings.SyntheticPasswordManager.unlockLskfBasedProtector(SyntheticPasswordManager.java:1430)
02-06 09:39:02.695 526 1820 E SyntheticPasswordCrypto: at com.android.server.locksettings.LockSettingsService.doVerifyCredential(LockSettingsService.java:2197)
02-06 09:39:02.695 526 1820 E SyntheticPasswordCrypto: at com.android.server.locksettings.LockSettingsService.checkCredential(LockSettingsService.java:2104)
02-06 09:39:02.695 526 1820 E SyntheticPasswordCrypto: at com.android.internal.widget.ILockSettings$Stub.onTransact(ILockSettings.java:618)
02-06 09:39:02.695 526 1820 E SyntheticPasswordCrypto: at android.os.Binder.execTransactInternal(Binder.java:1358)
02-06 09:39:02.695 526 1820 E SyntheticPasswordCrypto: at android.os.Binder.execTransact(Binder.java:1304)
02-06 09:39:02.699 2966 3004 E AndroidRuntime: FATAL EXCEPTION: AsyncTask #1
02-06 09:39:02.699 2966 3004 E AndroidRuntime: Process: com.android.car.settings, PID: 2966
02-06 09:39:02.699 2966 3004 E AndroidRuntime: java.lang.RuntimeException: An error occurred while executing doInBackground()
02-06 09:39:02.699 2966 3004 E AndroidRuntime: at android.os.AsyncTask$4.done(AsyncTask.java:415)
02-06 09:39:02.699 2966 3004 E AndroidRuntime: at java.util.concurrent.FutureTask.finishCompletion(FutureTask.java:381)
02-06 09:39:02.699 2966 3004 E AndroidRuntime: at java.util.concurrent.FutureTask.setException(FutureTask.java:250)
02-06 09:39:02.699 2966 3004 E AndroidRuntime: at java.util.concurrent.FutureTask.run(FutureTask.java:269)
02-06 09:39:02.699 2966 3004 E AndroidRuntime: at android.os.AsyncTask$SerialExecutor$1.run(AsyncTask.java:305)
02-06 09:39:02.699 2966 3004 E AndroidRuntime: at java.util.concurrent.ThreadPoolExecutor.runWorker(ThreadPoolExecutor.java:1145)
02-06 09:39:02.699 2966 3004 E AndroidRuntime: at java.util.concurrent.ThreadPoolExecutor$Worker.run(ThreadPoolExecutor.java:644)
02-06 09:39:02.699 2966 3004 E AndroidRuntime: at java.lang.Thread.run(Thread.java:1012)
02-06 09:39:02.699 2966 3004 E AndroidRuntime: Caused by: java.lang.IllegalStateException: Failed to decrypt blob
02-06 09:39:02.699 2966 3004 E AndroidRuntime: at android.os.Parcel.createExceptionOrNull(Parcel.java:3065)
02-06 09:39:02.699 2966 3004 E AndroidRuntime: at android.os.Parcel.createException(Parcel.java:3041)
02-06 09:39:02.699 2966 3004 E AndroidRuntime: at android.os.Parcel.readException(Parcel.java:3024)
02-06 09:39:02.699 2966 3004 E AndroidRuntime: at android.os.Parcel.readException(Parcel.java:2966)
02-06 09:39:02.699 2966 3004 E AndroidRuntime: at com.android.internal.widget.ILockSettings$Stub$Proxy.checkCredential(ILockSettings.java:1299)
02-06 09:39:02.699 2966 3004 E AndroidRuntime: at com.android.internal.widget.LockPatternUtils.checkCredential(LockPatternUtils.java:518)
02-06 09:39:02.699 2966 3004 E AndroidRuntime: at com.android.internal.widget.LockPatternChecker$2.doInBackground(LockPatternChecker.java:110)
02-06 09:39:02.699 2966 3004 E AndroidRuntime: at com.android.internal.widget.LockPatternChecker$2.doInBackground(LockPatternChecker.java:104)
02-06 09:39:02.699 2966 3004 E AndroidRuntime: at android.os.AsyncTask$3.call(AsyncTask.java:394)
02-06 09:39:02.699 2966 3004 E AndroidRuntime: at java.util.concurrent.FutureTask.run(FutureTask.java:264)
02-06 09:39:02.699 2966 3004 E AndroidRuntime: ... 4 more
02-06 09:39:02.699 2966 3004 E AndroidRuntime: Caused by: android.os.RemoteException: Remote stack trace:
02-06 09:39:02.699 2966 3004 E AndroidRuntime: at com.android.server.locksettings.SyntheticPasswordCrypto.decryptBlob(SyntheticPasswordCrypto.java:186)
02-06 09:39:02.699 2966 3004 E AndroidRuntime: at com.android.server.locksettings.SyntheticPasswordManager.decryptSpBlob(SyntheticPasswordManager.java:1824)
02-06 09:39:02.699 2966 3004 E AndroidRuntime: at com.android.server.locksettings.SyntheticPasswordManager.unwrapSyntheticPasswordBlob(SyntheticPasswordManager.java:1572)
02-06 09:39:02.699 2966 3004 E AndroidRuntime: at com.android.server.locksettings.SyntheticPasswordManager.unlockLskfBasedProtector(SyntheticPasswordManager.java:1430)
02-06 09:39:02.699 2966 3004 E AndroidRuntime: at com.android.server.locksettings.LockSettingsService.doVerifyCredential(LockSettingsService.java:2197)
02-06 09:39:02.699 2966 3004 E AndroidRuntime:
02-06 09:39:02.977 3010 3010 E id.car.settings: Not starting debugger since process cannot load the jdwp agent.
02-06 09:39:03.148 1083 1163 E OpenGLRenderer: Unable to match the desired swap behavior.
02-06 09:39:03.167 1133 1239 E CAR.EVS.REARVIEW: Transition failed: error = -1
02-06 09:39:03.268 200 200 E BpTransactionCompletedListener: Failed to transact (-32)
02-06 09:39:03.600 3010 3010 E Acudrive: binder null for service request acudrive_sense_service
02-06 09:39:03.699 3010 3028 E ion : open /dev/ion failed: No such file or directory
02-06 09:39:03.744 3010 3028 E OpenGLRenderer: Unable to match the desired swap behavior.
02-06 09:39:04.171 1133 1239 E CAR.EVS.REARVIEW: Transition failed: error = -1
02-06 09:39:05.173 1133 1239 E CAR.EVS.REARVIEW: Transition failed: error = -1
02-06 09:39:06.175 1133 1239 E CAR.EVS.REARVIEW: Transition failed: error = -1
02-06 09:39:06.273 526 2452 E TaskPersister: File error accessing recents directory (directory doesn't exist?).
02-06 09:39:07.178 1133 1239 E CAR.EVS.REARVIEW: Transition failed: error = -1
02-06 09:39:08.182 1133 1239 E CAR.EVS.REARVIEW: Transition failed: error = -1
02-06 09:39:09.188 1133 1239 E CAR.EVS.REARVIEW: Transition failed: error = -1
02-06 09:39:10.191 1133 1239 E CAR.EVS.REARVIEW: Transition failed: error = -1
02-06 09:39:11.194 1133 1239 E CAR.EVS.REARVIEW: Transition failed: error = -1
02-06 09:39:12.197 1133 1239 E CAR.EVS.REARVIEW: Transition failed: error = -1
02-06 09:39:13.200 1133 1239 E CAR.EVS.REARVIEW: Transition failed: error = -1
02-06 09:39:14.202 1133 1239 E CAR.EVS.REARVIEW: Transition failed: error = -1
02-06 09:39:15.206 1133 1239 E CAR.EVS.REARVIEW: Transition failed: error = -1
02-06 09:39:16.210 1133 1239 E CAR.EVS.REARVIEW: Transition failed: error = -1
02-06 09:39:17.211 1133 1239 E CAR.EVS.REARVIEW: Transition failed: error = -1
02-06 09:39:17.578 526 1184 E CellBroadcastUtils: getDefaultCellBroadcastReceiverPackageName: no package found
02-06 09:39:17.813 3010 3028 E OpenGLRenderer: Unable to match the desired swap behavior.
02-06 09:39:17.925 3010 3028 E OpenGLRenderer: Unable to match the desired swap behavior.
02-06 09:39:18.214 1133 1239 E CAR.EVS.REARVIEW: Transition failed: error = -1
02-06 09:39:19.218 1133 1239 E CAR.EVS.REARVIEW: Transition failed: error = -1
02-06 09:39:19.514 526 1245 E CellBroadcastUtils: getDefaultCellBroadcastReceiverPackageName: no package found
02-06 09:39:19.965 3010 3028 E OpenGLRenderer: Unable to match the desired swap behavior.
02-06 09:39:20.220 1133 1239 E CAR.EVS.REARVIEW: Transition failed: error = -1
02-06 09:39:21.098 526 2452 E TaskPersister: File error accessing recents directory (directory doesn't exist?).
02-06 09:39:21.223 1133 1239 E CAR.EVS.REARVIEW: Transition failed: error = -1
02-06 09:39:22.229 1133 1239 E CAR.EVS.REARVIEW: Transition failed: error = -1
02-06 09:39:23.169 188 188 E optee_keymaster_hal: Cmd 4 returned error: -26
02-06 09:39:23.170 185 185 E keystore2: system/security/keystore2/src/error.rs:180 - system/security/keystore2/src/security_level.rs:358: Failed to begin operation.
02-06 09:39:23.170 185 185 E keystore2:
02-06 09:39:23.170 185 185 E keystore2: Caused by:
02-06 09:39:23.170 185 185 E keystore2: 0: system/security/keystore2/src/security_level.rs:868
02-06 09:39:23.170 185 185 E keystore2: 1: system/security/keystore2/src/utils.rs:200: Calling km_op.
02-06 09:39:23.170 185 185 E keystore2: 2: Error::Km(r#KEY_USER_NOT_AUTHENTICATED)
02-06 09:39:23.172 526 2917 E SyntheticPasswordCrypto: Failed to decrypt blob
02-06 09:39:23.172 526 2917 E SyntheticPasswordCrypto: android.security.keystore.UserNotAuthenticatedException: User not authenticated
02-06 09:39:23.172 526 2917 E SyntheticPasswordCrypto: at android.security.keystore2.KeyStoreCryptoOperationUtils.getInvalidKeyException(KeyStoreCryptoOperationUtils.java:126)
02-06 09:39:23.172 526 2917 E SyntheticPasswordCrypto: at android.security.keystore2.KeyStoreCryptoOperationUtils.getExceptionForCipherInit(KeyStoreCryptoOperationUtils.java:152)
02-06 09:39:23.172 526 2917 E SyntheticPasswordCrypto: at android.security.keystore2.AndroidKeyStoreCipherSpiBase.ensureKeystoreOperationInitialized(AndroidKeyStoreCipherSpiBase.java:354)
02-06 09:39:23.172 526 2917 E SyntheticPasswordCrypto: at android.security.keystore2.AndroidKeyStoreCipherSpiBase.engineInit(AndroidKeyStoreCipherSpiBase.java:248)
02-06 09:39:23.172 526 2917 E SyntheticPasswordCrypto: at javax.crypto.Cipher.tryTransformWithProvider(Cipher.java:2981)
02-06 09:39:23.172 526 2917 E SyntheticPasswordCrypto: at javax.crypto.Cipher.tryCombinations(Cipher.java:2892)
02-06 09:39:23.172 526 2917 E SyntheticPasswordCrypto: at javax.crypto.Cipher$SpiAndProviderUpdater.updateAndGetSpiAndProvider(Cipher.java:2797)
02-06 09:39:23.172 526 2917 E SyntheticPasswordCrypto: at javax.crypto.Cipher.chooseProvider(Cipher.java:774)
02-06 09:39:23.172 526 2917 E SyntheticPasswordCrypto: at javax.crypto.Cipher.init(Cipher.java:1289)
02-06 09:39:23.172 526 2917 E SyntheticPasswordCrypto: at javax.crypto.Cipher.init(Cipher.java:1224)
02-06 09:39:23.172 526 2917 E SyntheticPasswordCrypto: at com.android.server.locksettings.SyntheticPasswordCrypto.decrypt(SyntheticPasswordCrypto.java:73)
02-06 09:39:23.172 526 2917 E SyntheticPasswordCrypto: at com.android.server.locksettings.SyntheticPasswordCrypto.decryptBlob(SyntheticPasswordCrypto.java:178)
02-06 09:39:23.172 526 2917 E SyntheticPasswordCrypto: at com.android.server.locksettings.SyntheticPasswordManager.decryptSpBlob(SyntheticPasswordManager.java:1824)
02-06 09:39:23.172 526 2917 E SyntheticPasswordCrypto: at com.android.server.locksettings.SyntheticPasswordManager.unwrapSyntheticPasswordBlob(SyntheticPasswordManager.java:1572)
02-06 09:39:23.172 526 2917 E SyntheticPasswordCrypto: at com.android.server.locksettings.SyntheticPasswordManager.unlockLskfBasedProtector(SyntheticPasswordManager.java:1430)
02-06 09:39:23.172 526 2917 E SyntheticPasswordCrypto: at com.android.server.locksettings.LockSettingsService.doVerifyCredential(LockSettingsService.java:2197)
02-06 09:39:23.172 526 2917 E SyntheticPasswordCrypto: at com.android.server.locksettings.LockSettingsService.checkCredential(LockSettingsService.java:2104)
02-06 09:39:23.172 526 2917 E SyntheticPasswordCrypto: at com.android.internal.widget.ILockSettings$Stub.onTransact(ILockSettings.java:618)
02-06 09:39:23.172 526 2917 E SyntheticPasswordCrypto: at android.os.Binder.execTransactInternal(Binder.java:1358)
02-06 09:39:23.172 526 2917 E SyntheticPasswordCrypto: at android.os.Binder.execTransact(Binder.java:1304)
02-06 09:39:23.179 3010 3055 E AndroidRuntime: FATAL EXCEPTION: AsyncTask #1
02-06 09:39:23.179 3010 3055 E AndroidRuntime: Process: com.android.car.settings, PID: 3010
02-06 09:39:23.179 3010 3055 E AndroidRuntime: java.lang.RuntimeException: An error occurred while executing doInBackground()
02-06 09:39:23.179 3010 3055 E AndroidRuntime: at android.os.AsyncTask$4.done(AsyncTask.java:415)
02-06 09:39:23.179 3010 3055 E AndroidRuntime: at java.util.concurrent.FutureTask.finishCompletion(FutureTask.java:381)
02-06 09:39:23.179 3010 3055 E AndroidRuntime: at java.util.concurrent.FutureTask.setException(FutureTask.java:250)
02-06 09:39:23.179 3010 3055 E AndroidRuntime: at java.util.concurrent.FutureTask.run(FutureTask.java:269)
02-06 09:39:23.179 3010 3055 E AndroidRuntime: at android.os.AsyncTask$SerialExecutor$1.run(AsyncTask.java:305)
02-06 09:39:23.179 3010 3055 E AndroidRuntime: at java.util.concurrent.ThreadPoolExecutor.runWorker(ThreadPoolExecutor.java:1145)
02-06 09:39:23.179 3010 3055 E AndroidRuntime: at java.util.concurrent.ThreadPoolExecutor$Worker.run(ThreadPoolExecutor.java:644)
02-06 09:39:23.179 3010 3055 E AndroidRuntime: at java.lang.Thread.run(Thread.java:1012)
02-06 09:39:23.179 3010 3055 E AndroidRuntime: Caused by: java.lang.IllegalStateException: Failed to decrypt blob
02-06 09:39:23.179 3010 3055 E AndroidRuntime: at android.os.Parcel.createExceptionOrNull(Parcel.java:3065)
02-06 09:39:23.179 3010 3055 E AndroidRuntime: at android.os.Parcel.createException(Parcel.java:3041)
02-06 09:39:23.179 3010 3055 E AndroidRuntime: at android.os.Parcel.readException(Parcel.java:3024)
02-06 09:39:23.179 3010 3055 E AndroidRuntime: at android.os.Parcel.readException(Parcel.java:2966)
02-06 09:39:23.179 3010 3055 E AndroidRuntime: at com.android.internal.widget.ILockSettings$Stub$Proxy.checkCredential(ILockSettings.java:1299)
02-06 09:39:23.179 3010 3055 E AndroidRuntime: at com.android.internal.widget.LockPatternUtils.checkCredential(LockPatternUtils.java:518)
02-06 09:39:23.179 3010 3055 E AndroidRuntime: at com.android.internal.widget.LockPatternChecker$2.doInBackground(LockPatternChecker.java:110)
02-06 09:39:23.179 3010 3055 E AndroidRuntime: at com.android.internal.widget.LockPatternChecker$2.doInBackground(LockPatternChecker.java:104)
02-06 09:39:23.179 3010 3055 E AndroidRuntime: at android.os.AsyncTask$3.call(AsyncTask.java:394)
02-06 09:39:23.179 3010 3055 E AndroidRuntime: at java.util.concurrent.FutureTask.run(FutureTask.java:264)
02-06 09:39:23.179 3010 3055 E AndroidRuntime: ... 4 more
02-06 09:39:23.179 3010 3055 E AndroidRuntime: Caused by: android.os.RemoteException: Remote stack trace:
02-06 09:39:23.179 3010 3055 E AndroidRuntime: at com.android.server.locksettings.SyntheticPasswordCrypto.decryptBlob(SyntheticPasswordCrypto.java:186)
02-06 09:39:23.179 3010 3055 E AndroidRuntime: at com.android.server.locksettings.SyntheticPasswordManager.decryptSpBlob(SyntheticPasswordManager.java:1824)
02-06 09:39:23.179 3010 3055 E AndroidRuntime: at com.android.server.locksettings.SyntheticPasswordManager.unwrapSyntheticPasswordBlob(SyntheticPasswordManager.java:1572)
02-06 09:39:23.179 3010 3055 E AndroidRuntime: at com.android.server.locksettings.SyntheticPasswordManager.unlockLskfBasedProtector(SyntheticPasswordManager.java:1430)
02-06 09:39:23.179 3010 3055 E AndroidRuntime: at com.android.server.locksettings.LockSettingsService.doVerifyCredential(LockSettingsService.java:2197)
02-06 09:39:23.179 3010 3055 E AndroidRuntime:
02-06 09:39:23.235 1133 1239 E CAR.EVS.REARVIEW: Transition failed: error = -1
02-06 09:39:23.472 3062 3062 E id.car.settings: Not starting debugger since process cannot load the jdwp agent.
02-06 09:39:24.223 3062 3080 E ion : open /dev/ion failed: No such file or directory
02-06 09:39:24.239 1133 1239 E CAR.EVS.REARVIEW: Transition failed: error = -1
