01-01 00:00:09.263 405 720 W PackageManager: Unknown permission com.google.android.googleapps.permission.GOOGLE_AUTH.cl in package com.android.providers.calendar
01-01 00:00:09.263 405 720 W PackageManager: Unknown permission com.mea.rsi.permission.RSIService in package com.mea.rsi.app
01-01 00:00:09.263 405 720 W PackageManager: Unknown permission android.permission.GRANT_REVOKE_PERMISSIONS in package com.gm.appshop
01-01 00:00:09.263 405 720 W PackageManager: Unknown permission com.gm.tcps.permission.VEHICLE_STATE in package com.gm.appshop
01-01 00:00:09.263 405 720 W PackageManager: Unknown permission android.permission.ACCESS_GPS in package com.telenav.app.denali.na
01-01 00:00:09.263 405 720 W PackageManager: Unknown permission android.permission.ACCESS_LOCATION in package com.telenav.app.denali.na
01-01 00:00:09.263 405 720 W PackageManager: Unknown permission android.permission.READ_SETTINGS in package com.telenav.app.denali.na
01-01 00:00:09.264 405 720 W PackageManager: Unknown permission android.permission.FAVORITES_READ in package com.telenav.app.denali.na
01-01 00:00:09.264 405 720 W PackageManager: Unknown permission android.permission.FAVORITES_WRITE in package com.telenav.app.denali.na
01-01 00:00:09.264 405 720 W PackageManager: Unknown permission com.gm.server.media.navplugin in package com.telenav.app.denali.na
01-01 00:00:09.264 405 720 W PackageManager: Unknown permission com.android.voicemail.permission.READ_WRITE_ALL_VOICEMAIL in package com.android.contacts
01-01 00:00:09.264 405 720 W PackageManager: Unknown permission android.permission.NFC_UNLOCK in package com.android.nfc
01-01 00:00:09.264 405 720 W PackageManager: Unknown permission com.android.permission.WHITELIST_BLUETOOTH_DEVICE in package com.android.nfc
01-01 00:00:09.264 405 720 W PackageManager: Unknown permission com.gm.vehicle.permission.TEENDRIVER in package com.gm.domain.server.primary
01-01 00:00:09.264 405 720 W PackageManager: Unknown permission com.android.launcher3.permission.RECEIVE_LAUNCH_BROADCASTS in package com.gm.browser
01-01 00:00:09.264 405 720 W PackageManager: Unknown permission com.telenav.permission.NAV_SERVICE in package com.gm.mymode
01-01 00:00:09.264 405 720 W PackageManager: Unknown permission com.telenav.permission.NAV_BROADCAST in package com.gm.mymode
01-01 00:00:09.265 405 720 W PackageManager: Unknown permission android.permission.FAVORITES_READ in package com.gm.navmgr
01-01 00:00:09.265 405 720 W PackageManager: Unknown permission android.permission.FAVORITES_WRITE in package com.gm.navmgr
01-01 00:00:09.265 405 720 W PackageManager: Unknown permission com.telenav.permission.NAV_SERVICE in package com.gm.navmgr
01-01 00:00:09.265 405 720 W PackageManager: Unknown permission com.telenav.permission.NAV_BROADCAST in package com.gm.navmgr
01-01 00:00:09.265 405 720 W PackageManager: Unknown permission com.android.voicemail.permission.READ_WRITE_ALL_VOICEMAIL in package com.android.dialer
01-01 00:00:09.265 405 720 W PackageManager: Not granting permission android.permission.INTERACT_ACROSS_USERS_FULL to package com.android.dialer (protectionLevel=258 flags=0x3059be45)
01-01 00:00:09.265 405 720 W PackageManager: Unknown permission com.gm.vehicle.permission.READ_SECURITY_PROTECTED in package com.gm.apimanager
01-01 00:00:09.265 405 720 W PackageManager: Unknown permission com.gm.vehicle.permission.READ_ADAS_PROTECTED in package com.gm.apimanager
01-01 00:00:09.265 405 720 W PackageManager: Unknown permission com.gm.vehicle.permission.READ_VIN_PROTECTED in package com.gm.apimanager
01-01 00:00:09.265 405 720 W PackageManager: Unknown permission com.gm.vehicle.permission.READ_AUTONOMOUS_PROTECTED in package com.gm.apimanager
01-01 00:00:09.265 405 720 W PackageManager: Unknown permission com.gm.vehicle.permission.READ_REAR_SEAT_INFOTAINMENT_PROTECTED in package com.gm.apimanager
01-01 00:00:09.265 405 720 W PackageManager: Unknown permission com.gm.vehicle.permission.READ_CLIMATE_PROTECTED in package com.gm.apimanager
01-01 00:00:09.265 405 720 W PackageManager: Unknown permission com.gm.vehicle.permission.READ_SEAT_PROTECTED in package com.gm.apimanager
01-01 00:00:09.265 405 720 W PackageManager: Unknown permission com.gm.vehicle.permission.READ_ENVIRONMENT_PROTECTED in package com.gm.apimanager
01-01 00:00:09.265 405 720 W PackageManager: Unknown permission com.gm.vehicle.permission.READ_DTC_PROTECTED in package com.gm.apimanager
01-01 00:00:09.265 405 720 W PackageManager: Unknown permission com.gm.vehicle.permission.READ_SEAT_BELTS_PROTECTED in package com.gm.apimanager
01-01 00:00:09.265 405 720 W PackageManager: Unknown permission com.gm.vehicle.permission.READ_LOCATION_PROTECTED in package com.gm.apimanager
01-01 00:00:09.265 405 720 W PackageManager: Unknown permission com.gm.vehicle.permission.READ_CHASSIS_PROTECTED in package com.gm.apimanager
01-01 00:00:09.265 405 720 W PackageManager: Unknown permission com.gm.vehicle.permission.READ_ODI_PROTECTED in package com.gm.apimanager
01-01 00:00:09.265 405 720 W PackageManager: Unknown permission com.gm.vehicle.permission.READ_DATE_AND_TIME_PROTECTED in package com.gm.apimanager
01-01 00:00:09.266 405 720 W PackageManager: Not granting permission android.permission.INTERACT_ACROSS_USERS_FULL to package com.gm.location.service (protectionLevel=258 flags=0x3808be45)
01-01 00:00:09.266 405 720 W PackageManager: Unknown permission android.permission.FAVORITES_READ in package com.onstar.vttproxyserver
01-01 00:00:09.266 405 720 W PackageManager: Unknown permission com.gm.vehicle.permission.WRITE_HARDWARE_INPUTS_PROTECTED in package com.gm.lvm
01-01 00:00:09.266 405 720 W PackageManager: Unknown permission com.gm.vehicle.permission.READ_HARDWARE_INPUTS in package com.gm.lvm
01-01 00:00:09.266 405 720 W PackageManager: Unknown permission android.permission.FAVORITES_READ in package com.gm.tbt
01-01 00:00:09.266 405 720 W PackageManager: Unknown permission android.permission.FAVORITES_WRITE in package com.gm.tbt
01-01 00:00:09.266 405 720 W PackageManager: Unknown permission com.gm.vehicle.permission.VEHICLE_INFORMATION in package com.gm.hvac
01-01 00:00:09.266 405 720 W PackageManager: Unknown permission com.gm.vehicle.permission.VEHICLE_STATE in package com.gm.hvac
01-01 00:00:09.266 405 720 W PackageManager: Unknown permission com.gm.tcps.permission.VEHICLE_STATE in package com.gm.tcps
01-01 00:00:09.266 405 720 W PackageManager: Unknown permission com.android.smspush.WAPPUSH_MANAGER_BIND in package com.android.phone
01-01 00:00:09.267 405 720 W PackageManager: Unknown permission android.permission.SYSTEM_OVERLAY_WINDOW in package com.gm.personalization.app
01-01 00:00:09.267 405 720 W PackageManager: Unknown permission android.Manifest.permission.INTERNAL_SYSTEM_WINDOW in package com.gm.personalization.app
01-01 00:00:09.267 405 720 W PackageManager: Unknown permission android.permission.ACCESS_ALL_EXTERNAL_STORAGE in package com.android.systemui
01-01 00:00:09.267 405 720 W PackageManager: Unknown permission gm.permission.encryption.DATA_LOCK in package com.android.systemui
01-01 00:00:09.268 405 702 I ActivityManager: Start proc 725:com.gm.domain.server.primary/1000 for service com.gm.domain.server.primary/.PrimaryWKService
01-01 00:00:09.269 405 724 E NetdConnector: Communications error: java.io.IOException: Connection refused
01-01 00:00:09.270 405 724 E NetdConnector: Error in NativeDaemonConnector: java.io.IOException: Connection refused
01-01 00:00:09.320 725 725 E libprocessgroup: failed to make and chown /acct/uid_1000: Read-only file system
01-01 00:00:09.381 405 720 W MountService: No primary storage mounted!
01-01 00:00:09.381 405 720 D VoldConnector: SND -> {2 asec list}
01-01 00:00:09.382 405 721 D VoldConnector: RCV <- {200 2 asec operation succeeded}
01-01 00:00:09.392 405 702 I ActivityManager: Start proc 746:com.gm.domain.server.critical/1000 for service com.gm.domain.server.critical/.CriticalWKService
01-01 00:00:09.404 405 702 I ActivityManager: Start proc 753:com.gm.personalization.service/1000 for service com.gm.personalization.service/.PersonalizationWKService
01-01 00:00:09.409 405 405 I SystemServiceManager: Starting com.android.server.DeviceIdleController
01-01 00:00:09.416 405 405 I SystemServiceManager: Starting com.android.server.devicepolicy.DevicePolicyManagerService$Lifecycle
01-01 00:00:09.419 405 405 I SystemServer: Status Bar
01-01 00:00:09.430 746 746 E libprocessgroup: failed to make and chown /acct/uid_1000: Read-only file system
01-01 00:00:09.438 405 405 I SystemServer: UpdateLock Service
01-01 00:00:09.442 405 702 I ActivityManager: Start proc 763:com.gm.domain.server.delayed/1000 for service com.gm.domain.server.delayed/.DelayedWKService
01-01 00:00:09.443 405 405 I SystemServiceManager: Starting com.android.server.notification.NotificationManagerService
01-01 00:00:09.450 753 753 E libprocessgroup: failed to make and chown /acct/uid_1000: Read-only file system
01-01 00:00:09.485 405 405 I SystemServiceManager: Starting com.android.server.storage.DeviceStorageMonitorService
01-01 00:00:09.489 405 405 I SystemServer: Location Manager
01-01 00:00:09.494 405 405 I SystemServer: Country Detector
01-01 00:00:09.496 405 405 I SystemServer: Wallpaper Service
01-01 00:00:09.500 763 763 E libprocessgroup: failed to make and chown /acct/uid_1000: Read-only file system
01-01 00:00:09.506 405 405 W WallpaperManagerService: no current wallpaper -- first boot?
01-01 00:00:09.509 405 405 I SystemServer: Audio Service
01-01 00:00:09.706 405 702 D DomainServiceManager: Phase 1 start requested at 10405
01-01 00:00:09.708 746 777 I DomainServiceController: Starting com.gm.server.powermode.PowerModeService
01-01 00:00:09.714 746 777 I DomainServiceController: Starting com.gm.server.vis.VehicleInformationService
01-01 00:00:09.723 746 777 I DomainServiceController: Starting com.gm.server.vehiclemanager.VehicleManagerService
01-01 00:00:09.756 746 803 W DomainServiceController: Domain Service: com.gm.server.powermode.PowerModeService of phase1 took 29 to get ready.
01-01 00:00:09.777 746 804 W DomainServiceController: Domain Service: com.gm.server.vis.VehicleInformationService of phase1 took 49 to get ready.
01-01 00:00:09.816 226 310 D GMSecurity: waiting for boot complete
01-01 00:00:10.058 746 811 W DomainServiceController: Domain Service: com.gm.server.vehiclemanager.VehicleManagerService of phase1 took 286 to get ready.
01-01 00:00:10.059 405 450 D DomainServiceManager: Notify for Phase 1 at 10759
01-01 00:00:10.059 405 702 I DomainServiceManager: Phase 1 done at 10759
01-01 00:00:10.059 405 702 D DomainServiceManager: Phase 2 start requested at 10759
01-01 00:00:10.059 753 785 I DomainServiceController: Starting com.gm.personalization.service.PersonalizationService
01-01 00:00:10.062 725 743 I DomainServiceController: Starting com.gm.server.diagnostics_service.DiagnosticsService
01-01 00:00:10.062 746 778 I DomainServiceController: Starting com.gm.server.timeofday.TimeofDayService
01-01 00:00:10.065 753 785 W DomainServiceController: Domain Service: com.gm.personalization.service.PersonalizationService of phase2 took 4 to get ready.
01-01 00:00:10.066 405 447 I ActivityManager: AMS isUserSwitchSystemReady : false
01-01 00:00:00.001 405 709 E ActivityManager: Attempt to launch receivers of broadcast intent Intent { act=android.intent.action.DATE_CHANGED flg=0x20000000 } before boot completion
01-01 00:00:00.002 746 778 I DomainServiceController: Starting com.gm.server.AssetAtlas.AssetAtlasService
01-01 00:00:00.003 405 709 W ActivityManager: Unable to send startActivity intent
01-01 00:00:00.003 405 709 W ActivityManager: java.lang.IllegalStateException: Cannot broadcast before boot completed
01-01 00:00:00.003 405 709 W ActivityManager: at com.android.server.am.ActivityManagerService.verifyBroadcastLocked(ActivityManagerService.java:17228)
01-01 00:00:00.003 405 709 W ActivityManager: at com.android.server.am.ActivityManagerService.broadcastIntentInPackage(ActivityManagerService.java:17270)
01-01 00:00:00.003 405 709 W ActivityManager: at com.android.server.am.PendingIntentRecord.sendInner(PendingIntentRecord.java:295)
01-01 00:00:00.003 405 709 W ActivityManager: at com.android.server.am.PendingIntentRecord.send(PendingIntentRecord.java:203)
01-01 00:00:00.003 405 709 W ActivityManager: at android.app.PendingIntent.send(PendingIntent.java:806)
01-01 00:00:00.003 405 709 W ActivityManager: at com.android.server.AlarmManagerService.deliverAlarmsLocked(AlarmManagerService.java:2114)
01-01 00:00:00.003 405 709 W ActivityManager: at com.android.server.AlarmManagerService$AlarmThread.run(AlarmManagerService.java:2289)
01-01 00:00:00.017 746 778 W DomainServiceController: Domain Service: com.gm.server.timeofday.TimeofDayService of phase2 took 6 to get ready.
01-01 00:00:00.019 746 778 W DomainServiceController: Domain Service: com.gm.server.AssetAtlas.AssetAtlasService of phase2 took 2 to get ready.
01-01 00:00:00.107 725 743 I DomainServiceController: Starting com.gm.server.onstar.OnStarService
01-01 00:00:00.140 725 832 W DomainServiceController: Domain Service: com.gm.server.diagnostics_service.DiagnosticsService of phase2 took 29 to get ready.
01-01 00:00:00.213 725 833 W DomainServiceController: Domain Service: com.gm.server.onstar.OnStarService of phase2 took 99 to get ready.
01-01 00:00:00.213 405 447 D DomainServiceManager: Notify for Phase 2 at 10984
01-01 00:00:00.213 405 702 I DomainServiceManager: Phase 2 done at 10984
01-01 00:00:00.393 405 845 W ContextImpl: Calling a method in the system process without a qualified user: android.app.ContextImpl.sendBroadcast:763 com.android.server.audio.ModeManager.doSendSourceChangeUpdate:337 com.android.server.audio.MediaFocusControl$MediaEventHandler.handleMessage:472 android.os.Handler.dispatchMessage:102 android.os.Looper.loop:148
01-01 00:00:00.411 405 405 I SystemServiceManager: Starting com.android.server.DockObserver
01-01 00:00:00.412 405 405 W DockObserver: This kernel does not have dock station support
01-01 00:00:00.413 405 405 I SystemServiceManager: Starting com.android.server.twilight.TwilightService
01-01 00:00:00.414 405 405 I SystemServiceManager: Starting com.android.server.job.JobSchedulerService
01-01 00:00:00.419 405 405 I SystemServer: BackgroundManagerService
01-01 00:00:00.420 405 405 I SystemServiceManager: Starting com.android.server.backup.BackupManagerService$Lifecycle
01-01 00:00:00.422 405 405 I SystemServiceManager: Starting com.android.server.usb.UsbService$Lifecycle
01-01 00:00:00.434 405 405 I SystemServer: DropBox Service
01-01 00:00:00.437 405 405 I SystemServer: BackgroundDexOptService
01-01 00:00:00.438 405 405 I SystemServer: SamplingProfiler Service
01-01 00:00:00.444 405 405 I SystemServer: CommonTimeManagementService
01-01 00:00:00.447 405 405 I SystemServiceManager: Starting com.android.server.restrictions.RestrictionsManagerService
01-01 00:00:00.449 405 405 I SystemServiceManager: Starting com.android.server.media.MediaSessionService
01-01 00:00:00.454 405 405 I SystemServer: Media Router Service
01-01 00:00:00.455 405 405 I SystemServiceManager: Starting com.android.server.trust.TrustManagerService
01-01 00:00:00.457 405 405 I SystemServiceManager: Starting com.android.server.pm.LauncherAppsService
01-01 00:00:00.458 405 405 I SystemServiceManager: Starting com.android.server.media.projection.MediaProjectionManagerService
01-01 00:00:00.464 405 405 I SystemServiceManager: Starting com.android.server.MmsServiceBroker
01-01 00:00:00.477 405 405 E LockSettingsStorage: Cannot read file java.io.FileNotFoundException: /data/system/gatekeeper.password.key: open failed: ENOENT (No such file or directory)
01-01 00:00:00.477 405 405 E LockSettingsStorage: Cannot read file java.io.FileNotFoundException: /data/system/password.key: open failed: ENOENT (No such file or directory)
01-01 00:00:00.477 405 405 E LockSettingsStorage: Cannot read file java.io.FileNotFoundException: /data/system/gatekeeper.pattern.key: open failed: ENOENT (No such file or directory)
01-01 00:00:00.477 405 405 E LockSettingsStorage: Cannot read file java.io.FileNotFoundException: /data/system/gatekeeper.gesture.key: open failed: ENOENT (No such file or directory)
01-01 00:00:00.478 405 405 E LockSettingsStorage: Cannot read file java.io.FileNotFoundException: /data/system/gesture.key: open failed: ENOENT (No such file or directory)
01-01 00:00:00.478 405 405 I SystemServiceManager: Starting phase 480
01-01 00:00:00.745 226 310 D GMSecurity: waiting for boot complete
01-01 00:00:00.748 746 814 E KPI-CAN|: First CAN message at |11519
01-01 00:00:00.751 746 804 W DomainServiceController: Domain Service: com.gm.server.vis.VehicleInformationService of phase1 took 1094 to get ready.
01-01 00:00:00.751 405 759 D DomainServiceManager: Notify for Phase 1 at 11522
06-09 00:00:58.743 226 310 D GMSecurity: waiting for boot complete
06-09 00:00:59.702 105 128 D Vold : vold : Unmount /sys/kernel/config
06-09 00:00:59.727 105 125 D Vold : voldMount mntpath: none devpath: /sys/kernel/config fstype: configfs perm: uid=1000,gid=1000 flags: 0
06-09 00:00:59.743 226 310 D GMSecurity: waiting for boot complete
06-09 00:01:00.743 226 310 D GMSecurity: waiting for boot complete
06-09 00:01:01.198 405 700 I SystemServer: Network Score Service
06-09 00:01:01.200 405 700 I SystemServer: NetworkStats Service
06-09 00:01:01.204 405 700 I SystemServer: NetworkPolicy Service
06-09 00:01:01.221 405 700 I SystemServiceManager: Starting com.android.server.wifi.p2p.WifiP2pService
06-09 00:01:01.249 405 856 D WifiP2pService: P2pDisabledState
06-09 00:01:01.249 405 856 D WifiP2pService: mAgoBackhaul=true
06-09 00:01:01.251 405 700 I SystemServiceManager: Starting com.android.server.wifi.WifiService
06-09 00:01:01.378 405 700 I SystemServiceManager: Starting com.android.server.wifi.WifiScanningService
06-09 00:01:01.385 405 700 I SystemServiceManager: Starting com.android.server.wifi.RttService
06-09 00:01:01.387 405 700 I SystemServer: Connectivity Service
06-09 00:01:01.389 405 700 D ConnectivityService: ConnectivityService starting up
06-09 00:01:01.392 405 700 D ConnectivityService: wifiOnly=false
06-09 00:01:01.393 405 700 E ConnectivityService: Ignoring protectedNetwork 10
06-09 00:01:01.393 405 700 E ConnectivityService: Ignoring protectedNetwork 11
06-09 00:01:01.393 405 700 E ConnectivityService: Ignoring protectedNetwork 12
06-09 00:01:01.393 405 700 E ConnectivityService: Ignoring protectedNetwork 14
06-09 00:01:01.393 405 700 E ConnectivityService: Ignoring protectedNetwork 15
06-09 00:01:01.401 405 700 I SystemServer: Consumer IR Service
06-09 00:01:01.401 405 405 I SystemServiceManager: Starting phase 500
06-09 00:01:01.402 405 700 I SystemServer: Clipboard Service
06-09 00:01:01.404 405 700 I SystemServer: Text Service Manager Service
06-09 00:01:01.410 405 700 I SystemServer: Search Service
06-09 00:01:01.412 405 700 I SystemServer: Serial Service
06-09 00:01:01.412 405 700 I SystemServer: CertBlacklister
06-09 00:01:01.413 405 700 I SystemServiceManager: Starting com.android.server.dreams.DreamManagerService
06-09 00:01:01.415 405 700 I SystemServiceManager: Starting com.android.server.fingerprint.FingerprintService
06-09 00:01:01.422 405 405 V BackupManagerService: No ancestral data
06-09 00:01:01.426 405 861 W FingerprintService: fingerprint service not available
06-09 00:01:01.439 405 700 I SystemServer: Network Service Discovery Service
06-09 00:01:01.443 405 405 I BackupManagerService: Package com.android.cts.atracetestapp not installed; dropping from full backup
06-09 00:01:01.443 405 405 I BackupManagerService: Package com.android.cts.preconditions not installed; dropping from full backup
06-09 00:01:01.443 405 405 I BackupManagerService: Package android.tests.devicesetup not installed; dropping from full backup
06-09 00:01:01.443 405 405 I BackupManagerService: Package com.android.compatibility.common.deviceinfo not installed; dropping from full backup
06-09 00:01:01.444 405 700 D NsdService: Network service discovery enabled true
06-09 00:01:01.446 405 700 I SystemServiceManager: Starting com.android.server.DockObserver
06-09 00:01:01.447 405 700 W DockObserver: This kernel does not have dock station support
06-09 00:01:01.457 405 700 I SystemServer: Wired Accessory Manager
06-09 00:01:01.458 405 700 W WiredAccessoryManager: This kernel does not have wired headset support
06-09 00:01:01.458 405 700 W WiredAccessoryManager: This kernel does not have usb audio support
06-09 00:01:01.458 405 700 W WiredAccessoryManager: This kernel does not have HDMI audio support
06-09 00:01:01.459 405 700 I SystemServiceManager: Starting com.android.server.appwidget.AppWidgetService
06-09 00:01:01.462 405 700 I SystemServer: DiskStats Service
06-09 00:01:01.473 405 405 V KeyValueBackupJob: Scheduling k/v pass in 245 minutes
06-09 00:01:01.490 405 405 V BackupManagerService: Starting with transport android/com.android.internal.backup.LocalTransport
06-09 00:01:01.491 405 405 V BackupManagerService: Found transports: 1
06-09 00:01:01.493 405 405 I BackupManagerService: Found stale backup journal, scheduling
06-09 00:01:01.498 405 405 I WifiService: WifiService starting up with Wi-Fi enabled
06-09 00:01:01.501 405 405 D WifiService: MEC counter value :: 0
06-09 00:01:01.501 405 405 D WifiService: setWifiEnabled: true pid=405, uid=1000
06-09 00:01:01.501 405 405 E WifiService: Invoking mWifiStateMachine.setWifiEnabled
06-09 00:01:01.506 405 858 D WifiService: New client listening to asynchronous messages
06-09 00:01:01.543 405 508 W KeyguardServiceDelegate: onScreenTurningOn(): no keyguard service!
06-09 00:01:01.551 405 405 I ActivityManager: System now ready
06-09 00:01:01.553 405 405 I ActivityManager: AMS systemReady : register WKSReady receiver broadcast
06-09 00:01:01.562 405 405 I ActivityManager: Start proc 870:com.android.systemui/u0a25 for added application com.android.systemui
06-09 00:01:01.562 405 405 I SystemServer: Making services ready
06-09 00:01:01.562 405 405 I SystemServiceManager: Starting phase 550
06-09 00:01:01.564 405 720 D MountService: Thinking about reset, mSystemReady=true, mDaemonConnected=true
06-09 00:01:01.565 405 479 I ActivityManager: Force stopping com.android.providers.media appid=10005 user=-1: vold reset
06-09 00:01:01.565 405 720 D VoldConnector: SND -> {3 volume reset}
06-09 00:01:01.565 405 721 D VoldConnector: RCV <- {651 emulated 7}
06-09 00:01:01.565 405 721 D VoldConnector: RCV <- {659 emulated}
06-09 00:01:01.565 405 721 D VoldConnector: RCV <- {650 emulated 2 "" ""}
06-09 00:01:01.565 405 721 D VoldConnector: RCV <- {651 emulated 0}
06-09 00:01:01.565 405 721 D VoldConnector: RCV <- {200 3 Command succeeded}
06-09 00:01:01.566 405 720 D VoldConnector: SND -> {4 volume user_added 0 0}
06-09 00:01:01.567 405 721 D VoldConnector: RCV <- {200 4 Command succeeded}
06-09 00:01:01.568 405 405 D UsbAlsaManager: Adding ALSA device AlsaDevice: [card: 0, device: 0, type: 1]
06-09 00:01:01.568 405 405 D UsbAlsaManager: Adding ALSA device AlsaDevice: [card: 0, device: 0, type: 2]
06-09 00:01:01.569 405 483 V MountService: Found primary storage at VolumeInfo{emulated}:
06-09 00:01:01.569 405 483 V MountService: type=EMULATED diskId=null partGuid=null mountFlags=0 mountUserId=-1
06-09 00:01:01.569 405 483 V MountService: state=UNMOUNTED
06-09 00:01:01.569 405 483 V MountService: fsType=null fsUuid=null fsLabel=null
06-09 00:01:01.569 405 483 V MountService: path=null internalPath=null
06-09 00:01:01.569 405 720 D VoldConnector: SND -> {5 volume mount emulated 3 -1}
06-09 00:01:01.569 105 126 D vold : No Disk volume found
06-09 00:01:01.569 105 126 E Vold : Failed to open sysfs entry '/sys/device/vendor': No such file or directory
06-09 00:01:01.569 405 721 D VoldConnector: RCV <- {656 emulated /data/media}
06-09 00:01:01.569 405 721 D VoldConnector: RCV <- {655 emulated /storage/emulated}
06-09 00:01:01.570 105 126 V vold : Waiting for FUSE to spin up...
06-09 00:01:01.577 405 405 I SystemServer: WebViewFactory preparation
06-09 00:01:01.589 405 405 I ActivityManager: Start proc 882:WebViewLoader-armeabi-v7a/1037 [android.webkit.WebViewFactory$RelroFileCreator] for
06-09 00:01:01.590 405 702 D DomainServiceManager: Phase 3 start requested at 15363
06-09 00:01:01.591 725 743 I DomainServiceController: Starting com.gm.server.entertainment.EntertainmentService
06-09 00:01:01.594 725 743 I DomainServiceController: Starting com.gm.server.connection.DeviceConnectionService
06-09 00:01:01.597 405 405 I SystemServiceManager: Starting phase 600
06-09 00:01:01.602 405 405 I UsageStatsService: User[0] Flushing usage stats to disk
06-09 00:01:01.607 870 870 E libprocessgroup: failed to make and chown /acct/uid_10025: Read-only file system
06-09 00:01:01.612 725 743 I TcpInternetManager: Creating TcpInternetManager
06-09 00:01:01.616 725 743 I DomainServiceController: Starting com.gm.server.otcservice.OnBoardTesterCoordinationService
06-09 00:01:01.621 105 126 D vold : Volume Internal Path /data/media Event path
06-09 00:01:01.621 405 721 D VoldConnector: RCV <- {651 emulated 2}
06-09 00:01:01.621 105 126 E VoldCmdListener: vold : Disk ptr is NULL
06-09 00:01:01.621 405 721 D VoldConnector: RCV <- {200 5 Command succeeded}
06-09 00:01:01.625 405 405 I UsageStatsDatabase: Time changed by +6369d0h0m46s926ms. files deleted: 0 files moved: 4
06-09 00:01:01.632 405 405 I UsageStatsService: User[0] Rollover scheduled @ 2017-06-10 00:00:00(1497052800000)
06-09 00:01:01.639 405 479 I ActivityManager: Start proc 900:com.android.externalstorage/u0a6 for broadcast com.android.externalstorage/.MountReceiver
06-09 00:01:01.639 405 405 I BackupManagerService: Backup enabled => false
06-09 00:01:01.646 725 743 I DomainServiceController: Starting com.gm.server.update.UpdateService
06-09 00:01:01.664 405 405 W LocationManagerService: no network location provider found
06-09 00:01:01.666 405 405 E LocationManagerService: no geocoder provider found
06-09 00:01:01.667 882 882 E libprocessgroup: failed to make and chown /acct/uid_1037: Read-only file system
06-09 00:01:01.670 405 405 E LocationManagerService: FLP HAL not supported
06-09 00:01:01.680 405 858 D WifiService: New client listening to asynchronous messages
06-09 00:01:01.686 405 405 E LocationManagerService: Unable to bind FLP Geofence proxy.
06-09 00:01:01.687 405 405 E LocationManagerService: Hardware Activity-Recognition not supported.
06-09 00:01:01.688 405 405 E LocationManagerService: Unable to bind ActivityRecognitionProxy.
06-09 00:01:01.692 725 743 I DomainServiceController: Starting com.gm.server.speech.UISpeechService
06-09 00:01:01.693 405 856 D WifiP2pService: P2pDisabledState{ when=-2ms what=69633 target=com.android.internal.util.StateMachine$SmHandler }
06-09 00:01:01.693 405 856 D WifiP2pService: DefaultState{ when=-2ms what=69633 target=com.android.internal.util.StateMachine$SmHandler }
06-09 00:01:01.693 405 856 D WifiP2pService: P2pDisabledState{ when=0 what=69632 obj=com.android.internal.util.AsyncChannel@63c295a target=com.android.internal.util.StateMachine$SmHandler }
06-09 00:01:01.693 405 856 D WifiP2pService: DefaultState{ when=0 what=69632 obj=com.android.internal.util.AsyncChannel@63c295a target=com.android.internal.util.StateMachine$SmHandler }
06-09 00:01:01.693 405 856 D WifiP2pService: Full connection with WifiStateMachine established
06-09 00:01:01.694 405 405 I ActivityManager: AMS systemReadyForUserSwitch mIUserSwitchService.systemReady call done
06-09 00:01:01.695 405 405 D NetworkManagement: enabling bandwidth control
06-09 00:01:01.695 725 743 I DomainServiceController: Starting com.gm.sdr.SdrDomainService
06-09 00:01:01.696 725 743 I DomainServiceController: Starting com.gm.RadioDomainService
06-09 00:01:01.696 725 743 I DomainServiceController: Starting com.gm.server.tuner.TunerService
06-09 00:01:01.737 900 900 E libprocessgroup: failed to make and chown /acct/uid_10006: Read-only file system
06-09 00:01:01.743 226 310 D GMSecurity: waiting for boot complete
06-09 00:01:01.818 725 743 I DomainServiceController: Starting com.gm.server.announce.AnnouncementSvcImpl
06-09 00:01:01.857 725 743 I DomainServiceController: Starting com.gm.server.xm.XmAudioSvcIpcImpl
06-09 00:01:01.863 725 743 I DomainServiceController: Starting com.gm.server.xm.XmDiagnosticsSvcIpcImpl
06-09 00:01:01.866 725 743 I DomainServiceController: Starting com.gm.server.xm.XmGameZoneService
06-09 00:01:01.877 405 759 I ActivityManager: Start proc 958:com.gm.usbmountreceiver/1000 for broadcast com.gm.usbmountreceiver/.USBMountReceiver
06-09 00:01:01.878 725 743 I DomainServiceController: Starting com.gm.server.xm.XmInstantReplayService
06-09 00:01:01.880 725 743 I DomainServiceController: Starting com.gm.server.xm.XmTuneMixService
06-09 00:01:01.882 725 743 I DomainServiceController: Starting com.gm.server.traffic.TrafficDomainService
06-09 00:01:01.886 725 743 I DomainServiceController: Starting com.gm.server.dab.DabServiceImpl
06-09 00:01:01.912 725 743 I DomainServiceController: Starting com.gm.server.media.navplugin.NavPluginService
06-09 00:01:01.937 725 743 W DomainServiceController: Domain Service: com.gm.server.entertainment.EntertainmentService of phase3 took 6 to get ready.
06-09 00:01:01.944 725 743 I TcpInternetManager: start: Starting TCP Internet manager
06-09 00:01:01.964 725 743 W DomainServiceController: Domain Service: com.gm.server.connection.DeviceConnectionService of phase3 took 27 to get ready.
06-09 00:01:01.965 725 889 E DCS : PersonalizationManager.getProfileLoginStatus()=1
06-09 00:01:01.965 725 889 E DCS : INIT user profile not loaded yet
06-09 00:01:01.977 725 889 E DDB_manager: DDB_Init: No ddb yet created.
06-09 00:01:01.987 958 958 E libprocessgroup: failed to make and chown /acct/uid_1000: Read-only file system
06-09 00:01:01.988 725 743 W DomainServiceController: Domain Service: com.gm.server.speech.UISpeechService of phase3 took 0 to get ready.
06-09 00:01:01.990 725 743 W DomainServiceController: Domain Service: com.gm.sdr.SdrDomainService of phase3 took 3 to get ready.
06-09 00:01:01.998 725 743 W DomainServiceController: Domain Service: com.gm.RadioDomainService of phase3 took 7 to get ready.
06-09 00:01:01.999 725 743 W DomainServiceController: Domain Service: com.gm.server.tuner.TunerService of phase3 took 0 to get ready.
06-09 00:01:02.001 725 889 W DCS : LAST_PROJECTION_DEVICE::
06-09 00:01:02.028 725 889 I DCS : Valet mode is not active now
06-09 00:01:02.032 725 985 W DomainServiceController: Domain Service: com.gm.server.update.UpdateService of phase3 took 46 to get ready.
06-09 00:01:02.038 725 743 W DomainServiceController: Domain Service: com.gm.server.announce.AnnouncementSvcImpl of phase3 took 2 to get ready.
06-09 00:01:02.060 725 743 W DomainServiceController: Domain Service: com.gm.server.xm.XmAudioSvcIpcImpl of phase3 took 1 to get ready.
06-09 00:01:02.086 725 743 W DomainServiceController: Domain Service: com.gm.server.xm.XmDiagnosticsSvcIpcImpl of phase3 took 0 to get ready.
06-09 00:01:02.087 725 743 W DomainServiceController: Domain Service: com.gm.server.xm.XmGameZoneService of phase3 took 0 to get ready.
06-09 00:01:02.088 725 743 W DomainServiceController: Domain Service: com.gm.server.xm.XmInstantReplayService of phase3 took 0 to get ready.
06-09 00:01:02.096 725 743 W DomainServiceController: Domain Service: com.gm.server.xm.XmTuneMixService of phase3 took 9 to get ready.
06-09 00:01:02.104 725 984 W DomainServiceController: Domain Service: com.gm.server.otcservice.OnBoardTesterCoordinationService of phase3 took 117 to get ready.
06-09 00:01:02.106 725 743 W DomainServiceController: Domain Service: com.gm.server.dab.DabServiceImpl of phase3 took 1 to get ready.
06-09 00:01:02.162 725 743 W DomainServiceController: Domain Service: com.gm.server.media.navplugin.NavPluginService of phase3 took 57 to get ready.
06-09 00:01:02.176 405 450 I ActivityManager: Start proc 1032:com.gm.settings/1000 for broadcast com.gm.settings/.devices.BTServiceNotificationReceiver
06-09 00:01:02.180 725 1018 W DomainServiceController: Domain Service: com.gm.server.traffic.TrafficDomainService of phase3 took 80 to get ready.
06-09 00:01:02.180 405 759 D DomainServiceManager: Notify for Phase 3 at 15954
06-09 00:01:02.181 405 702 I DomainServiceManager: Phase 3 done at 15954
06-09 00:01:02.181 405 702 D DomainServiceManager: Phase 4 start requested at 15954
06-09 00:01:02.184 725 741 I DomainServiceController: Starting com.gm.server.teenmode.TeenDriverService
06-09 00:01:02.189 725 741 I DomainServiceController: Starting com.gm.server.audioproxyservice.AudioProxyService
06-09 00:01:02.198 725 741 I DomainServiceController: Starting com.gm.server.adaptation.AdaptationSpeechService
06-09 00:01:02.203 405 957 I ActivityManager: Start proc 1042:com.gm.tcps/u0a15 for service com.gm.tcps/.service.DemoModeService
06-09 00:01:02.229 144 144 E BOOT-TIME|: PowerModing HMIReady at |16002
06-09 00:01:02.257 1032 1032 E libprocessgroup: failed to make and chown /acct/uid_1000: Read-only file system
06-09 00:01:02.278 405 450 I StatusBarManagerService: registerStatusBar bar=com.android.internal.statusbar.IStatusBar$Stub$Proxy@25eb015
06-09 00:01:02.297 1042 1042 E libprocessgroup: failed to make and chown /acct/uid_10015: Read-only file system
06-09 00:01:02.543 405 481 W WindowManager: Keyguard drawn timeout. Setting mKeyguardDrawComplete
06-09 00:01:02.727 144 162 E BOOT-TIME|: PowerModing HMIReady at |16501
06-09 00:01:02.743 226 310 D GMSecurity: waiting for boot complete
06-09 00:01:03.400 405 858 D WifiService: New client listening to asynchronous messages
06-09 00:01:03.426 405 447 I ActivityManager: Start proc 1187:com.xxxxxx.appframework.test/u0a33 for broadcast com.xxxxxx.appframework.test/.tunerxm.MyReceiver
06-09 00:01:03.677 1227 1227 E libprocessgroup: failed to make and chown /acct/uid_10014: Read-only file system
06-09 00:01:03.781 405 447 I ActivityManager: Start proc 1265:com.gm.appshop/u0a8 for broadcast com.gm.appshop/.broadcast.SystemStateReceiver
06-09 00:01:03.847 1253 1253 E libprocessgroup: failed to make and chown /acct/uid_1000: Read-only file system
06-09 00:01:03.849 145 202 D CalSvcd : getModuleIDPartNumber - modID: 2, override partnumber: 23362109
06-09 00:01:03.850 145 145 D CalSvcd : getModuleIDDLS - modID: 2, override dls: AE
06-09 00:01:03.850 145 201 D CalSvcd : getModuleIDPartNumber - modID: 3, override partnumber: 23362129
06-09 00:01:03.851 145 202 D CalSvcd : getModuleIDDLS - modID: 3, override dls: AE
06-09 00:01:03.851 145 145 D CalSvcd : getModuleIDPartNumber - modID: 4, override partnumber: 23362126
06-09 00:01:03.852 145 201 D CalSvcd : getModuleIDDLS - modID: 4, override dls: AE
06-09 00:01:03.852 145 202 D CalSvcd : getModuleIDPartNumber - modID: 5, override partnumber: 23362125
06-09 00:01:03.853 145 145 D CalSvcd : getModuleIDDLS - modID: 5, override dls: AE
06-09 00:01:03.853 145 201 D CalSvcd : getModuleIDPartNumber - modID: 6, override partnumber: 23362124
06-09 00:01:03.991 309 309 D keystore_ext: Message cmd(getPasscode) size(272) sent to kernel(unit 22)
06-09 00:01:03.991 309 309 D keystore_ext: Waiting for message from kernel(unit 22)
06-09 00:01:04.001 725 725 I DCS : Power Mode Intent received -> State : 5
06-09 00:01:04.053 144 144 E BOOT-TIME|: Screen Ready at |17826
06-09 00:01:06.147 1565 1565 E libprocessgroup: failed to make and chown /acct/uid_1000: Read-only file system
06-09 00:01:06.364 1333 1333 E KPI-HomeScreen| : calls setScreenReady() | 20137
06-09 00:01:06.367 141 223 E KPI-BOOT|: Animation going to execute event: HIDE_ANIMATION at |20141
06-09 00:01:06.368 144 144 E BOOT-TIME|: Screen Ready at |20141
06-09 00:01:06.398 1588 1588 E libprocessgroup: failed to make and chown /acct/uid_10053: Read-only file system
06-09 00:01:06.744 226 310 D GMSecurity: waiting for boot complete
06-09 00:01:07.448 1333 1333 E KPI-HomeScreen| : HomeScreen show last visible page done | 21221
06-09 00:01:07.686 1323 1547 E KPI-AUDIO|: register with SDR Manager,PID=1323,at|21459
06-09 00:01:07.688 1323 1547 E KPI-AUDIO|: AudioState going to restore at|21461
06-09 00:01:07.688 1323 1547 E KPI-AUDIO|: AudioState call setupPlaybackForMode at|21461
06-09 00:01:07.711 1323 1547 E KPI-AUDIO|: AudioState executeSetup at|21485, PID=1323
06-09 00:01:07.712 1323 1547 E KPI-AUDIO|: audio focus request posted at|21485
06-09 00:01:07.715 1323 1494 E KPI-AUDIO|: audio focus task begin at|21488(PID:1323, TID:1494, obj=com.gm.gmaudio.controller.AudioAppController$AudioFocusRunnable@62f47396)
06-09 00:01:07.718 1323 1494 E KPI-AUDIO|: audio focus request execute at|21491(PID:1323, TID:1494, obj=com.gm.gmaudio.controller.AudioAppController$AudioFocusRunnable@62f47396)
06-09 00:01:07.732 1323 1547 E KPI-AUDIO|: AudioState return from restore at|21505,isRestoreSuccess=true, PID=1323 Diff :1742
06-09 00:01:07.746 226 310 D GMSecurity: waiting for boot complete
06-09 00:01:07.786 405 845 W ContextImpl: Calling a method in the system process without a qualified user: android.app.ContextImpl.sendBroadcast:763 com.android.server.audio.ModeManager.doSendSourceChangeUpdate:337 com.android.server.audio.MediaFocusControl$MediaEventHandler.handleMessage:472 android.os.Handler.dispatchMessage:102 android.os.Looper.loop:148
06-09 00:01:07.786 1323 1494 E KPI-AUDIO|: audio focus request returned at|21559(PID:1323, TID:1494, obj=com.gm.gmaudio.controller.AudioAppController$AudioFocusRunnable@62f47396)
06-09 00:01:07.786 1323 1494 E KPI-AUDIO|: audio focus request state = 1 at|21559
06-09 00:01:07.795 1323 1494 E KPI-AUDIO|: start play SDR at|21568, PID=1323, PowerMode :5
06-09 00:01:07.834 1323 1721 E KPI-AUDIO|: onPlay of SDR is called,PID=1323, at|21607,result=true
06-09 00:01:07.845 405 479 W ContextImpl: Calling a method in the system process without a qualified user: android.app.ContextImpl.sendBroadcast:763 com.android.server.am.ActivityManagerService.finishBooting:6460 com.android.server.am.ActivityManagerService$MainHandler.handleMessage:1917 android.os.Handler.dispatchMessage:102 android.os.Looper.loop:148
06-09 00:01:07.846 405 479 I SystemServiceManager: Starting phase 1000
06-09 00:01:07.856 405 479 W KeyguardServiceDelegate: onScreenTurningOn(): no keyguard service!
06-09 00:01:07.863 405 405 E NetdConnector: NDC Command {8 strict enable} took too long (3912ms)
06-09 00:01:07.865 405 856 E NetdConnector: NDC Command {9 interface getcfg p2p0} took too long (2938ms)
06-09 00:01:07.867 405 856 E WifiP2pService: Unable to change interface settings: java.lang.IllegalStateException: command '10 interface setcfg p2p0 0.0.0.0 0 up' failed with '400 10 Failed to set address (No such device)'
06-09 00:01:07.867 405 856 D WifiP2pService: P2pEnablingState
06-09 00:01:07.867 405 856 D WifiP2pService: P2pEnablingState{ when=0 what=147457 target=com.android.internal.util.StateMachine$SmHandler }
06-09 00:01:07.867 405 856 D WifiP2pService: P2p socket connection successful
06-09 00:01:07.867 405 856 D WifiP2pService: P2pEnabledState
06-09 00:01:07.941 405 856 D WifiP2pService: sending p2p connection changed broadcast
06-09 00:01:07.949 405 856 D WifiP2pService: DeviceAddress: be:30:7e:9f:a1:29
06-09 00:01:07.970 725 977 E TcpInternetManager: getOnstarSubscription: getData failure.
06-09 00:01:07.978 405 856 D WifiP2pService: sending p2p persistent groups changed broadcast
06-09 00:01:07.978 405 856 D WifiP2pService: InactiveState
06-09 00:01:08.092 1367 1428 D HomescreenP13NBundle: NumOfPage=10,NumOfItemsPerPage=8
06-09 00:01:08.103 405 405 W WallpaperManagerService: Attempted wallpaper ComponentInfo{com.android.systemui/com.android.systemui.ImageWallpaper} is unavailable
06-09 00:01:08.103 405 405 W WallpaperManagerService: Failure starting previous wallpaper
06-09 00:01:08.104 405 405 W WallpaperManagerService: Attempted wallpaper ComponentInfo{com.android.systemui/com.android.systemui.ImageWallpaper} is unavailable
06-09 00:01:08.104 405 405 E WallpaperManagerService: Default wallpaper component not found!
06-09 00:01:08.105 405 405 E InputMethodManagerService: Ignoring updateSystemUiLocked due to an invalid token. uid:1000 token:null
06-09 00:01:08.148 405 405 I ActivityManager: Start proc 1742:com.android.inputmethod.latin/u0a45 for service com.android.inputmethod.latin/.LatinIME
06-09 00:01:08.149 405 405 V InputMethodManagerService: Adding window token: android.os.Binder@5370c17
06-09 00:01:08.149 405 1343 I ActivityManager: START u0 {act=com.gm.tcps.ACTION_PRESENT_DEMO_MODE_DIALOG cat=[android.intent.category.DEFAULT] typ=text/plain flg=0x10000000 cmp=com.gm.tcps/.view.impl.DemoAckActivity} from uid 10025 on display 0
06-09 00:01:08.152 405 1343 D DrivingModeHelper: Init driving mode helper done for stack ActivityStack{289afe9 stackId=1, 0 tasks}
06-09 00:01:08.163 405 700 V WiredAccessoryManager: init()
06-09 00:01:08.164 405 405 I MmsServiceBroker: Delay connecting to MmsService until an API is called
06-09 00:01:08.172 405 405 D MountService: onStartUser 0
06-09 00:01:08.172 405 405 D VoldConnector: SND -> {6 volume user_started 0}
06-09 00:01:08.176 105 126 D vold : Linking /storage/emulated/0 to /mnt/user/0/primary
06-09 00:01:08.177 405 721 D VoldConnector: RCV <- {200 6 Command succeeded}
06-09 00:01:08.178 405 720 D MountService: Volume emulated broadcasting mounted to UserHandle{0}
06-09 00:01:08.188 405 405 I SystemServer: Enabled StrictMode for system server main thread.
06-09 00:01:08.206 405 405 W InputMethodManagerService: Focus gain on non-focused client android.view.inputmethod.InputMethodManager$1@69b9d1d (uid=1000 pid=405)
06-09 00:01:08.248 1742 1742 E libprocessgroup: failed to make and chown /acct/uid_10045: Read-only file system
06-09 00:01:08.263 405 405 D Telecom : TelecomService: onBind
06-09 00:01:08.304 405 405 V Telecom : BluetoothManager: isBluetoothAvailable()...
06-09 00:01:08.304 405 405 V Telecom : BluetoothManager: ==> false
06-09 00:01:08.308 405 405 V Telecom : TtyManager: isTtySupported: false
06-09 00:01:08.308 405 405 V Telecom : TtyManager: updateCurrentTtyMode, 0 -> 0
06-09 00:01:08.311 405 405 D Telecom : ProximitySensorManager: onCreate: mProximityWakeLock:
06-09 00:01:08.324 405 405 D Telecom : MissedCallNotifierImpl: updateOnStartup()...
06-09 00:01:08.332 405 405 D Telecom : BluetoothPhoneServiceImpl: onCreate
06-09 00:01:08.348 405 1761 I ActivityManager: Start proc 1762:android.process.acore/u0a1 for content provider com.android.providers.contacts/.CallLogProvider
06-09 00:01:08.349 405 405 I Telecom : Class: TelecomSystem.INSTANCE being set
06-09 00:01:08.350 405 405 W ContextImpl: Calling a method in the system process without a qualified user: android.app.ContextImpl.startService:1221 android.content.ContextWrapper.startService:581 com.android.server.telecom.components.TelecomService.initializeTelecomSystem:111 com.android.server.telecom.components.TelecomService.onBind:50 android.app.ActivityThread.handleBindService:2904
06-09 00:01:08.350 405 405 I Telecom : TelecomService: initializeTelecomSystem, reset TTY Mode to default: 0
06-09 00:01:08.437 1762 1762 E libprocessgroup: failed to make and chown /acct/uid_10001: Read-only file system
06-09 00:01:08.458 405 405 W AppWidgetServiceImpl: Failed to read state: java.io.FileNotFoundException: /data/system/users/0/appwidgets.xml: open failed: ENOENT (No such file or directory)
06-09 00:01:08.458 405 405 V AppWidgetServiceImpl: Upgrading widget database from 0 to 1
06-09 00:01:08.461 405 405 I ActivityManager: AMS systemReady : onReceive WKSReady enabled boolean wksready mIsUserSwitchDone: true
06-09 00:01:08.462 405 405 I ActivityManager: AMS loadPersistentApps
06-09 00:01:08.491 405 405 I ActivityManager: Start proc 1791:com.gm.tbt.common/1000 for added application com.gm.tbt.common
06-09 00:01:08.526 405 405 I ActivityManager: Start proc 1804:com.gm.trailer/u0a16 for added application com.gm.trailer
06-09 00:01:08.565 405 405 I ActivityManager: Start proc 1810:com.android.nfc/1027 for added application com.android.nfc
06-09 00:01:08.594 1323 1494 E KPI-AUDIOAPP|: Tuner Started | Waveband : FM | System uptime : 22367
06-09 00:01:08.597 1791 1791 E libprocessgroup: failed to make and chown /acct/uid_1000: Read-only file system
06-09 00:01:08.599 1804 1804 E libprocessgroup: failed to make and chown /acct/uid_10016: Read-only file system
06-09 00:01:08.629 405 405 I ActivityManager: Start proc 1831:com.xxxxxx.camera/1000 for added application com.xxxxxx.camera
06-09 00:01:08.766 1864 1864 D GMSecurity: child process starting: /system/bin/am
06-09 00:01:08.767 1831 1831 E libprocessgroup: failed to make and chown /acct/uid_1000: Read-only file system
06-09 00:01:08.791 405 405 I ActivityManager: Start proc 1871:com.gm.cluster/1000 for added application com.gm.cluster
06-09 00:01:08.848 405 405 I ActivityManager: Start proc 1887:com.gm.hvac/u0a39 for added application com.gm.hvac
06-09 00:01:08.887 1871 1871 E libprocessgroup: failed to make and chown /acct/uid_1000: Read-only file system
06-09 00:01:08.924 405 405 I ActivityManager: Start proc 1903:com.android.phone/1001 for added application com.android.phone
06-09 00:01:08.959 405 405 I ActivityManager: Start proc 1918:com.gm.drivingmode.service/1000 for added application com.gm.drivingmode.service
06-09 00:01:08.967 1887 1887 E libprocessgroup: failed to make and chown /acct/uid_10039: Read-only file system
06-09 00:01:08.984 405 447 I ActivityManager: Start proc 1927:com.gm.appshopupdater/u0a9 for broadcast com.gm.appshopupdater/.broadcast.UserLoginBroadcastReceiver
06-09 00:01:08.986 725 977 E TcpInternetManager: getOnstarSubscription: getData failure.
06-09 00:01:09.005 1323 1494 E KPI-AUDIO|: Request Audio Focus Granted on callbackOnAudioFocusSuccess, Focus state 1 | 22778 PID= 1323
06-09 00:01:09.005 1323 1494 E KPI-AUDIO|: audio focus request state = 1 at|22778
06-09 00:01:09.008 1903 1903 E libprocessgroup: failed to make and chown /acct/uid_1001: Read-only file system
06-09 00:01:09.008 1323 1494 E KPI-AUDIO|: start play SDR at|22778, PID=1323, PowerMode :5
06-09 00:01:09.025 405 481 W WindowManager: Keyguard drawn timeout. Setting mKeyguardDrawComplete
06-09 00:01:09.037 1918 1918 E libprocessgroup: failed to make and chown /acct/uid_1000: Read-only file system
06-09 00:01:09.049 1323 1494 E KPI-AUDIOAPP|: Tuner Started | Waveband : FM | System uptime : 22823
06-09 00:01:09.067 1323 1494 E KPI-AUDIO|: calling callbackOnAudioFocusSuccess, Focus state 1 | 22840:(PID:1323, TID:1494, obj=com.gm.gmaudio.controller.AudioAppController$AudioFocusRunnable@62f47396)
06-09 00:01:09.141 1323 1947 E KPI-AUDIO|: onPlay of SDR is called,PID=1323, at|22915,result=true
06-09 00:01:09.159 1816 1816 W ContextImpl: Calling a method in the system process without a qualified user: android.app.ContextImpl.startService:1221 android.content.ContextWrapper.startService:581 com.gm.android.gmnuanceproxy.GMNuanceProxyApplication.onCreate:35 android.app.Instrumentation.callApplicationOnCreate:1013 android.app.ActivityThread.handleBindApplication:4707
06-09 00:01:09.207 1927 1927 E libprocessgroup: failed to make and chown /acct/uid_10009: Read-only file system
06-09 00:01:09.244 405 405 D DomainServiceManager: SYSTEM_BOOT_COMPLTED_ACTION Received...
06-09 00:01:09.248 405 1975 I DomainServiceManager: Phase 4 done at 23021
06-09 00:01:09.249 405 702 D DomainServiceManager: Phase 5 start requested at 23022
06-09 00:01:09.249 725 1167 I DomainServiceController: Starting com.gm.server.audiochime.AudioChimeService
06-09 00:01:09.250 725 1167 W DomainServiceController: Domain Service: com.gm.server.audiochime.AudioChimeService of phase5 took 0 to get ready.
06-09 00:01:09.251 763 793 I DomainServiceController: Starting com.gm.server.phoneprojection.PhoneProjectionService
06-09 00:01:09.255 763 793 I DomainServiceController: Starting com.gm.server.carplay.service.CarPlayService
06-09 00:01:09.259 763 793 I DomainServiceController: Starting com.gm.server.gal.service.GALService
06-09 00:01:09.264 763 793 I DomainServiceController: Starting com.gm.server.carlife.service.CLService
06-09 00:01:09.264 763 793 I DomainServiceController: Starting com.gm.server.screenprojection.RemoteDeviceService.RemoteDeviceService
06-09 00:01:09.272 763 793 I DomainServiceController: Starting com.gm.server.wlanservice.WlanService
06-09 00:01:09.272 763 793 I DomainServiceController: Starting com.gm.server.lvm.StartLvmService
06-09 00:01:09.308 405 405 V BackupManagerService: Connected to transport ComponentInfo{android/com.android.internal.backup.LocalTransportService}
06-09 00:01:09.308 405 405 V BackupManagerService: Registering transport android/com.android.internal.backup.LocalTransportService::android/com.android.internal.backup.LocalTransport = android.app.backup.BackupTransport$TransportImpl@14abf9f
06-09 00:01:09.847 405 1260 I ActivityManager: Start proc 2021:com.gm.spn/u0a12 for broadcast com.gm.spn/.broadcast.SPNIntentReceiver
06-09 00:01:10.358 1367 1663 W ActivityThread: ClassLoader.loadClass: The class loader returned by Thread.getContextClassLoader() may fail for processes that host multiple applications. You should explicitly specify a context class loader. For example: Thread.setContextClassLoader(getClass().getClassLoader());
06-09 00:01:11.987 1903 1903 D MccTable: updateMccMncConfiguration mccmnc='12345' fromServiceState=false
06-09 00:01:11.989 1903 1903 D MccTable: updateMccMncConfiguration defaultMccMnc=
06-09 00:01:11.989 1903 1903 D MccTable: updateMccMncConfiguration: mcc=123, mnc=45
06-09 00:01:11.990 1903 1903 D MccTable: updateMccMncConfiguration nothing to update
06-09 00:01:12.006 725 977 E TcpInternetManager: getOnstarSubscription: getData failure.
06-09 00:01:12.183 1903 1903 D MccTable: updateMccMncConfiguration mccmnc='12345' fromServiceState=false
06-09 00:01:12.187 1903 1903 D MccTable: updateMccMncConfiguration defaultMccMnc=12345
06-09 00:01:12.187 1903 1903 D MccTable: updateMccMncConfiguration: mcc=123, mnc=45
