06-09 00:12:57.645 3884 3884 W art : b4dc9000-b57e9000 r-xp 00000000 b3:06 1183 /system/lib/libLLVM.so
06-09 00:12:57.645 3884 3884 W art : b57e9000-b57ea000 ---p 00000000 00:00 0
06-09 00:12:57.645 3884 3884 W art : b57ea000-b5833000 r--p 00a20000 b3:06 1183 /system/lib/libLLVM.so
06-09 00:12:57.645 3884 3884 W art : b5833000-b5834000 rw-p 00a69000 b3:06 1183 /system/lib/libLLVM.so
06-09 00:12:57.645 3884 3884 W art : b5834000-b583c000 rw-p 00000000 00:00 0
06-09 00:12:57.645 3884 3884 W art : b583c000-b583d000 r--p 00000000 00:00 0 [anon:linker_alloc]
06-09 00:12:57.645 3884 3884 W art : b583d000-b5873000 r-xp 00000000 b3:06 1233 /system/lib/libbcinfo.so
06-09 00:12:57.645 3884 3884 W art : b5873000-b5874000 r--p 00035000 b3:06 1233 /system/lib/libbcinfo.s
06-09 00:12:57.645 3884 3884 W art : o
06-09 00:12:57.645 3884 3884 W art : b5874000-b5875000 rw-p 00036000 b3:06 1233 /system/lib/libbcinfo.so
06-09 00:12:57.645 3884 3884 W art : b5875000-b58cd000 r-xp 00000000 b3:06 1232 /system/lib/libbcc.so
06-09 00:12:57.645 3884 3884 W art : b58cd000-b58ce000 ---p 00000000 00:00 0
06-09 00:12:57.645 3884 3884 W art : b58ce000-b58cf000 r--p 00058000 b3:06 1232 /system/lib/libbcc.so
06-09 00:12:57.645 3884 3884 W art : b58cf000-b58d0000 rw-p 00059000 b3:06 1232 /system/lib/libbcc.so
06-09 00:12:57.645 3884 3884 W art : b58d0000-b58da000 r-xp 00000000 b3:06 1247 /system/lib/libcommon_time_client.so
06-09 00:12:57.645 3884 3884 W art : b58da000-b58dd000 r--p 00009000 b3:06 1247 /system/lib/libcommon_time_client.so
06-09 00:12:57.645 3884 3884 W art : b58dd000-b58d
06-09 00:12:57.645 3884 3884 W art : e000 rw-p 0000c000 b3:06 1247 /system/lib/libcommon_time_client.so
06-09 00:12:57.645 3884 3884 W art : b58de000-b58df000 r--p 00000000 00:00 0
06-09 00:12:57.645 3884 3884 W art : b58df000-b58f6000 r-xp 00000000 b3:06 1458 /system/lib/libprotobuf-cpp-lite.so
06-09 00:12:57.645 3884 3884 W art : b58f6000-b58f7000 ---p 00000000 00:00 0
06-09 00:12:57.645 3884 3884 W art : b58f7000-b58f8000 r--p 00017000 b3:06 1458 /system/lib/libprotobuf-cpp-lite.so
06-09 00:12:57.645 3884 3884 W art : b58f8000-b58f9000 rw-p 00018000 b3:06 1458 /system/lib/libprotobuf-cpp-lite.so
06-09 00:12:57.645 3884 3884 W art : b58f9000-b5900000 r-xp 00000000 b3:06 1500 /system/lib/libstagefright_avc_common.so
06-09 00:12:57.645 3884 3884 W art : b5900000-b5901000 r--p 00006000 b3:06 1500 /system/lib/libstagefright_avc_common.so
06-09 00:12:57.645 3884 3884 W art : b5901000-b5902000 rw-p 00007000 b3:06 1500 /system/lib/libstagefright_avc_common.so
06-09 00:12:57.645 3884 3884 W art : b5902000-b5905000 r-xp 00000000 b3:06 1501 /system/lib/libstagefright_enc_common.so
06-09 00:12:57.645 3884 3884 W art : b5905000-b5906000 r--p 00002000 b3:06 1501 /system/lib/libstagefright_enc_common.so
06-09 00:12:57.646 3884 3884 W art : b5906000-b5907000 rw-p 00003000 b3:06 1501 /system/lib/libstagefright_enc_common.so
06-09 00:12:57.646 3884 3884 W art : b5907000-b590b000 r-xp 00000000 b3:06 1455 /system/lib/libpowermanager.so
06-09 00:12:57.646 3884 3884 W art : b590b000-b590c000 ---p 00000000 00:00 0
06-09 00:12:57.646 3884 3884 W art : b590c000-b590d000 r--p 00004000 b3:06 1455 /system/lib/libpowermanager.so
06-09 00:12:57.646 3884 3884 W art : b590d000-b590e000 rw-p 00005000 b3:06 1455 /system/lib/libpowermanager.so
06-09 00:12:57.646 3884 3884 W art : b590e000-b592b000 r-xp 00000000 b3:06 1590 /system/lib/libvorbisidec.so
06-09 00:12:57.646 3884 3884 W art : b592b000-b592c000 r--p 0001c000 b3:06 1590 /system/lib/libvorbisidec.so
06-09 00:12:57.646 3884 3884 W art : b592c000-b592d000 rw-p 0001d000 b3:06 1590 /system/lib/libvorbisidec.so
06-09 00:12:57.646 3884 3884 W art : b592d000-b5932000 r-xp 00000000 b3:06 1527 /system/lib/libstagefright_yuv.so
06-09 00:12:57.646 3884 3884 W art : b5932000-b5933000 r--p 00004000 b3:06 1527 /system/lib/libstagefright_yuv.so
06-09 00:12:57.646 3884 3884 W art : b5933000-b5934000 rw-p 00005000 b3:06 1527 /system/lib/libstagefright_yuv.so
06-09 00:12:57.646 3884 3884 W art : b5934000-b5935000 r--p 00000000 00:00 0 [anon:linker_alloc]
06-09 00:12:57.646 3884 3884 W art : b5935000-b5962000 r-xp 00000000 b3:06 1505 /system/lib/libstagefright_omx.so
06-09 00:12:57.646 3884 3884 W art : b5962000-b5963000 ---p 00000000 00:00 0
06-09 00:12:57.646 3884 3884 W art : b5963000-b5966000 r--p 0002d000 b3:06 1505 /system/lib/libstagefright_omx.so
06-09 00:12:57.646 3884 3884 W art : b5966000-b5967000 rw-p 00030000 b3:06 1505 /system/lib/libstagefright_omx.so
06-09 00:12:57.646 3884 3884 W art : b5967000-b59a2000 r-xp 00000000 b3:06 1437 /system/lib/libopus.so
06-09 00:12:57.646 3884 3884 W art : b59a2000-b59a3000 r--p 0003a000 b3:06 1437 /system/lib/libopus.so
06-09 00:12:57.646 3884 3884 W art : b59a3000-b59a4000 rw-p 0003b000 b3:06 1437 /system/lib/libopus.so
06-09 00:12:57.646 3884 3884 W art : b59a4000-b59ab000 r-xp 00000000 b3:06 1369 /system/lib/libmediautils.so
06-09 00:12:57.646 3884 3884 W art : b59ab000-b59ac000 ---p 00000000 00:00 0
06-09 00:12:57.646 3884 3884 W art : b59ac000-b59ad000 r--p 00007000 b3:06 1369 /system/lib/libmediautils.so
06-09 00:12:57.646 3884 3884 W art : b59ad000-b59ae000 rw-p 00008000 b3:06 1369 /system/lib/libmediautils.so
06-09 00:12:57.646 3884 3884 W art : b59ae000-b59c3000 r-xp 00000000 b3:06 1281 /system/lib/libdrmframework.so
06-09 00:12:57.646 3884 3884 W art : b59c3000-b59c4000 ---p 00000000 00:00 0
06-09 00:12:57.646 3884 3884 W art : b59c4000-b59c7000 r--p 00015000 b3:06 1281 /system/lib/libdrmframework.so
06-09 00:12:57.646 3884 3884 W art : b59c7000-b59c8000 rw-p 00018000 b3:06 1281 /system/lib/libdrmframework.so
06-09 00:12:57.646 3884 3884 W art : b59c8000-b59e7000 r-xp 00000000 b3:06 1200 /system/lib/libRScpp.so
06-09 00:12:57.646 3884 3884 W art : b59e7000-b59e8000 r--p 0001e000 b3:06 1200 /system/lib/libRScpp.so
06-09 00:12:57.646 3884 3884 W art : b59e8000-b59e9000 rw-p 0001f000 b3:06 1200 /system/lib/libRScpp.so
06-09 00:12:57.646 3884 3884 W art : b59e9000-b5a27000 r-xp 00000000 b3:06 1197 /system/lib/libRS.so
06-09 00:12:57.646 3884 3884 W art : b5a27000-b5a28000 ---p 00000000 00:00 0
06-09 00:12:57.646 3884 3884 W art : b5a28000-b5a2a000 r--p 0003e000 b3:06 1197 /system/lib/libRS.so
06-09 00:12:57.646 3884 3884 W art : b5a2a000-b5a2b000 rw-p 00040000 b3:06 1197 /system/lib/libRS.so
06-09 00:12:57.646 3884 3884 W art : b5a2b000-b5a32000 r-xp 00000000 b3:06 1490 /system/lib/libspeexresampler.so
06-09 00:12:57.646 3884 3884 W art : b5a32000-b5a33000 r--p 00006000 b3:06 1490 /system/lib/libspeexresampler.so
06-09 00:12:57.646 3884 3884 W art : b5a33000-b5a34000 rw-p 00007000 b3:06 1490 /system/lib/libspeexresampler.so
06-09 00:12:57.646 3884 3884 W art : b5a34000-b5a3d000 r-xp 00000000 b3:06 1380 /system/lib/libnbaio.so
06-09 00:12:57.646 3884 3884 W art : b5a3d000-b5a3e000 r--p 00008000 b3:06 1380 /system/lib/libnbaio.so
06-09 00:12:57.646 3884 3884 W art : b5a3e000-b5a3f000 rw-p 00009000 b3:06 1380 /system/lib/libnbaio.so
06-09 00:12:57.646 3884 3884 W art : b5a3f000-b5a51000 r-xp 00000000 b3:06 1448 /system/lib/libpcre.so
06-09 00:12:57.646 3884 3884 W art : b5a51000-b5a52000 r--p 00011000 b3:06 1448 /system/lib/libpcre.so
06-09 00:12:57.646 3884 3884 W art : b5a52000-b5a53000 rw-p 00012000 b3:06 1448 /system/lib/libpcre.so
06-09 00:12:57.646 3884 3884 W art : b5a53000-b5a55000 r--p 00000000 00:00 0 [anon:linker_alloc]
06-09 00:12:57.646 3884 3884 W art : b5a55000-b5a5a000 r-xp 00000000 b3:06 1597 /system/lib/libwpa_client.so
06-09 00:12:57.647 3884 3884 W art : b5a5a000-b5a5b000 r--p 00004000 b3:06 1597 /system/lib/libwpa_client.so
06-09 00:12:57.647 3884 3884 W art : b5a5b000-b5a5c000 rw-p 00005000 b3:06 1597 /system/lib/libwpa_client.so
06-09 00:12:57.647 3884 3884 W art : b5a5c000-b5ac9000 r-xp 00000000 b3:06 1178 /system/lib/libGLES_trace.so
06-09 00:12:57.647 3884 3884 W art : b5ac9000-b5aca000 ---p 00000000 00:00 0
06-09 00:12:57.647 3884 3884 W art : b5aca000-b5acc000 r--p 0006d000 b3:06 1178 /system/lib/libGLES_trace.so
06-09 00:12:57.647 3884 3884 W art : b5acc000-b5acd000 rw-p 0006f000 b3:06 1178 /system/lib/libGLES_trace.so
06-09 00:12:57.647 3884 3884 W art : b5acd000-b5b2e000 r-xp 00000000 b3:06 1299 /system/lib/libft2.so
06-09 00:12:57.647 3884 3884 W art : b5b2e000-b5b30000 r--p 00060000 b3:06 1299 /system/lib/libft2.so
06-09 00:12:57.647 3884 3884 W art : b5b30000-b5b31000 rw-p 00062000 b3:06 1299 /system/lib/libft2.so
06-09 00:12:57.647 3884 3884 W art : b5b31000-b5b58000 r-xp 00000000 b3:06 1453 /system/lib/libpng.so
06-09 00:12:57.647 3884 3884 W art : b5b58000-b5b59000 ---p 00000000 00:00 0
06-09 00:12:57.647 3884 3884 W art : b5b59000-b5b5a000 r--p 00027000 b3:06 1453 /system/lib/libpng.so
06-09 00:12:57.647 3884 3884 W art : b5b5a000-b5b5b000 rw-p 00028000 b3:06 1453 /system/lib/libpng.so
06-09 00:12:57.647 3884 3884 W art : b5b5b000-b5b5e000 r-xp 00000000 b3:06 1534 /system/lib/libsync.so
06-09 00:12:57.647 3884 3884 W art : b5b5e000-b5b5f000 r--p 00002000 b3:06 1534 /system/lib/libsync.so
06-09 00:12:57.647 3884 3884 W art : b5b5f000-b5b60000 rw-p 00003000 b3:06 1534 /system/lib/libsync.so
06-09 00:12:57.647 3884 3884 W art : b5b60000-b5b65000 r-xp 00000000 b3:06 1529 /system/lib/libstdc++.so
06-09 00:12:57.647 3884 3884 W art : b5b65000-b5b66000 r--p 00004000 b3:06 1529 /system/lib/libstdc++.so
06-09 00:12:57.647 3884 3884 W art : b5b66000-b5b67000 rw-p 00005000 b3:06 1529 /system/lib/libstdc++.so
06-09 00:12:57.647 3884 3884 W art : b5b67000-b5b77000 r-xp 00000000 b3:06 1551 /system/lib/libunwind.so
06-09 00:12:57.647 3884 3884 W art : b5b77000-b5b78000 r--p 0000f000 b3:06 1551 /system/lib/libunwind.so
06-09 00:12:57.647 3884 3884 W art : b5b78000-b5b79000 rw-p 00010000 b3:06 1551 /system/lib/libunwind.so
06-09 00:12:57.647 3884 3884 W art : b5b79000-b5bbf000 rw-p 00000000 00:00 0
06-09 00:12:57.647 3884 3884 W art : b5bbf000-b5bc8000 r-xp 00000000 b3:06 1231 /system/lib/libbase.so
06-09 00:12:57.647 3884 3884 W art : b5bc8000-b5bc9000 r--p 00008000 b3:06 1231 /system/lib/libbase.so
06-09 00:12:57.647 3884 3884 W art : b5bc9000-b5bca000 rw-p 00009000 b3:06 1231 /system/lib/libbase.so
06-09 00:12:57.647 3884 3884 W art : b5bca000-b5bcf000 r-xp 00000000 b3:06 1283 /system/lib/libeffects.so
06-09 00:12:57.647 3884 3884 W art : b5bcf000-b5bd0000 r--p 00004000 b3:06 1283 /system/lib/libeffects.so
06-09 00:12:57.647 3884 3884 W art : b5bd0000-b5bd1000 rw-p 00005000 b3:06 1283 /system/lib/libeffects.so
06-09 00:12:57.647 3884 3884 W art : b5bd1000-b5bd2000 r--p 00000000 00:00 0 [anon:linker_alloc]
06-09 00:12:57.647 3884 3884 W art : b5bd2000-b5bd5000 r-xp 00000000 b3:06 1503 /system/lib/libstagefright_http_support.so
06-09 00:12:57.647 3884 3884 W art : b5bd5000-b5bd6000 ---p 00000000 00:00 0
06-09 00:12:57.647 3884 3884 W art : b5bd6000-b5bd7000 r--p 00003000 b3:06 1503 /system/lib/libstagefright_http_support.so
06-09 00:12:57.647 3884 3884 W art : b5bd7000-b5bd8000 rw-p 00004000 b3:06 1503 /system/lib/libstagefright_http_support.so
06-09 00:12:57.647 3884 3884 W art : b5bd8000-b5bf0000 r-xp 00000000 b3:06 1502 /system/lib/libstagefright_foundation.so
06-09 00:12:57.647 3884 3884 W art : b5bf0000-b5bf1000 ---p 00000000 00:00 0
06-09 00:12:57.647 3884 3884 W art : b5bf1000-b5bf2000 r--p 00018000 b3:06 1502 /system/lib/libstagefright_foundation.so
06-09 00:12:57.647 3884 3884 W art : b5bf2000-b5bf3000 rw-p 00019000 b3:06 1502 /system/lib/libstagefright_foundation.so
06-09 00:12:57.647 3884 3884 W art : b5bf3000-b5d41000 r-xp 00000000 b3:06 1498 /system/lib/libstagefright.so
06-09 00:12:57.647 3884 3884 W art : b5d41000-b5d4d000 r--p 0014d000 b3:06 1498 /system/lib/libstagefright.so
06-09 00:12:57.647 3884 3884 W art : b5d4d000-b5d4e000 rw-p 00159000 b3:06 1498 /system/lib/libstagefright.so
06-09 00:12:57.647 3884 3884 W art : b5d4e000-b5db9000 r-xp 00000000 b3:06 1331 /system/lib/libhwui.so
06-09 00:12:57.647 3884 3884 W art : b5db9000-b5dba000 ---p 00000000 00:00 0
06-09 00:12:57.647 3884 3884 W art : b5dba000-b5dbd000 r--p 0006b000 b3:06 1331 /system/lib/libhwui.so
06-09 00:12:57.647 3884 3884 W art : b5dbd000-b5dbe000 rw-p 0006e000 b3:06 1331 /system/lib/libhwui.so
06-09 00:12:57.647 3884 3884 W art : b5dbe000-b5dc1000 r-xp 00000000 b3:06 1461 /system/lib/libradio_metadata.so
06-09 00:12:57.647 3884 3884 W art : b5dc1000-b5dc2000 r--p 00002000 b3:06 1461 /system/lib/libradio_metadata.so
06-09 00:12:57.647 3884 3884 W art : b5dc2000-b5dc3000 rw-p 00003000 b3:06 1461 /system/lib/libradio_metadata.so
06-09 00:12:57.647 3884 3884 W art : b5dc3000-b5dc7000 r-xp 00000000 b3:06 1376 /system/lib/libnativebridge.so
06-09 00:12:57.647 3884 3884 W art : b5dc7000-b5dc8000 r--p 00003000 b3:06 1376 /system/lib/libnativebridge.so
06-09 00:12:57.647 3884 3884 W art : b5dc8000-b5dc9000 rw-p 00004000 b3:06 1376 /system/lib/libnativebridge.so
06-09 00:12:57.648 3884 3884 W art : b5dc9000-b5dcd000 r-xp 00000000 b3:06 1456 /system/lib/libprocessgroup.so
06-09 00:12:57.648 3884 3884 W art : b5dcd000-b5dce000 r--p 00003000 b3:06 1456 /system/lib/libprocessgroup.so
06-09 00:12:57.648 3884 3884 W art : b5dce000-b5dcf000 rw-p 00004000 b3:06 1456 /system/lib/libprocessgroup.so
06-09 00:12:57.648 3884 3884 W art : b5dcf000-b5ddd000 r-xp 00000000 b3:06 1371 /system/lib/libminikin.so
06-09 00:12:57.648 3884 3884 W art : b5ddd000-b5dde000 ---p 00000000 00:00 0
06-09 00:12:57.648 3884 3884 W art : b5dde000-b5ddf000 r--p 0000e000 b3:06 1371 /system/lib/libminikin.so
06-09 00:12:57.648 3884 3884 W art : b5ddf000-b5de0000 rw-p 0000f000 b3:06 1371 /system/lib/libminikin.so
06-09 00:12:57.648 3884 3884 W art : b5de0000-b5dea000 r-xp 00000000 b3:06 1487 /system/lib/libsoundtrigger.so
06-09 00:12:57.648 3884 3884 W art : b5dea000-b5ded000 r--p 00009000 b3:06 1487 /system/lib/libsoundtrigger.so
06-09 00:12:57.648 3884 3884 W art : b5ded000-b5dee000 rw-p 0000c000 b3:06 1487 /system/lib/libsoundtrigger.so
06-09 00:12:57.648 3884 3884 W art : b5dee000-b5def000 r--p 00000000 00:00 0 [anon:linker_alloc]
06-09 00:12:57.648 3884 3884 W art : b5def000-b5df9000 r-xp 00000000 b3:06 1460 /system/lib/libradio.so
06-09 00:12:57.648 3884 3884 W art : b5df9000-b5dfc000 r--p 00009000 b3:06 1460 /system/lib/libradio.so
06-09 00:12:57.648 3884 3884 W art : b5dfc000-b5dfd000 rw-p 0000c000 b3:06 1460 /system/lib/libradio.so
06-09 00:12:57.648 3884 3884 W art : b5dfd000-b5e01000 r-xp 00000000 b3:06 1429 /system/lib/libnetd_client.so
06-09 00:12:57.648 3884 3884 W art : b5e01000-b5e02000 r--p 00003000 b3:06 1429 /system/lib/libnetd_client.so
06-09 00:12:57.648 3884 3884 W art : b5e02000-b5e03000 rw-p 00004000 b3:06 1429 /system/lib/libnetd_client.so
06-09 00:12:57.648 3884 3884 W art : b5e03000-b5e11000 r-xp 00000000 b3:06 1335 /system/lib/libimg_utils.so
06-09 00:12:57.648 3884 3884 W art : b5e11000-b5e13000 r--p 0000d000 b3:06 1335 /system/lib/libimg_utils.so
06-09 00:12:57.648 3884 3884 W art : b5e13000-b5e14000 rw-p 0000f000 b3:06 1335 /system/lib/libimg_utils.so
06-09 00:12:57.648 3884 3884 W art : b5e14000-b6226000 r-xp 00000000 b3:06 1449 /system/lib/libpdfium.so
06-09 00:12:57.648 3884 3884 W art : b6226000-b6227000 ---p 00000000 00:00 0
06-09 00:12:57.648 3884 3884 W art : b6227000-b6230000 r--p 00412000 b3:06 1449 /system/lib/libpdfium.so
06-09 00:12:57.648 3884 3884 W art : b6230000-b6234000 rw-p 0041b000 b3:06 1449 /system/lib/libpdfium.so
06-09 00:12:57.648 3884 3884 W art : b6234000-b6235000 rw-p 00000000 00:00 0
06-09 00:12:57.648 3884 3884 W art : b6235000-b623c000 r-xp 00000000 b3:06 1227 /system/lib/libaudioutils.so
06-09 00:12:57.648 3884 3884 W art : b623c000-b623d000 r--p 00006000 b3:06 1227 /system/lib/libaudioutils.so
06-09 00:12:57.648 3884 3884 W art : b623d000-b623e000 rw-p 00007000 b3:06 1227 /system/lib/libaudioutils.so
06-09 00:12:57.648 3884 3884 W art : b623e000-b6259000 r-xp 00000000 b3:06 1599 /system/lib/libz.so
06-09 00:12:57.648 3884 3884 W art : b6259000-b625a000 r--p 0001a000 b3:06 1599 /system/lib/libz.so
06-09 00:12:57.648 3884 3884 W art : b625a000-b625b000 rw-p 0001b000 b3:06 1599 /system/lib/libz.so
06-09 00:12:57.648 3884 3884 W art : b625b000-b625c000 rw-p 00000000 00:00 0 [anon:linker_alloc]
06-09 00:12:57.648 3884 3884 W art : b625c000-b62a8000 r-xp 00000000 b3:06 1327 /system/lib/libharfbuzz_ng.so
06-09 00:12:57.648 3884 3884 W art : b62a8000-b62a9000 r--p 0004b000 b3:06 1327 /system/lib/libharfbuzz_ng.so
06-09 00:12:57.648 3884 3884 W art : b62a9000-b62aa000 rw-p 0004c000 b3:06 1327 /system/lib/libharfbuzz_ng.so
06-09 00:12:57.648 3884 3884 W art : b62aa000-b62ae000 r-xp 00000000 b3:06 1555 /system/lib/libusbhost.so
06-09 00:12:57.648 3884 3884 W art : b62ae000-b62af000 ---p 00000000 00:00 0
06-09 00:12:57.648 3884 3884 W art : b62af000-b62b0000 r--p 00004000 b3:06 1555 /system/lib/libusbhost.so
06-09 00:12:57.648 3884 3884 W art : b62b0000-b62b1000 rw-p 00005000 b3:06 1555 /system/lib/libusbhost.so
06-09 00:12:57.648 3884 3884 W art : b62b1000-b62e9000 r-xp 00000000 b3:06 1353 /system/lib/libjpeg.so
06-09 00:12:57.648 3884 3884 W art : b62e9000-b62ea000 r--p 00037000 b3:06 1353 /system/lib/libjpeg.so
06-09 00:12:57.648 3884 3884 W art : b62ea000-b62eb000 rw-p 00038000 b3:06 1353 /system/lib/libjpeg.so
06-09 00:12:57.648 3884 3884 W art : b62eb000-b62ec000 r--p 00000000 00:00 0 [anon:linker_alloc]
06-09 00:12:57.648 3884 3884 W art : b62ec000-b6380000 r-xp 00000000 b3:06 1364 /system/lib/libmedia.so
06-09 00:12:57.648 3884 3884 W art : b6380000-b639c000 r--p 00093000 b3:06 1364 /system/lib/libmedia.so
06-09 00:12:57.648 3884 3884 W art : b639c000-b639d000 rw-p 000af000 b3:06 1364 /system/lib/libmedia.so
06-09 00:12:57.648 3884 3884 W art : b639d000-b6510000 r-xp 00000000 b3:06 1333 /system/lib/libicui18n.so
06-09 00:12:57.649 3884 3884 W art : b6510000-b651b000 r--p 00172000 b3:06 1333 /system/lib/libicui18n.so
06-09 00:12:57.649 3884 3884 W art : b651b000-b651c000 rw-p 0017d000 b3:06 1333 /system/lib/libicui18n.so
06-09 00:12:57.649 3884 3884 W art : b651c000-b6633000 r-xp 00000000 b3:06 1334 /system/lib/libicuuc.so
06-09 00:12:57.649 3884 3884 W art : b6633000-b663e000 r--p 00116000 b3:06 1334 /system/lib/libicuuc.so
06-09 00:12:57.649 3884 3884 W art : b663e000-b663f000 rw-p 00121000 b3:06 1334 /system/lib/libicuuc.so
06-09 00:12:57.649 3884 3884 W art : b663f000-b6643000 rw-p 00000000 00:00 0
06-09 00:12:57.649 3884 3884 W art : b6643000-b6666000 r-xp 00000000 b3:06 1497 /system/lib/libssl.so
06-09 00:12:57.649 3884 3884 W art : b6666000-b6668000 r--p 00022000 b3:06 1497 /system/lib/libssl.so
06-09 00:12:57.649 3884 3884 W art : b6668000-b6669000 rw-p 00024000 b3:06 1497 /system/lib/libssl.so
06-09 00:12:57.649 3884 3884 W art : b6669000-b66f9000 r-xp 00000000 b3:06 1253 /system/lib/libcrypto.so
06-09 00:12:57.649 3884 3884 W art : b66f9000-b66fa000 ---p 00000000 00:00 0
06-09 00:12:57.649 3884 3884 W art : b66fa000-b6705000 r--p 00090000 b3:06 1253 /system/lib/libcrypto.so
06-09 00:12:57.649 3884 3884 W art : b6705000-b6706000 rw-p 0009b000 b3:06 1253 /system/lib/libcrypto.so
06-09 00:12:57.649 3884 3884 W art : b6706000-b6759000 r-xp 00000000 b3:06 1485 /system/lib/libsonivox.so
06-09 00:12:57.649 3884 3884 W art : b6759000-b675a000 r--p 00052000 b3:06 1485 /system/lib/libsonivox.so
06-09 00:12:57.649 3884 3884 W art : b675a000-b675b000 rw-p 00053000 b3:06 1485 /system/lib/libsonivox.so
06-09 00:12:57.649 3884 3884 W art : b675b000-b6760000 rw-p 00000000 00:00 0
06-09 00:12:57.649 3884 3884 W art : b6760000-b676e000 r-xp 00000000 b3:06 1475 /system/lib/libselinux.so
06-09 00:12:57.649 3884 3884 W art : b676e000-b676f000 ---p 00000000 00:00 0
06-09 00:12:57.649 3884 3884 W art : b676f000-b6770000 r--p 0000e000 b3:06 1475 /system/lib/libselinux.so
06-09 00:12:57.649 3884 3884 W art : b6770000-b6771000 rw-p 0000f000 b3:06 1475 /system/lib/libselinux.so
06-09 00:12:57.649 3884 3884 W art : b6771000-b6778000 r-xp 00000000 b3:06 1326 /system/lib/libhardware_legacy.so
06-09 00:12:57.649 3884 3884 W art : b6778000-b6779000 r--p 00006000 b3:06 1326 /system/lib/libhardware_legacy.so
06-09 00:12:57.649 3884 3884 W art : b6779000-b677a000 rw-p 00007000 b3:06 1326 /system/lib/libhardware_legacy.so
06-09 00:12:57.649 3884 3884 W art : b677a000-b677b000 rw-p 00000000 00:00 0
06-09 00:12:57.649 3884 3884 W art : b677b000-b677e000 r-xp 00000000 b3:06 1325 /system/lib/libhardware.so
06-09 00:12:57.649 3884 3884 W art : b677e000-b677f000 r--p 00002000 b3:06 1325 /system/lib/libhardware.so
06-09 00:12:57.649 3884 3884 W art : b677f000-b6780000 rw-p 00003000 b3:06 1325 /system/lib/libhardware.so
06-09 00:12:57.649 3884 3884 W art : b6780000-b6784000 r-xp 00000000 b3:06 1176 /system/lib/libETC1.so
06-09 00:12:57.649 3884 3884 W art : b6784000-b6785000 r--p 00003000 b3:06 1176 /system/lib/libETC1.so
06-09 00:12:57.649 3884 3884 W art : b6785000-b6786000 rw-p 00004000 b3:06 1176 /system/lib/libETC1.so
06-09 00:12:57.649 3884 3884 W art : b6786000-b6793000 r-xp 00000000 b3:06 1180 /system/lib/libGLESv2.so
06-09 00:12:57.649 3884 3884 W art : b6793000-b6794000 r--p 0000c000 b3:06 1180 /system/lib/libGLESv2.so
06-09 00:12:57.649 3884 3884 W art : b6794000-b6795000 rw-p 0000d000 b3:06 1180 /system/lib/libGLESv2.so
06-09 00:12:57.649 3884 3884 W art : b6795000-b679d000 r-xp 00000000 b3:06 1179 /system/lib/libGLESv1_CM.so
06-09 00:12:57.649 3884 3884 W art : b679d000-b679e000 r--p 00007000 b3:06 1179 /system/lib/libGLESv1_CM.so
06-09 00:12:57.649 3884 3884 W art : b679e000-b679f000 rw-p 00008000 b3:06 1179 /system/lib/libGLESv1_CM.so
06-09 00:12:57.649 3884 3884 W art : b679f000-b67fb000 r-xp 00000000 b3:06 1175 /system/lib/libEGL.so
06-09 00:12:57.649 3884 3884 W art : b67fb000-b67fc000 ---p 00000000 00:00 0
06-09 00:12:57.649 3884 3884 W art : b67fc000-b67fe000 r--p 0005c000 b3:06 1175 /system/lib/libEGL.so
06-09 00:12:57.649 3884 3884 W art : b67fe000-b6807000 rw-p 0005e000 b3:06 1175 /system/lib/libEGL.so
06-09 00:12:57.649 3884 3884 W art : b6807000-b680a000 rw-p 00000000 00:00 0
06-09 00:12:57.649 3884 3884 W art : b680a000-b686c000 r-xp 00000000 b3:06 1491 /system/lib/libsqlite.so
06-09 00:12:57.649 3884 3884 W art : b686c000-b686e000 r--p 00061000 b3:06 1491 /system/lib/libsqlite.so
06-09 00:12:57.649 3884 3884 W art : b686e000-b686f000 rw-p 00063000 b3:06 1491 /system/lib/libsqlite.so
06-09 00:12:57.649 3884 3884 W art : b686f000-b6870000 rw-p 00000000 00:00 0
06-09 00:12:57.649 3884 3884 W art : b6870000-b6ac1000 r-xp 00000000 b3:06 1481 /system/lib/libskia.so
06-09 00:12:57.649 3884 3884 W art : b6ac1000-b6ac2000 ---p 00000000 00:00 0
06-09 00:12:57.649 3884 3884 W art : b6ac2000-b6adc000 r--p 00251000 b3:06 1481 /system/lib/libskia.so
06-09 00:12:57.650 3884 3884 W art : b6adc000-b6ade000 rw-p 0026b000 b3:06 1481 /system/lib/libskia.so
06-09 00:12:57.650 3884 3884 W art : b6ade000-b6ae2000 rw-p 00000000 00:00 0
06-09 00:12:57.650 3884 3884 W art : b6ae2000-b6aea000 r-xp 00000000 b3:06 1242 /system/lib/libcamera_metadata.so
06-09 00:12:57.650 3884 3884 W art : b6aea000-b6aeb000 r--p 00007000 b3:06 1242 /system/lib/libcamera_metadata.so
06-09 00:12:57.650 3884 3884 W art : b6aeb000-b6aec000 rw-p 00008000 b3:06 1242 /system/lib/libcamera_metadata.so
06-09 00:12:57.650 3884 3884 W art : b6aec000-b6b10000 r-xp 00000000 b3:06 1241 /system/lib/libcamera_client.so
06-09 00:12:57.650 3884 3884 W art : b6b10000-b6b11000 ---p 00000000 00:00 0
06-09 00:12:57.650 3884 3884 W art : b6b11000-b6b19000 r--p 00024000 b3:06 1241 /system/lib/libcamera_client.so
06-09 00:12:57.650 3884 3884 W art : b6b19000-b6b1a000 rw-p 0002c000 b3:06 1241 /system/lib/libcamera_client.so
06-09 00:12:57.650 3884 3884 W art : b6b1a000-b6b55000 r-xp 00000000 b3:06 1337 /system/lib/libinputflinger.so
06-09 00:12:57.650 3884 3884 W art : b6b55000-b6b56000 ---p 00000000 00:00 0
06-09 00:12:57.650 3884 3884 W art : b6b56000-b6b59000 r--p 0003b000 b3:06 1337 /system/lib/libinputflinger.so
06-09 00:12:57.650 3884 3884 W art : b6b59000-b6b5a000 rw-p 0003e000 b3:06 1337 /system/lib/libinputflinger.so
06-09 00:12:57.650 3884 3884 W art : b6b5a000-b6b74000 r-xp 00000000 b3:06 1336 /system/lib/libinput.so
06-09 00:12:57.650 3884 3884 W art : b6b74000-b6b78000 r--p 00019000 b3:06 1336 /system/lib/libinput.so
06-09 00:12:57.650 3884 3884 W art : b6b78000-b6b79000 rw-p 0001d000 b3:06 1336 /system/lib/libinput.so
06-09 00:12:57.650 3884 3884 W art : b6b79000-b6bc5000 r-xp 00000000 b3:06 1323 /system/lib/libgui.so
06-09 00:12:57.650 3884 3884 W art : b6bc5000-b6bc6000 ---p 00000000 00:00 0
06-09 00:12:57.650 3884 3884 W art : b6bc6000-b6bd2000 r--p 0004c000 b3:06 1323 /system/lib/libgui.so
06-09 00:12:57.651 1110 1340 I customAudioLoopback: writeRadioTrack(): Info: trackPtr: 0xB5A9A008, buffer Ptr: 0xB4E7F880
06-09 00:12:57.651 1110 1340 I customAudioLoopback: writeRadioTrack(): Info: track->trackEnabled: 1, track->audioTrack: 0xB5A9D000, track->trackRunning: 1, track->recovering: 0
06-09 00:12:57.651 1110 1340 I customAudioLoopback: writeRadioTrack(): Info: trackPtr: 0xB5A9A01C, buffer Ptr: 0xB4E7F880
06-09 00:12:57.651 1110 1340 I customAudioLoopback: writeRadioTrack(): Info: track->trackEnabled: 1, track->audioTrack: 0xB5A9D280, track->trackRunning: 0, track->recovering: 0
06-09 00:12:57.672 1110 1340 I customAudioLoopback: writeRadioTrack(): Info: trackPtr: 0xB5A9A008, buffer Ptr: 0xB4E7F880
06-09 00:12:57.672 1110 1340 I customAudioLoopback: writeRadioTrack(): Info: track->trackEnabled: 1, track->audioTrack: 0xB5A9D000, track->trackRunning: 1, track->recovering: 0
06-09 00:12:57.672 1110 1340 I customAudioLoopback: writeRadioTrack(): Info: trackPtr: 0xB5A9A01C, buffer Ptr: 0xB4E7F880
06-09 00:12:57.672 1110 1340 I customAudioLoopback: writeRadioTrack(): Info: track->trackEnabled: 1, track->audioTrack: 0xB5A9D280, track->trackRunning: 0, track->recovering: 0
06-09 00:12:57.678 405 1193 D xxxxxx_gps: process_ndr_data() sensorCnt:23275, sequenceNr:677, lat:0, lon:0, heading:9000
06-09 00:12:57.678 405 1193 D xxxxxx_gps: process_ndr_data() deltaHeading:-0.000000, speed:0, distance:878784, meter:0, DR timestamp:732147, utcTime:0
06-09 00:12:57.678 405 1193 E xxxxxx_gps: setGpsLocation(): Waiting for Valid Position
06-09 00:12:57.678 405 1193 D xxxxxx_gps: Time not Availible from Fix!
06-09 00:12:57.678 405 1193 D xxxxxx_gps: DR Time is 732147 at Utc Time 732147
06-09 00:12:57.678 405 1193 W LocationManagerService: Dropping incomplete location: Location[gps 0.000000,0.000000 acc=??? t=?!? et=?!? {Bundle[{antenna_state=0, satellites=0, DR_type=1, satellites_visible=0, accel_X=0.0, accel_Y=0.0, accel_Z=0.0, X_Error=50.0, lateralAccel=0.0, pitchAngle=0.0, deltaHeading=-0.0, acceleration=0.0, inverseCurve=0.0, sequenceNr=677, deltaDistance=0, hdop=0.0, pdop=0.0, vdop=0.0, timestamp=732147, speed=0, turnRate=0.0, Y_Error=50.0, shiftPosition=3, distance=878784, relativeHeight=0.0, sensorCnt=23275, UTCTime=0, heading=9000, gps_signal_quality=0, pitchAngleQual=0, headingError=60.0, sensors=6, satellites_used=0, altitude=0.0}]}]
06-09 00:12:57.678 2312 2330 D xxxxxx_gps: process_ndr_data() sensorCnt:23275, sequenceNr:677, lat:0, lon:0, heading:9000
06-09 00:12:57.678 2312 2330 D xxxxxx_gps: process_ndr_data() deltaHeading:-0.000000, speed:0, distance:878784, meter:0, DR timestamp:732147, utcTime:0
06-09 00:12:57.678 2312 2330 D xxxxxx_gps: Time not Availible from Fix!
06-09 00:12:57.678 2312 2330 D xxxxxx_gps: DR Time is 732147 at Utc Time 732147
06-09 00:12:57.689 3884 3884 D ICU : No timezone override file found: /data/misc/zoneinfo/current/icu/icu_tzdata.dat
06-09 00:12:57.693 1110 1340 I customAudioLoopback: writeRadioTrack(): Info: trackPtr: 0xB5A9A008, buffer Ptr: 0xB4E7F880
06-09 00:12:57.693 1110 1340 I customAudioLoopback: writeRadioTrack(): Info: track->trackEnabled: 1, track->audioTrack: 0xB5A9D000, track->trackRunning: 1, track->recovering: 0
06-09 00:12:57.694 1110 1340 I customAudioLoopback: writeRadioTrack(): Info: trackPtr: 0xB5A9A01C, buffer Ptr: 0xB4E7F880
06-09 00:12:57.694 1110 1340 I customAudioLoopback: writeRadioTrack(): Info: track->trackEnabled: 1, track->audioTrack: 0xB5A9D280, track->trackRunning: 0, track->recovering: 0
06-09 00:12:57.709 725 1350 D RSIClient: CONNECTING
06-09 00:12:57.715 1110 1340 I customAudioLoopback: writeRadioTrack(): Info: trackPtr: 0xB5A9A008, buffer Ptr: 0xB4E7F880
06-09 00:12:57.715 1110 1340 I customAudioLoopback: writeRadioTrack(): Info: track->trackEnabled: 1, track->audioTrack: 0xB5A9D000, track->trackRunning: 1, track->recovering: 0
06-09 00:12:57.715 1110 1340 I customAudioLoopback: writeRadioTrack(): Info: trackPtr: 0xB5A9A01C, buffer Ptr: 0xB4E7F880
06-09 00:12:57.715 1110 1340 I customAudioLoopback: writeRadioTrack(): Info: track->trackEnabled: 1, track->audioTrack: 0xB5A9D280, track->trackRunning: 0, track->recovering: 0
06-09 00:12:57.737 1110 1340 I customAudioLoopback: writeRadioTrack(): Info: trackPtr: 0xB5A9A008, buffer Ptr: 0xB4E7F880
06-09 00:12:57.737 1110 1340 I customAudioLoopback: writeRadioTrack(): Info: track->trackEnabled: 1, track->audioTrack: 0xB5A9D000, track->trackRunning: 1, track->recovering: 0
06-09 00:12:57.737 1110 1340 I customAudioLoopback: writeRadioTrack(): Info: trackPtr: 0xB5A9A01C, buffer Ptr: 0xB4E7F880
06-09 00:12:57.737 1110 1340 I customAudioLoopback: writeRadioTrack(): Info: track->trackEnabled: 1, track->audioTrack: 0xB5A9D280, track->trackRunning: 0, track->recovering: 0
06-09 00:12:57.749 3884 3884 I Radio-JNI: register_android_hardware_Radio DONE
06-09 00:12:57.757 1110 1340 I customAudioLoopback: writeRadioTrack(): Info: trackPtr: 0xB5A9A008, buffer Ptr: 0xB4E7F880
06-09 00:12:57.757 1110 1340 I customAudioLoopback: writeRadioTrack(): Info: track->trackEnabled: 1, track->audioTrack: 0xB5A9D000, track->trackRunning: 1, track->recovering: 0
06-09 00:12:57.757 1110 1340 I customAudioLoopback: writeRadioTrack(): Info: trackPtr: 0xB5A9A01C, buffer Ptr: 0xB4E7F880
06-09 00:12:57.757 1110 1340 I customAudioLoopback: writeRadioTrack(): Info: track->trackEnabled: 1, track->audioTrack: 0xB5A9D280, track->trackRunning: 0, track->recovering: 0
06-09 00:12:57.761 143 320 I ICSTYPEB: Panelservice backlightLevel 0x8fc0 0x8fc0 0x8fc0
06-09 00:12:57.777 3884 3884 D AndroidRuntime: Calling main entry com.android.commands.pm.Pm
06-09 00:12:57.779 1110 1340 I customAudioLoopback: writeRadioTrack(): Info: trackPtr: 0xB5A9A008, buffer Ptr: 0xB4E7F880
06-09 00:12:57.779 1110 1340 I customAudioLoopback: writeRadioTrack(): Info: track->trackEnabled: 1, track->audioTrack: 0xB5A9D000, track->trackRunning: 1, track->recovering: 0
06-09 00:12:57.779 1110 1340 I customAudioLoopback: writeRadioTrack(): Info: trackPtr: 0xB5A9A01C, buffer Ptr: 0xB4E7F880
06-09 00:12:57.779 1110 1340 I customAudioLoopback: writeRadioTrack(): Info: track->trackEnabled: 1, track->audioTrack: 0xB5A9D280, track->trackRunning: 0, track->recovering: 0
06-09 00:12:57.782 405 479 I ActivityManager: Force stopping com.android.compatibility.common.deviceinfo appid=10057 user=-1: uninstall pkg
06-09 00:12:57.782 405 479 D DrivingModeHelper: Returning enabled for Home activity
06-09 00:12:57.800 1110 1340 I customAudioLoopback: writeRadioTrack(): Info: trackPtr: 0xB5A9A008, buffer Ptr: 0xB4E7F880
06-09 00:12:57.800 1110 1340 I customAudioLoopback: writeRadioTrack(): Info: track->trackEnabled: 1, track->audioTrack: 0xB5A9D000, track->trackRunning: 1, track->recovering: 0
06-09 00:12:57.800 1110 1340 I customAudioLoopback: writeRadioTrack(): Info: trackPtr: 0xB5A9A01C, buffer Ptr: 0xB4E7F880
06-09 00:12:57.800 1110 1340 I customAudioLoopback: writeRadioTrack(): Info: track->trackEnabled: 1, track->audioTrack: 0xB5A9D280, track->trackRunning: 0, track->recovering: 0
06-09 00:12:57.821 1110 1340 I customAudioLoopback: writeRadioTrack(): Info: trackPtr: 0xB5A9A008, buffer Ptr: 0xB4E7F880
06-09 00:12:57.821 1110 1340 I customAudioLoopback: writeRadioTrack(): Info: track->trackEnabled: 1, track->audioTrack: 0xB5A9D000, track->trackRunning: 1, track->recovering: 0
06-09 00:12:57.821 1110 1340 I customAudioLoopback: writeRadioTrack(): Info: trackPtr: 0xB5A9A01C, buffer Ptr: 0xB4E7F880
06-09 00:12:57.821 1110 1340 I customAudioLoopback: writeRadioTrack(): Info: track->trackEnabled: 1, track->audioTrack: 0xB5A9D280, track->trackRunning: 0, track->recovering: 0
06-09 00:12:57.837 725 2195 E RR_NET_LIB: RR::dispatch():poll failed: 0 11
06-09 00:12:57.842 1110 1340 I customAudioLoopback: writeRadioTrack(): Info: trackPtr: 0xB5A9A008, buffer Ptr: 0xB4E7F880
06-09 00:12:57.842 1110 1340 I customAudioLoopback: writeRadioTrack(): Info: track->trackEnabled: 1, track->audioTrack: 0xB5A9D000, track->trackRunning: 1, track->recovering: 0
06-09 00:12:57.842 1110 1340 I customAudioLoopback: writeRadioTrack(): Info: trackPtr: 0xB5A9A01C, buffer Ptr: 0xB4E7F880
06-09 00:12:57.842 1110 1340 I customAudioLoopback: writeRadioTrack(): Info: track->trackEnabled: 1, track->audioTrack: 0xB5A9D280, track->trackRunning: 0, track->recovering: 0
06-09 00:12:57.863 405 532 I art : Starting a blocking GC Explicit
06-09 00:12:57.864 1110 1340 I customAudioLoopback: writeRadioTrack(): Info: trackPtr: 0xB5A9A008, buffer Ptr: 0xB4E7F880
06-09 00:12:57.864 1110 1340 I customAudioLoopback: writeRadioTrack(): Info: track->trackEnabled: 1, track->audioTrack: 0xB5A9D000, track->trackRunning: 1, track->recovering: 0
06-09 00:12:57.864 1110 1340 I customAudioLoopback: writeRadioTrack(): Info: trackPtr: 0xB5A9A01C, buffer Ptr: 0xB4E7F880
06-09 00:12:57.864 1110 1340 I customAudioLoopback: writeRadioTrack(): Info: track->trackEnabled: 1, track->audioTrack: 0xB5A9D280, track->trackRunning: 0, track->recovering: 0
06-09 00:12:57.885 1110 1340 I customAudioLoopback: writeRadioTrack(): Info: trackPtr: 0xB5A9A008, buffer Ptr: 0xB4E7F880
06-09 00:12:57.885 1110 1340 I customAudioLoopback: writeRadioTrack(): Info: track->trackEnabled: 1, track->audioTrack: 0xB5A9D000, track->trackRunning: 1, track->recovering: 0
06-09 00:12:57.885 1110 1340 I customAudioLoopback: writeRadioTrack(): Info: trackPtr: 0xB5A9A01C, buffer Ptr: 0xB4E7F880
06-09 00:12:57.885 1110 1340 I customAudioLoopback: writeRadioTrack(): Info: track->trackEnabled: 1, track->audioTrack: 0xB5A9D280, track->trackRunning: 0, track->recovering: 0
06-09 00:12:57.891 405 532 I art : Explicit concurrent mark sweep GC freed 17810(1233KB) AllocSpace objects, 2(40KB) LOS objects, 33% free, 7MB/10MB, paused 764us total 27.862ms
06-09 00:12:57.894 405 532 W PackageManager: Couldn't remove dex file for package: at location /data/app/com.android.compatibility.common.deviceinfo-1/base.apk, retcode=-1
06-09 00:12:57.897 3884 3884 I art : System.exit called, status: 0
06-09 00:12:57.898 3884 3884 I AndroidRuntime: VM exiting with result code 0.
06-09 00:12:57.898 405 532 I ActivityManager: Force stopping com.android.compatibility.common.deviceinfo appid=10057 user=0: pkg removed
06-09 00:12:57.899 405 532 D DrivingModeHelper: Returning enabled for Home activity
06-09 00:12:57.907 1110 1340 I customAudioLoopback: writeRadioTrack(): Info: trackPtr: 0xB5A9A008, buffer Ptr: 0xB4E7F880
06-09 00:12:57.907 1110 1340 I customAudioLoopback: writeRadioTrack(): Info: track->trackEnabled: 1, track->audioTrack: 0xB5A9D000, track->trackRunning: 1, track->recovering: 0
06-09 00:12:57.907 1110 1340 I customAudioLoopback: writeRadioTrack(): Info: trackPtr: 0xB5A9A01C, buffer Ptr: 0xB4E7F880
06-09 00:12:57.907 1110 1340 I customAudioLoopback: writeRadioTrack(): Info: track->trackEnabled: 1, track->audioTrack: 0xB5A9D280, track->trackRunning: 0, track->recovering: 0
06-09 00:12:57.923 405 717 I InputReader: Reconfiguring input devices. changes=0x00000010
06-09 00:12:57.924 725 1681 D UISpeechService: "Signal APP_CHANGED params - > {}"
06-09 00:12:57.924 725 1068 D UISpeechService: "CSpeechServiceMainThreadQueue WorkerQueue: Method: Signal Name = APP_CHANGED"
06-09 00:12:57.924 725 1068 D UISpeechService: "processJSONSignal>> VRAvailableState Status = 1, Reason = AVAILABLE and ShutDown = 0"
06-09 00:12:57.924 725 1068 I UISpeechService: CSpeechServiceController::sendEvent()
06-09 00:12:57.924 725 1068 I UISpeechService: CSpeechSysCallDispatcher::sendEvent()
06-09 00:12:57.924 725 1068 D UISpeechService: "<-- EVNT GDM NAME=APP_CHANGED;"
06-09 00:12:57.928 1110 1340 I customAudioLoopback: writeRadioTrack(): Info: trackPtr: 0xB5A9A008, buffer Ptr: 0xB4E7F880
06-09 00:12:57.928 1110 1340 I customAudioLoopback: writeRadioTrack(): Info: track->trackEnabled: 1, track->audioTrack: 0xB5A9D000, track->trackRunning: 1, track->recovering: 0
06-09 00:12:57.928 1110 1340 I customAudioLoopback: writeRadioTrack(): Info: trackPtr: 0xB5A9A01C, buffer Ptr: 0xB4E7F880
06-09 00:12:57.928 1110 1340 I customAudioLoopback: writeRadioTrack(): Info: track->trackEnabled: 1, track->audioTrack: 0xB5A9D280, track->trackRunning: 0, track->recovering: 0
06-09 00:12:57.931 1903 1903 D CarrierServiceBindHelper: Receive action: android.intent.action.PACKAGE_REMOVED
06-09 00:12:57.938 405 405 D JobSchedulerService: Receieved: android.intent.action.PACKAGE_REMOVED
06-09 00:12:57.943 1742 2084 I LatinIME:LogUtils: Dictionary info: dictionary = main:en ; version = 54 ; date = 1414726273
06-09 00:12:57.944 3618 3758 D Documents: Update found 7 roots in 20ms
06-09 00:12:57.949 1110 1340 I customAudioLoopback: writeRadioTrack(): Info: trackPtr: 0xB5A9A008, buffer Ptr: 0xB4E7F880
06-09 00:12:57.949 1110 1340 I customAudioLoopback: writeRadioTrack(): Info: track->trackEnabled: 1, track->audioTrack: 0xB5A9D000, track->trackRunning: 1, track->recovering: 0
06-09 00:12:57.950 1110 1340 I customAudioLoopback: writeRadioTrack(): Info: trackPtr: 0xB5A9A01C, buffer Ptr: 0xB4E7F880
06-09 00:12:57.950 1110 1340 I customAudioLoopback: writeRadioTrack(): Info: track->trackEnabled: 1, track->audioTrack: 0xB5A9D280, track->trackRunning: 0, track->recovering: 0
06-09 00:12:57.953 1265 1265 I PackageRemovedReceiver: Received package removed intent
06-09 00:12:57.957 1265 1265 I PackageRemovedReceiver: com.android.compatibility.common.deviceinfo
06-09 00:12:57.957 1265 1265 I PackageRemovedReceiver: From package removed receiver
06-09 00:12:57.958 725 1422 D UISpeechService: "--> CALL GDM:488 System_LogMessage log_string='Pushed to main event queue ';"
06-09 00:12:57.958 725 1422 D UISpeechService: "interpreting call System_LogMessage"
06-09 00:12:57.958 725 1422 D UISpeechService: "LogMessage is Pushed to main event queue "
06-09 00:12:57.958 725 1422 D UISpeechService: "<-- RESP GDM:488 System_LogMessage system_logmessage_result=SYSTEM_RESULT_OK;"
06-09 00:12:57.961 1762 3896 D VoicemailCleanupService: Cleaning up data for package: com.android.compatibility.common.deviceinfo
06-09 00:12:57.969 405 532 E KernelUidCpuTimeReader: failed to remove uid from uid_cputime module
06-09 00:12:57.969 405 532 E KernelUidCpuTimeReader: java.io.FileNotFoundException: /proc/uid_cputime/remove_uid_range: open failed: ENOENT (No such file or directory)
06-09 00:12:57.969 405 532 E KernelUidCpuTimeReader: at libcore.io.IoBridge.open(IoBridge.java:452)
06-09 00:12:57.969 405 532 E KernelUidCpuTimeReader: at java.io.FileOutputStream.(FileOutputStream.java:87)
06-09 00:12:57.969 405 532 E KernelUidCpuTimeReader: at java.io.FileOutputStream.(FileOutputStream.java:72)
06-09 00:12:57.969 405 532 E KernelUidCpuTimeReader: at java.io.FileWriter.(FileWriter.java:80)
06-09 00:12:57.969 405 532 E KernelUidCpuTimeReader: at com.android.internal.os.KernelUidCpuTimeReader.removeUid(KernelUidCpuTimeReader.java:157)
06-09 00:12:57.969 405 532 E KernelUidCpuTimeReader: at com.android.internal.os.BatteryStatsImpl.removeUidStatsLocked(BatteryStatsImpl.java:8877)
06-09 00:12:57.969 405 532 E KernelUidCpuTimeReader: at com.android.server.am.BatteryStatsService.removeUid(BatteryStatsService.java:241)
06-09 00:12:57.969 405 532 E KernelUidCpuTimeReader: at com.android.server.am.ActivityManagerService.broadcastIntentLocked(ActivityManagerService.java:16877)
06-09 00:12:57.969 405 532 E KernelUidCpuTimeReader: at com.android.server.am.ActivityManagerService.broadcastIntent(ActivityManagerService.java:17253)
06-09 00:12:57.969 405 532 E KernelUidCpuTimeReader: at com.android.server.pm.PackageManagerService$8.run(PackageManagerService.java:9445)
06-09 00:12:57.969 405 532 E KernelUidCpuTimeReader: at android.os.Handler.handleCallback(Handler.java:739)
06-09 00:12:57.969 405 532 E KernelUidCpuTimeReader: at android.os.Handler.dispatchMessage(Handler.java:95)
06-09 00:12:57.969 405 532 E KernelUidCpuTimeReader: at android.os.Looper.loop(Looper.java:148)
06-09 00:12:57.969 405 532 E KernelUidCpuTimeReader: at android.os.HandlerThread.run(HandlerThread.java:61)
06-09 00:12:57.969 405 532 E KernelUidCpuTimeReader: at com.android.server.ServiceThread.run(ServiceThread.java:46)
06-09 00:12:57.969 405 532 E KernelUidCpuTimeReader: Caused by: android.system.ErrnoException: open failed: ENOENT (No such file or directory)
06-09 00:12:57.969 405 532 E KernelUidCpuTimeReader: at libcore.io.Posix.open(Native Method)
06-09 00:12:57.969 405 532 E KernelUidCpuTimeReader: at libcore.io.BlockGuardOs.open(BlockGuardOs.java:186)
06-09 00:12:57.969 405 532 E KernelUidCpuTimeReader: at libcore.io.IoBridge.open(IoBridge.java:438)
06-09 00:12:57.969 405 532 E KernelUidCpuTimeReader: ... 14 more
06-09 00:12:57.971 1110 1340 I customAudioLoopback: writeRadioTrack(): Info: trackPtr: 0xB5A9A008, buffer Ptr: 0xB4E7F880
06-09 00:12:57.971 1110 1340 I customAudioLoopback: writeRadioTrack(): Info: track->trackEnabled: 1, track->audioTrack: 0xB5A9D000, track->trackRunning: 1, track->recovering: 0
06-09 00:12:57.971 1110 1340 I customAudioLoopback: writeRadioTrack(): Info: trackPtr: 0xB5A9A01C, buffer Ptr: 0xB4E7F880
06-09 00:12:57.971 1110 1340 I customAudioLoopback: writeRadioTrack(): Info: track->trackEnabled: 1, track->audioTrack: 0xB5A9D280, track->trackRunning: 0, track->recovering: 0
06-09 00:12:57.983 3587 3587 W ContextImpl: Calling a method in the system process without a qualified user: android.app.ContextImpl.startService:1221 android.content.ContextWrapper.startService:581 android.content.ContextWrapper.startService:581 com.android.keychain.KeyChainBroadcastReceiver.onReceive:12 android.app.ActivityThread.handleReceiver:2725
06-09 00:12:57.990 2557 2557 I GM_ADB : Enable standard adb on eng or user-debug build.
06-09 00:12:57.992 3602 3602 E HtmlApplicationInstalle: Failed removing application: /data/user/0/com.gm.browser/files/apps/com.android.compatibility.common.deviceinfo
06-09 00:12:57.992 3602 3602 E HtmlApplicationInstalle: java.io.FileNotFoundException: File does not exist: /data/user/0/com.gm.browser/files/apps/com.android.compatibility.common.deviceinfo
06-09 00:12:57.992 3602 3602 E HtmlApplicationInstalle: at com.gm.browser.HtmlApplicationInstaller$FileUtils.forceDelete(HtmlApplicationInstaller.java:315)
06-09 00:12:57.992 3602 3602 E HtmlApplicationInstalle: at com.gm.browser.HtmlApplicationInstaller.uninstall(HtmlApplicationInstaller.java:68)
06-09 00:12:57.992 3602 3602 E HtmlApplicationInstalle: at com.gm.browser.receivers.UninstallReceiver.uninstall(UninstallReceiver.java:44)
06-09 00:12:57.992 3602 3602 E HtmlApplicationInstalle: at com.gm.browser.receivers.UninstallReceiver.onReceive(UninstallReceiver.java:32)
06-09 00:12:57.992 3602 3602 E HtmlApplicationInstalle: at android.app.ActivityThread.handleReceiver(ActivityThread.java:2725)
06-09 00:12:57.992 3602 3602 E HtmlApplicationInstalle: at android.app.ActivityThread.-wrap14(ActivityThread.java)
06-09 00:12:57.992 3602 3602 E HtmlApplicationInstalle: at android.app.ActivityThread$H.handleMessage(ActivityThread.java:1421)
06-09 00:12:57.992 3602 3602 E HtmlApplicationInstalle: at android.os.Handler.dispatchMessage(Handler.java:102)
06-09 00:12:57.992 3602 3602 E HtmlApplicationInstalle: at android.os.Looper.loop(Looper.java:148)
06-09 00:12:57.992 3602 3602 E HtmlApplicationInstalle: at android.app.ActivityThread.main(ActivityThread.java:5417)
06-09 00:12:57.992 3602 3602 E HtmlApplicationInstalle: at java.lang.reflect.Method.invoke(Native Method)
06-09 00:12:57.992 3602 3602 E HtmlApplicationInstalle: at com.android.internal.os.ZygoteInit$MethodAndArgsCaller.run(ZygoteInit.java:759)
06-09 00:12:57.992 3602 3602 E HtmlApplicationInstalle: at com.android.internal.os.ZygoteInit.main(ZygoteInit.java:649)
06-09 00:12:57.997 140 243 D AudioFlinger: mixer(0xb4580000) throttle end: throttle time(10)
06-09 00:12:57.998 1110 1340 I customAudioLoopback: writeRadioTrack(): Info: trackPtr: 0xB5A9A008, buffer Ptr: 0xB4E7F880
06-09 00:12:57.998 1110 1340 I customAudioLoopback: writeRadioTrack(): Info: track->trackEnabled: 1, track->audioTrack: 0xB5A9D000, track->trackRunning: 1, track->recovering: 0
06-09 00:12:57.998 1110 1340 I customAudioLoopback: writeRadioTrack(): Info: trackPtr: 0xB5A9A01C, buffer Ptr: 0xB4E7F880
06-09 00:12:57.998 1110 1340 I customAudioLoopback: writeRadioTrack(): Info: track->trackEnabled: 1, track->audioTrack: 0xB5A9D280, track->trackRunning: 0, track->recovering: 0
06-09 00:12:58.011 405 477 W SearchableInfo: Invalid searchable metadata for com.android.browser/.BrowserActivity: Search label must be a resource reference.
06-09 00:12:58.016 1110 1340 I customAudioLoopback: writeRadioTrack(): Info: trackPtr: 0xB5A9A008, buffer Ptr: 0xB4E7F880
06-09 00:12:58.016 1110 1340 I customAudioLoopback: writeRadioTrack(): Info: track->trackEnabled: 1, track->audioTrack: 0xB5A9D000, track->trackRunning: 1, track->recovering: 0
06-09 00:12:58.016 1110 1340 I customAudioLoopback: writeRadioTrack(): Info: trackPtr: 0xB5A9A01C, buffer Ptr: 0xB4E7F880
06-09 00:12:58.016 1110 1340 I customAudioLoopback: writeRadioTrack(): Info: track->trackEnabled: 1, track->audioTrack: 0xB5A9D280, track->trackRunning: 0, track->recovering: 0
06-09 00:12:58.016 405 477 W SearchableInfo: Invalid searchable metadata for com.android.browser/.BookmarkSearch: Search label must be a resource reference.
06-09 00:12:58.017 725 1038 I com.gm.server.traffic.TrafficServiceImpl: signalMonitor: Not connected, reconnecting...
06-09 00:12:58.019 725 1038 E com.gm.server.traffic.TrafficServiceImpl: signalMonitor: socket connection exception
06-09 00:12:58.019 725 1038 E com.gm.server.traffic.TrafficServiceImpl: java.net.ConnectException: failed to connect to /192.168.1.10 (port 11999): connect failed: ECONNREFUSED (Connection refused)
06-09 00:12:58.019 725 1038 E com.gm.server.traffic.TrafficServiceImpl: at libcore.io.IoBridge.connect(IoBridge.java:124)
06-09 00:12:58.019 725 1038 E com.gm.server.traffic.TrafficServiceImpl: at java.net.PlainSocketImpl.connect(PlainSocketImpl.java:183)
06-09 00:12:58.019 725 1038 E com.gm.server.traffic.TrafficServiceImpl: at java.net.PlainSocketImpl.connect(PlainSocketImpl.java:163)
06-09 00:12:58.019 725 1038 E com.gm.server.traffic.TrafficServiceImpl: at java.net.Socket.startupSocket(Socket.java:592)
06-09 00:12:58.019 725 1038 E com.gm.server.traffic.TrafficServiceImpl: at java.net.Socket.tryAllAddresses(Socket.java:128)
06-09 00:12:58.019 725 1038 E com.gm.server.traffic.TrafficServiceImpl: at java.net.Socket.(Socket.java:178)
06-09 00:12:58.019 725 1038 E com.gm.server.traffic.TrafficServiceImpl: at java.net.Socket.(Socket.java:150)
06-09 00:12:58.019 725 1038 E com.gm.server.traffic.TrafficServiceImpl: at com.gm.server.traffic.SocketImpl.connect(SocketImpl.java:22)
06-09 00:12:58.019 725 1038 E com.gm.server.traffic.TrafficServiceImpl: at com.gm.server.traffic.TrafficServiceImpl$1.run(TrafficServiceImpl.java:227)
06-09 00:12:58.019 725 1038 E com.gm.server.traffic.TrafficServiceImpl: at java.util.concurrent.ThreadPoolExecutor.runWorker(ThreadPoolExecutor.java:1113)
06-09 00:12:58.019 725 1038 E com.gm.server.traffic.TrafficServiceImpl: at java.util.concurrent.ThreadPoolExecutor$Worker.run(ThreadPoolExecutor.java:588)
06-09 00:12:58.019 725 1038 E com.gm.server.traffic.TrafficServiceImpl: at java.lang.Thread.run(Thread.java:818)
06-09 00:12:58.019 725 1038 E com.gm.server.traffic.TrafficServiceImpl: Caused by: android.system.ErrnoException: connect failed: ECONNREFUSED (Connection refused)
06-09 00:12:58.019 725 1038 E com.gm.server.traffic.TrafficServiceImpl: at libcore.io.Posix.connect(Native Method)
06-09 00:12:58.019 725 1038 E com.gm.server.traffic.TrafficServiceImpl: at libcore.io.BlockGuardOs.connect(BlockGuardOs.java:111)
06-09 00:12:58.019 725 1038 E com.gm.server.traffic.TrafficServiceImpl: at libcore.io.IoBridge.connectErrno(IoBridge.java:137)
06-09 00:12:58.019 725 1038 E com.gm.server.traffic.TrafficServiceImpl: at libcore.io.IoBridge.connect(IoBridge.java:122)
06-09 00:12:58.019 725 1038 E com.gm.server.traffic.TrafficServiceImpl: ... 11 more
06-09 00:12:58.028 108 108 E ti_hwc : FB_TARGET info: CRTC: [0, 0, 1920, 1080] SRC: [0, 0, 1920, 1080], Hints: 0, Flags: 0
06-09 00:12:58.032 144 161 E ProtoKey: Protokey request failed
06-09 00:12:58.035 1110 1340 I customAudioLoopback: writeRadioTrack(): Info: trackPtr: 0xB5A9A008, buffer Ptr: 0xB4E7F880
06-09 00:12:58.035 1110 1340 I customAudioLoopback: writeRadioTrack(): Info: track->trackEnabled: 1, track->audioTrack: 0xB5A9D000, track->trackRunning: 1, track->recovering: 0
06-09 00:12:58.035 1110 1340 I customAudioLoopback: writeRadioTrack(): Info: trackPtr: 0xB5A9A01C, buffer Ptr: 0xB4E7F880
06-09 00:12:58.035 1110 1340 I customAudioLoopback: writeRadioTrack(): Info: track->trackEnabled: 1, track->audioTrack: 0xB5A9D280, track->trackRunning: 0, track->recovering: 0
06-09 00:12:58.037 725 1422 D UISpeechService: "--> CALL GDM:489 App_Names_Commands_TEFileRequest te_category=TE_CATEGORY_APP_NAMES;"
06-09 00:12:58.037 725 1422 I UISpeechService: CPSysCallAppStub::interpretSystemCall()
06-09 00:12:58.037 725 1422 D UISpeechService: "interpreting call App_Names_Commands_TEFileRequest"
06-09 00:12:58.037 725 1422 I UISpeechService: CAppSysCallImpl::callAppNamesCommandsTEFileRequest()
06-09 00:12:58.037 725 1422 D UISpeechService: "sendSVCIPCAsyncInvoke>> Method = createAppEcoFile, Busname = SpeechHelpService, Objectpath = SpeechHelpService, Params = []"
