06-09 00:12:55.579 405 1193 W LocationManagerService: Dropping incomplete location: Location[gps 0.000000,0.000000 acc=??? t=?!? et=?!? {Bundle[{antenna_state=0, satellites=0, DR_type=1, satellites_visible=0, accel_X=0.0, accel_Y=0.0, accel_Z=0.0, X_Error=50.0, lateralAccel=0.0, pitchAngle=0.0, deltaHeading=-0.0, acceleration=0.0, inverseCurve=0.0, sequenceNr=675, deltaDistance=0, hdop=0.0, pdop=0.0, vdop=0.0, timestamp=730046, speed=0, turnRate=0.0, Y_Error=50.0, shiftPosition=3, distance=878784, relativeHeight=0.0, sensorCnt=23208, UTCTime=0, heading=9000, gps_signal_quality=0, pitchAngleQual=0, headingError=60.0, sensors=6, satellites_used=0, altitude=0.0}]}]
06-09 00:12:55.580 2312 2330 D xxxxxx_gps: process_ndr_data() sensorCnt:23208, sequenceNr:675, lat:0, lon:0, heading:9000
06-09 00:12:55.580 2312 2330 D xxxxxx_gps: process_ndr_data() deltaHeading:-0.000000, speed:0, distance:878784, meter:0, DR timestamp:730046, utcTime:0
06-09 00:12:55.580 2312 2330 D xxxxxx_gps: Time not Availible from Fix!
06-09 00:12:55.580 2312 2330 D xxxxxx_gps: DR Time is 730046 at Utc Time 730046
06-09 00:12:55.581 1110 1340 I customAudioLoopback: writeRadioTrack(): Info: trackPtr: 0xB5A9A008, buffer Ptr: 0xB4E7F880
06-09 00:12:55.581 1110 1340 I customAudioLoopback: writeRadioTrack(): Info: track->trackEnabled: 1, track->audioTrack: 0xB5A9D000, track->trackRunning: 1, track->recovering: 0
06-09 00:12:55.581 1110 1340 I customAudioLoopback: writeRadioTrack(): Info: trackPtr: 0xB5A9A01C, buffer Ptr: 0xB4E7F880
06-09 00:12:55.581 1110 1340 I customAudioLoopback: writeRadioTrack(): Info: track->trackEnabled: 1, track->audioTrack: 0xB5A9D280, track->trackRunning: 0, track->recovering: 0
06-09 00:12:55.581 725 1068 D UISpeechService: "CSpeechServiceMainThreadQueue WorkerQueue: Method: Signal Name = "
06-09 00:12:55.581 725 1068 I UISpeechService: CSystemSysCallImpl::handleRespGetUserPrivacySettings()
06-09 00:12:55.581 725 1068 D UISpeechService: "handleRespGetUserPrivacySettings>> Data sharing status = 1"
06-09 00:12:55.587 725 725 D OnStar.OnStarRemoteReflashManager: subscribeRR
06-09 00:12:55.588 725 725 E OnStar.OnStarRemoteReflashService: subscribeRR->Failed to subscribe for RR->Reason :
06-09 00:12:55.588 725 725 E OnStar.OnStarRemoteReflashService: com.gm.server.onstar.connector.OnStarConnectionException: FSA RemoteReflash client is not ready [UNINITIALIZED]
06-09 00:12:55.588 725 725 E OnStar.OnStarRemoteReflashService: at com.gm.server.onstar.connector.FsaTcpConnector.getRemoteReflashClient(FsaTcpConnector.java:2642)
06-09 00:12:55.588 725 725 E OnStar.OnStarRemoteReflashService: at com.gm.server.onstar.connector.FsaTcpConnector.subscribeRR(FsaTcpConnector.java:1635)
06-09 00:12:55.588 725 725 E OnStar.OnStarRemoteReflashService: at com.gm.server.onstar.OnStarRemoteReflashService.subscribeRR(OnStarRemoteReflashService.java:341)
06-09 00:12:55.588 725 725 E OnStar.OnStarRemoteReflashService: at gm.onstar.OnStarRemoteReflashManager.subscribeRR(OnStarRemoteReflashManager.java:386)
06-09 00:12:55.588 725 725 E OnStar.OnStarRemoteReflashService: at com.gm.server.update.packagedepot.TCPMRemoteReflashHandler.initializeRemoteReflash(TCPMRemoteReflashHandler.java:1062)
06-09 00:12:55.588 725 725 E OnStar.OnStarRemoteReflashService: at com.gm.server.update.packagedepot.TCPMRemoteReflashHandler.-wrap31(TCPMRemoteReflashHandler.java)
06-09 00:12:55.588 725 725 E OnStar.OnStarRemoteReflashService: at com.gm.server.update.packagedepot.TCPMRemoteReflashHandler$6.run(TCPMRemoteReflashHandler.java:877)
06-09 00:12:55.588 725 725 E OnStar.OnStarRemoteReflashService: at android.os.Handler.handleCallback(Handler.java:739)
06-09 00:12:55.588 725 725 E OnStar.OnStarRemoteReflashService: at android.os.Handler.dispatchMessage(Handler.java:95)
06-09 00:12:55.588 725 725 E OnStar.OnStarRemoteReflashService: at android.os.Looper.loop(Looper.java:148)
06-09 00:12:55.588 725 725 E OnStar.OnStarRemoteReflashService: at android.app.ActivityThread.main(ActivityThread.java:5417)
06-09 00:12:55.588 725 725 E OnStar.OnStarRemoteReflashService: at java.lang.reflect.Method.invoke(Native Method)
06-09 00:12:55.588 725 725 E OnStar.OnStarRemoteReflashService: at com.android.internal.os.ZygoteInit$MethodAndArgsCaller.run(ZygoteInit.java:759)
06-09 00:12:55.588 725 725 E OnStar.OnStarRemoteReflashService: at com.android.internal.os.ZygoteInit.main(ZygoteInit.java:649)
06-09 00:12:55.588 725 725 E OnStar.OnStarRemoteReflashManager: subscribeRR->Failed to subscibe to RR->gm.onstar.exception.OnStarException: subscribeRR->FSA functions client is not ready
06-09 00:12:55.588 725 725 I UpdateService-TCPMRemoteReflashHandler: initializeRemoteReflash() ... initialized? false
06-09 00:12:55.594 1032 3851 I VehicleSignalDataChangeManager: VISChangeListener : callback : com.gm.settings.systems.SettingsGlobalProp@a9543b5, :signalType: VEHICLE_STATE
06-09 00:12:55.594 1032 3851 I VehicleSignalDataChangeManager: VISChangeListener : callback : com.gm.settings.systems.SettingsGlobalProp@a9543b5, :signalType: VEHICLE_SPEED
06-09 00:12:55.595 1992 1992 I com.telenav.arp: arp: com.telenav.arp.app.SpeechReceiver: UISS_REGISTER, user handle = UserHandle{0}
06-09 00:12:55.596 1992 1992 I com.telenav.arp: Denali-HMI: com.telenav.arp.context.ApplicationContextHelper: user handle user id = 0 current user id = 0
06-09 00:12:55.596 1992 1992 I com.telenav.arp: arp: com.telenav.arp.app.SpeechReceiver: UISS_REGISTER, received Broadcast intent = Intent { act=com.gm.speech.REGISTER_REQUEST flg=0x30 cmp=com.telenav.app.denali.na/com.telenav.arp.app.SpeechReceiver }
06-09 00:12:55.603 405 477 W SearchableInfo: Invalid searchable metadata for com.android.browser/.BrowserActivity: Search label must be a resource reference.
06-09 00:12:55.603 1110 1340 I customAudioLoopback: writeRadioTrack(): Info: trackPtr: 0xB5A9A008, buffer Ptr: 0xB4E7F880
06-09 00:12:55.603 1110 1340 I customAudioLoopback: writeRadioTrack(): Info: track->trackEnabled: 1, track->audioTrack: 0xB5A9D000, track->trackRunning: 1, track->recovering: 0
06-09 00:12:55.603 1110 1340 I customAudioLoopback: writeRadioTrack(): Info: trackPtr: 0xB5A9A01C, buffer Ptr: 0xB4E7F880
06-09 00:12:55.603 1110 1340 I customAudioLoopback: writeRadioTrack(): Info: track->trackEnabled: 1, track->audioTrack: 0xB5A9D280, track->trackRunning: 0, track->recovering: 0
06-09 00:12:55.603 405 477 W SearchableInfo: Invalid searchable metadata for com.android.browser/.BookmarkSearch: Search label must be a resource reference.
06-09 00:12:55.617 1992 3852 E com.telenav.arp: arp: com.telenav.arp.service.speech.SpeechUIProvider: reRegisterToUiss, uissState: NONE
06-09 00:12:55.621 2557 2557 I GM_ADB : Enable standard adb on eng or user-debug build.
06-09 00:12:55.624 1110 1340 I customAudioLoopback: writeRadioTrack(): Info: trackPtr: 0xB5A9A008, buffer Ptr: 0xB4E7F880
06-09 00:12:55.624 1110 1340 I customAudioLoopback: writeRadioTrack(): Info: track->trackEnabled: 1, track->audioTrack: 0xB5A9D000, track->trackRunning: 1, track->recovering: 0
06-09 00:12:55.624 1110 1340 I customAudioLoopback: writeRadioTrack(): Info: trackPtr: 0xB5A9A01C, buffer Ptr: 0xB4E7F880
06-09 00:12:55.624 1110 1340 I customAudioLoopback: writeRadioTrack(): Info: track->trackEnabled: 1, track->audioTrack: 0xB5A9D280, track->trackRunning: 0, track->recovering: 0
06-09 00:12:55.637 725 1427 D UISpeechService: "--> CALL GDM:464 App_Names_Commands_TEFileRequest te_category=TE_CATEGORY_APP_NAMES;"
06-09 00:12:55.637 725 1427 I UISpeechService: CPSysCallAppStub::interpretSystemCall()
06-09 00:12:55.637 725 1427 D UISpeechService: "interpreting call App_Names_Commands_TEFileRequest"
06-09 00:12:55.637 725 1427 I UISpeechService: CAppSysCallImpl::callAppNamesCommandsTEFileRequest()
06-09 00:12:55.637 725 1427 D UISpeechService: "sendSVCIPCAsyncInvoke>> Method = createAppEcoFile, Busname = SpeechHelpService, Objectpath = SpeechHelpService, Params = []"
06-09 00:12:55.637 725 1069 D UISpeechService: "invokeSendApiRequestToJava>> MethodResult = {"code":0,"description":"Invoked","params":""}"
06-09 00:12:55.637 725 1422 D UISpeechService: "--> CALL GDM:465 System_LogMessage log_string='Pushed to main event queue ';"
06-09 00:12:55.637 725 1422 D UISpeechService: "interpreting call System_LogMessage"
06-09 00:12:55.637 725 1422 D UISpeechService: "LogMessage is Pushed to main event queue "
06-09 00:12:55.637 725 1422 D UISpeechService: "<-- RESP GDM:465 System_LogMessage system_logmessage_result=SYSTEM_RESULT_OK;"
06-09 00:12:55.639 725 2340 D UISpeechService: "onAsyncInoveResult {"createAppEcoFileResp":0}"
06-09 00:12:55.640 725 1068 D UISpeechService: "CSpeechServiceMainThreadQueue WorkerQueue: Method: Signal Name = "
06-09 00:12:55.640 725 1068 I UISpeechService: CAppSysCallImpl::handleRespAppHandleRecogResult()
06-09 00:12:55.640 725 1068 D UISpeechService: "<-- RESP GDM:464 App_Names_Commands_TEFileRequest app_names_te_file_request_result=TE_FILE_OK app_top_level_command_paths='' app_names_path='/data/speechTEFiles/app_names.eco';"
06-09 00:12:55.645 1110 1340 I customAudioLoopback: writeRadioTrack(): Info: trackPtr: 0xB5A9A008, buffer Ptr: 0xB4E7F880
06-09 00:12:55.645 1110 1340 I customAudioLoopback: writeRadioTrack(): Info: track->trackEnabled: 1, track->audioTrack: 0xB5A9D000, track->trackRunning: 1, track->recovering: 0
06-09 00:12:55.645 1110 1340 I customAudioLoopback: writeRadioTrack(): Info: trackPtr: 0xB5A9A01C, buffer Ptr: 0xB4E7F880
06-09 00:12:55.645 1110 1340 I customAudioLoopback: writeRadioTrack(): Info: track->trackEnabled: 1, track->audioTrack: 0xB5A9D280, track->trackRunning: 0, track->recovering: 0
06-09 00:12:55.657 2557 2557 I GM_ADB : Enable standard adb on eng or user-debug build.
06-09 00:12:55.661 143 320 I ICSTYPEB: Panelservice backlightLevel 0x8fc0 0x8fc0 0x8fc0
06-09 00:12:55.666 1110 1340 I customAudioLoopback: writeRadioTrack(): Info: trackPtr: 0xB5A9A008, buffer Ptr: 0xB4E7F880
06-09 00:12:55.666 1110 1340 I customAudioLoopback: writeRadioTrack(): Info: track->trackEnabled: 1, track->audioTrack: 0xB5A9D000, track->trackRunning: 1, track->recovering: 0
06-09 00:12:55.666 1110 1340 I customAudioLoopback: writeRadioTrack(): Info: trackPtr: 0xB5A9A01C, buffer Ptr: 0xB4E7F880
06-09 00:12:55.666 1110 1340 I customAudioLoopback: writeRadioTrack(): Info: track->trackEnabled: 1, track->audioTrack: 0xB5A9D280, track->trackRunning: 0, track->recovering: 0
06-09 00:12:55.676 870 870 D GMStatusBar: handleMessage MSG_AUDIO_INFO_PAGING_COMPLETE mAudioStatusInfoIndex = 0
06-09 00:12:55.688 1110 1340 I customAudioLoopback: writeRadioTrack(): Info: trackPtr: 0xB5A9A008, buffer Ptr: 0xB4E7F880
06-09 00:12:55.688 1110 1340 I customAudioLoopback: writeRadioTrack(): Info: track->trackEnabled: 1, track->audioTrack: 0xB5A9D000, track->trackRunning: 1, track->recovering: 0
06-09 00:12:55.688 1110 1340 I customAudioLoopback: writeRadioTrack(): Info: trackPtr: 0xB5A9A01C, buffer Ptr: 0xB4E7F880
06-09 00:12:55.688 1110 1340 I customAudioLoopback: writeRadioTrack(): Info: track->trackEnabled: 1, track->audioTrack: 0xB5A9D280, track->trackRunning: 0, track->recovering: 0
06-09 00:12:55.707 725 1350 D RSIClient: client io error, failed to connect to /192.168.1.104 (port 9040) after 5000ms: isConnected failed: EHOSTUNREACH (No route to host)
06-09 00:12:55.707 725 1350 D RSIClient: STOPPED
06-09 00:12:55.707 725 1350 D RSIClient: RESTART CLIENT
06-09 00:12:55.709 1110 1340 I customAudioLoopback: writeRadioTrack(): Info: trackPtr: 0xB5A9A008, buffer Ptr: 0xB4E7F880
06-09 00:12:55.709 1110 1340 I customAudioLoopback: writeRadioTrack(): Info: track->trackEnabled: 1, track->audioTrack: 0xB5A9D000, track->trackRunning: 1, track->recovering: 0
06-09 00:12:55.709 1110 1340 I customAudioLoopback: writeRadioTrack(): Info: trackPtr: 0xB5A9A01C, buffer Ptr: 0xB4E7F880
06-09 00:12:55.709 1110 1340 I customAudioLoopback: writeRadioTrack(): Info: track->trackEnabled: 1, track->audioTrack: 0xB5A9D280, track->trackRunning: 0, track->recovering: 0
06-09 00:12:55.717 725 1427 D UISpeechService: "--> CALL GDM:466 System_StateSet system_state=SYSTEM_STATE_APP_NAMES_G2P system_state_action=SYSTEM_STATE_BEGIN;"
06-09 00:12:55.717 725 1427 D UISpeechService: "interpreting call System_StateSet"
06-09 00:12:55.717 725 1427 D UISpeechService: "<-- RESP GDM:466 System_StateSet system_state_result=SYSTEM_RESULT_OK;"
06-09 00:12:55.731 1110 1340 I customAudioLoopback: writeRadioTrack(): Info: trackPtr: 0xB5A9A008, buffer Ptr: 0xB4E7F880
06-09 00:12:55.731 1110 1340 I customAudioLoopback: writeRadioTrack(): Info: track->trackEnabled: 1, track->audioTrack: 0xB5A9D000, track->trackRunning: 1, track->recovering: 0
06-09 00:12:55.731 1110 1340 I customAudioLoopback: writeRadioTrack(): Info: trackPtr: 0xB5A9A01C, buffer Ptr: 0xB4E7F880
06-09 00:12:55.731 1110 1340 I customAudioLoopback: writeRadioTrack(): Info: track->trackEnabled: 1, track->audioTrack: 0xB5A9D280, track->trackRunning: 0, track->recovering: 0
06-09 00:12:55.751 1110 1340 I customAudioLoopback: writeRadioTrack(): Info: trackPtr: 0xB5A9A008, buffer Ptr: 0xB4E7F880
06-09 00:12:55.751 1110 1340 I customAudioLoopback: writeRadioTrack(): Info: track->trackEnabled: 1, track->audioTrack: 0xB5A9D000, track->trackRunning: 1, track->recovering: 0
06-09 00:12:55.751 1110 1340 I customAudioLoopback: writeRadioTrack(): Info: trackPtr: 0xB5A9A01C, buffer Ptr: 0xB4E7F880
06-09 00:12:55.751 1110 1340 I customAudioLoopback: writeRadioTrack(): Info: track->trackEnabled: 1, track->audioTrack: 0xB5A9D280, track->trackRunning: 0, track->recovering: 0
06-09 00:12:55.773 1110 1340 I customAudioLoopback: writeRadioTrack(): Info: trackPtr: 0xB5A9A008, buffer Ptr: 0xB4E7F880
06-09 00:12:55.773 1110 1340 I customAudioLoopback: writeRadioTrack(): Info: track->trackEnabled: 1, track->audioTrack: 0xB5A9D000, track->trackRunning: 1, track->recovering: 0
06-09 00:12:55.773 1110 1340 I customAudioLoopback: writeRadioTrack(): Info: trackPtr: 0xB5A9A01C, buffer Ptr: 0xB4E7F880
06-09 00:12:55.773 1110 1340 I customAudioLoopback: writeRadioTrack(): Info: track->trackEnabled: 1, track->audioTrack: 0xB5A9D280, track->trackRunning: 0, track->recovering: 0
06-09 00:12:55.794 405 503 I art : Starting a blocking GC Explicit
06-09 00:12:55.794 1110 1340 I customAudioLoopback: writeRadioTrack(): Info: trackPtr: 0xB5A9A008, buffer Ptr: 0xB4E7F880
06-09 00:12:55.794 1110 1340 I customAudioLoopback: writeRadioTrack(): Info: track->trackEnabled: 1, track->audioTrack: 0xB5A9D000, track->trackRunning: 1, track->recovering: 0
06-09 00:12:55.794 1110 1340 I customAudioLoopback: writeRadioTrack(): Info: trackPtr: 0xB5A9A01C, buffer Ptr: 0xB4E7F880
06-09 00:12:55.794 1110 1340 I customAudioLoopback: writeRadioTrack(): Info: track->trackEnabled: 1, track->audioTrack: 0xB5A9D280, track->trackRunning: 0, track->recovering: 0
06-09 00:12:55.816 1110 1340 I customAudioLoopback: writeRadioTrack(): Info: trackPtr: 0xB5A9A008, buffer Ptr: 0xB4E7F880
06-09 00:12:55.816 1110 1340 I customAudioLoopback: writeRadioTrack(): Info: track->trackEnabled: 1, track->audioTrack: 0xB5A9D000, track->trackRunning: 1, track->recovering: 0
06-09 00:12:55.816 1110 1340 I customAudioLoopback: writeRadioTrack(): Info: trackPtr: 0xB5A9A01C, buffer Ptr: 0xB4E7F880
06-09 00:12:55.816 1110 1340 I customAudioLoopback: writeRadioTrack(): Info: track->trackEnabled: 1, track->audioTrack: 0xB5A9D280, track->trackRunning: 0, track->recovering: 0
06-09 00:12:55.817 725 1427 D UISpeechService: "--> CALL GDM:476 System_StateSet system_state=SYSTEM_STATE_APP_NAMES_G2P system_state_action=SYSTEM_STATE_END;"
06-09 00:12:55.817 725 1427 D UISpeechService: "interpreting call System_StateSet"
06-09 00:12:55.817 725 1427 D UISpeechService: "<-- RESP GDM:476 System_StateSet system_state_result=SYSTEM_RESULT_OK;"
06-09 00:12:55.823 405 503 I art : Explicit concurrent mark sweep GC freed 6854(677KB) AllocSpace objects, 0(0B) LOS objects, 33% free, 7MB/10MB, paused 819us total 26.375ms
06-09 00:12:55.837 1110 1340 I customAudioLoopback: writeRadioTrack(): Info: trackPtr: 0xB5A9A008, buffer Ptr: 0xB4E7F880
06-09 00:12:55.837 1110 1340 I customAudioLoopback: writeRadioTrack(): Info: track->trackEnabled: 1, track->audioTrack: 0xB5A9D000, track->trackRunning: 1, track->recovering: 0
06-09 00:12:55.837 1110 1340 I customAudioLoopback: writeRadioTrack(): Info: trackPtr: 0xB5A9A01C, buffer Ptr: 0xB4E7F880
06-09 00:12:55.837 1110 1340 I customAudioLoopback: writeRadioTrack(): Info: track->trackEnabled: 1, track->audioTrack: 0xB5A9D280, track->trackRunning: 0, track->recovering: 0
06-09 00:12:55.859 1110 1340 I customAudioLoopback: writeRadioTrack(): Info: trackPtr: 0xB5A9A008, buffer Ptr: 0xB4E7F880
06-09 00:12:55.859 1110 1340 I customAudioLoopback: writeRadioTrack(): Info: track->trackEnabled: 1, track->audioTrack: 0xB5A9D000, track->trackRunning: 1, track->recovering: 0
06-09 00:12:55.859 1110 1340 I customAudioLoopback: writeRadioTrack(): Info: trackPtr: 0xB5A9A01C, buffer Ptr: 0xB4E7F880
06-09 00:12:55.859 1110 1340 I customAudioLoopback: writeRadioTrack(): Info: track->trackEnabled: 1, track->audioTrack: 0xB5A9D280, track->trackRunning: 0, track->recovering: 0
06-09 00:12:55.879 1110 1340 I customAudioLoopback: writeRadioTrack(): Info: trackPtr: 0xB5A9A008, buffer Ptr: 0xB4E7F880
06-09 00:12:55.879 1110 1340 I customAudioLoopback: writeRadioTrack(): Info: track->trackEnabled: 1, track->audioTrack: 0xB5A9D000, track->trackRunning: 1, track->recovering: 0
06-09 00:12:55.879 1110 1340 I customAudioLoopback: writeRadioTrack(): Info: trackPtr: 0xB5A9A01C, buffer Ptr: 0xB4E7F880
06-09 00:12:55.879 1110 1340 I customAudioLoopback: writeRadioTrack(): Info: track->trackEnabled: 1, track->audioTrack: 0xB5A9D280, track->trackRunning: 0, track->recovering: 0
06-09 00:12:55.897 725 1427 D UISpeechService: "--> CALL GDM:477 System_LogMessage log_string='Queue size: 1. Top Task: TASK_PHONE_PAIREDPHONES_NEEDS_UPDATE';"
06-09 00:12:55.897 725 1427 D UISpeechService: "interpreting call System_LogMessage"
06-09 00:12:55.897 725 1427 D UISpeechService: "LogMessage is Queue size: 1. Top Task: TASK_PHONE_PAIREDPHONES_NEEDS_UPDATE"
06-09 00:12:55.897 725 1427 D UISpeechService: "<-- RESP GDM:477 System_LogMessage system_logmessage_result=SYSTEM_RESULT_OK;"
06-09 00:12:55.901 1110 1340 I customAudioLoopback: writeRadioTrack(): Info: trackPtr: 0xB5A9A008, buffer Ptr: 0xB4E7F880
06-09 00:12:55.901 1110 1340 I customAudioLoopback: writeRadioTrack(): Info: track->trackEnabled: 1, track->audioTrack: 0xB5A9D000, track->trackRunning: 1, track->recovering: 0
06-09 00:12:55.901 1110 1340 I customAudioLoopback: writeRadioTrack(): Info: trackPtr: 0xB5A9A01C, buffer Ptr: 0xB4E7F880
06-09 00:12:55.901 1110 1340 I customAudioLoopback: writeRadioTrack(): Info: track->trackEnabled: 1, track->audioTrack: 0xB5A9D280, track->trackRunning: 0, track->recovering: 0
06-09 00:12:55.922 1110 1340 I customAudioLoopback: writeRadioTrack(): Info: trackPtr: 0xB5A9A008, buffer Ptr: 0xB4E7F880
06-09 00:12:55.922 1110 1340 I customAudioLoopback: writeRadioTrack(): Info: track->trackEnabled: 1, track->audioTrack: 0xB5A9D000, track->trackRunning: 1, track->recovering: 0
06-09 00:12:55.922 1110 1340 I customAudioLoopback: writeRadioTrack(): Info: trackPtr: 0xB5A9A01C, buffer Ptr: 0xB4E7F880
06-09 00:12:55.922 1110 1340 I customAudioLoopback: writeRadioTrack(): Info: track->trackEnabled: 1, track->audioTrack: 0xB5A9D280, track->trackRunning: 0, track->recovering: 0
06-09 00:12:55.944 1110 1340 I customAudioLoopback: writeRadioTrack(): Info: trackPtr: 0xB5A9A008, buffer Ptr: 0xB4E7F880
06-09 00:12:55.944 1110 1340 I customAudioLoopback: writeRadioTrack(): Info: track->trackEnabled: 1, track->audioTrack: 0xB5A9D000, track->trackRunning: 1, track->recovering: 0
06-09 00:12:55.944 1110 1340 I customAudioLoopback: writeRadioTrack(): Info: trackPtr: 0xB5A9A01C, buffer Ptr: 0xB4E7F880
06-09 00:12:55.944 1110 1340 I customAudioLoopback: writeRadioTrack(): Info: track->trackEnabled: 1, track->audioTrack: 0xB5A9D280, track->trackRunning: 0, track->recovering: 0
06-09 00:12:55.965 1110 1340 I customAudioLoopback: writeRadioTrack(): Info: trackPtr: 0xB5A9A008, buffer Ptr: 0xB4E7F880
06-09 00:12:55.965 1110 1340 I customAudioLoopback: writeRadioTrack(): Info: track->trackEnabled: 1, track->audioTrack: 0xB5A9D000, track->trackRunning: 1, track->recovering: 0
06-09 00:12:55.965 1110 1340 I customAudioLoopback: writeRadioTrack(): Info: trackPtr: 0xB5A9A01C, buffer Ptr: 0xB4E7F880
06-09 00:12:55.965 1110 1340 I customAudioLoopback: writeRadioTrack(): Info: track->trackEnabled: 1, track->audioTrack: 0xB5A9D280, track->trackRunning: 0, track->recovering: 0
06-09 00:12:55.977 725 1427 D UISpeechService: "--> CALL GDM:478 Phone_GetPairedPhones ;"
06-09 00:12:55.977 725 1427 D UISpeechService: "interpreting call Phone_GetPairedPhones"
06-09 00:12:55.977 725 1427 I UISpeechService: CPhoneSysCallImpl::callPhoneGetPairedPhones()
06-09 00:12:55.977 725 1427 D UISpeechService: "sendSVCIPCAsyncInvoke>> Method = getPairedPhonesDetail, Busname = com.xxxxxx.bluetooth, Objectpath = com.xxxxxx.bluetooth, Params = []"
06-09 00:12:55.977 725 1069 D UISpeechService: "invokeSendApiRequestToJava>> MethodResult = {"code":0,"description":"Invoked","params":""}"
06-09 00:12:55.979 725 1574 D UISpeechService: "onAsyncInoveResult {"pairedPhonesnamesArray":[],"getPairedPhonesDetailsResp":0,"pairedPhonesBtAddressArray":[]}"
06-09 00:12:55.979 725 1068 D UISpeechService: "CSpeechServiceMainThreadQueue WorkerQueue: Method: Signal Name = "
06-09 00:12:55.979 725 1068 I UISpeechService: CPhoneSysCallImpl::handleRespGetPairedPhones()
06-09 00:12:55.979 725 1068 I UISpeechService: CPhoneSysCallImpl::createPhoneDeviceNamesCopFile()
06-09 00:12:55.979 725 1068 D UISpeechService: "createPhoneDeviceNamesCopFile>> Device Names array is Empty!!!"
06-09 00:12:55.979 725 1068 I UISpeechService: CGSysCallHandlerBase::systemDeleteFile()
06-09 00:12:55.979 725 1068 D UISpeechService: "systemDeleteFile>> Path = /data/speechTEFiles/phonedevice_list.cop"
06-09 00:12:55.987 1110 1340 I customAudioLoopback: writeRadioTrack(): Info: trackPtr: 0xB5A9A008, buffer Ptr: 0xB4E7F880
06-09 00:12:55.987 1110 1340 I customAudioLoopback: writeRadioTrack(): Info: track->trackEnabled: 1, track->audioTrack: 0xB5A9D000, track->trackRunning: 1, track->recovering: 0
06-09 00:12:55.987 1110 1340 I customAudioLoopback: writeRadioTrack(): Info: trackPtr: 0xB5A9A01C, buffer Ptr: 0xB4E7F880
06-09 00:12:55.987 1110 1340 I customAudioLoopback: writeRadioTrack(): Info: track->trackEnabled: 1, track->audioTrack: 0xB5A9D280, track->trackRunning: 0, track->recovering: 0
06-09 00:12:56.002 725 1068 D UISpeechService: "systemDeleteFile>> Deletion of /data/speechTEFiles/phonedevice_list.cop file is success"
06-09 00:12:56.002 725 1068 D UISpeechService: "<-- RESP GDM:478 Phone_GetPairedPhones phone_get_paired_phone_results=PHONE_RESULT_OK;"
06-09 00:12:56.007 1110 1340 I customAudioLoopback: writeRadioTrack(): Info: trackPtr: 0xB5A9A008, buffer Ptr: 0xB4E7F880
06-09 00:12:56.007 1110 1340 I customAudioLoopback: writeRadioTrack(): Info: track->trackEnabled: 1, track->audioTrack: 0xB5A9D000, track->trackRunning: 1, track->recovering: 0
06-09 00:12:56.007 1110 1340 I customAudioLoopback: writeRadioTrack(): Info: trackPtr: 0xB5A9A01C, buffer Ptr: 0xB4E7F880
06-09 00:12:56.007 1110 1340 I customAudioLoopback: writeRadioTrack(): Info: track->trackEnabled: 1, track->audioTrack: 0xB5A9D280, track->trackRunning: 0, track->recovering: 0
06-09 00:12:56.013 725 1038 I com.gm.server.traffic.TrafficServiceImpl: signalMonitor: Not connected, reconnecting...
06-09 00:12:56.015 725 1038 E com.gm.server.traffic.TrafficServiceImpl: signalMonitor: socket connection exception
06-09 00:12:56.015 725 1038 E com.gm.server.traffic.TrafficServiceImpl: java.net.ConnectException: failed to connect to /192.168.1.10 (port 11999): connect failed: ECONNREFUSED (Connection refused)
06-09 00:12:56.015 725 1038 E com.gm.server.traffic.TrafficServiceImpl: at libcore.io.IoBridge.connect(IoBridge.java:124)
06-09 00:12:56.015 725 1038 E com.gm.server.traffic.TrafficServiceImpl: at java.net.PlainSocketImpl.connect(PlainSocketImpl.java:183)
06-09 00:12:56.015 725 1038 E com.gm.server.traffic.TrafficServiceImpl: at java.net.PlainSocketImpl.connect(PlainSocketImpl.java:163)
06-09 00:12:56.015 725 1038 E com.gm.server.traffic.TrafficServiceImpl: at java.net.Socket.startupSocket(Socket.java:592)
06-09 00:12:56.015 725 1038 E com.gm.server.traffic.TrafficServiceImpl: at java.net.Socket.tryAllAddresses(Socket.java:128)
06-09 00:12:56.015 725 1038 E com.gm.server.traffic.TrafficServiceImpl: at java.net.Socket.(Socket.java:178)
06-09 00:12:56.015 725 1038 E com.gm.server.traffic.TrafficServiceImpl: at java.net.Socket.(Socket.java:150)
06-09 00:12:56.015 725 1038 E com.gm.server.traffic.TrafficServiceImpl: at com.gm.server.traffic.SocketImpl.connect(SocketImpl.java:22)
06-09 00:12:56.015 725 1038 E com.gm.server.traffic.TrafficServiceImpl: at com.gm.server.traffic.TrafficServiceImpl$1.run(TrafficServiceImpl.java:227)
06-09 00:12:56.015 725 1038 E com.gm.server.traffic.TrafficServiceImpl: at java.util.concurrent.ThreadPoolExecutor.runWorker(ThreadPoolExecutor.java:1113)
06-09 00:12:56.015 725 1038 E com.gm.server.traffic.TrafficServiceImpl: at java.util.concurrent.ThreadPoolExecutor$Worker.run(ThreadPoolExecutor.java:588)
06-09 00:12:56.015 725 1038 E com.gm.server.traffic.TrafficServiceImpl: at java.lang.Thread.run(Thread.java:818)
06-09 00:12:56.015 725 1038 E com.gm.server.traffic.TrafficServiceImpl: Caused by: android.system.ErrnoException: connect failed: ECONNREFUSED (Connection refused)
06-09 00:12:56.015 725 1038 E com.gm.server.traffic.TrafficServiceImpl: at libcore.io.Posix.connect(Native Method)
06-09 00:12:56.015 725 1038 E com.gm.server.traffic.TrafficServiceImpl: at libcore.io.BlockGuardOs.connect(BlockGuardOs.java:111)
06-09 00:12:56.015 725 1038 E com.gm.server.traffic.TrafficServiceImpl: at libcore.io.IoBridge.connectErrno(IoBridge.java:137)
06-09 00:12:56.015 725 1038 E com.gm.server.traffic.TrafficServiceImpl: at libcore.io.IoBridge.connect(IoBridge.java:122)
06-09 00:12:56.015 725 1038 E com.gm.server.traffic.TrafficServiceImpl: ... 11 more
06-09 00:12:56.018 144 161 E ProtoKey: Protokey request failed
06-09 00:12:56.029 1110 1340 I customAudioLoopback: writeRadioTrack(): Info: trackPtr: 0xB5A9A008, buffer Ptr: 0xB4E7F880
06-09 00:12:56.029 1110 1340 I customAudioLoopback: writeRadioTrack(): Info: track->trackEnabled: 1, track->audioTrack: 0xB5A9D000, track->trackRunning: 1, track->recovering: 0
06-09 00:12:56.029 1110 1340 I customAudioLoopback: writeRadioTrack(): Info: trackPtr: 0xB5A9A01C, buffer Ptr: 0xB4E7F880
06-09 00:12:56.029 1110 1340 I customAudioLoopback: writeRadioTrack(): Info: track->trackEnabled: 1, track->audioTrack: 0xB5A9D280, track->trackRunning: 0, track->recovering: 0
06-09 00:12:56.050 1110 1340 I customAudioLoopback: writeRadioTrack(): Info: trackPtr: 0xB5A9A008, buffer Ptr: 0xB4E7F880
06-09 00:12:56.050 1110 1340 I customAudioLoopback: writeRadioTrack(): Info: track->trackEnabled: 1, track->audioTrack: 0xB5A9D000, track->trackRunning: 1, track->recovering: 0
06-09 00:12:56.050 1110 1340 I customAudioLoopback: writeRadioTrack(): Info: trackPtr: 0xB5A9A01C, buffer Ptr: 0xB4E7F880
06-09 00:12:56.050 1110 1340 I customAudioLoopback: writeRadioTrack(): Info: track->trackEnabled: 1, track->audioTrack: 0xB5A9D280, track->trackRunning: 0, track->recovering: 0
06-09 00:12:56.072 1110 1340 I customAudioLoopback: writeRadioTrack(): Info: trackPtr: 0xB5A9A008, buffer Ptr: 0xB4E7F880
06-09 00:12:56.072 1110 1340 I customAudioLoopback: writeRadioTrack(): Info: track->trackEnabled: 1, track->audioTrack: 0xB5A9D000, track->trackRunning: 1, track->recovering: 0
06-09 00:12:56.072 1110 1340 I customAudioLoopback: writeRadioTrack(): Info: trackPtr: 0xB5A9A01C, buffer Ptr: 0xB4E7F880
06-09 00:12:56.072 1110 1340 I customAudioLoopback: writeRadioTrack(): Info: track->trackEnabled: 1, track->audioTrack: 0xB5A9D280, track->trackRunning: 0, track->recovering: 0
06-09 00:12:56.077 725 1427 D UISpeechService: "--> CALL GDM:479 Phone_GetActivePhoneId ;"
06-09 00:12:56.077 725 1427 D UISpeechService: "interpreting call Phone_GetActivePhoneId"
06-09 00:12:56.077 725 1427 I UISpeechService: CPhoneSysCallImpl::callPhoneGetActivePhoneId()
06-09 00:12:56.077 725 1427 D UISpeechService: "sendSVCIPCAsyncInvoke>> Method = getActivePhoneId, Busname = com.gm.phonebookservice, Objectpath = com.gm.phonebookservice, Params = []"
06-09 00:12:56.078 725 1069 D UISpeechService: "invokeSendApiRequestToJava>> MethodResult = {"code":0,"description":"Invoked","params":""}"
06-09 00:12:56.078 725 1198 D UISpeechService: "onAsyncInoveResult {"getActivePhoneIdResp":0,"activePhoneId":0}"
06-09 00:12:56.078 725 1068 D UISpeechService: "CSpeechServiceMainThreadQueue WorkerQueue: Method: Signal Name = "
06-09 00:12:56.078 725 1068 I UISpeechService: CPhoneSysCallImpl::handleRespPhoneGetActivePhoneID()
06-09 00:12:56.078 725 1068 W UISpeechService: "handleRespPhoneGetActivePhoneID>> Missing or Invalid Response of phoneBTAddress key"
06-09 00:12:56.078 725 1068 D UISpeechService: "setPhoneSyncingState>> PhoneSyncing Status = 0"
06-09 00:12:56.078 725 1068 D UISpeechService: "<-- RESP GDM:479 Phone_GetActivePhoneId phone_active_phone_id=0 phone_get_active_phoneid_result=PHONE_RESULT_OK;"
06-09 00:12:56.089 725 725 D OnStar.OnStarRemoteReflashManager: subscribeRR
06-09 00:12:56.090 725 725 E OnStar.OnStarRemoteReflashService: subscribeRR->Failed to subscribe for RR->Reason :
06-09 00:12:56.090 725 725 E OnStar.OnStarRemoteReflashService: com.gm.server.onstar.connector.OnStarConnectionException: FSA RemoteReflash client is not ready [UNINITIALIZED]
06-09 00:12:56.090 725 725 E OnStar.OnStarRemoteReflashService: at com.gm.server.onstar.connector.FsaTcpConnector.getRemoteReflashClient(FsaTcpConnector.java:2642)
06-09 00:12:56.090 725 725 E OnStar.OnStarRemoteReflashService: at com.gm.server.onstar.connector.FsaTcpConnector.subscribeRR(FsaTcpConnector.java:1635)
06-09 00:12:56.090 725 725 E OnStar.OnStarRemoteReflashService: at com.gm.server.onstar.OnStarRemoteReflashService.subscribeRR(OnStarRemoteReflashService.java:341)
06-09 00:12:56.090 725 725 E OnStar.OnStarRemoteReflashService: at gm.onstar.OnStarRemoteReflashManager.subscribeRR(OnStarRemoteReflashManager.java:386)
06-09 00:12:56.090 725 725 E OnStar.OnStarRemoteReflashService: at com.gm.server.update.packagedepot.TCPMRemoteReflashHandler.initializeRemoteReflash(TCPMRemoteReflashHandler.java:1062)
06-09 00:12:56.090 725 725 E OnStar.OnStarRemoteReflashService: at com.gm.server.update.packagedepot.TCPMRemoteReflashHandler.-wrap31(TCPMRemoteReflashHandler.java)
06-09 00:12:56.090 725 725 E OnStar.OnStarRemoteReflashService: at com.gm.server.update.packagedepot.TCPMRemoteReflashHandler$6.run(TCPMRemoteReflashHandler.java:877)
06-09 00:12:56.090 725 725 E OnStar.OnStarRemoteReflashService: at android.os.Handler.handleCallback(Handler.java:739)
06-09 00:12:56.090 725 725 E OnStar.OnStarRemoteReflashService: at android.os.Handler.dispatchMessage(Handler.java:95)
06-09 00:12:56.090 725 725 E OnStar.OnStarRemoteReflashService: at android.os.Looper.loop(Looper.java:148)
06-09 00:12:56.090 725 725 E OnStar.OnStarRemoteReflashService: at android.app.ActivityThread.main(ActivityThread.java:5417)
06-09 00:12:56.090 725 725 E OnStar.OnStarRemoteReflashService: at java.lang.reflect.Method.invoke(Native Method)
06-09 00:12:56.090 725 725 E OnStar.OnStarRemoteReflashService: at com.android.internal.os.ZygoteInit$MethodAndArgsCaller.run(ZygoteInit.java:759)
06-09 00:12:56.090 725 725 E OnStar.OnStarRemoteReflashService: at com.android.internal.os.ZygoteInit.main(ZygoteInit.java:649)
06-09 00:12:56.090 725 725 E OnStar.OnStarRemoteReflashManager: subscribeRR->Failed to subscibe to RR->gm.onstar.exception.OnStarException: subscribeRR->FSA functions client is not ready
06-09 00:12:56.090 725 725 I UpdateService-TCPMRemoteReflashHandler: initializeRemoteReflash() ... initialized? false
06-09 00:12:56.093 1110 1340 I customAudioLoopback: writeRadioTrack(): Info: trackPtr: 0xB5A9A008, buffer Ptr: 0xB4E7F880
06-09 00:12:56.093 1110 1340 I customAudioLoopback: writeRadioTrack(): Info: track->trackEnabled: 1, track->audioTrack: 0xB5A9D000, track->trackRunning: 1, track->recovering: 0
06-09 00:12:56.093 1110 1340 I customAudioLoopback: writeRadioTrack(): Info: trackPtr: 0xB5A9A01C, buffer Ptr: 0xB4E7F880
06-09 00:12:56.093 1110 1340 I customAudioLoopback: writeRadioTrack(): Info: track->trackEnabled: 1, track->audioTrack: 0xB5A9D280, track->trackRunning: 0, track->recovering: 0
06-09 00:12:56.108 3856 3856 D AndroidRuntime: >>>>>> START com.android.internal.os.RuntimeInit uid 2000 <<<<<<
06-09 00:12:56.113 3856 3856 D AndroidRuntime: CheckJNI is OFF
06-09 00:12:56.113 3856 3856 E cutils-trace: Error opening trace file: Permission denied (13)
06-09 00:12:56.115 1110 1340 I customAudioLoopback: writeRadioTrack(): Info: trackPtr: 0xB5A9A008, buffer Ptr: 0xB4E7F880
06-09 00:12:56.115 1110 1340 I customAudioLoopback: writeRadioTrack(): Info: track->trackEnabled: 1, track->audioTrack: 0xB5A9D000, track->trackRunning: 1, track->recovering: 0
06-09 00:12:56.115 1110 1340 I customAudioLoopback: writeRadioTrack(): Info: trackPtr: 0xB5A9A01C, buffer Ptr: 0xB4E7F880
06-09 00:12:56.115 1110 1340 I customAudioLoopback: writeRadioTrack(): Info: track->trackEnabled: 1, track->audioTrack: 0xB5A9D280, track->trackRunning: 0, track->recovering: 0
06-09 00:12:56.119 3856 3856 W art : 70c9c000-7188a000 rw-p 00000000 b3:09 32388 /data/dalvik-cache/arm/system@framework@boot.art
06-09 00:12:56.119 3856 3856 W art : 7f567000-7f56c000 r-xp 00000000 b3:06 305 /system/bin/app_process32
06-09 00:12:56.119 3856 3856 W art : 7f56c000-7f56d000 r--p 00004000 b3:06 305 /system/bin/app_process32
06-09 00:12:56.119 3856 3856 W art : 7f56d000-7f56e000 rw-p 00000000 00:00 0
06-09 00:12:56.119 3856 3856 W art : af8e9000-b271e000 r--p 00000000 b3:06 1056 /system/framework/arm/boot.oat
06-09 00:12:56.119 3856 3856 W art : b271e000-b4864000 r-xp 02e35000 b3:06 1056 /system/framework/arm/boot.oat
06-09 00:12:56.119 3856 3856 W art : b4864000-b4865000 rw-p 04f7b000 b3:06 1056 /system/framework/arm/boot.oat
06-09 00:12:56.119 3856 3856 W art : b4865000-b4cb2000 r-xp 00000000 b3:06 1218 /system/lib/libart.so
06-09 00:12:56.119 3856 3856 W art : b4cb2000-b4cb3000 ---p 00000000 00:00 0
06-09 00:12:56.119 3856 3856 W art : b4cb3000-b4cbd000 r--p 0044d000 b3:06 1218 /system/lib/libart.so
06-09 00:12:56.119 3856 3856 W art : b4cbd000-b4cbe000 rw-p 00457000 b3:06 1218 /system/lib/libart.so
06-09 00:12:56.119 3856 3856 W art : b4cbe000-b4cc0000 rw-p 00000000 00:00 0
06-09 00:12:56.119 3856 3856 W art : b4cc0000-b4dc0000 rw-p 00000000 00:00 0 [anon:libc_malloc]
06-09 00:12:56.120 3856 3856 W art : b4dd0000-b4df5000 r--p 00bee000 b3:09 32388 /data/dalvik-cache/arm/system@framework@boot.art
06-09 00:12:56.120 3856 3856 W art : b4df5000-b4df6000 rw-p 00000000 00:00 0 [anon:linker_alloc_vector]
06-09 00:12:56.120 3856 3856 W art : b4df7000-b4dfa000 r-xp 00000000 b3:06 1480 /system/lib/libsigchain.so
06-09 00:12:56.120 3856 3856 W art : b4dfa000-b4dfb000 r--p 00002000 b3:06 1480 /system/lib/libsigchain.so
06-09 00:12:56.120 3856 3856 W art : b4dfb000-b4dfc000 rw-p 00003000 b3:06 1480 /system/lib/libsigchain.so
06-09 00:12:56.120 3856 3856 W art : b4dfc000-b4dfe000 r--p 00000000 00:00 0
06-09 00:12:56.120 3856 3856 W art : b4dfe000-b4e1e000 r--s 00000000 00:0e 9470 /dev/__properties__
06-09 00:12:56.120 3856 3856 W art : b4e1e000-b4e1f000 rw-p 00000000 00:00 0 [anon:linker_alloc_vector]
06-09 00:12:56.120 3856 3856 W art : b4e1f000-b583f000 r-xp 00000000 b3:06 1183 /system/lib/libLLVM.so
06-09 00:12:56.120 3856 3856 W art : b583f000-b5840000 ---p 00000000 00:00 0
06-09 00:12:56.120 3856 3856 W art : b5840000-b5889000 r--p 00a20000 b3:06 1183 /system/lib/libLLVM.so
06-09 00:12:56.120 3856 3856 W art : b5889000-b588a000 rw-p 00a69000 b3:06 1183 /system/lib/libLLVM.so
06-09 00:12:56.120 3856 3856 W art : b588a000-b5892000 rw-p 00000000 00:00 0
06-09 00:12:56.120 3856 3856 W art : b5892000-b5893000 r--p 00000000 00:00 0 [anon:linker_alloc]
06-09 00:12:56.120 3856 3856 W art : b5893000-b58c9000 r-xp 00000000 b3:06 1233 /system/lib/libbcinfo.so
06-09 00:12:56.120 3856 3856 W art : b58c9000-b58ca000 r--p 00035000 b3:06 1233 /system/lib/libbcinfo.so
06-09 00:12:56.120 3856 3856 W art : b58ca000-b58cb000 rw-p 00036000 b3:06 1233 /system/lib/libbcinfo.so
06-09 00:12:56.120 3856 3856 W art : b58cb000-b5923000 r-xp 00000000 b3:06 1232 /system/lib/libbcc.so
06-09 00:12:56.120 3856 3856 W art : b5923000-b5924000 ---p 00000000 00:00 0
06-09 00:12:56.120 3856 3856 W art : b5924000-b5925000 r--p 00058000 b3:06 1232 /system/lib/libbcc.so
06-09 00:12:56.120 3856 3856 W art : b5925000-b5926000 rw-p 00059000 b3:06 1232 /system/lib/libbcc.so
06-09 00:12:56.120 3856 3856 W art : b5926000-b5930000 r-xp 00000000 b3:06 1247 /system/lib/libcommon_time_client.so
06-09 00:12:56.120 3856 3856 W art : b5930000-b5933000 r--p 00009000 b3:06 1247 /system/lib/libcommon_time_client.so
06-09 00:12:56.120 3856 3856 W art : b5933000-b5934000 rw-p 0000c000 b3:06 1247 /system/lib/libcommon_time_client.so
06-09 00:12:56.120 3856 3856 W art : b5934000-b5935000 r--p 00000000 00:00 0
06-09 00:12:56.120 3856 3856 W art : b5935000-b594c000 r-xp 00000000 b3:06 1458 /system/lib/libprotobuf-cpp-lite.so
06-09 00:12:56.120 3856 3856 W art : b594c000-b594d000 ---p 00000000 00:00 0
06-09 00:12:56.120 3856 3856 W art : b594d000-b594e000 r--p 00017000 b3:06 1458 /system/lib/libprotobuf-cpp-lite.so
06-09 00:12:56.120 3856 3856 W art : b594e000-b594f000 rw-p 00018000 b3:06 1458 /system/lib/libprotobuf-cpp-lite.so
06-09 00:12:56.120 3856 3856 W art : b594f000-b5956000 r-xp 00000000 b3:06 1500 /system/lib/libstagefright_avc_common.so
06-09 00:12:56.120 3856 3856 W art : b5956000-b5957000 r--p 00006000 b3:06 1500 /system/lib/libstagefright_avc_common.so
06-09 00:12:56.120 3856 3856 W art : b5957000-b5958000 rw-p 00007000 b3:06 1500 /system/lib/libstagefright_avc_common.so
06-09 00:12:56.120 3856 3856 W art : b5958000-b595b000 r-xp 00000000 b3:06 1501 /system/lib/libstagefright_enc_common.so
06-09 00:12:56.120 3856 3856 W art : b595b000-b595c000 r--p 00002000 b3:06 1501 /system/lib/libstagefright_enc_common.so
06-09 00:12:56.120 3856 3856 W art : b595c000-b595d000 rw-p 00003000 b3:06 1501 /system/lib/libstagefright_enc_common.so
06-09 00:12:56.121 3856 3856 W art : b595d000-b5961000 r-xp 00000000 b3:06 1455 /system/lib/libpowermanager.so
06-09 00:12:56.121 3856 3856 W art : b5961000-b5962000 ---p 00000000 00:00 0
06-09 00:12:56.121 3856 3856 W art : b5962000-b5963000 r--p 00004000 b3:06 1455 /system/lib/libpowermanager.so
06-09 00:12:56.121 3856 3856 W art : b5963000-b5964000 rw-p 00005000 b3:06 1455 /system/lib/libpowermanager.so
06-09 00:12:56.121 3856 3856 W art : b5964000-b5981000 r-xp 00000000 b3:06 1590 /system/lib/libvorbisidec.so
06-09 00:12:56.121 3856 3856 W art : b5981000-b5982000 r--p 0001c000 b3:06 1590 /system/lib/libvorbisidec.so
06-09 00:12:56.121 3856 3856 W art : b5982000-b5983000 rw-p 0001d000 b3:06 1590 /system/lib/libvorbisidec.so
06-09 00:12:56.121 3856 3856 W art : b5983000-b5988000 r-xp 00000000 b3:06 1527 /system/lib/libstagefright_yuv.so
06-09 00:12:56.121 3856 3856 W art : b5988000-b5989000 r--p 00004000 b3:06 1527 /system/lib/libstagefright_yuv.so
06-09 00:12:56.121 3856 3856 W art : b5989000-b598a000 rw-p 00005000 b3:06 1527 /system/lib/libstagefright_yuv.so
06-09 00:12:56.121 3856 3856 W art : b598a000-b598b000 r--p 00000000 00:00 0 [anon:linker_alloc]
06-09 00:12:56.121 3856 3856 W art : b598b000-b59b8000 r-xp 00000000 b3:06 1505 /system/lib/libstagefright_omx.so
06-09 00:12:56.121 3856 3856 W art : b59b8000-b59b9000 ---p 00000000 00:00 0
06-09 00:12:56.121 3856 3856 W art : b59b9000-b59bc000 r--p 0002d000 b3:06 1505 /system/lib/libstagefright_omx.so
06-09 00:12:56.121 3856 3856 W art : b59bc000-b59bd000 rw-p 00030000 b3:06 1505 /system/lib/libstagefright_omx.so
06-09 00:12:56.121 3856 3856 W art : b59bd000-b59f8000 r-xp 00000000 b3:06 1437 /system/lib/libopus.so
06-09 00:12:56.121 3856 3856 W art : b59f8000-b59f9000 r--p 0003a000 b3:06 1437 /system/lib/libopus.so
06-09 00:12:56.121 3856 3856 W art : b59f9000-b59fa000 rw-p 0003b000 b3:06 1437 /system/lib/libopus.so
06-09 00:12:56.121 3856 3856 W art : b59fa000-b5a01000 r-xp 00000000 b3:06 1369 /system/lib/libmediautils.so
06-09 00:12:56.121 3856 3856 W art : b5a01000-b5a02000 ---p 00000000 00:00 0
06-09 00:12:56.121 3856 3856 W art : b5a02000-b5a03000 r--p 00007000 b3:06 1369 /system/lib/libmediautils.so
06-09 00:12:56.121 3856 3856 W art : b5a03000-b5a04000 rw-p 00008000 b3:06 1369 /system/lib/libmediautils.so
06-09 00:12:56.121 3856 3856 W art : b5a04000-b5a19000 r-xp 00000000 b3:06 1281 /system/lib/libdrmframework.so
06-09 00:12:56.121 3856 3856 W art : b5a19000-b5a1a000 ---p 00000000 00:00 0
06-09 00:12:56.121 3856 3856 W art : b5a1a000-b5a1d000 r--p 00015000 b3:06 1281 /system/lib/libdrmframework.so
06-09 00:12:56.121 3856 3856 W art : b5a1d000-b5a1e000 rw-p 00018000 b3:06 1281 /system/lib/libdrmframework.so
06-09 00:12:56.121 3856 3856 W art : b5a1e000-b5a3d000 r-xp 00000000 b3:06 1200 /system/lib/libRScpp.so
06-09 00:12:56.121 3856 3856 W art : b5a3d000-b5a3e000 r--p 0001e000 b3:06 1200 /system/lib/libRScpp.so
06-09 00:12:56.121 3856 3856 W art : b5a3e000-b5a3f000 rw-p 0001f000 b3:06 1200 /system/lib/libRScpp.so
06-09 00:12:56.121 3856 3856 W art : b5a3f000-b5a7d000 r-xp 00000000 b3:06 1197 /system/lib/libRS.so
06-09 00:12:56.121 3856 3856 W art : b5a7d000-b5a7e000 ---p 00000000 00:00 0
06-09 00:12:56.121 3856 3856 W art : b5a7e000-b5a80000 r--p 0003e000 b3:06 1197 /system/lib/libRS.so
06-09 00:12:56.121 3856 3856 W art : b5a80000-b5a81000 rw-p 00040000 b3:06 1197 /system/lib/libRS.so
06-09 00:12:56.121 3856 3856 W art : b5a81000-b5a88000 r-xp 00000000 b3:06 1490 /system/lib/libspeexresampler.so
06-09 00:12:56.121 3856 3856 W art : b5a88000-b5a89000 r--p 00006000 b3:06 1490 /system/lib/libspeexresampler.so
06-09 00:12:56.121 3856 3856 W art : b5a89000-b5a8a000 rw-p 00007000 b3:06 1490 /system/lib/libspeexresampler.so
06-09 00:12:56.121 3856 3856 W art : b5a8a000-b5a93000 r-xp 00000000 b3:06 1380 /system/lib/libnbaio.so
06-09 00:12:56.121 3856 3856 W art : b5a93000-b5a94000 r--p 00008000 b3:06 1380 /system/lib/libnbaio.so
06-09 00:12:56.121 3856 3856 W art : b5a94000-b5a95000 rw-p 00009000 b3:06 1380 /system/lib/libnbaio.so
06-09 00:12:56.121 3856 3856 W art : b5a95000-b5aa7000 r-xp 00000000 b3:06 1448 /system/lib/libpcre.so
06-09 00:12:56.121 3856 3856 W art : b5aa7000-b5aa8000 r--p 00011000 b3:06 1448 /system/lib/libpcre.so
06-09 00:12:56.121 3856 3856 W art : b5aa8000-b5aa9000 rw-p 00012000 b3:06 1448 /system/lib/libpcre.so
06-09 00:12:56.121 3856 3856 W art : b5aa9000-b5aab000 r--p 00000000 00:00 0 [anon:linker_alloc]
06-09 00:12:56.121 3856 3856 W art : b5aab000-b5ab0000 r-xp 00000000 b3:06 1597 /system/lib/libwpa_client.so
06-09 00:12:56.121 3856 3856 W art : b5ab0000-b5ab1000 r--p 00004000 b3:06 1597 /system/lib/libwpa_client.so
06-09 00:12:56.121 3856 3856 W art : b5ab1000-b5ab2000 rw-p 00005000 b3:06 1597 /system/lib/libwpa_client.so
06-09 00:12:56.121 3856 3856 W art : b5ab2000-b5b1f000 r-xp 00000000 b3:06 1178 /system/lib/libGLES_trace.so
06-09 00:12:56.121 3856 3856 W art : b5b1f000-b5b20000 ---p 00000000 00:00 0
06-09 00:12:56.121 3856 3856 W art : b5b20000-b5b22000 r--p 0006d000 b3:06 1178 /system/lib/libGLES_trace.so
06-09 00:12:56.121 3856 3856 W art : b5b22000-b5b23000 rw-p 0006f000 b3:06 1178 /system/lib/libGLES_trace.so
06-09 00:12:56.121 3856 3856 W art : b5b23000-b5b84000 r-xp 00000000 b3:06 1299 /system/lib/libft2.so
06-09 00:12:56.121 3856 3856 W art : b5b84000-b5b86000 r--p 00060000 b3:06 1299 /system/lib/libft2.so
06-09 00:12:56.121 3856 3856 W art : b5b86000-b5b87000 rw-p 00062000 b3:06 1299 /system/lib/libft2.so
06-09 00:12:56.122 3856 3856 W art : b5b87000-b5bae000 r-xp 00000000 b3:06 1453 /system/lib/libpng.so
06-09 00:12:56.122 3856 3856 W art : b5bae000-b5baf000 ---p 00000000 00:00 0
06-09 00:12:56.122 3856 3856 W art : b5baf000-b5bb0000 r--p 00027000 b3:06 1453 /system/lib/libpng.so
06-09 00:12:56.122 3856 3856 W art : b5bb0000-b5bb1000 rw-p 00028000 b3:06 1453 /system/lib/libpng.so
06-09 00:12:56.122 3856 3856 W art : b5bb1000-b5bb4000 r-xp 00000000 b3:06 1534 /system/lib/libsync.so
06-09 00:12:56.122 3856 3856 W art : b5bb4000-b5bb5000 r--p 00002000 b3:06 1534 /system/lib/libsync.so
06-09 00:12:56.122 3856 3856 W art : b5bb5000-b5bb6000 rw-p 00003000 b3:06 1534 /system/lib/libsync.so
06-09 00:12:56.122 3856 3856 W art : b5bb6000-b5bbb000 r-xp 00000000 b3:06 1529 /system/lib/libstdc++.so
06-09 00:12:56.122 3856 3856 W art : b5bbb000-b5bbc000 r--p 00004000 b3:06 1529 /system/lib/libstdc++.so
06-09 00:12:56.122 3856 3856 W art : b5bbc000-b5bbd000 rw-p 00005000 b3:06 1529 /system/lib/libstdc++.so
06-09 00:12:56.122 3856 3856 W art : b5bbd000-b5bcd000 r-xp 00000000 b3:06 1551 /system/lib/libunwind.so
06-09 00:12:56.122 3856 3856 W art : b5bcd000-b5bce000 r--p 0000f000 b3:06 1551 /system/lib/libunwind.so
06-09 00:12:56.122 3856 3856 W art : b5bce000-b5bcf000 rw-p 00010000 b3:06 1551 /system/lib/libunwind.so
06-09 00:12:56.122 3856 3856 W art : b5bcf000-b5c15000 rw-p 00000000 00:00 0
06-09 00:12:56.122 3856 3856 W art : b5c15000-b5c1e000 r-xp 00000000 b3:06 1231 /system/lib/libbase.so
06-09 00:12:56.122 3856 3856 W art : b5c1e000-b5c1f000 r--p 00008000 b3:06 1231 /system/lib/libbase.so
06-09 00:12:56.122 3856 3856 W art : b5c1f000-b5c20000 rw-p 00009000 b3:06 1231 /system/lib/libbase.so
06-09 00:12:56.122 3856 3856 W art : b5c20000-b5c25000 r-xp 00000000 b3:06 1283 /system/lib/libeffects.so
06-09 00:12:56.122 3856 3856 W art : b5c25000-b5c26000 r--p 00004000 b3:06 1283 /system/lib/libeffects.so
06-09 00:12:56.122 3856 3856 W art : b5c26000-b5c27000 rw-p 00005000 b3:06 1283 /system/lib/libeffects.so
06-09 00:12:56.122 3856 3856 W art : b5c27000-b5c28000 r--p 00000000 00:00 0 [anon:linker_alloc]
06-09 00:12:56.122 3856 3856 W art : b5c28000-b5c2b000 r-xp 00000000 b3:06 1503 /system/lib/libstagefright_http_support.so
06-09 00:12:56.122 3856 3856 W art : b5c2b000-b5c2c000 ---p 00000000 00:00 0
06-09 00:12:56.122 3856 3856 W art : b5c2c000-b5c2d000 r--p 00003000 b3:06 1503 /system/lib/libstagefright_http_support.so
06-09 00:12:56.122 3856 3856 W art : b5c2d000-b5c2e000 rw-p 00004000 b3:06 1503 /system/lib/libstagefright_http_support.so
06-09 00:12:56.122 3856 3856 W art : b5c2e000-b5c46000 r-xp 00000000 b3:06 1502 /system/lib/libstagefright_foundation.so
06-09 00:12:56.122 3856 3856 W art : b5c46000-b5c47000 ---p 00000000 00:00 0
06-09 00:12:56.122 3856 3856 W art : b5c47000-b5c48000 r--p 00018000 b3:06 1502 /system/lib/libstagefright_foundation.so
06-09 00:12:56.122 3856 3856 W art : b5c48000-b5c49000 rw-p 00019000 b3:06 1502 /system/lib/libstagefright_foundation.so
06-09 00:12:56.122 3856 3856 W art : b5c49000-b5d97000 r-xp 00000000 b3:06 1498 /system/lib/libstagefright.so
06-09 00:12:56.122 3856 3856 W art : b5d97000-b5da3000 r--p 0014d000 b3:06 1498 /system/lib/libstagefright.so
06-09 00:12:56.122 3856 3856 W art : b5da3000-b5da4000 rw-p 00159000 b3:06 1498 /system/lib/libstagefright.so
06-09 00:12:56.122 3856 3856 W art : b5da4000-b5e0f000 r-xp 00000000 b3:06 1331 /system/lib/libhwui.so
06-09 00:12:56.122 3856 3856 W art : b5e0f000-b5e10000 ---p 00000000 00:00 0
06-09 00:12:56.122 3856 3856 W art : b5e10000-b5e13000 r--p 0006b000 b3:06 1331 /system/lib/libhwui.so
06-09 00:12:56.122 3856 3856 W art : b5e13000-b5e14000 rw-p 0006e000 b3:06 1331 /system/lib/libhwui.so
06-09 00:12:56.122 3856 3856 W art : b5e14000-b5e17000 r-xp 00000000 b3:06 1461 /system/lib/libradio_metadata.so
06-09 00:12:56.122 3856 3856 W art : b5e17000-b5e18000 r--p 00002000 b3:06 1461 /system/lib/libradio_metadata.so
06-09 00:12:56.122 3856 3856 W art : b5e18000-b5e19000 rw-p 00003000 b3:06 1461 /system/lib/libradio_metadata.so
06-09 00:12:56.122 3856 3856 W art : b5e19000-b5e1d000 r-xp 00000000 b3:06 1376 /system/lib/libnativebridge.so
06-09 00:12:56.122 3856 3856 W art : b5e1d000-b5e1e000 r--p 00003000 b3:06 1376 /system/lib/libnativebridge.so
06-09 00:12:56.122 3856 3856 W art : b5e1e000-b5e1f000 rw-p 00004000 b3:06 1376 /system/lib/libnativebridge.so
06-09 00:12:56.122 3856 3856 W art : b5e1f000-b5e23000 r-xp 00000000 b3:06 1456 /system/lib/libprocessgroup.so
06-09 00:12:56.122 3856 3856 W art : b5e23000-b5e24000 r--p 00003000 b3:06 1456 /system/lib/libprocessgroup.so
06-09 00:12:56.122 3856 3856 W art : b5e24000-b5e25000 rw-p 00004000 b3:06 1456 /system/lib/libprocessgroup.so
06-09 00:12:56.122 3856 3856 W art : b5e25000-b5e33000 r-xp 00000000 b3:06 1371 /system/lib/libminikin.so
06-09 00:12:56.122 3856 3856 W art : b5e33000-b5e34000 ---p 00000000 00:00 0
06-09 00:12:56.122 3856 3856 W art : b5e34000-b5e35000 r--p 0000e000 b3:06 1371 /system/lib/libminikin.so
06-09 00:12:56.122 3856 3856 W art : b5e35000-b5e36000 rw-p 0000f000 b3:06 1371 /system/lib/libminikin.so
06-09 00:12:56.122 3856 3856 W art : b5e36000-b5e40000 r-xp 00000000 b3:06 1487 /system/lib/libsoundtrigger.so
06-09 00:12:56.122 3856 3856 W art : b5e40000-b5e43000 r--p 00009000 b3:06 1487 /system/lib/libsoundtrigger.so
06-09 00:12:56.122 3856 3856 W art : b5e43000-b5e44000 rw-p 0000c000 b3:06 1487 /system/lib/libsoundtrigger.so
06-09 00:12:56.122 3856 3856 W art : b5e44000-b5e45000 r--p 00000000 00:00 0 [anon:linker_alloc]
06-09 00:12:56.122 3856 3856 W art : b5e45000-b5e4f000 r-xp 00000000 b3:06 1460 /system/lib/libradio.so
06-09 00:12:56.123 3856 3856 W art : b5e4f000-b5e52000 r--p 00009000 b3:06 1460 /system/lib/libradio.so
06-09 00:12:56.123 3856 3856 W art : b5e52000-b5e53000 rw-p 0000c000 b3:06 1460 /system/lib/libradio.so
06-09 00:12:56.123 3856 3856 W art : b5e53000-b5e57000 r-xp 00000000 b3:06 1429 /system/lib/libnetd_client.so
