06-09 00:12:39.707 1110 1340 I customAudioLoopback: writeRadioTrack(): Info: track->trackEnabled: 1, track->audioTrack: 0xB5A9D000, track->trackRunning: 1, track->recovering: 0
06-09 00:12:39.707 1110 1340 I customAudioLoopback: writeRadioTrack(): Info: trackPtr: 0xB5A9A01C, buffer Ptr: 0xB4E7F880
06-09 00:12:39.707 1110 1340 I customAudioLoopback: writeRadioTrack(): Info: track->trackEnabled: 1, track->audioTrack: 0xB5A9D280, track->trackRunning: 0, track->recovering: 0
06-09 00:12:39.709 725 1350 D RSIClient: CONNECTING
06-09 00:12:39.709 405 1925 I ActivityManager: Start proc 3587:com.android.keychain/1000 for broadcast com.android.keychain/.KeyChainBroadcastReceiver
06-09 00:12:39.711 108 108 E ti_hwc : FB_TARGET info: CRTC: [0, 0, 1920, 1080] SRC: [0, 0, 1920, 1080], Hints: 0, Flags: 0
06-09 00:12:39.728 1110 1340 I customAudioLoopback: writeRadioTrack(): Info: trackPtr: 0xB5A9A008, buffer Ptr: 0xB4E7F880
06-09 00:12:39.728 1110 1340 I customAudioLoopback: writeRadioTrack(): Info: track->trackEnabled: 1, track->audioTrack: 0xB5A9D000, track->trackRunning: 1, track->recovering: 0
06-09 00:12:39.729 1110 1340 I customAudioLoopback: writeRadioTrack(): Info: trackPtr: 0xB5A9A01C, buffer Ptr: 0xB4E7F880
06-09 00:12:39.729 1110 1340 I customAudioLoopback: writeRadioTrack(): Info: track->trackEnabled: 1, track->audioTrack: 0xB5A9D280, track->trackRunning: 0, track->recovering: 0
06-09 00:12:39.749 1110 1340 I customAudioLoopback: writeRadioTrack(): Info: trackPtr: 0xB5A9A008, buffer Ptr: 0xB4E7F880
06-09 00:12:39.749 1110 1340 I customAudioLoopback: writeRadioTrack(): Info: track->trackEnabled: 1, track->audioTrack: 0xB5A9D000, track->trackRunning: 1, track->recovering: 0
06-09 00:12:39.749 1110 1340 I customAudioLoopback: writeRadioTrack(): Info: trackPtr: 0xB5A9A01C, buffer Ptr: 0xB4E7F880
06-09 00:12:39.749 1110 1340 I customAudioLoopback: writeRadioTrack(): Info: track->trackEnabled: 1, track->audioTrack: 0xB5A9D280, track->trackRunning: 0, track->recovering: 0
06-09 00:12:39.757 725 1427 D UISpeechService: "--> CALL GDM:410 System_StateSet system_state=SYSTEM_STATE_APP_NAMES_G2P system_state_action=SYSTEM_STATE_BEGIN;"
06-09 00:12:39.757 725 1427 D UISpeechService: "interpreting call System_StateSet"
06-09 00:12:39.757 725 1427 D UISpeechService: "<-- RESP GDM:410 System_StateSet system_state_result=SYSTEM_RESULT_OK;"
06-09 00:12:39.771 1110 1340 I customAudioLoopback: writeRadioTrack(): Info: trackPtr: 0xB5A9A008, buffer Ptr: 0xB4E7F880
06-09 00:12:39.771 1110 1340 I customAudioLoopback: writeRadioTrack(): Info: track->trackEnabled: 1, track->audioTrack: 0xB5A9D000, track->trackRunning: 1, track->recovering: 0
06-09 00:12:39.771 1110 1340 I customAudioLoopback: writeRadioTrack(): Info: trackPtr: 0xB5A9A01C, buffer Ptr: 0xB4E7F880
06-09 00:12:39.771 1110 1340 I customAudioLoopback: writeRadioTrack(): Info: track->trackEnabled: 1, track->audioTrack: 0xB5A9D280, track->trackRunning: 0, track->recovering: 0
06-09 00:12:39.776 2312 2330 D xxxxxx_gps: process_ndr_data() sensorCnt:22702, sequenceNr:660, lat:0, lon:0, heading:9000
06-09 00:12:39.776 2312 2330 D xxxxxx_gps: process_ndr_data() deltaHeading:-0.000000, speed:0, distance:878784, meter:0, DR timestamp:714245, utcTime:0
06-09 00:12:39.776 2312 2330 D xxxxxx_gps: Time not Availible from Fix!
06-09 00:12:39.776 2312 2330 D xxxxxx_gps: DR Time is 714245 at Utc Time 714245
06-09 00:12:39.785 405 477 W SearchableInfo: Invalid searchable metadata for com.android.browser/.BrowserActivity: Search label must be a resource reference.
06-09 00:12:39.792 1110 1340 I customAudioLoopback: writeRadioTrack(): Info: trackPtr: 0xB5A9A008, buffer Ptr: 0xB4E7F880
06-09 00:12:39.792 1110 1340 I customAudioLoopback: writeRadioTrack(): Info: track->trackEnabled: 1, track->audioTrack: 0xB5A9D000, track->trackRunning: 1, track->recovering: 0
06-09 00:12:39.792 1110 1340 I customAudioLoopback: writeRadioTrack(): Info: trackPtr: 0xB5A9A01C, buffer Ptr: 0xB4E7F880
06-09 00:12:39.792 1110 1340 I customAudioLoopback: writeRadioTrack(): Info: track->trackEnabled: 1, track->audioTrack: 0xB5A9D280, track->trackRunning: 0, track->recovering: 0
06-09 00:12:39.797 3587 3587 E libprocessgroup: failed to make and chown /acct/uid_1000: Read-only file system
06-09 00:12:39.797 3587 3587 W Zygote : createProcessGroup failed, kernel missing CONFIG_CGROUP_CPUACCT?
06-09 00:12:39.808 405 477 W SearchableInfo: Invalid searchable metadata for com.android.browser/.BookmarkSearch: Search label must be a resource reference.
06-09 00:12:39.814 1110 1340 I customAudioLoopback: writeRadioTrack(): Info: trackPtr: 0xB5A9A008, buffer Ptr: 0xB4E7F880
06-09 00:12:39.814 1110 1340 I customAudioLoopback: writeRadioTrack(): Info: track->trackEnabled: 1, track->audioTrack: 0xB5A9D000, track->trackRunning: 1, track->recovering: 0
06-09 00:12:39.814 1110 1340 I customAudioLoopback: writeRadioTrack(): Info: trackPtr: 0xB5A9A01C, buffer Ptr: 0xB4E7F880
06-09 00:12:39.814 1110 1340 I customAudioLoopback: writeRadioTrack(): Info: track->trackEnabled: 1, track->audioTrack: 0xB5A9D280, track->trackRunning: 0, track->recovering: 0
06-09 00:12:39.824 725 2195 E RR_NET_LIB: RR::dispatch():poll failed: 0 11
06-09 00:12:39.825 753 753 D P13NService_CapUploadAfterDR: Device NOT registered yet - will try again after 5 sec..
06-09 00:12:39.834 1110 1340 I customAudioLoopback: writeRadioTrack(): Info: trackPtr: 0xB5A9A008, buffer Ptr: 0xB4E7F880
06-09 00:12:39.834 1110 1340 I customAudioLoopback: writeRadioTrack(): Info: track->trackEnabled: 1, track->audioTrack: 0xB5A9D000, track->trackRunning: 1, track->recovering: 0
06-09 00:12:39.834 1110 1340 I customAudioLoopback: writeRadioTrack(): Info: trackPtr: 0xB5A9A01C, buffer Ptr: 0xB4E7F880
06-09 00:12:39.834 1110 1340 I customAudioLoopback: writeRadioTrack(): Info: track->trackEnabled: 1, track->audioTrack: 0xB5A9D280, track->trackRunning: 0, track->recovering: 0
06-09 00:12:39.856 1110 1340 I customAudioLoopback: writeRadioTrack(): Info: trackPtr: 0xB5A9A008, buffer Ptr: 0xB4E7F880
06-09 00:12:39.856 1110 1340 I customAudioLoopback: writeRadioTrack(): Info: track->trackEnabled: 1, track->audioTrack: 0xB5A9D000, track->trackRunning: 1, track->recovering: 0
06-09 00:12:39.856 1110 1340 I customAudioLoopback: writeRadioTrack(): Info: trackPtr: 0xB5A9A01C, buffer Ptr: 0xB4E7F880
06-09 00:12:39.856 1110 1340 I customAudioLoopback: writeRadioTrack(): Info: track->trackEnabled: 1, track->audioTrack: 0xB5A9D280, track->trackRunning: 0, track->recovering: 0
06-09 00:12:39.877 725 1427 D UISpeechService: "--> CALL GDM:420 System_StateSet system_state=SYSTEM_STATE_APP_NAMES_G2P system_state_action=SYSTEM_STATE_END;"
06-09 00:12:39.877 725 1427 D UISpeechService: "interpreting call System_StateSet"
06-09 00:12:39.877 725 1427 D UISpeechService: "<-- RESP GDM:420 System_StateSet system_state_result=SYSTEM_RESULT_OK;"
06-09 00:12:39.877 1110 1340 I customAudioLoopback: writeRadioTrack(): Info: trackPtr: 0xB5A9A008, buffer Ptr: 0xB4E7F880
06-09 00:12:39.877 1110 1340 I customAudioLoopback: writeRadioTrack(): Info: track->trackEnabled: 1, track->audioTrack: 0xB5A9D000, track->trackRunning: 1, track->recovering: 0
06-09 00:12:39.877 1110 1340 I customAudioLoopback: writeRadioTrack(): Info: trackPtr: 0xB5A9A01C, buffer Ptr: 0xB4E7F880
06-09 00:12:39.877 1110 1340 I customAudioLoopback: writeRadioTrack(): Info: track->trackEnabled: 1, track->audioTrack: 0xB5A9D280, track->trackRunning: 0, track->recovering: 0
06-09 00:12:39.895 144 161 E ProtoKey: Protokey request failed
06-09 00:12:39.899 1110 1340 I customAudioLoopback: writeRadioTrack(): Info: trackPtr: 0xB5A9A008, buffer Ptr: 0xB4E7F880
06-09 00:12:39.899 1110 1340 I customAudioLoopback: writeRadioTrack(): Info: track->trackEnabled: 1, track->audioTrack: 0xB5A9D000, track->trackRunning: 1, track->recovering: 0
06-09 00:12:39.899 1110 1340 I customAudioLoopback: writeRadioTrack(): Info: trackPtr: 0xB5A9A01C, buffer Ptr: 0xB4E7F880
06-09 00:12:39.899 1110 1340 I customAudioLoopback: writeRadioTrack(): Info: track->trackEnabled: 1, track->audioTrack: 0xB5A9D280, track->trackRunning: 0, track->recovering: 0
06-09 00:12:39.910 143 320 I ICSTYPEB: Panelservice backlightLevel 0x8fc0 0x8fc0 0x8fc0
06-09 00:12:39.912 3587 3587 W System : ClassLoader referenced unknown path: /system/app/KeyChain/lib/arm
06-09 00:12:39.917 725 1427 D UISpeechService: "--> CALL GDM:421 System_LogMessage log_string='Queue size: 0. Top Task: TASK_NONE';"
06-09 00:12:39.917 725 1427 D UISpeechService: "interpreting call System_LogMessage"
06-09 00:12:39.917 725 1427 D UISpeechService: "LogMessage is Queue size: 0. Top Task: TASK_NONE"
06-09 00:12:39.917 725 1427 D UISpeechService: "<-- RESP GDM:421 System_LogMessage system_logmessage_result=SYSTEM_RESULT_OK;"
06-09 00:12:39.918 3587 3587 W ContextImpl: Calling a method in the system process without a qualified user: android.app.ContextImpl.startService:1221 android.content.ContextWrapper.startService:581 android.content.ContextWrapper.startService:581 com.android.keychain.KeyChainBroadcastReceiver.onReceive:12 android.app.ActivityThread.handleReceiver:2725
06-09 00:12:39.920 1110 1340 I customAudioLoopback: writeRadioTrack(): Info: trackPtr: 0xB5A9A008, buffer Ptr: 0xB4E7F880
06-09 00:12:39.920 1110 1340 I customAudioLoopback: writeRadioTrack(): Info: track->trackEnabled: 1, track->audioTrack: 0xB5A9D000, track->trackRunning: 1, track->recovering: 0
06-09 00:12:39.920 1110 1340 I customAudioLoopback: writeRadioTrack(): Info: trackPtr: 0xB5A9A01C, buffer Ptr: 0xB4E7F880
06-09 00:12:39.920 1110 1340 I customAudioLoopback: writeRadioTrack(): Info: track->trackEnabled: 1, track->audioTrack: 0xB5A9D280, track->trackRunning: 0, track->recovering: 0
06-09 00:12:39.934 405 450 I ActivityManager: Start proc 3602:com.gm.browser/u0a10 for broadcast com.gm.browser/.receivers.UninstallReceiver
06-09 00:12:39.941 1110 1340 I customAudioLoopback: writeRadioTrack(): Info: trackPtr: 0xB5A9A008, buffer Ptr: 0xB4E7F880
06-09 00:12:39.942 1110 1340 I customAudioLoopback: writeRadioTrack(): Info: track->trackEnabled: 1, track->audioTrack: 0xB5A9D000, track->trackRunning: 1, track->recovering: 0
06-09 00:12:39.942 1110 1340 I customAudioLoopback: writeRadioTrack(): Info: trackPtr: 0xB5A9A01C, buffer Ptr: 0xB4E7F880
06-09 00:12:39.942 1110 1340 I customAudioLoopback: writeRadioTrack(): Info: track->trackEnabled: 1, track->audioTrack: 0xB5A9D280, track->trackRunning: 0, track->recovering: 0
06-09 00:12:39.962 1110 1340 I customAudioLoopback: writeRadioTrack(): Info: trackPtr: 0xB5A9A008, buffer Ptr: 0xB4E7F880
06-09 00:12:39.962 1110 1340 I customAudioLoopback: writeRadioTrack(): Info: track->trackEnabled: 1, track->audioTrack: 0xB5A9D000, track->trackRunning: 1, track->recovering: 0
06-09 00:12:39.962 1110 1340 I customAudioLoopback: writeRadioTrack(): Info: trackPtr: 0xB5A9A01C, buffer Ptr: 0xB4E7F880
06-09 00:12:39.962 1110 1340 I customAudioLoopback: writeRadioTrack(): Info: track->trackEnabled: 1, track->audioTrack: 0xB5A9D280, track->trackRunning: 0, track->recovering: 0
06-09 00:12:39.973 1265 3586 W ReconciliationDBImpl: Row already present. Incrementing counter for this row - APP_ID: com.android.cts.preconditions.pkg VERSION: ACTION: remove REASON: null
06-09 00:12:39.976 725 1038 I com.gm.server.traffic.TrafficServiceImpl: signalMonitor: Not connected, reconnecting...
06-09 00:12:39.978 725 1038 E com.gm.server.traffic.TrafficServiceImpl: signalMonitor: socket connection exception
06-09 00:12:39.978 725 1038 E com.gm.server.traffic.TrafficServiceImpl: java.net.ConnectException: failed to connect to /192.168.1.10 (port 11999): connect failed: ECONNREFUSED (Connection refused)
06-09 00:12:39.978 725 1038 E com.gm.server.traffic.TrafficServiceImpl: at libcore.io.IoBridge.connect(IoBridge.java:124)
06-09 00:12:39.978 725 1038 E com.gm.server.traffic.TrafficServiceImpl: at java.net.PlainSocketImpl.connect(PlainSocketImpl.java:183)
06-09 00:12:39.978 725 1038 E com.gm.server.traffic.TrafficServiceImpl: at java.net.PlainSocketImpl.connect(PlainSocketImpl.java:163)
06-09 00:12:39.978 725 1038 E com.gm.server.traffic.TrafficServiceImpl: at java.net.Socket.startupSocket(Socket.java:592)
06-09 00:12:39.978 725 1038 E com.gm.server.traffic.TrafficServiceImpl: at java.net.Socket.tryAllAddresses(Socket.java:128)
06-09 00:12:39.978 725 1038 E com.gm.server.traffic.TrafficServiceImpl: at java.net.Socket.(Socket.java:178)
06-09 00:12:39.978 725 1038 E com.gm.server.traffic.TrafficServiceImpl: at java.net.Socket.(Socket.java:150)
06-09 00:12:39.978 725 1038 E com.gm.server.traffic.TrafficServiceImpl: at com.gm.server.traffic.SocketImpl.connect(SocketImpl.java:22)
06-09 00:12:39.978 725 1038 E com.gm.server.traffic.TrafficServiceImpl: at com.gm.server.traffic.TrafficServiceImpl$1.run(TrafficServiceImpl.java:227)
06-09 00:12:39.978 725 1038 E com.gm.server.traffic.TrafficServiceImpl: at java.util.concurrent.ThreadPoolExecutor.runWorker(ThreadPoolExecutor.java:1113)
06-09 00:12:39.978 725 1038 E com.gm.server.traffic.TrafficServiceImpl: at java.util.concurrent.ThreadPoolExecutor$Worker.run(ThreadPoolExecutor.java:588)
06-09 00:12:39.978 725 1038 E com.gm.server.traffic.TrafficServiceImpl: at java.lang.Thread.run(Thread.java:818)
06-09 00:12:39.978 725 1038 E com.gm.server.traffic.TrafficServiceImpl: Caused by: android.system.ErrnoException: connect failed: ECONNREFUSED (Connection refused)
06-09 00:12:39.978 725 1038 E com.gm.server.traffic.TrafficServiceImpl: at libcore.io.Posix.connect(Native Method)
06-09 00:12:39.978 725 1038 E com.gm.server.traffic.TrafficServiceImpl: at libcore.io.BlockGuardOs.connect(BlockGuardOs.java:111)
06-09 00:12:39.978 725 1038 E com.gm.server.traffic.TrafficServiceImpl: at libcore.io.IoBridge.connectErrno(IoBridge.java:137)
06-09 00:12:39.978 725 1038 E com.gm.server.traffic.TrafficServiceImpl: at libcore.io.IoBridge.connect(IoBridge.java:122)
06-09 00:12:39.978 725 1038 E com.gm.server.traffic.TrafficServiceImpl: ... 11 more
06-09 00:12:39.984 1110 1340 I customAudioLoopback: writeRadioTrack(): Info: trackPtr: 0xB5A9A008, buffer Ptr: 0xB4E7F880
06-09 00:12:39.984 1110 1340 I customAudioLoopback: writeRadioTrack(): Info: track->trackEnabled: 1, track->audioTrack: 0xB5A9D000, track->trackRunning: 1, track->recovering: 0
06-09 00:12:39.984 1110 1340 I customAudioLoopback: writeRadioTrack(): Info: trackPtr: 0xB5A9A01C, buffer Ptr: 0xB4E7F880
06-09 00:12:39.984 1110 1340 I customAudioLoopback: writeRadioTrack(): Info: track->trackEnabled: 1, track->audioTrack: 0xB5A9D280, track->trackRunning: 0, track->recovering: 0
06-09 00:12:40.005 1110 1340 I customAudioLoopback: writeRadioTrack(): Info: trackPtr: 0xB5A9A008, buffer Ptr: 0xB4E7F880
06-09 00:12:40.005 1110 1340 I customAudioLoopback: writeRadioTrack(): Info: track->trackEnabled: 1, track->audioTrack: 0xB5A9D000, track->trackRunning: 1, track->recovering: 0
06-09 00:12:40.005 1110 1340 I customAudioLoopback: writeRadioTrack(): Info: trackPtr: 0xB5A9A01C, buffer Ptr: 0xB4E7F880
06-09 00:12:40.005 1110 1340 I customAudioLoopback: writeRadioTrack(): Info: track->trackEnabled: 1, track->audioTrack: 0xB5A9D280, track->trackRunning: 0, track->recovering: 0
06-09 00:12:40.011 1265 1265 I AbstractMutualAuthRetrofitDaoFactory: Cache cleared by API call!
06-09 00:12:40.018 725 725 D OnStar.OnStarRemoteReflashManager: subscribeRR
06-09 00:12:40.019 725 725 E OnStar.OnStarRemoteReflashService: subscribeRR->Failed to subscribe for RR->Reason :
06-09 00:12:40.019 725 725 E OnStar.OnStarRemoteReflashService: com.gm.server.onstar.connector.OnStarConnectionException: FSA RemoteReflash client is not ready [UNINITIALIZED]
06-09 00:12:40.019 725 725 E OnStar.OnStarRemoteReflashService: at com.gm.server.onstar.connector.FsaTcpConnector.getRemoteReflashClient(FsaTcpConnector.java:2642)
06-09 00:12:40.019 725 725 E OnStar.OnStarRemoteReflashService: at com.gm.server.onstar.connector.FsaTcpConnector.subscribeRR(FsaTcpConnector.java:1635)
06-09 00:12:40.019 725 725 E OnStar.OnStarRemoteReflashService: at com.gm.server.onstar.OnStarRemoteReflashService.subscribeRR(OnStarRemoteReflashService.java:341)
06-09 00:12:40.019 725 725 E OnStar.OnStarRemoteReflashService: at gm.onstar.OnStarRemoteReflashManager.subscribeRR(OnStarRemoteReflashManager.java:386)
06-09 00:12:40.019 725 725 E OnStar.OnStarRemoteReflashService: at com.gm.server.update.packagedepot.TCPMRemoteReflashHandler.initializeRemoteReflash(TCPMRemoteReflashHandler.java:1062)
06-09 00:12:40.019 725 725 E OnStar.OnStarRemoteReflashService: at com.gm.server.update.packagedepot.TCPMRemoteReflashHandler.-wrap31(TCPMRemoteReflashHandler.java)
06-09 00:12:40.019 725 725 E OnStar.OnStarRemoteReflashService: at com.gm.server.update.packagedepot.TCPMRemoteReflashHandler$6.run(TCPMRemoteReflashHandler.java:877)
06-09 00:12:40.019 725 725 E OnStar.OnStarRemoteReflashService: at android.os.Handler.handleCallback(Handler.java:739)
06-09 00:12:40.019 725 725 E OnStar.OnStarRemoteReflashService: at android.os.Handler.dispatchMessage(Handler.java:95)
06-09 00:12:40.019 725 725 E OnStar.OnStarRemoteReflashService: at android.os.Looper.loop(Looper.java:148)
06-09 00:12:40.019 725 725 E OnStar.OnStarRemoteReflashService: at android.app.ActivityThread.main(ActivityThread.java:5417)
06-09 00:12:40.019 725 725 E OnStar.OnStarRemoteReflashService: at java.lang.reflect.Method.invoke(Native Method)
06-09 00:12:40.019 725 725 E OnStar.OnStarRemoteReflashService: at com.android.internal.os.ZygoteInit$MethodAndArgsCaller.run(ZygoteInit.java:759)
06-09 00:12:40.019 725 725 E OnStar.OnStarRemoteReflashService: at com.android.internal.os.ZygoteInit.main(ZygoteInit.java:649)
06-09 00:12:40.019 725 725 E OnStar.OnStarRemoteReflashManager: subscribeRR->Failed to subscibe to RR->gm.onstar.exception.OnStarException: subscribeRR->FSA functions client is not ready
06-09 00:12:40.019 725 725 I UpdateService-TCPMRemoteReflashHandler: initializeRemoteReflash() ... initialized? false
06-09 00:12:40.027 1110 1340 I customAudioLoopback: writeRadioTrack(): Info: trackPtr: 0xB5A9A008, buffer Ptr: 0xB4E7F880
06-09 00:12:40.027 1110 1340 I customAudioLoopback: writeRadioTrack(): Info: track->trackEnabled: 1, track->audioTrack: 0xB5A9D000, track->trackRunning: 1, track->recovering: 0
06-09 00:12:40.027 1110 1340 I customAudioLoopback: writeRadioTrack(): Info: trackPtr: 0xB5A9A01C, buffer Ptr: 0xB4E7F880
06-09 00:12:40.027 1110 1340 I customAudioLoopback: writeRadioTrack(): Info: track->trackEnabled: 1, track->audioTrack: 0xB5A9D280, track->trackRunning: 0, track->recovering: 0
06-09 00:12:40.037 3602 3602 E libprocessgroup: failed to make and chown /acct/uid_10010: Read-only file system
06-09 00:12:40.037 3602 3602 W Zygote : createProcessGroup failed, kernel missing CONFIG_CGROUP_CPUACCT?
06-09 00:12:40.047 1110 1340 I customAudioLoopback: writeRadioTrack(): Info: trackPtr: 0xB5A9A008, buffer Ptr: 0xB4E7F880
06-09 00:12:40.048 1110 1340 I customAudioLoopback: writeRadioTrack(): Info: track->trackEnabled: 1, track->audioTrack: 0xB5A9D000, track->trackRunning: 1, track->recovering: 0
06-09 00:12:40.048 1110 1340 I customAudioLoopback: writeRadioTrack(): Info: trackPtr: 0xB5A9A01C, buffer Ptr: 0xB4E7F880
06-09 00:12:40.048 1110 1340 I customAudioLoopback: writeRadioTrack(): Info: track->trackEnabled: 1, track->audioTrack: 0xB5A9D280, track->trackRunning: 0, track->recovering: 0
06-09 00:12:40.070 1110 1340 I customAudioLoopback: writeRadioTrack(): Info: trackPtr: 0xB5A9A008, buffer Ptr: 0xB4E7F880
06-09 00:12:40.070 1110 1340 I customAudioLoopback: writeRadioTrack(): Info: track->trackEnabled: 1, track->audioTrack: 0xB5A9D000, track->trackRunning: 1, track->recovering: 0
06-09 00:12:40.070 1110 1340 I customAudioLoopback: writeRadioTrack(): Info: trackPtr: 0xB5A9A01C, buffer Ptr: 0xB4E7F880
06-09 00:12:40.070 1110 1340 I customAudioLoopback: writeRadioTrack(): Info: track->trackEnabled: 1, track->audioTrack: 0xB5A9D280, track->trackRunning: 0, track->recovering: 0
06-09 00:12:40.090 1110 1340 I customAudioLoopback: writeRadioTrack(): Info: trackPtr: 0xB5A9A008, buffer Ptr: 0xB4E7F880
06-09 00:12:40.090 1110 1340 I customAudioLoopback: writeRadioTrack(): Info: track->trackEnabled: 1, track->audioTrack: 0xB5A9D000, track->trackRunning: 1, track->recovering: 0
06-09 00:12:40.090 1110 1340 I customAudioLoopback: writeRadioTrack(): Info: trackPtr: 0xB5A9A01C, buffer Ptr: 0xB4E7F880
06-09 00:12:40.090 1110 1340 I customAudioLoopback: writeRadioTrack(): Info: track->trackEnabled: 1, track->audioTrack: 0xB5A9D280, track->trackRunning: 0, track->recovering: 0
06-09 00:12:40.096 3602 3602 W System : ClassLoader referenced unknown path: /system/priv-app/GMBrowserService/lib/arm
06-09 00:12:40.112 1110 1340 I customAudioLoopback: writeRadioTrack(): Info: trackPtr: 0xB5A9A008, buffer Ptr: 0xB4E7F880
06-09 00:12:40.112 1110 1340 I customAudioLoopback: writeRadioTrack(): Info: track->trackEnabled: 1, track->audioTrack: 0xB5A9D000, track->trackRunning: 1, track->recovering: 0
06-09 00:12:40.112 1110 1340 I customAudioLoopback: writeRadioTrack(): Info: trackPtr: 0xB5A9A01C, buffer Ptr: 0xB4E7F880
06-09 00:12:40.112 1110 1340 I customAudioLoopback: writeRadioTrack(): Info: track->trackEnabled: 1, track->audioTrack: 0xB5A9D280, track->trackRunning: 0, track->recovering: 0
06-09 00:12:40.128 3602 3602 E BrowserApplication: Version Code has not changed
06-09 00:12:40.133 1110 1340 I customAudioLoopback: writeRadioTrack(): Info: trackPtr: 0xB5A9A008, buffer Ptr: 0xB4E7F880
06-09 00:12:40.133 1110 1340 I customAudioLoopback: writeRadioTrack(): Info: track->trackEnabled: 1, track->audioTrack: 0xB5A9D000, track->trackRunning: 1, track->recovering: 0
06-09 00:12:40.133 1110 1340 I customAudioLoopback: writeRadioTrack(): Info: trackPtr: 0xB5A9A01C, buffer Ptr: 0xB4E7F880
06-09 00:12:40.133 1110 1340 I customAudioLoopback: writeRadioTrack(): Info: track->trackEnabled: 1, track->audioTrack: 0xB5A9D280, track->trackRunning: 0, track->recovering: 0
06-09 00:12:40.155 1110 1340 I customAudioLoopback: writeRadioTrack(): Info: trackPtr: 0xB5A9A008, buffer Ptr: 0xB4E7F880
06-09 00:12:40.155 1110 1340 I customAudioLoopback: writeRadioTrack(): Info: track->trackEnabled: 1, track->audioTrack: 0xB5A9D000, track->trackRunning: 1, track->recovering: 0
06-09 00:12:40.155 1110 1340 I customAudioLoopback: writeRadioTrack(): Info: trackPtr: 0xB5A9A01C, buffer Ptr: 0xB4E7F880
06-09 00:12:40.155 1110 1340 I customAudioLoopback: writeRadioTrack(): Info: track->trackEnabled: 1, track->audioTrack: 0xB5A9D280, track->trackRunning: 0, track->recovering: 0
06-09 00:12:40.175 1110 1340 I customAudioLoopback: writeRadioTrack(): Info: trackPtr: 0xB5A9A008, buffer Ptr: 0xB4E7F880
06-09 00:12:40.176 1110 1340 I customAudioLoopback: writeRadioTrack(): Info: track->trackEnabled: 1, track->audioTrack: 0xB5A9D000, track->trackRunning: 1, track->recovering: 0
06-09 00:12:40.176 1110 1340 I customAudioLoopback: writeRadioTrack(): Info: trackPtr: 0xB5A9A01C, buffer Ptr: 0xB4E7F880
06-09 00:12:40.176 1110 1340 I customAudioLoopback: writeRadioTrack(): Info: track->trackEnabled: 1, track->audioTrack: 0xB5A9D280, track->trackRunning: 0, track->recovering: 0
06-09 00:12:40.198 1110 1340 I customAudioLoopback: writeRadioTrack(): Info: trackPtr: 0xB5A9A008, buffer Ptr: 0xB4E7F880
06-09 00:12:40.198 1110 1340 I customAudioLoopback: writeRadioTrack(): Info: track->trackEnabled: 1, track->audioTrack: 0xB5A9D000, track->trackRunning: 1, track->recovering: 0
06-09 00:12:40.198 1110 1340 I customAudioLoopback: writeRadioTrack(): Info: trackPtr: 0xB5A9A01C, buffer Ptr: 0xB4E7F880
06-09 00:12:40.198 1110 1340 I customAudioLoopback: writeRadioTrack(): Info: track->trackEnabled: 1, track->audioTrack: 0xB5A9D280, track->trackRunning: 0, track->recovering: 0
06-09 00:12:40.218 1110 1340 I customAudioLoopback: writeRadioTrack(): Info: trackPtr: 0xB5A9A008, buffer Ptr: 0xB4E7F880
06-09 00:12:40.218 1110 1340 I customAudioLoopback: writeRadioTrack(): Info: track->trackEnabled: 1, track->audioTrack: 0xB5A9D000, track->trackRunning: 1, track->recovering: 0
06-09 00:12:40.218 1110 1340 I customAudioLoopback: writeRadioTrack(): Info: trackPtr: 0xB5A9A01C, buffer Ptr: 0xB4E7F880
06-09 00:12:40.218 1110 1340 I customAudioLoopback: writeRadioTrack(): Info: track->trackEnabled: 1, track->audioTrack: 0xB5A9D280, track->trackRunning: 0, track->recovering: 0
06-09 00:12:40.240 1110 1340 I customAudioLoopback: writeRadioTrack(): Info: trackPtr: 0xB5A9A008, buffer Ptr: 0xB4E7F880
06-09 00:12:40.240 1110 1340 I customAudioLoopback: writeRadioTrack(): Info: track->trackEnabled: 1, track->audioTrack: 0xB5A9D000, track->trackRunning: 1, track->recovering: 0
06-09 00:12:40.241 1110 1340 I customAudioLoopback: writeRadioTrack(): Info: trackPtr: 0xB5A9A01C, buffer Ptr: 0xB4E7F880
06-09 00:12:40.241 1110 1340 I customAudioLoopback: writeRadioTrack(): Info: track->trackEnabled: 1, track->audioTrack: 0xB5A9D280, track->trackRunning: 0, track->recovering: 0
06-09 00:12:40.261 1110 1340 I customAudioLoopback: writeRadioTrack(): Info: trackPtr: 0xB5A9A008, buffer Ptr: 0xB4E7F880
06-09 00:12:40.261 1110 1340 I customAudioLoopback: writeRadioTrack(): Info: track->trackEnabled: 1, track->audioTrack: 0xB5A9D000, track->trackRunning: 1, track->recovering: 0
06-09 00:12:40.261 1110 1340 I customAudioLoopback: writeRadioTrack(): Info: trackPtr: 0xB5A9A01C, buffer Ptr: 0xB4E7F880
06-09 00:12:40.261 1110 1340 I customAudioLoopback: writeRadioTrack(): Info: track->trackEnabled: 1, track->audioTrack: 0xB5A9D280, track->trackRunning: 0, track->recovering: 0
06-09 00:12:40.271 3602 3602 E HtmlApplicationInstalle: Failed removing application: /data/user/0/com.gm.browser/files/apps/com.android.cts.preconditions
06-09 00:12:40.271 3602 3602 E HtmlApplicationInstalle: java.io.FileNotFoundException: File does not exist: /data/user/0/com.gm.browser/files/apps/com.android.cts.preconditions
06-09 00:12:40.271 3602 3602 E HtmlApplicationInstalle: at com.gm.browser.HtmlApplicationInstaller$FileUtils.forceDelete(HtmlApplicationInstaller.java:315)
06-09 00:12:40.271 3602 3602 E HtmlApplicationInstalle: at com.gm.browser.HtmlApplicationInstaller.uninstall(HtmlApplicationInstaller.java:68)
06-09 00:12:40.271 3602 3602 E HtmlApplicationInstalle: at com.gm.browser.receivers.UninstallReceiver.uninstall(UninstallReceiver.java:44)
06-09 00:12:40.271 3602 3602 E HtmlApplicationInstalle: at com.gm.browser.receivers.UninstallReceiver.onReceive(UninstallReceiver.java:32)
06-09 00:12:40.271 3602 3602 E HtmlApplicationInstalle: at android.app.ActivityThread.handleReceiver(ActivityThread.java:2725)
06-09 00:12:40.271 3602 3602 E HtmlApplicationInstalle: at android.app.ActivityThread.-wrap14(ActivityThread.java)
06-09 00:12:40.271 3602 3602 E HtmlApplicationInstalle: at android.app.ActivityThread$H.handleMessage(ActivityThread.java:1421)
06-09 00:12:40.271 3602 3602 E HtmlApplicationInstalle: at android.os.Handler.dispatchMessage(Handler.java:102)
06-09 00:12:40.271 3602 3602 E HtmlApplicationInstalle: at android.os.Looper.loop(Looper.java:148)
06-09 00:12:40.271 3602 3602 E HtmlApplicationInstalle: at android.app.ActivityThread.main(ActivityThread.java:5417)
06-09 00:12:40.271 3602 3602 E HtmlApplicationInstalle: at java.lang.reflect.Method.invoke(Native Method)
06-09 00:12:40.271 3602 3602 E HtmlApplicationInstalle: at com.android.internal.os.ZygoteInit$MethodAndArgsCaller.run(ZygoteInit.java:759)
06-09 00:12:40.271 3602 3602 E HtmlApplicationInstalle: at com.android.internal.os.ZygoteInit.main(ZygoteInit.java:649)
06-09 00:12:40.283 1110 1340 I customAudioLoopback: writeRadioTrack(): Info: trackPtr: 0xB5A9A008, buffer Ptr: 0xB4E7F880
06-09 00:12:40.283 1110 1340 I customAudioLoopback: writeRadioTrack(): Info: track->trackEnabled: 1, track->audioTrack: 0xB5A9D000, track->trackRunning: 1, track->recovering: 0
06-09 00:12:40.283 1110 1340 I customAudioLoopback: writeRadioTrack(): Info: trackPtr: 0xB5A9A01C, buffer Ptr: 0xB4E7F880
06-09 00:12:40.283 1110 1340 I customAudioLoopback: writeRadioTrack(): Info: track->trackEnabled: 1, track->audioTrack: 0xB5A9D280, track->trackRunning: 0, track->recovering: 0
06-09 00:12:40.291 405 405 I ActivityManager: Start proc 3618:com.android.documentsui/u0a32 for broadcast com.android.documentsui/.PackageReceiver
06-09 00:12:40.303 1110 1340 I customAudioLoopback: writeRadioTrack(): Info: trackPtr: 0xB5A9A008, buffer Ptr: 0xB4E7F880
06-09 00:12:40.303 1110 1340 I customAudioLoopback: writeRadioTrack(): Info: track->trackEnabled: 1, track->audioTrack: 0xB5A9D000, track->trackRunning: 1, track->recovering: 0
06-09 00:12:40.304 1110 1340 I customAudioLoopback: writeRadioTrack(): Info: trackPtr: 0xB5A9A01C, buffer Ptr: 0xB4E7F880
06-09 00:12:40.304 1110 1340 I customAudioLoopback: writeRadioTrack(): Info: track->trackEnabled: 1, track->audioTrack: 0xB5A9D280, track->trackRunning: 0, track->recovering: 0
06-09 00:12:40.325 1110 1340 I customAudioLoopback: writeRadioTrack(): Info: trackPtr: 0xB5A9A008, buffer Ptr: 0xB4E7F880
06-09 00:12:40.325 1110 1340 I customAudioLoopback: writeRadioTrack(): Info: track->trackEnabled: 1, track->audioTrack: 0xB5A9D000, track->trackRunning: 1, track->recovering: 0
06-09 00:12:40.325 1110 1340 I customAudioLoopback: writeRadioTrack(): Info: trackPtr: 0xB5A9A01C, buffer Ptr: 0xB4E7F880
06-09 00:12:40.325 1110 1340 I customAudioLoopback: writeRadioTrack(): Info: track->trackEnabled: 1, track->audioTrack: 0xB5A9D280, track->trackRunning: 0, track->recovering: 0
06-09 00:12:40.346 1110 1340 I customAudioLoopback: writeRadioTrack(): Info: trackPtr: 0xB5A9A008, buffer Ptr: 0xB4E7F880
06-09 00:12:40.346 1110 1340 I customAudioLoopback: writeRadioTrack(): Info: track->trackEnabled: 1, track->audioTrack: 0xB5A9D000, track->trackRunning: 1, track->recovering: 0
06-09 00:12:40.346 1110 1340 I customAudioLoopback: writeRadioTrack(): Info: trackPtr: 0xB5A9A01C, buffer Ptr: 0xB4E7F880
06-09 00:12:40.346 1110 1340 I customAudioLoopback: writeRadioTrack(): Info: track->trackEnabled: 1, track->audioTrack: 0xB5A9D280, track->trackRunning: 0, track->recovering: 0
06-09 00:12:40.368 1110 1340 I customAudioLoopback: writeRadioTrack(): Info: trackPtr: 0xB5A9A008, buffer Ptr: 0xB4E7F880
06-09 00:12:40.368 1110 1340 I customAudioLoopback: writeRadioTrack(): Info: track->trackEnabled: 1, track->audioTrack: 0xB5A9D000, track->trackRunning: 1, track->recovering: 0
06-09 00:12:40.368 1110 1340 I customAudioLoopback: writeRadioTrack(): Info: trackPtr: 0xB5A9A01C, buffer Ptr: 0xB4E7F880
06-09 00:12:40.368 1110 1340 I customAudioLoopback: writeRadioTrack(): Info: track->trackEnabled: 1, track->audioTrack: 0xB5A9D280, track->trackRunning: 0, track->recovering: 0
06-09 00:12:40.389 1110 1340 I customAudioLoopback: writeRadioTrack(): Info: trackPtr: 0xB5A9A008, buffer Ptr: 0xB4E7F880
06-09 00:12:40.389 1110 1340 I customAudioLoopback: writeRadioTrack(): Info: track->trackEnabled: 1, track->audioTrack: 0xB5A9D000, track->trackRunning: 1, track->recovering: 0
06-09 00:12:40.389 1110 1340 I customAudioLoopback: writeRadioTrack(): Info: trackPtr: 0xB5A9A01C, buffer Ptr: 0xB4E7F880
06-09 00:12:40.389 1110 1340 I customAudioLoopback: writeRadioTrack(): Info: track->trackEnabled: 1, track->audioTrack: 0xB5A9D280, track->trackRunning: 0, track->recovering: 0
06-09 00:12:40.397 3618 3618 E libprocessgroup: failed to make and chown /acct/uid_10032: Read-only file system
06-09 00:12:40.397 3618 3618 W Zygote : createProcessGroup failed, kernel missing CONFIG_CGROUP_CPUACCT?
06-09 00:12:40.399 144 161 E ProtoKey: Protokey request failed
06-09 00:12:40.411 1110 1340 I customAudioLoopback: writeRadioTrack(): Info: trackPtr: 0xB5A9A008, buffer Ptr: 0xB4E7F880
06-09 00:12:40.411 1110 1340 I customAudioLoopback: writeRadioTrack(): Info: track->trackEnabled: 1, track->audioTrack: 0xB5A9D000, track->trackRunning: 1, track->recovering: 0
06-09 00:12:40.411 1110 1340 I customAudioLoopback: writeRadioTrack(): Info: trackPtr: 0xB5A9A01C, buffer Ptr: 0xB4E7F880
06-09 00:12:40.411 1110 1340 I customAudioLoopback: writeRadioTrack(): Info: track->trackEnabled: 1, track->audioTrack: 0xB5A9D280, track->trackRunning: 0, track->recovering: 0
06-09 00:12:40.432 1110 1340 I customAudioLoopback: writeRadioTrack(): Info: trackPtr: 0xB5A9A008, buffer Ptr: 0xB4E7F880
06-09 00:12:40.432 1110 1340 I customAudioLoopback: writeRadioTrack(): Info: track->trackEnabled: 1, track->audioTrack: 0xB5A9D000, track->trackRunning: 1, track->recovering: 0
06-09 00:12:40.432 1110 1340 I customAudioLoopback: writeRadioTrack(): Info: trackPtr: 0xB5A9A01C, buffer Ptr: 0xB4E7F880
06-09 00:12:40.432 1110 1340 I customAudioLoopback: writeRadioTrack(): Info: track->trackEnabled: 1, track->audioTrack: 0xB5A9D280, track->trackRunning: 0, track->recovering: 0
06-09 00:12:40.437 1857 1857 I BT_BUFFER: getBuf allocating 8 bytes
06-09 00:12:40.453 1110 1340 I customAudioLoopback: writeRadioTrack(): Info: trackPtr: 0xB5A9A008, buffer Ptr: 0xB4E7F880
06-09 00:12:40.454 1110 1340 I customAudioLoopback: writeRadioTrack(): Info: track->trackEnabled: 1, track->audioTrack: 0xB5A9D000, track->trackRunning: 1, track->recovering: 0
06-09 00:12:40.454 1110 1340 I customAudioLoopback: writeRadioTrack(): Info: trackPtr: 0xB5A9A01C, buffer Ptr: 0xB4E7F880
06-09 00:12:40.454 1110 1340 I customAudioLoopback: writeRadioTrack(): Info: track->trackEnabled: 1, track->audioTrack: 0xB5A9D280, track->trackRunning: 0, track->recovering: 0
06-09 00:12:40.462 3618 3618 W System : ClassLoader referenced unknown path: /system/app/DocumentsUI/lib/arm
06-09 00:12:40.474 1110 1340 I customAudioLoopback: writeRadioTrack(): Info: trackPtr: 0xB5A9A008, buffer Ptr: 0xB4E7F880
06-09 00:12:40.474 1110 1340 I customAudioLoopback: writeRadioTrack(): Info: track->trackEnabled: 1, track->audioTrack: 0xB5A9D000, track->trackRunning: 1, track->recovering: 0
06-09 00:12:40.474 1110 1340 I customAudioLoopback: writeRadioTrack(): Info: trackPtr: 0xB5A9A01C, buffer Ptr: 0xB4E7F880
06-09 00:12:40.474 1110 1340 I customAudioLoopback: writeRadioTrack(): Info: track->trackEnabled: 1, track->audioTrack: 0xB5A9D280, track->trackRunning: 0, track->recovering: 0
06-09 00:12:40.478 3579 3579 D AndroidRuntime: >>>>>> START com.android.internal.os.RuntimeInit uid 2000 <<<<<<
06-09 00:12:40.485 3579 3579 D AndroidRuntime: CheckJNI is OFF
06-09 00:12:40.485 3579 3579 E cutils-trace: Error opening trace file: Permission denied (13)
06-09 00:12:40.496 1110 1340 I customAudioLoopback: writeRadioTrack(): Info: trackPtr: 0xB5A9A008, buffer Ptr: 0xB4E7F880
06-09 00:12:40.496 1110 1340 I customAudioLoopback: writeRadioTrack(): Info: track->trackEnabled: 1, track->audioTrack: 0xB5A9D000, track->trackRunning: 1, track->recovering: 0
06-09 00:12:40.496 1110 1340 I customAudioLoopback: writeRadioTrack(): Info: trackPtr: 0xB5A9A01C, buffer Ptr: 0xB4E7F880
06-09 00:12:40.496 1110 1340 I customAudioLoopback: writeRadioTrack(): Info: track->trackEnabled: 1, track->audioTrack: 0xB5A9D280, track->trackRunning: 0, track->recovering: 0
06-09 00:12:40.503 3579 3579 W art : 70c9c000-7188a000 rw-p 00000000 b3:09 32388 /data/dalvik-cache/arm/system@framework@boot.art
06-09 00:12:40.503 3579 3579 W art : 7f56c000-7f571000 r-xp 00000000 b3:06 305 /system/bin/app_process32
06-09 00:12:40.503 3579 3579 W art : 7f571000-7f572000 r--p 00004000 b3:06 305 /system/bin/app_process32
06-09 00:12:40.503 3579 3579 W art : 7f572000-7f573000 rw-p 00000000 00:00 0
06-09 00:12:40.503 3579 3579 W art : af8c4000-b26f9000 r--p 00000000 b3:06 1056 /system/framework/arm/boot.oat
06-09 00:12:40.506 3579 3579 W art : b26f9000-b483f000 r-xp 02e35000 b3:06 1056 /system/framework/arm/boot.oat
06-09 00:12:40.506 3579 3579 W art : b483f000-b4840000 rw-p 04f7b000 b3:06 1056 /system/framework/arm/boot.oat
06-09 00:12:40.506 3579 3579 W art : b4840000-b4865000 r--p 00bee000 b3:09 32388 /data/dalvik-cache/arm/system@framework@boot.ar
06-09 00:12:40.506 3579 3579 W art : t
06-09 00:12:40.507 3579 3579 W art : b4865000-b4cb2000 r-xp 00000000 b3:06 1218 /system/lib/libart.so
06-09 00:12:40.507 3579 3579 W art : b4cb2000-b4cb3000 ---p 00000000 00:00 0
06-09 00:12:40.507 3579 3579 W art : b4cb3000-b4cbd000 r--p 0044d000 b3:06 1218 /system/lib/libart.so
06-09 00:12:40.507 3579 3579 W art : b4cbd000-b4cbe000 rw-p 00457000 b3:06 1218 /system/lib/libart.so
06-09 00:12:40.507 3579 3579 W art : b4
06-09 00:12:40.507 3579 3579 W art : cbe000-b4cc0000 rw-p 00000000 00:00 0
06-09 00:12:40.507 3579 3579 W art : b4cc0000-b4dc0000 rw-p 00000000 00:00 0 [anon:libc_malloc]
06-09 00:12:40.507 3579 3579 W art : b4dc3000-b4dc4000 rw-p 00000000 00:00 0 [anon:linker_alloc_vector]
06-09 00:12:40.507 3579 3579 W art : b4dc5000-b4dc8000 r-xp 00000000 b3:06 1480 /system/lib/libsigchain.so
06-09 00:12:40.507 3579 3579 W art : b4dc8000-b4dc9000 r--p 00002000 b3:06 1480 /system/lib/libsigchain.so
06-09 00:12:40.507 3579 3579 W art : b4dc9000-b4dca000 rw-p 00003000 b3:06 1480 /system/lib/libsigchain.so
06-09 00:12:40.507 3579 3579 W art : b4dca000-b4dcc000 r--p 00000000 00:00 0
06-09 00:12:40.507 3579 3579 W art : b4dcc000-b4dec000 r--s 00000000 00:0e 9470 /dev/__properties__
06-09 00:12:40.507 3579 3579 W art : b4dec000-b4ded000 rw-p 00000000 00:00 0 [anon:linker_alloc_vector]
06-09 00:12:40.507 3579 3579 W art : b4ded000-b580d000 r-xp 00000000 b3:06 1183 /system/lib/libLLVM.so
06-09 00:12:40.507 3579 3579 W art : b580d000-b580e000 ---p 00000000 00:00 0
06-09 00:12:40.507 3579 3579 W art : b580e000-b5857000 r--p 00a20000 b3:06 1183 /system/lib/libLLVM.so
06-09 00:12:40.507 3579 3579 W art : b5857000-b5858000 rw-p 00a69000 b3:06 1183 /system/lib/libLLVM.so
06-09 00:12:40.507 3579 3579 W art : b5858000-b5860000 rw-p 00000000 00:00 0
06-09 00:12:40.507 3579 3579 W art : b5860000-b5861000 r--p 00000000 00:00 0 [anon:linker_alloc]
06-09 00:12:40.507 3579 3579 W art : b5861000-b5897000 r-xp 00000000 b3:06 1233 /system/lib/libbcinfo.so
06-09 00:12:40.507 3579 3579 W art : b5897000-b5898000 r--p 00035000 b3:06 1233 /system/lib/libbcinfo.s
06-09 00:12:40.507 3579 3579 W art : o
06-09 00:12:40.507 3579 3579 W art : b5898000-b5899000 rw-p 00036000 b3:06 1233 /system/lib/libbcinfo.so
06-09 00:12:40.507 3579 3579 W art : b5899000-b58f1000 r-xp 00000000 b3:06 1232 /system/lib/libbcc.so
06-09 00:12:40.507 3579 3579 W art : b58f1000-b58f2000 ---p 00000000 00:00 0
06-09 00:12:40.507 3579 3579 W art : b58f2000-b58f3000 r--p 00058000 b3:06 1232 /system/lib/libbcc.so
06-09 00:12:40.507 3579 3579 W art : b58f3000-b58f4000 rw-p 00059000 b3:06 1232 /system/lib/libbcc.so
06-09 00:12:40.507 3579 3579 W art : b58f4000-b58fe000 r-xp 00000000 b3:06 1247 /system/lib/libcommon_time_client.so
06-09 00:12:40.507 3579 3579 W art : b58fe000-b5901000 r--p 00009000 b3:06 1247 /system/lib/libcommon_time_client.so
06-09 00:12:40.507 3579 3579 W art : b5901000-b590
06-09 00:12:40.507 3579 3579 W art : 2000 rw-p 0000c000 b3:06 1247 /system/lib/libcommon_time_client.so
06-09 00:12:40.507 3579 3579 W art : b5902000-b5903000 r--p 00000000 00:00 0
06-09 00:12:40.507 3579 3579 W art : b5903000-b591a000 r-xp 00000000 b3:06 1458 /system/lib/libprotobuf-cpp-lite.so
06-09 00:12:40.507 3579 3579 W art : b591a000-b591b000 ---p 00000000 00:00 0
06-09 00:12:40.507 3579 3579 W art : b591b000-b591c000 r--p 00017000 b3:06 1458 /system/lib/libprotobuf-cpp-lite.so
06-09 00:12:40.507 3579 3579 W art : b591c000-b591d000 rw-p 00018000 b3:06 1458 /system/lib/libprotobuf-cpp-lite.so
06-09 00:12:40.507 3579 3579 W art : b591d000-b5924000 r-xp 00000000 b3:06 1500 /system/lib/libstagefright_avc_common.so
06-09 00:12:40.507 3579 3579 W art : b5924000-b5925000 r--p 00006000 b3:06 1500 /system/lib/libstagefright_avc_common.so
06-09 00:12:40.507 3579 3579 W art : b5925000-b5926000 rw-p 00007000 b3:06 1500 /system/lib/libstagefright_avc_common.so
06-09 00:12:40.507 3579 3579 W art : b5926000-b5929000 r-xp 00000000 b3:06 1501 /system/lib/libstagefright_enc_common.so
06-09 00:12:40.507 3579 3579 W art : b5929000-b592a000 r--p 00002000 b3:06 1501 /system/lib/libstagefright_enc_common.so
06-09 00:12:40.507 3579 3579 W art : b592a000-b592b000 rw-p 00003000 b3:06 1501 /system/lib/libstagefright_enc_common.so
06-09 00:12:40.507 3579 3579 W art : b592b000-b592f000 r-xp 00000000 b3:06 1455 /system/lib/libpowermanager.so
06-09 00:12:40.507 3579 3579 W art : b592f000-b5930000 ---p 00000000 00:00 0
06-09 00:12:40.507 3579 3579 W art : b5930000-b5931000 r--p 00004000 b3:06 1455 /system/lib/libpowermanager.so
06-09 00:12:40.507 3579 3579 W art : b5931000-b5932000 rw-p 00005000 b3:06 1455 /system/lib/libpowermanager.so
06-09 00:12:40.507 3579 3579 W art : b5932000-b594f000 r-xp 00000000 b3:06 1590 /system/lib/libvorbisidec.so
06-09 00:12:40.508 3579 3579 W art : b594f000-b5950000 r--p 0001c000 b3:06 1590 /system/lib/libvorbisidec.so
06-09 00:12:40.508 3579 3579 W art : b5950000-b5951000 rw-p 0001d000 b3:06 1590 /system/lib/libvorbisidec.so
06-09 00:12:40.508 3579 3579 W art : b5951000-b5956000 r-xp 00000000 b3:06 1527 /system/lib/libstagefright_yuv.so
06-09 00:12:40.508 3579 3579 W art : b5956000-b5957000 r--p 00004000 b3:06 1527 /system/lib/libstagefright_yuv.so
06-09 00:12:40.508 3579 3579 W art : b5957000-b5958000 rw-p 00005000 b3:06 1527 /system/lib/libstagefright_yuv.so
06-09 00:12:40.508 3579 3579 W art : b5958000-b5959000 r--p 00000000 00:00 0 [anon:linker_alloc]
06-09 00:12:40.508 3579 3579 W art : b5959000-b5986000 r-xp 00000000 b3:06 1505 /system/lib/libstagefright_omx.so
06-09 00:12:40.508 3579 3579 W art : b5986000-b5987000 ---p 00000000 00:00 0
06-09 00:12:40.508 3579 3579 W art : b5987000-b598a000 r--p 0002d000 b3:06 1505 /system/lib/libstagefright_omx.so
06-09 00:12:40.508 3579 3579 W art : b598a000-b598b000 rw-p 00030000 b3:06 1505 /system/lib/libstagefright_omx.so
06-09 00:12:40.508 3579 3579 W art : b598b000-b59c6000 r-xp 00000000 b3:06 1437 /system/lib/libopus.so
06-09 00:12:40.508 3579 3579 W art : b59c6000-b59c7000 r--p 0003a000 b3:06 1437 /system/lib/libopus.so
06-09 00:12:40.508 3579 3579 W art : b59c7000-b59c8000 rw-p 0003b000 b3:06 1437 /system/lib/libopus.so
06-09 00:12:40.508 3579 3579 W art : b59c8000-b59cf000 r-xp 00000000 b3:06 1369 /system/lib/libmediautils.so
06-09 00:12:40.508 3579 3579 W art : b59cf000-b59d0000 ---p 00000000 00:00 0
06-09 00:12:40.508 3579 3579 W art : b59d0000-b59d1000 r--p 00007000 b3:06 1369 /system/lib/libmediautils.so
06-09 00:12:40.508 3579 3579 W art : b59d1000-b59d2000 rw-p 00008000 b3:06 1369 /system/lib/libmediautils.so
06-09 00:12:40.508 3579 3579 W art : b59d2000-b59e7000 r-xp 00000000 b3:06 1281 /system/lib/libdrmframework.so
06-09 00:12:40.508 3579 3579 W art : b59e7000-b59e8000 ---p 00000000 00:00 0
06-09 00:12:40.508 3579 3579 W art : b59e8000-b59eb000 r--p 00015000 b3:06 1281 /system/lib/libdrmframework.so
06-09 00:12:40.508 3579 3579 W art : b59eb000-b59ec000 rw-p 00018000 b3:06 1281 /system/lib/libdrmframework.so
06-09 00:12:40.508 3579 3579 W art : b59ec000-b5a0b000 r-xp 00000000 b3:06 1200 /system/lib/libRScpp.so
06-09 00:12:40.508 3579 3579 W art : b5a0b000-b5a0c000 r--p 0001e000 b3:06 1200 /system/lib/libRScpp.so
06-09 00:12:40.508 3579 3579 W art : b5a0c000-b5a0d000 rw-p 0001f000 b3:06 1200 /system/lib/libRScpp.so
06-09 00:12:40.508 3579 3579 W art : b5a0d000-b5a4b000 r-xp 00000000 b3:06 1197 /system/lib/libRS.so
06-09 00:12:40.508 3579 3579 W art : b5a4b000-b5a4c000 ---p 00000000 00:00 0
06-09 00:12:40.508 3579 3579 W art : b5a4c000-b5a4e000 r--p 0003e000 b3:06 1197 /system/lib/libRS.so
06-09 00:12:40.508 3579 3579 W art : b5a4e000-b5a4f000 rw-p 00040000 b3:06 1197 /system/lib/libRS.so
06-09 00:12:40.508 3579 3579 W art : b5a4f000-b5a56000 r-xp 00000000 b3:06 1490 /system/lib/libspeexresampler.so
06-09 00:12:40.508 3579 3579 W art : b5a56000-b5a57000 r--p 00006000 b3:06 1490 /system/lib/libspeexresampler.so
06-09 00:12:40.508 3579 3579 W art : b5a57000-b5a58000 rw-p 00007000 b3:06 1490 /system/lib/libspeexresampler.so
06-09 00:12:40.508 3579 3579 W art : b5a58000-b5a61000 r-xp 00000000 b3:06 1380 /system/lib/libnbaio.so
06-09 00:12:40.508 3579 3579 W art : b5a61000-b5a62000 r--p 00008000 b3:06 1380 /system/lib/libnbaio.so
06-09 00:12:40.511 3579 3579 W art : b5a62000-b5a63000 rw-p 00009000 b3:06 1380 /system/lib/libnbaio.so
06-09 00:12:40.511 3579 3579 W art : b5a63000-b5a75000 r-xp 00000000 b3:06 1448 /system/lib/libpcre.so
06-09 00:12:40.511 3579 3579 W art : b5a75000-b5a76000 r--p 00011000 b3:06 1448 /system/lib/libpcre.so
06-09 00:12:40.511 3579 3579 W art : b5a76000-b5a77000 rw-p 00012000 b3:06 1448 /system/lib/libpcre.so
06-09 00:12:40.511 3579 3579 W art : b5a77000-b5a79000 r--p 00000000 00:00 0 [anon:linker_alloc]
06-09 00:12:40.511 3579 3579 W art : b5a79000-b5a7e000 r-xp 00000000 b3:06 1597 /system/lib/libwpa_client.so
06-09 00:12:40.511 3579 3579 W art : b5a7e000-b5a7f000 r--p 00004000 b3:06 1597 /system/lib/libwpa_client.so
06-09 00:12:40.511 3579 3579 W art : b5a7f000-b5a80000 rw-p 00005000 b3:06 1597 /system/lib/libwpa_client.so
06-09 00:12:40.511 3579 3579 W art : b5a80000-b5aed000 r-xp 00000000 b3:06 1178 /system/lib/libGLES_trace.so
06-09 00:12:40.511 3579 3579 W art : b5aed000-b5aee000 ---p 00000000 00:00 0
06-09 00:12:40.511 3579 3579 W art : b5aee000-b5af0000 r--p 0006d000 b3:06 1178 /system/lib/libGLES_trace.so
06-09 00:12:40.511 3579 3579 W art : b5af0000-b5af1000 rw-p 0006f000 b3:06 1178 /system/lib/libGLES_trace.so
06-09 00:12:40.511 3579 3579 W art : b5af1000-b5b52000 r-xp 00000000 b3:06 1299 /system/lib/libft2.so
06-09 00:12:40.511 3579 3579 W art : b5b52000-b5b54000 r--p 00060000 b3:06 1299 /system/lib/libft2.so
06-09 00:12:40.511 3579 3579 W art : b5b54000-b5b55000 rw-p 00062000 b3:06 1299 /system/lib/libft2.so
06-09 00:12:40.512 3579 3579 W art : b5b55000-b5b7c000 r-xp 00000000 b3:06 1453 /system/lib/libpng.so
06-09 00:12:40.512 3579 3579 W art : b5b7c000-b5b7d000 ---p 00000000 00:00 0
06-09 00:12:40.512 3579 3579 W art : b5b7d000-b5b7e000 r--p 00027000 b3:06 1453 /system/lib/libpng.so
06-09 00:12:40.512 3579 3579 W art : b5b7e000-b5b7f000 rw-p 00028000 b3:06 1453 /system/lib/libpng.so
06-09 00:12:40.512 3579 3579 W art : b5b7f000-b5b82000 r-xp 00000000 b3:06 1534 /system/lib/libsync.so
06-09 00:12:40.512 3579 3579 W art : b5b82000-b5b83000 r--p 00002000 b3:06 1534 /system/lib/libsync.so
06-09 00:12:40.512 3579 3579 W art : b5b83000-b5b84000 rw-p 00003000 b3:06 1534 /system/lib/libsync.so
06-09 00:12:40.512 3579 3579 W art : b5b84000-b5b89000 r-xp 00000000 b3:06 1529 /system/lib/libstdc++.so
06-09 00:12:40.512 3579 3579 W art : b5b89000-b5b8a000 r--p 00004000 b3:06 1529 /system/lib/libstdc++.so
06-09 00:12:40.513 3579 3579 W art : b5b8a000-b5b8b000 rw-p 00005000 b3:06 1529 /system/lib/libstdc++.so
06-09 00:12:40.513 3579 3579 W art : b5b8b000-b5b9b000 r-xp 00000000 b3:06 1551 /system/lib/libunwind.so
06-09 00:12:40.513 3579 3579 W art : b5b9b000-b5b9c000 r--p 0000f000 b3:06 1551 /system/lib/libunwind.so
06-09 00:12:40.513 3579 3579 W art : b5b9c000-b5b9d000 rw-p 00010000 b3:06 1551 /system/lib/libunwind.so
06-09 00:12:40.513 3579 3579 W art : b5b9d000-b5be3000 rw-p 00000000 00:00 0
06-09 00:12:40.513 3579 3579 W art : b5be3000-b5bec000 r-xp 00000000 b3:06 1231 /system/lib/libbase.so
06-09 00:12:40.514 3579 3579 W art : b5bec000-b5bed000 r--p 00008000 b3:06 1231 /system/lib/libbase.so
06-09 00:12:40.514 3579 3579 W art : b5bed000-b5bee000 rw-p 00009000 b3:06 1231 /system/lib/libbase.so
06-09 00:12:40.514 3579 3579 W art : b5bee000-b5bf3000 r-xp 00000000 b3:06 1283 /system/lib/libeffects.so
06-09 00:12:40.514 3579 3579 W art : b5bf3000-b5bf4000 r--p 00004000 b3:06 1283 /system/lib/libeffects.so
06-09 00:12:40.514 3579 3579 W art : b5bf4000-b5bf5000 rw-p 00005000 b3:06 1283 /system/lib/libeffects.so
06-09 00:12:40.514 3579 3579 W art : b5bf5000-b5bf6000 r--p 00000000 00:00 0 [anon:linker_alloc]
06-09 00:12:40.514 3579 3579 W art : b5bf6000-b5bf9000 r-xp 00000000 b3:06 1503 /system/lib/libstagefright_http_support.so
06-09 00:12:40.514 3579 3579 W art : b5bf9000-b5bfa000 ---p 00000000 00:00 0
06-09 00:12:40.514 3579 3579 W art : b5bfa000-b5bfb000 r--p 00003000 b3:06 1503 /system/lib/libstagefright_http_support.so
06-09 00:12:40.514 3579 3579 W art : b5bfb000-b5bfc000 rw-p 00004000 b3:06 1503 /system/lib/libstagefright_http_support.so
06-09 00:12:40.514 3579 3579 W art : b5bfc000-b5c14000 r-xp 00000000 b3:06 1502 /system/lib/libstagefright_foundation.so
06-09 00:12:40.514 3579 3579 W art : b5c14000-b5c15000 ---p 00000000 00:00 0
06-09 00:12:40.514 3579 3579 W art : b5c15000-b5c16000 r--p 00018000 b3:06 1502 /system/lib/libstagefright_foundation.so
06-09 00:12:40.514 3579 3579 W art : b5c16000-b5c17000 rw-p 00019000 b3:06 1502 /system/lib/libstagefright_foundation.so
06-09 00:12:40.514 3579 3579 W art : b5c17000-b5d65000 r-xp 00000000 b3:06 1498 /system/lib/libstagefright.so
06-09 00:12:40.515 3579 3579 W art : b5d65000-b5d71000 r--p 0014d000 b3:06 1498 /system/lib/libstagefright.so
06-09 00:12:40.515 3579 3579 W art : b5d71000-b5d72000 rw-p 00159000 b3:06 1498 /system/lib/libstagefright.so
06-09 00:12:40.515 3579 3579 W art : b5d72000-b5ddd000 r-xp 00000000 b3:06 1331 /system/lib/libhwui.so
06-09 00:12:40.515 3579 3579 W art : b5ddd000-b5dde000 ---p 00000000 00:00 0
06-09 00:12:40.515 3579 3579 W art : b5dde000-b5de1000 r--p 0006b000 b3:06 1331 /system/lib/libhwui.so
06-09 00:12:40.515 3579 3579 W art : b5de1000-b5de2000 rw-p 0006e000 b3:06 1331 /system/lib/libhwui.so
06-09 00:12:40.515 3579 3579 W art : b5de2000-b5de5000 r-xp 00000000 b3:06 1461 /system/lib/libradio_metadata.so
06-09 00:12:40.515 3579 3579 W art : b5de5000-b5de6000 r--p 00002000 b3:06 1461 /system/lib/libradio_metadata.so
06-09 00:12:40.515 3579 3579 W art : b5de6000-b5de7000 rw-p 00003000 b3:06 1461 /system/lib/libradio_metadata.so
06-09 00:12:40.515 3579 3579 W art : b5de7000-b5deb000 r-xp 00000000 b3:06 1376 /system/lib/libnativebridge.so
06-09 00:12:40.515 3579 3579 W art : b5deb000-b5dec000 r--p 00003000 b3:06 1376 /system/lib/libnativebridge.so
06-09 00:12:40.515 3579 3579 W art : b5dec000-b5ded000 rw-p 00004000 b3:06 1376 /system/lib/libnativebridge.so
