06-09 00:12:53.703 1110 1340 I customAudioLoopback: writeRadioTrack(): Info: track->trackEnabled: 1, track->audioTrack: 0xB5A9D000, track->trackRunning: 1, track->recovering: 0
06-09 00:12:53.703 1110 1340 I customAudioLoopback: writeRadioTrack(): Info: trackPtr: 0xB5A9A01C, buffer Ptr: 0xB4E7F880
06-09 00:12:53.703 1110 1340 I customAudioLoopback: writeRadioTrack(): Info: track->trackEnabled: 1, track->audioTrack: 0xB5A9D280, track->trackRunning: 0, track->recovering: 0
06-09 00:12:53.725 405 1925 D GraphicsStats: Buffer count: 3
06-09 00:12:53.725 1110 1340 I customAudioLoopback: writeRadioTrack(): Info: trackPtr: 0xB5A9A008, buffer Ptr: 0xB4E7F880
06-09 00:12:53.725 1110 1340 I customAudioLoopback: writeRadioTrack(): Info: track->trackEnabled: 1, track->audioTrack: 0xB5A9D000, track->trackRunning: 1, track->recovering: 0
06-09 00:12:53.725 1110 1340 I customAudioLoopback: writeRadioTrack(): Info: trackPtr: 0xB5A9A01C, buffer Ptr: 0xB4E7F880
06-09 00:12:53.725 1110 1340 I customAudioLoopback: writeRadioTrack(): Info: track->trackEnabled: 1, track->audioTrack: 0xB5A9D280, track->trackRunning: 0, track->recovering: 0
06-09 00:12:53.746 1110 1340 I customAudioLoopback: writeRadioTrack(): Info: trackPtr: 0xB5A9A008, buffer Ptr: 0xB4E7F880
06-09 00:12:53.746 1110 1340 I customAudioLoopback: writeRadioTrack(): Info: track->trackEnabled: 1, track->audioTrack: 0xB5A9D000, track->trackRunning: 1, track->recovering: 0
06-09 00:12:53.746 1110 1340 I customAudioLoopback: writeRadioTrack(): Info: trackPtr: 0xB5A9A01C, buffer Ptr: 0xB4E7F880
06-09 00:12:53.746 1110 1340 I customAudioLoopback: writeRadioTrack(): Info: track->trackEnabled: 1, track->audioTrack: 0xB5A9D280, track->trackRunning: 0, track->recovering: 0
06-09 00:12:53.762 1333 1333 I HS:0:HomeScreenActivity: onWindowFocusChanged:true
06-09 00:12:53.763 405 1914 W InputMethodManagerService: Got RemoteException sending setActive(false) notification to pid 3775 uid 10056
06-09 00:12:53.768 1110 1340 I customAudioLoopback: writeRadioTrack(): Info: trackPtr: 0xB5A9A008, buffer Ptr: 0xB4E7F880
06-09 00:12:53.768 1110 1340 I customAudioLoopback: writeRadioTrack(): Info: track->trackEnabled: 1, track->audioTrack: 0xB5A9D000, track->trackRunning: 1, track->recovering: 0
06-09 00:12:53.768 1110 1340 I customAudioLoopback: writeRadioTrack(): Info: trackPtr: 0xB5A9A01C, buffer Ptr: 0xB4E7F880
06-09 00:12:53.768 1110 1340 I customAudioLoopback: writeRadioTrack(): Info: track->trackEnabled: 1, track->audioTrack: 0xB5A9D280, track->trackRunning: 0, track->recovering: 0
06-09 00:12:53.783 870 870 D GMStatusBar: setSystemUiVisibility() is called with vis:0 and mask:-1
06-09 00:12:53.789 1110 1340 I customAudioLoopback: writeRadioTrack(): Info: trackPtr: 0xB5A9A008, buffer Ptr: 0xB4E7F880
06-09 00:12:53.789 1110 1340 I customAudioLoopback: writeRadioTrack(): Info: track->trackEnabled: 1, track->audioTrack: 0xB5A9D000, track->trackRunning: 1, track->recovering: 0
06-09 00:12:53.789 1110 1340 I customAudioLoopback: writeRadioTrack(): Info: trackPtr: 0xB5A9A01C, buffer Ptr: 0xB4E7F880
06-09 00:12:53.789 1110 1340 I customAudioLoopback: writeRadioTrack(): Info: track->trackEnabled: 1, track->audioTrack: 0xB5A9D280, track->trackRunning: 0, track->recovering: 0
06-09 00:12:53.794 108 108 E ti_hwc : FB_TARGET info: CRTC: [0, 0, 1920, 85] SRC: [0, 0, 1920, 85], Hints: 0, Flags: 0
06-09 00:12:53.794 405 503 I WindowManager: Screen frozen for +333ms due to Window{f2a9aa2 u0 com.gm.gmhomescreen/com.gm.gmhomescreen.HomeScreenActivity}
06-09 00:12:53.807 2341 2388 I FSANetCommsClient: FSA: caught ioexception during InitializeSocket(): java.net.ConnectException: failed to connect to /192.168.1.106 (port 9010): connect failed: EHOSTUNREACH (No route to host)
06-09 00:12:53.811 1110 1340 I customAudioLoopback: writeRadioTrack(): Info: trackPtr: 0xB5A9A008, buffer Ptr: 0xB4E7F880
06-09 00:12:53.811 1110 1340 I customAudioLoopback: writeRadioTrack(): Info: track->trackEnabled: 1, track->audioTrack: 0xB5A9D000, track->trackRunning: 1, track->recovering: 0
06-09 00:12:53.811 1110 1340 I customAudioLoopback: writeRadioTrack(): Info: trackPtr: 0xB5A9A01C, buffer Ptr: 0xB4E7F880
06-09 00:12:53.811 1110 1340 I customAudioLoopback: writeRadioTrack(): Info: track->trackEnabled: 1, track->audioTrack: 0xB5A9D280, track->trackRunning: 0, track->recovering: 0
06-09 00:12:53.812 108 108 E ti_hwc : FB_TARGET info: CRTC: [0, 0, 1920, 1080] SRC: [0, 0, 1920, 1080], Hints: 0, Flags: 0
06-09 00:12:53.831 1110 1340 I customAudioLoopback: writeRadioTrack(): Info: trackPtr: 0xB5A9A008, buffer Ptr: 0xB4E7F880
06-09 00:12:53.831 1110 1340 I customAudioLoopback: writeRadioTrack(): Info: track->trackEnabled: 1, track->audioTrack: 0xB5A9D000, track->trackRunning: 1, track->recovering: 0
06-09 00:12:53.831 1110 1340 I customAudioLoopback: writeRadioTrack(): Info: trackPtr: 0xB5A9A01C, buffer Ptr: 0xB4E7F880
06-09 00:12:53.831 1110 1340 I customAudioLoopback: writeRadioTrack(): Info: track->trackEnabled: 1, track->audioTrack: 0xB5A9D280, track->trackRunning: 0, track->recovering: 0
06-09 00:12:53.853 1110 1340 I customAudioLoopback: writeRadioTrack(): Info: trackPtr: 0xB5A9A008, buffer Ptr: 0xB4E7F880
06-09 00:12:53.853 1110 1340 I customAudioLoopback: writeRadioTrack(): Info: track->trackEnabled: 1, track->audioTrack: 0xB5A9D000, track->trackRunning: 1, track->recovering: 0
06-09 00:12:53.853 1110 1340 I customAudioLoopback: writeRadioTrack(): Info: trackPtr: 0xB5A9A01C, buffer Ptr: 0xB4E7F880
06-09 00:12:53.853 1110 1340 I customAudioLoopback: writeRadioTrack(): Info: track->trackEnabled: 1, track->audioTrack: 0xB5A9D280, track->trackRunning: 0, track->recovering: 0
06-09 00:12:53.874 1110 1340 I customAudioLoopback: writeRadioTrack(): Info: trackPtr: 0xB5A9A008, buffer Ptr: 0xB4E7F880
06-09 00:12:53.874 1110 1340 I customAudioLoopback: writeRadioTrack(): Info: track->trackEnabled: 1, track->audioTrack: 0xB5A9D000, track->trackRunning: 1, track->recovering: 0
06-09 00:12:53.874 1110 1340 I customAudioLoopback: writeRadioTrack(): Info: trackPtr: 0xB5A9A01C, buffer Ptr: 0xB4E7F880
06-09 00:12:53.874 1110 1340 I customAudioLoopback: writeRadioTrack(): Info: track->trackEnabled: 1, track->audioTrack: 0xB5A9D280, track->trackRunning: 0, track->recovering: 0
06-09 00:12:53.896 1110 1340 I customAudioLoopback: writeRadioTrack(): Info: trackPtr: 0xB5A9A008, buffer Ptr: 0xB4E7F880
06-09 00:12:53.896 1110 1340 I customAudioLoopback: writeRadioTrack(): Info: track->trackEnabled: 1, track->audioTrack: 0xB5A9D000, track->trackRunning: 1, track->recovering: 0
06-09 00:12:53.896 1110 1340 I customAudioLoopback: writeRadioTrack(): Info: trackPtr: 0xB5A9A01C, buffer Ptr: 0xB4E7F880
06-09 00:12:53.896 1110 1340 I customAudioLoopback: writeRadioTrack(): Info: track->trackEnabled: 1, track->audioTrack: 0xB5A9D280, track->trackRunning: 0, track->recovering: 0
06-09 00:12:53.907 2341 2388 I FSAClient: FSA: could not connect to server 192.168.1.106:9010, retrying
06-09 00:12:53.907 2341 2388 I FSANetCommsClient: FSA: intializing client tcp socket, ip:port is 192.168.1.106:9010
06-09 00:12:53.917 1110 1340 I customAudioLoopback: writeRadioTrack(): Info: trackPtr: 0xB5A9A008, buffer Ptr: 0xB4E7F880
06-09 00:12:53.917 1110 1340 I customAudioLoopback: writeRadioTrack(): Info: track->trackEnabled: 1, track->audioTrack: 0xB5A9D000, track->trackRunning: 1, track->recovering: 0
06-09 00:12:53.917 1110 1340 I customAudioLoopback: writeRadioTrack(): Info: trackPtr: 0xB5A9A01C, buffer Ptr: 0xB4E7F880
06-09 00:12:53.917 1110 1340 I customAudioLoopback: writeRadioTrack(): Info: track->trackEnabled: 1, track->audioTrack: 0xB5A9D280, track->trackRunning: 0, track->recovering: 0
06-09 00:12:53.938 1110 1340 I customAudioLoopback: writeRadioTrack(): Info: trackPtr: 0xB5A9A008, buffer Ptr: 0xB4E7F880
06-09 00:12:53.938 1110 1340 I customAudioLoopback: writeRadioTrack(): Info: track->trackEnabled: 1, track->audioTrack: 0xB5A9D000, track->trackRunning: 1, track->recovering: 0
06-09 00:12:53.938 1110 1340 I customAudioLoopback: writeRadioTrack(): Info: trackPtr: 0xB5A9A01C, buffer Ptr: 0xB4E7F880
06-09 00:12:53.939 1110 1340 I customAudioLoopback: writeRadioTrack(): Info: track->trackEnabled: 1, track->audioTrack: 0xB5A9D280, track->trackRunning: 0, track->recovering: 0
06-09 00:12:53.959 1110 1340 I customAudioLoopback: writeRadioTrack(): Info: trackPtr: 0xB5A9A008, buffer Ptr: 0xB4E7F880
06-09 00:12:53.959 1110 1340 I customAudioLoopback: writeRadioTrack(): Info: track->trackEnabled: 1, track->audioTrack: 0xB5A9D000, track->trackRunning: 1, track->recovering: 0
06-09 00:12:53.959 1110 1340 I customAudioLoopback: writeRadioTrack(): Info: trackPtr: 0xB5A9A01C, buffer Ptr: 0xB4E7F880
06-09 00:12:53.959 1110 1340 I customAudioLoopback: writeRadioTrack(): Info: track->trackEnabled: 1, track->audioTrack: 0xB5A9D280, track->trackRunning: 0, track->recovering: 0
06-09 00:12:53.981 1110 1340 I customAudioLoopback: writeRadioTrack(): Info: trackPtr: 0xB5A9A008, buffer Ptr: 0xB4E7F880
06-09 00:12:53.981 1110 1340 I customAudioLoopback: writeRadioTrack(): Info: track->trackEnabled: 1, track->audioTrack: 0xB5A9D000, track->trackRunning: 1, track->recovering: 0
06-09 00:12:53.981 1110 1340 I customAudioLoopback: writeRadioTrack(): Info: trackPtr: 0xB5A9A01C, buffer Ptr: 0xB4E7F880
06-09 00:12:53.981 1110 1340 I customAudioLoopback: writeRadioTrack(): Info: track->trackEnabled: 1, track->audioTrack: 0xB5A9D280, track->trackRunning: 0, track->recovering: 0
06-09 00:12:54.002 1110 1340 I customAudioLoopback: writeRadioTrack(): Info: trackPtr: 0xB5A9A008, buffer Ptr: 0xB4E7F880
06-09 00:12:54.002 1110 1340 I customAudioLoopback: writeRadioTrack(): Info: track->trackEnabled: 1, track->audioTrack: 0xB5A9D000, track->trackRunning: 1, track->recovering: 0
06-09 00:12:54.002 1110 1340 I customAudioLoopback: writeRadioTrack(): Info: trackPtr: 0xB5A9A01C, buffer Ptr: 0xB4E7F880
06-09 00:12:54.002 1110 1340 I customAudioLoopback: writeRadioTrack(): Info: track->trackEnabled: 1, track->audioTrack: 0xB5A9D280, track->trackRunning: 0, track->recovering: 0
06-09 00:12:54.004 144 161 E ProtoKey: Protokey request failed
06-09 00:12:54.008 725 1038 I com.gm.server.traffic.TrafficServiceImpl: signalMonitor: Not connected, reconnecting...
06-09 00:12:54.010 725 1038 E com.gm.server.traffic.TrafficServiceImpl: signalMonitor: socket connection exception
06-09 00:12:54.010 725 1038 E com.gm.server.traffic.TrafficServiceImpl: java.net.ConnectException: failed to connect to /192.168.1.10 (port 11999): connect failed: ECONNREFUSED (Connection refused)
06-09 00:12:54.010 725 1038 E com.gm.server.traffic.TrafficServiceImpl: at libcore.io.IoBridge.connect(IoBridge.java:124)
06-09 00:12:54.010 725 1038 E com.gm.server.traffic.TrafficServiceImpl: at java.net.PlainSocketImpl.connect(PlainSocketImpl.java:183)
06-09 00:12:54.010 725 1038 E com.gm.server.traffic.TrafficServiceImpl: at java.net.PlainSocketImpl.connect(PlainSocketImpl.java:163)
06-09 00:12:54.010 725 1038 E com.gm.server.traffic.TrafficServiceImpl: at java.net.Socket.startupSocket(Socket.java:592)
06-09 00:12:54.010 725 1038 E com.gm.server.traffic.TrafficServiceImpl: at java.net.Socket.tryAllAddresses(Socket.java:128)
06-09 00:12:54.010 725 1038 E com.gm.server.traffic.TrafficServiceImpl: at java.net.Socket.(Socket.java:178)
06-09 00:12:54.010 725 1038 E com.gm.server.traffic.TrafficServiceImpl: at java.net.Socket.(Socket.java:150)
06-09 00:12:54.010 725 1038 E com.gm.server.traffic.TrafficServiceImpl: at com.gm.server.traffic.SocketImpl.connect(SocketImpl.java:22)
06-09 00:12:54.010 725 1038 E com.gm.server.traffic.TrafficServiceImpl: at com.gm.server.traffic.TrafficServiceImpl$1.run(TrafficServiceImpl.java:227)
06-09 00:12:54.010 725 1038 E com.gm.server.traffic.TrafficServiceImpl: at java.util.concurrent.ThreadPoolExecutor.runWorker(ThreadPoolExecutor.java:1113)
06-09 00:12:54.010 725 1038 E com.gm.server.traffic.TrafficServiceImpl: at java.util.concurrent.ThreadPoolExecutor$Worker.run(ThreadPoolExecutor.java:588)
06-09 00:12:54.010 725 1038 E com.gm.server.traffic.TrafficServiceImpl: at java.lang.Thread.run(Thread.java:818)
06-09 00:12:54.010 725 1038 E com.gm.server.traffic.TrafficServiceImpl: Caused by: android.system.ErrnoException: connect failed: ECONNREFUSED (Connection refused)
06-09 00:12:54.010 725 1038 E com.gm.server.traffic.TrafficServiceImpl: at libcore.io.Posix.connect(Native Method)
06-09 00:12:54.010 725 1038 E com.gm.server.traffic.TrafficServiceImpl: at libcore.io.BlockGuardOs.connect(BlockGuardOs.java:111)
06-09 00:12:54.010 725 1038 E com.gm.server.traffic.TrafficServiceImpl: at libcore.io.IoBridge.connectErrno(IoBridge.java:137)
06-09 00:12:54.010 725 1038 E com.gm.server.traffic.TrafficServiceImpl: at libcore.io.IoBridge.connect(IoBridge.java:122)
06-09 00:12:54.010 725 1038 E com.gm.server.traffic.TrafficServiceImpl: ... 11 more
06-09 00:12:54.021 3808 3808 D AndroidRuntime: >>>>>> START com.android.internal.os.RuntimeInit uid 2000 <<<<<<
06-09 00:12:54.024 1110 1340 I customAudioLoopback: writeRadioTrack(): Info: trackPtr: 0xB5A9A008, buffer Ptr: 0xB4E7F880
06-09 00:12:54.024 1110 1340 I customAudioLoopback: writeRadioTrack(): Info: track->trackEnabled: 1, track->audioTrack: 0xB5A9D000, track->trackRunning: 1, track->recovering: 0
06-09 00:12:54.024 1110 1340 I customAudioLoopback: writeRadioTrack(): Info: trackPtr: 0xB5A9A01C, buffer Ptr: 0xB4E7F880
06-09 00:12:54.024 1110 1340 I customAudioLoopback: writeRadioTrack(): Info: track->trackEnabled: 1, track->audioTrack: 0xB5A9D280, track->trackRunning: 0, track->recovering: 0
06-09 00:12:54.027 3808 3808 D AndroidRuntime: CheckJNI is OFF
06-09 00:12:54.027 3808 3808 E cutils-trace: Error opening trace file: Permission denied (13)
06-09 00:12:54.032 3808 3808 W art : 70c9c000-7188a000 rw-p 00000000 b3:09 32388 /data/dalvik-cache/arm/system@framework@boot.art
06-09 00:12:54.032 3808 3808 W art : 7f587000-7f58c000 r-xp 00000000 b3:06 305 /system/bin/app_process32
06-09 00:12:54.032 3808 3808 W art : 7f58c000-7f58d000 r--p 00004000 b3:06 305 /system/bin/app_process32
06-09 00:12:54.032 3808 3808 W art : 7f58d000-7f58e000 rw-p 00000000 00:00 0
06-09 00:12:54.032 3808 3808 W art : af904000-b2739000 r--p 00000000 b3:06 1056 /system/framework/arm/boot.oat
06-09 00:12:54.033 3808 3808 W art : b2739000-b487f000 r-xp 02e35000 b3:06 1056 /system/framework/arm/boot.oat
06-09 00:12:54.033 3808 3808 W art : b487f000-b4880000 rw-p 04f7b000 b3:06 1056 /system/framework/arm/boot.oat
06-09 00:12:54.033 3808 3808 W art : b4880000-b48a5000 r--p 00bee000 b3:09 32388 /data/dalvik-cache/arm/system@framework@boot.ar
06-09 00:12:54.033 3808 3808 W art : t
06-09 00:12:54.033 3808 3808 W art : b48a5000-b4cf2000 r-xp 00000000 b3:06 1218 /system/lib/libart.so
06-09 00:12:54.033 3808 3808 W art : b4cf2000-b4cf3000 ---p 00000000 00:00 0
06-09 00:12:54.033 3808 3808 W art : b4cf3000-b4cfd000 r--p 0044d000 b3:06 1218 /system/lib/libart.so
06-09 00:12:54.033 3808 3808 W art : b4cfd000-b4cfe000 rw-p 00457000 b3:06 1218 /system/lib/libart.so
06-09 00:12:54.033 3808 3808 W art : b4
06-09 00:12:54.033 3808 3808 W art : cfe000-b4d00000 rw-p 00000000 00:00 0
06-09 00:12:54.033 3808 3808 W art : b4d00000-b4e00000 rw-p 00000000 00:00 0 [anon:libc_malloc]
06-09 00:12:54.033 3808 3808 W art : b4e0e000-b4e0f000 rw-p 00000000 00:00 0 [anon:linker_alloc_vector]
06-09 00:12:54.033 3808 3808 W art : b4e10000-b4e13000 r-xp 00000000 b3:06 1480 /system/lib/libsigchain.so
06-09 00:12:54.033 3808 3808 W art : b4e13000-b4e14000 r--p 00002000 b3:06 1480 /system/lib/libsigchain.so
06-09 00:12:54.033 3808 3808 W art : b4e14000-b4e15000 rw-p 00003000 b3:06 1480 /system/lib/libsigchain.so
06-09 00:12:54.033 3808 3808 W art : b4e15000-b4e17000 r--p 00000000 00:00 0
06-09 00:12:54.033 3808 3808 W art : b4e17000-b4e37000 r--s 00000000 00:0e 9470 /dev/__properties__
06-09 00:12:54.033 3808 3808 W art : b4e37000-b4e38000 rw-p 00000000 00:00 0 [anon:linker_alloc_vector]
06-09 00:12:54.033 3808 3808 W art : b4e38000-b5858000 r-xp 00000000 b3:06 1183 /system/lib/libLLVM.so
06-09 00:12:54.033 3808 3808 W art : b5858000-b5859000 ---p 00000000 00:00 0
06-09 00:12:54.033 3808 3808 W art : b5859000-b58a2000 r--p 00a20000 b3:06 1183 /system/lib/libLLVM.so
06-09 00:12:54.033 3808 3808 W art : b58a2000-b58a3000 rw-p 00a69000 b3:06 1183 /system/lib/libLLVM.so
06-09 00:12:54.033 3808 3808 W art : b58a3000-b58ab000 rw-p 00000000 00:00 0
06-09 00:12:54.033 3808 3808 W art : b58ab000-b58ac000 r--p 00000000 00:00 0 [anon:linker_alloc]
06-09 00:12:54.033 3808 3808 W art : b58ac000-b58e2000 r-xp 00000000 b3:06 1233 /system/lib/libbcinfo.so
06-09 00:12:54.033 3808 3808 W art : b58e2000-b58e3000 r--p 00035000 b3:06 1233 /system/lib/libbcinfo.s
06-09 00:12:54.033 3808 3808 W art : o
06-09 00:12:54.033 3808 3808 W art : b58e3000-b58e4000 rw-p 00036000 b3:06 1233 /system/lib/libbcinfo.so
06-09 00:12:54.033 3808 3808 W art : b58e4000-b593c000 r-xp 00000000 b3:06 1232 /system/lib/libbcc.so
06-09 00:12:54.033 3808 3808 W art : b593c000-b593d000 ---p 00000000 00:00 0
06-09 00:12:54.033 3808 3808 W art : b593d000-b593e000 r--p 00058000 b3:06 1232 /system/lib/libbcc.so
06-09 00:12:54.033 3808 3808 W art : b593e000-b593f000 rw-p 00059000 b3:06 1232 /system/lib/libbcc.so
06-09 00:12:54.033 3808 3808 W art : b593f000-b5949000 r-xp 00000000 b3:06 1247 /system/lib/libcommon_time_client.so
06-09 00:12:54.033 3808 3808 W art : b5949000-b594c000 r--p 00009000 b3:06 1247 /system/lib/libcommon_time_client.so
06-09 00:12:54.033 3808 3808 W art : b594c000-b594
06-09 00:12:54.033 3808 3808 W art : d000 rw-p 0000c000 b3:06 1247 /system/lib/libcommon_time_client.so
06-09 00:12:54.033 3808 3808 W art : b594d000-b594e000 r--p 00000000 00:00 0
06-09 00:12:54.033 3808 3808 W art : b594e000-b5965000 r-xp 00000000 b3:06 1458 /system/lib/libprotobuf-cpp-lite.so
06-09 00:12:54.033 3808 3808 W art : b5965000-b5966000 ---p 00000000 00:00 0
06-09 00:12:54.033 3808 3808 W art : b5966000-b5967000 r--p 00017000 b3:06 1458 /system/lib/libprotobuf-cpp-lite.so
06-09 00:12:54.033 3808 3808 W art : b5967000-b5968000 rw-p 00018000 b3:06 1458 /system/lib/libprotobuf-cpp-lite.so
06-09 00:12:54.033 3808 3808 W art : b5968000-b596f000 r-xp 00000000 b3:06 1500 /system/lib/libstagefright_avc_common.so
06-09 00:12:54.033 3808 3808 W art : b596f000-b5970000 r--p 00006000 b3:06 1500 /system/lib/libstagefright_avc_common.so
06-09 00:12:54.033 3808 3808 W art : b5970000-b5971000 rw-p 00007000 b3:06 1500 /system/lib/libstagefright_avc_common.so
06-09 00:12:54.033 3808 3808 W art : b5971000-b5974000 r-xp 00000000 b3:06 1501 /system/lib/libstagefright_enc_common.so
06-09 00:12:54.033 3808 3808 W art : b5974000-b5975000 r--p 00002000 b3:06 1501 /system/lib/libstagefright_enc_common.so
06-09 00:12:54.033 3808 3808 W art : b5975000-b5976000 rw-p 00003000 b3:06 1501 /system/lib/libstagefright_enc_common.so
06-09 00:12:54.033 3808 3808 W art : b5976000-b597a000 r-xp 00000000 b3:06 1455 /system/lib/libpowermanager.so
06-09 00:12:54.033 3808 3808 W art : b597a000-b597b000 ---p 00000000 00:00 0
06-09 00:12:54.033 3808 3808 W art : b597b000-b597c000 r--p 00004000 b3:06 1455 /system/lib/libpowermanager.so
06-09 00:12:54.033 3808 3808 W art : b597c000-b597d000 rw-p 00005000 b3:06 1455 /system/lib/libpowermanager.so
06-09 00:12:54.033 3808 3808 W art : b597d000-b599a000 r-xp 00000000 b3:06 1590 /system/lib/libvorbisidec.so
06-09 00:12:54.033 3808 3808 W art : b599a000-b599b000 r--p 0001c000 b3:06 1590 /system/lib/libvorbisidec.so
06-09 00:12:54.033 3808 3808 W art : b599b000-b599c000 rw-p 0001d000 b3:06 1590 /system/lib/libvorbisidec.so
06-09 00:12:54.033 3808 3808 W art : b599c000-b59a1000 r-xp 00000000 b3:06 1527 /system/lib/libstagefright_yuv.so
06-09 00:12:54.033 3808 3808 W art : b59a1000-b59a2000 r--p 00004000 b3:06 1527 /system/lib/libstagefright_yuv.so
06-09 00:12:54.033 3808 3808 W art : b59a2000-b59a3000 rw-p 00005000 b3:06 1527 /system/lib/libstagefright_yuv.so
06-09 00:12:54.033 3808 3808 W art : b59a3000-b59a4000 r--p 00000000 00:00 0 [anon:linker_alloc]
06-09 00:12:54.034 3808 3808 W art : b59a4000-b59d1000 r-xp 00000000 b3:06 1505 /system/lib/libstagefright_omx.so
06-09 00:12:54.034 3808 3808 W art : b59d1000-b59d2000 ---p 00000000 00:00 0
06-09 00:12:54.034 3808 3808 W art : b59d2000-b59d5000 r--p 0002d000 b3:06 1505 /system/lib/libstagefright_omx.so
06-09 00:12:54.034 3808 3808 W art : b59d5000-b59d6000 rw-p 00030000 b3:06 1505 /system/lib/libstagefright_omx.so
06-09 00:12:54.034 3808 3808 W art : b59d6000-b5a11000 r-xp 00000000 b3:06 1437 /system/lib/libopus.so
06-09 00:12:54.034 3808 3808 W art : b5a11000-b5a12000 r--p 0003a000 b3:06 1437 /system/lib/libopus.so
06-09 00:12:54.034 3808 3808 W art : b5a12000-b5a13000 rw-p 0003b000 b3:06 1437 /system/lib/libopus.so
06-09 00:12:54.034 3808 3808 W art : b5a13000-b5a1a000 r-xp 00000000 b3:06 1369 /system/lib/libmediautils.so
06-09 00:12:54.034 3808 3808 W art : b5a1a000-b5a1b000 ---p 00000000 00:00 0
06-09 00:12:54.034 3808 3808 W art : b5a1b000-b5a1c000 r--p 00007000 b3:06 1369 /system/lib/libmediautils.so
06-09 00:12:54.034 3808 3808 W art : b5a1c000-b5a1d000 rw-p 00008000 b3:06 1369 /system/lib/libmediautils.so
06-09 00:12:54.034 3808 3808 W art : b5a1d000-b5a32000 r-xp 00000000 b3:06 1281 /system/lib/libdrmframework.so
06-09 00:12:54.034 3808 3808 W art : b5a32000-b5a33000 ---p 00000000 00:00 0
06-09 00:12:54.034 3808 3808 W art : b5a33000-b5a36000 r--p 00015000 b3:06 1281 /system/lib/libdrmframework.so
06-09 00:12:54.034 3808 3808 W art : b5a36000-b5a37000 rw-p 00018000 b3:06 1281 /system/lib/libdrmframework.so
06-09 00:12:54.034 3808 3808 W art : b5a37000-b5a56000 r-xp 00000000 b3:06 1200 /system/lib/libRScpp.so
06-09 00:12:54.034 3808 3808 W art : b5a56000-b5a57000 r--p 0001e000 b3:06 1200 /system/lib/libRScpp.so
06-09 00:12:54.034 3808 3808 W art : b5a57000-b5a58000 rw-p 0001f000 b3:06 1200 /system/lib/libRScpp.so
06-09 00:12:54.034 3808 3808 W art : b5a58000-b5a96000 r-xp 00000000 b3:06 1197 /system/lib/libRS.so
06-09 00:12:54.034 3808 3808 W art : b5a96000-b5a97000 ---p 00000000 00:00 0
06-09 00:12:54.034 3808 3808 W art : b5a97000-b5a99000 r--p 0003e000 b3:06 1197 /system/lib/libRS.so
06-09 00:12:54.034 3808 3808 W art : b5a99000-b5a9a000 rw-p 00040000 b3:06 1197 /system/lib/libRS.so
06-09 00:12:54.034 3808 3808 W art : b5a9a000-b5aa1000 r-xp 00000000 b3:06 1490 /system/lib/libspeexresampler.so
06-09 00:12:54.034 3808 3808 W art : b5aa1000-b5aa2000 r--p 00006000 b3:06 1490 /system/lib/libspeexresampler.so
06-09 00:12:54.034 3808 3808 W art : b5aa2000-b5aa3000 rw-p 00007000 b3:06 1490 /system/lib/libspeexresampler.so
06-09 00:12:54.034 3808 3808 W art : b5aa3000-b5aac000 r-xp 00000000 b3:06 1380 /system/lib/libnbaio.so
06-09 00:12:54.034 3808 3808 W art : b5aac000-b5aad000 r--p 00008000 b3:06 1380 /system/lib/libnbaio.so
06-09 00:12:54.034 3808 3808 W art : b5aad000-b5aae000 rw-p 00009000 b3:06 1380 /system/lib/libnbaio.so
06-09 00:12:54.034 3808 3808 W art : b5aae000-b5ac0000 r-xp 00000000 b3:06 1448 /system/lib/libpcre.so
06-09 00:12:54.034 3808 3808 W art : b5ac0000-b5ac1000 r--p 00011000 b3:06 1448 /system/lib/libpcre.so
06-09 00:12:54.034 3808 3808 W art : b5ac1000-b5ac2000 rw-p 00012000 b3:06 1448 /system/lib/libpcre.so
06-09 00:12:54.034 3808 3808 W art : b5ac2000-b5ac4000 r--p 00000000 00:00 0 [anon:linker_alloc]
06-09 00:12:54.034 3808 3808 W art : b5ac4000-b5ac9000 r-xp 00000000 b3:06 1597 /system/lib/libwpa_client.so
06-09 00:12:54.034 3808 3808 W art : b5ac9000-b5aca000 r--p 00004000 b3:06 1597 /system/lib/libwpa_client.so
06-09 00:12:54.034 3808 3808 W art : b5aca000-b5acb000 rw-p 00005000 b3:06 1597 /system/lib/libwpa_client.so
06-09 00:12:54.034 3808 3808 W art : b5acb000-b5b38000 r-xp 00000000 b3:06 1178 /system/lib/libGLES_trace.so
06-09 00:12:54.034 3808 3808 W art : b5b38000-b5b39000 ---p 00000000 00:00 0
06-09 00:12:54.034 3808 3808 W art : b5b39000-b5b3b000 r--p 0006d000 b3:06 1178 /system/lib/libGLES_trace.so
06-09 00:12:54.034 3808 3808 W art : b5b3b000-b5b3c000 rw-p 0006f000 b3:06 1178 /system/lib/libGLES_trace.so
06-09 00:12:54.034 3808 3808 W art : b5b3c000-b5b9d000 r-xp 00000000 b3:06 1299 /system/lib/libft2.so
06-09 00:12:54.034 3808 3808 W art : b5b9d000-b5b9f000 r--p 00060000 b3:06 1299 /system/lib/libft2.so
06-09 00:12:54.034 3808 3808 W art : b5b9f000-b5ba0000 rw-p 00062000 b3:06 1299 /system/lib/libft2.so
06-09 00:12:54.034 3808 3808 W art : b5ba0000-b5bc7000 r-xp 00000000 b3:06 1453 /system/lib/libpng.so
06-09 00:12:54.034 3808 3808 W art : b5bc7000-b5bc8000 ---p 00000000 00:00 0
06-09 00:12:54.034 3808 3808 W art : b5bc8000-b5bc9000 r--p 00027000 b3:06 1453 /system/lib/libpng.so
06-09 00:12:54.034 3808 3808 W art : b5bc9000-b5bca000 rw-p 00028000 b3:06 1453 /system/lib/libpng.so
06-09 00:12:54.034 3808 3808 W art : b5bca000-b5bcd000 r-xp 00000000 b3:06 1534 /system/lib/libsync.so
06-09 00:12:54.034 3808 3808 W art : b5bcd000-b5bce000 r--p 00002000 b3:06 1534 /system/lib/libsync.so
06-09 00:12:54.034 3808 3808 W art : b5bce000-b5bcf000 rw-p 00003000 b3:06 1534 /system/lib/libsync.so
06-09 00:12:54.034 3808 3808 W art : b5bcf000-b5bd4000 r-xp 00000000 b3:06 1529 /system/lib/libstdc++.so
06-09 00:12:54.034 3808 3808 W art : b5bd4000-b5bd5000 r--p 00004000 b3:06 1529 /system/lib/libstdc++.so
06-09 00:12:54.034 3808 3808 W art : b5bd5000-b5bd6000 rw-p 00005000 b3:06 1529 /system/lib/libstdc++.so
06-09 00:12:54.034 3808 3808 W art : b5bd6000-b5be6000 r-xp 00000000 b3:06 1551 /system/lib/libunwind.so
06-09 00:12:54.034 3808 3808 W art : b5be6000-b5be7000 r--p 0000f000 b3:06 1551 /system/lib/libunwind.so
06-09 00:12:54.034 3808 3808 W art : b5be7000-b5be8000 rw-p 00010000 b3:06 1551 /system/lib/libunwind.so
06-09 00:12:54.034 3808 3808 W art : b5be8000-b5c2e000 rw-p 00000000 00:00 0
06-09 00:12:54.035 3808 3808 W art : b5c2e000-b5c37000 r-xp 00000000 b3:06 1231 /system/lib/libbase.so
06-09 00:12:54.035 3808 3808 W art : b5c37000-b5c38000 r--p 00008000 b3:06 1231 /system/lib/libbase.so
06-09 00:12:54.035 3808 3808 W art : b5c38000-b5c39000 rw-p 00009000 b3:06 1231 /system/lib/libbase.so
06-09 00:12:54.035 3808 3808 W art : b5c39000-b5c3e000 r-xp 00000000 b3:06 1283 /system/lib/libeffects.so
06-09 00:12:54.035 3808 3808 W art : b5c3e000-b5c3f000 r--p 00004000 b3:06 1283 /system/lib/libeffects.so
06-09 00:12:54.035 3808 3808 W art : b5c3f000-b5c40000 rw-p 00005000 b3:06 1283 /system/lib/libeffects.so
06-09 00:12:54.035 3808 3808 W art : b5c40000-b5c41000 r--p 00000000 00:00 0 [anon:linker_alloc]
06-09 00:12:54.035 3808 3808 W art : b5c41000-b5c44000 r-xp 00000000 b3:06 1503 /system/lib/libstagefright_http_support.so
06-09 00:12:54.035 3808 3808 W art : b5c44000-b5c45000 ---p 00000000 00:00 0
06-09 00:12:54.035 3808 3808 W art : b5c45000-b5c46000 r--p 00003000 b3:06 1503 /system/lib/libstagefright_http_support.so
06-09 00:12:54.035 3808 3808 W art : b5c46000-b5c47000 rw-p 00004000 b3:06 1503 /system/lib/libstagefright_http_support.so
06-09 00:12:54.035 3808 3808 W art : b5c47000-b5c5f000 r-xp 00000000 b3:06 1502 /system/lib/libstagefright_foundation.so
06-09 00:12:54.035 3808 3808 W art : b5c5f000-b5c60000 ---p 00000000 00:00 0
06-09 00:12:54.035 3808 3808 W art : b5c60000-b5c61000 r--p 00018000 b3:06 1502 /system/lib/libstagefright_foundation.so
06-09 00:12:54.035 3808 3808 W art : b5c61000-b5c62000 rw-p 00019000 b3:06 1502 /system/lib/libstagefright_foundation.so
06-09 00:12:54.035 3808 3808 W art : b5c62000-b5db0000 r-xp 00000000 b3:06 1498 /system/lib/libstagefright.so
06-09 00:12:54.035 3808 3808 W art : b5db0000-b5dbc000 r--p 0014d000 b3:06 1498 /system/lib/libstagefright.so
06-09 00:12:54.035 3808 3808 W art : b5dbc000-b5dbd000 rw-p 00159000 b3:06 1498 /system/lib/libstagefright.so
06-09 00:12:54.035 3808 3808 W art : b5dbd000-b5e28000 r-xp 00000000 b3:06 1331 /system/lib/libhwui.so
06-09 00:12:54.035 3808 3808 W art : b5e28000-b5e29000 ---p 00000000 00:00 0
06-09 00:12:54.035 3808 3808 W art : b5e29000-b5e2c000 r--p 0006b000 b3:06 1331 /system/lib/libhwui.so
06-09 00:12:54.035 3808 3808 W art : b5e2c000-b5e2d000 rw-p 0006e000 b3:06 1331 /system/lib/libhwui.so
06-09 00:12:54.035 3808 3808 W art : b5e2d000-b5e30000 r-xp 00000000 b3:06 1461 /system/lib/libradio_metadata.so
06-09 00:12:54.035 3808 3808 W art : b5e30000-b5e31000 r--p 00002000 b3:06 1461 /system/lib/libradio_metadata.so
06-09 00:12:54.035 3808 3808 W art : b5e31000-b5e32000 rw-p 00003000 b3:06 1461 /system/lib/libradio_metadata.so
06-09 00:12:54.035 3808 3808 W art : b5e32000-b5e36000 r-xp 00000000 b3:06 1376 /system/lib/libnativebridge.so
06-09 00:12:54.035 3808 3808 W art : b5e36000-b5e37000 r--p 00003000 b3:06 1376 /system/lib/libnativebridge.so
06-09 00:12:54.035 3808 3808 W art : b5e37000-b5e38000 rw-p 00004000 b3:06 1376 /system/lib/libnativebridge.so
06-09 00:12:54.035 3808 3808 W art : b5e38000-b5e3c000 r-xp 00000000 b3:06 1456 /system/lib/libprocessgroup.so
06-09 00:12:54.035 3808 3808 W art : b5e3c000-b5e3d000 r--p 00003000 b3:06 1456 /system/lib/libprocessgroup.so
06-09 00:12:54.035 3808 3808 W art : b5e3d000-b5e3e000 rw-p 00004000 b3:06 1456 /system/lib/libprocessgroup.so
06-09 00:12:54.035 3808 3808 W art : b5e3e000-b5e4c000 r-xp 00000000 b3:06 1371 /system/lib/libminikin.so
06-09 00:12:54.035 3808 3808 W art : b5e4c000-b5e4d000 ---p 00000000 00:00 0
06-09 00:12:54.035 3808 3808 W art : b5e4d000-b5e4e000 r--p 0000e000 b3:06 1371 /system/lib/libminikin.so
06-09 00:12:54.035 3808 3808 W art : b5e4e000-b5e4f000 rw-p 0000f000 b3:06 1371 /system/lib/libminikin.so
06-09 00:12:54.035 3808 3808 W art : b5e4f000-b5e59000 r-xp 00000000 b3:06 1487 /system/lib/libsoundtrigger.so
06-09 00:12:54.035 3808 3808 W art : b5e59000-b5e5c000 r--p 00009000 b3:06 1487 /system/lib/libsoundtrigger.so
06-09 00:12:54.035 3808 3808 W art : b5e5c000-b5e5d000 rw-p 0000c000 b3:06 1487 /system/lib/libsoundtrigger.so
06-09 00:12:54.035 3808 3808 W art : b5e5d000-b5e5e000 r--p 00000000 00:00 0 [anon:linker_alloc]
06-09 00:12:54.035 3808 3808 W art : b5e5e000-b5e68000 r-xp 00000000 b3:06 1460 /system/lib/libradio.so
06-09 00:12:54.035 3808 3808 W art : b5e68000-b5e6b000 r--p 00009000 b3:06 1460 /system/lib/libradio.so
06-09 00:12:54.035 3808 3808 W art : b5e6b000-b5e6c000 rw-p 0000c000 b3:06 1460 /system/lib/libradio.so
06-09 00:12:54.035 3808 3808 W art : b5e6c000-b5e70000 r-xp 00000000 b3:06 1429 /system/lib/libnetd_client.so
06-09 00:12:54.035 3808 3808 W art : b5e70000-b5e71000 r--p 00003000 b3:06 1429 /system/lib/libnetd_client.so
06-09 00:12:54.035 3808 3808 W art : b5e71000-b5e72000 rw-p 00004000 b3:06 1429 /system/lib/libnetd_client.so
06-09 00:12:54.035 3808 3808 W art : b5e72000-b5e80000 r-xp 00000000 b3:06 1335 /system/lib/libimg_utils.so
06-09 00:12:54.035 3808 3808 W art : b5e80000-b5e82000 r--p 0000d000 b3:06 1335 /system/lib/libimg_utils.so
06-09 00:12:54.035 3808 3808 W art : b5e82000-b5e83000 rw-p 0000f000 b3:06 1335 /system/lib/libimg_utils.so
06-09 00:12:54.035 3808 3808 W art : b5e83000-b6295000 r-xp 00000000 b3:06 1449 /system/lib/libpdfium.so
06-09 00:12:54.035 3808 3808 W art : b6295000-b6296000 ---p 00000000 00:00 0
06-09 00:12:54.035 3808 3808 W art : b6296000-b629f000 r--p 00412000 b3:06 1449 /system/lib/libpdfium.so
06-09 00:12:54.035 3808 3808 W art : b629f000-b62a3000 rw-p 0041b000 b3:06 1449 /system/lib/libpdfium.so
06-09 00:12:54.036 3808 3808 W art : b62a3000-b62a4000 rw-p 00000000 00:00 0
06-09 00:12:54.036 3808 3808 W art : b62a4000-b62ab000 r-xp 00000000 b3:06 1227 /system/lib/libaudioutils.so
06-09 00:12:54.036 3808 3808 W art : b62ab000-b62ac000 r--p 00006000 b3:06 1227 /system/lib/libaudioutils.so
06-09 00:12:54.036 3808 3808 W art : b62ac000-b62ad000 rw-p 00007000 b3:06 1227 /system/lib/libaudioutils.so
06-09 00:12:54.036 3808 3808 W art : b62ad000-b62c8000 r-xp 00000000 b3:06 1599 /system/lib/libz.so
06-09 00:12:54.036 3808 3808 W art : b62c8000-b62c9000 r--p 0001a000 b3:06 1599 /system/lib/libz.so
06-09 00:12:54.036 3808 3808 W art : b62c9000-b62ca000 rw-p 0001b000 b3:06 1599 /system/lib/libz.so
06-09 00:12:54.036 3808 3808 W art : b62ca000-b62cb000 rw-p 00000000 00:00 0 [anon:linker_alloc]
06-09 00:12:54.036 3808 3808 W art : b62cb000-b6317000 r-xp 00000000 b3:06 1327 /system/lib/libharfbuzz_ng.so
06-09 00:12:54.036 3808 3808 W art : b6317000-b6318000 r--p 0004b000 b3:06 1327 /system/lib/libharfbuzz_ng.so
06-09 00:12:54.036 3808 3808 W art : b6318000-b6319000 rw-p 0004c000 b3:06 1327 /system/lib/libharfbuzz_ng.so
06-09 00:12:54.036 3808 3808 W art : b6319000-b631d000 r-xp 00000000 b3:06 1555 /system/lib/libusbhost.so
06-09 00:12:54.036 3808 3808 W art : b631d000-b631e000 ---p 00000000 00:00 0
06-09 00:12:54.036 3808 3808 W art : b631e000-b631f000 r--p 00004000 b3:06 1555 /system/lib/libusbhost.so
06-09 00:12:54.036 3808 3808 W art : b631f000-b6320000 rw-p 00005000 b3:06 1555 /system/lib/libusbhost.so
06-09 00:12:54.036 3808 3808 W art : b6320000-b6358000 r-xp 00000000 b3:06 1353 /system/lib/libjpeg.so
06-09 00:12:54.036 3808 3808 W art : b6358000-b6359000 r--p 00037000 b3:06 1353 /system/lib/libjpeg.so
06-09 00:12:54.036 3808 3808 W art : b6359000-b635a000 rw-p 00038000 b3:06 1353 /system/lib/libjpeg.so
06-09 00:12:54.036 3808 3808 W art : b635a000-b635b000 r--p 00000000 00:00 0 [anon:linker_alloc]
06-09 00:12:54.036 3808 3808 W art : b635b000-b63ef000 r-xp 00000000 b3:06 1364 /system/lib/libmedia.so
06-09 00:12:54.036 3808 3808 W art : b63ef000-b640b000 r--p 00093000 b3:06 1364 /system/lib/libmedia.so
06-09 00:12:54.036 3808 3808 W art : b640b000-b640c000 rw-p 000af000 b3:06 1364 /system/lib/libmedia.so
06-09 00:12:54.036 3808 3808 W art : b640c000-b657f000 r-xp 00000000 b3:06 1333 /system/lib/libicui18n.so
06-09 00:12:54.036 3808 3808 W art : b657f000-b658a000 r--p 00172000 b3:06 1333 /system/lib/libicui18n.so
06-09 00:12:54.036 3808 3808 W art : b658a000-b658b000 rw-p 0017d000 b3:06 1333 /system/lib/libicui18n.so
06-09 00:12:54.036 3808 3808 W art : b658b000-b66a2000 r-xp 00000000 b3:06 1334 /system/lib/libicuuc.so
06-09 00:12:54.036 3808 3808 W art : b66a2000-b66ad000 r--p 00116000 b3:06 1334 /system/lib/libicuuc.so
06-09 00:12:54.036 3808 3808 W art : b66ad000-b66ae000 rw-p 00121000 b3:06 1334 /system/lib/libicuuc.so
06-09 00:12:54.036 3808 3808 W art : b66ae000-b66b2000 rw-p 00000000 00:00 0
06-09 00:12:54.036 3808 3808 W art : b66b2000-b66d5000 r-xp 00000000 b3:06 1497 /system/lib/libssl.so
06-09 00:12:54.036 3808 3808 W art : b66d5000-b66d7000 r--p 00022000 b3:06 1497 /system/lib/libssl.so
06-09 00:12:54.036 3808 3808 W art : b66d7000-b66d8000 rw-p 00024000 b3:06 1497 /system/lib/libssl.so
06-09 00:12:54.036 3808 3808 W art : b66d8000-b6768000 r-xp 00000000 b3:06 1253 /system/lib/libcrypto.so
06-09 00:12:54.036 3808 3808 W art : b6768000-b6769000 ---p 00000000 00:00 0
06-09 00:12:54.036 3808 3808 W art : b6769000-b6774000 r--p 00090000 b3:06 1253 /system/lib/libcrypto.so
06-09 00:12:54.036 3808 3808 W art : b6774000-b6775000 rw-p 0009b000 b3:06 1253 /system/lib/libcrypto.so
06-09 00:12:54.036 3808 3808 W art : b6775000-b67c8000 r-xp 00000000 b3:06 1485 /system/lib/libsonivox.so
06-09 00:12:54.036 3808 3808 W art : b67c8000-b67c9000 r--p 00052000 b3:06 1485 /system/lib/libsonivox.so
06-09 00:12:54.036 3808 3808 W art : b67c9000-b67ca000 rw-p 00053000 b3:06 1485 /system/lib/libsonivox.so
06-09 00:12:54.036 3808 3808 W art : b67ca000-b67cf000 rw-p 00000000 00:00 0
06-09 00:12:54.036 3808 3808 W art : b67cf000-b67dd000 r-xp 00000000 b3:06 1475 /system/lib/libselinux.so
06-09 00:12:54.036 3808 3808 W art : b67dd000-b67de000 ---p 00000000 00:00 0
06-09 00:12:54.036 3808 3808 W art : b67de000-b67df000 r--p 0000e000 b3:06 1475 /system/lib/libselinux.so
06-09 00:12:54.036 3808 3808 W art : b67df000-b67e0000 rw-p 0000f000 b3:06 1475 /system/lib/libselinux.so
06-09 00:12:54.036 3808 3808 W art : b67e0000-b67e7000 r-xp 00000000 b3:06 1326 /system/lib/libhardware_legacy.so
06-09 00:12:54.036 3808 3808 W art : b67e7000-b67e8000 r--p 00006000 b3:06 1326 /system/lib/libhardware_legacy.so
06-09 00:12:54.036 3808 3808 W art : b67e8000-b67e9000 rw-p 00007000 b3:06 1326 /system/lib/libhardware_legacy.so
06-09 00:12:54.036 3808 3808 W art : b67e9000-b67ea000 rw-p 00000000 00:00 0
06-09 00:12:54.036 3808 3808 W art : b67ea000-b67ed000 r-xp 00000000 b3:06 1325 /system/lib/libhardware.so
06-09 00:12:54.036 3808 3808 W art : b67ed000-b67ee000 r--p 00002000 b3:06 1325 /system/lib/libhardware.so
06-09 00:12:54.036 3808 3808 W art : b67ee000-b67ef000 rw-p 00003000 b3:06 1325 /system/lib/libhardware.so
06-09 00:12:54.036 3808 3808 W art : b67ef000-b67f3000 r-xp 00000000 b3:06 1176 /system/lib/libETC1.so
06-09 00:12:54.036 3808 3808 W art : b67f3000-b67f4000 r--p 00003000 b3:06 1176 /system/lib/libETC1.so
06-09 00:12:54.036 3808 3808 W art : b67f4000-b67f5000 rw-p 00004000 b3:06 1176 /system/lib/libETC1.so
06-09 00:12:54.037 3808 3808 W art : b67f5000-b6802000 r-xp 00000000 b3:06 1180 /system/lib/libGLESv2.so
06-09 00:12:54.037 3808 3808 W art : b6802000-b6803000 r--p 0000c000 b3:06 1180 /system/lib/libGLESv2.so
06-09 00:12:54.037 3808 3808 W art : b6803000-b6804000 rw-p 0000d000 b3:06 1180 /system/lib/libGLESv2.so
06-09 00:12:54.037 3808 3808 W art : b6804000-b680c000 r-xp 00000000 b3:06 1179 /system/lib/libGLESv1_CM.so
06-09 00:12:54.037 3808 3808 W art : b680c000-b680d000 r--p 00007000 b3:06 1179 /system/lib/libGLESv1_CM.so
06-09 00:12:54.037 3808 3808 W art : b680d000-b680e000 rw-p 00008000 b3:06 1179 /system/lib/libGLESv1_CM.so
06-09 00:12:54.037 3808 3808 W art : b680e000-b686a000 r-xp 00000000 b3:06 1175 /system/lib/libEGL.so
06-09 00:12:54.037 3808 3808 W art : b686a000-b686b000 ---p 00000000 00:00 0
06-09 00:12:54.037 3808 3808 W art : b686b000-b686d000 r--p 0005c000 b3:06 1175 /system/lib/libEGL.so
06-09 00:12:54.037 3808 3808 W art : b686d000-b6876000 rw-p 0005e000 b3:06 1175 /system/lib/libEGL.so
06-09 00:12:54.037 3808 3808 W art : b6876000-b6879000 rw-p 00000000 00:00 0
06-09 00:12:54.037 3808 3808 W art : b6879000-b68db000 r-xp 00000000 b3:06 1491 /system/lib/libsqlite.so
06-09 00:12:54.037 3808 3808 W art : b68db000-b68dd000 r--p 00061000 b3:06 1491 /system/lib/libsqlite.so
06-09 00:12:54.037 3808 3808 W art : b68dd000-b68de000 rw-p 00063000 b3:06 1491 /system/lib/libsqlite.so
06-09 00:12:54.037 3808 3808 W art : b68de000-b68df000 rw-p 00000000 00:00 0
06-09 00:12:54.037 3808 3808 W art : b68df000-b6b30000 r-xp 00000000 b3:06 1481 /system/lib/libskia.so
06-09 00:12:54.037 3808 3808 W art : b6b30000-b6b31000 ---p 00000000 00:00 0
06-09 00:12:54.037 3808 3808 W art : b6b31000-b6b4b000 r--p 00251000 b3:06 1481 /system/lib/libskia.so
06-09 00:12:54.037 3808 3808 W art : b6b4b000-b6b4d000 rw-p 0026b000 b3:06 1481 /system/lib/libskia.so
06-09 00:12:54.037 3808 3808 W art : b6b4d000-b6b51000 rw-p 00000000 00:00 0
06-09 00:12:54.037 3808 3808 W art : b6b51000-b6b59000 r-xp 00000000 b3:06 1242 /system/lib/libcamera_metadata.so
06-09 00:12:54.037 3808 3808 W art : b6b59000-b6b5a000 r--p 00007000 b3:06 1242 /system/lib/libcamera_metadata.so
06-09 00:12:54.037 3808 3808 W art : b6b5a000-b6b5b000 rw-p 00008000 b3:06 1242 /system/lib/libcamera_metadata.so
06-09 00:12:54.037 3808 3808 W art : b6b5b000-b6b7f000 r-xp 00000000 b3:06 1241 /system/lib/libcamera_client.so
06-09 00:12:54.037 3808 3808 W art : b6b7f000-b6b80000 ---p 00000000 00:00 0
06-09 00:12:54.037 3808 3808 W art : b6b80000-b6b88000 r--p 00024000 b3:06 1241 /system/lib/libcamera_client.so
06-09 00:12:54.037 3808 3808 W art : b6b88000-b6b89000 rw-p 0002c000 b3:06 1241 /system/lib/libcamera_client.so
06-09 00:12:54.037 3808 3808 W art : b6b89000-b6bc4000 r-xp 00000000 b3:06 1337 /system/lib/libinputflinger.so
06-09 00:12:54.037 3808 3808 W art : b6bc4000-b6bc5000 ---p 00000000 00:00 0
06-09 00:12:54.037 3808 3808 W art : b6bc5000-b6bc8000 r--p 0003b000 b3:06 1337 /system/lib/libinputflinger.so
06-09 00:12:54.037 3808 3808 W art : b6bc8000-b6bc9000 rw-p 0003e000 b3:06 1337 /system/lib/libinputflinger.so
06-09 00:12:54.037 3808 3808 W art : b6bc9000-b6be3000 r-xp 00000000 b3:06 1336 /system/lib/libinput.so
06-09 00:12:54.037 3808 3808 W art : b6be3000-b6be7000 r--p 00019000 b3:06 1336 /system/lib/libinput.so
06-09 00:12:54.037 3808 3808 W art : b6be7000-b6be8000 rw-p 0001d000 b3:06 1336 /system/lib/libinput.so
06-09 00:12:54.037 3808 3808 W art : b6be8000-b6c34000 r-xp 00000000 b3:06 1323 /system/lib/libgui.so
06-09 00:12:54.037 3808 3808 W art : b6c34000-b6c35000 ---p 00000000 00:00 0
06-09 00:12:54.037 3808 3808 W art : b6c35000-b6c41000 r--p 0004c000 b3:06 1323 /system/lib/libgui.so
06-09 00:12:54.037 3808 3808 W art : b6c41000-b6c42000 rw-p 00058000 b3:06 1323 /system/lib/libgui.so
06-09 00:12:54.037 3808 3808 W art : b6c42000-b6c4f000 r-xp 00000000 b3:06 1550 /system/lib/libui.so
06-09 00:12:54.037 3808 3808 W art : b6c4f000-b6c50000 ---p 00000000 00:00 0
06-09 00:12:54.037 3808 3808 W art : b6c50000-b6c51000 r--p 0000d000 b3:06 1550 /system/lib/libui.so
06-09 00:12:54.037 3808 3808 W art : b6c51000-b6c52000 rw-p 0000e000 b3:06 1550 /system/lib/libui.so
06-09 00:12:54.037 3808 3808 W art : b6c52000-b6c59000 r-xp 00000000 b3:06 1431 /system/lib/libnetutils.so
06-09 00:12:54.037 3808 3808 W art : b6c59000-b6c5a000 r--p 00006000 b3:06 1431 /system/lib/libnetutils.so
06-09 00:12:54.037 3808 3808 W art : b6c5a000-b6c5b000 rw-p 00007000 b3:06 1431 /system/lib/libnetutils.so
06-09 00:12:54.037 3808 3808 W art : b6c5b000-b6c62000 r-xp 00000000 b3:06 1377 /system/lib/libnativehelper.so
06-09 00:12:54.037 3808 3808 W art : b6c62000-b6c63000 r--p 00006000 b3:06 1377 /system/lib/libnativehelper.so
06-09 00:12:54.037 3808 3808 W art : b6c63000-b6c64000 rw-p 00007000 b3:06 1377 /system/lib/libnativehelper.so
06-09 00:12:54.037 3808 3808 W art : b6c64000-b6c78000 r-xp 00000000 b3:06 1285 /system/lib/libexpat.so
06-09 00:12:54.037 3808 3808 W art : b6c78000-b6c7a000 r--p 00013000 b3:06 1285 /system/lib/libexpat.so
06-09 00:12:54.037 3808 3808 W art : b6c7a000-b6c7b000 rw-p 00015000 b3:06 1285 /system/lib/libexpat.so
06-09 00:12:54.037 3808 3808 W art : b6c7b000-b6ca2000 r-xp 00000000 b3:06 1214 /system/lib/libandroidfw.so
06-09 00:12:54.037 3808 3808 W art : b6ca2000-b6ca3000 ---p 00000000 00:00 0
06-09 00:12:54.037 3808 3808 W art : b6ca3000-b6ca4000 r--p 00027000 b3:06 1214 /system/lib/libandroidfw.so
06-09 00:12:54.045 1110 1340 I customAudioLoopback: writeRadioTrack(): Info: trackPtr: 0xB5A9A008, buffer Ptr: 0xB4E7F880
06-09 00:12:54.045 1110 1340 I customAudioLoopback: writeRadioTrack(): Info: track->trackEnabled: 1, track->audioTrack: 0xB5A9D000, track->trackRunning: 1, track->recovering: 0
06-09 00:12:54.045 1110 1340 I customAudioLoopback: writeRadioTrack(): Info: trackPtr: 0xB5A9A01C, buffer Ptr: 0xB4E7F880
06-09 00:12:54.045 1110 1340 I customAudioLoopback: writeRadioTrack(): Info: track->trackEnabled: 1, track->audioTrack: 0xB5A9D280, track->trackRunning: 0, track->recovering: 0
06-09 00:12:54.067 1110 1340 I customAudioLoopback: writeRadioTrack(): Info: trackPtr: 0xB5A9A008, buffer Ptr: 0xB4E7F880
06-09 00:12:54.067 1110 1340 I customAudioLoopback: writeRadioTrack(): Info: track->trackEnabled: 1, track->audioTrack: 0xB5A9D000, track->trackRunning: 1, track->recovering: 0
06-09 00:12:54.067 1110 1340 I customAudioLoopback: writeRadioTrack(): Info: trackPtr: 0xB5A9A01C, buffer Ptr: 0xB4E7F880
06-09 00:12:54.067 1110 1340 I customAudioLoopback: writeRadioTrack(): Info: track->trackEnabled: 1, track->audioTrack: 0xB5A9D280, track->trackRunning: 0, track->recovering: 0
06-09 00:12:54.079 725 725 D OnStar.OnStarRemoteReflashManager: subscribeRR
06-09 00:12:54.080 725 725 E OnStar.OnStarRemoteReflashService: subscribeRR->Failed to subscribe for RR->Reason :
06-09 00:12:54.080 725 725 E OnStar.OnStarRemoteReflashService: com.gm.server.onstar.connector.OnStarConnectionException: FSA RemoteReflash client is not ready [UNINITIALIZED]
06-09 00:12:54.080 725 725 E OnStar.OnStarRemoteReflashService: at com.gm.server.onstar.connector.FsaTcpConnector.getRemoteReflashClient(FsaTcpConnector.java:2642)
06-09 00:12:54.080 725 725 E OnStar.OnStarRemoteReflashService: at com.gm.server.onstar.connector.FsaTcpConnector.subscribeRR(FsaTcpConnector.java:1635)
06-09 00:12:54.080 725 725 E OnStar.OnStarRemoteReflashService: at com.gm.server.onstar.OnStarRemoteReflashService.subscribeRR(OnStarRemoteReflashService.java:341)
06-09 00:12:54.080 725 725 E OnStar.OnStarRemoteReflashService: at gm.onstar.OnStarRemoteReflashManager.subscribeRR(OnStarRemoteReflashManager.java:386)
06-09 00:12:54.080 725 725 E OnStar.OnStarRemoteReflashService: at com.gm.server.update.packagedepot.TCPMRemoteReflashHandler.initializeRemoteReflash(TCPMRemoteReflashHandler.java:1062)
06-09 00:12:54.080 725 725 E OnStar.OnStarRemoteReflashService: at com.gm.server.update.packagedepot.TCPMRemoteReflashHandler.-wrap31(TCPMRemoteReflashHandler.java)
06-09 00:12:54.080 725 725 E OnStar.OnStarRemoteReflashService: at com.gm.server.update.packagedepot.TCPMRemoteReflashHandler$6.run(TCPMRemoteReflashHandler.java:877)
06-09 00:12:54.080 725 725 E OnStar.OnStarRemoteReflashService: at android.os.Handler.handleCallback(Handler.java:739)
06-09 00:12:54.080 725 725 E OnStar.OnStarRemoteReflashService: at android.os.Handler.dispatchMessage(Handler.java:95)
06-09 00:12:54.080 725 725 E OnStar.OnStarRemoteReflashService: at android.os.Looper.loop(Looper.java:148)
06-09 00:12:54.080 725 725 E OnStar.OnStarRemoteReflashService: at android.app.ActivityThread.main(ActivityThread.java:5417)
06-09 00:12:54.080 725 725 E OnStar.OnStarRemoteReflashService: at java.lang.reflect.Method.invoke(Native Method)
06-09 00:12:54.080 725 725 E OnStar.OnStarRemoteReflashService: at com.android.internal.os.ZygoteInit$MethodAndArgsCaller.run(ZygoteInit.java:759)
06-09 00:12:54.080 725 725 E OnStar.OnStarRemoteReflashService: at com.android.internal.os.ZygoteInit.main(ZygoteInit.java:649)
06-09 00:12:54.080 3808 3808 D ICU : No timezone override file found: /data/misc/zoneinfo/current/icu/icu_tzdata.dat
06-09 00:12:54.080 725 725 E OnStar.OnStarRemoteReflashManager: subscribeRR->Failed to subscibe to RR->gm.onstar.exception.OnStarException: subscribeRR->FSA functions client is not ready
06-09 00:12:54.081 725 725 I UpdateService-TCPMRemoteReflashHandler: initializeRemoteReflash() ... initialized? false
06-09 00:12:54.087 1110 1340 I customAudioLoopback: writeRadioTrack(): Info: trackPtr: 0xB5A9A008, buffer Ptr: 0xB4E7F880
06-09 00:12:54.087 1110 1340 I customAudioLoopback: writeRadioTrack(): Info: track->trackEnabled: 1, track->audioTrack: 0xB5A9D000, track->trackRunning: 1, track->recovering: 0
06-09 00:12:54.087 1110 1340 I customAudioLoopback: writeRadioTrack(): Info: trackPtr: 0xB5A9A01C, buffer Ptr: 0xB4E7F880
06-09 00:12:54.087 1110 1340 I customAudioLoopback: writeRadioTrack(): Info: track->trackEnabled: 1, track->audioTrack: 0xB5A9D280, track->trackRunning: 0, track->recovering: 0
06-09 00:12:54.109 1110 1340 I customAudioLoopback: writeRadioTrack(): Info: trackPtr: 0xB5A9A008, buffer Ptr: 0xB4E7F880
06-09 00:12:54.109 1110 1340 I customAudioLoopback: writeRadioTrack(): Info: track->trackEnabled: 1, track->audioTrack: 0xB5A9D000, track->trackRunning: 1, track->recovering: 0
06-09 00:12:54.109 1110 1340 I customAudioLoopback: writeRadioTrack(): Info: trackPtr: 0xB5A9A01C, buffer Ptr: 0xB4E7F880
06-09 00:12:54.109 1110 1340 I customAudioLoopback: writeRadioTrack(): Info: track->trackEnabled: 1, track->audioTrack: 0xB5A9D280, track->trackRunning: 0, track->recovering: 0
06-09 00:12:54.130 1110 1340 I customAudioLoopback: writeRadioTrack(): Info: trackPtr: 0xB5A9A008, buffer Ptr: 0xB4E7F880
06-09 00:12:54.130 1110 1340 I customAudioLoopback: writeRadioTrack(): Info: track->trackEnabled: 1, track->audioTrack: 0xB5A9D000, track->trackRunning: 1, track->recovering: 0
06-09 00:12:54.130 1110 1340 I customAudioLoopback: writeRadioTrack(): Info: trackPtr: 0xB5A9A01C, buffer Ptr: 0xB4E7F880
06-09 00:12:54.130 1110 1340 I customAudioLoopback: writeRadioTrack(): Info: track->trackEnabled: 1, track->audioTrack: 0xB5A9D280, track->trackRunning: 0, track->recovering: 0
06-09 00:12:54.138 3808 3808 I Radio-JNI: register_android_hardware_Radio DONE
06-09 00:12:54.152 1110 1340 I customAudioLoopback: writeRadioTrack(): Info: trackPtr: 0xB5A9A008, buffer Ptr: 0xB4E7F880
06-09 00:12:54.152 1110 1340 I customAudioLoopback: writeRadioTrack(): Info: track->trackEnabled: 1, track->audioTrack: 0xB5A9D000, track->trackRunning: 1, track->recovering: 0
06-09 00:12:54.152 1110 1340 I customAudioLoopback: writeRadioTrack(): Info: trackPtr: 0xB5A9A01C, buffer Ptr: 0xB4E7F880
06-09 00:12:54.152 1110 1340 I customAudioLoopback: writeRadioTrack(): Info: track->trackEnabled: 1, track->audioTrack: 0xB5A9D280, track->trackRunning: 0, track->recovering: 0
06-09 00:12:54.165 3808 3808 D AndroidRuntime: Calling main entry com.android.commands.pm.Pm
06-09 00:12:54.170 405 479 I ActivityManager: Force stopping android.tests.devicesetup appid=10056 user=-1: uninstall pkg
06-09 00:12:54.171 405 479 D DrivingModeHelper: Returning enabled for Home activity
06-09 00:12:54.173 1110 1340 I customAudioLoopback: writeRadioTrack(): Info: trackPtr: 0xB5A9A008, buffer Ptr: 0xB4E7F880
06-09 00:12:54.173 1110 1340 I customAudioLoopback: writeRadioTrack(): Info: track->trackEnabled: 1, track->audioTrack: 0xB5A9D000, track->trackRunning: 1, track->recovering: 0
06-09 00:12:54.173 1110 1340 I customAudioLoopback: writeRadioTrack(): Info: trackPtr: 0xB5A9A01C, buffer Ptr: 0xB4E7F880
06-09 00:12:54.173 1110 1340 I customAudioLoopback: writeRadioTrack(): Info: track->trackEnabled: 1, track->audioTrack: 0xB5A9D280, track->trackRunning: 0, track->recovering: 0
06-09 00:12:54.194 1110 1340 I customAudioLoopback: writeRadioTrack(): Info: trackPtr: 0xB5A9A008, buffer Ptr: 0xB4E7F880
06-09 00:12:54.194 1110 1340 I customAudioLoopback: writeRadioTrack(): Info: track->trackEnabled: 1, track->audioTrack: 0xB5A9D000, track->trackRunning: 1, track->recovering: 0
