06-09 00:12:38.363 1110 1340 I customAudioLoopback: writeRadioTrack(): Info: trackPtr: 0xB5A9A008, buffer Ptr: 0xB4E7F880
06-09 00:12:38.363 1110 1340 I customAudioLoopback: writeRadioTrack(): Info: track->trackEnabled: 1, track->audioTrack: 0xB5A9D000, track->trackRunning: 1, track->recovering: 0
06-09 00:12:38.363 1110 1340 I customAudioLoopback: writeRadioTrack(): Info: trackPtr: 0xB5A9A01C, buffer Ptr: 0xB4E7F880
06-09 00:12:38.363 1110 1340 I customAudioLoopback: writeRadioTrack(): Info: track->trackEnabled: 1, track->audioTrack: 0xB5A9D280, track->trackRunning: 0, track->recovering: 0
06-09 00:12:38.365 3551 3551 W System : ClassLoader referenced unknown path: /data/app/com.android.cts.preconditions-1/lib/arm
06-09 00:12:38.365 3551 3551 W System : ClassLoader referenced unknown path: /data/app/com.android.cts.preconditions-1/lib/arm
06-09 00:12:38.374 3551 3551 I MonitoringInstrumentation: Instrumentation Started!
06-09 00:12:38.375 3551 3551 I MonitoringInstrumentation: Setting context classloader to 'dalvik.system.PathClassLoader[DexPathList[[zip file "/system/framework/android.test.runner.jar", zip file "/data/app/com.android.cts.preconditions-1/base.apk", zip file "/data/app/com.android.cts.preconditions-1/base.apk"],nativeLibraryDirectories=[/data/app/com.android.cts.preconditions-1/lib/arm, /data/app/com.android.cts.preconditions-1/lib/arm, /vendor/lib, /system/lib]]]', Original: 'dalvik.system.PathClassLoader[DexPathList[[zip file "/system/framework/android.test.runner.jar", zip file "/data/app/com.android.cts.preconditions-1/base.apk", zip file "/data/app/com.android.cts.preconditions-1/base.apk"],nativeLibraryDirectories=[/data/app/com.android.cts.preconditions-1/lib/arm, /data/app/com.android.cts.preconditions-1/lib/arm, /vendor/lib, /system/lib]]]'
06-09 00:12:38.380 3551 3551 I MonitoringInstrumentation: No JSBridge.
06-09 00:12:38.380 3551 3551 I MonitoringInstrumentation: java.lang.ClassNotFoundException: android.support.test.espresso.web.bridge.JavaScriptBridge
06-09 00:12:38.380 3551 3551 I MonitoringInstrumentation: at java.lang.Class.classForName(Native Method)
06-09 00:12:38.380 3551 3551 I MonitoringInstrumentation: at java.lang.Class.forName(Class.java:324)
06-09 00:12:38.380 3551 3551 I MonitoringInstrumentation: at java.lang.Class.forName(Class.java:285)
06-09 00:12:38.380 3551 3551 I MonitoringInstrumentation: at android.support.test.runner.MonitoringInstrumentation.tryLoadingJsBridge(MonitoringInstrumentation.java:584)
06-09 00:12:38.380 3551 3551 I MonitoringInstrumentation: at android.support.test.runner.MonitoringInstrumentation.access$100(MonitoringInstrumentation.java:87)
06-09 00:12:38.380 3551 3551 I MonitoringInstrumentation: at android.support.test.runner.MonitoringInstrumentation$3.run(MonitoringInstrumentation.java:195)
06-09 00:12:38.380 3551 3551 I MonitoringInstrumentation: at android.app.Instrumentation$SyncRunnable.run(Instrumentation.java:1897)
06-09 00:12:38.380 3551 3551 I MonitoringInstrumentation: at android.os.Handler.handleCallback(Handler.java:739)
06-09 00:12:38.380 3551 3551 I MonitoringInstrumentation: at android.os.Handler.dispatchMessage(Handler.java:95)
06-09 00:12:38.380 3551 3551 I MonitoringInstrumentation: at android.os.Looper.loop(Looper.java:148)
06-09 00:12:38.380 3551 3551 I MonitoringInstrumentation: at android.app.ActivityThread.main(ActivityThread.java:5417)
06-09 00:12:38.380 3551 3551 I MonitoringInstrumentation: at java.lang.reflect.Method.invoke(Native Method)
06-09 00:12:38.380 3551 3551 I MonitoringInstrumentation: at com.android.internal.os.ZygoteInit$MethodAndArgsCaller.run(ZygoteInit.java:759)
06-09 00:12:38.380 3551 3551 I MonitoringInstrumentation: at com.android.internal.os.ZygoteInit.main(ZygoteInit.java:649)
06-09 00:12:38.380 3551 3551 I MonitoringInstrumentation: Caused by: java.lang.ClassNotFoundException: Didn't find class "android.support.test.espresso.web.bridge.JavaScriptBridge" on path: DexPathList[[zip file "/system/framework/android.test.runner.jar", zip file "/data/app/com.android.cts.preconditions-1/base.apk", zip file "/data/app/com.android.cts.preconditions-1/base.apk"],nativeLibraryDirectories=[/data/app/com.android.cts.preconditions-1/lib/arm, /data/app/com.android.cts.preconditions-1/lib/arm, /vendor/lib, /system/lib]]
06-09 00:12:38.380 3551 3551 I MonitoringInstrumentation: at dalvik.system.BaseDexClassLoader.findClass(BaseDexClassLoader.java:56)
06-09 00:12:38.380 3551 3551 I MonitoringInstrumentation: at java.lang.ClassLoader.loadClass(ClassLoader.java:511)
06-09 00:12:38.380 3551 3551 I MonitoringInstrumentation: at java.lang.ClassLoader.loadClass(ClassLoader.java:469)
06-09 00:12:38.380 3551 3551 I MonitoringInstrumentation: ... 14 more
06-09 00:12:38.380 3551 3551 I MonitoringInstrumentation: Suppressed: java.lang.ClassNotFoundException: android.support.test.espresso.web.bridge.JavaScriptBridge
06-09 00:12:38.380 3551 3551 I MonitoringInstrumentation: at java.lang.Class.classForName(Native Method)
06-09 00:12:38.380 3551 3551 I MonitoringInstrumentation: at java.lang.BootClassLoader.findClass(ClassLoader.java:781)
06-09 00:12:38.380 3551 3551 I MonitoringInstrumentation: at java.lang.BootClassLoader.loadClass(ClassLoader.java:841)
06-09 00:12:38.380 3551 3551 I MonitoringInstrumentation: at java.lang.ClassLoader.loadClass(ClassLoader.java:504)
06-09 00:12:38.380 3551 3551 I MonitoringInstrumentation: ... 15 more
06-09 00:12:38.380 3551 3551 I MonitoringInstrumentation: Caused by: java.lang.NoClassDefFoundError: Class not found using the boot class loader; no stack trace available
06-09 00:12:38.383 1110 1340 I customAudioLoopback: writeRadioTrack(): Info: trackPtr: 0xB5A9A008, buffer Ptr: 0xB4E7F880
06-09 00:12:38.383 1110 1340 I customAudioLoopback: writeRadioTrack(): Info: track->trackEnabled: 1, track->audioTrack: 0xB5A9D000, track->trackRunning: 1, track->recovering: 0
06-09 00:12:38.383 1110 1340 I customAudioLoopback: writeRadioTrack(): Info: trackPtr: 0xB5A9A01C, buffer Ptr: 0xB4E7F880
06-09 00:12:38.383 1110 1340 I customAudioLoopback: writeRadioTrack(): Info: track->trackEnabled: 1, track->audioTrack: 0xB5A9D280, track->trackRunning: 0, track->recovering: 0
06-09 00:12:38.384 144 161 E ProtoKey: Protokey request failed
06-09 00:12:38.387 3551 3565 D InfraTrack: Tracking disabled due to lack of internet permissions
06-09 00:12:38.387 3551 3565 I TestRequestBuilder: Scanning classpath to find tests in apks [/data/app/com.android.cts.preconditions-1/base.apk]
06-09 00:12:38.405 1110 1340 I customAudioLoopback: writeRadioTrack(): Info: trackPtr: 0xB5A9A008, buffer Ptr: 0xB4E7F880
06-09 00:12:38.405 1110 1340 I customAudioLoopback: writeRadioTrack(): Info: track->trackEnabled: 1, track->audioTrack: 0xB5A9D000, track->trackRunning: 1, track->recovering: 0
06-09 00:12:38.405 1110 1340 I customAudioLoopback: writeRadioTrack(): Info: trackPtr: 0xB5A9A01C, buffer Ptr: 0xB4E7F880
06-09 00:12:38.405 1110 1340 I customAudioLoopback: writeRadioTrack(): Info: track->trackEnabled: 1, track->audioTrack: 0xB5A9D280, track->trackRunning: 0, track->recovering: 0
06-09 00:12:38.426 1110 1340 I customAudioLoopback: writeRadioTrack(): Info: trackPtr: 0xB5A9A008, buffer Ptr: 0xB4E7F880
06-09 00:12:38.426 1110 1340 I customAudioLoopback: writeRadioTrack(): Info: track->trackEnabled: 1, track->audioTrack: 0xB5A9D000, track->trackRunning: 1, track->recovering: 0
06-09 00:12:38.426 1110 1340 I customAudioLoopback: writeRadioTrack(): Info: trackPtr: 0xB5A9A01C, buffer Ptr: 0xB4E7F880
06-09 00:12:38.426 1110 1340 I customAudioLoopback: writeRadioTrack(): Info: track->trackEnabled: 1, track->audioTrack: 0xB5A9D280, track->trackRunning: 0, track->recovering: 0
06-09 00:12:38.432 3551 3565 D TestExecutor: Adding listener android.support.test.internal.runner.listener.LogRunListener
06-09 00:12:38.432 3551 3565 D TestExecutor: Adding listener android.support.test.internal.runner.listener.InstrumentationResultPrinter
06-09 00:12:38.432 3551 3565 D TestExecutor: Adding listener android.support.test.internal.runner.listener.ActivityFinisherRunListener
06-09 00:12:38.436 3551 3565 I TestRunner: run started: 3 tests
06-09 00:12:38.437 1857 1857 I BT_BUFFER: getBuf allocating 8 bytes
06-09 00:12:38.446 3551 3566 I TestRunner: started: testExternalStoragePresent(com.android.cts.preconditions.PreconditionsTest)
06-09 00:12:38.448 1110 1340 I customAudioLoopback: writeRadioTrack(): Info: trackPtr: 0xB5A9A008, buffer Ptr: 0xB4E7F880
06-09 00:12:38.448 1110 1340 I customAudioLoopback: writeRadioTrack(): Info: track->trackEnabled: 1, track->audioTrack: 0xB5A9D000, track->trackRunning: 1, track->recovering: 0
06-09 00:12:38.448 1110 1340 I customAudioLoopback: writeRadioTrack(): Info: trackPtr: 0xB5A9A01C, buffer Ptr: 0xB4E7F880
06-09 00:12:38.448 1110 1340 I customAudioLoopback: writeRadioTrack(): Info: track->trackEnabled: 1, track->audioTrack: 0xB5A9D280, track->trackRunning: 0, track->recovering: 0
06-09 00:12:38.449 3551 3551 I MonitoringInstrumentation: Activities that are still in CREATED to STOPPED: 0
06-09 00:12:38.453 3551 3566 I TestRunner: finished: testExternalStoragePresent(com.android.cts.preconditions.PreconditionsTest)
06-09 00:12:38.455 3551 3551 I MonitoringInstrumentation: Activities that are still in CREATED to STOPPED: 0
06-09 00:12:38.456 3551 3567 I TestRunner: started: testScreenUnlocked(com.android.cts.preconditions.PreconditionsTest)
06-09 00:12:38.458 3551 3551 I MonitoringInstrumentation: Activities that are still in CREATED to STOPPED: 0
06-09 00:12:38.461 3551 3567 I TestRunner: finished: testScreenUnlocked(com.android.cts.preconditions.PreconditionsTest)
06-09 00:12:38.462 3551 3551 I MonitoringInstrumentation: Activities that are still in CREATED to STOPPED: 0
06-09 00:12:38.463 3551 3568 I TestRunner: started: testAndroidTestCaseSetupProperly(com.android.cts.preconditions.PreconditionsTest)
06-09 00:12:38.464 3551 3551 I MonitoringInstrumentation: Activities that are still in CREATED to STOPPED: 0
06-09 00:12:38.464 3551 3568 I TestRunner: finished: testAndroidTestCaseSetupProperly(com.android.cts.preconditions.PreconditionsTest)
06-09 00:12:38.465 3551 3551 I MonitoringInstrumentation: Activities that are still in CREATED to STOPPED: 0
06-09 00:12:38.465 3551 3565 I TestRunner: run finished: 3 tests, 0 failed, 0 ignored
06-09 00:12:38.467 3551 3565 I MonitoringInstrumentation: waitForActivitiesToComplete() took: 0ms
06-09 00:12:38.467 3551 3551 I MonitoringInstrumentation: Activities that are still in CREATED to STOPPED: 0
06-09 00:12:38.468 3542 3542 D AndroidRuntime: Shutting down VM
06-09 00:12:38.468 405 1914 I ActivityManager: Force stopping com.android.cts.preconditions appid=10055 user=0: finished inst
06-09 00:12:38.468 405 1914 I ActivityManager: Killing 3551:com.android.cts.preconditions/u0a55 (adj 0): stop com.android.cts.preconditions
06-09 00:12:38.468 405 1914 W libprocessgroup: failed to open /acct/uid_10055/pid_3551/cgroup.procs: No such file or directory
06-09 00:12:38.469 1110 1340 I customAudioLoopback: writeRadioTrack(): Info: trackPtr: 0xB5A9A008, buffer Ptr: 0xB4E7F880
06-09 00:12:38.469 1110 1340 I customAudioLoopback: writeRadioTrack(): Info: track->trackEnabled: 1, track->audioTrack: 0xB5A9D000, track->trackRunning: 1, track->recovering: 0
06-09 00:12:38.469 1110 1340 I customAudioLoopback: writeRadioTrack(): Info: trackPtr: 0xB5A9A01C, buffer Ptr: 0xB4E7F880
06-09 00:12:38.469 1110 1340 I customAudioLoopback: writeRadioTrack(): Info: track->trackEnabled: 1, track->audioTrack: 0xB5A9D280, track->trackRunning: 0, track->recovering: 0
06-09 00:12:38.470 405 1914 D DrivingModeHelper: Returning enabled for Home activity
06-09 00:12:38.491 1110 1340 I customAudioLoopback: writeRadioTrack(): Info: trackPtr: 0xB5A9A008, buffer Ptr: 0xB4E7F880
06-09 00:12:38.491 1110 1340 I customAudioLoopback: writeRadioTrack(): Info: track->trackEnabled: 1, track->audioTrack: 0xB5A9D000, track->trackRunning: 1, track->recovering: 0
06-09 00:12:38.491 1110 1340 I customAudioLoopback: writeRadioTrack(): Info: trackPtr: 0xB5A9A01C, buffer Ptr: 0xB4E7F880
06-09 00:12:38.491 1110 1340 I customAudioLoopback: writeRadioTrack(): Info: track->trackEnabled: 1, track->audioTrack: 0xB5A9D280, track->trackRunning: 0, track->recovering: 0
06-09 00:12:38.512 1110 1340 I customAudioLoopback: writeRadioTrack(): Info: trackPtr: 0xB5A9A008, buffer Ptr: 0xB4E7F880
06-09 00:12:38.512 1110 1340 I customAudioLoopback: writeRadioTrack(): Info: track->trackEnabled: 1, track->audioTrack: 0xB5A9D000, track->trackRunning: 1, track->recovering: 0
06-09 00:12:38.512 1110 1340 I customAudioLoopback: writeRadioTrack(): Info: trackPtr: 0xB5A9A01C, buffer Ptr: 0xB4E7F880
06-09 00:12:38.512 1110 1340 I customAudioLoopback: writeRadioTrack(): Info: track->trackEnabled: 1, track->audioTrack: 0xB5A9D280, track->trackRunning: 0, track->recovering: 0
06-09 00:12:38.512 725 725 D OnStar.OnStarRemoteReflashManager: subscribeRR
06-09 00:12:38.513 725 725 E OnStar.OnStarRemoteReflashService: subscribeRR->Failed to subscribe for RR->Reason :
06-09 00:12:38.513 725 725 E OnStar.OnStarRemoteReflashService: com.gm.server.onstar.connector.OnStarConnectionException: FSA RemoteReflash client is not ready [UNINITIALIZED]
06-09 00:12:38.513 725 725 E OnStar.OnStarRemoteReflashService: at com.gm.server.onstar.connector.FsaTcpConnector.getRemoteReflashClient(FsaTcpConnector.java:2642)
06-09 00:12:38.513 725 725 E OnStar.OnStarRemoteReflashService: at com.gm.server.onstar.connector.FsaTcpConnector.subscribeRR(FsaTcpConnector.java:1635)
06-09 00:12:38.513 725 725 E OnStar.OnStarRemoteReflashService: at com.gm.server.onstar.OnStarRemoteReflashService.subscribeRR(OnStarRemoteReflashService.java:341)
06-09 00:12:38.513 725 725 E OnStar.OnStarRemoteReflashService: at gm.onstar.OnStarRemoteReflashManager.subscribeRR(OnStarRemoteReflashManager.java:386)
06-09 00:12:38.513 725 725 E OnStar.OnStarRemoteReflashService: at com.gm.server.update.packagedepot.TCPMRemoteReflashHandler.initializeRemoteReflash(TCPMRemoteReflashHandler.java:1062)
06-09 00:12:38.513 725 725 E OnStar.OnStarRemoteReflashService: at com.gm.server.update.packagedepot.TCPMRemoteReflashHandler.-wrap31(TCPMRemoteReflashHandler.java)
06-09 00:12:38.513 725 725 E OnStar.OnStarRemoteReflashService: at com.gm.server.update.packagedepot.TCPMRemoteReflashHandler$6.run(TCPMRemoteReflashHandler.java:877)
06-09 00:12:38.513 725 725 E OnStar.OnStarRemoteReflashService: at android.os.Handler.handleCallback(Handler.java:739)
06-09 00:12:38.513 725 725 E OnStar.OnStarRemoteReflashService: at android.os.Handler.dispatchMessage(Handler.java:95)
06-09 00:12:38.513 725 725 E OnStar.OnStarRemoteReflashService: at android.os.Looper.loop(Looper.java:148)
06-09 00:12:38.513 725 725 E OnStar.OnStarRemoteReflashService: at android.app.ActivityThread.main(ActivityThread.java:5417)
06-09 00:12:38.513 725 725 E OnStar.OnStarRemoteReflashService: at java.lang.reflect.Method.invoke(Native Method)
06-09 00:12:38.513 725 725 E OnStar.OnStarRemoteReflashService: at com.android.internal.os.ZygoteInit$MethodAndArgsCaller.run(ZygoteInit.java:759)
06-09 00:12:38.513 725 725 E OnStar.OnStarRemoteReflashService: at com.android.internal.os.ZygoteInit.main(ZygoteInit.java:649)
06-09 00:12:38.513 725 725 E OnStar.OnStarRemoteReflashManager: subscribeRR->Failed to subscibe to RR->gm.onstar.exception.OnStarException: subscribeRR->FSA functions client is not ready
06-09 00:12:38.513 725 725 I UpdateService-TCPMRemoteReflashHandler: initializeRemoteReflash() ... initialized? false
06-09 00:12:38.533 1110 1340 I customAudioLoopback: writeRadioTrack(): Info: trackPtr: 0xB5A9A008, buffer Ptr: 0xB4E7F880
06-09 00:12:38.533 1110 1340 I customAudioLoopback: writeRadioTrack(): Info: track->trackEnabled: 1, track->audioTrack: 0xB5A9D000, track->trackRunning: 1, track->recovering: 0
06-09 00:12:38.533 1110 1340 I customAudioLoopback: writeRadioTrack(): Info: trackPtr: 0xB5A9A01C, buffer Ptr: 0xB4E7F880
06-09 00:12:38.533 1110 1340 I customAudioLoopback: writeRadioTrack(): Info: track->trackEnabled: 1, track->audioTrack: 0xB5A9D280, track->trackRunning: 0, track->recovering: 0
06-09 00:12:38.554 1110 1340 I customAudioLoopback: writeRadioTrack(): Info: trackPtr: 0xB5A9A008, buffer Ptr: 0xB4E7F880
06-09 00:12:38.554 1110 1340 I customAudioLoopback: writeRadioTrack(): Info: track->trackEnabled: 1, track->audioTrack: 0xB5A9D000, track->trackRunning: 1, track->recovering: 0
06-09 00:12:38.554 1110 1340 I customAudioLoopback: writeRadioTrack(): Info: trackPtr: 0xB5A9A01C, buffer Ptr: 0xB4E7F880
06-09 00:12:38.554 1110 1340 I customAudioLoopback: writeRadioTrack(): Info: track->trackEnabled: 1, track->audioTrack: 0xB5A9D280, track->trackRunning: 0, track->recovering: 0
06-09 00:12:38.576 1110 1340 I customAudioLoopback: writeRadioTrack(): Info: trackPtr: 0xB5A9A008, buffer Ptr: 0xB4E7F880
06-09 00:12:38.576 1110 1340 I customAudioLoopback: writeRadioTrack(): Info: track->trackEnabled: 1, track->audioTrack: 0xB5A9D000, track->trackRunning: 1, track->recovering: 0
06-09 00:12:38.576 1110 1340 I customAudioLoopback: writeRadioTrack(): Info: trackPtr: 0xB5A9A01C, buffer Ptr: 0xB4E7F880
06-09 00:12:38.576 1110 1340 I customAudioLoopback: writeRadioTrack(): Info: track->trackEnabled: 1, track->audioTrack: 0xB5A9D280, track->trackRunning: 0, track->recovering: 0
06-09 00:12:38.597 1110 1340 I customAudioLoopback: writeRadioTrack(): Info: trackPtr: 0xB5A9A008, buffer Ptr: 0xB4E7F880
06-09 00:12:38.597 1110 1340 I customAudioLoopback: writeRadioTrack(): Info: track->trackEnabled: 1, track->audioTrack: 0xB5A9D000, track->trackRunning: 1, track->recovering: 0
06-09 00:12:38.597 1110 1340 I customAudioLoopback: writeRadioTrack(): Info: trackPtr: 0xB5A9A01C, buffer Ptr: 0xB4E7F880
06-09 00:12:38.597 1110 1340 I customAudioLoopback: writeRadioTrack(): Info: track->trackEnabled: 1, track->audioTrack: 0xB5A9D280, track->trackRunning: 0, track->recovering: 0
06-09 00:12:38.619 1110 1340 I customAudioLoopback: writeRadioTrack(): Info: trackPtr: 0xB5A9A008, buffer Ptr: 0xB4E7F880
06-09 00:12:38.619 1110 1340 I customAudioLoopback: writeRadioTrack(): Info: track->trackEnabled: 1, track->audioTrack: 0xB5A9D000, track->trackRunning: 1, track->recovering: 0
06-09 00:12:38.619 1110 1340 I customAudioLoopback: writeRadioTrack(): Info: trackPtr: 0xB5A9A01C, buffer Ptr: 0xB4E7F880
06-09 00:12:38.619 1110 1340 I customAudioLoopback: writeRadioTrack(): Info: track->trackEnabled: 1, track->audioTrack: 0xB5A9D280, track->trackRunning: 0, track->recovering: 0
06-09 00:12:38.639 1110 1340 I customAudioLoopback: writeRadioTrack(): Info: trackPtr: 0xB5A9A008, buffer Ptr: 0xB4E7F880
06-09 00:12:38.639 1110 1340 I customAudioLoopback: writeRadioTrack(): Info: track->trackEnabled: 1, track->audioTrack: 0xB5A9D000, track->trackRunning: 1, track->recovering: 0
06-09 00:12:38.639 1110 1340 I customAudioLoopback: writeRadioTrack(): Info: trackPtr: 0xB5A9A01C, buffer Ptr: 0xB4E7F880
06-09 00:12:38.639 1110 1340 I customAudioLoopback: writeRadioTrack(): Info: track->trackEnabled: 1, track->audioTrack: 0xB5A9D280, track->trackRunning: 0, track->recovering: 0
06-09 00:12:38.661 1110 1340 I customAudioLoopback: writeRadioTrack(): Info: trackPtr: 0xB5A9A008, buffer Ptr: 0xB4E7F880
06-09 00:12:38.661 1110 1340 I customAudioLoopback: writeRadioTrack(): Info: track->trackEnabled: 1, track->audioTrack: 0xB5A9D000, track->trackRunning: 1, track->recovering: 0
06-09 00:12:38.661 1110 1340 I customAudioLoopback: writeRadioTrack(): Info: trackPtr: 0xB5A9A01C, buffer Ptr: 0xB4E7F880
06-09 00:12:38.661 1110 1340 I customAudioLoopback: writeRadioTrack(): Info: track->trackEnabled: 1, track->audioTrack: 0xB5A9D280, track->trackRunning: 0, track->recovering: 0
06-09 00:12:38.682 1110 1340 I customAudioLoopback: writeRadioTrack(): Info: trackPtr: 0xB5A9A008, buffer Ptr: 0xB4E7F880
06-09 00:12:38.682 1110 1340 I customAudioLoopback: writeRadioTrack(): Info: track->trackEnabled: 1, track->audioTrack: 0xB5A9D000, track->trackRunning: 1, track->recovering: 0
06-09 00:12:38.682 1110 1340 I customAudioLoopback: writeRadioTrack(): Info: trackPtr: 0xB5A9A01C, buffer Ptr: 0xB4E7F880
06-09 00:12:38.682 1110 1340 I customAudioLoopback: writeRadioTrack(): Info: track->trackEnabled: 1, track->audioTrack: 0xB5A9D280, track->trackRunning: 0, track->recovering: 0
06-09 00:12:38.698 2557 2557 I GM_ADB : Enable standard adb on eng or user-debug build.
06-09 00:12:38.704 1110 1340 I customAudioLoopback: writeRadioTrack(): Info: trackPtr: 0xB5A9A008, buffer Ptr: 0xB4E7F880
06-09 00:12:38.704 1110 1340 I customAudioLoopback: writeRadioTrack(): Info: track->trackEnabled: 1, track->audioTrack: 0xB5A9D000, track->trackRunning: 1, track->recovering: 0
06-09 00:12:38.704 1110 1340 I customAudioLoopback: writeRadioTrack(): Info: trackPtr: 0xB5A9A01C, buffer Ptr: 0xB4E7F880
06-09 00:12:38.704 1110 1340 I customAudioLoopback: writeRadioTrack(): Info: track->trackEnabled: 1, track->audioTrack: 0xB5A9D280, track->trackRunning: 0, track->recovering: 0
06-09 00:12:38.725 1110 1340 I customAudioLoopback: writeRadioTrack(): Info: trackPtr: 0xB5A9A008, buffer Ptr: 0xB4E7F880
06-09 00:12:38.725 1110 1340 I customAudioLoopback: writeRadioTrack(): Info: track->trackEnabled: 1, track->audioTrack: 0xB5A9D000, track->trackRunning: 1, track->recovering: 0
06-09 00:12:38.725 1110 1340 I customAudioLoopback: writeRadioTrack(): Info: trackPtr: 0xB5A9A01C, buffer Ptr: 0xB4E7F880
06-09 00:12:38.725 1110 1340 I customAudioLoopback: writeRadioTrack(): Info: track->trackEnabled: 1, track->audioTrack: 0xB5A9D280, track->trackRunning: 0, track->recovering: 0
06-09 00:12:38.747 1110 1340 I customAudioLoopback: writeRadioTrack(): Info: trackPtr: 0xB5A9A008, buffer Ptr: 0xB4E7F880
06-09 00:12:38.747 1110 1340 I customAudioLoopback: writeRadioTrack(): Info: track->trackEnabled: 1, track->audioTrack: 0xB5A9D000, track->trackRunning: 1, track->recovering: 0
06-09 00:12:38.747 1110 1340 I customAudioLoopback: writeRadioTrack(): Info: trackPtr: 0xB5A9A01C, buffer Ptr: 0xB4E7F880
06-09 00:12:38.747 1110 1340 I customAudioLoopback: writeRadioTrack(): Info: track->trackEnabled: 1, track->audioTrack: 0xB5A9D280, track->trackRunning: 0, track->recovering: 0
06-09 00:12:38.767 1110 1340 I customAudioLoopback: writeRadioTrack(): Info: trackPtr: 0xB5A9A008, buffer Ptr: 0xB4E7F880
06-09 00:12:38.767 1110 1340 I customAudioLoopback: writeRadioTrack(): Info: track->trackEnabled: 1, track->audioTrack: 0xB5A9D000, track->trackRunning: 1, track->recovering: 0
06-09 00:12:38.767 1110 1340 I customAudioLoopback: writeRadioTrack(): Info: trackPtr: 0xB5A9A01C, buffer Ptr: 0xB4E7F880
06-09 00:12:38.768 1110 1340 I customAudioLoopback: writeRadioTrack(): Info: track->trackEnabled: 1, track->audioTrack: 0xB5A9D280, track->trackRunning: 0, track->recovering: 0
06-09 00:12:38.773 2312 2330 D xxxxxx_gps: process_ndr_data() sensorCnt:22668, sequenceNr:659, lat:0, lon:0, heading:9000
06-09 00:12:38.773 2312 2330 D xxxxxx_gps: process_ndr_data() deltaHeading:-0.000000, speed:0, distance:878784, meter:0, DR timestamp:713243, utcTime:0
06-09 00:12:38.773 2312 2330 D xxxxxx_gps: Time not Availible from Fix!
06-09 00:12:38.773 2312 2330 D xxxxxx_gps: DR Time is 713243 at Utc Time 713243
06-09 00:12:38.787 1042 1092 I DemoModeService: Current Mode: DEMO
06-09 00:12:38.790 1110 1340 I customAudioLoopback: writeRadioTrack(): Info: trackPtr: 0xB5A9A008, buffer Ptr: 0xB4E7F880
06-09 00:12:38.790 1110 1340 I customAudioLoopback: writeRadioTrack(): Info: track->trackEnabled: 1, track->audioTrack: 0xB5A9D000, track->trackRunning: 1, track->recovering: 0
06-09 00:12:38.790 1110 1340 I customAudioLoopback: writeRadioTrack(): Info: trackPtr: 0xB5A9A01C, buffer Ptr: 0xB4E7F880
06-09 00:12:38.790 1110 1340 I customAudioLoopback: writeRadioTrack(): Info: track->trackEnabled: 1, track->audioTrack: 0xB5A9D280, track->trackRunning: 0, track->recovering: 0
06-09 00:12:38.797 2341 2388 I FSANetCommsClient: FSA: caught ioexception during InitializeSocket(): java.net.ConnectException: failed to connect to /192.168.1.106 (port 9010): connect failed: EHOSTUNREACH (No route to host)
06-09 00:12:38.810 1110 1340 I customAudioLoopback: writeRadioTrack(): Info: trackPtr: 0xB5A9A008, buffer Ptr: 0xB4E7F880
06-09 00:12:38.810 1110 1340 I customAudioLoopback: writeRadioTrack(): Info: track->trackEnabled: 1, track->audioTrack: 0xB5A9D000, track->trackRunning: 1, track->recovering: 0
06-09 00:12:38.810 1110 1340 I customAudioLoopback: writeRadioTrack(): Info: trackPtr: 0xB5A9A01C, buffer Ptr: 0xB4E7F880
06-09 00:12:38.810 1110 1340 I customAudioLoopback: writeRadioTrack(): Info: track->trackEnabled: 1, track->audioTrack: 0xB5A9D280, track->trackRunning: 0, track->recovering: 0
06-09 00:12:38.832 1110 1340 I customAudioLoopback: writeRadioTrack(): Info: trackPtr: 0xB5A9A008, buffer Ptr: 0xB4E7F880
06-09 00:12:38.832 1110 1340 I customAudioLoopback: writeRadioTrack(): Info: track->trackEnabled: 1, track->audioTrack: 0xB5A9D000, track->trackRunning: 1, track->recovering: 0
06-09 00:12:38.832 1110 1340 I customAudioLoopback: writeRadioTrack(): Info: trackPtr: 0xB5A9A01C, buffer Ptr: 0xB4E7F880
06-09 00:12:38.832 1110 1340 I customAudioLoopback: writeRadioTrack(): Info: track->trackEnabled: 1, track->audioTrack: 0xB5A9D280, track->trackRunning: 0, track->recovering: 0
06-09 00:12:38.853 1110 1340 I customAudioLoopback: writeRadioTrack(): Info: trackPtr: 0xB5A9A008, buffer Ptr: 0xB4E7F880
06-09 00:12:38.853 1110 1340 I customAudioLoopback: writeRadioTrack(): Info: track->trackEnabled: 1, track->audioTrack: 0xB5A9D000, track->trackRunning: 1, track->recovering: 0
06-09 00:12:38.853 1110 1340 I customAudioLoopback: writeRadioTrack(): Info: trackPtr: 0xB5A9A01C, buffer Ptr: 0xB4E7F880
06-09 00:12:38.853 1110 1340 I customAudioLoopback: writeRadioTrack(): Info: track->trackEnabled: 1, track->audioTrack: 0xB5A9D280, track->trackRunning: 0, track->recovering: 0
06-09 00:12:38.860 143 320 I ICSTYPEB: Panelservice backlightLevel 0x8fc0 0x8fc0 0x8fc0
06-09 00:12:38.875 1110 1340 I customAudioLoopback: writeRadioTrack(): Info: trackPtr: 0xB5A9A008, buffer Ptr: 0xB4E7F880
06-09 00:12:38.875 1110 1340 I customAudioLoopback: writeRadioTrack(): Info: track->trackEnabled: 1, track->audioTrack: 0xB5A9D000, track->trackRunning: 1, track->recovering: 0
06-09 00:12:38.875 1110 1340 I customAudioLoopback: writeRadioTrack(): Info: trackPtr: 0xB5A9A01C, buffer Ptr: 0xB4E7F880
06-09 00:12:38.875 1110 1340 I customAudioLoopback: writeRadioTrack(): Info: track->trackEnabled: 1, track->audioTrack: 0xB5A9D280, track->trackRunning: 0, track->recovering: 0
06-09 00:12:38.888 144 161 E ProtoKey: Protokey request failed
06-09 00:12:38.895 1110 1340 I customAudioLoopback: writeRadioTrack(): Info: trackPtr: 0xB5A9A008, buffer Ptr: 0xB4E7F880
06-09 00:12:38.895 1110 1340 I customAudioLoopback: writeRadioTrack(): Info: track->trackEnabled: 1, track->audioTrack: 0xB5A9D000, track->trackRunning: 1, track->recovering: 0
06-09 00:12:38.896 1110 1340 I customAudioLoopback: writeRadioTrack(): Info: trackPtr: 0xB5A9A01C, buffer Ptr: 0xB4E7F880
06-09 00:12:38.896 1110 1340 I customAudioLoopback: writeRadioTrack(): Info: track->trackEnabled: 1, track->audioTrack: 0xB5A9D280, track->trackRunning: 0, track->recovering: 0
06-09 00:12:38.897 2341 2388 I FSAClient: FSA: could not connect to server 192.168.1.106:9010, retrying
06-09 00:12:38.897 2341 2388 I FSANetCommsClient: FSA: intializing client tcp socket, ip:port is 192.168.1.106:9010
06-09 00:12:38.918 1110 1340 I customAudioLoopback: writeRadioTrack(): Info: trackPtr: 0xB5A9A008, buffer Ptr: 0xB4E7F880
06-09 00:12:38.918 1110 1340 I customAudioLoopback: writeRadioTrack(): Info: track->trackEnabled: 1, track->audioTrack: 0xB5A9D000, track->trackRunning: 1, track->recovering: 0
06-09 00:12:38.918 1110 1340 I customAudioLoopback: writeRadioTrack(): Info: trackPtr: 0xB5A9A01C, buffer Ptr: 0xB4E7F880
06-09 00:12:38.918 1110 1340 I customAudioLoopback: writeRadioTrack(): Info: track->trackEnabled: 1, track->audioTrack: 0xB5A9D280, track->trackRunning: 0, track->recovering: 0
06-09 00:12:38.938 1110 1340 I customAudioLoopback: writeRadioTrack(): Info: trackPtr: 0xB5A9A008, buffer Ptr: 0xB4E7F880
06-09 00:12:38.938 1110 1340 I customAudioLoopback: writeRadioTrack(): Info: track->trackEnabled: 1, track->audioTrack: 0xB5A9D000, track->trackRunning: 1, track->recovering: 0
06-09 00:12:38.938 1110 1340 I customAudioLoopback: writeRadioTrack(): Info: trackPtr: 0xB5A9A01C, buffer Ptr: 0xB4E7F880
06-09 00:12:38.938 1110 1340 I customAudioLoopback: writeRadioTrack(): Info: track->trackEnabled: 1, track->audioTrack: 0xB5A9D280, track->trackRunning: 0, track->recovering: 0
06-09 00:12:38.960 1110 1340 I customAudioLoopback: writeRadioTrack(): Info: trackPtr: 0xB5A9A008, buffer Ptr: 0xB4E7F880
06-09 00:12:38.960 1110 1340 I customAudioLoopback: writeRadioTrack(): Info: track->trackEnabled: 1, track->audioTrack: 0xB5A9D000, track->trackRunning: 1, track->recovering: 0
06-09 00:12:38.960 1110 1340 I customAudioLoopback: writeRadioTrack(): Info: trackPtr: 0xB5A9A01C, buffer Ptr: 0xB4E7F880
06-09 00:12:38.960 1110 1340 I customAudioLoopback: writeRadioTrack(): Info: track->trackEnabled: 1, track->audioTrack: 0xB5A9D280, track->trackRunning: 0, track->recovering: 0
06-09 00:12:38.974 725 1038 I com.gm.server.traffic.TrafficServiceImpl: signalMonitor: Not connected, reconnecting...
06-09 00:12:38.975 725 1038 E com.gm.server.traffic.TrafficServiceImpl: signalMonitor: socket connection exception
06-09 00:12:38.975 725 1038 E com.gm.server.traffic.TrafficServiceImpl: java.net.ConnectException: failed to connect to /192.168.1.10 (port 11999): connect failed: ECONNREFUSED (Connection refused)
06-09 00:12:38.975 725 1038 E com.gm.server.traffic.TrafficServiceImpl: at libcore.io.IoBridge.connect(IoBridge.java:124)
06-09 00:12:38.975 725 1038 E com.gm.server.traffic.TrafficServiceImpl: at java.net.PlainSocketImpl.connect(PlainSocketImpl.java:183)
06-09 00:12:38.975 725 1038 E com.gm.server.traffic.TrafficServiceImpl: at java.net.PlainSocketImpl.connect(PlainSocketImpl.java:163)
06-09 00:12:38.975 725 1038 E com.gm.server.traffic.TrafficServiceImpl: at java.net.Socket.startupSocket(Socket.java:592)
06-09 00:12:38.975 725 1038 E com.gm.server.traffic.TrafficServiceImpl: at java.net.Socket.tryAllAddresses(Socket.java:128)
06-09 00:12:38.975 725 1038 E com.gm.server.traffic.TrafficServiceImpl: at java.net.Socket.(Socket.java:178)
06-09 00:12:38.975 725 1038 E com.gm.server.traffic.TrafficServiceImpl: at java.net.Socket.(Socket.java:150)
06-09 00:12:38.975 725 1038 E com.gm.server.traffic.TrafficServiceImpl: at com.gm.server.traffic.SocketImpl.connect(SocketImpl.java:22)
06-09 00:12:38.975 725 1038 E com.gm.server.traffic.TrafficServiceImpl: at com.gm.server.traffic.TrafficServiceImpl$1.run(TrafficServiceImpl.java:227)
06-09 00:12:38.975 725 1038 E com.gm.server.traffic.TrafficServiceImpl: at java.util.concurrent.ThreadPoolExecutor.runWorker(ThreadPoolExecutor.java:1113)
06-09 00:12:38.975 725 1038 E com.gm.server.traffic.TrafficServiceImpl: at java.util.concurrent.ThreadPoolExecutor$Worker.run(ThreadPoolExecutor.java:588)
06-09 00:12:38.975 725 1038 E com.gm.server.traffic.TrafficServiceImpl: at java.lang.Thread.run(Thread.java:818)
06-09 00:12:38.975 725 1038 E com.gm.server.traffic.TrafficServiceImpl: Caused by: android.system.ErrnoException: connect failed: ECONNREFUSED (Connection refused)
06-09 00:12:38.975 725 1038 E com.gm.server.traffic.TrafficServiceImpl: at libcore.io.Posix.connect(Native Method)
06-09 00:12:38.975 725 1038 E com.gm.server.traffic.TrafficServiceImpl: at libcore.io.BlockGuardOs.connect(BlockGuardOs.java:111)
06-09 00:12:38.975 725 1038 E com.gm.server.traffic.TrafficServiceImpl: at libcore.io.IoBridge.connectErrno(IoBridge.java:137)
06-09 00:12:38.975 725 1038 E com.gm.server.traffic.TrafficServiceImpl: at libcore.io.IoBridge.connect(IoBridge.java:122)
06-09 00:12:38.975 725 1038 E com.gm.server.traffic.TrafficServiceImpl: ... 11 more
06-09 00:12:38.981 1110 1340 I customAudioLoopback: writeRadioTrack(): Info: trackPtr: 0xB5A9A008, buffer Ptr: 0xB4E7F880
06-09 00:12:38.981 1110 1340 I customAudioLoopback: writeRadioTrack(): Info: track->trackEnabled: 1, track->audioTrack: 0xB5A9D000, track->trackRunning: 1, track->recovering: 0
06-09 00:12:38.981 1110 1340 I customAudioLoopback: writeRadioTrack(): Info: trackPtr: 0xB5A9A01C, buffer Ptr: 0xB4E7F880
06-09 00:12:38.981 1110 1340 I customAudioLoopback: writeRadioTrack(): Info: track->trackEnabled: 1, track->audioTrack: 0xB5A9D280, track->trackRunning: 0, track->recovering: 0
06-09 00:12:39.003 1110 1340 I customAudioLoopback: writeRadioTrack(): Info: trackPtr: 0xB5A9A008, buffer Ptr: 0xB4E7F880
06-09 00:12:39.003 1110 1340 I customAudioLoopback: writeRadioTrack(): Info: track->trackEnabled: 1, track->audioTrack: 0xB5A9D000, track->trackRunning: 1, track->recovering: 0
06-09 00:12:39.003 1110 1340 I customAudioLoopback: writeRadioTrack(): Info: trackPtr: 0xB5A9A01C, buffer Ptr: 0xB4E7F880
06-09 00:12:39.003 1110 1340 I customAudioLoopback: writeRadioTrack(): Info: track->trackEnabled: 1, track->audioTrack: 0xB5A9D280, track->trackRunning: 0, track->recovering: 0
06-09 00:12:39.013 725 725 D OnStar.OnStarRemoteReflashManager: subscribeRR
06-09 00:12:39.014 725 725 E OnStar.OnStarRemoteReflashService: subscribeRR->Failed to subscribe for RR->Reason :
06-09 00:12:39.014 725 725 E OnStar.OnStarRemoteReflashService: com.gm.server.onstar.connector.OnStarConnectionException: FSA RemoteReflash client is not ready [UNINITIALIZED]
06-09 00:12:39.014 725 725 E OnStar.OnStarRemoteReflashService: at com.gm.server.onstar.connector.FsaTcpConnector.getRemoteReflashClient(FsaTcpConnector.java:2642)
06-09 00:12:39.014 725 725 E OnStar.OnStarRemoteReflashService: at com.gm.server.onstar.connector.FsaTcpConnector.subscribeRR(FsaTcpConnector.java:1635)
06-09 00:12:39.014 725 725 E OnStar.OnStarRemoteReflashService: at com.gm.server.onstar.OnStarRemoteReflashService.subscribeRR(OnStarRemoteReflashService.java:341)
06-09 00:12:39.014 725 725 E OnStar.OnStarRemoteReflashService: at gm.onstar.OnStarRemoteReflashManager.subscribeRR(OnStarRemoteReflashManager.java:386)
06-09 00:12:39.014 725 725 E OnStar.OnStarRemoteReflashService: at com.gm.server.update.packagedepot.TCPMRemoteReflashHandler.initializeRemoteReflash(TCPMRemoteReflashHandler.java:1062)
06-09 00:12:39.014 725 725 E OnStar.OnStarRemoteReflashService: at com.gm.server.update.packagedepot.TCPMRemoteReflashHandler.-wrap31(TCPMRemoteReflashHandler.java)
06-09 00:12:39.014 725 725 E OnStar.OnStarRemoteReflashService: at com.gm.server.update.packagedepot.TCPMRemoteReflashHandler$6.run(TCPMRemoteReflashHandler.java:877)
06-09 00:12:39.014 725 725 E OnStar.OnStarRemoteReflashService: at android.os.Handler.handleCallback(Handler.java:739)
06-09 00:12:39.014 725 725 E OnStar.OnStarRemoteReflashService: at android.os.Handler.dispatchMessage(Handler.java:95)
06-09 00:12:39.014 725 725 E OnStar.OnStarRemoteReflashService: at android.os.Looper.loop(Looper.java:148)
06-09 00:12:39.014 725 725 E OnStar.OnStarRemoteReflashService: at android.app.ActivityThread.main(ActivityThread.java:5417)
06-09 00:12:39.014 725 725 E OnStar.OnStarRemoteReflashService: at java.lang.reflect.Method.invoke(Native Method)
06-09 00:12:39.014 725 725 E OnStar.OnStarRemoteReflashService: at com.android.internal.os.ZygoteInit$MethodAndArgsCaller.run(ZygoteInit.java:759)
06-09 00:12:39.014 725 725 E OnStar.OnStarRemoteReflashService: at com.android.internal.os.ZygoteInit.main(ZygoteInit.java:649)
06-09 00:12:39.014 725 725 E OnStar.OnStarRemoteReflashManager: subscribeRR->Failed to subscibe to RR->gm.onstar.exception.OnStarException: subscribeRR->FSA functions client is not ready
06-09 00:12:39.014 725 725 I UpdateService-TCPMRemoteReflashHandler: initializeRemoteReflash() ... initialized? false
06-09 00:12:39.023 1110 1340 I customAudioLoopback: writeRadioTrack(): Info: trackPtr: 0xB5A9A008, buffer Ptr: 0xB4E7F880
06-09 00:12:39.024 1110 1340 I customAudioLoopback: writeRadioTrack(): Info: track->trackEnabled: 1, track->audioTrack: 0xB5A9D000, track->trackRunning: 1, track->recovering: 0
06-09 00:12:39.024 1110 1340 I customAudioLoopback: writeRadioTrack(): Info: trackPtr: 0xB5A9A01C, buffer Ptr: 0xB4E7F880
06-09 00:12:39.024 1110 1340 I customAudioLoopback: writeRadioTrack(): Info: track->trackEnabled: 1, track->audioTrack: 0xB5A9D280, track->trackRunning: 0, track->recovering: 0
06-09 00:12:39.046 1110 1340 I customAudioLoopback: writeRadioTrack(): Info: trackPtr: 0xB5A9A008, buffer Ptr: 0xB4E7F880
06-09 00:12:39.046 1110 1340 I customAudioLoopback: writeRadioTrack(): Info: track->trackEnabled: 1, track->audioTrack: 0xB5A9D000, track->trackRunning: 1, track->recovering: 0
06-09 00:12:39.046 1110 1340 I customAudioLoopback: writeRadioTrack(): Info: trackPtr: 0xB5A9A01C, buffer Ptr: 0xB4E7F880
06-09 00:12:39.046 1110 1340 I customAudioLoopback: writeRadioTrack(): Info: track->trackEnabled: 1, track->audioTrack: 0xB5A9D280, track->trackRunning: 0, track->recovering: 0
06-09 00:12:39.066 1110 1340 I customAudioLoopback: writeRadioTrack(): Info: trackPtr: 0xB5A9A008, buffer Ptr: 0xB4E7F880
06-09 00:12:39.066 1110 1340 I customAudioLoopback: writeRadioTrack(): Info: track->trackEnabled: 1, track->audioTrack: 0xB5A9D000, track->trackRunning: 1, track->recovering: 0
06-09 00:12:39.066 1110 1340 I customAudioLoopback: writeRadioTrack(): Info: trackPtr: 0xB5A9A01C, buffer Ptr: 0xB4E7F880
06-09 00:12:39.066 1110 1340 I customAudioLoopback: writeRadioTrack(): Info: track->trackEnabled: 1, track->audioTrack: 0xB5A9D280, track->trackRunning: 0, track->recovering: 0
06-09 00:12:39.088 1110 1340 I customAudioLoopback: writeRadioTrack(): Info: trackPtr: 0xB5A9A008, buffer Ptr: 0xB4E7F880
06-09 00:12:39.088 1110 1340 I customAudioLoopback: writeRadioTrack(): Info: track->trackEnabled: 1, track->audioTrack: 0xB5A9D000, track->trackRunning: 1, track->recovering: 0
06-09 00:12:39.088 1110 1340 I customAudioLoopback: writeRadioTrack(): Info: trackPtr: 0xB5A9A01C, buffer Ptr: 0xB4E7F880
06-09 00:12:39.088 1110 1340 I customAudioLoopback: writeRadioTrack(): Info: track->trackEnabled: 1, track->audioTrack: 0xB5A9D280, track->trackRunning: 0, track->recovering: 0
06-09 00:12:39.109 1110 1340 I customAudioLoopback: writeRadioTrack(): Info: trackPtr: 0xB5A9A008, buffer Ptr: 0xB4E7F880
06-09 00:12:39.109 1110 1340 I customAudioLoopback: writeRadioTrack(): Info: track->trackEnabled: 1, track->audioTrack: 0xB5A9D000, track->trackRunning: 1, track->recovering: 0
06-09 00:12:39.109 1110 1340 I customAudioLoopback: writeRadioTrack(): Info: trackPtr: 0xB5A9A01C, buffer Ptr: 0xB4E7F880
06-09 00:12:39.109 1110 1340 I customAudioLoopback: writeRadioTrack(): Info: track->trackEnabled: 1, track->audioTrack: 0xB5A9D280, track->trackRunning: 0, track->recovering: 0
06-09 00:12:39.131 1110 1340 I customAudioLoopback: writeRadioTrack(): Info: trackPtr: 0xB5A9A008, buffer Ptr: 0xB4E7F880
06-09 00:12:39.131 1110 1340 I customAudioLoopback: writeRadioTrack(): Info: track->trackEnabled: 1, track->audioTrack: 0xB5A9D000, track->trackRunning: 1, track->recovering: 0
06-09 00:12:39.131 1110 1340 I customAudioLoopback: writeRadioTrack(): Info: trackPtr: 0xB5A9A01C, buffer Ptr: 0xB4E7F880
06-09 00:12:39.131 1110 1340 I customAudioLoopback: writeRadioTrack(): Info: track->trackEnabled: 1, track->audioTrack: 0xB5A9D280, track->trackRunning: 0, track->recovering: 0
06-09 00:12:39.151 1110 1340 I customAudioLoopback: writeRadioTrack(): Info: trackPtr: 0xB5A9A008, buffer Ptr: 0xB4E7F880
06-09 00:12:39.151 1110 1340 I customAudioLoopback: writeRadioTrack(): Info: track->trackEnabled: 1, track->audioTrack: 0xB5A9D000, track->trackRunning: 1, track->recovering: 0
06-09 00:12:39.151 1110 1340 I customAudioLoopback: writeRadioTrack(): Info: trackPtr: 0xB5A9A01C, buffer Ptr: 0xB4E7F880
06-09 00:12:39.152 1110 1340 I customAudioLoopback: writeRadioTrack(): Info: track->trackEnabled: 1, track->audioTrack: 0xB5A9D280, track->trackRunning: 0, track->recovering: 0
06-09 00:12:39.174 1110 1340 I customAudioLoopback: writeRadioTrack(): Info: trackPtr: 0xB5A9A008, buffer Ptr: 0xB4E7F880
06-09 00:12:39.174 1110 1340 I customAudioLoopback: writeRadioTrack(): Info: track->trackEnabled: 1, track->audioTrack: 0xB5A9D000, track->trackRunning: 1, track->recovering: 0
06-09 00:12:39.174 1110 1340 I customAudioLoopback: writeRadioTrack(): Info: trackPtr: 0xB5A9A01C, buffer Ptr: 0xB4E7F880
06-09 00:12:39.174 1110 1340 I customAudioLoopback: writeRadioTrack(): Info: track->trackEnabled: 1, track->audioTrack: 0xB5A9D280, track->trackRunning: 0, track->recovering: 0
06-09 00:12:39.194 1110 1340 I customAudioLoopback: writeRadioTrack(): Info: trackPtr: 0xB5A9A008, buffer Ptr: 0xB4E7F880
06-09 00:12:39.194 1110 1340 I customAudioLoopback: writeRadioTrack(): Info: track->trackEnabled: 1, track->audioTrack: 0xB5A9D000, track->trackRunning: 1, track->recovering: 0
06-09 00:12:39.194 1110 1340 I customAudioLoopback: writeRadioTrack(): Info: trackPtr: 0xB5A9A01C, buffer Ptr: 0xB4E7F880
06-09 00:12:39.194 1110 1340 I customAudioLoopback: writeRadioTrack(): Info: track->trackEnabled: 1, track->audioTrack: 0xB5A9D280, track->trackRunning: 0, track->recovering: 0
06-09 00:12:39.214 3569 3569 D AndroidRuntime: >>>>>> START com.android.internal.os.RuntimeInit uid 2000 <<<<<<
06-09 00:12:39.216 1110 1340 I customAudioLoopback: writeRadioTrack(): Info: trackPtr: 0xB5A9A008, buffer Ptr: 0xB4E7F880
06-09 00:12:39.216 1110 1340 I customAudioLoopback: writeRadioTrack(): Info: track->trackEnabled: 1, track->audioTrack: 0xB5A9D000, track->trackRunning: 1, track->recovering: 0
06-09 00:12:39.216 1110 1340 I customAudioLoopback: writeRadioTrack(): Info: trackPtr: 0xB5A9A01C, buffer Ptr: 0xB4E7F880
06-09 00:12:39.216 1110 1340 I customAudioLoopback: writeRadioTrack(): Info: track->trackEnabled: 1, track->audioTrack: 0xB5A9D280, track->trackRunning: 0, track->recovering: 0
06-09 00:12:39.219 3569 3569 D AndroidRuntime: CheckJNI is OFF
06-09 00:12:39.220 3569 3569 E cutils-trace: Error opening trace file: Permission denied (13)
06-09 00:12:39.225 3569 3569 W art : 70c9c000-7188a000 rw-p 00000000 b3:09 32388 /data/dalvik-cache/arm/system@framework@boot.art
06-09 00:12:39.225 3569 3569 W art : 7f5a2000-7f5a7000 r-xp 00000000 b3:06 305 /system/bin/app_process32
06-09 00:12:39.225 3569 3569 W art : 7f5a7000-7f5a8000 r--p 00004000 b3:06 305 /system/bin/app_process32
06-09 00:12:39.225 3569 3569 W art : 7f5a8000-7f5a9000 rw-p 00000000 00:00 0
06-09 00:12:39.225 3569 3569 W art : af8c4000-b26f9000 r--p 00000000 b3:06 1056 /system/framework/arm/boot.oat
06-09 00:12:39.225 3569 3569 W art : b26f9000-b483f000 r-xp 02e35000 b3:06 1056 /system/framework/arm/boot.oat
06-09 00:12:39.225 3569 3569 W art : b483f000-b4840000 rw-p 04f7b000 b3:06 1056 /system/framework/arm/boot.oat
06-09 00:12:39.225 3569 3569 W art : b4840000-b4865000 r--p 00bee000 b3:09 32388 /data/dalvik-cache/arm/system@framework@boot.ar
06-09 00:12:39.225 3569 3569 W art : t
06-09 00:12:39.225 3569 3569 W art : b4865000-b4cb2000 r-xp 00000000 b3:06 1218 /system/lib/libart.so
06-09 00:12:39.225 3569 3569 W art : b4cb2000-b4cb3000 ---p 00000000 00:00 0
06-09 00:12:39.225 3569 3569 W art : b4cb3000-b4cbd000 r--p 0044d000 b3:06 1218 /system/lib/libart.so
06-09 00:12:39.225 3569 3569 W art : b4cbd000-b4cbe000 rw-p 00457000 b3:06 1218 /system/lib/libart.so
06-09 00:12:39.225 3569 3569 W art : b4
06-09 00:12:39.225 3569 3569 W art : cbe000-b4cc0000 rw-p 00000000 00:00 0
06-09 00:12:39.225 3569 3569 W art : b4cc0000-b4dc0000 rw-p 00000000 00:00 0 [anon:libc_malloc]
06-09 00:12:39.225 3569 3569 W art : b4dc8000-b4dc9000 rw-p 00000000 00:00 0 [anon:linker_alloc_vector]
06-09 00:12:39.225 3569 3569 W art : b4dca000-b4dcd000 r-xp 00000000 b3:06 1480 /system/lib/libsigchain.so
06-09 00:12:39.225 3569 3569 W art : b4dcd000-b4dce000 r--p 00002000 b3:06 1480 /system/lib/libsigchain.so
06-09 00:12:39.225 3569 3569 W art : b4dce000-b4dcf000 rw-p 00003000 b3:06 1480 /system/lib/libsigchain.so
06-09 00:12:39.225 3569 3569 W art : b4dcf000-b4dd1000 r--p 00000000 00:00 0
06-09 00:12:39.225 3569 3569 W art : b4dd1000-b4df1000 r--s 00000000 00:0e 9470 /dev/__properties__
06-09 00:12:39.226 3569 3569 W art : b4df1000-b4df2000 rw-p 00000000 00:00 0 [anon:linker_alloc_vector]
06-09 00:12:39.226 3569 3569 W art : b4df2000-b5812000 r-xp 00000000 b3:06 1183 /system/lib/libLLVM.so
06-09 00:12:39.226 3569 3569 W art : b5812000-b5813000 ---p 00000000 00:00 0
06-09 00:12:39.226 3569 3569 W art : b5813000-b585c000 r--p 00a20000 b3:06 1183 /system/lib/libLLVM.so
06-09 00:12:39.226 3569 3569 W art : b585c000-b585d000 rw-p 00a69000 b3:06 1183 /system/lib/libLLVM.so
06-09 00:12:39.226 3569 3569 W art : b585d000-b5865000 rw-p 00000000 00:00 0
06-09 00:12:39.226 3569 3569 W art : b5865000-b5866000 r--p 00000000 00:00 0 [anon:linker_alloc]
06-09 00:12:39.226 3569 3569 W art : b5866000-b589c000 r-xp 00000000 b3:06 1233 /system/lib/libbcinfo.so
06-09 00:12:39.226 3569 3569 W art : b589c000-b589d000 r--p 00035000 b3:06 1233 /system/lib/libbcinfo.s
06-09 00:12:39.226 3569 3569 W art : o
06-09 00:12:39.226 3569 3569 W art : b589d000-b589e000 rw-p 00036000 b3:06 1233 /system/lib/libbcinfo.so
06-09 00:12:39.226 3569 3569 W art : b589e000-b58f6000 r-xp 00000000 b3:06 1232 /system/lib/libbcc.so
06-09 00:12:39.226 3569 3569 W art : b58f6000-b58f7000 ---p 00000000 00:00 0
06-09 00:12:39.226 3569 3569 W art : b58f7000-b58f8000 r--p 00058000 b3:06 1232 /system/lib/libbcc.so
06-09 00:12:39.226 3569 3569 W art : b58f8000-b58f9000 rw-p 00059000 b3:06 1232 /system/lib/libbcc.so
06-09 00:12:39.226 3569 3569 W art : b58f9000-b5903000 r-xp 00000000 b3:06 1247 /system/lib/libcommon_time_client.so
06-09 00:12:39.226 3569 3569 W art : b5903000-b5906000 r--p 00009000 b3:06 1247 /system/lib/libcommon_time_client.so
06-09 00:12:39.226 3569 3569 W art : b5906000-b590
06-09 00:12:39.226 3569 3569 W art : 7000 rw-p 0000c000 b3:06 1247 /system/lib/libcommon_time_client.so
06-09 00:12:39.226 3569 3569 W art : b5907000-b5908000 r--p 00000000 00:00 0
06-09 00:12:39.226 3569 3569 W art : b5908000-b591f000 r-xp 00000000 b3:06 1458 /system/lib/libprotobuf-cpp-lite.so
06-09 00:12:39.226 3569 3569 W art : b591f000-b5920000 ---p 00000000 00:00 0
06-09 00:12:39.226 3569 3569 W art : b5920000-b5921000 r--p 00017000 b3:06 1458 /system/lib/libprotobuf-cpp-lite.so
06-09 00:12:39.226 3569 3569 W art : b5921000-b5922000 rw-p 00018000 b3:06 1458 /system/lib/libprotobuf-cpp-lite.so
06-09 00:12:39.226 3569 3569 W art : b5922000-b5929000 r-xp 00000000 b3:06 1500 /system/lib/libstagefright_avc_common.so
06-09 00:12:39.226 3569 3569 W art : b5929000-b592a000 r--p 00006000 b3:06 1500 /system/lib/libstagefright_avc_common.so
06-09 00:12:39.226 3569 3569 W art : b592a000-b592b000 rw-p 00007000 b3:06 1500 /system/lib/libstagefright_avc_common.so
06-09 00:12:39.226 3569 3569 W art : b592b000-b592e000 r-xp 00000000 b3:06 1501 /system/lib/libstagefright_enc_common.so
06-09 00:12:39.226 3569 3569 W art : b592e000-b592f000 r--p 00002000 b3:06 1501 /system/lib/libstagefright_enc_common.so
06-09 00:12:39.226 3569 3569 W art : b592f000-b5930000 rw-p 00003000 b3:06 1501 /system/lib/libstagefright_enc_common.so
06-09 00:12:39.226 3569 3569 W art : b5930000-b5934000 r-xp 00000000 b3:06 1455 /system/lib/libpowermanager.so
06-09 00:12:39.226 3569 3569 W art : b5934000-b5935000 ---p 00000000 00:00 0
06-09 00:12:39.226 3569 3569 W art : b5935000-b5936000 r--p 00004000 b3:06 1455 /system/lib/libpowermanager.so
06-09 00:12:39.226 3569 3569 W art : b5936000-b5937000 rw-p 00005000 b3:06 1455 /system/lib/libpowermanager.so
06-09 00:12:39.226 3569 3569 W art : b5937000-b5954000 r-xp 00000000 b3:06 1590 /system/lib/libvorbisidec.so
06-09 00:12:39.226 3569 3569 W art : b5954000-b5955000 r--p 0001c000 b3:06 1590 /system/lib/libvorbisidec.so
06-09 00:12:39.226 3569 3569 W art : b5955000-b5956000 rw-p 0001d000 b3:06 1590 /system/lib/libvorbisidec.so
06-09 00:12:39.227 3569 3569 W art : b5956000-b595b000 r-xp 00000000 b3:06 1527 /system/lib/libstagefright_yuv.so
06-09 00:12:39.227 3569 3569 W art : b595b000-b595c000 r--p 00004000 b3:06 1527 /system/lib/libstagefright_yuv.so
06-09 00:12:39.227 3569 3569 W art : b595c000-b595d000 rw-p 00005000 b3:06 1527 /system/lib/libstagefright_yuv.so
06-09 00:12:39.227 3569 3569 W art : b595d000-b595e000 r--p 00000000 00:00 0 [anon:linker_alloc]
06-09 00:12:39.227 3569 3569 W art : b595e000-b598b000 r-xp 00000000 b3:06 1505 /system/lib/libstagefright_omx.so
06-09 00:12:39.227 3569 3569 W art : b598b000-b598c000 ---p 00000000 00:00 0
06-09 00:12:39.227 3569 3569 W art : b598c000-b598f000 r--p 0002d000 b3:06 1505 /system/lib/libstagefright_omx.so
06-09 00:12:39.227 3569 3569 W art : b598f000-b5990000 rw-p 00030000 b3:06 1505 /system/lib/libstagefright_omx.so
06-09 00:12:39.227 3569 3569 W art : b5990000-b59cb000 r-xp 00000000 b3:06 1437 /system/lib/libopus.so
06-09 00:12:39.227 3569 3569 W art : b59cb000-b59cc000 r--p 0003a000 b3:06 1437 /system/lib/libopus.so
06-09 00:12:39.227 3569 3569 W art : b59cc000-b59cd000 rw-p 0003b000 b3:06 1437 /system/lib/libopus.so
06-09 00:12:39.227 3569 3569 W art : b59cd000-b59d4000 r-xp 00000000 b3:06 1369 /system/lib/libmediautils.so
06-09 00:12:39.227 3569 3569 W art : b59d4000-b59d5000 ---p 00000000 00:00 0
06-09 00:12:39.227 3569 3569 W art : b59d5000-b59d6000 r--p 00007000 b3:06 1369 /system/lib/libmediautils.so
06-09 00:12:39.227 3569 3569 W art : b59d6000-b59d7000 rw-p 00008000 b3:06 1369 /system/lib/libmediautils.so
06-09 00:12:39.227 3569 3569 W art : b59d7000-b59ec000 r-xp 00000000 b3:06 1281 /system/lib/libdrmframework.so
06-09 00:12:39.227 3569 3569 W art : b59ec000-b59ed000 ---p 00000000 00:00 0
06-09 00:12:39.227 3569 3569 W art : b59ed000-b59f0000 r--p 00015000 b3:06 1281 /system/lib/libdrmframework.so
06-09 00:12:39.227 3569 3569 W art : b59f0000-b59f1000 rw-p 00018000 b3:06 1281 /system/lib/libdrmframework.so
