06-09 00:12:43.292 3659 3659 W art : b6357000-b6373000 r--p 00093000 b3:06 1364 /system/lib/libmedia.so
06-09 00:12:43.292 3659 3659 W art : b6373000-b6374000 rw-p 000af000 b3:06 1364 /system/lib/libmedia.so
06-09 00:12:43.292 3659 3659 W art : b6374000-b64e7000 r-xp 00000000 b3:06 1333 /system/lib/libicui18n.so
06-09 00:12:43.292 3659 3659 W art : b64e7000-b64f2000 r--p 00172000 b3:06 1333 /system/lib/libicui18n.so
06-09 00:12:43.292 3659 3659 W art : b64f2000-b64f3000 rw-p 0017d000 b3:06 1333 /system/lib/libicui18n.so
06-09 00:12:43.292 3659 3659 W art : b64f3000-b660a000 r-xp 00000000 b3:06 1334 /system/lib/libicuuc.so
06-09 00:12:43.292 3659 3659 W art : b660a000-b6615000 r--p 00116000 b3:06 1334 /system/lib/libicuuc.so
06-09 00:12:43.292 3659 3659 W art : b6615000-b6616000 rw-p 00121000 b3:06 1334 /system/lib/libicuuc.so
06-09 00:12:43.292 3659 3659 W art : b6616000-b661a000 rw-p 00000000 00:00 0
06-09 00:12:43.292 3659 3659 W art : b661a000-b663d000 r-xp 00000000 b3:06 1497 /system/lib/libssl.so
06-09 00:12:43.292 3659 3659 W art : b663d000-b663f000 r--p 00022000 b3:06 1497 /system/lib/libssl.so
06-09 00:12:43.292 3659 3659 W art : b663f000-b6640000 rw-p 00024000 b3:06 1497 /system/lib/libssl.so
06-09 00:12:43.292 3659 3659 W art : b6640000-b66d0000 r-xp 00000000 b3:06 1253 /system/lib/libcrypto.so
06-09 00:12:43.292 3659 3659 W art : b66d0000-b66d1000 ---p 00000000 00:00 0
06-09 00:12:43.292 3659 3659 W art : b66d1000-b66dc000 r--p 00090000 b3:06 1253 /system/lib/libcrypto.so
06-09 00:12:43.293 3659 3659 W art : b66dc000-b66dd000 rw-p 0009b000 b3:06 1253 /system/lib/libcrypto.so
06-09 00:12:43.293 3659 3659 W art : b66dd000-b6730000 r-xp 00000000 b3:06 1485 /system/lib/libsonivox.so
06-09 00:12:43.293 3659 3659 W art : b6730000-b6731000 r--p 00052000 b3:06 1485 /system/lib/libsonivox.so
06-09 00:12:43.293 3659 3659 W art : b6731000-b6732000 rw-p 00053000 b3:06 1485 /system/lib/libsonivox.so
06-09 00:12:43.293 3659 3659 W art : b6732000-b6737000 rw-p 00000000 00:00 0
06-09 00:12:43.293 3659 3659 W art : b6737000-b6745000 r-xp 00000000 b3:06 1475 /system/lib/libselinux.so
06-09 00:12:43.293 3659 3659 W art : b6745000-b6746000 ---p 00000000 00:00 0
06-09 00:12:43.293 3659 3659 W art : b6746000-b6747000 r--p 0000e000 b3:06 1475 /system/lib/libselinux.so
06-09 00:12:43.293 3659 3659 W art : b6747000-b6748000 rw-p 0000f000 b3:06 1475 /system/lib/libselinux.so
06-09 00:12:43.293 3659 3659 W art : b6748000-b674f000 r-xp 00000000 b3:06 1326 /system/lib/libhardware_legacy.so
06-09 00:12:43.293 3659 3659 W art : b674f000-b6750000 r--p 00006000 b3:06 1326 /system/lib/libhardware_legacy.so
06-09 00:12:43.293 3659 3659 W art : b6750000-b6751000 rw-p 00007000 b3:06 1326 /system/lib/libhardware_legacy.so
06-09 00:12:43.293 3659 3659 W art : b6751000-b6752000 rw-p 00000000 00:00 0
06-09 00:12:43.293 3659 3659 W art : b6752000-b6755000 r-xp 00000000 b3:06 1325 /system/lib/libhardware.so
06-09 00:12:43.293 3659 3659 W art : b6755000-b6756000 r--p 00002000 b3:06 1325 /system/lib/libhardware.so
06-09 00:12:43.293 3659 3659 W art : b6756000-b6757000 rw-p 00003000 b3:06 1325 /system/lib/libhardware.so
06-09 00:12:43.293 3659 3659 W art : b6757000-b675b000 r-xp 00000000 b3:06 1176 /system/lib/libETC1.so
06-09 00:12:43.293 3659 3659 W art : b675b000-b675c000 r--p 00003000 b3:06 1176 /system/lib/libETC1.so
06-09 00:12:43.293 3659 3659 W art : b675c000-b675d000 rw-p 00004000 b3:06 1176 /system/lib/libETC1.so
06-09 00:12:43.293 3659 3659 W art : b675d000-b676a000 r-xp 00000000 b3:06 1180 /system/lib/libGLESv2.so
06-09 00:12:43.293 3659 3659 W art : b676a000-b676b000 r--p 0000c000 b3:06 1180 /system/lib/libGLESv2.so
06-09 00:12:43.293 3659 3659 W art : b676b000-b676c000 rw-p 0000d000 b3:06 1180 /system/lib/libGLESv2.so
06-09 00:12:43.293 3659 3659 W art : b676c000-b6774000 r-xp 00000000 b3:06 1179 /system/lib/libGLESv1_CM.so
06-09 00:12:43.293 3659 3659 W art : b6774000-b6775000 r--p 00007000 b3:06 1179 /system/lib/libGLESv1_CM.so
06-09 00:12:43.293 3659 3659 W art : b6775000-b6776000 rw-p 00008000 b3:06 1179 /system/lib/libGLESv1_CM.so
06-09 00:12:43.293 3659 3659 W art : b6776000-b67d2000 r-xp 00000000 b3:06 1175 /system/lib/libEGL.so
06-09 00:12:43.293 3659 3659 W art : b67d2000-b67d3000 ---p 00000000 00:00 0
06-09 00:12:43.293 3659 3659 W art : b67d3000-b67d5000 r--p 0005c000 b3:06 1175 /system/lib/libEGL.so
06-09 00:12:43.293 3659 3659 W art : b67d5000-b67de000 rw-p 0005e000 b3:06 1175 /system/lib/libEGL.so
06-09 00:12:43.293 3659 3659 W art : b67de000-b67e1000 rw-p 00000000 00:00 0
06-09 00:12:43.293 3659 3659 W art : b67e1000-b6843000 r-xp 00000000 b3:06 1491 /system/lib/libsqlite.so
06-09 00:12:43.293 3659 3659 W art : b6843000-b6845000 r--p 00061000 b3:06 1491 /system/lib/libsqlite.so
06-09 00:12:43.293 3659 3659 W art : b6845000-b6846000 rw-p 00063000 b3:06 1491 /system/lib/libsqlite.so
06-09 00:12:43.293 3659 3659 W art : b6846000-b6847000 rw-p 00000000 00:00 0
06-09 00:12:43.293 3659 3659 W art : b6847000-b6a98000 r-xp 00000000 b3:06 1481 /system/lib/libskia.so
06-09 00:12:43.293 3659 3659 W art : b6a98000-b6a99000 ---p 00000000 00:00 0
06-09 00:12:43.293 3659 3659 W art : b6a99000-b6ab3000 r--p 00251000 b3:06 1481 /system/lib/libskia.so
06-09 00:12:43.293 3659 3659 W art : b6ab3000-b6ab5000 rw-p 0026b000 b3:06 1481 /system/lib/libskia.so
06-09 00:12:43.293 3659 3659 W art : b6ab5000-b6ab9000 rw-p 00000000 00:00 0
06-09 00:12:43.293 3659 3659 W art : b6ab9000-b6ac1000 r-xp 00000000 b3:06 1242 /system/lib/libcamera_metadata.so
06-09 00:12:43.293 3659 3659 W art : b6ac1000-b6ac2000 r--p 00007000 b3:06 1242 /system/lib/libcamera_metadata.so
06-09 00:12:43.294 3659 3659 W art : b6ac2000-b6ac3000 rw-p 00008000 b3:06 1242 /system/lib/libcamera_metadata.so
06-09 00:12:43.294 3659 3659 W art : b6ac3000-b6ae7000 r-xp 00000000 b3:06 1241 /system/lib/libcamera_client.so
06-09 00:12:43.294 3659 3659 W art : b6ae7000-b6ae8000 ---p 00000000 00:00 0
06-09 00:12:43.294 3659 3659 W art : b6ae8000-b6af0000 r--p 00024000 b3:06 1241 /system/lib/libcamera_client.so
06-09 00:12:43.294 3659 3659 W art : b6af0000-b6af1000 rw-p 0002c000 b3:06 1241 /system/lib/libcamera_client.so
06-09 00:12:43.294 3659 3659 W art : b6af1000-b6b2c000 r-xp 00000000 b3:06 1337 /system/lib/libinputflinger.so
06-09 00:12:43.294 3659 3659 W art : b6b2c000-b6b2d000 ---p 00000000 00:00 0
06-09 00:12:43.294 3659 3659 W art : b6b2d000-b6b30000 r--p 0003b000 b3:06 1337 /system/lib/libinputflinger.so
06-09 00:12:43.294 3659 3659 W art : b6b30000-b6b31000 rw-p 0003e000 b3:06 1337 /system/lib/libinputflinger.so
06-09 00:12:43.294 3659 3659 W art : b6b31000-b6b4b000 r-xp 00000000 b3:06 1336 /system/lib/libinput.so
06-09 00:12:43.294 3659 3659 W art : b6b4b000-b6b4f000 r--p 00019000 b3:06 1336 /system/lib/libinput.so
06-09 00:12:43.294 3659 3659 W art : b6b4f000-b6b50000 rw-p 0001d000 b3:06 1336 /system/lib/libinput.so
06-09 00:12:43.294 3659 3659 W art : b6b50000-b6b9c000 r-xp 00000000 b3:06 1323 /system/lib/libgui.so
06-09 00:12:43.294 3659 3659 W art : b6b9c000-b6b9d000 ---p 00000000 00:00 0
06-09 00:12:43.294 3659 3659 W art : b6b9d000-b6ba9000 r--p 0004c000 b3:06 1323 /system/lib/libgui.so
06-09 00:12:43.294 3659 3659 W art : b6ba9000-b6baa000 rw-p 00058000 b3:06 1323 /system/lib/libgui.so
06-09 00:12:43.294 3659 3659 W art : b6baa000-b6bb7000 r-xp 00000000 b3:06 1550 /system/lib/libui.so
06-09 00:12:43.294 3659 3659 W art : b6bb7000-b6bb8000 ---p 00000000 00:00 0
06-09 00:12:43.294 3659 3659 W art : b6bb8000-b6bb9000 r--p 0000d000 b3:06 1550 /system/lib/libui.so
06-09 00:12:43.294 3659 3659 W art : b6bb9000-b6bba000 rw-p 0000e000 b3:06 1550 /system/lib/libui.so
06-09 00:12:43.294 3659 3659 W art : b6bba000-b6bc1000 r-xp 00000000 b3:06 1431 /system/lib/libnetutils.so
06-09 00:12:43.294 3659 3659 W art : b6bc1000-b6bc2000 r--p 00006000 b3:06 1431 /system/lib/libnetutils.so
06-09 00:12:43.294 3659 3659 W art : b6bc2000-b6bc3000 rw-p 00007000 b3:06 1431 /system/lib/libnetutils.so
06-09 00:12:43.294 3659 3659 W art : b6bc3000-b6bca000 r-xp 00000000 b3:06 1377 /system/lib/libnativehelper.so
06-09 00:12:43.294 3659 3659 W art : b6bca000-b6bcb000 r--p 00006000 b3:06 1377 /system/lib/libnativehelper.so
06-09 00:12:43.294 3659 3659 W art : b6bcb000-b6bcc000 rw-p 00007000 b3:06 1377 /system/lib/libnativehelper.so
06-09 00:12:43.294 3659 3659 W art : b6bcc000-b6be0000 r-xp 00000000 b3:06 1285 /system/lib/libexpat.so
06-09 00:12:43.294 3659 3659 W art : b6be0000-b6be2000 r--p 00013000 b3:06 1285 /system/lib/libexpat.so
06-09 00:12:43.294 3659 3659 W art : b6be2000-b6be3000 rw-p 00015000 b3:06 1285 /system/lib/libexpat.so
06-09 00:12:43.294 3659 3659 W art : b6be3000-b6c0a000 r-xp 00000000 b3:06 1214 /system/lib/libandroidfw.so
06-09 00:12:43.294 3659 3659 W art : b6c0a000-b6c0b000 ---p 00000000 00:00 0
06-09 00:12:43.294 3659 3659 W art : b6c0b000-b6c0c000 r--p 00027000 b3:06 1214 /system/lib/libandroidfw.so
06-09 00:12:43.294 3659 3659 W art : b6c0c000-b6c0d000 rw-p 00028000 b3:06 1214 /system/lib/libandroidfw.so
06-09 00:12:43.294 3659 3659 W art : b6c0d000-b6c10000 r-xp 00000000 b3:06 1370 /system/lib/libmemtrack.so
06-09 00:12:43.294 3659 3659 W art : b6c10000-b6c11000 r--p 00002000 b3:06 1370 /system/lib/libmemtrack.so
06-09 00:12:43.294 3659 3659 W art : b6c11000-b6c12000 rw-p 00003000 b3:06 1370 /system/lib/libmemtrack.so
06-09 00:12:43.294 3659 3659 W art : b6c12000-b6c1b000 r-xp 00000000 b3:06 1229 /system/lib/libbacktrace.so
06-09 00:12:43.294 3659 3659 W art : b6c3f000-b6cb2000 r-xp 00000000 b3:06 1237 /system/lib/libc.so
06-09 00:12:43.295 3659 3659 W art : b6ec9000-b6eca000 rw-p 00000000 00:00 0 [anon:linker_alloc_32]
06-09 00:12:43.312 1110 1340 I customAudioLoopback: writeRadioTrack(): Info: trackPtr: 0xB5A9A008, buffer Ptr: 0xB4E7F880
06-09 00:12:43.313 1110 1340 I customAudioLoopback: writeRadioTrack(): Info: track->trackEnabled: 1, track->audioTrack: 0xB5A9D000, track->trackRunning: 1, track->recovering: 0
06-09 00:12:43.313 1110 1340 I customAudioLoopback: writeRadioTrack(): Info: trackPtr: 0xB5A9A01C, buffer Ptr: 0xB4E7F880
06-09 00:12:43.313 1110 1340 I customAudioLoopback: writeRadioTrack(): Info: track->trackEnabled: 1, track->audioTrack: 0xB5A9D280, track->trackRunning: 0, track->recovering: 0
06-09 00:12:43.333 1110 1340 I customAudioLoopback: writeRadioTrack(): Info: trackPtr: 0xB5A9A008, buffer Ptr: 0xB4E7F880
06-09 00:12:43.333 1110 1340 I customAudioLoopback: writeRadioTrack(): Info: track->trackEnabled: 1, track->audioTrack: 0xB5A9D000, track->trackRunning: 1, track->recovering: 0
06-09 00:12:43.333 1110 1340 I customAudioLoopback: writeRadioTrack(): Info: trackPtr: 0xB5A9A01C, buffer Ptr: 0xB4E7F880
06-09 00:12:43.333 1110 1340 I customAudioLoopback: writeRadioTrack(): Info: track->trackEnabled: 1, track->audioTrack: 0xB5A9D280, track->trackRunning: 0, track->recovering: 0
06-09 00:12:43.334 3659 3659 D ICU : No timezone override file found: /data/misc/zoneinfo/current/icu/icu_tzdata.dat
06-09 00:12:43.355 1110 1340 I customAudioLoopback: writeRadioTrack(): Info: trackPtr: 0xB5A9A008, buffer Ptr: 0xB4E7F880
06-09 00:12:43.355 1110 1340 I customAudioLoopback: writeRadioTrack(): Info: track->trackEnabled: 1, track->audioTrack: 0xB5A9D000, track->trackRunning: 1, track->recovering: 0
06-09 00:12:43.355 1110 1340 I customAudioLoopback: writeRadioTrack(): Info: trackPtr: 0xB5A9A01C, buffer Ptr: 0xB4E7F880
06-09 00:12:43.355 1110 1340 I customAudioLoopback: writeRadioTrack(): Info: track->trackEnabled: 1, track->audioTrack: 0xB5A9D280, track->trackRunning: 0, track->recovering: 0
06-09 00:12:43.376 1110 1340 I customAudioLoopback: writeRadioTrack(): Info: trackPtr: 0xB5A9A008, buffer Ptr: 0xB4E7F880
06-09 00:12:43.376 1110 1340 I customAudioLoopback: writeRadioTrack(): Info: track->trackEnabled: 1, track->audioTrack: 0xB5A9D000, track->trackRunning: 1, track->recovering: 0
06-09 00:12:43.376 1110 1340 I customAudioLoopback: writeRadioTrack(): Info: trackPtr: 0xB5A9A01C, buffer Ptr: 0xB4E7F880
06-09 00:12:43.376 1110 1340 I customAudioLoopback: writeRadioTrack(): Info: track->trackEnabled: 1, track->audioTrack: 0xB5A9D280, track->trackRunning: 0, track->recovering: 0
06-09 00:12:43.398 1110 1340 I customAudioLoopback: writeRadioTrack(): Info: trackPtr: 0xB5A9A008, buffer Ptr: 0xB4E7F880
06-09 00:12:43.398 1110 1340 I customAudioLoopback: writeRadioTrack(): Info: track->trackEnabled: 1, track->audioTrack: 0xB5A9D000, track->trackRunning: 1, track->recovering: 0
06-09 00:12:43.398 1110 1340 I customAudioLoopback: writeRadioTrack(): Info: trackPtr: 0xB5A9A01C, buffer Ptr: 0xB4E7F880
06-09 00:12:43.398 1110 1340 I customAudioLoopback: writeRadioTrack(): Info: track->trackEnabled: 1, track->audioTrack: 0xB5A9D280, track->trackRunning: 0, track->recovering: 0
06-09 00:12:43.402 3659 3659 I Radio-JNI: register_android_hardware_Radio DONE
06-09 00:12:43.418 1110 1340 I customAudioLoopback: writeRadioTrack(): Info: trackPtr: 0xB5A9A008, buffer Ptr: 0xB4E7F880
06-09 00:12:43.418 1110 1340 I customAudioLoopback: writeRadioTrack(): Info: track->trackEnabled: 1, track->audioTrack: 0xB5A9D000, track->trackRunning: 1, track->recovering: 0
06-09 00:12:43.418 1110 1340 I customAudioLoopback: writeRadioTrack(): Info: trackPtr: 0xB5A9A01C, buffer Ptr: 0xB4E7F880
06-09 00:12:43.418 1110 1340 I customAudioLoopback: writeRadioTrack(): Info: track->trackEnabled: 1, track->audioTrack: 0xB5A9D280, track->trackRunning: 0, track->recovering: 0
06-09 00:12:43.422 144 161 E ProtoKey: Protokey request failed
06-09 00:12:43.430 3659 3659 D AndroidRuntime: Calling main entry com.android.commands.pm.Pm
06-09 00:12:43.436 3659 3659 I art : System.exit called, status: 0
06-09 00:12:43.436 3659 3659 I AndroidRuntime: VM exiting with result code 0.
06-09 00:12:43.437 1857 1857 I BT_BUFFER: getBuf allocating 8 bytes
06-09 00:12:43.446 1110 1340 I customAudioLoopback: writeRadioTrack(): Info: trackPtr: 0xB5A9A008, buffer Ptr: 0xB4E7F880
06-09 00:12:43.446 1110 1340 I customAudioLoopback: writeRadioTrack(): Info: track->trackEnabled: 1, track->audioTrack: 0xB5A9D000, track->trackRunning: 1, track->recovering: 0
06-09 00:12:43.446 1110 1340 I customAudioLoopback: writeRadioTrack(): Info: trackPtr: 0xB5A9A01C, buffer Ptr: 0xB4E7F880
06-09 00:12:43.446 1110 1340 I customAudioLoopback: writeRadioTrack(): Info: track->trackEnabled: 1, track->audioTrack: 0xB5A9D280, track->trackRunning: 0, track->recovering: 0
06-09 00:12:43.461 1110 1340 I customAudioLoopback: writeRadioTrack(): Info: trackPtr: 0xB5A9A008, buffer Ptr: 0xB4E7F880
06-09 00:12:43.461 1110 1340 I customAudioLoopback: writeRadioTrack(): Info: track->trackEnabled: 1, track->audioTrack: 0xB5A9D000, track->trackRunning: 1, track->recovering: 0
06-09 00:12:43.461 1110 1340 I customAudioLoopback: writeRadioTrack(): Info: trackPtr: 0xB5A9A01C, buffer Ptr: 0xB4E7F880
06-09 00:12:43.461 1110 1340 I customAudioLoopback: writeRadioTrack(): Info: track->trackEnabled: 1, track->audioTrack: 0xB5A9D280, track->trackRunning: 0, track->recovering: 0
06-09 00:12:43.473 2557 2557 I GM_ADB : Enable standard adb on eng or user-debug build.
06-09 00:12:43.483 1110 1340 I customAudioLoopback: writeRadioTrack(): Info: trackPtr: 0xB5A9A008, buffer Ptr: 0xB4E7F880
06-09 00:12:43.483 1110 1340 I customAudioLoopback: writeRadioTrack(): Info: track->trackEnabled: 1, track->audioTrack: 0xB5A9D000, track->trackRunning: 1, track->recovering: 0
06-09 00:12:43.483 1110 1340 I customAudioLoopback: writeRadioTrack(): Info: trackPtr: 0xB5A9A01C, buffer Ptr: 0xB4E7F880
06-09 00:12:43.483 1110 1340 I customAudioLoopback: writeRadioTrack(): Info: track->trackEnabled: 1, track->audioTrack: 0xB5A9D280, track->trackRunning: 0, track->recovering: 0
06-09 00:12:43.504 1110 1340 I customAudioLoopback: writeRadioTrack(): Info: trackPtr: 0xB5A9A008, buffer Ptr: 0xB4E7F880
06-09 00:12:43.504 1110 1340 I customAudioLoopback: writeRadioTrack(): Info: track->trackEnabled: 1, track->audioTrack: 0xB5A9D000, track->trackRunning: 1, track->recovering: 0
06-09 00:12:43.504 1110 1340 I customAudioLoopback: writeRadioTrack(): Info: trackPtr: 0xB5A9A01C, buffer Ptr: 0xB4E7F880
06-09 00:12:43.504 1110 1340 I customAudioLoopback: writeRadioTrack(): Info: track->trackEnabled: 1, track->audioTrack: 0xB5A9D280, track->trackRunning: 0, track->recovering: 0
06-09 00:12:43.526 1110 1340 I customAudioLoopback: writeRadioTrack(): Info: trackPtr: 0xB5A9A008, buffer Ptr: 0xB4E7F880
06-09 00:12:43.526 1110 1340 I customAudioLoopback: writeRadioTrack(): Info: track->trackEnabled: 1, track->audioTrack: 0xB5A9D000, track->trackRunning: 1, track->recovering: 0
06-09 00:12:43.526 1110 1340 I customAudioLoopback: writeRadioTrack(): Info: trackPtr: 0xB5A9A01C, buffer Ptr: 0xB4E7F880
06-09 00:12:43.526 1110 1340 I customAudioLoopback: writeRadioTrack(): Info: track->trackEnabled: 1, track->audioTrack: 0xB5A9D280, track->trackRunning: 0, track->recovering: 0
06-09 00:12:43.535 725 725 D OnStar.OnStarRemoteReflashManager: subscribeRR
06-09 00:12:43.535 725 725 E OnStar.OnStarRemoteReflashService: subscribeRR->Failed to subscribe for RR->Reason :
06-09 00:12:43.535 725 725 E OnStar.OnStarRemoteReflashService: com.gm.server.onstar.connector.OnStarConnectionException: FSA RemoteReflash client is not ready [UNINITIALIZED]
06-09 00:12:43.535 725 725 E OnStar.OnStarRemoteReflashService: at com.gm.server.onstar.connector.FsaTcpConnector.getRemoteReflashClient(FsaTcpConnector.java:2642)
06-09 00:12:43.535 725 725 E OnStar.OnStarRemoteReflashService: at com.gm.server.onstar.connector.FsaTcpConnector.subscribeRR(FsaTcpConnector.java:1635)
06-09 00:12:43.535 725 725 E OnStar.OnStarRemoteReflashService: at com.gm.server.onstar.OnStarRemoteReflashService.subscribeRR(OnStarRemoteReflashService.java:341)
06-09 00:12:43.535 725 725 E OnStar.OnStarRemoteReflashService: at gm.onstar.OnStarRemoteReflashManager.subscribeRR(OnStarRemoteReflashManager.java:386)
06-09 00:12:43.535 725 725 E OnStar.OnStarRemoteReflashService: at com.gm.server.update.packagedepot.TCPMRemoteReflashHandler.initializeRemoteReflash(TCPMRemoteReflashHandler.java:1062)
06-09 00:12:43.535 725 725 E OnStar.OnStarRemoteReflashService: at com.gm.server.update.packagedepot.TCPMRemoteReflashHandler.-wrap31(TCPMRemoteReflashHandler.java)
06-09 00:12:43.535 725 725 E OnStar.OnStarRemoteReflashService: at com.gm.server.update.packagedepot.TCPMRemoteReflashHandler$6.run(TCPMRemoteReflashHandler.java:877)
06-09 00:12:43.535 725 725 E OnStar.OnStarRemoteReflashService: at android.os.Handler.handleCallback(Handler.java:739)
06-09 00:12:43.535 725 725 E OnStar.OnStarRemoteReflashService: at android.os.Handler.dispatchMessage(Handler.java:95)
06-09 00:12:43.535 725 725 E OnStar.OnStarRemoteReflashService: at android.os.Looper.loop(Looper.java:148)
06-09 00:12:43.535 725 725 E OnStar.OnStarRemoteReflashService: at android.app.ActivityThread.main(ActivityThread.java:5417)
06-09 00:12:43.535 725 725 E OnStar.OnStarRemoteReflashService: at java.lang.reflect.Method.invoke(Native Method)
06-09 00:12:43.535 725 725 E OnStar.OnStarRemoteReflashService: at com.android.internal.os.ZygoteInit$MethodAndArgsCaller.run(ZygoteInit.java:759)
06-09 00:12:43.535 725 725 E OnStar.OnStarRemoteReflashService: at com.android.internal.os.ZygoteInit.main(ZygoteInit.java:649)
06-09 00:12:43.535 725 725 E OnStar.OnStarRemoteReflashManager: subscribeRR->Failed to subscibe to RR->gm.onstar.exception.OnStarException: subscribeRR->FSA functions client is not ready
06-09 00:12:43.535 725 725 I UpdateService-TCPMRemoteReflashHandler: initializeRemoteReflash() ... initialized? false
06-09 00:12:43.546 1110 1340 I customAudioLoopback: writeRadioTrack(): Info: trackPtr: 0xB5A9A008, buffer Ptr: 0xB4E7F880
06-09 00:12:43.546 1110 1340 I customAudioLoopback: writeRadioTrack(): Info: track->trackEnabled: 1, track->audioTrack: 0xB5A9D000, track->trackRunning: 1, track->recovering: 0
06-09 00:12:43.546 1110 1340 I customAudioLoopback: writeRadioTrack(): Info: trackPtr: 0xB5A9A01C, buffer Ptr: 0xB4E7F880
06-09 00:12:43.547 1110 1340 I customAudioLoopback: writeRadioTrack(): Info: track->trackEnabled: 1, track->audioTrack: 0xB5A9D280, track->trackRunning: 0, track->recovering: 0
06-09 00:12:43.568 1110 1340 I customAudioLoopback: writeRadioTrack(): Info: trackPtr: 0xB5A9A008, buffer Ptr: 0xB4E7F880
06-09 00:12:43.568 1110 1340 I customAudioLoopback: writeRadioTrack(): Info: track->trackEnabled: 1, track->audioTrack: 0xB5A9D000, track->trackRunning: 1, track->recovering: 0
06-09 00:12:43.568 1110 1340 I customAudioLoopback: writeRadioTrack(): Info: trackPtr: 0xB5A9A01C, buffer Ptr: 0xB4E7F880
06-09 00:12:43.568 1110 1340 I customAudioLoopback: writeRadioTrack(): Info: track->trackEnabled: 1, track->audioTrack: 0xB5A9D280, track->trackRunning: 0, track->recovering: 0
06-09 00:12:43.589 1110 1340 I customAudioLoopback: writeRadioTrack(): Info: trackPtr: 0xB5A9A008, buffer Ptr: 0xB4E7F880
06-09 00:12:43.589 1110 1340 I customAudioLoopback: writeRadioTrack(): Info: track->trackEnabled: 1, track->audioTrack: 0xB5A9D000, track->trackRunning: 1, track->recovering: 0
06-09 00:12:43.589 1110 1340 I customAudioLoopback: writeRadioTrack(): Info: trackPtr: 0xB5A9A01C, buffer Ptr: 0xB4E7F880
06-09 00:12:43.589 1110 1340 I customAudioLoopback: writeRadioTrack(): Info: track->trackEnabled: 1, track->audioTrack: 0xB5A9D280, track->trackRunning: 0, track->recovering: 0
06-09 00:12:43.611 1110 1340 I customAudioLoopback: writeRadioTrack(): Info: trackPtr: 0xB5A9A008, buffer Ptr: 0xB4E7F880
06-09 00:12:43.611 1110 1340 I customAudioLoopback: writeRadioTrack(): Info: track->trackEnabled: 1, track->audioTrack: 0xB5A9D000, track->trackRunning: 1, track->recovering: 0
06-09 00:12:43.611 1110 1340 I customAudioLoopback: writeRadioTrack(): Info: trackPtr: 0xB5A9A01C, buffer Ptr: 0xB4E7F880
06-09 00:12:43.611 1110 1340 I customAudioLoopback: writeRadioTrack(): Info: track->trackEnabled: 1, track->audioTrack: 0xB5A9D280, track->trackRunning: 0, track->recovering: 0
06-09 00:12:43.632 1110 1340 I customAudioLoopback: writeRadioTrack(): Info: trackPtr: 0xB5A9A008, buffer Ptr: 0xB4E7F880
06-09 00:12:43.632 1110 1340 I customAudioLoopback: writeRadioTrack(): Info: track->trackEnabled: 1, track->audioTrack: 0xB5A9D000, track->trackRunning: 1, track->recovering: 0
06-09 00:12:43.632 1110 1340 I customAudioLoopback: writeRadioTrack(): Info: trackPtr: 0xB5A9A01C, buffer Ptr: 0xB4E7F880
06-09 00:12:43.632 1110 1340 I customAudioLoopback: writeRadioTrack(): Info: track->trackEnabled: 1, track->audioTrack: 0xB5A9D280, track->trackRunning: 0, track->recovering: 0
06-09 00:12:43.654 1110 1340 I customAudioLoopback: writeRadioTrack(): Info: trackPtr: 0xB5A9A008, buffer Ptr: 0xB4E7F880
06-09 00:12:43.654 1110 1340 I customAudioLoopback: writeRadioTrack(): Info: track->trackEnabled: 1, track->audioTrack: 0xB5A9D000, track->trackRunning: 1, track->recovering: 0
06-09 00:12:43.654 1110 1340 I customAudioLoopback: writeRadioTrack(): Info: trackPtr: 0xB5A9A01C, buffer Ptr: 0xB4E7F880
06-09 00:12:43.654 1110 1340 I customAudioLoopback: writeRadioTrack(): Info: track->trackEnabled: 1, track->audioTrack: 0xB5A9D280, track->trackRunning: 0, track->recovering: 0
06-09 00:12:43.672 870 870 D GMStatusBar: handleMessage MSG_AUDIO_INFO_PAGING_COMPLETE mAudioStatusInfoIndex = 0
06-09 00:12:43.674 1110 1340 I customAudioLoopback: writeRadioTrack(): Info: trackPtr: 0xB5A9A008, buffer Ptr: 0xB4E7F880
06-09 00:12:43.674 1110 1340 I customAudioLoopback: writeRadioTrack(): Info: track->trackEnabled: 1, track->audioTrack: 0xB5A9D000, track->trackRunning: 1, track->recovering: 0
06-09 00:12:43.674 1110 1340 I customAudioLoopback: writeRadioTrack(): Info: trackPtr: 0xB5A9A01C, buffer Ptr: 0xB4E7F880
06-09 00:12:43.674 1110 1340 I customAudioLoopback: writeRadioTrack(): Info: track->trackEnabled: 1, track->audioTrack: 0xB5A9D280, track->trackRunning: 0, track->recovering: 0
06-09 00:12:43.696 1110 1340 I customAudioLoopback: writeRadioTrack(): Info: trackPtr: 0xB5A9A008, buffer Ptr: 0xB4E7F880
06-09 00:12:43.696 1110 1340 I customAudioLoopback: writeRadioTrack(): Info: track->trackEnabled: 1, track->audioTrack: 0xB5A9D000, track->trackRunning: 1, track->recovering: 0
06-09 00:12:43.696 1110 1340 I customAudioLoopback: writeRadioTrack(): Info: trackPtr: 0xB5A9A01C, buffer Ptr: 0xB4E7F880
06-09 00:12:43.697 1110 1340 I customAudioLoopback: writeRadioTrack(): Info: track->trackEnabled: 1, track->audioTrack: 0xB5A9D280, track->trackRunning: 0, track->recovering: 0
06-09 00:12:43.707 725 1350 D RSIClient: client io error, failed to connect to /192.168.1.104 (port 9040) after 5000ms: isConnected failed: EHOSTUNREACH (No route to host)
06-09 00:12:43.707 725 1350 D RSIClient: STOPPED
06-09 00:12:43.707 725 1350 D RSIClient: RESTART CLIENT
06-09 00:12:43.717 1110 1340 I customAudioLoopback: writeRadioTrack(): Info: trackPtr: 0xB5A9A008, buffer Ptr: 0xB4E7F880
06-09 00:12:43.717 1110 1340 I customAudioLoopback: writeRadioTrack(): Info: track->trackEnabled: 1, track->audioTrack: 0xB5A9D000, track->trackRunning: 1, track->recovering: 0
06-09 00:12:43.717 1110 1340 I customAudioLoopback: writeRadioTrack(): Info: trackPtr: 0xB5A9A01C, buffer Ptr: 0xB4E7F880
06-09 00:12:43.717 1110 1340 I customAudioLoopback: writeRadioTrack(): Info: track->trackEnabled: 1, track->audioTrack: 0xB5A9D280, track->trackRunning: 0, track->recovering: 0
06-09 00:12:43.739 1110 1340 I customAudioLoopback: writeRadioTrack(): Info: trackPtr: 0xB5A9A008, buffer Ptr: 0xB4E7F880
06-09 00:12:43.739 1110 1340 I customAudioLoopback: writeRadioTrack(): Info: track->trackEnabled: 1, track->audioTrack: 0xB5A9D000, track->trackRunning: 1, track->recovering: 0
06-09 00:12:43.739 1110 1340 I customAudioLoopback: writeRadioTrack(): Info: trackPtr: 0xB5A9A01C, buffer Ptr: 0xB4E7F880
06-09 00:12:43.739 1110 1340 I customAudioLoopback: writeRadioTrack(): Info: track->trackEnabled: 1, track->audioTrack: 0xB5A9D280, track->trackRunning: 0, track->recovering: 0
06-09 00:12:43.760 1110 1340 I customAudioLoopback: writeRadioTrack(): Info: trackPtr: 0xB5A9A008, buffer Ptr: 0xB4E7F880
06-09 00:12:43.760 1110 1340 I customAudioLoopback: writeRadioTrack(): Info: track->trackEnabled: 1, track->audioTrack: 0xB5A9D000, track->trackRunning: 1, track->recovering: 0
06-09 00:12:43.760 1110 1340 I customAudioLoopback: writeRadioTrack(): Info: trackPtr: 0xB5A9A01C, buffer Ptr: 0xB4E7F880
06-09 00:12:43.760 1110 1340 I customAudioLoopback: writeRadioTrack(): Info: track->trackEnabled: 1, track->audioTrack: 0xB5A9D280, track->trackRunning: 0, track->recovering: 0
06-09 00:12:43.782 1110 1340 I customAudioLoopback: writeRadioTrack(): Info: trackPtr: 0xB5A9A008, buffer Ptr: 0xB4E7F880
06-09 00:12:43.782 1110 1340 I customAudioLoopback: writeRadioTrack(): Info: track->trackEnabled: 1, track->audioTrack: 0xB5A9D000, track->trackRunning: 1, track->recovering: 0
06-09 00:12:43.782 1110 1340 I customAudioLoopback: writeRadioTrack(): Info: trackPtr: 0xB5A9A01C, buffer Ptr: 0xB4E7F880
06-09 00:12:43.782 1110 1340 I customAudioLoopback: writeRadioTrack(): Info: track->trackEnabled: 1, track->audioTrack: 0xB5A9D280, track->trackRunning: 0, track->recovering: 0
06-09 00:12:43.802 1110 1340 I customAudioLoopback: writeRadioTrack(): Info: trackPtr: 0xB5A9A008, buffer Ptr: 0xB4E7F880
06-09 00:12:43.802 1110 1340 I customAudioLoopback: writeRadioTrack(): Info: track->trackEnabled: 1, track->audioTrack: 0xB5A9D000, track->trackRunning: 1, track->recovering: 0
06-09 00:12:43.802 1110 1340 I customAudioLoopback: writeRadioTrack(): Info: trackPtr: 0xB5A9A01C, buffer Ptr: 0xB4E7F880
06-09 00:12:43.802 1110 1340 I customAudioLoopback: writeRadioTrack(): Info: track->trackEnabled: 1, track->audioTrack: 0xB5A9D280, track->trackRunning: 0, track->recovering: 0
06-09 00:12:43.824 1110 1340 I customAudioLoopback: writeRadioTrack(): Info: trackPtr: 0xB5A9A008, buffer Ptr: 0xB4E7F880
06-09 00:12:43.824 1110 1340 I customAudioLoopback: writeRadioTrack(): Info: track->trackEnabled: 1, track->audioTrack: 0xB5A9D000, track->trackRunning: 1, track->recovering: 0
06-09 00:12:43.824 1110 1340 I customAudioLoopback: writeRadioTrack(): Info: trackPtr: 0xB5A9A01C, buffer Ptr: 0xB4E7F880
06-09 00:12:43.824 1110 1340 I customAudioLoopback: writeRadioTrack(): Info: track->trackEnabled: 1, track->audioTrack: 0xB5A9D280, track->trackRunning: 0, track->recovering: 0
06-09 00:12:43.845 1110 1340 I customAudioLoopback: writeRadioTrack(): Info: trackPtr: 0xB5A9A008, buffer Ptr: 0xB4E7F880
06-09 00:12:43.845 1110 1340 I customAudioLoopback: writeRadioTrack(): Info: track->trackEnabled: 1, track->audioTrack: 0xB5A9D000, track->trackRunning: 1, track->recovering: 0
06-09 00:12:43.845 1110 1340 I customAudioLoopback: writeRadioTrack(): Info: trackPtr: 0xB5A9A01C, buffer Ptr: 0xB4E7F880
06-09 00:12:43.845 1110 1340 I customAudioLoopback: writeRadioTrack(): Info: track->trackEnabled: 1, track->audioTrack: 0xB5A9D280, track->trackRunning: 0, track->recovering: 0
06-09 00:12:43.863 725 1094 D SvcIpcClass.cpp: gm_svcipc_SvcIpcBase_onSignal
06-09 00:12:43.863 725 1094 D SvcIpcClass.cpp: Got a Signal CallBack from SvcIpc.
06-09 00:12:43.865 725 2531 D AmFmTunerManager: RSI *** Started: SendStationListDetails ***
06-09 00:12:43.865 725 2531 D SvcIpcClass.cpp: gm_svcipc_SvcIpcBase_nameHasOwner
06-09 00:12:43.865 725 946 D SvcIpcClass.cpp: gm_svcipc_SvcIpcBase_nameHasOwner
06-09 00:12:43.867 1110 1340 I customAudioLoopback: writeRadioTrack(): Info: trackPtr: 0xB5A9A008, buffer Ptr: 0xB4E7F880
06-09 00:12:43.867 1110 1340 I customAudioLoopback: writeRadioTrack(): Info: track->trackEnabled: 1, track->audioTrack: 0xB5A9D000, track->trackRunning: 1, track->recovering: 0
06-09 00:12:43.867 1110 1340 I customAudioLoopback: writeRadioTrack(): Info: trackPtr: 0xB5A9A01C, buffer Ptr: 0xB4E7F880
06-09 00:12:43.867 1110 1340 I customAudioLoopback: writeRadioTrack(): Info: track->trackEnabled: 1, track->audioTrack: 0xB5A9D280, track->trackRunning: 0, track->recovering: 0
06-09 00:12:43.868 725 2531 D SvcIpcClass.cpp: gm_svcipc_SvcIpcBase_Invoke
06-09 00:12:43.877 725 946 D SvcIpcClass.cpp: gm_svcipc_SvcIpcBase_Invoke
06-09 00:12:43.888 1110 1340 I customAudioLoopback: writeRadioTrack(): Info: trackPtr: 0xB5A9A008, buffer Ptr: 0xB4E7F880
06-09 00:12:43.888 1110 1340 I customAudioLoopback: writeRadioTrack(): Info: track->trackEnabled: 1, track->audioTrack: 0xB5A9D000, track->trackRunning: 1, track->recovering: 0
06-09 00:12:43.888 1110 1340 I customAudioLoopback: writeRadioTrack(): Info: trackPtr: 0xB5A9A01C, buffer Ptr: 0xB4E7F880
06-09 00:12:43.888 1110 1340 I customAudioLoopback: writeRadioTrack(): Info: track->trackEnabled: 1, track->audioTrack: 0xB5A9D280, track->trackRunning: 0, track->recovering: 0
06-09 00:12:43.890 725 2531 D SvcIpcClass.cpp: gm_svcipc_SvcIpcBase_nameHasOwner
06-09 00:12:43.892 725 2531 D SvcIpcClass.cpp: gm_svcipc_SvcIpcBase_Invoke
06-09 00:12:43.910 1110 1340 I customAudioLoopback: writeRadioTrack(): Info: trackPtr: 0xB5A9A008, buffer Ptr: 0xB4E7F880
06-09 00:12:43.910 1110 1340 I customAudioLoopback: writeRadioTrack(): Info: track->trackEnabled: 1, track->audioTrack: 0xB5A9D000, track->trackRunning: 1, track->recovering: 0
06-09 00:12:43.910 1110 1340 I customAudioLoopback: writeRadioTrack(): Info: trackPtr: 0xB5A9A01C, buffer Ptr: 0xB4E7F880
06-09 00:12:43.910 1110 1340 I customAudioLoopback: writeRadioTrack(): Info: track->trackEnabled: 1, track->audioTrack: 0xB5A9D280, track->trackRunning: 0, track->recovering: 0
06-09 00:12:43.915 3669 3669 D AndroidRuntime: >>>>>> START com.android.internal.os.RuntimeInit uid 2000 <<<<<<
06-09 00:12:43.920 3669 3669 D AndroidRuntime: CheckJNI is OFF
06-09 00:12:43.921 3669 3669 E cutils-trace: Error opening trace file: Permission denied (13)
06-09 00:12:43.923 725 2531 D AmFmTunerManager: RSI *** StrongStationList is empty - skipping ***
06-09 00:12:43.923 725 2531 D AmFmTunerManager: RSI *** Finished: SendStationListDetails ***
06-09 00:12:43.925 144 161 E ProtoKey: Protokey request failed
06-09 00:12:43.927 3669 3669 W art : 70c9c000-7188a000 rw-p 00000000 b3:09 32388 /data/dalvik-cache/arm/system@framework@boot.art
06-09 00:12:43.927 3669 3669 W art : 7f5b8000-7f5bd000 r-xp 00000000 b3:06 305 /system/bin/app_process32
06-09 00:12:43.927 3669 3669 W art : 7f5bd000-7f5be000 r--p 00004000 b3:06 305 /system/bin/app_process32
06-09 00:12:43.927 3669 3669 W art : 7f5be000-7f5bf000 rw-p 00000000 00:00 0
06-09 00:12:43.927 3669 3669 W art : af8c4000-b26f9000 r--p 00000000 b3:06 1056 /system/framework/arm/boot.oat
06-09 00:12:43.927 3669 3669 W art : b26f9000-b483f000 r-xp 02e35000 b3:06 1056 /system/framework/arm/boot.oat
06-09 00:12:43.927 3669 3669 W art : b483f000-b4840000 rw-p 04f7b000 b3:06 1056 /system/framework/arm/boot.oat
06-09 00:12:43.927 3669 3669 W art : b4840000-b4865000 r--p 00bee000 b3:09 32388 /data/dalvik-cache/arm/system@framework@boot.ar
06-09 00:12:43.927 3669 3669 W art : t
06-09 00:12:43.927 3669 3669 W art : b4865000-b4cb2000 r-xp 00000000 b3:06 1218 /system/lib/libart.so
06-09 00:12:43.927 3669 3669 W art : b4cb2000-b4cb3000 ---p 00000000 00:00 0
06-09 00:12:43.927 3669 3669 W art : b4cb3000-b4cbd000 r--p 0044d000 b3:06 1218 /system/lib/libart.so
06-09 00:12:43.927 3669 3669 W art : b4cbd000-b4cbe000 rw-p 00457000 b3:06 1218 /system/lib/libart.so
06-09 00:12:43.927 3669 3669 W art : b4
06-09 00:12:43.927 3669 3669 W art : cbe000-b4cc0000 rw-p 00000000 00:00 0
06-09 00:12:43.927 3669 3669 W art : b4cc0000-b4dc0000 rw-p 00000000 00:00 0 [anon:libc_malloc]
06-09 00:12:43.927 3669 3669 W art : b4dc6000-b4dc7000 rw-p 00000000 00:00 0 [anon:linker_alloc_vector]
06-09 00:12:43.928 3669 3669 W art : b4dc8000-b4dcb000 r-xp 00000000 b3:06 1480 /system/lib/libsigchain.so
06-09 00:12:43.928 3669 3669 W art : b4dcb000-b4dcc000 r--p 00002000 b3:06 1480 /system/lib/libsigchain.so
06-09 00:12:43.928 3669 3669 W art : b4dcc000-b4dcd000 rw-p 00003000 b3:06 1480 /system/lib/libsigchain.so
06-09 00:12:43.928 3669 3669 W art : b4dcd000-b4dcf000 r--p 00000000 00:00 0
06-09 00:12:43.928 3669 3669 W art : b4dcf000-b4def000 r--s 00000000 00:0e 9470 /dev/__properties__
06-09 00:12:43.928 3669 3669 W art : b4def000-b4df0000 rw-p 00000000 00:00 0 [anon:linker_alloc_vector]
06-09 00:12:43.928 3669 3669 W art : b4df0000-b5810000 r-xp 00000000 b3:06 1183 /system/lib/libLLVM.so
06-09 00:12:43.928 3669 3669 W art : b5810000-b5811000 ---p 00000000 00:00 0
06-09 00:12:43.928 3669 3669 W art : b5811000-b585a000 r--p 00a20000 b3:06 1183 /system/lib/libLLVM.so
06-09 00:12:43.928 3669 3669 W art : b585a000-b585b000 rw-p 00a69000 b3:06 1183 /system/lib/libLLVM.so
06-09 00:12:43.928 3669 3669 W art : b585b000-b5863000 rw-p 00000000 00:00 0
06-09 00:12:43.928 3669 3669 W art : b5863000-b5864000 r--p 00000000 00:00 0 [anon:linker_alloc]
06-09 00:12:43.928 3669 3669 W art : b5864000-b589a000 r-xp 00000000 b3:06 1233 /system/lib/libbcinfo.so
06-09 00:12:43.928 3669 3669 W art : b589a000-b589b000 r--p 00035000 b3:06 1233 /system/lib/libbcinfo.s
06-09 00:12:43.928 3669 3669 W art : o
06-09 00:12:43.928 3669 3669 W art : b589b000-b589c000 rw-p 00036000 b3:06 1233 /system/lib/libbcinfo.so
06-09 00:12:43.928 3669 3669 W art : b589c000-b58f4000 r-xp 00000000 b3:06 1232 /system/lib/libbcc.so
06-09 00:12:43.928 3669 3669 W art : b58f4000-b58f5000 ---p 00000000 00:00 0
06-09 00:12:43.928 3669 3669 W art : b58f5000-b58f6000 r--p 00058000 b3:06 1232 /system/lib/libbcc.so
06-09 00:12:43.928 3669 3669 W art : b58f6000-b58f7000 rw-p 00059000 b3:06 1232 /system/lib/libbcc.so
06-09 00:12:43.928 3669 3669 W art : b58f7000-b5901000 r-xp 00000000 b3:06 1247 /system/lib/libcommon_time_client.so
06-09 00:12:43.928 3669 3669 W art : b5901000-b5904000 r--p 00009000 b3:06 1247 /system/lib/libcommon_time_client.so
06-09 00:12:43.928 3669 3669 W art : b5904000-b590
06-09 00:12:43.928 3669 3669 W art : 5000 rw-p 0000c000 b3:06 1247 /system/lib/libcommon_time_client.so
06-09 00:12:43.928 3669 3669 W art : b5905000-b5906000 r--p 00000000 00:00 0
06-09 00:12:43.928 3669 3669 W art : b5906000-b591d000 r-xp 00000000 b3:06 1458 /system/lib/libprotobuf-cpp-lite.so
06-09 00:12:43.928 3669 3669 W art : b591d000-b591e000 ---p 00000000 00:00 0
06-09 00:12:43.928 3669 3669 W art : b591e000-b591f000 r--p 00017000 b3:06 1458 /system/lib/libprotobuf-cpp-lite.so
06-09 00:12:43.928 3669 3669 W art : b591f000-b5920000 rw-p 00018000 b3:06 1458 /system/lib/libprotobuf-cpp-lite.so
06-09 00:12:43.928 3669 3669 W art : b5920000-b5927000 r-xp 00000000 b3:06 1500 /system/lib/libstagefright_avc_common.so
06-09 00:12:43.928 3669 3669 W art : b5927000-b5928000 r--p 00006000 b3:06 1500 /system/lib/libstagefright_avc_common.so
06-09 00:12:43.928 3669 3669 W art : b5928000-b5929000 rw-p 00007000 b3:06 1500 /system/lib/libstagefright_avc_common.so
06-09 00:12:43.928 3669 3669 W art : b5929000-b592c000 r-xp 00000000 b3:06 1501 /system/lib/libstagefright_enc_common.so
06-09 00:12:43.928 3669 3669 W art : b592c000-b592d000 r--p 00002000 b3:06 1501 /system/lib/libstagefright_enc_common.so
06-09 00:12:43.928 3669 3669 W art : b592d000-b592e000 rw-p 00003000 b3:06 1501 /system/lib/libstagefright_enc_common.so
06-09 00:12:43.928 3669 3669 W art : b592e000-b5932000 r-xp 00000000 b3:06 1455 /system/lib/libpowermanager.so
06-09 00:12:43.928 3669 3669 W art : b5932000-b5933000 ---p 00000000 00:00 0
06-09 00:12:43.928 3669 3669 W art : b5933000-b5934000 r--p 00004000 b3:06 1455 /system/lib/libpowermanager.so
06-09 00:12:43.928 3669 3669 W art : b5934000-b5935000 rw-p 00005000 b3:06 1455 /system/lib/libpowermanager.so
06-09 00:12:43.928 3669 3669 W art : b5935000-b5952000 r-xp 00000000 b3:06 1590 /system/lib/libvorbisidec.so
06-09 00:12:43.928 3669 3669 W art : b5952000-b5953000 r--p 0001c000 b3:06 1590 /system/lib/libvorbisidec.so
06-09 00:12:43.928 3669 3669 W art : b5953000-b5954000 rw-p 0001d000 b3:06 1590 /system/lib/libvorbisidec.so
06-09 00:12:43.928 3669 3669 W art : b5954000-b5959000 r-xp 00000000 b3:06 1527 /system/lib/libstagefright_yuv.so
06-09 00:12:43.928 3669 3669 W art : b5959000-b595a000 r--p 00004000 b3:06 1527 /system/lib/libstagefright_yuv.so
06-09 00:12:43.928 3669 3669 W art : b595a000-b595b000 rw-p 00005000 b3:06 1527 /system/lib/libstagefright_yuv.so
06-09 00:12:43.928 3669 3669 W art : b595b000-b595c000 r--p 00000000 00:00 0 [anon:linker_alloc]
06-09 00:12:43.928 3669 3669 W art : b595c000-b5989000 r-xp 00000000 b3:06 1505 /system/lib/libstagefright_omx.so
06-09 00:12:43.928 3669 3669 W art : b5989000-b598a000 ---p 00000000 00:00 0
06-09 00:12:43.928 3669 3669 W art : b598a000-b598d000 r--p 0002d000 b3:06 1505 /system/lib/libstagefright_omx.so
06-09 00:12:43.928 3669 3669 W art : b598d000-b598e000 rw-p 00030000 b3:06 1505 /system/lib/libstagefright_omx.so
06-09 00:12:43.928 3669 3669 W art : b598e000-b59c9000 r-xp 00000000 b3:06 1437 /system/lib/libopus.so
06-09 00:12:43.928 3669 3669 W art : b59c9000-b59ca000 r--p 0003a000 b3:06 1437 /system/lib/libopus.so
06-09 00:12:43.929 3669 3669 W art : b59ca000-b59cb000 rw-p 0003b000 b3:06 1437 /system/lib/libopus.so
06-09 00:12:43.929 3669 3669 W art : b59cb000-b59d2000 r-xp 00000000 b3:06 1369 /system/lib/libmediautils.so
06-09 00:12:43.929 3669 3669 W art : b59d2000-b59d3000 ---p 00000000 00:00 0
06-09 00:12:43.929 3669 3669 W art : b59d3000-b59d4000 r--p 00007000 b3:06 1369 /system/lib/libmediautils.so
06-09 00:12:43.929 3669 3669 W art : b59d4000-b59d5000 rw-p 00008000 b3:06 1369 /system/lib/libmediautils.so
06-09 00:12:43.929 3669 3669 W art : b59d5000-b59ea000 r-xp 00000000 b3:06 1281 /system/lib/libdrmframework.so
06-09 00:12:43.929 3669 3669 W art : b59ea000-b59eb000 ---p 00000000 00:00 0
06-09 00:12:43.929 3669 3669 W art : b59eb000-b59ee000 r--p 00015000 b3:06 1281 /system/lib/libdrmframework.so
06-09 00:12:43.929 3669 3669 W art : b59ee000-b59ef000 rw-p 00018000 b3:06 1281 /system/lib/libdrmframework.so
06-09 00:12:43.929 3669 3669 W art : b59ef000-b5a0e000 r-xp 00000000 b3:06 1200 /system/lib/libRScpp.so
06-09 00:12:43.929 3669 3669 W art : b5a0e000-b5a0f000 r--p 0001e000 b3:06 1200 /system/lib/libRScpp.so
06-09 00:12:43.929 3669 3669 W art : b5a0f000-b5a10000 rw-p 0001f000 b3:06 1200 /system/lib/libRScpp.so
06-09 00:12:43.929 3669 3669 W art : b5a10000-b5a4e000 r-xp 00000000 b3:06 1197 /system/lib/libRS.so
06-09 00:12:43.929 3669 3669 W art : b5a4e000-b5a4f000 ---p 00000000 00:00 0
06-09 00:12:43.929 3669 3669 W art : b5a4f000-b5a51000 r--p 0003e000 b3:06 1197 /system/lib/libRS.so
06-09 00:12:43.929 3669 3669 W art : b5a51000-b5a52000 rw-p 00040000 b3:06 1197 /system/lib/libRS.so
06-09 00:12:43.929 3669 3669 W art : b5a52000-b5a59000 r-xp 00000000 b3:06 1490 /system/lib/libspeexresampler.so
06-09 00:12:43.929 3669 3669 W art : b5a59000-b5a5a000 r--p 00006000 b3:06 1490 /system/lib/libspeexresampler.so
06-09 00:12:43.929 3669 3669 W art : b5a5a000-b5a5b000 rw-p 00007000 b3:06 1490 /system/lib/libspeexresampler.so
06-09 00:12:43.929 3669 3669 W art : b5a5b000-b5a64000 r-xp 00000000 b3:06 1380 /system/lib/libnbaio.so
06-09 00:12:43.929 3669 3669 W art : b5a64000-b5a65000 r--p 00008000 b3:06 1380 /system/lib/libnbaio.so
06-09 00:12:43.929 3669 3669 W art : b5a65000-b5a66000 rw-p 00009000 b3:06 1380 /system/lib/libnbaio.so
06-09 00:12:43.929 3669 3669 W art : b5a66000-b5a78000 r-xp 00000000 b3:06 1448 /system/lib/libpcre.so
06-09 00:12:43.929 3669 3669 W art : b5a78000-b5a79000 r--p 00011000 b3:06 1448 /system/lib/libpcre.so
06-09 00:12:43.929 3669 3669 W art : b5a79000-b5a7a000 rw-p 00012000 b3:06 1448 /system/lib/libpcre.so
06-09 00:12:43.929 3669 3669 W art : b5a7a000-b5a7c000 r--p 00000000 00:00 0 [anon:linker_alloc]
06-09 00:12:43.929 3669 3669 W art : b5a7c000-b5a81000 r-xp 00000000 b3:06 1597 /system/lib/libwpa_client.so
06-09 00:12:43.929 3669 3669 W art : b5a81000-b5a82000 r--p 00004000 b3:06 1597 /system/lib/libwpa_client.so
06-09 00:12:43.929 3669 3669 W art : b5a82000-b5a83000 rw-p 00005000 b3:06 1597 /system/lib/libwpa_client.so
06-09 00:12:43.929 3669 3669 W art : b5a83000-b5af0000 r-xp 00000000 b3:06 1178 /system/lib/libGLES_trace.so
06-09 00:12:43.931 1110 1340 I customAudioLoopback: writeRadioTrack(): Info: trackPtr: 0xB5A9A008, buffer Ptr: 0xB4E7F880
06-09 00:12:43.931 1110 1340 I customAudioLoopback: writeRadioTrack(): Info: track->trackEnabled: 1, track->audioTrack: 0xB5A9D000, track->trackRunning: 1, track->recovering: 0
06-09 00:12:43.931 1110 1340 I customAudioLoopback: writeRadioTrack(): Info: trackPtr: 0xB5A9A01C, buffer Ptr: 0xB4E7F880
06-09 00:12:43.931 1110 1340 I customAudioLoopback: writeRadioTrack(): Info: track->trackEnabled: 1, track->audioTrack: 0xB5A9D280, track->trackRunning: 0, track->recovering: 0
06-09 00:12:43.929 3669 3669 W art : b5af0000-b5af1000 ---p 00000000 00:00 0
06-09 00:12:43.932 3669 3669 W art : b5af1000-b5af3000 r--p 0006d000 b3:06 1178 /system/lib/libGLES_trace.so
06-09 00:12:43.932 3669 3669 W art : b5af3000-b5af4000 rw-p 0006f000 b3:06 1178 /system/lib/libGLES_trace.so
06-09 00:12:43.932 3669 3669 W art : b5af4000-b5b55000 r-xp 00000000 b3:06 1299 /system/lib/libft2.so
06-09 00:12:43.932 3669 3669 W art : b5b55000-b5b57000 r--p 00060000 b3:06 1299 /system/lib/libft2.so
06-09 00:12:43.932 3669 3669 W art : b5b57000-b5b58000 rw-p 00062000 b3:06 1299 /system/lib/libft2.so
06-09 00:12:43.932 3669 3669 W art : b5b58000-b5b7f000 r-xp 00000000 b3:06 1453 /system/lib/libpng.so
06-09 00:12:43.932 3669 3669 W art : b5b7f000-b5b80000 ---p 00000000 00:00 0
06-09 00:12:43.932 3669 3669 W art : b5b80000-b5b81000 r--p 00027000 b3:06 1453 /system/lib/libpng.so
06-09 00:12:43.932 3669 3669 W art : b5b81000-b5b82000 rw-p 00028000 b3:06 1453 /system/lib/libpng.so
06-09 00:12:43.932 3669 3669 W art : b5b82000-b5b85000 r-xp 00000000 b3:06 1534 /system/lib/libsync.so
06-09 00:12:43.932 3669 3669 W art : b5b85000-b5b86000 r--p 00002000 b3:06 1534 /system/lib/libsync.so
06-09 00:12:43.932 3669 3669 W art : b5b86000-b5b87000 rw-p 00003000 b3:06 1534 /system/lib/libsync.so
06-09 00:12:43.932 3669 3669 W art : b5b87000-b5b8c000 r-xp 00000000 b3:06 1529 /system/lib/libstdc++.so
06-09 00:12:43.932 3669 3669 W art : b5b8c000-b5b8d000 r--p 00004000 b3:06 1529 /system/lib/libstdc++.so
06-09 00:12:43.932 3669 3669 W art : b5b8d000-b5b8e000 rw-p 00005000 b3:06 1529 /system/lib/libstdc++.so
06-09 00:12:43.932 3669 3669 W art : b5b8e000-b5b9e000 r-xp 00000000 b3:06 1551 /system/lib/libunwind.so
06-09 00:12:43.933 3669 3669 W art : b5b9e000-b5b9f000 r--p 0000f000 b3:06 1551 /system/lib/libunwind.so
06-09 00:12:43.933 3669 3669 W art : b5b9f000-b5ba0000 rw-p 00010000 b3:06 1551 /system/lib/libunwind.so
06-09 00:12:43.933 3669 3669 W art : b5ba0000-b5be6000 rw-p 00000000 00:00 0
06-09 00:12:43.933 3669 3669 W art : b5be6000-b5bef000 r-xp 00000000 b3:06 1231 /system/lib/libbase.so
06-09 00:12:43.933 3669 3669 W art : b5bef000-b5bf0000 r--p 00008000 b3:06 1231 /system/lib/libbase.so
06-09 00:12:43.933 3669 3669 W art : b5bf0000-b5bf1000 rw-p 00009000 b3:06 1231 /system/lib/libbase.so
06-09 00:12:43.933 3669 3669 W art : b5bf1000-b5bf6000 r-xp 00000000 b3:06 1283 /system/lib/libeffects.so
06-09 00:12:43.933 3669 3669 W art : b5bf6000-b5bf7000 r--p 00004000 b3:06 1283 /system/lib/libeffects.so
06-09 00:12:43.933 3669 3669 W art : b5bf7000-b5bf8000 rw-p 00005000 b3:06 1283 /system/lib/libeffects.so
06-09 00:12:43.933 3669 3669 W art : b5bf8000-b5bf9000 r--p 00000000 00:00 0 [anon:linker_alloc]
06-09 00:12:43.933 3669 3669 W art : b5bf9000-b5bfc000 r-xp 00000000 b3:06 1503 /system/lib/libstagefright_http_support.so
06-09 00:12:43.933 3669 3669 W art : b5bfc000-b5bfd000 ---p 00000000 00:00 0
06-09 00:12:43.933 3669 3669 W art : b5bfd000-b5bfe000 r--p 00003000 b3:06 1503 /system/lib/libstagefright_http_support.so
06-09 00:12:43.933 3669 3669 W art : b5bfe000-b5bff000 rw-p 00004000 b3:06 1503 /system/lib/libstagefright_http_support.so
06-09 00:12:43.933 3669 3669 W art : b5bff000-b5c17000 r-xp 00000000 b3:06 1502 /system/lib/libstagefright_foundation.so
06-09 00:12:43.933 3669 3669 W art : b5c17000-b5c18000 ---p 00000000 00:00 0
06-09 00:12:43.933 3669 3669 W art : b5c18000-b5c19000 r--p 00018000 b3:06 1502 /system/lib/libstagefright_foundation.so
06-09 00:12:43.933 3669 3669 W art : b5c19000-b5c1a000 rw-p 00019000 b3:06 1502 /system/lib/libstagefright_foundation.so
06-09 00:12:43.933 3669 3669 W art : b5c1a000-b5d68000 r-xp 00000000 b3:06 1498 /system/lib/libstagefright.so
06-09 00:12:43.934 3669 3669 W art : b5d68000-b5d74000 r--p 0014d000 b3:06 1498 /system/lib/libstagefright.so
06-09 00:12:43.934 3669 3669 W art : b5d74000-b5d75000 rw-p 00159000 b3:06 1498 /system/lib/libstagefright.so
06-09 00:12:43.934 3669 3669 W art : b5d75000-b5de0000 r-xp 00000000 b3:06 1331 /system/lib/libhwui.so
06-09 00:12:43.934 3669 3669 W art : b5de0000-b5de1000 ---p 00000000 00:00 0
06-09 00:12:43.934 3669 3669 W art : b5de1000-b5de4000 r--p 0006b000 b3:06 1331 /system/lib/libhwui.so
06-09 00:12:43.934 3669 3669 W art : b5de4000-b5de5000 rw-p 0006e000 b3:06 1331 /system/lib/libhwui.so
06-09 00:12:43.934 3669 3669 W art : b5de5000-b5de8000 r-xp 00000000 b3:06 1461 /system/lib/libradio_metadata.so
06-09 00:12:43.934 3669 3669 W art : b5de8000-b5de9000 r--p 00002000 b3:06 1461 /system/lib/libradio_metadata.so
06-09 00:12:43.934 3669 3669 W art : b5de9000-b5dea000 rw-p 00003000 b3:06 1461 /system/lib/libradio_metadata.so
06-09 00:12:43.934 3669 3669 W art : b5dea000-b5dee000 r-xp 00000000 b3:06 1376 /system/lib/libnativebridge.so
06-09 00:12:43.934 3669 3669 W art : b5dee000-b5def000 r--p 00003000 b3:06 1376 /system/lib/libnativebridge.so
06-09 00:12:43.934 3669 3669 W art : b5def000-b5df0000 rw-p 00004000 b3:06 1376 /system/lib/libnativebridge.so
06-09 00:12:43.934 3669 3669 W art : b5df0000-b5df4000 r-xp 00000000 b3:06 1456 /system/lib/libprocessgroup.so
06-09 00:12:43.934 3669 3669 W art : b5df4000-b5df5000 r--p 00003000 b3:06 1456 /system/lib/libprocessgroup.so
06-09 00:12:43.934 3669 3669 W art : b5df5000-b5df6000 rw-p 00004000 b3:06 1456 /system/lib/libprocessgroup.so
06-09 00:12:43.934 3669 3669 W art : b5df6000-b5e04000 r-xp 00000000 b3:06 1371 /system/lib/libminikin.so
06-09 00:12:43.934 3669 3669 W art : b5e04000-b5e05000 ---p 00000000 00:00 0
06-09 00:12:43.934 3669 3669 W art : b5e05000-b5e06000 r--p 0000e000 b3:06 1371 /system/lib/libminikin.so
06-09 00:12:43.934 3669 3669 W art : b5e06000-b5e07000 rw-p 0000f000 b3:06 1371 /system/lib/libminikin.so
06-09 00:12:43.934 3669 3669 W art : b5e07000-b5e11000 r-xp 00000000 b3:06 1487 /system/lib/libsoundtrigger.so
06-09 00:12:43.934 3669 3669 W art : b5e11000-b5e14000 r--p 00009000 b3:06 1487 /system/lib/libsoundtrigger.so
06-09 00:12:43.934 3669 3669 W art : b5e14000-b5e15000 rw-p 0000c000 b3:06 1487 /system/lib/libsoundtrigger.so
06-09 00:12:43.934 3669 3669 W art : b5e15000-b5e16000 r--p 00000000 00:00 0 [anon:linker_alloc]
06-09 00:12:43.934 3669 3669 W art : b5e16000-b5e20000 r-xp 00000000 b3:06 1460 /system/lib/libradio.so
06-09 00:12:43.934 3669 3669 W art : b5e20000-b5e23000 r--p 00009000 b3:06 1460 /system/lib/libradio.so
06-09 00:12:43.934 3669 3669 W art : b5e23000-b5e24000 rw-p 0000c000 b3:06 1460 /system/lib/libradio.so
06-09 00:12:43.934 3669 3669 W art : b5e24000-b5e28000 r-xp 00000000 b3:06 1429 /system/lib/libnetd_client.so
06-09 00:12:43.934 3669 3669 W art : b5e28000-b5e29000 r--p 00003000 b3:06 1429 /system/lib/libnetd_client.so
06-09 00:12:43.934 3669 3669 W art : b5e29000-b5e2a000 rw-p 00004000 b3:06 1429 /system/lib/libnetd_client.so
06-09 00:12:43.934 3669 3669 W art : b5e2a000-b5e38000 r-xp 00000000 b3:06 1335 /system/lib/libimg_utils.so
06-09 00:12:43.934 3669 3669 W art : b5e38000-b5e3a000 r--p 0000d000 b3:06 1335 /system/lib/libimg_utils.so
06-09 00:12:43.934 3669 3669 W art : b5e3a000-b5e3b000 rw-p 0000f000 b3:06 1335 /system/lib/libimg_utils.so
06-09 00:12:43.934 3669 3669 W art : b5e3b000-b624d000 r-xp 00000000 b3:06 1449 /system/lib/libpdfium.so
06-09 00:12:43.934 3669 3669 W art : b624d000-b624e000 ---p 00000000 00:00 0
06-09 00:12:43.935 3669 3669 W art : b624e000-b6257000 r--p 00412000 b3:06 1449 /system/lib/libpdfium.so
