06-09 00:12:44.577 3680 3680 W art : b59ac000-b59b0000 r-xp 00000000 b3:06 1455 /system/lib/libpowermanager.so
06-09 00:12:44.577 3680 3680 W art : b59b0000-b59b1000 ---p 00000000 00:00 0
06-09 00:12:44.577 3680 3680 W art : b59b1000-b59b2000 r--p 00004000 b3:06 1455 /system/lib/libpowermanager.so
06-09 00:12:44.577 3680 3680 W art : b59b2000-b59b3000 rw-p 00005000 b3:06 1455 /system/lib/libpowermanager.so
06-09 00:12:44.577 3680 3680 W art : b59b3000-b59d0000 r-xp 00000000 b3:06 1590 /system/lib/libvorbisidec.so
06-09 00:12:44.577 3680 3680 W art : b59d0000-b59d1000 r--p 0001c000 b3:06 1590 /system/lib/libvorbisidec.so
06-09 00:12:44.577 3680 3680 W art : b59d1000-b59d2000 rw-p 0001d000 b3:06 1590 /system/lib/libvorbisidec.so
06-09 00:12:44.577 3680 3680 W art : b59d2000-b59d7000 r-xp 00000000 b3:06 1527 /system/lib/libstagefright_yuv.so
06-09 00:12:44.577 3680 3680 W art : b59d7000-b59d8000 r--p 00004000 b3:06 1527 /system/lib/libstagefright_yuv.so
06-09 00:12:44.577 3680 3680 W art : b59d8000-b59d9000 rw-p 00005000 b3:06 1527 /system/lib/libstagefright_yuv.so
06-09 00:12:44.577 3680 3680 W art : b59d9000-b59da000 r--p 00000000 00:00 0 [anon:linker_alloc]
06-09 00:12:44.577 3680 3680 W art : b59da000-b5a07000 r-xp 00000000 b3:06 1505 /system/lib/libstagefright_omx.so
06-09 00:12:44.577 3680 3680 W art : b5a07000-b5a08000 ---p 00000000 00:00 0
06-09 00:12:44.577 3680 3680 W art : b5a08000-b5a0b000 r--p 0002d000 b3:06 1505 /system/lib/libstagefright_omx.so
06-09 00:12:44.577 3680 3680 W art : b5a0b000-b5a0c000 rw-p 00030000 b3:06 1505 /system/lib/libstagefright_omx.so
06-09 00:12:44.577 3680 3680 W art : b5a0c000-b5a47000 r-xp 00000000 b3:06 1437 /system/lib/libopus.so
06-09 00:12:44.577 3680 3680 W art : b5a47000-b5a48000 r--p 0003a000 b3:06 1437 /system/lib/libopus.so
06-09 00:12:44.577 3680 3680 W art : b5a48000-b5a49000 rw-p 0003b000 b3:06 1437 /system/lib/libopus.so
06-09 00:12:44.577 3680 3680 W art : b5a49000-b5a50000 r-xp 00000000 b3:06 1369 /system/lib/libmediautils.so
06-09 00:12:44.577 3680 3680 W art : b5a50000-b5a51000 ---p 00000000 00:00 0
06-09 00:12:44.577 3680 3680 W art : b5a51000-b5a52000 r--p 00007000 b3:06 1369 /system/lib/libmediautils.so
06-09 00:12:44.577 3680 3680 W art : b5a52000-b5a53000 rw-p 00008000 b3:06 1369 /system/lib/libmediautils.so
06-09 00:12:44.577 3680 3680 W art : b5a53000-b5a68000 r-xp 00000000 b3:06 1281 /system/lib/libdrmframework.so
06-09 00:12:44.577 3680 3680 W art : b5a68000-b5a69000 ---p 00000000 00:00 0
06-09 00:12:44.577 3680 3680 W art : b5a69000-b5a6c000 r--p 00015000 b3:06 1281 /system/lib/libdrmframework.so
06-09 00:12:44.577 3680 3680 W art : b5a6c000-b5a6d000 rw-p 00018000 b3:06 1281 /system/lib/libdrmframework.so
06-09 00:12:44.577 3680 3680 W art : b5a6d000-b5a8c000 r-xp 00000000 b3:06 1200 /system/lib/libRScpp.so
06-09 00:12:44.577 3680 3680 W art : b5a8c000-b5a8d000 r--p 0001e000 b3:06 1200 /system/lib/libRScpp.so
06-09 00:12:44.577 3680 3680 W art : b5a8d000-b5a8e000 rw-p 0001f000 b3:06 1200 /system/lib/libRScpp.so
06-09 00:12:44.577 3680 3680 W art : b5a8e000-b5acc000 r-xp 00000000 b3:06 1197 /system/lib/libRS.so
06-09 00:12:44.577 3680 3680 W art : b5acc000-b5acd000 ---p 00000000 00:00 0
06-09 00:12:44.577 3680 3680 W art : b5acd000-b5acf000 r--p 0003e000 b3:06 1197 /system/lib/libRS.so
06-09 00:12:44.577 3680 3680 W art : b5acf000-b5ad0000 rw-p 00040000 b3:06 1197 /system/lib/libRS.so
06-09 00:12:44.577 3680 3680 W art : b5ad0000-b5ad7000 r-xp 00000000 b3:06 1490 /system/lib/libspeexresampler.so
06-09 00:12:44.577 3680 3680 W art : b5ad7000-b5ad8000 r--p 00006000 b3:06 1490 /system/lib/libspeexresampler.so
06-09 00:12:44.577 3680 3680 W art : b5ad8000-b5ad9000 rw-p 00007000 b3:06 1490 /system/lib/libspeexresampler.so
06-09 00:12:44.577 3680 3680 W art : b5ad9000-b5ae2000 r-xp 00000000 b3:06 1380 /system/lib/libnbaio.so
06-09 00:12:44.578 3680 3680 W art : b5ae2000-b5ae3000 r--p 00008000 b3:06 1380 /system/lib/libnbaio.so
06-09 00:12:44.578 3680 3680 W art : b5ae3000-b5ae4000 rw-p 00009000 b3:06 1380 /system/lib/libnbaio.so
06-09 00:12:44.578 3680 3680 W art : b5ae4000-b5af6000 r-xp 00000000 b3:06 1448 /system/lib/libpcre.so
06-09 00:12:44.578 3680 3680 W art : b5af6000-b5af7000 r--p 00011000 b3:06 1448 /system/lib/libpcre.so
06-09 00:12:44.578 3680 3680 W art : b5af7000-b5af8000 rw-p 00012000 b3:06 1448 /system/lib/libpcre.so
06-09 00:12:44.578 3680 3680 W art : b5af8000-b5afa000 r--p 00000000 00:00 0 [anon:linker_alloc]
06-09 00:12:44.578 3680 3680 W art : b5afa000-b5aff000 r-xp 00000000 b3:06 1597 /system/lib/libwpa_client.so
06-09 00:12:44.578 3680 3680 W art : b5aff000-b5b00000 r--p 00004000 b3:06 1597 /system/lib/libwpa_client.so
06-09 00:12:44.578 3680 3680 W art : b5b00000-b5b01000 rw-p 00005000 b3:06 1597 /system/lib/libwpa_client.so
06-09 00:12:44.578 3680 3680 W art : b5b01000-b5b6e000 r-xp 00000000 b3:06 1178 /system/lib/libGLES_trace.so
06-09 00:12:44.578 3680 3680 W art : b5b6e000-b5b6f000 ---p 00000000 00:00 0
06-09 00:12:44.578 3680 3680 W art : b5b6f000-b5b71000 r--p 0006d000 b3:06 1178 /system/lib/libGLES_trace.so
06-09 00:12:44.578 3680 3680 W art : b5b71000-b5b72000 rw-p 0006f000 b3:06 1178 /system/lib/libGLES_trace.so
06-09 00:12:44.578 3680 3680 W art : b5b72000-b5bd3000 r-xp 00000000 b3:06 1299 /system/lib/libft2.so
06-09 00:12:44.578 3680 3680 W art : b5bd3000-b5bd5000 r--p 00060000 b3:06 1299 /system/lib/libft2.so
06-09 00:12:44.578 3680 3680 W art : b5bd5000-b5bd6000 rw-p 00062000 b3:06 1299 /system/lib/libft2.so
06-09 00:12:44.578 3680 3680 W art : b5bd6000-b5bfd000 r-xp 00000000 b3:06 1453 /system/lib/libpng.so
06-09 00:12:44.578 3680 3680 W art : b5bfd000-b5bfe000 ---p 00000000 00:00 0
06-09 00:12:44.578 3680 3680 W art : b5bfe000-b5bff000 r--p 00027000 b3:06 1453 /system/lib/libpng.so
06-09 00:12:44.578 3680 3680 W art : b5bff000-b5c00000 rw-p 00028000 b3:06 1453 /system/lib/libpng.so
06-09 00:12:44.578 3680 3680 W art : b5c00000-b5c03000 r-xp 00000000 b3:06 1534 /system/lib/libsync.so
06-09 00:12:44.578 3680 3680 W art : b5c03000-b5c04000 r--p 00002000 b3:06 1534 /system/lib/libsync.so
06-09 00:12:44.578 3680 3680 W art : b5c04000-b5c05000 rw-p 00003000 b3:06 1534 /system/lib/libsync.so
06-09 00:12:44.578 3680 3680 W art : b5c05000-b5c0a000 r-xp 00000000 b3:06 1529 /system/lib/libstdc++.so
06-09 00:12:44.578 3680 3680 W art : b5c0a000-b5c0b000 r--p 00004000 b3:06 1529 /system/lib/libstdc++.so
06-09 00:12:44.578 3680 3680 W art : b5c0b000-b5c0c000 rw-p 00005000 b3:06 1529 /system/lib/libstdc++.so
06-09 00:12:44.578 3680 3680 W art : b5c0c000-b5c1c000 r-xp 00000000 b3:06 1551 /system/lib/libunwind.so
06-09 00:12:44.578 3680 3680 W art : b5c1c000-b5c1d000 r--p 0000f000 b3:06 1551 /system/lib/libunwind.so
06-09 00:12:44.578 3680 3680 W art : b5c1d000-b5c1e000 rw-p 00010000 b3:06 1551 /system/lib/libunwind.so
06-09 00:12:44.578 3680 3680 W art : b5c1e000-b5c64000 rw-p 00000000 00:00 0
06-09 00:12:44.578 3680 3680 W art : b5c64000-b5c6d000 r-xp 00000000 b3:06 1231 /system/lib/libbase.so
06-09 00:12:44.578 3680 3680 W art : b5c6d000-b5c6e000 r--p 00008000 b3:06 1231 /system/lib/libbase.so
06-09 00:12:44.578 3680 3680 W art : b5c6e000-b5c6f000 rw-p 00009000 b3:06 1231 /system/lib/libbase.so
06-09 00:12:44.578 3680 3680 W art : b5c6f000-b5c74000 r-xp 00000000 b3:06 1283 /system/lib/libeffects.so
06-09 00:12:44.578 3680 3680 W art : b5c74000-b5c75000 r--p 00004000 b3:06 1283 /system/lib/libeffects.so
06-09 00:12:44.578 3680 3680 W art : b5c75000-b5c76000 rw-p 00005000 b3:06 1283 /system/lib/libeffects.so
06-09 00:12:44.578 3680 3680 W art : b5c76000-b5c77000 r--p 00000000 00:00 0 [anon:linker_alloc]
06-09 00:12:44.578 3680 3680 W art : b5c77000-b5c7a000 r-xp 00000000 b3:06 1503 /system/lib/libstagefright_http_support.so
06-09 00:12:44.578 3680 3680 W art : b5c7a000-b5c7b000 ---p 00000000 00:00 0
06-09 00:12:44.579 3680 3680 W art : b5c7b000-b5c7c000 r--p 00003000 b3:06 1503 /system/lib/libstagefright_http_support.so
06-09 00:12:44.579 3680 3680 W art : b5c7c000-b5c7d000 rw-p 00004000 b3:06 1503 /system/lib/libstagefright_http_support.so
06-09 00:12:44.579 3680 3680 W art : b5c7d000-b5c95000 r-xp 00000000 b3:06 1502 /system/lib/libstagefright_foundation.so
06-09 00:12:44.579 3680 3680 W art : b5c95000-b5c96000 ---p 00000000 00:00 0
06-09 00:12:44.579 3680 3680 W art : b5c96000-b5c97000 r--p 00018000 b3:06 1502 /system/lib/libstagefright_foundation.so
06-09 00:12:44.579 3680 3680 W art : b5c97000-b5c98000 rw-p 00019000 b3:06 1502 /system/lib/libstagefright_foundation.so
06-09 00:12:44.579 3680 3680 W art : b5c98000-b5de6000 r-xp 00000000 b3:06 1498 /system/lib/libstagefright.so
06-09 00:12:44.579 3680 3680 W art : b5de6000-b5df2000 r--p 0014d000 b3:06 1498 /system/lib/libstagefright.so
06-09 00:12:44.579 3680 3680 W art : b5df2000-b5df3000 rw-p 00159000 b3:06 1498 /system/lib/libstagefright.so
06-09 00:12:44.579 3680 3680 W art : b5df3000-b5e5e000 r-xp 00000000 b3:06 1331 /system/lib/libhwui.so
06-09 00:12:44.579 3680 3680 W art : b5e5e000-b5e5f000 ---p 00000000 00:00 0
06-09 00:12:44.579 3680 3680 W art : b5e5f000-b5e62000 r--p 0006b000 b3:06 1331 /system/lib/libhwui.so
06-09 00:12:44.579 3680 3680 W art : b5e62000-b5e63000 rw-p 0006e000 b3:06 1331 /system/lib/libhwui.so
06-09 00:12:44.579 3680 3680 W art : b5e63000-b5e66000 r-xp 00000000 b3:06 1461 /system/lib/libradio_metadata.so
06-09 00:12:44.579 3680 3680 W art : b5e66000-b5e67000 r--p 00002000 b3:06 1461 /system/lib/libradio_metadata.so
06-09 00:12:44.579 3680 3680 W art : b5e67000-b5e68000 rw-p 00003000 b3:06 1461 /system/lib/libradio_metadata.so
06-09 00:12:44.579 3680 3680 W art : b5e68000-b5e6c000 r-xp 00000000 b3:06 1376 /system/lib/libnativebridge.so
06-09 00:12:44.579 3680 3680 W art : b5e6c000-b5e6d000 r--p 00003000 b3:06 1376 /system/lib/libnativebridge.so
06-09 00:12:44.579 3680 3680 W art : b5e6d000-b5e6e000 rw-p 00004000 b3:06 1376 /system/lib/libnativebridge.so
06-09 00:12:44.579 3680 3680 W art : b5e6e000-b5e72000 r-xp 00000000 b3:06 1456 /system/lib/libprocessgroup.so
06-09 00:12:44.579 3680 3680 W art : b5e72000-b5e73000 r--p 00003000 b3:06 1456 /system/lib/libprocessgroup.so
06-09 00:12:44.579 3680 3680 W art : b5e73000-b5e74000 rw-p 00004000 b3:06 1456 /system/lib/libprocessgroup.so
06-09 00:12:44.579 3680 3680 W art : b5e74000-b5e82000 r-xp 00000000 b3:06 1371 /system/lib/libminikin.so
06-09 00:12:44.579 3680 3680 W art : b5e82000-b5e83000 ---p 00000000 00:00 0
06-09 00:12:44.579 3680 3680 W art : b5e83000-b5e84000 r--p 0000e000 b3:06 1371 /system/lib/libminikin.so
06-09 00:12:44.579 3680 3680 W art : b5e84000-b5e85000 rw-p 0000f000 b3:06 1371 /system/lib/libminikin.so
06-09 00:12:44.579 3680 3680 W art : b5e85000-b5e8f000 r-xp 00000000 b3:06 1487 /system/lib/libsoundtrigger.so
06-09 00:12:44.579 3680 3680 W art : b5e8f000-b5e92000 r--p 00009000 b3:06 1487 /system/lib/libsoundtrigger.so
06-09 00:12:44.579 3680 3680 W art : b5e92000-b5e93000 rw-p 0000c000 b3:06 1487 /system/lib/libsoundtrigger.so
06-09 00:12:44.579 3680 3680 W art : b5e93000-b5e94000 r--p 00000000 00:00 0 [anon:linker_alloc]
06-09 00:12:44.579 3680 3680 W art : b5e94000-b5e9e000 r-xp 00000000 b3:06 1460 /system/lib/libradio.so
06-09 00:12:44.579 3680 3680 W art : b5e9e000-b5ea1000 r--p 00009000 b3:06 1460 /system/lib/libradio.so
06-09 00:12:44.579 3680 3680 W art : b5ea1000-b5ea2000 rw-p 0000c000 b3:06 1460 /system/lib/libradio.so
06-09 00:12:44.579 3680 3680 W art : b5ea2000-b5ea6000 r-xp 00000000 b3:06 1429 /system/lib/libnetd_client.so
06-09 00:12:44.579 3680 3680 W art : b5ea6000-b5ea7000 r--p 00003000 b3:06 1429 /system/lib/libnetd_client.so
06-09 00:12:44.579 3680 3680 W art : b5ea7000-b5ea8000 rw-p 00004000 b3:06 1429 /system/lib/libnetd_client.so
06-09 00:12:44.579 3680 3680 W art : b5ea8000-b5eb6000 r-xp 00000000 b3:06 1335 /system/lib/libimg_utils.so
06-09 00:12:44.579 3680 3680 W art : b5eb6000-b5eb8000 r--p 0000d000 b3:06 1335 /system/lib/libimg_utils.so
06-09 00:12:44.579 3680 3680 W art : b5eb8000-b5eb9000 rw-p 0000f000 b3:06 1335 /system/lib/libimg_utils.so
06-09 00:12:44.579 3680 3680 W art : b5eb9000-b62cb000 r-xp 00000000 b3:06 1449 /system/lib/libpdfium.so
06-09 00:12:44.579 3680 3680 W art : b62cb000-b62cc000 ---p 00000000 00:00 0
06-09 00:12:44.580 3680 3680 W art : b62cc000-b62d5000 r--p 00412000 b3:06 1449 /system/lib/libpdfium.so
06-09 00:12:44.580 3680 3680 W art : b62d5000-b62d9000 rw-p 0041b000 b3:06 1449 /system/lib/libpdfium.so
06-09 00:12:44.580 3680 3680 W art : b62d9000-b62da000 rw-p 00000000 00:00 0
06-09 00:12:44.580 3680 3680 W art : b62da000-b62e1000 r-xp 00000000 b3:06 1227 /system/lib/libaudioutils.so
06-09 00:12:44.580 3680 3680 W art : b62e1000-b62e2000 r--p 00006000 b3:06 1227 /system/lib/libaudioutils.so
06-09 00:12:44.580 3680 3680 W art : b62e2000-b62e3000 rw-p 00007000 b3:06 1227 /system/lib/libaudioutils.so
06-09 00:12:44.580 3680 3680 W art : b62e3000-b62fe000 r-xp 00000000 b3:06 1599 /system/lib/libz.so
06-09 00:12:44.580 3680 3680 W art : b62fe000-b62ff000 r--p 0001a000 b3:06 1599 /system/lib/libz.so
06-09 00:12:44.580 3680 3680 W art : b62ff000-b6300000 rw-p 0001b000 b3:06 1599 /system/lib/libz.so
06-09 00:12:44.580 3680 3680 W art : b6300000-b6301000 rw-p 00000000 00:00 0 [anon:linker_alloc]
06-09 00:12:44.580 3680 3680 W art : b6301000-b634d000 r-xp 00000000 b3:06 1327 /system/lib/libharfbuzz_ng.so
06-09 00:12:44.580 3680 3680 W art : b634d000-b634e000 r--p 0004b000 b3:06 1327 /system/lib/libharfbuzz_ng.so
06-09 00:12:44.580 3680 3680 W art : b634e000-b634f000 rw-p 0004c000 b3:06 1327 /system/lib/libharfbuzz_ng.so
06-09 00:12:44.580 3680 3680 W art : b634f000-b6353000 r-xp 00000000 b3:06 1555 /system/lib/libusbhost.so
06-09 00:12:44.580 3680 3680 W art : b6353000-b6354000 ---p 00000000 00:00 0
06-09 00:12:44.580 3680 3680 W art : b6354000-b6355000 r--p 00004000 b3:06 1555 /system/lib/libusbhost.so
06-09 00:12:44.580 3680 3680 W art : b6355000-b6356000 rw-p 00005000 b3:06 1555 /system/lib/libusbhost.so
06-09 00:12:44.580 3680 3680 W art : b6356000-b638e000 r-xp 00000000 b3:06 1353 /system/lib/libjpeg.so
06-09 00:12:44.580 3680 3680 W art : b638e000-b638f000 r--p 00037000 b3:06 1353 /system/lib/libjpeg.so
06-09 00:12:44.580 3680 3680 W art : b638f000-b6390000 rw-p 00038000 b3:06 1353 /system/lib/libjpeg.so
06-09 00:12:44.580 3680 3680 W art : b6390000-b6391000 r--p 00000000 00:00 0 [anon:linker_alloc]
06-09 00:12:44.580 3680 3680 W art : b6391000-b6425000 r-xp 00000000 b3:06 1364 /system/lib/libmedia.so
06-09 00:12:44.580 3680 3680 W art : b6425000-b6441000 r--p 00093000 b3:06 1364 /system/lib/libmedia.so
06-09 00:12:44.580 3680 3680 W art : b6441000-b6442000 rw-p 000af000 b3:06 1364 /system/lib/libmedia.so
06-09 00:12:44.580 3680 3680 W art : b6442000-b65b5000 r-xp 00000000 b3:06 1333 /system/lib/libicui18n.so
06-09 00:12:44.580 3680 3680 W art : b65b5000-b65c0000 r--p 00172000 b3:06 1333 /system/lib/libicui18n.so
06-09 00:12:44.580 3680 3680 W art : b65c0000-b65c1000 rw-p 0017d000 b3:06 1333 /system/lib/libicui18n.so
06-09 00:12:44.580 3680 3680 W art : b65c1000-b66d8000 r-xp 00000000 b3:06 1334 /system/lib/libicuuc.so
06-09 00:12:44.580 3680 3680 W art : b66d8000-b66e3000 r--p 00116000 b3:06 1334 /system/lib/libicuuc.so
06-09 00:12:44.580 3680 3680 W art : b66e3000-b66e4000 rw-p 00121000 b3:06 1334 /system/lib/libicuuc.so
06-09 00:12:44.580 3680 3680 W art : b66e4000-b66e8000 rw-p 00000000 00:00 0
06-09 00:12:44.580 3680 3680 W art : b66e8000-b670b000 r-xp 00000000 b3:06 1497 /system/lib/libssl.so
06-09 00:12:44.580 3680 3680 W art : b670b000-b670d000 r--p 00022000 b3:06 1497 /system/lib/libssl.so
06-09 00:12:44.580 3680 3680 W art : b670d000-b670e000 rw-p 00024000 b3:06 1497 /system/lib/libssl.so
06-09 00:12:44.580 3680 3680 W art : b670e000-b679e000 r-xp 00000000 b3:06 1253 /system/lib/libcrypto.so
06-09 00:12:44.580 3680 3680 W art : b679e000-b679f000 ---p 00000000 00:00 0
06-09 00:12:44.580 3680 3680 W art : b679f000-b67aa000 r--p 00090000 b3:06 1253 /system/lib/libcrypto.so
06-09 00:12:44.580 3680 3680 W art : b67aa000-b67ab000 rw-p 0009b000 b3:06 1253 /system/lib/libcrypto.so
06-09 00:12:44.580 3680 3680 W art : b67ab000-b67fe000 r-xp 00000000 b3:06 1485 /system/lib/libsonivox.so
06-09 00:12:44.580 3680 3680 W art : b67fe000-b67ff000 r--p 00052000 b3:06 1485 /system/lib/libsonivox.so
06-09 00:12:44.580 3680 3680 W art : b67ff000-b6800000 rw-p 00053000 b3:06 1485 /system/lib/libsonivox.so
06-09 00:12:44.580 3680 3680 W art : b6800000-b6805000 rw-p 00000000 00:00 0
06-09 00:12:44.580 3680 3680 W art : b6805000-b6813000 r-xp 00000000 b3:06 1475 /system/lib/libselinux.so
06-09 00:12:44.581 3680 3680 W art : b6813000-b6814000 ---p 00000000 00:00 0
06-09 00:12:44.581 3680 3680 W art : b6814000-b6815000 r--p 0000e000 b3:06 1475 /system/lib/libselinux.so
06-09 00:12:44.581 3680 3680 W art : b6815000-b6816000 rw-p 0000f000 b3:06 1475 /system/lib/libselinux.so
06-09 00:12:44.581 3680 3680 W art : b6816000-b681d000 r-xp 00000000 b3:06 1326 /system/lib/libhardware_legacy.so
06-09 00:12:44.581 3680 3680 W art : b681d000-b681e000 r--p 00006000 b3:06 1326 /system/lib/libhardware_legacy.so
06-09 00:12:44.581 3680 3680 W art : b681e000-b681f000 rw-p 00007000 b3:06 1326 /system/lib/libhardware_legacy.so
06-09 00:12:44.581 3680 3680 W art : b681f000-b6820000 rw-p 00000000 00:00 0
06-09 00:12:44.581 3680 3680 W art : b6820000-b6823000 r-xp 00000000 b3:06 1325 /system/lib/libhardware.so
06-09 00:12:44.581 3680 3680 W art : b6823000-b6824000 r--p 00002000 b3:06 1325 /system/lib/libhardware.so
06-09 00:12:44.581 3680 3680 W art : b6824000-b6825000 rw-p 00003000 b3:06 1325 /system/lib/libhardware.so
06-09 00:12:44.581 3680 3680 W art : b6825000-b6829000 r-xp 00000000 b3:06 1176 /system/lib/libETC1.so
06-09 00:12:44.581 3680 3680 W art : b6829000-b682a000 r--p 00003000 b3:06 1176 /system/lib/libETC1.so
06-09 00:12:44.581 3680 3680 W art : b682a000-b682b000 rw-p 00004000 b3:06 1176 /system/lib/libETC1.so
06-09 00:12:44.581 3680 3680 W art : b682b000-b6838000 r-xp 00000000 b3:06 1180 /system/lib/libGLESv2.so
06-09 00:12:44.581 3680 3680 W art : b6838000-b6839000 r--p 0000c000 b3:06 1180 /system/lib/libGLESv2.so
06-09 00:12:44.581 3680 3680 W art : b6839000-b683a000 rw-p 0000d000 b3:06 1180 /system/lib/libGLESv2.so
06-09 00:12:44.581 3680 3680 W art : b683a000-b6842000 r-xp 00000000 b3:06 1179 /system/lib/libGLESv1_CM.so
06-09 00:12:44.581 3680 3680 W art : b6842000-b6843000 r--p 00007000 b3:06 1179 /system/lib/libGLESv1_CM.so
06-09 00:12:44.581 3680 3680 W art : b6843000-b6844000 rw-p 00008000 b3:06 1179 /system/lib/libGLESv1_CM.so
06-09 00:12:44.581 3680 3680 W art : b6844000-b68a0000 r-xp 00000000 b3:06 1175 /system/lib/libEGL.so
06-09 00:12:44.581 3680 3680 W art : b68a0000-b68a1000 ---p 00000000 00:00 0
06-09 00:12:44.581 3680 3680 W art : b68a1000-b68a3000 r--p 0005c000 b3:06 1175 /system/lib/libEGL.so
06-09 00:12:44.581 3680 3680 W art : b68a3000-b68ac000 rw-p 0005e000 b3:06 1175 /system/lib/libEGL.so
06-09 00:12:44.581 3680 3680 W art : b68ac000-b68af000 rw-p 00000000 00:00 0
06-09 00:12:44.581 3680 3680 W art : b68af000-b6911000 r-xp 00000000 b3:06 1491 /system/lib/libsqlite.so
06-09 00:12:44.581 3680 3680 W art : b6911000-b6913000 r--p 00061000 b3:06 1491 /system/lib/libsqlite.so
06-09 00:12:44.581 3680 3680 W art : b6913000-b6914000 rw-p 00063000 b3:06 1491 /system/lib/libsqlite.so
06-09 00:12:44.581 3680 3680 W art : b6914000-b6915000 rw-p 00000000 00:00 0
06-09 00:12:44.581 3680 3680 W art : b6915000-b6b66000 r-xp 00000000 b3:06 1481 /system/lib/libskia.so
06-09 00:12:44.581 3680 3680 W art : b6b66000-b6b67000 ---p 00000000 00:00 0
06-09 00:12:44.581 3680 3680 W art : b6b67000-b6b81000 r--p 00251000 b3:06 1481 /system/lib/libskia.so
06-09 00:12:44.581 3680 3680 W art : b6b81000-b6b83000 rw-p 0026b000 b3:06 1481 /system/lib/libskia.so
06-09 00:12:44.581 3680 3680 W art : b6b83000-b6b87000 rw-p 00000000 00:00 0
06-09 00:12:44.581 3680 3680 W art : b6b87000-b6b8f000 r-xp 00000000 b3:06 1242 /system/lib/libcamera_metadata.so
06-09 00:12:44.581 3680 3680 W art : b6b8f000-b6b90000 r--p 00007000 b3:06 1242 /system/lib/libcamera_metadata.so
06-09 00:12:44.581 3680 3680 W art : b6b90000-b6b91000 rw-p 00008000 b3:06 1242 /system/lib/libcamera_metadata.so
06-09 00:12:44.581 3680 3680 W art : b6b91000-b6bb5000 r-xp 00000000 b3:06 1241 /system/lib/libcamera_client.so
06-09 00:12:44.582 3680 3680 W art : b6bb5000-b6bb6000 ---p 00000000 00:00 0
06-09 00:12:44.582 3680 3680 W art : b6bb6000-b6bbe000 r--p 00024000 b3:06 1241 /system/lib/libcamera_client.so
06-09 00:12:44.582 3680 3680 W art : b6bbe000-b6bbf000 rw-p 0002c000 b3:06 1241 /system/lib/libcamera_client.so
06-09 00:12:44.582 3680 3680 W art : b6bbf000-b6bfa000 r-xp 00000000 b3:06 1337 /system/lib/libinputflinger.so
06-09 00:12:44.582 3680 3680 W art : b6bfa000-b6bfb000 ---p 00000000 00:00 0
06-09 00:12:44.582 3680 3680 W art : b6bfb000-b6bfe000 r--p 0003b000 b3:06 1337 /system/lib/libinputflinger.so
06-09 00:12:44.582 3680 3680 W art : b6bfe000-b6bff000 rw-p 0003e000 b3:06 1337 /system/lib/libinputflinger.so
06-09 00:12:44.582 3680 3680 W art : b6bff000-b6c19000 r-xp 00000000 b3:06 1336 /system/lib/libinput.so
06-09 00:12:44.582 3680 3680 W art : b6c19000-b6c1d000 r--p 00019000 b3:06 1336 /system/lib/libinput.so
06-09 00:12:44.582 3680 3680 W art : b6c1d000-b6c1e000 rw-p 0001d000 b3:06 1336 /system/lib/libinput.so
06-09 00:12:44.582 3680 3680 W art : b6c1e000-b6c6a000 r-xp 00000000 b3:06 1323 /system/lib/libgui.so
06-09 00:12:44.582 3680 3680 W art : b6c6a000-b6c6b000 ---p 00000000 00:00 0
06-09 00:12:44.582 3680 3680 W art : b6c6b000-b6c77000 r--p 0004c000 b3:06 1323 /system/lib/libgui.so
06-09 00:12:44.582 3680 3680 W art : b6c77000-b6c78000 rw-p 00058000 b3:06 1323 /system/lib/libgui.so
06-09 00:12:44.582 3680 3680 W art : b6c78000-b6c85000 r-xp 00000000 b3:06 1550 /system/lib/libui.so
06-09 00:12:44.582 3680 3680 W art : b6c85000-b6c86000 ---p 00000000 00:00 0
06-09 00:12:44.582 3680 3680 W art : b6c86000-b6c87000 r--p 0000d000 b3:06 1550 /system/lib/libui.so
06-09 00:12:44.582 3680 3680 W art : b6c87000-b6c88000 rw-p 0000e000 b3:06 1550 /system/lib/libui.so
06-09 00:12:44.582 3680 3680 W art : b6c88000-b6c8f000 r-xp 00000000 b3:06 1431 /system/lib/libnetutils.so
06-09 00:12:44.582 3680 3680 W art : b6c8f000-b6c90000 r--p 00006000 b3:06 1431 /system/lib/libnetutils.so
06-09 00:12:44.582 3680 3680 W art : b6c90000-b6c91000 rw-p 00007000 b3:06 1431 /system/lib/libnetutils.so
06-09 00:12:44.582 3680 3680 W art : b6c91000-b6c98000 r-xp 00000000 b3:06 1377 /system/lib/libnativehelper.so
06-09 00:12:44.582 3680 3680 W art : b6c98000-b6c99000 r--p 00006000 b3:06 1377 /system/lib/libnativehelper.so
06-09 00:12:44.582 3680 3680 W art : b6c99000-b6c9a000 rw-p 00007000 b3:06 1377 /system/lib/libnativehelper.so
06-09 00:12:44.582 3680 3680 W art : b6c9a000-b6cae000 r-xp 00000000 b3:06 1285 /system/lib/libexpat.so
06-09 00:12:44.582 3680 3680 W art : b6cae000-b6cb0000 r--p 00013000 b3:06 1285 /system/lib/libexpat.so
06-09 00:12:44.582 3680 3680 W art : b6cb0000-b6cb1000 rw-p 00015000 b3:06 1285 /system/lib/libexpat.so
06-09 00:12:44.582 3680 3680 W art : b6cb1000-b6cd8000 r-xp 00000000 b3:06 1214 /system/lib/libandroidfw.so
06-09 00:12:44.582 3680 3680 W art : b6cd8000-b6cd9000 ---p 00000000 00:00 0
06-09 00:12:44.583 3680 3680 W art : b6f29000-b6f2a000 rw-p 00000000 00:00 0 [anon:linker_alloc_vector]
06-09 00:12:44.593 1110 1340 I customAudioLoopback: writeRadioTrack(): Info: trackPtr: 0xB5A9A008, buffer Ptr: 0xB4E7F880
06-09 00:12:44.593 1110 1340 I customAudioLoopback: writeRadioTrack(): Info: track->trackEnabled: 1, track->audioTrack: 0xB5A9D000, track->trackRunning: 1, track->recovering: 0
06-09 00:12:44.593 1110 1340 I customAudioLoopback: writeRadioTrack(): Info: trackPtr: 0xB5A9A01C, buffer Ptr: 0xB4E7F880
06-09 00:12:44.593 1110 1340 I customAudioLoopback: writeRadioTrack(): Info: track->trackEnabled: 1, track->audioTrack: 0xB5A9D280, track->trackRunning: 0, track->recovering: 0
06-09 00:12:44.613 1110 1340 I customAudioLoopback: writeRadioTrack(): Info: trackPtr: 0xB5A9A008, buffer Ptr: 0xB4E7F880
06-09 00:12:44.613 1110 1340 I customAudioLoopback: writeRadioTrack(): Info: track->trackEnabled: 1, track->audioTrack: 0xB5A9D000, track->trackRunning: 1, track->recovering: 0
06-09 00:12:44.613 1110 1340 I customAudioLoopback: writeRadioTrack(): Info: trackPtr: 0xB5A9A01C, buffer Ptr: 0xB4E7F880
06-09 00:12:44.613 1110 1340 I customAudioLoopback: writeRadioTrack(): Info: track->trackEnabled: 1, track->audioTrack: 0xB5A9D280, track->trackRunning: 0, track->recovering: 0
06-09 00:12:44.635 1110 1340 I customAudioLoopback: writeRadioTrack(): Info: trackPtr: 0xB5A9A008, buffer Ptr: 0xB4E7F880
06-09 00:12:44.635 1110 1340 I customAudioLoopback: writeRadioTrack(): Info: track->trackEnabled: 1, track->audioTrack: 0xB5A9D000, track->trackRunning: 1, track->recovering: 0
06-09 00:12:44.635 1110 1340 I customAudioLoopback: writeRadioTrack(): Info: trackPtr: 0xB5A9A01C, buffer Ptr: 0xB4E7F880
06-09 00:12:44.635 1110 1340 I customAudioLoopback: writeRadioTrack(): Info: track->trackEnabled: 1, track->audioTrack: 0xB5A9D280, track->trackRunning: 0, track->recovering: 0
06-09 00:12:44.645 3680 3680 D ICU : No timezone override file found: /data/misc/zoneinfo/current/icu/icu_tzdata.dat
06-09 00:12:44.656 1110 1340 I customAudioLoopback: writeRadioTrack(): Info: trackPtr: 0xB5A9A008, buffer Ptr: 0xB4E7F880
06-09 00:12:44.656 1110 1340 I customAudioLoopback: writeRadioTrack(): Info: track->trackEnabled: 1, track->audioTrack: 0xB5A9D000, track->trackRunning: 1, track->recovering: 0
06-09 00:12:44.656 1110 1340 I customAudioLoopback: writeRadioTrack(): Info: trackPtr: 0xB5A9A01C, buffer Ptr: 0xB4E7F880
06-09 00:12:44.656 1110 1340 I customAudioLoopback: writeRadioTrack(): Info: track->trackEnabled: 1, track->audioTrack: 0xB5A9D280, track->trackRunning: 0, track->recovering: 0
06-09 00:12:44.678 1110 1340 I customAudioLoopback: writeRadioTrack(): Info: trackPtr: 0xB5A9A008, buffer Ptr: 0xB4E7F880
06-09 00:12:44.678 1110 1340 I customAudioLoopback: writeRadioTrack(): Info: track->trackEnabled: 1, track->audioTrack: 0xB5A9D000, track->trackRunning: 1, track->recovering: 0
06-09 00:12:44.678 1110 1340 I customAudioLoopback: writeRadioTrack(): Info: trackPtr: 0xB5A9A01C, buffer Ptr: 0xB4E7F880
06-09 00:12:44.678 1110 1340 I customAudioLoopback: writeRadioTrack(): Info: track->trackEnabled: 1, track->audioTrack: 0xB5A9D280, track->trackRunning: 0, track->recovering: 0
06-09 00:12:44.688 3680 3680 I Radio-JNI: register_android_hardware_Radio DONE
06-09 00:12:44.699 1110 1340 I customAudioLoopback: writeRadioTrack(): Info: trackPtr: 0xB5A9A008, buffer Ptr: 0xB4E7F880
06-09 00:12:44.699 1110 1340 I customAudioLoopback: writeRadioTrack(): Info: track->trackEnabled: 1, track->audioTrack: 0xB5A9D000, track->trackRunning: 1, track->recovering: 0
06-09 00:12:44.699 1110 1340 I customAudioLoopback: writeRadioTrack(): Info: trackPtr: 0xB5A9A01C, buffer Ptr: 0xB4E7F880
06-09 00:12:44.699 1110 1340 I customAudioLoopback: writeRadioTrack(): Info: track->trackEnabled: 1, track->audioTrack: 0xB5A9D280, track->trackRunning: 0, track->recovering: 0
06-09 00:12:44.715 3680 3680 D AndroidRuntime: Calling main entry com.android.commands.settings.SettingsCmd
06-09 00:12:44.721 1110 1340 I customAudioLoopback: writeRadioTrack(): Info: trackPtr: 0xB5A9A008, buffer Ptr: 0xB4E7F880
06-09 00:12:44.721 1110 1340 I customAudioLoopback: writeRadioTrack(): Info: track->trackEnabled: 1, track->audioTrack: 0xB5A9D000, track->trackRunning: 1, track->recovering: 0
06-09 00:12:44.721 1110 1340 I customAudioLoopback: writeRadioTrack(): Info: trackPtr: 0xB5A9A01C, buffer Ptr: 0xB4E7F880
06-09 00:12:44.721 1110 1340 I customAudioLoopback: writeRadioTrack(): Info: track->trackEnabled: 1, track->audioTrack: 0xB5A9D280, track->trackRunning: 0, track->recovering: 0
06-09 00:12:44.721 3680 3680 D AndroidRuntime: Shutting down VM
06-09 00:12:44.741 1110 1340 I customAudioLoopback: writeRadioTrack(): Info: trackPtr: 0xB5A9A008, buffer Ptr: 0xB4E7F880
06-09 00:12:44.741 1110 1340 I customAudioLoopback: writeRadioTrack(): Info: track->trackEnabled: 1, track->audioTrack: 0xB5A9D000, track->trackRunning: 1, track->recovering: 0
06-09 00:12:44.741 1110 1340 I customAudioLoopback: writeRadioTrack(): Info: trackPtr: 0xB5A9A01C, buffer Ptr: 0xB4E7F880
06-09 00:12:44.741 1110 1340 I customAudioLoopback: writeRadioTrack(): Info: track->trackEnabled: 1, track->audioTrack: 0xB5A9D280, track->trackRunning: 0, track->recovering: 0
06-09 00:12:44.763 1110 1340 I customAudioLoopback: writeRadioTrack(): Info: trackPtr: 0xB5A9A008, buffer Ptr: 0xB4E7F880
06-09 00:12:44.763 1110 1340 I customAudioLoopback: writeRadioTrack(): Info: track->trackEnabled: 1, track->audioTrack: 0xB5A9D000, track->trackRunning: 1, track->recovering: 0
06-09 00:12:44.763 1110 1340 I customAudioLoopback: writeRadioTrack(): Info: trackPtr: 0xB5A9A01C, buffer Ptr: 0xB4E7F880
06-09 00:12:44.763 1110 1340 I customAudioLoopback: writeRadioTrack(): Info: track->trackEnabled: 1, track->audioTrack: 0xB5A9D280, track->trackRunning: 0, track->recovering: 0
06-09 00:12:44.784 1110 1340 I customAudioLoopback: writeRadioTrack(): Info: trackPtr: 0xB5A9A008, buffer Ptr: 0xB4E7F880
06-09 00:12:44.784 1110 1340 I customAudioLoopback: writeRadioTrack(): Info: track->trackEnabled: 1, track->audioTrack: 0xB5A9D000, track->trackRunning: 1, track->recovering: 0
06-09 00:12:44.784 1110 1340 I customAudioLoopback: writeRadioTrack(): Info: trackPtr: 0xB5A9A01C, buffer Ptr: 0xB4E7F880
06-09 00:12:44.784 1110 1340 I customAudioLoopback: writeRadioTrack(): Info: track->trackEnabled: 1, track->audioTrack: 0xB5A9D280, track->trackRunning: 0, track->recovering: 0
06-09 00:12:44.796 1042 1092 I DemoModeService: Current Mode: DEMO
06-09 00:12:44.797 2341 2388 I FSANetCommsClient: FSA: caught ioexception during InitializeSocket(): java.net.ConnectException: failed to connect to /192.168.1.106 (port 9010): connect failed: EHOSTUNREACH (No route to host)
06-09 00:12:44.806 1110 1340 I customAudioLoopback: writeRadioTrack(): Info: trackPtr: 0xB5A9A008, buffer Ptr: 0xB4E7F880
06-09 00:12:44.806 1110 1340 I customAudioLoopback: writeRadioTrack(): Info: track->trackEnabled: 1, track->audioTrack: 0xB5A9D000, track->trackRunning: 1, track->recovering: 0
06-09 00:12:44.806 1110 1340 I customAudioLoopback: writeRadioTrack(): Info: trackPtr: 0xB5A9A01C, buffer Ptr: 0xB4E7F880
06-09 00:12:44.806 1110 1340 I customAudioLoopback: writeRadioTrack(): Info: track->trackEnabled: 1, track->audioTrack: 0xB5A9D280, track->trackRunning: 0, track->recovering: 0
06-09 00:12:44.826 1110 1340 I customAudioLoopback: writeRadioTrack(): Info: trackPtr: 0xB5A9A008, buffer Ptr: 0xB4E7F880
06-09 00:12:44.827 1110 1340 I customAudioLoopback: writeRadioTrack(): Info: track->trackEnabled: 1, track->audioTrack: 0xB5A9D000, track->trackRunning: 1, track->recovering: 0
06-09 00:12:44.827 1110 1340 I customAudioLoopback: writeRadioTrack(): Info: trackPtr: 0xB5A9A01C, buffer Ptr: 0xB4E7F880
06-09 00:12:44.827 1110 1340 I customAudioLoopback: writeRadioTrack(): Info: track->trackEnabled: 1, track->audioTrack: 0xB5A9D280, track->trackRunning: 0, track->recovering: 0
06-09 00:12:44.828 753 753 D P13NService_CapUploadAfterDR: Device NOT registered yet - will try again after 5 sec..
06-09 00:12:44.848 1110 1340 I customAudioLoopback: writeRadioTrack(): Info: trackPtr: 0xB5A9A008, buffer Ptr: 0xB4E7F880
06-09 00:12:44.848 1110 1340 I customAudioLoopback: writeRadioTrack(): Info: track->trackEnabled: 1, track->audioTrack: 0xB5A9D000, track->trackRunning: 1, track->recovering: 0
06-09 00:12:44.848 1110 1340 I customAudioLoopback: writeRadioTrack(): Info: trackPtr: 0xB5A9A01C, buffer Ptr: 0xB4E7F880
06-09 00:12:44.848 1110 1340 I customAudioLoopback: writeRadioTrack(): Info: track->trackEnabled: 1, track->audioTrack: 0xB5A9D280, track->trackRunning: 0, track->recovering: 0
06-09 00:12:44.869 1110 1340 I customAudioLoopback: writeRadioTrack(): Info: trackPtr: 0xB5A9A008, buffer Ptr: 0xB4E7F880
06-09 00:12:44.869 1110 1340 I customAudioLoopback: writeRadioTrack(): Info: track->trackEnabled: 1, track->audioTrack: 0xB5A9D000, track->trackRunning: 1, track->recovering: 0
06-09 00:12:44.869 1110 1340 I customAudioLoopback: writeRadioTrack(): Info: trackPtr: 0xB5A9A01C, buffer Ptr: 0xB4E7F880
06-09 00:12:44.869 1110 1340 I customAudioLoopback: writeRadioTrack(): Info: track->trackEnabled: 1, track->audioTrack: 0xB5A9D280, track->trackRunning: 0, track->recovering: 0
06-09 00:12:44.891 1110 1340 I customAudioLoopback: writeRadioTrack(): Info: trackPtr: 0xB5A9A008, buffer Ptr: 0xB4E7F880
06-09 00:12:44.891 1110 1340 I customAudioLoopback: writeRadioTrack(): Info: track->trackEnabled: 1, track->audioTrack: 0xB5A9D000, track->trackRunning: 1, track->recovering: 0
06-09 00:12:44.891 1110 1340 I customAudioLoopback: writeRadioTrack(): Info: trackPtr: 0xB5A9A01C, buffer Ptr: 0xB4E7F880
06-09 00:12:44.891 1110 1340 I customAudioLoopback: writeRadioTrack(): Info: track->trackEnabled: 1, track->audioTrack: 0xB5A9D280, track->trackRunning: 0, track->recovering: 0
06-09 00:12:44.897 2341 2388 I FSAClient: FSA: could not connect to server 192.168.1.106:9010, retrying
06-09 00:12:44.897 2341 2388 I FSANetCommsClient: FSA: intializing client tcp socket, ip:port is 192.168.1.106:9010
06-09 00:12:44.912 1110 1340 I customAudioLoopback: writeRadioTrack(): Info: trackPtr: 0xB5A9A008, buffer Ptr: 0xB4E7F880
06-09 00:12:44.912 1110 1340 I customAudioLoopback: writeRadioTrack(): Info: track->trackEnabled: 1, track->audioTrack: 0xB5A9D000, track->trackRunning: 1, track->recovering: 0
06-09 00:12:44.912 1110 1340 I customAudioLoopback: writeRadioTrack(): Info: trackPtr: 0xB5A9A01C, buffer Ptr: 0xB4E7F880
06-09 00:12:44.912 1110 1340 I customAudioLoopback: writeRadioTrack(): Info: track->trackEnabled: 1, track->audioTrack: 0xB5A9D280, track->trackRunning: 0, track->recovering: 0
06-09 00:12:44.932 144 161 E ProtoKey: Protokey request failed
06-09 00:12:44.934 1110 1340 I customAudioLoopback: writeRadioTrack(): Info: trackPtr: 0xB5A9A008, buffer Ptr: 0xB4E7F880
06-09 00:12:44.934 1110 1340 I customAudioLoopback: writeRadioTrack(): Info: track->trackEnabled: 1, track->audioTrack: 0xB5A9D000, track->trackRunning: 1, track->recovering: 0
06-09 00:12:44.934 1110 1340 I customAudioLoopback: writeRadioTrack(): Info: trackPtr: 0xB5A9A01C, buffer Ptr: 0xB4E7F880
06-09 00:12:44.934 1110 1340 I customAudioLoopback: writeRadioTrack(): Info: track->trackEnabled: 1, track->audioTrack: 0xB5A9D280, track->trackRunning: 0, track->recovering: 0
06-09 00:12:44.955 1110 1340 I customAudioLoopback: writeRadioTrack(): Info: trackPtr: 0xB5A9A008, buffer Ptr: 0xB4E7F880
06-09 00:12:44.955 1110 1340 I customAudioLoopback: writeRadioTrack(): Info: track->trackEnabled: 1, track->audioTrack: 0xB5A9D000, track->trackRunning: 1, track->recovering: 0
06-09 00:12:44.955 1110 1340 I customAudioLoopback: writeRadioTrack(): Info: trackPtr: 0xB5A9A01C, buffer Ptr: 0xB4E7F880
06-09 00:12:44.955 1110 1340 I customAudioLoopback: writeRadioTrack(): Info: track->trackEnabled: 1, track->audioTrack: 0xB5A9D280, track->trackRunning: 0, track->recovering: 0
06-09 00:12:44.955 2557 2557 I GM_ADB : Enable standard adb on eng or user-debug build.
06-09 00:12:44.977 1110 1340 I customAudioLoopback: writeRadioTrack(): Info: trackPtr: 0xB5A9A008, buffer Ptr: 0xB4E7F880
06-09 00:12:44.977 1110 1340 I customAudioLoopback: writeRadioTrack(): Info: track->trackEnabled: 1, track->audioTrack: 0xB5A9D000, track->trackRunning: 1, track->recovering: 0
06-09 00:12:44.977 1110 1340 I customAudioLoopback: writeRadioTrack(): Info: trackPtr: 0xB5A9A01C, buffer Ptr: 0xB4E7F880
06-09 00:12:44.977 1110 1340 I customAudioLoopback: writeRadioTrack(): Info: track->trackEnabled: 1, track->audioTrack: 0xB5A9D280, track->trackRunning: 0, track->recovering: 0
06-09 00:12:44.986 725 1038 I com.gm.server.traffic.TrafficServiceImpl: signalMonitor: Not connected, reconnecting...
06-09 00:12:44.988 725 1038 E com.gm.server.traffic.TrafficServiceImpl: signalMonitor: socket connection exception
06-09 00:12:44.988 725 1038 E com.gm.server.traffic.TrafficServiceImpl: java.net.ConnectException: failed to connect to /192.168.1.10 (port 11999): connect failed: ECONNREFUSED (Connection refused)
06-09 00:12:44.988 725 1038 E com.gm.server.traffic.TrafficServiceImpl: at libcore.io.IoBridge.connect(IoBridge.java:124)
06-09 00:12:44.988 725 1038 E com.gm.server.traffic.TrafficServiceImpl: at java.net.PlainSocketImpl.connect(PlainSocketImpl.java:183)
06-09 00:12:44.988 725 1038 E com.gm.server.traffic.TrafficServiceImpl: at java.net.PlainSocketImpl.connect(PlainSocketImpl.java:163)
06-09 00:12:44.988 725 1038 E com.gm.server.traffic.TrafficServiceImpl: at java.net.Socket.startupSocket(Socket.java:592)
06-09 00:12:44.988 725 1038 E com.gm.server.traffic.TrafficServiceImpl: at java.net.Socket.tryAllAddresses(Socket.java:128)
06-09 00:12:44.988 725 1038 E com.gm.server.traffic.TrafficServiceImpl: at java.net.Socket.(Socket.java:178)
06-09 00:12:44.988 725 1038 E com.gm.server.traffic.TrafficServiceImpl: at java.net.Socket.(Socket.java:150)
06-09 00:12:44.988 725 1038 E com.gm.server.traffic.TrafficServiceImpl: at com.gm.server.traffic.SocketImpl.connect(SocketImpl.java:22)
06-09 00:12:44.988 725 1038 E com.gm.server.traffic.TrafficServiceImpl: at com.gm.server.traffic.TrafficServiceImpl$1.run(TrafficServiceImpl.java:227)
06-09 00:12:44.988 725 1038 E com.gm.server.traffic.TrafficServiceImpl: at java.util.concurrent.ThreadPoolExecutor.runWorker(ThreadPoolExecutor.java:1113)
06-09 00:12:44.988 725 1038 E com.gm.server.traffic.TrafficServiceImpl: at java.util.concurrent.ThreadPoolExecutor$Worker.run(ThreadPoolExecutor.java:588)
06-09 00:12:44.988 725 1038 E com.gm.server.traffic.TrafficServiceImpl: at java.lang.Thread.run(Thread.java:818)
06-09 00:12:44.988 725 1038 E com.gm.server.traffic.TrafficServiceImpl: Caused by: android.system.ErrnoException: connect failed: ECONNREFUSED (Connection refused)
06-09 00:12:44.988 725 1038 E com.gm.server.traffic.TrafficServiceImpl: at libcore.io.Posix.connect(Native Method)
06-09 00:12:44.988 725 1038 E com.gm.server.traffic.TrafficServiceImpl: at libcore.io.BlockGuardOs.connect(BlockGuardOs.java:111)
06-09 00:12:44.988 725 1038 E com.gm.server.traffic.TrafficServiceImpl: at libcore.io.IoBridge.connectErrno(IoBridge.java:137)
06-09 00:12:44.988 725 1038 E com.gm.server.traffic.TrafficServiceImpl: at libcore.io.IoBridge.connect(IoBridge.java:122)
06-09 00:12:44.988 725 1038 E com.gm.server.traffic.TrafficServiceImpl: ... 11 more
06-09 00:12:44.997 1110 1340 I customAudioLoopback: writeRadioTrack(): Info: trackPtr: 0xB5A9A008, buffer Ptr: 0xB4E7F880
06-09 00:12:44.997 1110 1340 I customAudioLoopback: writeRadioTrack(): Info: track->trackEnabled: 1, track->audioTrack: 0xB5A9D000, track->trackRunning: 1, track->recovering: 0
06-09 00:12:44.997 1110 1340 I customAudioLoopback: writeRadioTrack(): Info: trackPtr: 0xB5A9A01C, buffer Ptr: 0xB4E7F880
06-09 00:12:44.997 1110 1340 I customAudioLoopback: writeRadioTrack(): Info: track->trackEnabled: 1, track->audioTrack: 0xB5A9D280, track->trackRunning: 0, track->recovering: 0
06-09 00:12:45.019 1110 1340 I customAudioLoopback: writeRadioTrack(): Info: trackPtr: 0xB5A9A008, buffer Ptr: 0xB4E7F880
06-09 00:12:45.019 1110 1340 I customAudioLoopback: writeRadioTrack(): Info: track->trackEnabled: 1, track->audioTrack: 0xB5A9D000, track->trackRunning: 1, track->recovering: 0
06-09 00:12:45.019 1110 1340 I customAudioLoopback: writeRadioTrack(): Info: trackPtr: 0xB5A9A01C, buffer Ptr: 0xB4E7F880
06-09 00:12:45.019 1110 1340 I customAudioLoopback: writeRadioTrack(): Info: track->trackEnabled: 1, track->audioTrack: 0xB5A9D280, track->trackRunning: 0, track->recovering: 0
06-09 00:12:45.040 1110 1340 I customAudioLoopback: writeRadioTrack(): Info: trackPtr: 0xB5A9A008, buffer Ptr: 0xB4E7F880
06-09 00:12:45.040 1110 1340 I customAudioLoopback: writeRadioTrack(): Info: track->trackEnabled: 1, track->audioTrack: 0xB5A9D000, track->trackRunning: 1, track->recovering: 0
06-09 00:12:45.040 1110 1340 I customAudioLoopback: writeRadioTrack(): Info: trackPtr: 0xB5A9A01C, buffer Ptr: 0xB4E7F880
06-09 00:12:45.040 1110 1340 I customAudioLoopback: writeRadioTrack(): Info: track->trackEnabled: 1, track->audioTrack: 0xB5A9D280, track->trackRunning: 0, track->recovering: 0
06-09 00:12:45.042 725 725 D OnStar.OnStarRemoteReflashManager: subscribeRR
06-09 00:12:45.043 725 725 E OnStar.OnStarRemoteReflashService: subscribeRR->Failed to subscribe for RR->Reason :
06-09 00:12:45.043 725 725 E OnStar.OnStarRemoteReflashService: com.gm.server.onstar.connector.OnStarConnectionException: FSA RemoteReflash client is not ready [UNINITIALIZED]
06-09 00:12:45.043 725 725 E OnStar.OnStarRemoteReflashService: at com.gm.server.onstar.connector.FsaTcpConnector.getRemoteReflashClient(FsaTcpConnector.java:2642)
06-09 00:12:45.043 725 725 E OnStar.OnStarRemoteReflashService: at com.gm.server.onstar.connector.FsaTcpConnector.subscribeRR(FsaTcpConnector.java:1635)
06-09 00:12:45.043 725 725 E OnStar.OnStarRemoteReflashService: at com.gm.server.onstar.OnStarRemoteReflashService.subscribeRR(OnStarRemoteReflashService.java:341)
06-09 00:12:45.043 725 725 E OnStar.OnStarRemoteReflashService: at gm.onstar.OnStarRemoteReflashManager.subscribeRR(OnStarRemoteReflashManager.java:386)
06-09 00:12:45.043 725 725 E OnStar.OnStarRemoteReflashService: at com.gm.server.update.packagedepot.TCPMRemoteReflashHandler.initializeRemoteReflash(TCPMRemoteReflashHandler.java:1062)
06-09 00:12:45.043 725 725 E OnStar.OnStarRemoteReflashService: at com.gm.server.update.packagedepot.TCPMRemoteReflashHandler.-wrap31(TCPMRemoteReflashHandler.java)
06-09 00:12:45.043 725 725 E OnStar.OnStarRemoteReflashService: at com.gm.server.update.packagedepot.TCPMRemoteReflashHandler$6.run(TCPMRemoteReflashHandler.java:877)
06-09 00:12:45.043 725 725 E OnStar.OnStarRemoteReflashService: at android.os.Handler.handleCallback(Handler.java:739)
06-09 00:12:45.043 725 725 E OnStar.OnStarRemoteReflashService: at android.os.Handler.dispatchMessage(Handler.java:95)
06-09 00:12:45.043 725 725 E OnStar.OnStarRemoteReflashService: at android.os.Looper.loop(Looper.java:148)
06-09 00:12:45.043 725 725 E OnStar.OnStarRemoteReflashService: at android.app.ActivityThread.main(ActivityThread.java:5417)
06-09 00:12:45.043 725 725 E OnStar.OnStarRemoteReflashService: at java.lang.reflect.Method.invoke(Native Method)
06-09 00:12:45.043 725 725 E OnStar.OnStarRemoteReflashService: at com.android.internal.os.ZygoteInit$MethodAndArgsCaller.run(ZygoteInit.java:759)
06-09 00:12:45.043 725 725 E OnStar.OnStarRemoteReflashService: at com.android.internal.os.ZygoteInit.main(ZygoteInit.java:649)
06-09 00:12:45.043 725 725 E OnStar.OnStarRemoteReflashManager: subscribeRR->Failed to subscibe to RR->gm.onstar.exception.OnStarException: subscribeRR->FSA functions client is not ready
06-09 00:12:45.043 725 725 I UpdateService-TCPMRemoteReflashHandler: initializeRemoteReflash() ... initialized? false
06-09 00:12:45.062 1110 1340 I customAudioLoopback: writeRadioTrack(): Info: trackPtr: 0xB5A9A008, buffer Ptr: 0xB4E7F880
06-09 00:12:45.062 1110 1340 I customAudioLoopback: writeRadioTrack(): Info: track->trackEnabled: 1, track->audioTrack: 0xB5A9D000, track->trackRunning: 1, track->recovering: 0
06-09 00:12:45.062 1110 1340 I customAudioLoopback: writeRadioTrack(): Info: trackPtr: 0xB5A9A01C, buffer Ptr: 0xB4E7F880
06-09 00:12:45.062 1110 1340 I customAudioLoopback: writeRadioTrack(): Info: track->trackEnabled: 1, track->audioTrack: 0xB5A9D280, track->trackRunning: 0, track->recovering: 0
06-09 00:12:45.074 2312 2330 D xxxxxx_gps: process_ndr_data() sensorCnt:22869, sequenceNr:665, lat:0, lon:0, heading:9000
06-09 00:12:45.074 2312 2330 D xxxxxx_gps: process_ndr_data() deltaHeading:-0.000000, speed:0, distance:878784, meter:0, DR timestamp:719543, utcTime:0
06-09 00:12:45.074 2312 2330 D xxxxxx_gps: Time not Availible from Fix!
06-09 00:12:45.074 2312 2330 D xxxxxx_gps: DR Time is 719543 at Utc Time 719543
06-09 00:12:45.083 1110 1340 I customAudioLoopback: writeRadioTrack(): Info: trackPtr: 0xB5A9A008, buffer Ptr: 0xB4E7F880
06-09 00:12:45.083 1110 1340 I customAudioLoopback: writeRadioTrack(): Info: track->trackEnabled: 1, track->audioTrack: 0xB5A9D000, track->trackRunning: 1, track->recovering: 0
06-09 00:12:45.083 1110 1340 I customAudioLoopback: writeRadioTrack(): Info: trackPtr: 0xB5A9A01C, buffer Ptr: 0xB4E7F880
06-09 00:12:45.083 1110 1340 I customAudioLoopback: writeRadioTrack(): Info: track->trackEnabled: 1, track->audioTrack: 0xB5A9D280, track->trackRunning: 0, track->recovering: 0
06-09 00:12:45.105 1110 1340 I customAudioLoopback: writeRadioTrack(): Info: trackPtr: 0xB5A9A008, buffer Ptr: 0xB4E7F880
06-09 00:12:45.105 1110 1340 I customAudioLoopback: writeRadioTrack(): Info: track->trackEnabled: 1, track->audioTrack: 0xB5A9D000, track->trackRunning: 1, track->recovering: 0
06-09 00:12:45.105 1110 1340 I customAudioLoopback: writeRadioTrack(): Info: trackPtr: 0xB5A9A01C, buffer Ptr: 0xB4E7F880
06-09 00:12:45.105 1110 1340 I customAudioLoopback: writeRadioTrack(): Info: track->trackEnabled: 1, track->audioTrack: 0xB5A9D280, track->trackRunning: 0, track->recovering: 0
06-09 00:12:45.125 1110 1340 I customAudioLoopback: writeRadioTrack(): Info: trackPtr: 0xB5A9A008, buffer Ptr: 0xB4E7F880
06-09 00:12:45.125 1110 1340 I customAudioLoopback: writeRadioTrack(): Info: track->trackEnabled: 1, track->audioTrack: 0xB5A9D000, track->trackRunning: 1, track->recovering: 0
06-09 00:12:45.125 1110 1340 I customAudioLoopback: writeRadioTrack(): Info: trackPtr: 0xB5A9A01C, buffer Ptr: 0xB4E7F880
06-09 00:12:45.125 1110 1340 I customAudioLoopback: writeRadioTrack(): Info: track->trackEnabled: 1, track->audioTrack: 0xB5A9D280, track->trackRunning: 0, track->recovering: 0
06-09 00:12:45.147 1110 1340 I customAudioLoopback: writeRadioTrack(): Info: trackPtr: 0xB5A9A008, buffer Ptr: 0xB4E7F880
06-09 00:12:45.147 1110 1340 I customAudioLoopback: writeRadioTrack(): Info: track->trackEnabled: 1, track->audioTrack: 0xB5A9D000, track->trackRunning: 1, track->recovering: 0
06-09 00:12:45.147 1110 1340 I customAudioLoopback: writeRadioTrack(): Info: trackPtr: 0xB5A9A01C, buffer Ptr: 0xB4E7F880
06-09 00:12:45.147 1110 1340 I customAudioLoopback: writeRadioTrack(): Info: track->trackEnabled: 1, track->audioTrack: 0xB5A9D280, track->trackRunning: 0, track->recovering: 0
06-09 00:12:45.160 143 320 I ICSTYPEB: Panelservice backlightLevel 0x8fc0 0x8fc0 0x8fc0
06-09 00:12:45.168 1110 1340 I customAudioLoopback: writeRadioTrack(): Info: trackPtr: 0xB5A9A008, buffer Ptr: 0xB4E7F880
06-09 00:12:45.168 1110 1340 I customAudioLoopback: writeRadioTrack(): Info: track->trackEnabled: 1, track->audioTrack: 0xB5A9D000, track->trackRunning: 1, track->recovering: 0
06-09 00:12:45.168 1110 1340 I customAudioLoopback: writeRadioTrack(): Info: trackPtr: 0xB5A9A01C, buffer Ptr: 0xB4E7F880
06-09 00:12:45.168 1110 1340 I customAudioLoopback: writeRadioTrack(): Info: track->trackEnabled: 1, track->audioTrack: 0xB5A9D280, track->trackRunning: 0, track->recovering: 0
06-09 00:12:45.187 405 857 D WifiNative-wlan0: doBoolean: SET pno 0
06-09 00:12:45.188 1307 1307 D wpa_supplicant: wlan0: Control interface command 'SET pno 0'
06-09 00:12:45.188 1307 1307 D wpa_supplicant: CTRL_IFACE SET 'pno'='0'
06-09 00:12:45.188 1307 1307 D wpa_supplicant: CTRL-DEBUG: global_ctrl_sock-sendto: sock=11 sndbuf=163840 outq=0 send_len=3
06-09 00:12:45.188 405 857 D WifiNative-wlan0: SET pno 0: returned true
06-09 00:12:45.188 405 857 D WifiNative-wlan0: doBoolean: SCAN TYPE=ONLY
06-09 00:12:45.188 1307 1307 D wpa_supplicant: wlan0: Control interface command 'SCAN TYPE=ONLY'
06-09 00:12:45.188 1307 1307 D wpa_supplicant: wlan0: Setting scan request: 0.000000 sec
06-09 00:12:45.188 1307 1307 D wpa_supplicant: CTRL-DEBUG: global_ctrl_sock-sendto: sock=11 sndbuf=163840 outq=0 send_len=3
06-09 00:12:45.188 405 857 D WifiNative-wlan0: SCAN TYPE=ONLY: returned true
06-09 00:12:45.190 1110 1340 I customAudioLoopback: writeRadioTrack(): Info: trackPtr: 0xB5A9A008, buffer Ptr: 0xB4E7F880
06-09 00:12:45.190 1110 1340 I customAudioLoopback: writeRadioTrack(): Info: track->trackEnabled: 1, track->audioTrack: 0xB5A9D000, track->trackRunning: 1, track->recovering: 0
06-09 00:12:45.190 1110 1340 I customAudioLoopback: writeRadioTrack(): Info: trackPtr: 0xB5A9A01C, buffer Ptr: 0xB4E7F880
06-09 00:12:45.190 1110 1340 I customAudioLoopback: writeRadioTrack(): Info: track->trackEnabled: 1, track->audioTrack: 0xB5A9D280, track->trackRunning: 0, track->recovering: 0
06-09 00:12:45.190 1307 1307 D wpa_supplicant: wlan0: Starting AP scan for wildcard SSID
06-09 00:12:45.190 1307 1307 D wpa_supplicant: WPS: Building WPS IE for Probe Request
06-09 00:12:45.190 1307 1307 D wpa_supplicant: WPS: * Version (hardcoded 0x10)
06-09 00:12:45.190 1307 1307 D wpa_supplicant: WPS: * Request Type
06-09 00:12:45.190 1307 1307 D wpa_supplicant: WPS: * Config Methods (4288)
06-09 00:12:45.190 1307 1307 D wpa_supplicant: WPS: * UUID-E
06-09 00:12:45.190 1307 1307 D wpa_supplicant: WPS: * Primary Device Type
06-09 00:12:45.190 1307 1307 D wpa_supplicant: WPS: * RF Bands (3)
06-09 00:12:45.190 1307 1307 D wpa_supplicant: WPS: * Association State
06-09 00:12:45.190 1307 1307 D wpa_supplicant: WPS: * Configuration Error (0)
06-09 00:12:45.190 1307 1307 D wpa_supplicant: WPS: * Device Password ID (0)
06-09 00:12:45.190 1307 1307 D wpa_supplicant: WPS: * Manufacturer
06-09 00:12:45.190 1307 1307 D wpa_supplicant: WPS: * Model Name
06-09 00:12:45.190 1307 1307 D wpa_supplicant: WPS: * Model Number
06-09 00:12:45.190 1307 1307 D wpa_supplicant: WPS: * Device Name
06-09 00:12:45.190 1307 1307 D wpa_supplicant: WPS: * Version2 (0x20)
06-09 00:12:45.191 1307 1307 D wpa_supplicant: P2P: * P2P IE header
06-09 00:12:45.191 1307 1307 D wpa_supplicant: P2P: * Capability dev=25 group=00
