06-09 00:12:40.515 3579 3579 W art : b5ded000-b5df1000 r-xp 00000000 b3:06 1456 /system/lib/libprocessgroup.so
06-09 00:12:40.515 3579 3579 W art : b5df1000-b5df2000 r--p 00003000 b3:06 1456 /system/lib/libprocessgroup.so
06-09 00:12:40.515 3579 3579 W art : b5df2000-b5df3000 rw-p 00004000 b3:06 1456 /system/lib/libprocessgroup.so
06-09 00:12:40.517 1110 1340 I customAudioLoopback: writeRadioTrack(): Info: trackPtr: 0xB5A9A008, buffer Ptr: 0xB4E7F880
06-09 00:12:40.517 1110 1340 I customAudioLoopback: writeRadioTrack(): Info: track->trackEnabled: 1, track->audioTrack: 0xB5A9D000, track->trackRunning: 1, track->recovering: 0
06-09 00:12:40.517 1110 1340 I customAudioLoopback: writeRadioTrack(): Info: trackPtr: 0xB5A9A01C, buffer Ptr: 0xB4E7F880
06-09 00:12:40.517 1110 1340 I customAudioLoopback: writeRadioTrack(): Info: track->trackEnabled: 1, track->audioTrack: 0xB5A9D280, track->trackRunning: 0, track->recovering: 0
06-09 00:12:40.523 725 725 D OnStar.OnStarRemoteReflashManager: subscribeRR
06-09 00:12:40.524 725 725 E OnStar.OnStarRemoteReflashService: subscribeRR->Failed to subscribe for RR->Reason :
06-09 00:12:40.524 725 725 E OnStar.OnStarRemoteReflashService: com.gm.server.onstar.connector.OnStarConnectionException: FSA RemoteReflash client is not ready [UNINITIALIZED]
06-09 00:12:40.524 725 725 E OnStar.OnStarRemoteReflashService: at com.gm.server.onstar.connector.FsaTcpConnector.getRemoteReflashClient(FsaTcpConnector.java:2642)
06-09 00:12:40.524 725 725 E OnStar.OnStarRemoteReflashService: at com.gm.server.onstar.connector.FsaTcpConnector.subscribeRR(FsaTcpConnector.java:1635)
06-09 00:12:40.524 725 725 E OnStar.OnStarRemoteReflashService: at com.gm.server.onstar.OnStarRemoteReflashService.subscribeRR(OnStarRemoteReflashService.java:341)
06-09 00:12:40.524 725 725 E OnStar.OnStarRemoteReflashService: at gm.onstar.OnStarRemoteReflashManager.subscribeRR(OnStarRemoteReflashManager.java:386)
06-09 00:12:40.524 725 725 E OnStar.OnStarRemoteReflashService: at com.gm.server.update.packagedepot.TCPMRemoteReflashHandler.initializeRemoteReflash(TCPMRemoteReflashHandler.java:1062)
06-09 00:12:40.524 725 725 E OnStar.OnStarRemoteReflashService: at com.gm.server.update.packagedepot.TCPMRemoteReflashHandler.-wrap31(TCPMRemoteReflashHandler.java)
06-09 00:12:40.524 725 725 E OnStar.OnStarRemoteReflashService: at com.gm.server.update.packagedepot.TCPMRemoteReflashHandler$6.run(TCPMRemoteReflashHandler.java:877)
06-09 00:12:40.524 725 725 E OnStar.OnStarRemoteReflashService: at android.os.Handler.handleCallback(Handler.java:739)
06-09 00:12:40.524 725 725 E OnStar.OnStarRemoteReflashService: at android.os.Handler.dispatchMessage(Handler.java:95)
06-09 00:12:40.524 725 725 E OnStar.OnStarRemoteReflashService: at android.os.Looper.loop(Looper.java:148)
06-09 00:12:40.524 725 725 E OnStar.OnStarRemoteReflashService: at android.app.ActivityThread.main(ActivityThread.java:5417)
06-09 00:12:40.524 725 725 E OnStar.OnStarRemoteReflashService: at java.lang.reflect.Method.invoke(Native Method)
06-09 00:12:40.524 725 725 E OnStar.OnStarRemoteReflashService: at com.android.internal.os.ZygoteInit$MethodAndArgsCaller.run(ZygoteInit.java:759)
06-09 00:12:40.524 725 725 E OnStar.OnStarRemoteReflashService: at com.android.internal.os.ZygoteInit.main(ZygoteInit.java:649)
06-09 00:12:40.524 725 725 E OnStar.OnStarRemoteReflashManager: subscribeRR->Failed to subscibe to RR->gm.onstar.exception.OnStarException: subscribeRR->FSA functions client is not ready
06-09 00:12:40.524 725 725 I UpdateService-TCPMRemoteReflashHandler: initializeRemoteReflash() ... initialized? false
06-09 00:12:40.537 3579 3579 W art : b5df3000-b5e01000 r-xp 00000000 b3:06 1371 /system/lib/libminikin.so
06-09 00:12:40.539 1110 1340 I customAudioLoopback: writeRadioTrack(): Info: trackPtr: 0xB5A9A008, buffer Ptr: 0xB4E7F880
06-09 00:12:40.539 1110 1340 I customAudioLoopback: writeRadioTrack(): Info: track->trackEnabled: 1, track->audioTrack: 0xB5A9D000, track->trackRunning: 1, track->recovering: 0
06-09 00:12:40.539 1110 1340 I customAudioLoopback: writeRadioTrack(): Info: trackPtr: 0xB5A9A01C, buffer Ptr: 0xB4E7F880
06-09 00:12:40.539 1110 1340 I customAudioLoopback: writeRadioTrack(): Info: track->trackEnabled: 1, track->audioTrack: 0xB5A9D280, track->trackRunning: 0, track->recovering: 0
06-09 00:12:40.543 3579 3579 W art : b5e01000-b5e02000 ---p 00000000 00:00 0
06-09 00:12:40.543 3579 3579 W art : b5e02000-b5e03000 r--p 0000e000 b3:06 1371 /system/lib/libminikin.so
06-09 00:12:40.543 3579 3579 W art : b5e03000-b5e04000 rw-p 0000f000 b3:06 1371 /system/lib/libminikin.so
06-09 00:12:40.543 3579 3579 W art : b5e04000-b5e0e000 r-xp 00000000 b3:06 1487 /system/lib/libsoundtrigger.so
06-09 00:12:40.543 3579 3579 W art : b5e0e000-b5e11000 r--p 00009000 b3:06 1487 /system/lib/libsoundtrigger.so
06-09 00:12:40.543 3579 3579 W art : b5e11000-b5e12000 rw-p 0000c000 b3:06 1487 /system/lib/libsoundtrigger.so
06-09 00:12:40.543 3579 3579 W art : b5e12000-b5e13000 r--p 00000000 00:00 0 [anon:linker_alloc]
06-09 00:12:40.543 3579 3579 W art : b5e13000-b5e1d000 r-xp 00000000 b3:06 1460 /system/lib/libradio.so
06-09 00:12:40.543 3579 3579 W art : b5e1d000-b5e20000 r--p 00009000 b3:06 1460 /system/lib/libradio.so
06-09 00:12:40.543 3579 3579 W art : b5e20000-b5e21000 rw-p 0000c000 b3:06 1460 /system/lib/libradio.so
06-09 00:12:40.543 3579 3579 W art : b5e21000-b5e25000 r-xp 00000000 b3:06 1429 /system/lib/libnetd_client.so
06-09 00:12:40.543 3579 3579 W art : b5e25000-b5e26000 r--p 00003000 b3:06 1429 /system/lib/libnetd_client.so
06-09 00:12:40.544 3579 3579 W art : b5e26000-b5e27000 rw-p 00004000 b3:06 1429 /system/lib/libnetd_client.so
06-09 00:12:40.544 3579 3579 W art : b5e27000-b5e35000 r-xp 00000000 b3:06 1335 /system/lib/libimg_utils.so
06-09 00:12:40.544 3579 3579 W art : b5e35000-b5e37000 r--p 0000d000 b3:06 1335 /system/lib/libimg_utils.so
06-09 00:12:40.544 3579 3579 W art : b5e37000-b5e38000 rw-p 0000f000 b3:06 1335 /system/lib/libimg_utils.so
06-09 00:12:40.544 3579 3579 W art : b5e38000-b624a000 r-xp 00000000 b3:06 1449 /system/lib/libpdfium.so
06-09 00:12:40.544 3579 3579 W art : b624a000-b624b000 ---p 00000000 00:00 0
06-09 00:12:40.544 3579 3579 W art : b624b000-b6254000 r--p 00412000 b3:06 1449 /system/lib/libpdfium.so
06-09 00:12:40.544 3579 3579 W art : b6254000-b6258000 rw-p 0041b000 b3:06 1449 /system/lib/libpdfium.so
06-09 00:12:40.544 3579 3579 W art : b6258000-b6259000 rw-p 00000000 00:00 0
06-09 00:12:40.544 3579 3579 W art : b6259000-b6260000 r-xp 00000000 b3:06 1227 /system/lib/libaudioutils.so
06-09 00:12:40.544 3579 3579 W art : b6260000-b6261000 r--p 00006000 b3:06 1227 /system/lib/libaudioutils.so
06-09 00:12:40.544 3579 3579 W art : b6261000-b6262000 rw-p 00007000 b3:06 1227 /system/lib/libaudioutils.so
06-09 00:12:40.544 3579 3579 W art : b6262000-b627d000 r-xp 00000000 b3:06 1599 /system/lib/libz.so
06-09 00:12:40.544 3579 3579 W art : b627d000-b627e000 r--p 0001a000 b3:06 1599 /system/lib/libz.so
06-09 00:12:40.544 3579 3579 W art : b627e000-b627f000 rw-p 0001b000 b3:06 1599 /system/lib/libz.so
06-09 00:12:40.544 3579 3579 W art : b627f000-b6280000 rw-p 00000000 00:00 0 [anon:linker_alloc]
06-09 00:12:40.544 3579 3579 W art : b6280000-b62cc000 r-xp 00000000 b3:06 1327 /system/lib/libharfbuzz_ng.so
06-09 00:12:40.544 3579 3579 W art : b62cc000-b62cd000 r--p 0004b000 b3:06 1327 /system/lib/libharfbuzz_ng.so
06-09 00:12:40.544 3579 3579 W art : b62cd000-b62ce000 rw-p 0004c000 b3:06 1327 /system/lib/libharfbuzz_ng.so
06-09 00:12:40.544 3579 3579 W art : b62ce000-b62d2000 r-xp 00000000 b3:06 1555 /system/lib/libusbhost.so
06-09 00:12:40.545 3579 3579 W art : b62d2000-b62d3000 ---p 00000000 00:00 0
06-09 00:12:40.545 3579 3579 W art : b62d3000-b62d4000 r--p 00004000 b3:06 1555 /system/lib/libusbhost.so
06-09 00:12:40.545 3579 3579 W art : b62d4000-b62d5000 rw-p 00005000 b3:06 1555 /system/lib/libusbhost.so
06-09 00:12:40.545 3579 3579 W art : b62d5000-b630d000 r-xp 00000000 b3:06 1353 /system/lib/libjpeg.so
06-09 00:12:40.545 3579 3579 W art : b630d000-b630e000 r--p 00037000 b3:06 1353 /system/lib/libjpeg.so
06-09 00:12:40.545 3579 3579 W art : b630e000-b630f000 rw-p 00038000 b3:06 1353 /system/lib/libjpeg.so
06-09 00:12:40.545 3579 3579 W art : b630f000-b6310000 r--p 00000000 00:00 0 [anon:linker_alloc]
06-09 00:12:40.545 3579 3579 W art : b6310000-b63a4000 r-xp 00000000 b3:06 1364 /system/lib/libmedia.so
06-09 00:12:40.545 3579 3579 W art : b63a4000-b63c0000 r--p 00093000 b3:06 1364 /system/lib/libmedia.so
06-09 00:12:40.545 3579 3579 W art : b63c0000-b63c1000 rw-p 000af000 b3:06 1364 /system/lib/libmedia.so
06-09 00:12:40.545 3579 3579 W art : b63c1000-b6534000 r-xp 00000000 b3:06 1333 /system/lib/libicui18n.so
06-09 00:12:40.545 3579 3579 W art : b6534000-b653f000 r--p 00172000 b3:06 1333 /system/lib/libicui18n.so
06-09 00:12:40.545 3579 3579 W art : b653f000-b6540000 rw-p 0017d000 b3:06 1333 /system/lib/libicui18n.so
06-09 00:12:40.545 3579 3579 W art : b6540000-b6657000 r-xp 00000000 b3:06 1334 /system/lib/libicuuc.so
06-09 00:12:40.545 3579 3579 W art : b6657000-b6662000 r--p 00116000 b3:06 1334 /system/lib/libicuuc.so
06-09 00:12:40.545 3579 3579 W art : b6662000-b6663000 rw-p 00121000 b3:06 1334 /system/lib/libicuuc.so
06-09 00:12:40.545 3579 3579 W art : b6663000-b6667000 rw-p 00000000 00:00 0
06-09 00:12:40.545 3579 3579 W art : b6667000-b668a000 r-xp 00000000 b3:06 1497 /system/lib/libssl.so
06-09 00:12:40.545 3579 3579 W art : b668a000-b668c000 r--p 00022000 b3:06 1497 /system/lib/libssl.so
06-09 00:12:40.545 3579 3579 W art : b668c000-b668d000 rw-p 00024000 b3:06 1497 /system/lib/libssl.so
06-09 00:12:40.545 3579 3579 W art : b668d000-b671d000 r-xp 00000000 b3:06 1253 /system/lib/libcrypto.so
06-09 00:12:40.545 3579 3579 W art : b671d000-b671e000 ---p 00000000 00:00 0
06-09 00:12:40.545 3579 3579 W art : b671e000-b6729000 r--p 00090000 b3:06 1253 /system/lib/libcrypto.so
06-09 00:12:40.545 3579 3579 W art : b6729000-b672a000 rw-p 0009b000 b3:06 1253 /system/lib/libcrypto.so
06-09 00:12:40.545 3579 3579 W art : b672a000-b677d000 r-xp 00000000 b3:06 1485 /system/lib/libsonivox.so
06-09 00:12:40.545 3579 3579 W art : b677d000-b677e000 r--p 00052000 b3:06 1485 /system/lib/libsonivox.so
06-09 00:12:40.545 3579 3579 W art : b677e000-b677f000 rw-p 00053000 b3:06 1485 /system/lib/libsonivox.so
06-09 00:12:40.545 3579 3579 W art : b677f000-b6784000 rw-p 00000000 00:00 0
06-09 00:12:40.545 3579 3579 W art : b6784000-b6792000 r-xp 00000000 b3:06 1475 /system/lib/libselinux.so
06-09 00:12:40.545 3579 3579 W art : b6792000-b6793000 ---p 00000000 00:00 0
06-09 00:12:40.545 3579 3579 W art : b6793000-b6794000 r--p 0000e000 b3:06 1475 /system/lib/libselinux.so
06-09 00:12:40.545 3579 3579 W art : b6794000-b6795000 rw-p 0000f000 b3:06 1475 /system/lib/libselinux.so
06-09 00:12:40.545 3579 3579 W art : b6795000-b679c000 r-xp 00000000 b3:06 1326 /system/lib/libhardware_legacy.so
06-09 00:12:40.545 3579 3579 W art : b679c000-b679d000 r--p 00006000 b3:06 1326 /system/lib/libhardware_legacy.so
06-09 00:12:40.545 3579 3579 W art : b679d000-b679e000 rw-p 00007000 b3:06 1326 /system/lib/libhardware_legacy.so
06-09 00:12:40.545 3579 3579 W art : b679e000-b679f000 rw-p 00000000 00:00 0
06-09 00:12:40.545 3579 3579 W art : b679f000-b67a2000 r-xp 00000000 b3:06 1325 /system/lib/libhardware.so
06-09 00:12:40.545 3579 3579 W art : b67a2000-b67a3000 r--p 00002000 b3:06 1325 /system/lib/libhardware.so
06-09 00:12:40.545 3579 3579 W art : b67a3000-b67a4000 rw-p 00003000 b3:06 1325 /system/lib/libhardware.so
06-09 00:12:40.545 3579 3579 W art : b67a4000-b67a8000 r-xp 00000000 b3:06 1176 /system/lib/libETC1.so
06-09 00:12:40.545 3579 3579 W art : b67a8000-b67a9000 r--p 00003000 b3:06 1176 /system/lib/libETC1.so
06-09 00:12:40.545 3579 3579 W art : b67a9000-b67aa000 rw-p 00004000 b3:06 1176 /system/lib/libETC1.so
06-09 00:12:40.545 3579 3579 W art : b67aa000-b67b7000 r-xp 00000000 b3:06 1180 /system/lib/libGLESv2.so
06-09 00:12:40.545 3579 3579 W art : b67b7000-b67b8000 r--p 0000c000 b3:06 1180 /system/lib/libGLESv2.so
06-09 00:12:40.545 3579 3579 W art : b67b8000-b67b9000 rw-p 0000d000 b3:06 1180 /system/lib/libGLESv2.so
06-09 00:12:40.545 3579 3579 W art : b67b9000-b67c1000 r-xp 00000000 b3:06 1179 /system/lib/libGLESv1_CM.so
06-09 00:12:40.545 3579 3579 W art : b67c1000-b67c2000 r--p 00007000 b3:06 1179 /system/lib/libGLESv1_CM.so
06-09 00:12:40.545 3579 3579 W art : b67c2000-b67c3000 rw-p 00008000 b3:06 1179 /system/lib/libGLESv1_CM.so
06-09 00:12:40.545 3579 3579 W art : b67c3000-b681f000 r-xp 00000000 b3:06 1175 /system/lib/libEGL.so
06-09 00:12:40.545 3579 3579 W art : b681f000-b6820000 ---p 00000000 00:00 0
06-09 00:12:40.545 3579 3579 W art : b6820000-b6822000 r--p 0005c000 b3:06 1175 /system/lib/libEGL.so
06-09 00:12:40.545 3579 3579 W art : b6822000-b682b000 rw-p 0005e000 b3:06 1175 /system/lib/libEGL.so
06-09 00:12:40.545 3579 3579 W art : b682b000-b682e000 rw-p 00000000 00:00 0
06-09 00:12:40.546 3579 3579 W art : b682e000-b6890000 r-xp 00000000 b3:06 1491 /system/lib/libsqlite.so
06-09 00:12:40.546 3579 3579 W art : b6890000-b6892000 r--p 00061000 b3:06 1491 /system/lib/libsqlite.so
06-09 00:12:40.546 3579 3579 W art : b6892000-b6893000 rw-p 00063000 b3:06 1491 /system/lib/libsqlite.so
06-09 00:12:40.546 3579 3579 W art : b6893000-b6894000 rw-p 00000000 00:00 0
06-09 00:12:40.546 3579 3579 W art : b6894000-b6ae5000 r-xp 00000000 b3:06 1481 /system/lib/libskia.so
06-09 00:12:40.546 3579 3579 W art : b6ae5000-b6ae6000 ---p 00000000 00:00 0
06-09 00:12:40.546 3579 3579 W art : b6ae6000-b6b00000 r--p 00251000 b3:06 1481 /system/lib/libskia.so
06-09 00:12:40.546 3579 3579 W art : b6b00000-b6b02000 rw-p 0026b000 b3:06 1481 /system/lib/libskia.so
06-09 00:12:40.546 3579 3579 W art : b6b02000-b6b06000 rw-p 00000000 00:00 0
06-09 00:12:40.546 3579 3579 W art : b6b06000-b6b0e000 r-xp 00000000 b3:06 1242 /system/lib/libcamera_metadata.so
06-09 00:12:40.546 3579 3579 W art : b6b0e000-b6b0f000 r--p 00007000 b3:06 1242 /system/lib/libcamera_metadata.so
06-09 00:12:40.546 3579 3579 W art : b6b0f000-b6b10000 rw-p 00008000 b3:06 1242 /system/lib/libcamera_metadata.so
06-09 00:12:40.546 3579 3579 W art : b6b10000-b6b34000 r-xp 00000000 b3:06 1241 /system/lib/libcamera_client.so
06-09 00:12:40.546 3579 3579 W art : b6b34000-b6b35000 ---p 00000000 00:00 0
06-09 00:12:40.546 3579 3579 W art : b6b35000-b6b3d000 r--p 00024000 b3:06 1241 /system/lib/libcamera_client.so
06-09 00:12:40.546 3579 3579 W art : b6b3d000-b6b3e000 rw-p 0002c000 b3:06 1241 /system/lib/libcamera_client.so
06-09 00:12:40.546 3579 3579 W art : b6b3e000-b6b79000 r-xp 00000000 b3:06 1337 /system/lib/libinputflinger.so
06-09 00:12:40.546 3579 3579 W art : b6b79000-b6b7a000 ---p 00000000 00:00 0
06-09 00:12:40.546 3579 3579 W art : b6b7a000-b6b7d000 r--p 0003b000 b3:06 1337 /system/lib/libinputflinger.so
06-09 00:12:40.546 3579 3579 W art : b6b7d000-b6b7e000 rw-p 0003e000 b3:06 1337 /system/lib/libinputflinger.so
06-09 00:12:40.546 3579 3579 W art : b6b7e000-b6b98000 r-xp 00000000 b3:06 1336 /system/lib/libinput.so
06-09 00:12:40.546 3579 3579 W art : b6b98000-b6b9c000 r--p 00019000 b3:06 1336 /system/lib/libinput.so
06-09 00:12:40.546 3579 3579 W art : b6b9c000-b6b9d000 rw-p 0001d000 b3:06 1336 /system/lib/libinput.so
06-09 00:12:40.546 3579 3579 W art : b6b9d000-b6be9000 r-xp 00000000 b3:06 1323 /system/lib/libgui.so
06-09 00:12:40.559 1110 1340 I customAudioLoopback: writeRadioTrack(): Info: trackPtr: 0xB5A9A008, buffer Ptr: 0xB4E7F880
06-09 00:12:40.559 1110 1340 I customAudioLoopback: writeRadioTrack(): Info: track->trackEnabled: 1, track->audioTrack: 0xB5A9D000, track->trackRunning: 1, track->recovering: 0
06-09 00:12:40.560 1110 1340 I customAudioLoopback: writeRadioTrack(): Info: trackPtr: 0xB5A9A01C, buffer Ptr: 0xB4E7F880
06-09 00:12:40.560 1110 1340 I customAudioLoopback: writeRadioTrack(): Info: track->trackEnabled: 1, track->audioTrack: 0xB5A9D280, track->trackRunning: 0, track->recovering: 0
06-09 00:12:40.582 1110 1340 I customAudioLoopback: writeRadioTrack(): Info: trackPtr: 0xB5A9A008, buffer Ptr: 0xB4E7F880
06-09 00:12:40.582 1110 1340 I customAudioLoopback: writeRadioTrack(): Info: track->trackEnabled: 1, track->audioTrack: 0xB5A9D000, track->trackRunning: 1, track->recovering: 0
06-09 00:12:40.582 1110 1340 I customAudioLoopback: writeRadioTrack(): Info: trackPtr: 0xB5A9A01C, buffer Ptr: 0xB4E7F880
06-09 00:12:40.582 1110 1340 I customAudioLoopback: writeRadioTrack(): Info: track->trackEnabled: 1, track->audioTrack: 0xB5A9D280, track->trackRunning: 0, track->recovering: 0
06-09 00:12:40.602 1110 1340 I customAudioLoopback: writeRadioTrack(): Info: trackPtr: 0xB5A9A008, buffer Ptr: 0xB4E7F880
06-09 00:12:40.602 1110 1340 I customAudioLoopback: writeRadioTrack(): Info: track->trackEnabled: 1, track->audioTrack: 0xB5A9D000, track->trackRunning: 1, track->recovering: 0
06-09 00:12:40.602 1110 1340 I customAudioLoopback: writeRadioTrack(): Info: trackPtr: 0xB5A9A01C, buffer Ptr: 0xB4E7F880
06-09 00:12:40.602 1110 1340 I customAudioLoopback: writeRadioTrack(): Info: track->trackEnabled: 1, track->audioTrack: 0xB5A9D280, track->trackRunning: 0, track->recovering: 0
06-09 00:12:40.609 3579 3579 D ICU : No timezone override file found: /data/misc/zoneinfo/current/icu/icu_tzdata.dat
06-09 00:12:40.624 1110 1340 I customAudioLoopback: writeRadioTrack(): Info: trackPtr: 0xB5A9A008, buffer Ptr: 0xB4E7F880
06-09 00:12:40.624 1110 1340 I customAudioLoopback: writeRadioTrack(): Info: track->trackEnabled: 1, track->audioTrack: 0xB5A9D000, track->trackRunning: 1, track->recovering: 0
06-09 00:12:40.624 1110 1340 I customAudioLoopback: writeRadioTrack(): Info: trackPtr: 0xB5A9A01C, buffer Ptr: 0xB4E7F880
06-09 00:12:40.624 1110 1340 I customAudioLoopback: writeRadioTrack(): Info: track->trackEnabled: 1, track->audioTrack: 0xB5A9D280, track->trackRunning: 0, track->recovering: 0
06-09 00:12:40.645 1110 1340 I customAudioLoopback: writeRadioTrack(): Info: trackPtr: 0xB5A9A008, buffer Ptr: 0xB4E7F880
06-09 00:12:40.645 1110 1340 I customAudioLoopback: writeRadioTrack(): Info: track->trackEnabled: 1, track->audioTrack: 0xB5A9D000, track->trackRunning: 1, track->recovering: 0
06-09 00:12:40.645 1110 1340 I customAudioLoopback: writeRadioTrack(): Info: trackPtr: 0xB5A9A01C, buffer Ptr: 0xB4E7F880
06-09 00:12:40.645 1110 1340 I customAudioLoopback: writeRadioTrack(): Info: track->trackEnabled: 1, track->audioTrack: 0xB5A9D280, track->trackRunning: 0, track->recovering: 0
06-09 00:12:40.667 1110 1340 I customAudioLoopback: writeRadioTrack(): Info: trackPtr: 0xB5A9A008, buffer Ptr: 0xB4E7F880
06-09 00:12:40.667 1110 1340 I customAudioLoopback: writeRadioTrack(): Info: track->trackEnabled: 1, track->audioTrack: 0xB5A9D000, track->trackRunning: 1, track->recovering: 0
06-09 00:12:40.667 1110 1340 I customAudioLoopback: writeRadioTrack(): Info: trackPtr: 0xB5A9A01C, buffer Ptr: 0xB4E7F880
06-09 00:12:40.667 1110 1340 I customAudioLoopback: writeRadioTrack(): Info: track->trackEnabled: 1, track->audioTrack: 0xB5A9D280, track->trackRunning: 0, track->recovering: 0
06-09 00:12:40.670 870 870 D GMStatusBar: handleMessage MSG_AUDIO_INFO_PAGING_COMPLETE mAudioStatusInfoIndex = 0
06-09 00:12:40.688 1110 1340 I customAudioLoopback: writeRadioTrack(): Info: trackPtr: 0xB5A9A008, buffer Ptr: 0xB4E7F880
06-09 00:12:40.688 1110 1340 I customAudioLoopback: writeRadioTrack(): Info: track->trackEnabled: 1, track->audioTrack: 0xB5A9D000, track->trackRunning: 1, track->recovering: 0
06-09 00:12:40.688 1110 1340 I customAudioLoopback: writeRadioTrack(): Info: trackPtr: 0xB5A9A01C, buffer Ptr: 0xB4E7F880
06-09 00:12:40.688 1110 1340 I customAudioLoopback: writeRadioTrack(): Info: track->trackEnabled: 1, track->audioTrack: 0xB5A9D280, track->trackRunning: 0, track->recovering: 0
06-09 00:12:40.688 3579 3579 I Radio-JNI: register_android_hardware_Radio DONE
06-09 00:12:40.707 725 1350 D RSIClient: client io error, failed to connect to /192.168.1.104 (port 9040) after 5000ms: isConnected failed: EHOSTUNREACH (No route to host)
06-09 00:12:40.707 725 1350 D RSIClient: STOPPED
06-09 00:12:40.707 725 1350 D RSIClient: RESTART CLIENT
06-09 00:12:40.710 1110 1340 I customAudioLoopback: writeRadioTrack(): Info: trackPtr: 0xB5A9A008, buffer Ptr: 0xB4E7F880
06-09 00:12:40.710 1110 1340 I customAudioLoopback: writeRadioTrack(): Info: track->trackEnabled: 1, track->audioTrack: 0xB5A9D000, track->trackRunning: 1, track->recovering: 0
06-09 00:12:40.710 1110 1340 I customAudioLoopback: writeRadioTrack(): Info: trackPtr: 0xB5A9A01C, buffer Ptr: 0xB4E7F880
06-09 00:12:40.710 1110 1340 I customAudioLoopback: writeRadioTrack(): Info: track->trackEnabled: 1, track->audioTrack: 0xB5A9D280, track->trackRunning: 0, track->recovering: 0
06-09 00:12:40.724 3579 3579 D AndroidRuntime: Calling main entry com.android.commands.settings.SettingsCmd
06-09 00:12:40.730 1110 1340 I customAudioLoopback: writeRadioTrack(): Info: trackPtr: 0xB5A9A008, buffer Ptr: 0xB4E7F880
06-09 00:12:40.730 1110 1340 I customAudioLoopback: writeRadioTrack(): Info: track->trackEnabled: 1, track->audioTrack: 0xB5A9D000, track->trackRunning: 1, track->recovering: 0
06-09 00:12:40.730 1110 1340 I customAudioLoopback: writeRadioTrack(): Info: trackPtr: 0xB5A9A01C, buffer Ptr: 0xB4E7F880
06-09 00:12:40.730 1110 1340 I customAudioLoopback: writeRadioTrack(): Info: track->trackEnabled: 1, track->audioTrack: 0xB5A9D280, track->trackRunning: 0, track->recovering: 0
06-09 00:12:40.731 3579 3579 D AndroidRuntime: Shutting down VM
06-09 00:12:40.743 3579 3638 E art : Thread attaching while runtime is shutting down: Binder_1
06-09 00:12:40.743 3579 3638 I AndroidRuntime: NOTE: attach of thread 'Binder_1' failed
06-09 00:12:40.752 1110 1340 I customAudioLoopback: writeRadioTrack(): Info: trackPtr: 0xB5A9A008, buffer Ptr: 0xB4E7F880
06-09 00:12:40.752 1110 1340 I customAudioLoopback: writeRadioTrack(): Info: track->trackEnabled: 1, track->audioTrack: 0xB5A9D000, track->trackRunning: 1, track->recovering: 0
06-09 00:12:40.752 1110 1340 I customAudioLoopback: writeRadioTrack(): Info: trackPtr: 0xB5A9A01C, buffer Ptr: 0xB4E7F880
06-09 00:12:40.752 1110 1340 I customAudioLoopback: writeRadioTrack(): Info: track->trackEnabled: 1, track->audioTrack: 0xB5A9D280, track->trackRunning: 0, track->recovering: 0
06-09 00:12:40.773 1110 1340 I customAudioLoopback: writeRadioTrack(): Info: trackPtr: 0xB5A9A008, buffer Ptr: 0xB4E7F880
06-09 00:12:40.773 1110 1340 I customAudioLoopback: writeRadioTrack(): Info: track->trackEnabled: 1, track->audioTrack: 0xB5A9D000, track->trackRunning: 1, track->recovering: 0
06-09 00:12:40.773 1110 1340 I customAudioLoopback: writeRadioTrack(): Info: trackPtr: 0xB5A9A01C, buffer Ptr: 0xB4E7F880
06-09 00:12:40.773 1110 1340 I customAudioLoopback: writeRadioTrack(): Info: track->trackEnabled: 1, track->audioTrack: 0xB5A9D280, track->trackRunning: 0, track->recovering: 0
06-09 00:12:40.790 1042 1208 I DemoModeService: Current Mode: DEMO
06-09 00:12:40.795 1110 1340 I customAudioLoopback: writeRadioTrack(): Info: trackPtr: 0xB5A9A008, buffer Ptr: 0xB4E7F880
06-09 00:12:40.795 1110 1340 I customAudioLoopback: writeRadioTrack(): Info: track->trackEnabled: 1, track->audioTrack: 0xB5A9D000, track->trackRunning: 1, track->recovering: 0
06-09 00:12:40.795 1110 1340 I customAudioLoopback: writeRadioTrack(): Info: trackPtr: 0xB5A9A01C, buffer Ptr: 0xB4E7F880
06-09 00:12:40.795 1110 1340 I customAudioLoopback: writeRadioTrack(): Info: track->trackEnabled: 1, track->audioTrack: 0xB5A9D280, track->trackRunning: 0, track->recovering: 0
06-09 00:12:40.815 1110 1340 I customAudioLoopback: writeRadioTrack(): Info: trackPtr: 0xB5A9A008, buffer Ptr: 0xB4E7F880
06-09 00:12:40.816 1110 1340 I customAudioLoopback: writeRadioTrack(): Info: track->trackEnabled: 1, track->audioTrack: 0xB5A9D000, track->trackRunning: 1, track->recovering: 0
06-09 00:12:40.816 1110 1340 I customAudioLoopback: writeRadioTrack(): Info: trackPtr: 0xB5A9A01C, buffer Ptr: 0xB4E7F880
06-09 00:12:40.816 1110 1340 I customAudioLoopback: writeRadioTrack(): Info: track->trackEnabled: 1, track->audioTrack: 0xB5A9D280, track->trackRunning: 0, track->recovering: 0
06-09 00:12:40.837 1110 1340 I customAudioLoopback: writeRadioTrack(): Info: trackPtr: 0xB5A9A008, buffer Ptr: 0xB4E7F880
06-09 00:12:40.838 1110 1340 I customAudioLoopback: writeRadioTrack(): Info: track->trackEnabled: 1, track->audioTrack: 0xB5A9D000, track->trackRunning: 1, track->recovering: 0
06-09 00:12:40.838 1110 1340 I customAudioLoopback: writeRadioTrack(): Info: trackPtr: 0xB5A9A01C, buffer Ptr: 0xB4E7F880
06-09 00:12:40.838 1110 1340 I customAudioLoopback: writeRadioTrack(): Info: track->trackEnabled: 1, track->audioTrack: 0xB5A9D280, track->trackRunning: 0, track->recovering: 0
06-09 00:12:40.858 1110 1340 I customAudioLoopback: writeRadioTrack(): Info: trackPtr: 0xB5A9A008, buffer Ptr: 0xB4E7F880
06-09 00:12:40.858 1110 1340 I customAudioLoopback: writeRadioTrack(): Info: track->trackEnabled: 1, track->audioTrack: 0xB5A9D000, track->trackRunning: 1, track->recovering: 0
06-09 00:12:40.858 1110 1340 I customAudioLoopback: writeRadioTrack(): Info: trackPtr: 0xB5A9A01C, buffer Ptr: 0xB4E7F880
06-09 00:12:40.858 1110 1340 I customAudioLoopback: writeRadioTrack(): Info: track->trackEnabled: 1, track->audioTrack: 0xB5A9D280, track->trackRunning: 0, track->recovering: 0
06-09 00:12:40.873 2312 2330 D xxxxxx_gps: process_ndr_data() sensorCnt:22735, sequenceNr:661, lat:0, lon:0, heading:9000
06-09 00:12:40.874 2312 2330 D xxxxxx_gps: process_ndr_data() deltaHeading:-0.000000, speed:0, distance:878784, meter:0, DR timestamp:715343, utcTime:0
06-09 00:12:40.874 2312 2330 D xxxxxx_gps: Time not Availible from Fix!
06-09 00:12:40.874 2312 2330 D xxxxxx_gps: DR Time is 715343 at Utc Time 715343
06-09 00:12:40.880 1110 1340 I customAudioLoopback: writeRadioTrack(): Info: trackPtr: 0xB5A9A008, buffer Ptr: 0xB4E7F880
06-09 00:12:40.880 1110 1340 I customAudioLoopback: writeRadioTrack(): Info: track->trackEnabled: 1, track->audioTrack: 0xB5A9D000, track->trackRunning: 1, track->recovering: 0
06-09 00:12:40.880 1110 1340 I customAudioLoopback: writeRadioTrack(): Info: trackPtr: 0xB5A9A01C, buffer Ptr: 0xB4E7F880
06-09 00:12:40.880 1110 1340 I customAudioLoopback: writeRadioTrack(): Info: track->trackEnabled: 1, track->audioTrack: 0xB5A9D280, track->trackRunning: 0, track->recovering: 0
06-09 00:12:40.901 1110 1340 I customAudioLoopback: writeRadioTrack(): Info: trackPtr: 0xB5A9A008, buffer Ptr: 0xB4E7F880
06-09 00:12:40.901 1110 1340 I customAudioLoopback: writeRadioTrack(): Info: track->trackEnabled: 1, track->audioTrack: 0xB5A9D000, track->trackRunning: 1, track->recovering: 0
06-09 00:12:40.901 1110 1340 I customAudioLoopback: writeRadioTrack(): Info: trackPtr: 0xB5A9A01C, buffer Ptr: 0xB4E7F880
06-09 00:12:40.901 1110 1340 I customAudioLoopback: writeRadioTrack(): Info: track->trackEnabled: 1, track->audioTrack: 0xB5A9D280, track->trackRunning: 0, track->recovering: 0
06-09 00:12:40.903 144 161 E ProtoKey: Protokey request failed
06-09 00:12:40.923 1110 1340 I customAudioLoopback: writeRadioTrack(): Info: trackPtr: 0xB5A9A008, buffer Ptr: 0xB4E7F880
06-09 00:12:40.923 1110 1340 I customAudioLoopback: writeRadioTrack(): Info: track->trackEnabled: 1, track->audioTrack: 0xB5A9D000, track->trackRunning: 1, track->recovering: 0
06-09 00:12:40.923 1110 1340 I customAudioLoopback: writeRadioTrack(): Info: trackPtr: 0xB5A9A01C, buffer Ptr: 0xB4E7F880
06-09 00:12:40.923 1110 1340 I customAudioLoopback: writeRadioTrack(): Info: track->trackEnabled: 1, track->audioTrack: 0xB5A9D280, track->trackRunning: 0, track->recovering: 0
06-09 00:12:40.944 1110 1340 I customAudioLoopback: writeRadioTrack(): Info: trackPtr: 0xB5A9A008, buffer Ptr: 0xB4E7F880
06-09 00:12:40.944 1110 1340 I customAudioLoopback: writeRadioTrack(): Info: track->trackEnabled: 1, track->audioTrack: 0xB5A9D000, track->trackRunning: 1, track->recovering: 0
06-09 00:12:40.944 1110 1340 I customAudioLoopback: writeRadioTrack(): Info: trackPtr: 0xB5A9A01C, buffer Ptr: 0xB4E7F880
06-09 00:12:40.944 1110 1340 I customAudioLoopback: writeRadioTrack(): Info: track->trackEnabled: 1, track->audioTrack: 0xB5A9D280, track->trackRunning: 0, track->recovering: 0
06-09 00:12:40.960 143 320 I ICSTYPEB: Panelservice backlightLevel 0x8fc0 0x8fc0 0x8fc0
06-09 00:12:40.966 1110 1340 I customAudioLoopback: writeRadioTrack(): Info: trackPtr: 0xB5A9A008, buffer Ptr: 0xB4E7F880
06-09 00:12:40.966 1110 1340 I customAudioLoopback: writeRadioTrack(): Info: track->trackEnabled: 1, track->audioTrack: 0xB5A9D000, track->trackRunning: 1, track->recovering: 0
06-09 00:12:40.966 1110 1340 I customAudioLoopback: writeRadioTrack(): Info: trackPtr: 0xB5A9A01C, buffer Ptr: 0xB4E7F880
06-09 00:12:40.966 1110 1340 I customAudioLoopback: writeRadioTrack(): Info: track->trackEnabled: 1, track->audioTrack: 0xB5A9D280, track->trackRunning: 0, track->recovering: 0
06-09 00:12:40.968 3618 3632 D Documents: Update found 7 roots in 483ms
06-09 00:12:40.974 2557 2557 I GM_ADB : Enable standard adb on eng or user-debug build.
06-09 00:12:40.978 725 1038 I com.gm.server.traffic.TrafficServiceImpl: signalMonitor: Not connected, reconnecting...
06-09 00:12:40.979 725 1038 E com.gm.server.traffic.TrafficServiceImpl: signalMonitor: socket connection exception
06-09 00:12:40.979 725 1038 E com.gm.server.traffic.TrafficServiceImpl: java.net.ConnectException: failed to connect to /192.168.1.10 (port 11999): connect failed: ECONNREFUSED (Connection refused)
06-09 00:12:40.979 725 1038 E com.gm.server.traffic.TrafficServiceImpl: at libcore.io.IoBridge.connect(IoBridge.java:124)
06-09 00:12:40.979 725 1038 E com.gm.server.traffic.TrafficServiceImpl: at java.net.PlainSocketImpl.connect(PlainSocketImpl.java:183)
06-09 00:12:40.979 725 1038 E com.gm.server.traffic.TrafficServiceImpl: at java.net.PlainSocketImpl.connect(PlainSocketImpl.java:163)
06-09 00:12:40.979 725 1038 E com.gm.server.traffic.TrafficServiceImpl: at java.net.Socket.startupSocket(Socket.java:592)
06-09 00:12:40.979 725 1038 E com.gm.server.traffic.TrafficServiceImpl: at java.net.Socket.tryAllAddresses(Socket.java:128)
06-09 00:12:40.979 725 1038 E com.gm.server.traffic.TrafficServiceImpl: at java.net.Socket.(Socket.java:178)
06-09 00:12:40.979 725 1038 E com.gm.server.traffic.TrafficServiceImpl: at java.net.Socket.(Socket.java:150)
06-09 00:12:40.979 725 1038 E com.gm.server.traffic.TrafficServiceImpl: at com.gm.server.traffic.SocketImpl.connect(SocketImpl.java:22)
06-09 00:12:40.979 725 1038 E com.gm.server.traffic.TrafficServiceImpl: at com.gm.server.traffic.TrafficServiceImpl$1.run(TrafficServiceImpl.java:227)
06-09 00:12:40.979 725 1038 E com.gm.server.traffic.TrafficServiceImpl: at java.util.concurrent.ThreadPoolExecutor.runWorker(ThreadPoolExecutor.java:1113)
06-09 00:12:40.979 725 1038 E com.gm.server.traffic.TrafficServiceImpl: at java.util.concurrent.ThreadPoolExecutor$Worker.run(ThreadPoolExecutor.java:588)
06-09 00:12:40.979 725 1038 E com.gm.server.traffic.TrafficServiceImpl: at java.lang.Thread.run(Thread.java:818)
06-09 00:12:40.979 725 1038 E com.gm.server.traffic.TrafficServiceImpl: Caused by: android.system.ErrnoException: connect failed: ECONNREFUSED (Connection refused)
06-09 00:12:40.979 725 1038 E com.gm.server.traffic.TrafficServiceImpl: at libcore.io.Posix.connect(Native Method)
06-09 00:12:40.979 725 1038 E com.gm.server.traffic.TrafficServiceImpl: at libcore.io.BlockGuardOs.connect(BlockGuardOs.java:111)
06-09 00:12:40.979 725 1038 E com.gm.server.traffic.TrafficServiceImpl: at libcore.io.IoBridge.connectErrno(IoBridge.java:137)
06-09 00:12:40.979 725 1038 E com.gm.server.traffic.TrafficServiceImpl: at libcore.io.IoBridge.connect(IoBridge.java:122)
06-09 00:12:40.979 725 1038 E com.gm.server.traffic.TrafficServiceImpl: ... 11 more
06-09 00:12:40.986 1110 1340 I customAudioLoopback: writeRadioTrack(): Info: trackPtr: 0xB5A9A008, buffer Ptr: 0xB4E7F880
06-09 00:12:40.986 1110 1340 I customAudioLoopback: writeRadioTrack(): Info: track->trackEnabled: 1, track->audioTrack: 0xB5A9D000, track->trackRunning: 1, track->recovering: 0
06-09 00:12:40.986 1110 1340 I customAudioLoopback: writeRadioTrack(): Info: trackPtr: 0xB5A9A01C, buffer Ptr: 0xB4E7F880
06-09 00:12:40.986 1110 1340 I customAudioLoopback: writeRadioTrack(): Info: track->trackEnabled: 1, track->audioTrack: 0xB5A9D280, track->trackRunning: 0, track->recovering: 0
06-09 00:12:41.008 1110 1340 I customAudioLoopback: writeRadioTrack(): Info: trackPtr: 0xB5A9A008, buffer Ptr: 0xB4E7F880
06-09 00:12:41.008 1110 1340 I customAudioLoopback: writeRadioTrack(): Info: track->trackEnabled: 1, track->audioTrack: 0xB5A9D000, track->trackRunning: 1, track->recovering: 0
06-09 00:12:41.008 1110 1340 I customAudioLoopback: writeRadioTrack(): Info: trackPtr: 0xB5A9A01C, buffer Ptr: 0xB4E7F880
06-09 00:12:41.008 1110 1340 I customAudioLoopback: writeRadioTrack(): Info: track->trackEnabled: 1, track->audioTrack: 0xB5A9D280, track->trackRunning: 0, track->recovering: 0
06-09 00:12:41.025 725 725 D OnStar.OnStarRemoteReflashManager: subscribeRR
06-09 00:12:41.026 725 725 E OnStar.OnStarRemoteReflashService: subscribeRR->Failed to subscribe for RR->Reason :
06-09 00:12:41.026 725 725 E OnStar.OnStarRemoteReflashService: com.gm.server.onstar.connector.OnStarConnectionException: FSA RemoteReflash client is not ready [UNINITIALIZED]
06-09 00:12:41.026 725 725 E OnStar.OnStarRemoteReflashService: at com.gm.server.onstar.connector.FsaTcpConnector.getRemoteReflashClient(FsaTcpConnector.java:2642)
06-09 00:12:41.026 725 725 E OnStar.OnStarRemoteReflashService: at com.gm.server.onstar.connector.FsaTcpConnector.subscribeRR(FsaTcpConnector.java:1635)
06-09 00:12:41.026 725 725 E OnStar.OnStarRemoteReflashService: at com.gm.server.onstar.OnStarRemoteReflashService.subscribeRR(OnStarRemoteReflashService.java:341)
06-09 00:12:41.026 725 725 E OnStar.OnStarRemoteReflashService: at gm.onstar.OnStarRemoteReflashManager.subscribeRR(OnStarRemoteReflashManager.java:386)
06-09 00:12:41.026 725 725 E OnStar.OnStarRemoteReflashService: at com.gm.server.update.packagedepot.TCPMRemoteReflashHandler.initializeRemoteReflash(TCPMRemoteReflashHandler.java:1062)
06-09 00:12:41.026 725 725 E OnStar.OnStarRemoteReflashService: at com.gm.server.update.packagedepot.TCPMRemoteReflashHandler.-wrap31(TCPMRemoteReflashHandler.java)
06-09 00:12:41.026 725 725 E OnStar.OnStarRemoteReflashService: at com.gm.server.update.packagedepot.TCPMRemoteReflashHandler$6.run(TCPMRemoteReflashHandler.java:877)
06-09 00:12:41.026 725 725 E OnStar.OnStarRemoteReflashService: at android.os.Handler.handleCallback(Handler.java:739)
06-09 00:12:41.026 725 725 E OnStar.OnStarRemoteReflashService: at android.os.Handler.dispatchMessage(Handler.java:95)
06-09 00:12:41.026 725 725 E OnStar.OnStarRemoteReflashService: at android.os.Looper.loop(Looper.java:148)
06-09 00:12:41.026 725 725 E OnStar.OnStarRemoteReflashService: at android.app.ActivityThread.main(ActivityThread.java:5417)
06-09 00:12:41.026 725 725 E OnStar.OnStarRemoteReflashService: at java.lang.reflect.Method.invoke(Native Method)
06-09 00:12:41.026 725 725 E OnStar.OnStarRemoteReflashService: at com.android.internal.os.ZygoteInit$MethodAndArgsCaller.run(ZygoteInit.java:759)
06-09 00:12:41.026 725 725 E OnStar.OnStarRemoteReflashService: at com.android.internal.os.ZygoteInit.main(ZygoteInit.java:649)
06-09 00:12:41.026 725 725 E OnStar.OnStarRemoteReflashManager: subscribeRR->Failed to subscibe to RR->gm.onstar.exception.OnStarException: subscribeRR->FSA functions client is not ready
06-09 00:12:41.026 725 725 I UpdateService-TCPMRemoteReflashHandler: initializeRemoteReflash() ... initialized? false
06-09 00:12:41.029 1110 1340 I customAudioLoopback: writeRadioTrack(): Info: trackPtr: 0xB5A9A008, buffer Ptr: 0xB4E7F880
06-09 00:12:41.029 1110 1340 I customAudioLoopback: writeRadioTrack(): Info: track->trackEnabled: 1, track->audioTrack: 0xB5A9D000, track->trackRunning: 1, track->recovering: 0
06-09 00:12:41.029 1110 1340 I customAudioLoopback: writeRadioTrack(): Info: trackPtr: 0xB5A9A01C, buffer Ptr: 0xB4E7F880
06-09 00:12:41.029 1110 1340 I customAudioLoopback: writeRadioTrack(): Info: track->trackEnabled: 1, track->audioTrack: 0xB5A9D280, track->trackRunning: 0, track->recovering: 0
06-09 00:12:41.051 1110 1340 I customAudioLoopback: writeRadioTrack(): Info: trackPtr: 0xB5A9A008, buffer Ptr: 0xB4E7F880
06-09 00:12:41.051 1110 1340 I customAudioLoopback: writeRadioTrack(): Info: track->trackEnabled: 1, track->audioTrack: 0xB5A9D000, track->trackRunning: 1, track->recovering: 0
06-09 00:12:41.051 1110 1340 I customAudioLoopback: writeRadioTrack(): Info: trackPtr: 0xB5A9A01C, buffer Ptr: 0xB4E7F880
06-09 00:12:41.051 1110 1340 I customAudioLoopback: writeRadioTrack(): Info: track->trackEnabled: 1, track->audioTrack: 0xB5A9D280, track->trackRunning: 0, track->recovering: 0
06-09 00:12:41.071 1110 1340 I customAudioLoopback: writeRadioTrack(): Info: trackPtr: 0xB5A9A008, buffer Ptr: 0xB4E7F880
06-09 00:12:41.071 1110 1340 I customAudioLoopback: writeRadioTrack(): Info: track->trackEnabled: 1, track->audioTrack: 0xB5A9D000, track->trackRunning: 1, track->recovering: 0
06-09 00:12:41.072 1110 1340 I customAudioLoopback: writeRadioTrack(): Info: trackPtr: 0xB5A9A01C, buffer Ptr: 0xB4E7F880
06-09 00:12:41.072 1110 1340 I customAudioLoopback: writeRadioTrack(): Info: track->trackEnabled: 1, track->audioTrack: 0xB5A9D280, track->trackRunning: 0, track->recovering: 0
06-09 00:12:41.093 1110 1340 I customAudioLoopback: writeRadioTrack(): Info: trackPtr: 0xB5A9A008, buffer Ptr: 0xB4E7F880
06-09 00:12:41.094 1110 1340 I customAudioLoopback: writeRadioTrack(): Info: track->trackEnabled: 1, track->audioTrack: 0xB5A9D000, track->trackRunning: 1, track->recovering: 0
06-09 00:12:41.094 1110 1340 I customAudioLoopback: writeRadioTrack(): Info: trackPtr: 0xB5A9A01C, buffer Ptr: 0xB4E7F880
06-09 00:12:41.094 1110 1340 I customAudioLoopback: writeRadioTrack(): Info: track->trackEnabled: 1, track->audioTrack: 0xB5A9D280, track->trackRunning: 0, track->recovering: 0
06-09 00:12:41.114 1110 1340 I customAudioLoopback: writeRadioTrack(): Info: trackPtr: 0xB5A9A008, buffer Ptr: 0xB4E7F880
06-09 00:12:41.114 1110 1340 I customAudioLoopback: writeRadioTrack(): Info: track->trackEnabled: 1, track->audioTrack: 0xB5A9D000, track->trackRunning: 1, track->recovering: 0
06-09 00:12:41.114 1110 1340 I customAudioLoopback: writeRadioTrack(): Info: trackPtr: 0xB5A9A01C, buffer Ptr: 0xB4E7F880
06-09 00:12:41.114 1110 1340 I customAudioLoopback: writeRadioTrack(): Info: track->trackEnabled: 1, track->audioTrack: 0xB5A9D280, track->trackRunning: 0, track->recovering: 0
06-09 00:12:41.136 1110 1340 I customAudioLoopback: writeRadioTrack(): Info: trackPtr: 0xB5A9A008, buffer Ptr: 0xB4E7F880
06-09 00:12:41.136 1110 1340 I customAudioLoopback: writeRadioTrack(): Info: track->trackEnabled: 1, track->audioTrack: 0xB5A9D000, track->trackRunning: 1, track->recovering: 0
06-09 00:12:41.136 1110 1340 I customAudioLoopback: writeRadioTrack(): Info: trackPtr: 0xB5A9A01C, buffer Ptr: 0xB4E7F880
06-09 00:12:41.136 1110 1340 I customAudioLoopback: writeRadioTrack(): Info: track->trackEnabled: 1, track->audioTrack: 0xB5A9D280, track->trackRunning: 0, track->recovering: 0
06-09 00:12:41.157 1110 1340 I customAudioLoopback: writeRadioTrack(): Info: trackPtr: 0xB5A9A008, buffer Ptr: 0xB4E7F880
06-09 00:12:41.157 1110 1340 I customAudioLoopback: writeRadioTrack(): Info: track->trackEnabled: 1, track->audioTrack: 0xB5A9D000, track->trackRunning: 1, track->recovering: 0
06-09 00:12:41.157 1110 1340 I customAudioLoopback: writeRadioTrack(): Info: trackPtr: 0xB5A9A01C, buffer Ptr: 0xB4E7F880
06-09 00:12:41.157 1110 1340 I customAudioLoopback: writeRadioTrack(): Info: track->trackEnabled: 1, track->audioTrack: 0xB5A9D280, track->trackRunning: 0, track->recovering: 0
06-09 00:12:41.179 1110 1340 I customAudioLoopback: writeRadioTrack(): Info: trackPtr: 0xB5A9A008, buffer Ptr: 0xB4E7F880
06-09 00:12:41.179 1110 1340 I customAudioLoopback: writeRadioTrack(): Info: track->trackEnabled: 1, track->audioTrack: 0xB5A9D000, track->trackRunning: 1, track->recovering: 0
06-09 00:12:41.179 1110 1340 I customAudioLoopback: writeRadioTrack(): Info: trackPtr: 0xB5A9A01C, buffer Ptr: 0xB4E7F880
06-09 00:12:41.179 1110 1340 I customAudioLoopback: writeRadioTrack(): Info: track->trackEnabled: 1, track->audioTrack: 0xB5A9D280, track->trackRunning: 0, track->recovering: 0
06-09 00:12:41.199 1110 1340 I customAudioLoopback: writeRadioTrack(): Info: trackPtr: 0xB5A9A008, buffer Ptr: 0xB4E7F880
06-09 00:12:41.200 1110 1340 I customAudioLoopback: writeRadioTrack(): Info: track->trackEnabled: 1, track->audioTrack: 0xB5A9D000, track->trackRunning: 1, track->recovering: 0
06-09 00:12:41.200 1110 1340 I customAudioLoopback: writeRadioTrack(): Info: trackPtr: 0xB5A9A01C, buffer Ptr: 0xB4E7F880
06-09 00:12:41.200 1110 1340 I customAudioLoopback: writeRadioTrack(): Info: track->trackEnabled: 1, track->audioTrack: 0xB5A9D280, track->trackRunning: 0, track->recovering: 0
06-09 00:12:41.215 145 196 D CalSvcd : 60911: query_database - DB Getting accesed by thread id = -1236534992
06-09 00:12:41.215 145 196 D CalSvcd : 60911: query_database - opening connection to calibration database
06-09 00:12:41.216 145 196 I CalSvcd : 60911:send_get_override_state: Step 1 (entry)
06-09 00:12:41.216 145 196 I CalSvcd : 60911:send_get_override_state: Step 2 (after while)
06-09 00:12:41.216 145 196 I CalSvcd : 60911:send_get_override_state: Step 3 (send status = 2)
06-09 00:12:41.216 145 196 I CalSvcd : 60911:send_get_override_state: Step 4 (exit)
06-09 00:12:41.216 145 196 D CalSvcd : 60911:query TAG:50 SQL Status=OK
06-09 00:12:41.216 145 196 D CalSvcd : 60911: Closing DB
06-09 00:12:41.216 145 196 D CalSvcd : 60911: query_database Exiting
06-09 00:12:41.221 1110 1340 I customAudioLoopback: writeRadioTrack(): Info: trackPtr: 0xB5A9A008, buffer Ptr: 0xB4E7F880
06-09 00:12:41.222 1110 1340 I customAudioLoopback: writeRadioTrack(): Info: track->trackEnabled: 1, track->audioTrack: 0xB5A9D000, track->trackRunning: 1, track->recovering: 0
06-09 00:12:41.222 1110 1340 I customAudioLoopback: writeRadioTrack(): Info: trackPtr: 0xB5A9A01C, buffer Ptr: 0xB4E7F880
06-09 00:12:41.222 1110 1340 I customAudioLoopback: writeRadioTrack(): Info: track->trackEnabled: 1, track->audioTrack: 0xB5A9D280, track->trackRunning: 0, track->recovering: 0
06-09 00:12:41.242 1110 1340 I customAudioLoopback: writeRadioTrack(): Info: trackPtr: 0xB5A9A008, buffer Ptr: 0xB4E7F880
06-09 00:12:41.242 1110 1340 I customAudioLoopback: writeRadioTrack(): Info: track->trackEnabled: 1, track->audioTrack: 0xB5A9D000, track->trackRunning: 1, track->recovering: 0
06-09 00:12:41.242 1110 1340 I customAudioLoopback: writeRadioTrack(): Info: trackPtr: 0xB5A9A01C, buffer Ptr: 0xB4E7F880
06-09 00:12:41.242 1110 1340 I customAudioLoopback: writeRadioTrack(): Info: track->trackEnabled: 1, track->audioTrack: 0xB5A9D280, track->trackRunning: 0, track->recovering: 0
06-09 00:12:41.264 1110 1340 I customAudioLoopback: writeRadioTrack(): Info: trackPtr: 0xB5A9A008, buffer Ptr: 0xB4E7F880
06-09 00:12:41.264 1110 1340 I customAudioLoopback: writeRadioTrack(): Info: track->trackEnabled: 1, track->audioTrack: 0xB5A9D000, track->trackRunning: 1, track->recovering: 0
06-09 00:12:41.264 1110 1340 I customAudioLoopback: writeRadioTrack(): Info: trackPtr: 0xB5A9A01C, buffer Ptr: 0xB4E7F880
06-09 00:12:41.264 1110 1340 I customAudioLoopback: writeRadioTrack(): Info: track->trackEnabled: 1, track->audioTrack: 0xB5A9D280, track->trackRunning: 0, track->recovering: 0
06-09 00:12:41.285 1110 1340 I customAudioLoopback: writeRadioTrack(): Info: trackPtr: 0xB5A9A008, buffer Ptr: 0xB4E7F880
06-09 00:12:41.285 1110 1340 I customAudioLoopback: writeRadioTrack(): Info: track->trackEnabled: 1, track->audioTrack: 0xB5A9D000, track->trackRunning: 1, track->recovering: 0
06-09 00:12:41.285 1110 1340 I customAudioLoopback: writeRadioTrack(): Info: trackPtr: 0xB5A9A01C, buffer Ptr: 0xB4E7F880
06-09 00:12:41.285 1110 1340 I customAudioLoopback: writeRadioTrack(): Info: track->trackEnabled: 1, track->audioTrack: 0xB5A9D280, track->trackRunning: 0, track->recovering: 0
06-09 00:12:41.307 1110 1340 I customAudioLoopback: writeRadioTrack(): Info: trackPtr: 0xB5A9A008, buffer Ptr: 0xB4E7F880
06-09 00:12:41.307 1110 1340 I customAudioLoopback: writeRadioTrack(): Info: track->trackEnabled: 1, track->audioTrack: 0xB5A9D000, track->trackRunning: 1, track->recovering: 0
06-09 00:12:41.307 1110 1340 I customAudioLoopback: writeRadioTrack(): Info: trackPtr: 0xB5A9A01C, buffer Ptr: 0xB4E7F880
06-09 00:12:41.307 1110 1340 I customAudioLoopback: writeRadioTrack(): Info: track->trackEnabled: 1, track->audioTrack: 0xB5A9D280, track->trackRunning: 0, track->recovering: 0
06-09 00:12:41.327 1110 1340 I customAudioLoopback: writeRadioTrack(): Info: trackPtr: 0xB5A9A008, buffer Ptr: 0xB4E7F880
06-09 00:12:41.328 1110 1340 I customAudioLoopback: writeRadioTrack(): Info: track->trackEnabled: 1, track->audioTrack: 0xB5A9D000, track->trackRunning: 1, track->recovering: 0
06-09 00:12:41.328 1110 1340 I customAudioLoopback: writeRadioTrack(): Info: trackPtr: 0xB5A9A01C, buffer Ptr: 0xB4E7F880
06-09 00:12:41.328 1110 1340 I customAudioLoopback: writeRadioTrack(): Info: track->trackEnabled: 1, track->audioTrack: 0xB5A9D280, track->trackRunning: 0, track->recovering: 0
06-09 00:12:41.350 1110 1340 I customAudioLoopback: writeRadioTrack(): Info: trackPtr: 0xB5A9A008, buffer Ptr: 0xB4E7F880
06-09 00:12:41.350 1110 1340 I customAudioLoopback: writeRadioTrack(): Info: track->trackEnabled: 1, track->audioTrack: 0xB5A9D000, track->trackRunning: 1, track->recovering: 0
06-09 00:12:41.350 1110 1340 I customAudioLoopback: writeRadioTrack(): Info: trackPtr: 0xB5A9A01C, buffer Ptr: 0xB4E7F880
06-09 00:12:41.350 1110 1340 I customAudioLoopback: writeRadioTrack(): Info: track->trackEnabled: 1, track->audioTrack: 0xB5A9D280, track->trackRunning: 0, track->recovering: 0
06-09 00:12:41.370 1110 1340 I customAudioLoopback: writeRadioTrack(): Info: trackPtr: 0xB5A9A008, buffer Ptr: 0xB4E7F880
06-09 00:12:41.370 1110 1340 I customAudioLoopback: writeRadioTrack(): Info: track->trackEnabled: 1, track->audioTrack: 0xB5A9D000, track->trackRunning: 1, track->recovering: 0
06-09 00:12:41.370 1110 1340 I customAudioLoopback: writeRadioTrack(): Info: trackPtr: 0xB5A9A01C, buffer Ptr: 0xB4E7F880
06-09 00:12:41.370 1110 1340 I customAudioLoopback: writeRadioTrack(): Info: track->trackEnabled: 1, track->audioTrack: 0xB5A9D280, track->trackRunning: 0, track->recovering: 0
06-09 00:12:41.392 1110 1340 I customAudioLoopback: writeRadioTrack(): Info: trackPtr: 0xB5A9A008, buffer Ptr: 0xB4E7F880
06-09 00:12:41.392 1110 1340 I customAudioLoopback: writeRadioTrack(): Info: track->trackEnabled: 1, track->audioTrack: 0xB5A9D000, track->trackRunning: 1, track->recovering: 0
06-09 00:12:41.392 1110 1340 I customAudioLoopback: writeRadioTrack(): Info: trackPtr: 0xB5A9A01C, buffer Ptr: 0xB4E7F880
06-09 00:12:41.392 1110 1340 I customAudioLoopback: writeRadioTrack(): Info: track->trackEnabled: 1, track->audioTrack: 0xB5A9D280, track->trackRunning: 0, track->recovering: 0
06-09 00:12:41.406 144 161 E ProtoKey: Protokey request failed
06-09 00:12:41.413 1110 1340 I customAudioLoopback: writeRadioTrack(): Info: trackPtr: 0xB5A9A008, buffer Ptr: 0xB4E7F880
06-09 00:12:41.413 1110 1340 I customAudioLoopback: writeRadioTrack(): Info: track->trackEnabled: 1, track->audioTrack: 0xB5A9D000, track->trackRunning: 1, track->recovering: 0
06-09 00:12:41.413 1110 1340 I customAudioLoopback: writeRadioTrack(): Info: trackPtr: 0xB5A9A01C, buffer Ptr: 0xB4E7F880
06-09 00:12:41.413 1110 1340 I customAudioLoopback: writeRadioTrack(): Info: track->trackEnabled: 1, track->audioTrack: 0xB5A9D280, track->trackRunning: 0, track->recovering: 0
06-09 00:12:41.420 3639 3639 D AndroidRuntime: >>>>>> START com.android.internal.os.RuntimeInit uid 2000 <<<<<<
06-09 00:12:41.424 3639 3639 D AndroidRuntime: CheckJNI is OFF
06-09 00:12:41.425 3639 3639 E cutils-trace: Error opening trace file: Permission denied (13)
06-09 00:12:41.429 3639 3639 W art : 70c9c000-7188a000 rw-p 00000000 b3:09 32388 /data/dalvik-cache/arm/system@framework@boot.art
06-09 00:12:41.429 3639 3639 W art : 7f5d9000-7f5de000 r-xp 00000000 b3:06 305 /system/bin/app_process32
06-09 00:12:41.429 3639 3639 W art : 7f5de000-7f5df000 r--p 00004000 b3:06 305 /system/bin/app_process32
06-09 00:12:41.429 3639 3639 W art : 7f5df000-7f5e0000 rw-p 00000000 00:00 0
06-09 00:12:41.429 3639 3639 W art : af884000-b26b9000 r--p 00000000 b3:06 1056 /system/framework/arm/boot.oat
06-09 00:12:41.429 3639 3639 W art : b26b9000-b47ff000 r-xp 02e35000 b3:06 1056 /system/framework/arm/boot.oat
06-09 00:12:41.429 3639 3639 W art : b47ff000-b4800000 rw-p 04f7b000 b3:06 1056 /system/framework/arm/boot.oat
06-09 00:12:41.429 3639 3639 W art : b4800000-b4825000 r--p 00bee000 b3:09 32388 /data/dalvik-cache/arm/system@framework@boot.ar
06-09 00:12:41.429 3639 3639 W art : t
06-09 00:12:41.429 3639 3639 W art : b4825000-b4c72000 r-xp 00000000 b3:06 1218 /system/lib/libart.so
06-09 00:12:41.429 3639 3639 W art : b4c72000-b4c73000 ---p 00000000 00:00 0
06-09 00:12:41.429 3639 3639 W art : b4c73000-b4c7d000 r--p 0044d000 b3:06 1218 /system/lib/libart.so
06-09 00:12:41.429 3639 3639 W art : b4c7d000-b4c7e000 rw-p 00457000 b3:06 1218 /system/lib/libart.so
06-09 00:12:41.429 3639 3639 W art : b4
06-09 00:12:41.429 3639 3639 W art : c7e000-b4c80000 rw-p 00000000 00:00 0
06-09 00:12:41.429 3639 3639 W art : b4c80000-b4d80000 rw-p 00000000 00:00 0 [anon:libc_malloc]
06-09 00:12:41.429 3639 3639 W art : b4d93000-b4d94000 rw-p 00000000 00:00 0 [anon:linker_alloc_vector]
06-09 00:12:41.429 3639 3639 W art : b4d95000-b4d98000 r-xp 00000000 b3:06 1480 /system/lib/libsigchain.so
