06-09 00:12:51.614 1110 1340 I customAudioLoopback: writeRadioTrack(): Info: trackPtr: 0xB5A9A01C, buffer Ptr: 0xB4E7F880
06-09 00:12:51.614 1110 1340 I customAudioLoopback: writeRadioTrack(): Info: track->trackEnabled: 1, track->audioTrack: 0xB5A9D280, track->trackRunning: 0, track->recovering: 0
06-09 00:12:51.629 108 108 E ti_hwc : FB_TARGET info: CRTC: [0, 0, 1920, 1080] SRC: [0, 0, 1920, 1080], Hints: 0, Flags: 0
06-09 00:12:51.634 1110 1340 I customAudioLoopback: writeRadioTrack(): Info: trackPtr: 0xB5A9A008, buffer Ptr: 0xB4E7F880
06-09 00:12:51.634 1110 1340 I customAudioLoopback: writeRadioTrack(): Info: track->trackEnabled: 1, track->audioTrack: 0xB5A9D000, track->trackRunning: 1, track->recovering: 0
06-09 00:12:51.634 1110 1340 I customAudioLoopback: writeRadioTrack(): Info: trackPtr: 0xB5A9A01C, buffer Ptr: 0xB4E7F880
06-09 00:12:51.634 1110 1340 I customAudioLoopback: writeRadioTrack(): Info: track->trackEnabled: 1, track->audioTrack: 0xB5A9D280, track->trackRunning: 0, track->recovering: 0
06-09 00:12:51.646 108 108 E ti_hwc : FB_TARGET info: CRTC: [0, 0, 1920, 1080] SRC: [0, 0, 1920, 1080], Hints: 0, Flags: 0
06-09 00:12:51.655 1110 1340 I customAudioLoopback: writeRadioTrack(): Info: trackPtr: 0xB5A9A008, buffer Ptr: 0xB4E7F880
06-09 00:12:51.655 1110 1340 I customAudioLoopback: writeRadioTrack(): Info: track->trackEnabled: 1, track->audioTrack: 0xB5A9D000, track->trackRunning: 1, track->recovering: 0
06-09 00:12:51.655 1110 1340 I customAudioLoopback: writeRadioTrack(): Info: trackPtr: 0xB5A9A01C, buffer Ptr: 0xB4E7F880
06-09 00:12:51.655 1110 1340 I customAudioLoopback: writeRadioTrack(): Info: track->trackEnabled: 1, track->audioTrack: 0xB5A9D280, track->trackRunning: 0, track->recovering: 0
06-09 00:12:51.664 108 108 E ti_hwc : FB_TARGET info: CRTC: [0, 0, 1920, 1080] SRC: [0, 0, 1920, 1080], Hints: 0, Flags: 0
06-09 00:12:51.678 1110 1340 I customAudioLoopback: writeRadioTrack(): Info: trackPtr: 0xB5A9A008, buffer Ptr: 0xB4E7F880
06-09 00:12:51.678 1110 1340 I customAudioLoopback: writeRadioTrack(): Info: track->trackEnabled: 1, track->audioTrack: 0xB5A9D000, track->trackRunning: 1, track->recovering: 0
06-09 00:12:51.678 1110 1340 I customAudioLoopback: writeRadioTrack(): Info: trackPtr: 0xB5A9A01C, buffer Ptr: 0xB4E7F880
06-09 00:12:51.678 1110 1340 I customAudioLoopback: writeRadioTrack(): Info: track->trackEnabled: 1, track->audioTrack: 0xB5A9D280, track->trackRunning: 0, track->recovering: 0
06-09 00:12:51.680 108 108 E ti_hwc : FB_TARGET info: CRTC: [0, 0, 1920, 1080] SRC: [0, 0, 1920, 1080], Hints: 0, Flags: 0
06-09 00:12:51.697 108 108 E ti_hwc : FB_TARGET info: CRTC: [0, 0, 1920, 1080] SRC: [0, 0, 1920, 1080], Hints: 0, Flags: 0
06-09 00:12:51.698 1110 1340 I customAudioLoopback: writeRadioTrack(): Info: trackPtr: 0xB5A9A008, buffer Ptr: 0xB4E7F880
06-09 00:12:51.698 1110 1340 I customAudioLoopback: writeRadioTrack(): Info: track->trackEnabled: 1, track->audioTrack: 0xB5A9D000, track->trackRunning: 1, track->recovering: 0
06-09 00:12:51.698 1110 1340 I customAudioLoopback: writeRadioTrack(): Info: trackPtr: 0xB5A9A01C, buffer Ptr: 0xB4E7F880
06-09 00:12:51.699 1110 1340 I customAudioLoopback: writeRadioTrack(): Info: track->trackEnabled: 1, track->audioTrack: 0xB5A9D280, track->trackRunning: 0, track->recovering: 0
06-09 00:12:51.703 870 1180 D GMStatusBar: LocationController updateGPSLocationStatus
06-09 00:12:51.704 870 1180 E VMS-LocationSrvGA: VehicleDataUnavailable:gm.vehicle.VehicleDataUnavailable: Vehicle Data Still Not Available From Bus
06-09 00:12:51.704 870 1180 I GMStatusBar: updateLocationStatus(): Vehicle Data Still Not Available From Bus
06-09 00:12:51.704 870 870 D GMStatusBar: LocationController handleMessage MSG_REFRESH_ICON_LOCATION: mode = 0; mCurrentLocationMode = 0
06-09 00:12:51.704 870 1180 D GMStatusBar: resetLocationUpdate
06-09 00:12:51.710 725 1350 D RSIClient: CONNECTING
06-09 00:12:51.713 108 108 E ti_hwc : FB_TARGET info: CRTC: [0, 0, 1920, 1080] SRC: [0, 0, 1920, 1080], Hints: 0, Flags: 0
06-09 00:12:51.720 1110 1340 I customAudioLoopback: writeRadioTrack(): Info: trackPtr: 0xB5A9A008, buffer Ptr: 0xB4E7F880
06-09 00:12:51.720 1110 1340 I customAudioLoopback: writeRadioTrack(): Info: track->trackEnabled: 1, track->audioTrack: 0xB5A9D000, track->trackRunning: 1, track->recovering: 0
06-09 00:12:51.720 1110 1340 I customAudioLoopback: writeRadioTrack(): Info: trackPtr: 0xB5A9A01C, buffer Ptr: 0xB4E7F880
06-09 00:12:51.720 1110 1340 I customAudioLoopback: writeRadioTrack(): Info: track->trackEnabled: 1, track->audioTrack: 0xB5A9D280, track->trackRunning: 0, track->recovering: 0
06-09 00:12:51.730 108 108 E ti_hwc : FB_TARGET info: CRTC: [0, 0, 1920, 1080] SRC: [0, 0, 1920, 1080], Hints: 0, Flags: 0
06-09 00:12:51.741 1110 1340 I customAudioLoopback: writeRadioTrack(): Info: trackPtr: 0xB5A9A008, buffer Ptr: 0xB4E7F880
06-09 00:12:51.741 1110 1340 I customAudioLoopback: writeRadioTrack(): Info: track->trackEnabled: 1, track->audioTrack: 0xB5A9D000, track->trackRunning: 1, track->recovering: 0
06-09 00:12:51.741 1110 1340 I customAudioLoopback: writeRadioTrack(): Info: trackPtr: 0xB5A9A01C, buffer Ptr: 0xB4E7F880
06-09 00:12:51.741 1110 1340 I customAudioLoopback: writeRadioTrack(): Info: track->trackEnabled: 1, track->audioTrack: 0xB5A9D280, track->trackRunning: 0, track->recovering: 0
06-09 00:12:51.747 108 108 E ti_hwc : FB_TARGET info: CRTC: [0, 0, 1920, 1080] SRC: [0, 0, 1920, 1080], Hints: 0, Flags: 0
06-09 00:12:51.763 1110 1340 I customAudioLoopback: writeRadioTrack(): Info: trackPtr: 0xB5A9A008, buffer Ptr: 0xB4E7F880
06-09 00:12:51.763 1110 1340 I customAudioLoopback: writeRadioTrack(): Info: track->trackEnabled: 1, track->audioTrack: 0xB5A9D000, track->trackRunning: 1, track->recovering: 0
06-09 00:12:51.763 1110 1340 I customAudioLoopback: writeRadioTrack(): Info: trackPtr: 0xB5A9A01C, buffer Ptr: 0xB4E7F880
06-09 00:12:51.763 1110 1340 I customAudioLoopback: writeRadioTrack(): Info: track->trackEnabled: 1, track->audioTrack: 0xB5A9D280, track->trackRunning: 0, track->recovering: 0
06-09 00:12:51.764 108 108 E ti_hwc : FB_TARGET info: CRTC: [0, 0, 1920, 1080] SRC: [0, 0, 1920, 1080], Hints: 0, Flags: 0
06-09 00:12:51.780 108 108 E ti_hwc : FB_TARGET info: CRTC: [0, 0, 1920, 1080] SRC: [0, 0, 1920, 1080], Hints: 0, Flags: 0
06-09 00:12:51.784 1110 1340 I customAudioLoopback: writeRadioTrack(): Info: trackPtr: 0xB5A9A008, buffer Ptr: 0xB4E7F880
06-09 00:12:51.784 1110 1340 I customAudioLoopback: writeRadioTrack(): Info: track->trackEnabled: 1, track->audioTrack: 0xB5A9D000, track->trackRunning: 1, track->recovering: 0
06-09 00:12:51.784 1110 1340 I customAudioLoopback: writeRadioTrack(): Info: trackPtr: 0xB5A9A01C, buffer Ptr: 0xB4E7F880
06-09 00:12:51.784 1110 1340 I customAudioLoopback: writeRadioTrack(): Info: track->trackEnabled: 1, track->audioTrack: 0xB5A9D280, track->trackRunning: 0, track->recovering: 0
06-09 00:12:51.797 108 108 E ti_hwc : FB_TARGET info: CRTC: [0, 0, 1920, 1080] SRC: [0, 0, 1920, 1080], Hints: 0, Flags: 0
06-09 00:12:51.805 1110 1340 I customAudioLoopback: writeRadioTrack(): Info: trackPtr: 0xB5A9A008, buffer Ptr: 0xB4E7F880
06-09 00:12:51.805 1110 1340 I customAudioLoopback: writeRadioTrack(): Info: track->trackEnabled: 1, track->audioTrack: 0xB5A9D000, track->trackRunning: 1, track->recovering: 0
06-09 00:12:51.805 1110 1340 I customAudioLoopback: writeRadioTrack(): Info: trackPtr: 0xB5A9A01C, buffer Ptr: 0xB4E7F880
06-09 00:12:51.805 1110 1340 I customAudioLoopback: writeRadioTrack(): Info: track->trackEnabled: 1, track->audioTrack: 0xB5A9D280, track->trackRunning: 0, track->recovering: 0
06-09 00:12:51.814 108 108 E ti_hwc : FB_TARGET info: CRTC: [0, 0, 1920, 1080] SRC: [0, 0, 1920, 1080], Hints: 0, Flags: 0
06-09 00:12:51.827 1110 1340 I customAudioLoopback: writeRadioTrack(): Info: trackPtr: 0xB5A9A008, buffer Ptr: 0xB4E7F880
06-09 00:12:51.827 1110 1340 I customAudioLoopback: writeRadioTrack(): Info: track->trackEnabled: 1, track->audioTrack: 0xB5A9D000, track->trackRunning: 1, track->recovering: 0
06-09 00:12:51.827 1110 1340 I customAudioLoopback: writeRadioTrack(): Info: trackPtr: 0xB5A9A01C, buffer Ptr: 0xB4E7F880
06-09 00:12:51.827 1110 1340 I customAudioLoopback: writeRadioTrack(): Info: track->trackEnabled: 1, track->audioTrack: 0xB5A9D280, track->trackRunning: 0, track->recovering: 0
06-09 00:12:51.831 108 108 E ti_hwc : FB_TARGET info: CRTC: [0, 0, 1920, 1080] SRC: [0, 0, 1920, 1080], Hints: 0, Flags: 0
06-09 00:12:51.836 725 2195 E RR_NET_LIB: RR::dispatch():poll failed: 0 11
06-09 00:12:51.847 108 108 E ti_hwc : FB_TARGET info: CRTC: [0, 0, 1920, 1080] SRC: [0, 0, 1920, 1080], Hints: 0, Flags: 0
06-09 00:12:51.850 1110 1340 I customAudioLoopback: writeRadioTrack(): Info: trackPtr: 0xB5A9A008, buffer Ptr: 0xB4E7F880
06-09 00:12:51.850 1110 1340 I customAudioLoopback: writeRadioTrack(): Info: track->trackEnabled: 1, track->audioTrack: 0xB5A9D000, track->trackRunning: 1, track->recovering: 0
06-09 00:12:51.850 1110 1340 I customAudioLoopback: writeRadioTrack(): Info: trackPtr: 0xB5A9A01C, buffer Ptr: 0xB4E7F880
06-09 00:12:51.850 1110 1340 I customAudioLoopback: writeRadioTrack(): Info: track->trackEnabled: 1, track->audioTrack: 0xB5A9D280, track->trackRunning: 0, track->recovering: 0
06-09 00:12:51.864 108 108 E ti_hwc : FB_TARGET info: CRTC: [0, 0, 1920, 1080] SRC: [0, 0, 1920, 1080], Hints: 0, Flags: 0
06-09 00:12:51.868 1110 1340 I customAudioLoopback: writeRadioTrack(): Info: trackPtr: 0xB5A9A008, buffer Ptr: 0xB4E7F880
06-09 00:12:51.868 1110 1340 I customAudioLoopback: writeRadioTrack(): Info: track->trackEnabled: 1, track->audioTrack: 0xB5A9D000, track->trackRunning: 1, track->recovering: 0
06-09 00:12:51.868 1110 1340 I customAudioLoopback: writeRadioTrack(): Info: trackPtr: 0xB5A9A01C, buffer Ptr: 0xB4E7F880
06-09 00:12:51.868 1110 1340 I customAudioLoopback: writeRadioTrack(): Info: track->trackEnabled: 1, track->audioTrack: 0xB5A9D280, track->trackRunning: 0, track->recovering: 0
06-09 00:12:51.881 108 108 E ti_hwc : FB_TARGET info: CRTC: [0, 0, 1920, 1080] SRC: [0, 0, 1920, 1080], Hints: 0, Flags: 0
06-09 00:12:51.890 1110 1340 I customAudioLoopback: writeRadioTrack(): Info: trackPtr: 0xB5A9A008, buffer Ptr: 0xB4E7F880
06-09 00:12:51.890 1110 1340 I customAudioLoopback: writeRadioTrack(): Info: track->trackEnabled: 1, track->audioTrack: 0xB5A9D000, track->trackRunning: 1, track->recovering: 0
06-09 00:12:51.890 1110 1340 I customAudioLoopback: writeRadioTrack(): Info: trackPtr: 0xB5A9A01C, buffer Ptr: 0xB4E7F880
06-09 00:12:51.890 1110 1340 I customAudioLoopback: writeRadioTrack(): Info: track->trackEnabled: 1, track->audioTrack: 0xB5A9D280, track->trackRunning: 0, track->recovering: 0
06-09 00:12:51.898 108 108 E ti_hwc : FB_TARGET info: CRTC: [0, 0, 1920, 1080] SRC: [0, 0, 1920, 1080], Hints: 0, Flags: 0
06-09 00:12:51.912 1110 1340 I customAudioLoopback: writeRadioTrack(): Info: trackPtr: 0xB5A9A008, buffer Ptr: 0xB4E7F880
06-09 00:12:51.912 1110 1340 I customAudioLoopback: writeRadioTrack(): Info: track->trackEnabled: 1, track->audioTrack: 0xB5A9D000, track->trackRunning: 1, track->recovering: 0
06-09 00:12:51.912 1110 1340 I customAudioLoopback: writeRadioTrack(): Info: trackPtr: 0xB5A9A01C, buffer Ptr: 0xB4E7F880
06-09 00:12:51.912 1110 1340 I customAudioLoopback: writeRadioTrack(): Info: track->trackEnabled: 1, track->audioTrack: 0xB5A9D280, track->trackRunning: 0, track->recovering: 0
06-09 00:12:51.915 108 108 E ti_hwc : FB_TARGET info: CRTC: [0, 0, 1920, 1080] SRC: [0, 0, 1920, 1080], Hints: 0, Flags: 0
06-09 00:12:51.934 1110 1340 I customAudioLoopback: writeRadioTrack(): Info: trackPtr: 0xB5A9A008, buffer Ptr: 0xB4E7F880
06-09 00:12:51.934 1110 1340 I customAudioLoopback: writeRadioTrack(): Info: track->trackEnabled: 1, track->audioTrack: 0xB5A9D000, track->trackRunning: 1, track->recovering: 0
06-09 00:12:51.934 1110 1340 I customAudioLoopback: writeRadioTrack(): Info: trackPtr: 0xB5A9A01C, buffer Ptr: 0xB4E7F880
06-09 00:12:51.934 1110 1340 I customAudioLoopback: writeRadioTrack(): Info: track->trackEnabled: 1, track->audioTrack: 0xB5A9D280, track->trackRunning: 0, track->recovering: 0
06-09 00:12:51.934 108 108 E ti_hwc : FB_TARGET info: CRTC: [0, 0, 1920, 1080] SRC: [0, 0, 1920, 1080], Hints: 0, Flags: 0
06-09 00:12:51.948 108 108 E ti_hwc : FB_TARGET info: CRTC: [0, 0, 1920, 1080] SRC: [0, 0, 1920, 1080], Hints: 0, Flags: 0
06-09 00:12:51.957 1110 1340 I customAudioLoopback: writeRadioTrack(): Info: trackPtr: 0xB5A9A008, buffer Ptr: 0xB4E7F880
06-09 00:12:51.957 1110 1340 I customAudioLoopback: writeRadioTrack(): Info: track->trackEnabled: 1, track->audioTrack: 0xB5A9D000, track->trackRunning: 1, track->recovering: 0
06-09 00:12:51.957 1110 1340 I customAudioLoopback: writeRadioTrack(): Info: trackPtr: 0xB5A9A01C, buffer Ptr: 0xB4E7F880
06-09 00:12:51.957 1110 1340 I customAudioLoopback: writeRadioTrack(): Info: track->trackEnabled: 1, track->audioTrack: 0xB5A9D280, track->trackRunning: 0, track->recovering: 0
06-09 00:12:51.966 108 108 E ti_hwc : FB_TARGET info: CRTC: [0, 0, 1920, 1080] SRC: [0, 0, 1920, 1080], Hints: 0, Flags: 0
06-09 00:12:51.976 1110 1340 I customAudioLoopback: writeRadioTrack(): Info: trackPtr: 0xB5A9A008, buffer Ptr: 0xB4E7F880
06-09 00:12:51.976 1110 1340 I customAudioLoopback: writeRadioTrack(): Info: track->trackEnabled: 1, track->audioTrack: 0xB5A9D000, track->trackRunning: 1, track->recovering: 0
06-09 00:12:51.976 1110 1340 I customAudioLoopback: writeRadioTrack(): Info: trackPtr: 0xB5A9A01C, buffer Ptr: 0xB4E7F880
06-09 00:12:51.976 1110 1340 I customAudioLoopback: writeRadioTrack(): Info: track->trackEnabled: 1, track->audioTrack: 0xB5A9D280, track->trackRunning: 0, track->recovering: 0
06-09 00:12:51.982 108 108 E ti_hwc : FB_TARGET info: CRTC: [0, 0, 1920, 1080] SRC: [0, 0, 1920, 1080], Hints: 0, Flags: 0
06-09 00:12:51.990 144 161 E ProtoKey: Protokey request failed
06-09 00:12:51.997 1110 1340 I customAudioLoopback: writeRadioTrack(): Info: trackPtr: 0xB5A9A008, buffer Ptr: 0xB4E7F880
06-09 00:12:51.997 1110 1340 I customAudioLoopback: writeRadioTrack(): Info: track->trackEnabled: 1, track->audioTrack: 0xB5A9D000, track->trackRunning: 1, track->recovering: 0
06-09 00:12:51.997 1110 1340 I customAudioLoopback: writeRadioTrack(): Info: trackPtr: 0xB5A9A01C, buffer Ptr: 0xB4E7F880
06-09 00:12:51.997 1110 1340 I customAudioLoopback: writeRadioTrack(): Info: track->trackEnabled: 1, track->audioTrack: 0xB5A9D280, track->trackRunning: 0, track->recovering: 0
06-09 00:12:51.999 108 108 E ti_hwc : FB_TARGET info: CRTC: [0, 0, 1920, 1080] SRC: [0, 0, 1920, 1080], Hints: 0, Flags: 0
06-09 00:12:52.001 725 1038 I com.gm.server.traffic.TrafficServiceImpl: signalMonitor: Not connected, reconnecting...
06-09 00:12:52.003 725 1038 E com.gm.server.traffic.TrafficServiceImpl: signalMonitor: socket connection exception
06-09 00:12:52.003 725 1038 E com.gm.server.traffic.TrafficServiceImpl: java.net.ConnectException: failed to connect to /192.168.1.10 (port 11999): connect failed: ECONNREFUSED (Connection refused)
06-09 00:12:52.003 725 1038 E com.gm.server.traffic.TrafficServiceImpl: at libcore.io.IoBridge.connect(IoBridge.java:124)
06-09 00:12:52.003 725 1038 E com.gm.server.traffic.TrafficServiceImpl: at java.net.PlainSocketImpl.connect(PlainSocketImpl.java:183)
06-09 00:12:52.003 725 1038 E com.gm.server.traffic.TrafficServiceImpl: at java.net.PlainSocketImpl.connect(PlainSocketImpl.java:163)
06-09 00:12:52.003 725 1038 E com.gm.server.traffic.TrafficServiceImpl: at java.net.Socket.startupSocket(Socket.java:592)
06-09 00:12:52.003 725 1038 E com.gm.server.traffic.TrafficServiceImpl: at java.net.Socket.tryAllAddresses(Socket.java:128)
06-09 00:12:52.003 725 1038 E com.gm.server.traffic.TrafficServiceImpl: at java.net.Socket.(Socket.java:178)
06-09 00:12:52.003 725 1038 E com.gm.server.traffic.TrafficServiceImpl: at java.net.Socket.(Socket.java:150)
06-09 00:12:52.003 725 1038 E com.gm.server.traffic.TrafficServiceImpl: at com.gm.server.traffic.SocketImpl.connect(SocketImpl.java:22)
06-09 00:12:52.003 725 1038 E com.gm.server.traffic.TrafficServiceImpl: at com.gm.server.traffic.TrafficServiceImpl$1.run(TrafficServiceImpl.java:227)
06-09 00:12:52.003 725 1038 E com.gm.server.traffic.TrafficServiceImpl: at java.util.concurrent.ThreadPoolExecutor.runWorker(ThreadPoolExecutor.java:1113)
06-09 00:12:52.003 725 1038 E com.gm.server.traffic.TrafficServiceImpl: at java.util.concurrent.ThreadPoolExecutor$Worker.run(ThreadPoolExecutor.java:588)
06-09 00:12:52.003 725 1038 E com.gm.server.traffic.TrafficServiceImpl: at java.lang.Thread.run(Thread.java:818)
06-09 00:12:52.003 725 1038 E com.gm.server.traffic.TrafficServiceImpl: Caused by: android.system.ErrnoException: connect failed: ECONNREFUSED (Connection refused)
06-09 00:12:52.003 725 1038 E com.gm.server.traffic.TrafficServiceImpl: at libcore.io.Posix.connect(Native Method)
06-09 00:12:52.003 725 1038 E com.gm.server.traffic.TrafficServiceImpl: at libcore.io.BlockGuardOs.connect(BlockGuardOs.java:111)
06-09 00:12:52.003 725 1038 E com.gm.server.traffic.TrafficServiceImpl: at libcore.io.IoBridge.connectErrno(IoBridge.java:137)
06-09 00:12:52.003 725 1038 E com.gm.server.traffic.TrafficServiceImpl: at libcore.io.IoBridge.connect(IoBridge.java:122)
06-09 00:12:52.003 725 1038 E com.gm.server.traffic.TrafficServiceImpl: ... 11 more
06-09 00:12:52.015 108 108 E ti_hwc : FB_TARGET info: CRTC: [0, 0, 1920, 1080] SRC: [0, 0, 1920, 1080], Hints: 0, Flags: 0
06-09 00:12:52.019 1110 1340 I customAudioLoopback: writeRadioTrack(): Info: trackPtr: 0xB5A9A008, buffer Ptr: 0xB4E7F880
06-09 00:12:52.019 1110 1340 I customAudioLoopback: writeRadioTrack(): Info: track->trackEnabled: 1, track->audioTrack: 0xB5A9D000, track->trackRunning: 1, track->recovering: 0
06-09 00:12:52.019 1110 1340 I customAudioLoopback: writeRadioTrack(): Info: trackPtr: 0xB5A9A01C, buffer Ptr: 0xB4E7F880
06-09 00:12:52.019 1110 1340 I customAudioLoopback: writeRadioTrack(): Info: track->trackEnabled: 1, track->audioTrack: 0xB5A9D280, track->trackRunning: 0, track->recovering: 0
06-09 00:12:52.032 108 108 E ti_hwc : FB_TARGET info: CRTC: [0, 0, 1920, 1080] SRC: [0, 0, 1920, 1080], Hints: 0, Flags: 0
06-09 00:12:52.039 1110 1340 I customAudioLoopback: writeRadioTrack(): Info: trackPtr: 0xB5A9A008, buffer Ptr: 0xB4E7F880
06-09 00:12:52.039 1110 1340 I customAudioLoopback: writeRadioTrack(): Info: track->trackEnabled: 1, track->audioTrack: 0xB5A9D000, track->trackRunning: 1, track->recovering: 0
06-09 00:12:52.039 1110 1340 I customAudioLoopback: writeRadioTrack(): Info: trackPtr: 0xB5A9A01C, buffer Ptr: 0xB4E7F880
06-09 00:12:52.039 1110 1340 I customAudioLoopback: writeRadioTrack(): Info: track->trackEnabled: 1, track->audioTrack: 0xB5A9D280, track->trackRunning: 0, track->recovering: 0
06-09 00:12:52.048 108 108 E ti_hwc : FB_TARGET info: CRTC: [0, 0, 1920, 1080] SRC: [0, 0, 1920, 1080], Hints: 0, Flags: 0
06-09 00:12:52.062 1110 1340 I customAudioLoopback: writeRadioTrack(): Info: trackPtr: 0xB5A9A008, buffer Ptr: 0xB4E7F880
06-09 00:12:52.062 1110 1340 I customAudioLoopback: writeRadioTrack(): Info: track->trackEnabled: 1, track->audioTrack: 0xB5A9D000, track->trackRunning: 1, track->recovering: 0
06-09 00:12:52.062 1110 1340 I customAudioLoopback: writeRadioTrack(): Info: trackPtr: 0xB5A9A01C, buffer Ptr: 0xB4E7F880
06-09 00:12:52.062 1110 1340 I customAudioLoopback: writeRadioTrack(): Info: track->trackEnabled: 1, track->audioTrack: 0xB5A9D280, track->trackRunning: 0, track->recovering: 0
06-09 00:12:52.065 108 108 E ti_hwc : FB_TARGET info: CRTC: [0, 0, 1920, 1080] SRC: [0, 0, 1920, 1080], Hints: 0, Flags: 0
06-09 00:12:52.060 3775 3775 I eInfoInstrument: type=1400 audit(0.0:226): avc: denied { getattr } for path="/proc/1042" dev="proc" ino=15371 scontext=u:r:untrusted_app:s0:c512,c768 tcontext=u:r:gmTcps:s0 tclass=dir permissive=1
06-09 00:12:52.060 3775 3775 I eInfoInstrument: type=1400 audit(0.0:227): avc: denied { search } for name="1042" dev="proc" ino=15371 scontext=u:r:untrusted_app:s0:c512,c768 tcontext=u:r:gmTcps:s0 tclass=dir permissive=1
06-09 00:12:52.060 3775 3775 I eInfoInstrument: type=1400 audit(0.0:228): avc: denied { read } for name="statm" dev="proc" ino=32308 scontext=u:r:untrusted_app:s0:c512,c768 tcontext=u:r:gmTcps:s0 tclass=file permissive=1
06-09 00:12:52.060 3775 3775 I eInfoInstrument: type=1400 audit(0.0:229): avc: denied { open } for path="/proc/1042/statm" dev="proc" ino=32308 scontext=u:r:untrusted_app:s0:c512,c768 tcontext=u:r:gmTcps:s0 tclass=file permissive=1
06-09 00:12:52.060 3775 3775 I eInfoInstrument: type=1400 audit(0.0:230): avc: denied { getattr } for path="/proc/1042/statm" dev="proc" ino=32308 scontext=u:r:untrusted_app:s0:c512,c768 tcontext=u:r:gmTcps:s0 tclass=file permissive=1
06-09 00:12:52.069 725 725 E OnStar.OnStarRemoteReflashService: subscribeRR->Failed to subscribe for RR->Reason :
06-09 00:12:52.069 725 725 E OnStar.OnStarRemoteReflashService: com.gm.server.onstar.connector.OnStarConnectionException: FSA RemoteReflash client is not ready [UNINITIALIZED]
06-09 00:12:52.069 725 725 E OnStar.OnStarRemoteReflashService: at com.gm.server.onstar.connector.FsaTcpConnector.getRemoteReflashClient(FsaTcpConnector.java:2642)
06-09 00:12:52.069 725 725 E OnStar.OnStarRemoteReflashService: at com.gm.server.onstar.connector.FsaTcpConnector.subscribeRR(FsaTcpConnector.java:1635)
06-09 00:12:52.069 725 725 E OnStar.OnStarRemoteReflashService: at com.gm.server.onstar.OnStarRemoteReflashService.subscribeRR(OnStarRemoteReflashService.java:341)
06-09 00:12:52.069 725 725 E OnStar.OnStarRemoteReflashService: at gm.onstar.OnStarRemoteReflashManager.subscribeRR(OnStarRemoteReflashManager.java:386)
06-09 00:12:52.069 725 725 E OnStar.OnStarRemoteReflashService: at com.gm.server.update.packagedepot.TCPMRemoteReflashHandler.initializeRemoteReflash(TCPMRemoteReflashHandler.java:1062)
06-09 00:12:52.069 725 725 E OnStar.OnStarRemoteReflashService: at com.gm.server.update.packagedepot.TCPMRemoteReflashHandler.-wrap31(TCPMRemoteReflashHandler.java)
06-09 00:12:52.069 725 725 E OnStar.OnStarRemoteReflashService: at com.gm.server.update.packagedepot.TCPMRemoteReflashHandler$6.run(TCPMRemoteReflashHandler.java:877)
06-09 00:12:52.069 725 725 E OnStar.OnStarRemoteReflashService: at android.os.Handler.handleCallback(Handler.java:739)
06-09 00:12:52.069 725 725 E OnStar.OnStarRemoteReflashService: at android.os.Handler.dispatchMessage(Handler.java:95)
06-09 00:12:52.069 725 725 E OnStar.OnStarRemoteReflashService: at android.os.Looper.loop(Looper.java:148)
06-09 00:12:52.069 725 725 E OnStar.OnStarRemoteReflashService: at android.app.ActivityThread.main(ActivityThread.java:5417)
06-09 00:12:52.069 725 725 E OnStar.OnStarRemoteReflashService: at java.lang.reflect.Method.invoke(Native Method)
06-09 00:12:52.069 725 725 E OnStar.OnStarRemoteReflashService: at com.android.internal.os.ZygoteInit$MethodAndArgsCaller.run(ZygoteInit.java:759)
06-09 00:12:52.069 725 725 E OnStar.OnStarRemoteReflashService: at com.android.internal.os.ZygoteInit.main(ZygoteInit.java:649)
06-09 00:12:52.069 725 725 E OnStar.OnStarRemoteReflashManager: subscribeRR->Failed to subscibe to RR->gm.onstar.exception.OnStarException: subscribeRR->FSA functions client is not ready
06-09 00:12:52.069 725 725 I UpdateService-TCPMRemoteReflashHandler: initializeRemoteReflash() ... initialized? false
06-09 00:12:52.082 1110 1340 I customAudioLoopback: writeRadioTrack(): Info: trackPtr: 0xB5A9A008, buffer Ptr: 0xB4E7F880
06-09 00:12:52.082 1110 1340 I customAudioLoopback: writeRadioTrack(): Info: track->trackEnabled: 1, track->audioTrack: 0xB5A9D000, track->trackRunning: 1, track->recovering: 0
06-09 00:12:52.082 1110 1340 I customAudioLoopback: writeRadioTrack(): Info: trackPtr: 0xB5A9A01C, buffer Ptr: 0xB4E7F880
06-09 00:12:52.082 1110 1340 I customAudioLoopback: writeRadioTrack(): Info: track->trackEnabled: 1, track->audioTrack: 0xB5A9D280, track->trackRunning: 0, track->recovering: 0
06-09 00:12:52.083 108 108 E ti_hwc : FB_TARGET info: CRTC: [0, 0, 1920, 1080] SRC: [0, 0, 1920, 1080], Hints: 0, Flags: 0
06-09 00:12:52.080 3775 3775 I eInfoInstrument: type=1400 audit(0.0:231): avc: denied { getattr } for path="/proc/1055" dev="proc" ino=15411 scontext=u:r:untrusted_app:s0:c512,c768 tcontext=u:r:urmservice:s0 tclass=dir permissive=1
06-09 00:12:52.080 3775 3775 I eInfoInstrument: type=1400 audit(0.0:232): avc: denied { search } for name="1055" dev="proc" ino=15411 scontext=u:r:untrusted_app:s0:c512,c768 tcontext=u:r:urmservice:s0 tclass=dir permissive=1
06-09 00:12:52.080 3775 3775 I eInfoInstrument: type=1400 audit(0.0:233): avc: denied { read } for name="statm" dev="proc" ino=32309 scontext=u:r:untrusted_app:s0:c512,c768 tcontext=u:r:urmservice:s0 tclass=file permissive=1
06-09 00:12:52.080 3775 3775 I eInfoInstrument: type=1400 audit(0.0:234): avc: denied { open } for path="/proc/1055/statm" dev="proc" ino=32309 scontext=u:r:untrusted_app:s0:c512,c768 tcontext=u:r:urmservice:s0 tclass=file permissive=1
06-09 00:12:52.080 3775 3775 I eInfoInstrument: type=1400 audit(0.0:235): avc: denied { getattr } for path="/proc/1055/statm" dev="proc" ino=32309 scontext=u:r:untrusted_app:s0:c512,c768 tcontext=u:r:urmservice:s0 tclass=file permissive=1
06-09 00:12:52.099 108 108 E ti_hwc : FB_TARGET info: CRTC: [0, 0, 1920, 1080] SRC: [0, 0, 1920, 1080], Hints: 0, Flags: 0
06-09 00:12:52.104 1110 1340 I customAudioLoopback: writeRadioTrack(): Info: trackPtr: 0xB5A9A008, buffer Ptr: 0xB4E7F880
06-09 00:12:52.104 1110 1340 I customAudioLoopback: writeRadioTrack(): Info: track->trackEnabled: 1, track->audioTrack: 0xB5A9D000, track->trackRunning: 1, track->recovering: 0
06-09 00:12:52.104 1110 1340 I customAudioLoopback: writeRadioTrack(): Info: trackPtr: 0xB5A9A01C, buffer Ptr: 0xB4E7F880
06-09 00:12:52.104 1110 1340 I customAudioLoopback: writeRadioTrack(): Info: track->trackEnabled: 1, track->audioTrack: 0xB5A9D280, track->trackRunning: 0, track->recovering: 0
06-09 00:12:52.090 3775 3775 I eInfoInstrument: type=1400 audit(0.0:236): avc: denied { getattr } for path="/proc/1110" dev="proc" ino=15496 scontext=u:r:untrusted_app:s0:c512,c768 tcontext=u:r:RadioApp:s0 tclass=dir permissive=1
06-09 00:12:52.090 3775 3775 I eInfoInstrument: type=1400 audit(0.0:237): avc: denied { search } for name="1110" dev="proc" ino=15496 scontext=u:r:untrusted_app:s0:c512,c768 tcontext=u:r:RadioApp:s0 tclass=dir permissive=1
06-09 00:12:52.090 3775 3775 I eInfoInstrument: type=1400 audit(0.0:238): avc: denied { read } for name="statm" dev="proc" ino=32310 scontext=u:r:untrusted_app:s0:c512,c768 tcontext=u:r:RadioApp:s0 tclass=file permissive=1
06-09 00:12:52.090 3775 3775 I eInfoInstrument: type=1400 audit(0.0:239): avc: denied { open } for path="/proc/1110/statm" dev="proc" ino=32310 scontext=u:r:untrusted_app:s0:c512,c768 tcontext=u:r:RadioApp:s0 tclass=file permissive=1
06-09 00:12:52.090 3775 3775 I eInfoInstrument: type=1400 audit(0.0:240): avc: denied { getattr } for path="/proc/1110/statm" dev="proc" ino=32310 scontext=u:r:untrusted_app:s0:c512,c768 tcontext=u:r:RadioApp:s0 tclass=file permissive=1
06-09 00:12:52.117 108 108 E ti_hwc : FB_TARGET info: CRTC: [0, 0, 1920, 1080] SRC: [0, 0, 1920, 1080], Hints: 0, Flags: 0
06-09 00:12:52.124 1110 1340 I customAudioLoopback: writeRadioTrack(): Info: trackPtr: 0xB5A9A008, buffer Ptr: 0xB4E7F880
06-09 00:12:52.124 1110 1340 I customAudioLoopback: writeRadioTrack(): Info: track->trackEnabled: 1, track->audioTrack: 0xB5A9D000, track->trackRunning: 1, track->recovering: 0
06-09 00:12:52.124 1110 1340 I customAudioLoopback: writeRadioTrack(): Info: trackPtr: 0xB5A9A01C, buffer Ptr: 0xB4E7F880
06-09 00:12:52.125 1110 1340 I customAudioLoopback: writeRadioTrack(): Info: track->trackEnabled: 1, track->audioTrack: 0xB5A9D280, track->trackRunning: 0, track->recovering: 0
06-09 00:12:52.133 108 108 E ti_hwc : FB_TARGET info: CRTC: [0, 0, 1920, 1080] SRC: [0, 0, 1920, 1080], Hints: 0, Flags: 0
06-09 00:12:52.147 1110 1340 I customAudioLoopback: writeRadioTrack(): Info: trackPtr: 0xB5A9A008, buffer Ptr: 0xB4E7F880
06-09 00:12:52.147 1110 1340 I customAudioLoopback: writeRadioTrack(): Info: track->trackEnabled: 1, track->audioTrack: 0xB5A9D000, track->trackRunning: 1, track->recovering: 0
06-09 00:12:52.147 1110 1340 I customAudioLoopback: writeRadioTrack(): Info: trackPtr: 0xB5A9A01C, buffer Ptr: 0xB4E7F880
06-09 00:12:52.147 1110 1340 I customAudioLoopback: writeRadioTrack(): Info: track->trackEnabled: 1, track->audioTrack: 0xB5A9D280, track->trackRunning: 0, track->recovering: 0
06-09 00:12:52.150 108 108 E ti_hwc : FB_TARGET info: CRTC: [0, 0, 1920, 1080] SRC: [0, 0, 1920, 1080], Hints: 0, Flags: 0
06-09 00:12:52.166 108 108 E ti_hwc : FB_TARGET info: CRTC: [0, 0, 1920, 1080] SRC: [0, 0, 1920, 1080], Hints: 0, Flags: 0
06-09 00:12:52.168 1110 1340 I customAudioLoopback: writeRadioTrack(): Info: trackPtr: 0xB5A9A008, buffer Ptr: 0xB4E7F880
06-09 00:12:52.168 1110 1340 I customAudioLoopback: writeRadioTrack(): Info: track->trackEnabled: 1, track->audioTrack: 0xB5A9D000, track->trackRunning: 1, track->recovering: 0
06-09 00:12:52.168 1110 1340 I customAudioLoopback: writeRadioTrack(): Info: trackPtr: 0xB5A9A01C, buffer Ptr: 0xB4E7F880
06-09 00:12:52.168 1110 1340 I customAudioLoopback: writeRadioTrack(): Info: track->trackEnabled: 1, track->audioTrack: 0xB5A9D280, track->trackRunning: 0, track->recovering: 0
06-09 00:12:52.160 3775 3775 I eInfoInstrument: type=1400 audit(0.0:241): avc: denied { getattr } for path="/proc/1236" dev="proc" ino=15717 scontext=u:r:untrusted_app:s0:c512,c768 tcontext=u:r:WicomeSCP:s0 tclass=dir permissive=1
06-09 00:12:52.170 3775 3775 I eInfoInstrument: type=1400 audit(0.0:242): avc: denied { search } for name="1236" dev="proc" ino=15717 scontext=u:r:untrusted_app:s0:c512,c768 tcontext=u:r:WicomeSCP:s0 tclass=dir permissive=1
06-09 00:12:52.170 3775 3775 I eInfoInstrument: type=1400 audit(0.0:243): avc: denied { read } for name="statm" dev="proc" ino=32316 scontext=u:r:untrusted_app:s0:c512,c768 tcontext=u:r:WicomeSCP:s0 tclass=file permissive=1
06-09 00:12:52.170 3775 3775 I eInfoInstrument: type=1400 audit(0.0:244): avc: denied { open } for path="/proc/1236/statm" dev="proc" ino=32316 scontext=u:r:untrusted_app:s0:c512,c768 tcontext=u:r:WicomeSCP:s0 tclass=file permissive=1
06-09 00:12:52.170 3775 3775 I eInfoInstrument: type=1400 audit(0.0:245): avc: denied { getattr } for path="/proc/1236/statm" dev="proc" ino=32316 scontext=u:r:untrusted_app:s0:c512,c768 tcontext=u:r:WicomeSCP:s0 tclass=file permissive=1
06-09 00:12:52.183 108 108 E ti_hwc : FB_TARGET info: CRTC: [0, 0, 1920, 1080] SRC: [0, 0, 1920, 1080], Hints: 0, Flags: 0
06-09 00:12:52.189 1110 1340 I customAudioLoopback: writeRadioTrack(): Info: trackPtr: 0xB5A9A008, buffer Ptr: 0xB4E7F880
06-09 00:12:52.189 1110 1340 I customAudioLoopback: writeRadioTrack(): Info: track->trackEnabled: 1, track->audioTrack: 0xB5A9D000, track->trackRunning: 1, track->recovering: 0
06-09 00:12:52.189 1110 1340 I customAudioLoopback: writeRadioTrack(): Info: trackPtr: 0xB5A9A01C, buffer Ptr: 0xB4E7F880
06-09 00:12:52.189 1110 1340 I customAudioLoopback: writeRadioTrack(): Info: track->trackEnabled: 1, track->audioTrack: 0xB5A9D280, track->trackRunning: 0, track->recovering: 0
06-09 00:12:52.200 108 108 E ti_hwc : FB_TARGET info: CRTC: [0, 0, 1920, 1080] SRC: [0, 0, 1920, 1080], Hints: 0, Flags: 0
06-09 00:12:52.210 1110 1340 I customAudioLoopback: writeRadioTrack(): Info: trackPtr: 0xB5A9A008, buffer Ptr: 0xB4E7F880
06-09 00:12:52.210 1110 1340 I customAudioLoopback: writeRadioTrack(): Info: track->trackEnabled: 1, track->audioTrack: 0xB5A9D000, track->trackRunning: 1, track->recovering: 0
06-09 00:12:52.210 1110 1340 I customAudioLoopback: writeRadioTrack(): Info: trackPtr: 0xB5A9A01C, buffer Ptr: 0xB4E7F880
06-09 00:12:52.210 1110 1340 I customAudioLoopback: writeRadioTrack(): Info: track->trackEnabled: 1, track->audioTrack: 0xB5A9D280, track->trackRunning: 0, track->recovering: 0
06-09 00:12:52.218 108 108 E ti_hwc : FB_TARGET info: CRTC: [0, 0, 1920, 1080] SRC: [0, 0, 1920, 1080], Hints: 0, Flags: 0
06-09 00:12:52.232 1110 1340 I customAudioLoopback: writeRadioTrack(): Info: trackPtr: 0xB5A9A008, buffer Ptr: 0xB4E7F880
06-09 00:12:52.232 1110 1340 I customAudioLoopback: writeRadioTrack(): Info: track->trackEnabled: 1, track->audioTrack: 0xB5A9D000, track->trackRunning: 1, track->recovering: 0
06-09 00:12:52.232 1110 1340 I customAudioLoopback: writeRadioTrack(): Info: trackPtr: 0xB5A9A01C, buffer Ptr: 0xB4E7F880
06-09 00:12:52.232 1110 1340 I customAudioLoopback: writeRadioTrack(): Info: track->trackEnabled: 1, track->audioTrack: 0xB5A9D280, track->trackRunning: 0, track->recovering: 0
06-09 00:12:52.234 108 108 E ti_hwc : FB_TARGET info: CRTC: [0, 0, 1920, 1080] SRC: [0, 0, 1920, 1080], Hints: 0, Flags: 0
06-09 00:12:52.250 108 108 E ti_hwc : FB_TARGET info: CRTC: [0, 0, 1920, 1080] SRC: [0, 0, 1920, 1080], Hints: 0, Flags: 0
06-09 00:12:52.253 1110 1340 I customAudioLoopback: writeRadioTrack(): Info: trackPtr: 0xB5A9A008, buffer Ptr: 0xB4E7F880
06-09 00:12:52.253 1110 1340 I customAudioLoopback: writeRadioTrack(): Info: track->trackEnabled: 1, track->audioTrack: 0xB5A9D000, track->trackRunning: 1, track->recovering: 0
06-09 00:12:52.253 1110 1340 I customAudioLoopback: writeRadioTrack(): Info: trackPtr: 0xB5A9A01C, buffer Ptr: 0xB4E7F880
06-09 00:12:52.253 1110 1340 I customAudioLoopback: writeRadioTrack(): Info: track->trackEnabled: 1, track->audioTrack: 0xB5A9D280, track->trackRunning: 0, track->recovering: 0
06-09 00:12:52.266 108 108 E ti_hwc : FB_TARGET info: CRTC: [0, 0, 1920, 1080] SRC: [0, 0, 1920, 1080], Hints: 0, Flags: 0
06-09 00:12:52.274 1110 1340 I customAudioLoopback: writeRadioTrack(): Info: trackPtr: 0xB5A9A008, buffer Ptr: 0xB4E7F880
06-09 00:12:52.274 1110 1340 I customAudioLoopback: writeRadioTrack(): Info: track->trackEnabled: 1, track->audioTrack: 0xB5A9D000, track->trackRunning: 1, track->recovering: 0
06-09 00:12:52.274 1110 1340 I customAudioLoopback: writeRadioTrack(): Info: trackPtr: 0xB5A9A01C, buffer Ptr: 0xB4E7F880
06-09 00:12:52.274 1110 1340 I customAudioLoopback: writeRadioTrack(): Info: track->trackEnabled: 1, track->audioTrack: 0xB5A9D280, track->trackRunning: 0, track->recovering: 0
06-09 00:12:52.284 108 108 E ti_hwc : FB_TARGET info: CRTC: [0, 0, 1920, 1080] SRC: [0, 0, 1920, 1080], Hints: 0, Flags: 0
06-09 00:12:52.296 1110 1340 I customAudioLoopback: writeRadioTrack(): Info: trackPtr: 0xB5A9A008, buffer Ptr: 0xB4E7F880
06-09 00:12:52.296 1110 1340 I customAudioLoopback: writeRadioTrack(): Info: track->trackEnabled: 1, track->audioTrack: 0xB5A9D000, track->trackRunning: 1, track->recovering: 0
06-09 00:12:52.296 1110 1340 I customAudioLoopback: writeRadioTrack(): Info: trackPtr: 0xB5A9A01C, buffer Ptr: 0xB4E7F880
06-09 00:12:52.296 1110 1340 I customAudioLoopback: writeRadioTrack(): Info: track->trackEnabled: 1, track->audioTrack: 0xB5A9D280, track->trackRunning: 0, track->recovering: 0
06-09 00:12:52.300 108 108 E ti_hwc : FB_TARGET info: CRTC: [0, 0, 1920, 1080] SRC: [0, 0, 1920, 1080], Hints: 0, Flags: 0
06-09 00:12:52.317 108 108 E ti_hwc : FB_TARGET info: CRTC: [0, 0, 1920, 1080] SRC: [0, 0, 1920, 1080], Hints: 0, Flags: 0
06-09 00:12:52.318 1110 1340 I customAudioLoopback: writeRadioTrack(): Info: trackPtr: 0xB5A9A008, buffer Ptr: 0xB4E7F880
06-09 00:12:52.318 1110 1340 I customAudioLoopback: writeRadioTrack(): Info: track->trackEnabled: 1, track->audioTrack: 0xB5A9D000, track->trackRunning: 1, track->recovering: 0
06-09 00:12:52.318 1110 1340 I customAudioLoopback: writeRadioTrack(): Info: trackPtr: 0xB5A9A01C, buffer Ptr: 0xB4E7F880
06-09 00:12:52.318 1110 1340 I customAudioLoopback: writeRadioTrack(): Info: track->trackEnabled: 1, track->audioTrack: 0xB5A9D280, track->trackRunning: 0, track->recovering: 0
06-09 00:12:52.333 108 108 E ti_hwc : FB_TARGET info: CRTC: [0, 0, 1920, 1080] SRC: [0, 0, 1920, 1080], Hints: 0, Flags: 0
06-09 00:12:52.338 1110 1340 I customAudioLoopback: writeRadioTrack(): Info: trackPtr: 0xB5A9A008, buffer Ptr: 0xB4E7F880
06-09 00:12:52.338 1110 1340 I customAudioLoopback: writeRadioTrack(): Info: track->trackEnabled: 1, track->audioTrack: 0xB5A9D000, track->trackRunning: 1, track->recovering: 0
06-09 00:12:52.338 1110 1340 I customAudioLoopback: writeRadioTrack(): Info: trackPtr: 0xB5A9A01C, buffer Ptr: 0xB4E7F880
06-09 00:12:52.338 1110 1340 I customAudioLoopback: writeRadioTrack(): Info: track->trackEnabled: 1, track->audioTrack: 0xB5A9D280, track->trackRunning: 0, track->recovering: 0
06-09 00:12:52.350 108 108 E ti_hwc : FB_TARGET info: CRTC: [0, 0, 1920, 1080] SRC: [0, 0, 1920, 1080], Hints: 0, Flags: 0
06-09 00:12:52.360 1110 1340 I customAudioLoopback: writeRadioTrack(): Info: trackPtr: 0xB5A9A008, buffer Ptr: 0xB4E7F880
06-09 00:12:52.360 1110 1340 I customAudioLoopback: writeRadioTrack(): Info: track->trackEnabled: 1, track->audioTrack: 0xB5A9D000, track->trackRunning: 1, track->recovering: 0
06-09 00:12:52.360 1110 1340 I customAudioLoopback: writeRadioTrack(): Info: trackPtr: 0xB5A9A01C, buffer Ptr: 0xB4E7F880
06-09 00:12:52.360 1110 1340 I customAudioLoopback: writeRadioTrack(): Info: track->trackEnabled: 1, track->audioTrack: 0xB5A9D280, track->trackRunning: 0, track->recovering: 0
06-09 00:12:52.368 108 108 E ti_hwc : FB_TARGET info: CRTC: [0, 0, 1920, 1080] SRC: [0, 0, 1920, 1080], Hints: 0, Flags: 0
06-09 00:12:52.377 405 1193 D xxxxxx_gps: process_ndr_data() sensorCnt:23104, sequenceNr:672, lat:0, lon:0, heading:9000
06-09 00:12:52.377 405 1193 D xxxxxx_gps: process_ndr_data() deltaHeading:-0.000000, speed:0, distance:878784, meter:0, DR timestamp:726846, utcTime:0
06-09 00:12:52.377 405 1193 E xxxxxx_gps: setGpsLocation(): Waiting for Valid Position
06-09 00:12:52.377 405 1193 D xxxxxx_gps: Time not Availible from Fix!
06-09 00:12:52.377 405 1193 D xxxxxx_gps: DR Time is 726846 at Utc Time 726846
06-09 00:12:52.377 405 1193 W LocationManagerService: Dropping incomplete location: Location[gps 0.000000,0.000000 acc=??? t=?!? et=?!? {Bundle[{antenna_state=0, satellites=0, DR_type=1, satellites_visible=0, accel_X=0.0, accel_Y=0.0, accel_Z=0.0, X_Error=50.0, lateralAccel=0.0, pitchAngle=0.0, deltaHeading=-0.0, acceleration=0.0, inverseCurve=0.0, sequenceNr=672, deltaDistance=0, hdop=0.0, pdop=0.0, vdop=0.0, timestamp=726846, speed=0, turnRate=0.0, Y_Error=50.0, shiftPosition=3, distance=878784, relativeHeight=0.0, sensorCnt=23104, UTCTime=0, heading=9000, gps_signal_quality=0, pitchAngleQual=0, headingError=60.0, sensors=6, satellites_used=0, altitude=0.0}]}]
06-09 00:12:52.377 2312 2330 D xxxxxx_gps: process_ndr_data() sensorCnt:23104, sequenceNr:672, lat:0, lon:0, heading:9000
06-09 00:12:52.377 2312 2330 D xxxxxx_gps: process_ndr_data() deltaHeading:-0.000000, speed:0, distance:878784, meter:0, DR timestamp:726846, utcTime:0
06-09 00:12:52.377 2312 2330 D xxxxxx_gps: Time not Availible from Fix!
06-09 00:12:52.377 2312 2330 D xxxxxx_gps: DR Time is 726846 at Utc Time 726846
06-09 00:12:52.381 1110 1340 I customAudioLoopback: writeRadioTrack(): Info: trackPtr: 0xB5A9A008, buffer Ptr: 0xB4E7F880
06-09 00:12:52.381 1110 1340 I customAudioLoopback: writeRadioTrack(): Info: track->trackEnabled: 1, track->audioTrack: 0xB5A9D000, track->trackRunning: 1, track->recovering: 0
06-09 00:12:52.381 1110 1340 I customAudioLoopback: writeRadioTrack(): Info: trackPtr: 0xB5A9A01C, buffer Ptr: 0xB4E7F880
06-09 00:12:52.381 1110 1340 I customAudioLoopback: writeRadioTrack(): Info: track->trackEnabled: 1, track->audioTrack: 0xB5A9D280, track->trackRunning: 0, track->recovering: 0
06-09 00:12:52.385 108 108 E ti_hwc : FB_TARGET info: CRTC: [0, 0, 1920, 1080] SRC: [0, 0, 1920, 1080], Hints: 0, Flags: 0
06-09 00:12:52.396 405 503 I art : Starting a blocking GC Explicit
06-09 00:12:52.403 1110 1340 I customAudioLoopback: writeRadioTrack(): Info: trackPtr: 0xB5A9A008, buffer Ptr: 0xB4E7F880
06-09 00:12:52.403 1110 1340 I customAudioLoopback: writeRadioTrack(): Info: track->trackEnabled: 1, track->audioTrack: 0xB5A9D000, track->trackRunning: 1, track->recovering: 0
06-09 00:12:52.403 1110 1340 I customAudioLoopback: writeRadioTrack(): Info: trackPtr: 0xB5A9A01C, buffer Ptr: 0xB4E7F880
06-09 00:12:52.403 1110 1340 I customAudioLoopback: writeRadioTrack(): Info: track->trackEnabled: 1, track->audioTrack: 0xB5A9D280, track->trackRunning: 0, track->recovering: 0
06-09 00:12:52.404 108 108 E ti_hwc : FB_TARGET info: CRTC: [0, 0, 1920, 1080] SRC: [0, 0, 1920, 1080], Hints: 0, Flags: 0
06-09 00:12:52.419 108 108 E ti_hwc : FB_TARGET info: CRTC: [0, 0, 1920, 1080] SRC: [0, 0, 1920, 1080], Hints: 0, Flags: 0
06-09 00:12:52.423 1110 1340 I customAudioLoopback: writeRadioTrack(): Info: trackPtr: 0xB5A9A008, buffer Ptr: 0xB4E7F880
06-09 00:12:52.423 1110 1340 I customAudioLoopback: writeRadioTrack(): Info: track->trackEnabled: 1, track->audioTrack: 0xB5A9D000, track->trackRunning: 1, track->recovering: 0
06-09 00:12:52.423 1110 1340 I customAudioLoopback: writeRadioTrack(): Info: trackPtr: 0xB5A9A01C, buffer Ptr: 0xB4E7F880
06-09 00:12:52.423 1110 1340 I customAudioLoopback: writeRadioTrack(): Info: track->trackEnabled: 1, track->audioTrack: 0xB5A9D280, track->trackRunning: 0, track->recovering: 0
06-09 00:12:52.433 405 503 I art : Explicit concurrent mark sweep GC freed 13472(1421KB) AllocSpace objects, 2(40KB) LOS objects, 33% free, 7MB/10MB, paused 814us total 32.420ms
06-09 00:12:52.435 108 108 E ti_hwc : FB_TARGET info: CRTC: [0, 0, 1920, 1080] SRC: [0, 0, 1920, 1080], Hints: 0, Flags: 0
06-09 00:12:52.437 1857 1857 I BT_BUFFER: getBuf allocating 8 bytes
06-09 00:12:52.446 1110 1340 I customAudioLoopback: writeRadioTrack(): Info: trackPtr: 0xB5A9A008, buffer Ptr: 0xB4E7F880
06-09 00:12:52.446 1110 1340 I customAudioLoopback: writeRadioTrack(): Info: track->trackEnabled: 1, track->audioTrack: 0xB5A9D000, track->trackRunning: 1, track->recovering: 0
06-09 00:12:52.446 1110 1340 I customAudioLoopback: writeRadioTrack(): Info: trackPtr: 0xB5A9A01C, buffer Ptr: 0xB4E7F880
06-09 00:12:52.446 1110 1340 I customAudioLoopback: writeRadioTrack(): Info: track->trackEnabled: 1, track->audioTrack: 0xB5A9D280, track->trackRunning: 0, track->recovering: 0
06-09 00:12:52.451 108 108 E ti_hwc : FB_TARGET info: CRTC: [0, 0, 1920, 1080] SRC: [0, 0, 1920, 1080], Hints: 0, Flags: 0
06-09 00:12:52.466 1110 1340 I customAudioLoopback: writeRadioTrack(): Info: trackPtr: 0xB5A9A008, buffer Ptr: 0xB4E7F880
06-09 00:12:52.466 1110 1340 I customAudioLoopback: writeRadioTrack(): Info: track->trackEnabled: 1, track->audioTrack: 0xB5A9D000, track->trackRunning: 1, track->recovering: 0
06-09 00:12:52.466 1110 1340 I customAudioLoopback: writeRadioTrack(): Info: trackPtr: 0xB5A9A01C, buffer Ptr: 0xB4E7F880
06-09 00:12:52.466 1110 1340 I customAudioLoopback: writeRadioTrack(): Info: track->trackEnabled: 1, track->audioTrack: 0xB5A9D280, track->trackRunning: 0, track->recovering: 0
06-09 00:12:52.468 108 108 E ti_hwc : FB_TARGET info: CRTC: [0, 0, 1920, 1080] SRC: [0, 0, 1920, 1080], Hints: 0, Flags: 0
06-09 00:12:52.484 108 108 E ti_hwc : FB_TARGET info: CRTC: [0, 0, 1920, 1080] SRC: [0, 0, 1920, 1080], Hints: 0, Flags: 0
06-09 00:12:52.488 1110 1340 I customAudioLoopback: writeRadioTrack(): Info: trackPtr: 0xB5A9A008, buffer Ptr: 0xB4E7F880
06-09 00:12:52.488 1110 1340 I customAudioLoopback: writeRadioTrack(): Info: track->trackEnabled: 1, track->audioTrack: 0xB5A9D000, track->trackRunning: 1, track->recovering: 0
06-09 00:12:52.488 1110 1340 I customAudioLoopback: writeRadioTrack(): Info: trackPtr: 0xB5A9A01C, buffer Ptr: 0xB4E7F880
06-09 00:12:52.488 1110 1340 I customAudioLoopback: writeRadioTrack(): Info: track->trackEnabled: 1, track->audioTrack: 0xB5A9D280, track->trackRunning: 0, track->recovering: 0
06-09 00:12:52.493 144 161 E ProtoKey: Protokey request failed
06-09 00:12:52.501 108 108 E ti_hwc : FB_TARGET info: CRTC: [0, 0, 1920, 1080] SRC: [0, 0, 1920, 1080], Hints: 0, Flags: 0
06-09 00:12:52.508 1110 1340 I customAudioLoopback: writeRadioTrack(): Info: trackPtr: 0xB5A9A008, buffer Ptr: 0xB4E7F880
06-09 00:12:52.508 1110 1340 I customAudioLoopback: writeRadioTrack(): Info: track->trackEnabled: 1, track->audioTrack: 0xB5A9D000, track->trackRunning: 1, track->recovering: 0
06-09 00:12:52.508 1110 1340 I customAudioLoopback: writeRadioTrack(): Info: trackPtr: 0xB5A9A01C, buffer Ptr: 0xB4E7F880
06-09 00:12:52.509 1110 1340 I customAudioLoopback: writeRadioTrack(): Info: track->trackEnabled: 1, track->audioTrack: 0xB5A9D280, track->trackRunning: 0, track->recovering: 0
06-09 00:12:52.511 143 320 I ICSTYPEB: Panelservice backlightLevel 0x8fc0 0x8fc0 0x8fc0
06-09 00:12:52.518 108 108 E ti_hwc : FB_TARGET info: CRTC: [0, 0, 1920, 1080] SRC: [0, 0, 1920, 1080], Hints: 0, Flags: 0
06-09 00:12:52.531 1110 1340 I customAudioLoopback: writeRadioTrack(): Info: trackPtr: 0xB5A9A008, buffer Ptr: 0xB4E7F880
06-09 00:12:52.531 1110 1340 I customAudioLoopback: writeRadioTrack(): Info: track->trackEnabled: 1, track->audioTrack: 0xB5A9D000, track->trackRunning: 1, track->recovering: 0
06-09 00:12:52.531 1110 1340 I customAudioLoopback: writeRadioTrack(): Info: trackPtr: 0xB5A9A01C, buffer Ptr: 0xB4E7F880
06-09 00:12:52.531 1110 1340 I customAudioLoopback: writeRadioTrack(): Info: track->trackEnabled: 1, track->audioTrack: 0xB5A9D280, track->trackRunning: 0, track->recovering: 0
06-09 00:12:52.535 108 108 E ti_hwc : FB_TARGET info: CRTC: [0, 0, 1920, 1080] SRC: [0, 0, 1920, 1080], Hints: 0, Flags: 0
06-09 00:12:52.551 1110 1340 I customAudioLoopback: writeRadioTrack(): Info: trackPtr: 0xB5A9A008, buffer Ptr: 0xB4E7F880
06-09 00:12:52.551 1110 1340 I customAudioLoopback: writeRadioTrack(): Info: track->trackEnabled: 1, track->audioTrack: 0xB5A9D000, track->trackRunning: 1, track->recovering: 0
06-09 00:12:52.551 1110 1340 I customAudioLoopback: writeRadioTrack(): Info: trackPtr: 0xB5A9A01C, buffer Ptr: 0xB4E7F880
06-09 00:12:52.551 1110 1340 I customAudioLoopback: writeRadioTrack(): Info: track->trackEnabled: 1, track->audioTrack: 0xB5A9D280, track->trackRunning: 0, track->recovering: 0
06-09 00:12:52.552 108 108 E ti_hwc : FB_TARGET info: CRTC: [0, 0, 1920, 1080] SRC: [0, 0, 1920, 1080], Hints: 0, Flags: 0
06-09 00:12:52.568 108 108 E ti_hwc : FB_TARGET info: CRTC: [0, 0, 1920, 1080] SRC: [0, 0, 1920, 1080], Hints: 0, Flags: 0
06-09 00:12:52.571 725 725 D OnStar.OnStarRemoteReflashManager: subscribeRR
06-09 00:12:52.573 1110 1340 I customAudioLoopback: writeRadioTrack(): Info: trackPtr: 0xB5A9A008, buffer Ptr: 0xB4E7F880
06-09 00:12:52.573 1110 1340 I customAudioLoopback: writeRadioTrack(): Info: track->trackEnabled: 1, track->audioTrack: 0xB5A9D000, track->trackRunning: 1, track->recovering: 0
06-09 00:12:52.573 1110 1340 I customAudioLoopback: writeRadioTrack(): Info: trackPtr: 0xB5A9A01C, buffer Ptr: 0xB4E7F880
06-09 00:12:52.573 1110 1340 I customAudioLoopback: writeRadioTrack(): Info: track->trackEnabled: 1, track->audioTrack: 0xB5A9D280, track->trackRunning: 0, track->recovering: 0
06-09 00:12:52.573 725 725 E OnStar.OnStarRemoteReflashService: subscribeRR->Failed to subscribe for RR->Reason :
06-09 00:12:52.573 725 725 E OnStar.OnStarRemoteReflashService: com.gm.server.onstar.connector.OnStarConnectionException: FSA RemoteReflash client is not ready [UNINITIALIZED]
06-09 00:12:52.573 725 725 E OnStar.OnStarRemoteReflashService: at com.gm.server.onstar.connector.FsaTcpConnector.getRemoteReflashClient(FsaTcpConnector.java:2642)
06-09 00:12:52.573 725 725 E OnStar.OnStarRemoteReflashService: at com.gm.server.onstar.connector.FsaTcpConnector.subscribeRR(FsaTcpConnector.java:1635)
06-09 00:12:52.573 725 725 E OnStar.OnStarRemoteReflashService: at com.gm.server.onstar.OnStarRemoteReflashService.subscribeRR(OnStarRemoteReflashService.java:341)
06-09 00:12:52.573 725 725 E OnStar.OnStarRemoteReflashService: at gm.onstar.OnStarRemoteReflashManager.subscribeRR(OnStarRemoteReflashManager.java:386)
06-09 00:12:52.573 725 725 E OnStar.OnStarRemoteReflashService: at com.gm.server.update.packagedepot.TCPMRemoteReflashHandler.initializeRemoteReflash(TCPMRemoteReflashHandler.java:1062)
06-09 00:12:52.573 725 725 E OnStar.OnStarRemoteReflashService: at com.gm.server.update.packagedepot.TCPMRemoteReflashHandler.-wrap31(TCPMRemoteReflashHandler.java)
06-09 00:12:52.573 725 725 E OnStar.OnStarRemoteReflashService: at com.gm.server.update.packagedepot.TCPMRemoteReflashHandler$6.run(TCPMRemoteReflashHandler.java:877)
06-09 00:12:52.573 725 725 E OnStar.OnStarRemoteReflashService: at android.os.Handler.handleCallback(Handler.java:739)
06-09 00:12:52.573 725 725 E OnStar.OnStarRemoteReflashService: at android.os.Handler.dispatchMessage(Handler.java:95)
06-09 00:12:52.573 725 725 E OnStar.OnStarRemoteReflashService: at android.os.Looper.loop(Looper.java:148)
06-09 00:12:52.573 725 725 E OnStar.OnStarRemoteReflashService: at android.app.ActivityThread.main(ActivityThread.java:5417)
06-09 00:12:52.573 725 725 E OnStar.OnStarRemoteReflashService: at java.lang.reflect.Method.invoke(Native Method)
06-09 00:12:52.573 725 725 E OnStar.OnStarRemoteReflashService: at com.android.internal.os.ZygoteInit$MethodAndArgsCaller.run(ZygoteInit.java:759)
06-09 00:12:52.573 725 725 E OnStar.OnStarRemoteReflashService: at com.android.internal.os.ZygoteInit.main(ZygoteInit.java:649)
06-09 00:12:52.573 725 725 E OnStar.OnStarRemoteReflashManager: subscribeRR->Failed to subscibe to RR->gm.onstar.exception.OnStarException: subscribeRR->FSA functions client is not ready
06-09 00:12:52.573 725 725 I UpdateService-TCPMRemoteReflashHandler: initializeRemoteReflash() ... initialized? false
06-09 00:12:52.585 108 108 E ti_hwc : FB_TARGET info: CRTC: [0, 0, 1920, 1080] SRC: [0, 0, 1920, 1080], Hints: 0, Flags: 0
06-09 00:12:52.594 1110 1340 I customAudioLoopback: writeRadioTrack(): Info: trackPtr: 0xB5A9A008, buffer Ptr: 0xB4E7F880
