06-09 00:12:36.266 405 532 V BackupManagerService: restoreAtInstall pkg=com.android.cts.preconditions token=1 restoreSet=0
06-09 00:12:36.268 405 532 V BackupManagerService: Finishing install immediately
06-09 00:12:36.293 405 532 W Settings: Setting install_non_market_apps has moved from android.provider.Settings.Global to android.provider.Settings.Secure, returning read-only value.
06-09 00:12:36.294 405 532 I art : Starting a blocking GC Explicit
06-09 00:12:36.329 405 532 I art : Explicit concurrent mark sweep GC freed 9406(677KB) AllocSpace objects, 6(212KB) LOS objects, 33% free, 6MB/10MB, paused 759us total 34.375ms
06-09 00:12:36.337 725 841 I FSAClient: FSA: could not connect to server 192.168.1.102:9005, retrying
06-09 00:12:36.337 725 841 I FSANetCommsClient: FSA: intializing client tcp socket, ip:port is 192.168.1.102:9005
06-09 00:12:36.338 725 843 I FSAClient: FSA: could not connect to server 192.168.1.102:9012, retrying
06-09 00:12:36.338 725 843 I FSANetCommsClient: FSA: intializing client tcp socket, ip:port is 192.168.1.102:9012
06-09 00:12:36.338 2341 2389 I FSAClient: FSA: could not connect to server 192.168.1.102:9010, retrying
06-09 00:12:36.338 2341 2389 I FSANetCommsClient: FSA: intializing client tcp socket, ip:port is 192.168.1.102:9010
06-09 00:12:36.353 725 1681 D UISpeechService: "Signal APP_CHANGED params - > {}"
06-09 00:12:36.354 725 1068 D UISpeechService: "CSpeechServiceMainThreadQueue WorkerQueue: Method: Signal Name = APP_CHANGED"
06-09 00:12:36.354 725 1068 D UISpeechService: "processJSONSignal>> VRAvailableState Status = 1, Reason = AVAILABLE and ShutDown = 0"
06-09 00:12:36.354 725 1068 I UISpeechService: CSpeechServiceController::sendEvent()
06-09 00:12:36.354 725 1068 I UISpeechService: CSpeechSysCallDispatcher::sendEvent()
06-09 00:12:36.354 725 1068 D UISpeechService: "<-- EVNT GDM NAME=APP_CHANGED;"
06-09 00:12:36.358 1903 1903 D CarrierServiceBindHelper: Receive action: android.intent.action.PACKAGE_ADDED
06-09 00:12:36.364 405 717 I InputReader: Reconfiguring input devices. changes=0x00000010
06-09 00:12:36.397 725 1422 D UISpeechService: "--> CALL GDM:382 System_LogMessage log_string='Pushed to main event queue ';"
06-09 00:12:36.397 725 1422 D UISpeechService: "interpreting call System_LogMessage"
06-09 00:12:36.397 725 1422 D UISpeechService: "LogMessage is Pushed to main event queue "
06-09 00:12:36.397 725 1422 D UISpeechService: "<-- RESP GDM:382 System_LogMessage system_logmessage_result=SYSTEM_RESULT_OK;"
06-09 00:12:36.413 725 725 W ContextImpl: Calling a method in the system process without a qualified user: android.app.ContextImpl.sendBroadcast:763 android.content.ContextWrapper.sendBroadcast:396 com.gm.server.uissappservicestarter.UissAppServiceStarterService.sendRegisterBroadcast:287 com.gm.server.uissappservicestarter.UissAppServiceStarterService.-wrap0:-1 com.gm.server.uissappservicestarter.UissAppServiceStarterService$2.onReceive:257
06-09 00:12:36.415 1903 1903 D CarrierServiceBindHelper: mHandler: 3
06-09 00:12:36.417 2234 2234 D VrBroadcastReceiver: myUid=0 currentUid=0 action=com.gm.speech.REGISTER_REQUEST
06-09 00:12:36.418 725 1683 D UISpeechService: "Signal SPEECH_DEPENDENT_APP_REGISTERED params - > {"params":"com.xxxxxx.bluetooth"}"
06-09 00:12:36.419 725 1068 D UISpeechService: "CSpeechServiceMainThreadQueue WorkerQueue: Method: Signal Name = SPEECH_DEPENDENT_APP_REGISTERED"
06-09 00:12:36.419 725 1068 D UISpeechService: "processJSONSignal>> VRAvailableState Status = 1, Reason = AVAILABLE and ShutDown = 0"
06-09 00:12:36.419 725 1068 I UISpeechService: CSpeechSysCallDispatcher::sendEvent()
06-09 00:12:36.419 725 1068 D UISpeechService: "<-- EVNT GDM NAME=PHONE_PAIREDPHONES_CHANGED;"
06-09 00:12:36.419 725 1683 D UISpeechService: "Signal SPEECH_DEPENDENT_APP_REGISTERED params - > {"params":"com.gm.vr"}"
06-09 00:12:36.419 725 1068 D UISpeechService: "CSpeechServiceMainThreadQueue WorkerQueue: Method: Signal Name = SPEECH_DEPENDENT_APP_REGISTERED"
06-09 00:12:36.419 725 1068 D UISpeechService: "processJSONSignal>> VRAvailableState Status = 1, Reason = AVAILABLE and ShutDown = 0"
06-09 00:12:36.421 725 1198 D UISpeechService: "Signal SPEECH_DEPENDENT_APP_REGISTERED params - > {"params":"com.gm.phonebookservice"}"
06-09 00:12:36.421 725 1068 D UISpeechService: "CSpeechServiceMainThreadQueue WorkerQueue: Method: Signal Name = SPEECH_DEPENDENT_APP_REGISTERED"
06-09 00:12:36.421 725 1068 D UISpeechService: "processJSONSignal>> VRAvailableState Status = 1, Reason = AVAILABLE and ShutDown = 0"
06-09 00:12:36.424 1903 1903 D CarrierConfigLoader: mHandler: 9 phoneId: 0
06-09 00:12:36.437 1857 1857 I BT_BUFFER: getBuf allocating 8 bytes
06-09 00:12:36.447 725 829 D UISpeechService: "Signal SPEECH_DEPENDENT_APP_REGISTERED params - > {"params":"com.gm.settings"}"
06-09 00:12:36.447 725 1068 D UISpeechService: "CSpeechServiceMainThreadQueue WorkerQueue: Method: Signal Name = SPEECH_DEPENDENT_APP_REGISTERED"
06-09 00:12:36.447 725 1068 D UISpeechService: "processJSONSignal>> VRAvailableState Status = 1, Reason = AVAILABLE and ShutDown = 0"
06-09 00:12:36.447 725 1068 I UISpeechService: CSpeechSysCallDispatcher::sendEvent()
06-09 00:12:36.447 725 1068 D UISpeechService: "<-- EVNT GDM NAME=CHANGE_USER_SETTINGS;"
06-09 00:12:36.447 725 1068 D UISpeechService: "sendSVCIPCAsyncInvoke>> Method = getUserPrivacySettings, Busname = SpeechHelpService, Objectpath = SpeechHelpService, Params = []"
06-09 00:12:36.452 725 1427 D UISpeechService: "--> CALL GDM:383 App_Names_Commands_TEFileRequest te_category=TE_CATEGORY_APP_NAMES;"
06-09 00:12:36.452 725 1427 I UISpeechService: CPSysCallAppStub::interpretSystemCall()
06-09 00:12:36.452 725 1427 D UISpeechService: "interpreting call App_Names_Commands_TEFileRequest"
06-09 00:12:36.452 725 1427 I UISpeechService: CAppSysCallImpl::callAppNamesCommandsTEFileRequest()
06-09 00:12:36.452 725 1427 D UISpeechService: "sendSVCIPCAsyncInvoke>> Method = createAppEcoFile, Busname = SpeechHelpService, Objectpath = SpeechHelpService, Params = []"
06-09 00:12:36.456 405 477 W SearchableInfo: Invalid searchable metadata for com.android.browser/.BrowserActivity: Search label must be a resource reference.
06-09 00:12:36.457 725 1069 D UISpeechService: "invokeSendApiRequestToJava>> MethodResult = {"code":0,"description":"Invoked","params":""}"
06-09 00:12:36.457 725 2372 D UISpeechService: "onAsyncInoveResult {"voiceRecDataSharingStatus":true,"getUserPrivacySettingsResp":0}"
06-09 00:12:36.457 725 1068 D UISpeechService: "CSpeechServiceMainThreadQueue WorkerQueue: Method: Signal Name = "
06-09 00:12:36.457 725 1068 I UISpeechService: CSystemSysCallImpl::handleRespGetUserPrivacySettings()
06-09 00:12:36.457 725 1068 D UISpeechService: "handleRespGetUserPrivacySettings>> Data sharing status = 1"
06-09 00:12:36.458 725 1069 D UISpeechService: "invokeSendApiRequestToJava>> MethodResult = {"code":0,"description":"Invoked","params":""}"
06-09 00:12:36.460 725 2411 D UISpeechService: "onAsyncInoveResult {"createAppEcoFileResp":0}"
06-09 00:12:36.461 725 3509 D UISpeechService: "--> CALL GDM:384 System_LogMessage log_string='Pushed to main event queue ';"
06-09 00:12:36.461 725 3509 D UISpeechService: "interpreting call System_LogMessage"
06-09 00:12:36.461 725 3509 D UISpeechService: "LogMessage is Pushed to main event queue "
06-09 00:12:36.461 725 3509 D UISpeechService: "<-- RESP GDM:384 System_LogMessage system_logmessage_result=SYSTEM_RESULT_OK;"
06-09 00:12:36.461 725 1068 D UISpeechService: "CSpeechServiceMainThreadQueue WorkerQueue: Method: Signal Name = "
06-09 00:12:36.461 725 1068 I UISpeechService: CAppSysCallImpl::handleRespAppHandleRecogResult()
06-09 00:12:36.461 725 1068 D UISpeechService: "<-- RESP GDM:383 App_Names_Commands_TEFileRequest app_names_te_file_request_result=TE_FILE_OK app_top_level_command_paths='' app_names_path='/data/speechTEFiles/app_names.eco';"
06-09 00:12:36.462 725 1427 D UISpeechService: "--> CALL GDM:385 System_LogMessage log_string='Pushed to main event queue ';"
06-09 00:12:36.462 725 1427 D UISpeechService: "interpreting call System_LogMessage"
06-09 00:12:36.462 725 1427 D UISpeechService: "LogMessage is Pushed to main event queue "
06-09 00:12:36.462 725 1427 D UISpeechService: "<-- RESP GDM:385 System_LogMessage system_logmessage_result=SYSTEM_RESULT_OK;"
06-09 00:12:36.465 405 477 W SearchableInfo: Invalid searchable metadata for com.android.browser/.BookmarkSearch: Search label must be a resource reference.
06-09 00:12:36.480 1032 3510 I VehicleSignalDataChangeManager: VISChangeListener : callback : com.gm.settings.systems.SettingsGlobalProp@a9543b5, :signalType: VEHICLE_STATE
06-09 00:12:36.480 1032 3510 I VehicleSignalDataChangeManager: VISChangeListener : callback : com.gm.settings.systems.SettingsGlobalProp@a9543b5, :signalType: VEHICLE_SPEED
06-09 00:12:36.496 1992 1992 I com.telenav.arp: arp: com.telenav.arp.app.SpeechReceiver: UISS_REGISTER, user handle = UserHandle{0}
06-09 00:12:36.497 1992 1992 I com.telenav.arp: Denali-HMI: com.telenav.arp.context.ApplicationContextHelper: user handle user id = 0 current user id = 0
06-09 00:12:36.497 1992 1992 I com.telenav.arp: arp: com.telenav.arp.app.SpeechReceiver: UISS_REGISTER, received Broadcast intent = Intent { act=com.gm.speech.REGISTER_REQUEST flg=0x30 cmp=com.telenav.app.denali.na/com.telenav.arp.app.SpeechReceiver }
06-09 00:12:36.503 725 725 D OnStar.OnStarRemoteReflashManager: subscribeRR
06-09 00:12:36.504 725 725 E OnStar.OnStarRemoteReflashService: subscribeRR->Failed to subscribe for RR->Reason :
06-09 00:12:36.504 725 725 E OnStar.OnStarRemoteReflashService: com.gm.server.onstar.connector.OnStarConnectionException: FSA RemoteReflash client is not ready [UNINITIALIZED]
06-09 00:12:36.504 725 725 E OnStar.OnStarRemoteReflashService: at com.gm.server.onstar.connector.FsaTcpConnector.getRemoteReflashClient(FsaTcpConnector.java:2642)
06-09 00:12:36.504 725 725 E OnStar.OnStarRemoteReflashService: at com.gm.server.onstar.connector.FsaTcpConnector.subscribeRR(FsaTcpConnector.java:1635)
06-09 00:12:36.504 725 725 E OnStar.OnStarRemoteReflashService: at com.gm.server.onstar.OnStarRemoteReflashService.subscribeRR(OnStarRemoteReflashService.java:341)
06-09 00:12:36.504 725 725 E OnStar.OnStarRemoteReflashService: at gm.onstar.OnStarRemoteReflashManager.subscribeRR(OnStarRemoteReflashManager.java:386)
06-09 00:12:36.504 725 725 E OnStar.OnStarRemoteReflashService: at com.gm.server.update.packagedepot.TCPMRemoteReflashHandler.initializeRemoteReflash(TCPMRemoteReflashHandler.java:1062)
06-09 00:12:36.504 725 725 E OnStar.OnStarRemoteReflashService: at com.gm.server.update.packagedepot.TCPMRemoteReflashHandler.-wrap31(TCPMRemoteReflashHandler.java)
06-09 00:12:36.504 725 725 E OnStar.OnStarRemoteReflashService: at com.gm.server.update.packagedepot.TCPMRemoteReflashHandler$6.run(TCPMRemoteReflashHandler.java:877)
06-09 00:12:36.504 725 725 E OnStar.OnStarRemoteReflashService: at android.os.Handler.handleCallback(Handler.java:739)
06-09 00:12:36.504 725 725 E OnStar.OnStarRemoteReflashService: at android.os.Handler.dispatchMessage(Handler.java:95)
06-09 00:12:36.504 725 725 E OnStar.OnStarRemoteReflashService: at android.os.Looper.loop(Looper.java:148)
06-09 00:12:36.504 725 725 E OnStar.OnStarRemoteReflashService: at android.app.ActivityThread.main(ActivityThread.java:5417)
06-09 00:12:36.504 725 725 E OnStar.OnStarRemoteReflashService: at java.lang.reflect.Method.invoke(Native Method)
06-09 00:12:36.504 725 725 E OnStar.OnStarRemoteReflashService: at com.android.internal.os.ZygoteInit$MethodAndArgsCaller.run(ZygoteInit.java:759)
06-09 00:12:36.504 725 725 E OnStar.OnStarRemoteReflashService: at com.android.internal.os.ZygoteInit.main(ZygoteInit.java:649)
06-09 00:12:36.504 725 725 E OnStar.OnStarRemoteReflashManager: subscribeRR->Failed to subscibe to RR->gm.onstar.exception.OnStarException: subscribeRR->FSA functions client is not ready
06-09 00:12:36.505 725 725 I UpdateService-TCPMRemoteReflashHandler: initializeRemoteReflash() ... initialized? false
06-09 00:12:36.507 1992 3514 E com.telenav.arp: arp: com.telenav.arp.service.speech.SpeechUIProvider: reRegisterToUiss, uissState: NONE
06-09 00:12:36.537 725 1427 D UISpeechService: "--> CALL GDM:386 System_StateSet system_state=SYSTEM_STATE_APP_NAMES_G2P system_state_action=SYSTEM_STATE_BEGIN;"
06-09 00:12:36.537 725 1427 D UISpeechService: "interpreting call System_StateSet"
06-09 00:12:36.537 725 1427 D UISpeechService: "<-- RESP GDM:386 System_StateSet system_state_result=SYSTEM_RESULT_OK;"
06-09 00:12:36.631 870 1180 D GMStatusBar: LocationController updateGPSLocationStatus
06-09 00:12:36.632 870 1180 E VMS-LocationSrvGA: VehicleDataUnavailable:gm.vehicle.VehicleDataUnavailable: Vehicle Data Still Not Available From Bus
06-09 00:12:36.632 870 1180 I GMStatusBar: updateLocationStatus(): Vehicle Data Still Not Available From Bus
06-09 00:12:36.632 870 870 D GMStatusBar: LocationController handleMessage MSG_REFRESH_ICON_LOCATION: mode = 0; mCurrentLocationMode = 0
06-09 00:12:36.632 870 1180 D GMStatusBar: resetLocationUpdate
06-09 00:12:36.647 725 1427 D UISpeechService: "--> CALL GDM:396 System_StateSet system_state=SYSTEM_STATE_APP_NAMES_G2P system_state_action=SYSTEM_STATE_END;"
06-09 00:12:36.647 725 1427 D UISpeechService: "interpreting call System_StateSet"
06-09 00:12:36.647 725 1427 D UISpeechService: "<-- RESP GDM:396 System_StateSet system_state_result=SYSTEM_RESULT_OK;"
06-09 00:12:36.673 2312 2330 D xxxxxx_gps: process_ndr_data() sensorCnt:22601, sequenceNr:657, lat:0, lon:0, heading:9000
06-09 00:12:36.673 2312 2330 D xxxxxx_gps: process_ndr_data() deltaHeading:-0.000000, speed:0, distance:878784, meter:0, DR timestamp:711142, utcTime:0
06-09 00:12:36.673 2312 2330 D xxxxxx_gps: Time not Availible from Fix!
06-09 00:12:36.673 2312 2330 D xxxxxx_gps: DR Time is 711142 at Utc Time 711142
06-09 00:12:36.710 725 1350 D RSIClient: CONNECTING
06-09 00:12:36.727 725 1427 D UISpeechService: "--> CALL GDM:397 System_LogMessage log_string='Queue size: 1. Top Task: TASK_PHONE_PAIREDPHONES_NEEDS_UPDATE';"
06-09 00:12:36.727 725 1427 D UISpeechService: "interpreting call System_LogMessage"
06-09 00:12:36.727 725 1427 D UISpeechService: "LogMessage is Queue size: 1. Top Task: TASK_PHONE_PAIREDPHONES_NEEDS_UPDATE"
06-09 00:12:36.727 725 1427 D UISpeechService: "<-- RESP GDM:397 System_LogMessage system_logmessage_result=SYSTEM_RESULT_OK;"
06-09 00:12:36.763 725 977 D OnStar.OnStarFunctionsManager: getData
06-09 00:12:36.763 725 977 E OnStar.OnStarFunctionsManager: getData->Failed to get data->gm.onstar.exception.OnStarException: getData->TCP data is not available at this time
06-09 00:12:36.763 725 977 W System.err: gm.onstar.exception.OnStarException: gm.onstar.exception.OnStarException: getData->TCP data is not available at this time
06-09 00:12:36.763 725 977 W System.err: at gm.onstar.OnStarFunctionsManager.getData(OnStarFunctionsManager.java:353)
06-09 00:12:36.763 725 977 W System.err: at com.gm.server.connection.TcpInternetManager.getTcpSubscription(TcpInternetManager.java:224)
06-09 00:12:36.763 725 977 W System.err: at com.gm.server.connection.TcpInternetManager.-wrap2(TcpInternetManager.java)
06-09 00:12:36.763 725 977 W System.err: at com.gm.server.connection.TcpInternetManager$TcpInternetManagerHandler.handleMessage(TcpInternetManager.java:109)
06-09 00:12:36.765 725 977 W System.err: at android.os.Handler.dispatchMessage(Handler.java:102)
06-09 00:12:36.765 725 977 W System.err: at android.os.Looper.loop(Looper.java:148)
06-09 00:12:36.765 725 977 W System.err: at android.os.HandlerThread.run(HandlerThread.java:61)
06-09 00:12:36.765 725 977 W System.err: Caused by: gm.onstar.exception.OnStarException: getData->TCP data is not available at this time
06-09 00:12:36.765 725 977 W System.err: at gm.onstar.OnStarFunctionsManager.getData(OnStarFunctionsManager.java:348)
06-09 00:12:36.765 725 977 W System.err: ... 6 more
06-09 00:12:36.765 725 977 E TcpInternetManager: getOnstarSubscription: getData failure.
06-09 00:12:36.783 1042 1207 I DemoModeService: Current Mode: DEMO
06-09 00:12:36.784 1110 1340 I customAudioLoopback: writeRadioTrack(): Info: track->trackEnabled: 1, track->audioTrack: 0xB5A9D280, track->trackRunning: 0, track->recovering: 0
06-09 00:12:36.804 1110 1340 I customAudioLoopback: writeRadioTrack(): Info: trackPtr: 0xB5A9A008, buffer Ptr: 0xB4E7F880
06-09 00:12:36.804 1110 1340 I customAudioLoopback: writeRadioTrack(): Info: track->trackEnabled: 1, track->audioTrack: 0xB5A9D000, track->trackRunning: 1, track->recovering: 0
06-09 00:12:36.805 1110 1340 I customAudioLoopback: writeRadioTrack(): Info: trackPtr: 0xB5A9A01C, buffer Ptr: 0xB4E7F880
06-09 00:12:36.805 1110 1340 I customAudioLoopback: writeRadioTrack(): Info: track->trackEnabled: 1, track->audioTrack: 0xB5A9D280, track->trackRunning: 0, track->recovering: 0
06-09 00:12:36.807 725 1427 D UISpeechService: "--> CALL GDM:398 Phone_GetPairedPhones ;"
06-09 00:12:36.807 725 1427 D UISpeechService: "interpreting call Phone_GetPairedPhones"
06-09 00:12:36.807 725 1427 I UISpeechService: CPhoneSysCallImpl::callPhoneGetPairedPhones()
06-09 00:12:36.807 725 1427 D UISpeechService: "sendSVCIPCAsyncInvoke>> Method = getPairedPhonesDetail, Busname = com.xxxxxx.bluetooth, Objectpath = com.xxxxxx.bluetooth, Params = []"
06-09 00:12:36.807 725 1069 D UISpeechService: "invokeSendApiRequestToJava>> MethodResult = {"code":0,"description":"Invoked","params":""}"
06-09 00:12:36.810 725 743 D UISpeechService: "onAsyncInoveResult {"pairedPhonesnamesArray":[],"getPairedPhonesDetailsResp":0,"pairedPhonesBtAddressArray":[]}"
06-09 00:12:36.811 725 1068 D UISpeechService: "CSpeechServiceMainThreadQueue WorkerQueue: Method: Signal Name = "
06-09 00:12:36.811 725 1068 I UISpeechService: CPhoneSysCallImpl::handleRespGetPairedPhones()
06-09 00:12:36.811 725 1068 I UISpeechService: CPhoneSysCallImpl::createPhoneDeviceNamesCopFile()
06-09 00:12:36.811 725 1068 D UISpeechService: "createPhoneDeviceNamesCopFile>> Device Names array is Empty!!!"
06-09 00:12:36.811 725 1068 I UISpeechService: CGSysCallHandlerBase::systemDeleteFile()
06-09 00:12:36.811 725 1068 D UISpeechService: "systemDeleteFile>> Path = /data/speechTEFiles/phonedevice_list.cop"
06-09 00:12:36.823 725 2195 E RR_NET_LIB: RR::dispatch():poll failed: 0 11
06-09 00:12:36.827 1110 1340 I customAudioLoopback: writeRadioTrack(): Info: trackPtr: 0xB5A9A008, buffer Ptr: 0xB4E7F880
06-09 00:12:36.827 1110 1340 I customAudioLoopback: writeRadioTrack(): Info: track->trackEnabled: 1, track->audioTrack: 0xB5A9D000, track->trackRunning: 1, track->recovering: 0
06-09 00:12:36.827 1110 1340 I customAudioLoopback: writeRadioTrack(): Info: trackPtr: 0xB5A9A01C, buffer Ptr: 0xB4E7F880
06-09 00:12:36.827 1110 1340 I customAudioLoopback: writeRadioTrack(): Info: track->trackEnabled: 1, track->audioTrack: 0xB5A9D280, track->trackRunning: 0, track->recovering: 0
06-09 00:12:36.831 725 1068 D UISpeechService: "systemDeleteFile>> Deletion of /data/speechTEFiles/phonedevice_list.cop file is success"
06-09 00:12:36.832 725 1068 D UISpeechService: "<-- RESP GDM:398 Phone_GetPairedPhones phone_get_paired_phone_results=PHONE_RESULT_OK;"
06-09 00:12:36.847 1110 1340 I customAudioLoopback: writeRadioTrack(): Info: trackPtr: 0xB5A9A008, buffer Ptr: 0xB4E7F880
06-09 00:12:36.847 1110 1340 I customAudioLoopback: writeRadioTrack(): Info: track->trackEnabled: 1, track->audioTrack: 0xB5A9D000, track->trackRunning: 1, track->recovering: 0
06-09 00:12:36.847 1110 1340 I customAudioLoopback: writeRadioTrack(): Info: trackPtr: 0xB5A9A01C, buffer Ptr: 0xB4E7F880
06-09 00:12:36.847 1110 1340 I customAudioLoopback: writeRadioTrack(): Info: track->trackEnabled: 1, track->audioTrack: 0xB5A9D280, track->trackRunning: 0, track->recovering: 0
06-09 00:12:36.865 144 161 E ProtoKey: Protokey request failed
06-09 00:12:36.869 1110 1340 I customAudioLoopback: writeRadioTrack(): Info: trackPtr: 0xB5A9A008, buffer Ptr: 0xB4E7F880
06-09 00:12:36.869 1110 1340 I customAudioLoopback: writeRadioTrack(): Info: track->trackEnabled: 1, track->audioTrack: 0xB5A9D000, track->trackRunning: 1, track->recovering: 0
06-09 00:12:36.869 1110 1340 I customAudioLoopback: writeRadioTrack(): Info: trackPtr: 0xB5A9A01C, buffer Ptr: 0xB4E7F880
06-09 00:12:36.869 1110 1340 I customAudioLoopback: writeRadioTrack(): Info: track->trackEnabled: 1, track->audioTrack: 0xB5A9D280, track->trackRunning: 0, track->recovering: 0
06-09 00:12:36.890 1110 1340 I customAudioLoopback: writeRadioTrack(): Info: trackPtr: 0xB5A9A008, buffer Ptr: 0xB4E7F880
06-09 00:12:36.890 1110 1340 I customAudioLoopback: writeRadioTrack(): Info: track->trackEnabled: 1, track->audioTrack: 0xB5A9D000, track->trackRunning: 1, track->recovering: 0
06-09 00:12:36.890 1110 1340 I customAudioLoopback: writeRadioTrack(): Info: trackPtr: 0xB5A9A01C, buffer Ptr: 0xB4E7F880
06-09 00:12:36.890 1110 1340 I customAudioLoopback: writeRadioTrack(): Info: track->trackEnabled: 1, track->audioTrack: 0xB5A9D280, track->trackRunning: 0, track->recovering: 0
06-09 00:12:36.907 725 1427 D UISpeechService: "--> CALL GDM:399 Phone_GetActivePhoneId ;"
06-09 00:12:36.907 725 1427 D UISpeechService: "interpreting call Phone_GetActivePhoneId"
06-09 00:12:36.907 725 1427 I UISpeechService: CPhoneSysCallImpl::callPhoneGetActivePhoneId()
06-09 00:12:36.907 725 1427 D UISpeechService: "sendSVCIPCAsyncInvoke>> Method = getActivePhoneId, Busname = com.gm.phonebookservice, Objectpath = com.gm.phonebookservice, Params = []"
06-09 00:12:36.907 725 1069 D UISpeechService: "invokeSendApiRequestToJava>> MethodResult = {"code":0,"description":"Invoked","params":""}"
06-09 00:12:36.909 725 1167 D UISpeechService: "onAsyncInoveResult {"getActivePhoneIdResp":0,"activePhoneId":0}"
06-09 00:12:36.909 725 1068 D UISpeechService: "CSpeechServiceMainThreadQueue WorkerQueue: Method: Signal Name = "
06-09 00:12:36.909 725 1068 I UISpeechService: CPhoneSysCallImpl::handleRespPhoneGetActivePhoneID()
06-09 00:12:36.909 725 1068 W UISpeechService: "handleRespPhoneGetActivePhoneID>> Missing or Invalid Response of phoneBTAddress key"
06-09 00:12:36.909 725 1068 D UISpeechService: "setPhoneSyncingState>> PhoneSyncing Status = 0"
06-09 00:12:36.909 725 1068 D UISpeechService: "<-- RESP GDM:399 Phone_GetActivePhoneId phone_active_phone_id=0 phone_get_active_phoneid_result=PHONE_RESULT_OK;"
06-09 00:12:36.912 1110 1340 I customAudioLoopback: writeRadioTrack(): Info: trackPtr: 0xB5A9A008, buffer Ptr: 0xB4E7F880
06-09 00:12:36.912 1110 1340 I customAudioLoopback: writeRadioTrack(): Info: track->trackEnabled: 1, track->audioTrack: 0xB5A9D000, track->trackRunning: 1, track->recovering: 0
06-09 00:12:36.912 1110 1340 I customAudioLoopback: writeRadioTrack(): Info: trackPtr: 0xB5A9A01C, buffer Ptr: 0xB4E7F880
06-09 00:12:36.912 1110 1340 I customAudioLoopback: writeRadioTrack(): Info: track->trackEnabled: 1, track->audioTrack: 0xB5A9D280, track->trackRunning: 0, track->recovering: 0
06-09 00:12:36.933 1110 1340 I customAudioLoopback: writeRadioTrack(): Info: trackPtr: 0xB5A9A008, buffer Ptr: 0xB4E7F880
06-09 00:12:36.933 1110 1340 I customAudioLoopback: writeRadioTrack(): Info: track->trackEnabled: 1, track->audioTrack: 0xB5A9D000, track->trackRunning: 1, track->recovering: 0
06-09 00:12:36.933 1110 1340 I customAudioLoopback: writeRadioTrack(): Info: trackPtr: 0xB5A9A01C, buffer Ptr: 0xB4E7F880
06-09 00:12:36.933 1110 1340 I customAudioLoopback: writeRadioTrack(): Info: track->trackEnabled: 1, track->audioTrack: 0xB5A9D280, track->trackRunning: 0, track->recovering: 0
06-09 00:12:36.955 1110 1340 I customAudioLoopback: writeRadioTrack(): Info: trackPtr: 0xB5A9A008, buffer Ptr: 0xB4E7F880
06-09 00:12:36.955 1110 1340 I customAudioLoopback: writeRadioTrack(): Info: track->trackEnabled: 1, track->audioTrack: 0xB5A9D000, track->trackRunning: 1, track->recovering: 0
06-09 00:12:36.955 1110 1340 I customAudioLoopback: writeRadioTrack(): Info: trackPtr: 0xB5A9A01C, buffer Ptr: 0xB4E7F880
06-09 00:12:36.955 1110 1340 I customAudioLoopback: writeRadioTrack(): Info: track->trackEnabled: 1, track->audioTrack: 0xB5A9D280, track->trackRunning: 0, track->recovering: 0
06-09 00:12:36.970 725 1038 I com.gm.server.traffic.TrafficServiceImpl: signalMonitor: Not connected, reconnecting...
06-09 00:12:36.971 725 1038 E com.gm.server.traffic.TrafficServiceImpl: signalMonitor: socket connection exception
06-09 00:12:36.971 725 1038 E com.gm.server.traffic.TrafficServiceImpl: java.net.ConnectException: failed to connect to /192.168.1.10 (port 11999): connect failed: ECONNREFUSED (Connection refused)
06-09 00:12:36.971 725 1038 E com.gm.server.traffic.TrafficServiceImpl: at libcore.io.IoBridge.connect(IoBridge.java:124)
06-09 00:12:36.971 725 1038 E com.gm.server.traffic.TrafficServiceImpl: at java.net.PlainSocketImpl.connect(PlainSocketImpl.java:183)
06-09 00:12:36.971 725 1038 E com.gm.server.traffic.TrafficServiceImpl: at java.net.PlainSocketImpl.connect(PlainSocketImpl.java:163)
06-09 00:12:36.971 725 1038 E com.gm.server.traffic.TrafficServiceImpl: at java.net.Socket.startupSocket(Socket.java:592)
06-09 00:12:36.971 725 1038 E com.gm.server.traffic.TrafficServiceImpl: at java.net.Socket.tryAllAddresses(Socket.java:128)
06-09 00:12:36.971 725 1038 E com.gm.server.traffic.TrafficServiceImpl: at java.net.Socket.(Socket.java:178)
06-09 00:12:36.971 725 1038 E com.gm.server.traffic.TrafficServiceImpl: at java.net.Socket.(Socket.java:150)
06-09 00:12:36.971 725 1038 E com.gm.server.traffic.TrafficServiceImpl: at com.gm.server.traffic.SocketImpl.connect(SocketImpl.java:22)
06-09 00:12:36.971 725 1038 E com.gm.server.traffic.TrafficServiceImpl: at com.gm.server.traffic.TrafficServiceImpl$1.run(TrafficServiceImpl.java:227)
06-09 00:12:36.971 725 1038 E com.gm.server.traffic.TrafficServiceImpl: at java.util.concurrent.ThreadPoolExecutor.runWorker(ThreadPoolExecutor.java:1113)
06-09 00:12:36.971 725 1038 E com.gm.server.traffic.TrafficServiceImpl: at java.util.concurrent.ThreadPoolExecutor$Worker.run(ThreadPoolExecutor.java:588)
06-09 00:12:36.971 725 1038 E com.gm.server.traffic.TrafficServiceImpl: at java.lang.Thread.run(Thread.java:818)
06-09 00:12:36.971 725 1038 E com.gm.server.traffic.TrafficServiceImpl: Caused by: android.system.ErrnoException: connect failed: ECONNREFUSED (Connection refused)
06-09 00:12:36.971 725 1038 E com.gm.server.traffic.TrafficServiceImpl: at libcore.io.Posix.connect(Native Method)
06-09 00:12:36.971 725 1038 E com.gm.server.traffic.TrafficServiceImpl: at libcore.io.BlockGuardOs.connect(BlockGuardOs.java:111)
06-09 00:12:36.971 725 1038 E com.gm.server.traffic.TrafficServiceImpl: at libcore.io.IoBridge.connectErrno(IoBridge.java:137)
06-09 00:12:36.971 725 1038 E com.gm.server.traffic.TrafficServiceImpl: at libcore.io.IoBridge.connect(IoBridge.java:122)
06-09 00:12:36.971 725 1038 E com.gm.server.traffic.TrafficServiceImpl: ... 11 more
06-09 00:12:36.975 1110 1340 I customAudioLoopback: writeRadioTrack(): Info: trackPtr: 0xB5A9A008, buffer Ptr: 0xB4E7F880
06-09 00:12:36.975 1110 1340 I customAudioLoopback: writeRadioTrack(): Info: track->trackEnabled: 1, track->audioTrack: 0xB5A9D000, track->trackRunning: 1, track->recovering: 0
06-09 00:12:36.975 1110 1340 I customAudioLoopback: writeRadioTrack(): Info: trackPtr: 0xB5A9A01C, buffer Ptr: 0xB4E7F880
06-09 00:12:36.975 1110 1340 I customAudioLoopback: writeRadioTrack(): Info: track->trackEnabled: 1, track->audioTrack: 0xB5A9D280, track->trackRunning: 0, track->recovering: 0
06-09 00:12:36.987 725 1427 D UISpeechService: "--> CALL GDM:401 Phone_GetActivePhoneId ;"
06-09 00:12:36.987 725 1427 D UISpeechService: "interpreting call Phone_GetActivePhoneId"
06-09 00:12:36.987 725 1427 I UISpeechService: CPhoneSysCallImpl::callPhoneGetActivePhoneId()
06-09 00:12:36.987 725 1427 D UISpeechService: "sendSVCIPCAsyncInvoke>> Method = getActivePhoneId, Busname = com.gm.phonebookservice, Objectpath = com.gm.phonebookservice, Params = []"
06-09 00:12:36.987 725 1069 D UISpeechService: "invokeSendApiRequestToJava>> MethodResult = {"code":0,"description":"Invoked","params":""}"
06-09 00:12:36.989 725 1574 D UISpeechService: "onAsyncInoveResult {"getActivePhoneIdResp":0,"activePhoneId":0}"
06-09 00:12:36.989 725 1068 D UISpeechService: "CSpeechServiceMainThreadQueue WorkerQueue: Method: Signal Name = "
06-09 00:12:36.989 725 1068 I UISpeechService: CPhoneSysCallImpl::handleRespPhoneGetActivePhoneID()
06-09 00:12:36.989 725 1068 W UISpeechService: "handleRespPhoneGetActivePhoneID>> Missing or Invalid Response of phoneBTAddress key"
06-09 00:12:36.989 725 1068 D UISpeechService: "setPhoneSyncingState>> PhoneSyncing Status = 0"
06-09 00:12:36.989 725 1068 D UISpeechService: "<-- RESP GDM:401 Phone_GetActivePhoneId phone_active_phone_id=0 phone_get_active_phoneid_result=PHONE_RESULT_OK;"
06-09 00:12:36.997 1110 1340 I customAudioLoopback: writeRadioTrack(): Info: trackPtr: 0xB5A9A008, buffer Ptr: 0xB4E7F880
06-09 00:12:36.997 1110 1340 I customAudioLoopback: writeRadioTrack(): Info: track->trackEnabled: 1, track->audioTrack: 0xB5A9D000, track->trackRunning: 1, track->recovering: 0
06-09 00:12:36.997 1110 1340 I customAudioLoopback: writeRadioTrack(): Info: trackPtr: 0xB5A9A01C, buffer Ptr: 0xB4E7F880
06-09 00:12:36.997 1110 1340 I customAudioLoopback: writeRadioTrack(): Info: track->trackEnabled: 1, track->audioTrack: 0xB5A9D280, track->trackRunning: 0, track->recovering: 0
06-09 00:12:37.006 725 725 D OnStar.OnStarRemoteReflashManager: subscribeRR
06-09 00:12:37.006 725 725 E OnStar.OnStarRemoteReflashService: subscribeRR->Failed to subscribe for RR->Reason :
06-09 00:12:37.006 725 725 E OnStar.OnStarRemoteReflashService: com.gm.server.onstar.connector.OnStarConnectionException: FSA RemoteReflash client is not ready [UNINITIALIZED]
06-09 00:12:37.006 725 725 E OnStar.OnStarRemoteReflashService: at com.gm.server.onstar.connector.FsaTcpConnector.getRemoteReflashClient(FsaTcpConnector.java:2642)
06-09 00:12:37.006 725 725 E OnStar.OnStarRemoteReflashService: at com.gm.server.onstar.connector.FsaTcpConnector.subscribeRR(FsaTcpConnector.java:1635)
06-09 00:12:37.006 725 725 E OnStar.OnStarRemoteReflashService: at com.gm.server.onstar.OnStarRemoteReflashService.subscribeRR(OnStarRemoteReflashService.java:341)
06-09 00:12:37.006 725 725 E OnStar.OnStarRemoteReflashService: at gm.onstar.OnStarRemoteReflashManager.subscribeRR(OnStarRemoteReflashManager.java:386)
06-09 00:12:37.006 725 725 E OnStar.OnStarRemoteReflashService: at com.gm.server.update.packagedepot.TCPMRemoteReflashHandler.initializeRemoteReflash(TCPMRemoteReflashHandler.java:1062)
06-09 00:12:37.006 725 725 E OnStar.OnStarRemoteReflashService: at com.gm.server.update.packagedepot.TCPMRemoteReflashHandler.-wrap31(TCPMRemoteReflashHandler.java)
06-09 00:12:37.006 725 725 E OnStar.OnStarRemoteReflashService: at com.gm.server.update.packagedepot.TCPMRemoteReflashHandler$6.run(TCPMRemoteReflashHandler.java:877)
06-09 00:12:37.006 725 725 E OnStar.OnStarRemoteReflashService: at android.os.Handler.handleCallback(Handler.java:739)
06-09 00:12:37.006 725 725 E OnStar.OnStarRemoteReflashService: at android.os.Handler.dispatchMessage(Handler.java:95)
06-09 00:12:37.006 725 725 E OnStar.OnStarRemoteReflashService: at android.os.Looper.loop(Looper.java:148)
06-09 00:12:37.006 725 725 E OnStar.OnStarRemoteReflashService: at android.app.ActivityThread.main(ActivityThread.java:5417)
06-09 00:12:37.006 725 725 E OnStar.OnStarRemoteReflashService: at java.lang.reflect.Method.invoke(Native Method)
06-09 00:12:37.006 725 725 E OnStar.OnStarRemoteReflashService: at com.android.internal.os.ZygoteInit$MethodAndArgsCaller.run(ZygoteInit.java:759)
06-09 00:12:37.006 725 725 E OnStar.OnStarRemoteReflashService: at com.android.internal.os.ZygoteInit.main(ZygoteInit.java:649)
06-09 00:12:37.006 725 725 E OnStar.OnStarRemoteReflashManager: subscribeRR->Failed to subscibe to RR->gm.onstar.exception.OnStarException: subscribeRR->FSA functions client is not ready
06-09 00:12:37.006 725 725 I UpdateService-TCPMRemoteReflashHandler: initializeRemoteReflash() ... initialized? false
06-09 00:12:37.009 3515 3515 I chatty : uid=2000(shell) app_process expire 83 lines
06-09 00:12:37.018 1110 1340 I customAudioLoopback: writeRadioTrack(): Info: trackPtr: 0xB5A9A008, buffer Ptr: 0xB4E7F880
06-09 00:12:37.018 1110 1340 I customAudioLoopback: writeRadioTrack(): Info: track->trackEnabled: 1, track->audioTrack: 0xB5A9D000, track->trackRunning: 1, track->recovering: 0
06-09 00:12:37.018 1110 1340 I customAudioLoopback: writeRadioTrack(): Info: trackPtr: 0xB5A9A01C, buffer Ptr: 0xB4E7F880
06-09 00:12:37.018 1110 1340 I customAudioLoopback: writeRadioTrack(): Info: track->trackEnabled: 1, track->audioTrack: 0xB5A9D280, track->trackRunning: 0, track->recovering: 0
06-09 00:12:37.022 1831 1883 I VMS-VehicleStateSrvGA: onVehicleDataChange : SignalId32958
06-09 00:12:37.022 1831 1883 I VMS-VehicleStateSrvGA: calling abstraction onChange listener : Abstraction SignalId622
06-09 00:12:37.022 3515 3515 W art : b5a5c000-b5a5d000 r--p 0001e000 b3:06 1200 /system/lib/libRScpp.so
06-09 00:12:37.022 3515 3515 W art : b5a5d000-b5a5e000 rw-p 0001f000 b3:06 1200 /system/lib/libRScpp.so
06-09 00:12:37.022 3515 3515 W art : b5a5e000-b5a9c000 r-xp 00000000 b3:06 1197 /system/lib/libRS.so
06-09 00:12:37.022 3515 3515 W art : b5a9c000-b5a9d000 ---p 00000000 00:00 0
06-09 00:12:37.023 3515 3515 W art : b5a9d000-b5a9f000 r--p 0003e000 b3:06 1197 /system/lib/libRS.so
06-09 00:12:37.023 3515 3515 W art : b5a9f000-b5aa0000 rw-p 00040000 b3:06 1197 /system/lib/libRS.so
06-09 00:12:37.023 3515 3515 W art : b5aa0000-b5aa7000 r-xp 00000000 b3:06 1490 /system/lib/libspeexresampler.so
06-09 00:12:37.023 3515 3515 W art : b5aa7000-b5aa8000 r--p 00006000 b3:06 1490 /system/lib/libspeexresampler.so
06-09 00:12:37.023 3515 3515 W art : b5aa8000-b5aa9000 rw-p 00007000 b3:06 1490 /system/lib/libspeexresampler.so
06-09 00:12:37.023 3515 3515 W art : b5aa9000-b5ab2000 r-xp 00000000 b3:06 1380 /system/lib/libnbaio.so
06-09 00:12:37.023 3515 3515 W art : b5ab2000-b5ab3000 r--p 00008000 b3:06 1380 /system/lib/libnbaio.so
06-09 00:12:37.023 3515 3515 W art : b5ab3000-b5ab4000 rw-p 00009000 b3:06 1380 /system/lib/libnbaio.so
06-09 00:12:37.023 3515 3515 W art : b5ab4000-b5ac6000 r-xp 00000000 b3:06 1448 /system/lib/libpcre.so
06-09 00:12:37.023 3515 3515 W art : b5ac6000-b5ac7000 r--p 00011000 b3:06 1448 /system/lib/libpcre.so
06-09 00:12:37.023 3515 3515 W art : b5ac7000-b5ac8000 rw-p 00012000 b3:06 1448 /system/lib/libpcre.so
06-09 00:12:37.023 3515 3515 W art : b5ac8000-b5aca000 r--p 00000000 00:00 0 [anon:linker_alloc]
06-09 00:12:37.023 3515 3515 W art : b5aca000-b5acf000 r-xp 00000000 b3:06 1597 /system/lib/libwpa_client.so
06-09 00:12:37.023 3515 3515 W art : b5acf000-b5ad0000 r--p 00004000 b3:06 1597 /system/lib/libwpa_client.so
06-09 00:12:37.023 3515 3515 W art : b5ad0000-b5ad1000 rw-p 00005000 b3:06 1597 /system/lib/libwpa_client.so
06-09 00:12:37.023 3515 3515 W art : b5ad1000-b5b3e000 r-xp 00000000 b3:06 1178 /system/lib/libGLES_trace.so
06-09 00:12:37.023 3515 3515 W art : b5b3e000-b5b3f000 ---p 00000000 00:00 0
06-09 00:12:37.023 3515 3515 W art : b5b3f000-b5b41000 r--p 0006d000 b3:06 1178 /system/lib/libGLES_trace.so
06-09 00:12:37.023 3515 3515 W art : b5b41000-b5b42000 rw-p 0006f000 b3:06 1178 /system/lib/libGLES_trace.so
06-09 00:12:37.023 3515 3515 W art : b5b42000-b5ba3000 r-xp 00000000 b3:06 1299 /system/lib/libft2.so
06-09 00:12:37.023 3515 3515 W art : b5ba3000-b5ba5000 r--p 00060000 b3:06 1299 /system/lib/libft2.so
06-09 00:12:37.023 3515 3515 W art : b5ba5000-b5ba6000 rw-p 00062000 b3:06 1299 /system/lib/libft2.so
06-09 00:12:37.023 3515 3515 W art : b5ba6000-b5bcd000 r-xp 00000000 b3:06 1453 /system/lib/libpng.so
06-09 00:12:37.023 3515 3515 W art : b5bcd000-b5bce000 ---p 00000000 00:00 0
06-09 00:12:37.023 3515 3515 W art : b5bce000-b5bcf000 r--p 00027000 b3:06 1453 /system/lib/libpng.so
06-09 00:12:37.023 3515 3515 W art : b5bcf000-b5bd0000 rw-p 00028000 b3:06 1453 /system/lib/libpng.so
06-09 00:12:37.023 3515 3515 W art : b5bd0000-b5bd3000 r-xp 00000000 b3:06 1534 /system/lib/libsync.so
06-09 00:12:37.023 3515 3515 W art : b5bd3000-b5bd4000 r--p 00002000 b3:06 1534 /system/lib/libsync.so
06-09 00:12:37.023 3515 3515 W art : b5bd4000-b5bd5000 rw-p 00003000 b3:06 1534 /system/lib/libsync.so
06-09 00:12:37.024 3515 3515 W art : b5bd5000-b5bda000 r-xp 00000000 b3:06 1529 /system/lib/libstdc++.so
06-09 00:12:37.024 3515 3515 W art : b5bda000-b5bdb000 r--p 00004000 b3:06 1529 /system/lib/libstdc++.so
06-09 00:12:37.024 3515 3515 W art : b5bdb000-b5bdc000 rw-p 00005000 b3:06 1529 /system/lib/libstdc++.so
06-09 00:12:37.024 3515 3515 W art : b5bdc000-b5bec000 r-xp 00000000 b3:06 1551 /system/lib/libunwind.so
06-09 00:12:37.024 3515 3515 W art : b5bec000-b5bed000 r--p 0000f000 b3:06 1551 /system/lib/libunwind.so
06-09 00:12:37.024 3515 3515 W art : b5bed000-b5bee000 rw-p 00010000 b3:06 1551 /system/lib/libunwind.so
06-09 00:12:37.024 3515 3515 W art : b5bee000-b5c34000 rw-p 00000000 00:00 0
06-09 00:12:37.024 3515 3515 W art : b5c34000-b5c3d000 r-xp 00000000 b3:06 1231 /system/lib/libbase.so
06-09 00:12:37.024 3515 3515 W art : b5c3d000-b5c3e000 r--p 00008000 b3:06 1231 /system/lib/libbase.so
06-09 00:12:37.024 3515 3515 W art : b5c3e000-b5c3f000 rw-p 00009000 b3:06 1231 /system/lib/libbase.so
06-09 00:12:37.024 3515 3515 W art : b5c3f000-b5c44000 r-xp 00000000 b3:06 1283 /system/lib/libeffects.so
06-09 00:12:37.024 3515 3515 W art : b5c44000-b5c45000 r--p 00004000 b3:06 1283 /system/lib/libeffects.so
06-09 00:12:37.024 3515 3515 W art : b5c45000-b5c46000 rw-p 00005000 b3:06 1283 /system/lib/libeffects.so
06-09 00:12:37.024 3515 3515 W art : b5c46000-b5c47000 r--p 00000000 00:00 0 [anon:linker_alloc]
06-09 00:12:37.024 3515 3515 W art : b5c47000-b5c4a000 r-xp 00000000 b3:06 1503 /system/lib/libstagefright_http_support.so
06-09 00:12:37.024 3515 3515 W art : b5c4a000-b5c4b000 ---p 00000000 00:00 0
06-09 00:12:37.024 3515 3515 W art : b5c4b000-b5c4c000 r--p 00003000 b3:06 1503 /system/lib/libstagefright_http_support.so
06-09 00:12:37.024 3515 3515 W art : b5c4c000-b5c4d000 rw-p 00004000 b3:06 1503 /system/lib/libstagefright_http_support.so
06-09 00:12:37.024 3515 3515 W art : b5c4d000-b5c65000 r-xp 00000000 b3:06 1502 /system/lib/libstagefright_foundation.so
06-09 00:12:37.024 3515 3515 W art : b5c65000-b5c66000 ---p 00000000 00:00 0
06-09 00:12:37.024 3515 3515 W art : b5c66000-b5c67000 r--p 00018000 b3:06 1502 /system/lib/libstagefright_foundation.so
06-09 00:12:37.024 3515 3515 W art : b5c67000-b5c68000 rw-p 00019000 b3:06 1502 /system/lib/libstagefright_foundation.so
06-09 00:12:37.024 3515 3515 W art : b5c68000-b5db6000 r-xp 00000000 b3:06 1498 /system/lib/libstagefright.so
06-09 00:12:37.024 3515 3515 W art : b5db6000-b5dc2000 r--p 0014d000 b3:06 1498 /system/lib/libstagefright.so
06-09 00:12:37.024 3515 3515 W art : b5dc2000-b5dc3000 rw-p 00159000 b3:06 1498 /system/lib/libstagefright.so
06-09 00:12:37.024 3515 3515 W art : b5dc3000-b5e2e000 r-xp 00000000 b3:06 1331 /system/lib/libhwui.so
06-09 00:12:37.024 3515 3515 W art : b5e2e000-b5e2f000 ---p 00000000 00:00 0
06-09 00:12:37.024 3515 3515 W art : b5e2f000-b5e32000 r--p 0006b000 b3:06 1331 /system/lib/libhwui.so
06-09 00:12:37.025 3515 3515 W art : b5e32000-b5e33000 rw-p 0006e000 b3:06 1331 /system/lib/libhwui.so
06-09 00:12:37.025 3515 3515 W art : b5e33000-b5e36000 r-xp 00000000 b3:06 1461 /system/lib/libradio_metadata.so
06-09 00:12:37.025 3515 3515 W art : b5e36000-b5e37000 r--p 00002000 b3:06 1461 /system/lib/libradio_metadata.so
06-09 00:12:37.025 3515 3515 W art : b5e37000-b5e38000 rw-p 00003000 b3:06 1461 /system/lib/libradio_metadata.so
06-09 00:12:37.025 3515 3515 W art : b5e38000-b5e3c000 r-xp 00000000 b3:06 1376 /system/lib/libnativebridge.so
06-09 00:12:37.025 3515 3515 W art : b5e3c000-b5e3d000 r--p 00003000 b3:06 1376 /system/lib/libnativebridge.so
06-09 00:12:37.025 3515 3515 W art : b5e3d000-b5e3e000 rw-p 00004000 b3:06 1376 /system/lib/libnativebridge.so
06-09 00:12:37.025 3515 3515 W art : b5e3e000-b5e42000 r-xp 00000000 b3:06 1456 /system/lib/libprocessgroup.so
06-09 00:12:37.025 3515 3515 W art : b5e42000-b5e43000 r--p 00003000 b3:06 1456 /system/lib/libprocessgroup.so
06-09 00:12:37.025 3515 3515 W art : b5e43000-b5e44000 rw-p 00004000 b3:06 1456 /system/lib/libprocessgroup.so
06-09 00:12:37.025 3515 3515 W art : b5e44000-b5e52000 r-xp 00000000 b3:06 1371 /system/lib/libminikin.so
06-09 00:12:37.025 3515 3515 W art : b5e52000-b5e53000 ---p 00000000 00:00 0
06-09 00:12:37.025 3515 3515 W art : b5e53000-b5e54000 r--p 0000e000 b3:06 1371 /system/lib/libminikin.so
06-09 00:12:37.025 3515 3515 W art : b5e54000-b5e55000 rw-p 0000f000 b3:06 1371 /system/lib/libminikin.so
06-09 00:12:37.025 3515 3515 W art : b5e55000-b5e5f000 r-xp 00000000 b3:06 1487 /system/lib/libsoundtrigger.so
06-09 00:12:37.025 3515 3515 W art : b5e5f000-b5e62000 r--p 00009000 b3:06 1487 /system/lib/libsoundtrigger.so
06-09 00:12:37.025 3515 3515 W art : b5e62000-b5e63000 rw-p 0000c000 b3:06 1487 /system/lib/libsoundtrigger.so
06-09 00:12:37.025 3515 3515 W art : b5e63000-b5e64000 r--p 00000000 00:00 0 [anon:linker_alloc]
06-09 00:12:37.025 3515 3515 W art : b5e64000-b5e6e000 r-xp 00000000 b3:06 1460 /system/lib/libradio.so
06-09 00:12:37.025 3515 3515 W art : b5e6e000-b5e71000 r--p 00009000 b3:06 1460 /system/lib/libradio.so
06-09 00:12:37.025 3515 3515 W art : b5e71000-b5e72000 rw-p 0000c000 b3:06 1460 /system/lib/libradio.so
06-09 00:12:37.025 3515 3515 W art : b5e72000-b5e76000 r-xp 00000000 b3:06 1429 /system/lib/libnetd_client.so
06-09 00:12:37.025 3515 3515 W art : b5e76000-b5e77000 r--p 00003000 b3:06 1429 /system/lib/libnetd_client.so
06-09 00:12:37.025 3515 3515 W art : b5e77000-b5e78000 rw-p 00004000 b3:06 1429 /system/lib/libnetd_client.so
06-09 00:12:37.026 3515 3515 W art : b5e78000-b5e86000 r-xp 00000000 b3:06 1335 /system/lib/libimg_utils.so
06-09 00:12:37.026 3515 3515 W art : b5e86000-b5e88000 r--p 0000d000 b3:06 1335 /system/lib/libimg_utils.so
06-09 00:12:37.026 3515 3515 W art : b5e88000-b5e89000 rw-p 0000f000 b3:06 1335 /system/lib/libimg_utils.so
06-09 00:12:37.026 3515 3515 W art : b5e89000-b629b000 r-xp 00000000 b3:06 1449 /system/lib/libpdfium.so
06-09 00:12:37.026 3515 3515 W art : b629b000-b629c000 ---p 00000000 00:00 0
06-09 00:12:37.026 3515 3515 W art : b629c000-b62a5000 r--p 00412000 b3:06 1449 /system/lib/libpdfium.so
06-09 00:12:37.026 3515 3515 W art : b62a5000-b62a9000 rw-p 0041b000 b3:06 1449 /system/lib/libpdfium.so
06-09 00:12:37.026 3515 3515 W art : b62a9000-b62aa000 rw-p 00000000 00:00 0
06-09 00:12:37.026 3515 3515 W art : b62aa000-b62b1000 r-xp 00000000 b3:06 1227 /system/lib/libaudioutils.so
06-09 00:12:37.026 3515 3515 W art : b62b1000-b62b2000 r--p 00006000 b3:06 1227 /system/lib/libaudioutils.so
06-09 00:12:37.026 3515 3515 W art : b62b2000-b62b3000 rw-p 00007000 b3:06 1227 /system/lib/libaudioutils.so
06-09 00:12:37.026 3515 3515 W art : b62b3000-b62ce000 r-xp 00000000 b3:06 1599 /system/lib/libz.so
06-09 00:12:37.026 3515 3515 W art : b62ce000-b62cf000 r--p 0001a000 b3:06 1599 /system/lib/libz.so
06-09 00:12:37.026 3515 3515 W art : b62cf000-b62d0000 rw-p 0001b000 b3:06 1599 /system/lib/libz.so
06-09 00:12:37.026 3515 3515 W art : b62d0000-b62d1000 rw-p 00000000 00:00 0 [anon:linker_alloc]
06-09 00:12:37.026 3515 3515 W art : b62d1000-b631d000 r-xp 00000000 b3:06 1327 /system/lib/libharfbuzz_ng.so
06-09 00:12:37.026 3515 3515 W art : b631d000-b631e000 r--p 0004b000 b3:06 1327 /system/lib/libharfbuzz_ng.so
06-09 00:12:37.026 3515 3515 W art : b631e000-b631f000 rw-p 0004c000 b3:06 1327 /system/lib/libharfbuzz_ng.so
06-09 00:12:37.026 3515 3515 W art : b631f000-b6323000 r-xp 00000000 b3:06 1555 /system/lib/libusbhost.so
06-09 00:12:37.026 3515 3515 W art : b6323000-b6324000 ---p 00000000 00:00 0
06-09 00:12:37.026 3515 3515 W art : b6324000-b6325000 r--p 00004000 b3:06 1555 /system/lib/libusbhost.so
06-09 00:12:37.026 3515 3515 W art : b6325000-b6326000 rw-p 00005000 b3:06 1555 /system/lib/libusbhost.so
06-09 00:12:37.026 3515 3515 W art : b6326000-b635e000 r-xp 00000000 b3:06 1353 /system/lib/libjpeg.so
06-09 00:12:37.027 3515 3515 W art : b635e000-b635f000 r--p 00037000 b3:06 1353 /system/lib/libjpeg.so
06-09 00:12:37.027 3515 3515 W art : b635f000-b6360000 rw-p 00038000 b3:06 1353 /system/lib/libjpeg.so
06-09 00:12:37.027 3515 3515 W art : b6360000-b6361000 r--p 00000000 00:00 0 [anon:linker_alloc]
06-09 00:12:37.027 3515 3515 W art : b6361000-b63f5000 r-xp 00000000 b3:06 1364 /system/lib/libmedia.so
06-09 00:12:37.027 3515 3515 W art : b63f5000-b6411000 r--p 00093000 b3:06 1364 /system/lib/libmedia.so
06-09 00:12:37.027 3515 3515 W art : b6411000-b6412000 rw-p 000af000 b3:06 1364 /system/lib/libmedia.so
06-09 00:12:37.027 3515 3515 W art : b6412000-b6585000 r-xp 00000000 b3:06 1333 /system/lib/libicui18n.so
06-09 00:12:37.027 3515 3515 W art : b6585000-b6590000 r--p 00172000 b3:06 1333 /system/lib/libicui18n.so
06-09 00:12:37.027 3515 3515 W art : b6590000-b6591000 rw-p 0017d000 b3:06 1333 /system/lib/libicui18n.so
06-09 00:12:37.027 3515 3515 W art : b6591000-b66a8000 r-xp 00000000 b3:06 1334 /system/lib/libicuuc.so
06-09 00:12:37.027 3515 3515 W art : b66a8000-b66b3000 r--p 00116000 b3:06 1334 /system/lib/libicuuc.so
06-09 00:12:37.027 3515 3515 W art : b66b3000-b66b4000 rw-p 00121000 b3:06 1334 /system/lib/libicuuc.so
06-09 00:12:37.027 3515 3515 W art : b66b4000-b66b8000 rw-p 00000000 00:00 0
06-09 00:12:37.027 3515 3515 W art : b66b8000-b66db000 r-xp 00000000 b3:06 1497 /system/lib/libssl.so
06-09 00:12:37.027 3515 3515 W art : b66db000-b66dd000 r--p 00022000 b3:06 1497 /system/lib/libssl.so
06-09 00:12:37.027 3515 3515 W art : b66dd000-b66de000 rw-p 00024000 b3:06 1497 /system/lib/libssl.so
06-09 00:12:37.027 3515 3515 W art : b66de000-b676e000 r-xp 00000000 b3:06 1253 /system/lib/libcrypto.so
06-09 00:12:37.027 3515 3515 W art : b676e000-b676f000 ---p 00000000 00:00 0
06-09 00:12:37.027 3515 3515 W art : b676f000-b677a000 r--p 00090000 b3:06 1253 /system/lib/libcrypto.so
06-09 00:12:37.027 3515 3515 W art : b677a000-b677b000 rw-p 0009b000 b3:06 1253 /system/lib/libcrypto.so
06-09 00:12:37.027 3515 3515 W art : b677b000-b67ce000 r-xp 00000000 b3:06 1485 /system/lib/libsonivox.so
06-09 00:12:37.027 3515 3515 W art : b67ce000-b67cf000 r--p 00052000 b3:06 1485 /system/lib/libsonivox.so
06-09 00:12:37.027 3515 3515 W art : b67cf000-b67d0000 rw-p 00053000 b3:06 1485 /system/lib/libsonivox.so
06-09 00:12:37.027 3515 3515 W art : b67d0000-b67d5000 rw-p 00000000 00:00 0
06-09 00:12:37.027 3515 3515 W art : b67d5000-b67e3000 r-xp 00000000 b3:06 1475 /system/lib/libselinux.so
06-09 00:12:37.027 3515 3515 W art : b67e3000-b67e4000 ---p 00000000 00:00 0
06-09 00:12:37.027 3515 3515 W art : b67e4000-b67e5000 r--p 0000e000 b3:06 1475 /system/lib/libselinux.so
06-09 00:12:37.028 3515 3515 W art : b67e5000-b67e6000 rw-p 0000f000 b3:06 1475 /system/lib/libselinux.so
06-09 00:12:37.028 3515 3515 W art : b67e6000-b67ed000 r-xp 00000000 b3:06 1326 /system/lib/libhardware_legacy.so
06-09 00:12:37.028 3515 3515 W art : b67ed000-b67ee000 r--p 00006000 b3:06 1326 /system/lib/libhardware_legacy.so
06-09 00:12:37.028 3515 3515 W art : b67ee000-b67ef000 rw-p 00007000 b3:06 1326 /system/lib/libhardware_legacy.so
06-09 00:12:37.028 3515 3515 W art : b67ef000-b67f0000 rw-p 00000000 00:00 0
06-09 00:12:37.028 3515 3515 W art : b67f0000-b67f3000 r-xp 00000000 b3:06 1325 /system/lib/libhardware.so
06-09 00:12:37.028 3515 3515 W art : b67f3000-b67f4000 r--p 00002000 b3:06 1325 /system/lib/libhardware.so
06-09 00:12:37.028 3515 3515 W art : b67f4000-b67f5000 rw-p 00003000 b3:06 1325 /system/lib/libhardware.so
06-09 00:12:37.028 3515 3515 W art : b67f5000-b67f9000 r-xp 00000000 b3:06 1176 /system/lib/libETC1.so
06-09 00:12:37.028 3515 3515 W art : b67f9000-b67fa000 r--p 00003000 b3:06 1176 /system/lib/libETC1.so
06-09 00:12:37.028 3515 3515 W art : b67fa000-b67fb000 rw-p 00004000 b3:06 1176 /system/lib/libETC1.so
06-09 00:12:37.028 3515 3515 W art : b67fb000-b6808000 r-xp 00000000 b3:06 1180 /system/lib/libGLESv2.so
06-09 00:12:37.028 3515 3515 W art : b6808000-b6809000 r--p 0000c000 b3:06 1180 /system/lib/libGLESv2.so
06-09 00:12:37.028 3515 3515 W art : b6809000-b680a000 rw-p 0000d000 b3:06 1180 /system/lib/libGLESv2.so
06-09 00:12:37.028 3515 3515 W art : b680a000-b6812000 r-xp 00000000 b3:06 1179 /system/lib/libGLESv1_CM.so
06-09 00:12:37.028 3515 3515 W art : b6812000-b6813000 r--p 00007000 b3:06 1179 /system/lib/libGLESv1_CM.so
06-09 00:12:37.028 3515 3515 W art : b6813000-b6814000 rw-p 00008000 b3:06 1179 /system/lib/libGLESv1_CM.so
06-09 00:12:37.028 3515 3515 W art : b6814000-b6870000 r-xp 00000000 b3:06 1175 /system/lib/libEGL.so
06-09 00:12:37.028 3515 3515 W art : b6870000-b6871000 ---p 00000000 00:00 0
06-09 00:12:37.028 3515 3515 W art : b6871000-b6873000 r--p 0005c000 b3:06 1175 /system/lib/libEGL.so
06-09 00:12:37.028 3515 3515 W art : b6873000-b687c000 rw-p 0005e000 b3:06 1175 /system/lib/libEGL.so
06-09 00:12:37.028 3515 3515 W art : b687c000-b687f000 rw-p 00000000 00:00 0
06-09 00:12:37.028 3515 3515 W art : b687f000-b68e1000 r-xp 00000000 b3:06 1491 /system/lib/libsqlite.so
06-09 00:12:37.028 3515 3515 W art : b68e1000-b68e3000 r--p 00061000 b3:06 1491 /system/lib/libsqlite.so
06-09 00:12:37.028 3515 3515 W art : b68e3000-b68e4000 rw-p 00063000 b3:06 1491 /system/lib/libsqlite.so
06-09 00:12:37.028 3515 3515 W art : b68e4000-b68e5000 rw-p 00000000 00:00 0
06-09 00:12:37.028 3515 3515 W art : b68e5000-b6b36000 r-xp 00000000 b3:06 1481 /system/lib/libskia.so
06-09 00:12:37.028 3515 3515 W art : b6b36000-b6b37000 ---p 00000000 00:00 0
06-09 00:12:37.028 3515 3515 W art : b6b37000-b6b51000 r--p 00251000 b3:06 1481 /system/lib/libskia.so
06-09 00:12:37.028 3515 3515 W art : b6b51000-b6b53000 rw-p 0026b000 b3:06 1481 /system/lib/libskia.so
