06-09 00:13:00.127 1110 1340 I customAudioLoopback: writeRadioTrack(): Info: trackPtr: 0xB5A9A008, buffer Ptr: 0xB4E7F880
06-09 00:13:00.127 1110 1340 I customAudioLoopback: writeRadioTrack(): Info: track->trackEnabled: 1, track->audioTrack: 0xB5A9D000, track->trackRunning: 1, track->recovering: 0
06-09 00:13:00.127 1110 1340 I customAudioLoopback: writeRadioTrack(): Info: trackPtr: 0xB5A9A01C, buffer Ptr: 0xB4E7F880
06-09 00:13:00.127 1110 1340 I customAudioLoopback: writeRadioTrack(): Info: track->trackEnabled: 1, track->audioTrack: 0xB5A9D280, track->trackRunning: 0, track->recovering: 0
06-09 00:13:00.148 1110 1340 I customAudioLoopback: writeRadioTrack(): Info: trackPtr: 0xB5A9A008, buffer Ptr: 0xB4E7F880
06-09 00:13:00.148 1110 1340 I customAudioLoopback: writeRadioTrack(): Info: track->trackEnabled: 1, track->audioTrack: 0xB5A9D000, track->trackRunning: 1, track->recovering: 0
06-09 00:13:00.148 1110 1340 I customAudioLoopback: writeRadioTrack(): Info: trackPtr: 0xB5A9A01C, buffer Ptr: 0xB4E7F880
06-09 00:13:00.148 1110 1340 I customAudioLoopback: writeRadioTrack(): Info: track->trackEnabled: 1, track->audioTrack: 0xB5A9D280, track->trackRunning: 0, track->recovering: 0
06-09 00:13:00.170 1110 1340 I customAudioLoopback: writeRadioTrack(): Info: trackPtr: 0xB5A9A008, buffer Ptr: 0xB4E7F880
06-09 00:13:00.170 1110 1340 I customAudioLoopback: writeRadioTrack(): Info: track->trackEnabled: 1, track->audioTrack: 0xB5A9D000, track->trackRunning: 1, track->recovering: 0
06-09 00:13:00.170 1110 1340 I customAudioLoopback: writeRadioTrack(): Info: trackPtr: 0xB5A9A01C, buffer Ptr: 0xB4E7F880
06-09 00:13:00.170 1110 1340 I customAudioLoopback: writeRadioTrack(): Info: track->trackEnabled: 1, track->audioTrack: 0xB5A9D280, track->trackRunning: 0, track->recovering: 0
06-09 00:13:00.190 1110 1340 I customAudioLoopback: writeRadioTrack(): Info: trackPtr: 0xB5A9A008, buffer Ptr: 0xB4E7F880
06-09 00:13:00.190 1110 1340 I customAudioLoopback: writeRadioTrack(): Info: track->trackEnabled: 1, track->audioTrack: 0xB5A9D000, track->trackRunning: 1, track->recovering: 0
06-09 00:13:00.190 1110 1340 I customAudioLoopback: writeRadioTrack(): Info: trackPtr: 0xB5A9A01C, buffer Ptr: 0xB4E7F880
06-09 00:13:00.190 1110 1340 I customAudioLoopback: writeRadioTrack(): Info: track->trackEnabled: 1, track->audioTrack: 0xB5A9D280, track->trackRunning: 0, track->recovering: 0
06-09 00:13:00.197 405 857 D WifiNative-wlan0: doBoolean: SET pno 0
06-09 00:13:00.197 1307 1307 D wpa_supplicant: wlan0: Control interface command 'SET pno 0'
06-09 00:13:00.197 1307 1307 D wpa_supplicant: CTRL_IFACE SET 'pno'='0'
06-09 00:13:00.197 1307 1307 D wpa_supplicant: CTRL-DEBUG: global_ctrl_sock-sendto: sock=11 sndbuf=163840 outq=0 send_len=3
06-09 00:13:00.197 405 857 D WifiNative-wlan0: SET pno 0: returned true
06-09 00:13:00.197 405 857 D WifiNative-wlan0: doBoolean: SCAN TYPE=ONLY
06-09 00:13:00.197 1307 1307 D wpa_supplicant: wlan0: Control interface command 'SCAN TYPE=ONLY'
06-09 00:13:00.197 1307 1307 D wpa_supplicant: wlan0: Setting scan request: 0.000000 sec
06-09 00:13:00.197 1307 1307 D wpa_supplicant: CTRL-DEBUG: global_ctrl_sock-sendto: sock=11 sndbuf=163840 outq=0 send_len=3
06-09 00:13:00.198 1307 1307 D wpa_supplicant: wlan0: Starting AP scan for wildcard SSID
06-09 00:13:00.198 1307 1307 D wpa_supplicant: WPS: Building WPS IE for Probe Request
06-09 00:13:00.198 1307 1307 D wpa_supplicant: WPS: * Version (hardcoded 0x10)
06-09 00:13:00.198 1307 1307 D wpa_supplicant: WPS: * Request Type
06-09 00:13:00.198 1307 1307 D wpa_supplicant: WPS: * Config Methods (4288)
06-09 00:13:00.198 1307 1307 D wpa_supplicant: WPS: * UUID-E
06-09 00:13:00.198 1307 1307 D wpa_supplicant: WPS: * Primary Device Type
06-09 00:13:00.198 1307 1307 D wpa_supplicant: WPS: * RF Bands (3)
06-09 00:13:00.198 1307 1307 D wpa_supplicant: WPS: * Association State
06-09 00:13:00.198 1307 1307 D wpa_supplicant: WPS: * Configuration Error (0)
06-09 00:13:00.198 1307 1307 D wpa_supplicant: WPS: * Device Password ID (0)
06-09 00:13:00.198 1307 1307 D wpa_supplicant: WPS: * Manufacturer
06-09 00:13:00.198 1307 1307 D wpa_supplicant: WPS: * Model Name
06-09 00:13:00.198 1307 1307 D wpa_supplicant: WPS: * Model Number
06-09 00:13:00.198 1307 1307 D wpa_supplicant: WPS: * Device Name
06-09 00:13:00.198 1307 1307 D wpa_supplicant: WPS: * Version2 (0x20)
06-09 00:13:00.198 1307 1307 D wpa_supplicant: P2P: * P2P IE header
06-09 00:13:00.198 1307 1307 D wpa_supplicant: P2P: * Capability dev=25 group=00
06-09 00:13:00.198 1307 1307 D wpa_supplicant: P2P: * Listen Channel: Regulatory Class 81 Channel 1
06-09 00:13:00.198 1307 1307 D wpa_supplicant: wlan0: Add radio work 'scan'@0xb6acb1b0
06-09 00:13:00.198 1307 1307 D wpa_supplicant: wlan0: First radio work item in the queue - schedule start immediately
06-09 00:13:00.198 1307 1307 D wpa_supplicant: wlan0: Starting radio work 'scan'@0xb6acb1b0 after 0.000064 second wait
06-09 00:13:00.198 1307 1307 D wpa_supplicant: wlan0: nl80211: scan request
06-09 00:13:00.198 1307 1307 D wpa_supplicant: nl80211: Scan SSID - hexdump(len=0): [NULL]
06-09 00:13:00.198 1307 1307 D wpa_supplicant: nl80211: Scan extra IEs - hexdump(len=160): 7f 04 00 00 0a 02 dd 85 00 50 f2 04 10 4a 00 01 10 10 3a 00 01 00 10 08 00 02 42 88 10 47 00 10 ...
06-09 00:13:00.198 405 857 D WifiNative-wlan0: SCAN TYPE=ONLY: returned true
06-09 00:13:00.222 1110 1340 I customAudioLoopback: writeRadioTrack(): Info: trackPtr: 0xB5A9A008, buffer Ptr: 0xB4E7F880
06-09 00:13:00.223 1110 1340 I customAudioLoopback: writeRadioTrack(): Info: track->trackEnabled: 1, track->audioTrack: 0xB5A9D000, track->trackRunning: 1, track->recovering: 0
06-09 00:13:00.223 1110 1340 I customAudioLoopback: writeRadioTrack(): Info: trackPtr: 0xB5A9A01C, buffer Ptr: 0xB4E7F880
06-09 00:13:00.223 1110 1340 I customAudioLoopback: writeRadioTrack(): Info: track->trackEnabled: 1, track->audioTrack: 0xB5A9D280, track->trackRunning: 0, track->recovering: 0
06-09 00:13:00.233 1110 1340 I customAudioLoopback: writeRadioTrack(): Info: trackPtr: 0xB5A9A008, buffer Ptr: 0xB4E7F880
06-09 00:13:00.233 1110 1340 I customAudioLoopback: writeRadioTrack(): Info: track->trackEnabled: 1, track->audioTrack: 0xB5A9D000, track->trackRunning: 1, track->recovering: 0
06-09 00:13:00.233 1110 1340 I customAudioLoopback: writeRadioTrack(): Info: trackPtr: 0xB5A9A01C, buffer Ptr: 0xB4E7F880
06-09 00:13:00.233 1110 1340 I customAudioLoopback: writeRadioTrack(): Info: track->trackEnabled: 1, track->audioTrack: 0xB5A9D280, track->trackRunning: 0, track->recovering: 0
06-09 00:13:00.236 405 532 V BackupManagerService: restoreAtInstall pkg=com.android.cts.net.hostside token=4 restoreSet=0
06-09 00:13:00.236 405 532 V BackupManagerService: Finishing install immediately
06-09 00:13:00.237 725 843 I FSANetCommsClient: FSA: caught ioexception during InitializeSocket(): java.net.ConnectException: failed to connect to /192.168.1.102 (port 9012): connect failed: EHOSTUNREACH (No route to host)
06-09 00:13:00.237 2341 2389 I FSANetCommsClient: FSA: caught ioexception during InitializeSocket(): java.net.ConnectException: failed to connect to /192.168.1.102 (port 9010): connect failed: EHOSTUNREACH (No route to host)
06-09 00:13:00.237 725 841 I FSANetCommsClient: FSA: caught ioexception during InitializeSocket(): java.net.ConnectException: failed to connect to /192.168.1.102 (port 9005): connect failed: EHOSTUNREACH (No route to host)
06-09 00:13:00.255 1110 1340 I customAudioLoopback: writeRadioTrack(): Info: trackPtr: 0xB5A9A008, buffer Ptr: 0xB4E7F880
06-09 00:13:00.255 1110 1340 I customAudioLoopback: writeRadioTrack(): Info: track->trackEnabled: 1, track->audioTrack: 0xB5A9D000, track->trackRunning: 1, track->recovering: 0
06-09 00:13:00.255 1110 1340 I customAudioLoopback: writeRadioTrack(): Info: trackPtr: 0xB5A9A01C, buffer Ptr: 0xB4E7F880
06-09 00:13:00.255 1110 1340 I customAudioLoopback: writeRadioTrack(): Info: track->trackEnabled: 1, track->audioTrack: 0xB5A9D280, track->trackRunning: 0, track->recovering: 0
06-09 00:13:00.260 405 532 W Settings: Setting install_non_market_apps has moved from android.provider.Settings.Global to android.provider.Settings.Secure, returning read-only value.
06-09 00:13:00.260 405 532 I art : Starting a blocking GC Explicit
06-09 00:13:00.276 1110 1340 I customAudioLoopback: writeRadioTrack(): Info: trackPtr: 0xB5A9A008, buffer Ptr: 0xB4E7F880
06-09 00:13:00.276 1110 1340 I customAudioLoopback: writeRadioTrack(): Info: track->trackEnabled: 1, track->audioTrack: 0xB5A9D000, track->trackRunning: 1, track->recovering: 0
06-09 00:13:00.276 1110 1340 I customAudioLoopback: writeRadioTrack(): Info: trackPtr: 0xB5A9A01C, buffer Ptr: 0xB4E7F880
06-09 00:13:00.276 1110 1340 I customAudioLoopback: writeRadioTrack(): Info: track->trackEnabled: 1, track->audioTrack: 0xB5A9D280, track->trackRunning: 0, track->recovering: 0
06-09 00:13:00.290 405 532 I art : Explicit concurrent mark sweep GC freed 34107(1937KB) AllocSpace objects, 10(192KB) LOS objects, 33% free, 7MB/10MB, paused 669us total 28.907ms
06-09 00:13:00.298 1110 1340 I customAudioLoopback: writeRadioTrack(): Info: trackPtr: 0xB5A9A008, buffer Ptr: 0xB4E7F880
06-09 00:13:00.298 1110 1340 I customAudioLoopback: writeRadioTrack(): Info: track->trackEnabled: 1, track->audioTrack: 0xB5A9D000, track->trackRunning: 1, track->recovering: 0
06-09 00:13:00.298 1110 1340 I customAudioLoopback: writeRadioTrack(): Info: trackPtr: 0xB5A9A01C, buffer Ptr: 0xB4E7F880
06-09 00:13:00.298 1110 1340 I customAudioLoopback: writeRadioTrack(): Info: track->trackEnabled: 1, track->audioTrack: 0xB5A9D280, track->trackRunning: 0, track->recovering: 0
06-09 00:13:00.300 3914 3914 I art : System.exit called, status: 0
06-09 00:13:00.301 3914 3914 I AndroidRuntime: VM exiting with result code 0.
06-09 00:13:00.306 1307 1307 D wpa_supplicant: Scan requested (ret=0) - scan timeout 30 seconds
06-09 00:13:00.306 1307 1307 D wpa_supplicant: nl80211: Event message available
06-09 00:13:00.306 1307 1307 D wpa_supplicant: nl80211: Ignored event (cmd=33) for foreign interface (ifindex 6 wdev 0x0)
06-09 00:13:00.306 1307 1307 I wpa_supplicant: nl80211: Drv Event 33 (NL80211_CMD_TRIGGER_SCAN) received for wlan0
06-09 00:13:00.306 1307 1307 D wpa_supplicant: wlan0: nl80211: Scan trigger
06-09 00:13:00.306 1307 1307 I wpa_supplicant: wlan0: Event SCAN_STARTED (47) received
06-09 00:13:00.306 1307 1307 D wpa_supplicant: CTRL-DEBUG: ctrl_sock-sendmsg: sock=11 sndbuf=163840 outq=0 send_len=32
06-09 00:13:00.306 1307 1307 D wpa_supplicant: CTRL_IFACE monitor sent successfully to /data/misc/wifi/sockets/wpa_ctrl_405-2\x00
06-09 00:13:00.306 1307 1307 D wpa_supplicant: wlan0: Own scan request started a scan in 0.000237 seconds
06-09 00:13:00.306 1307 1307 D wpa_supplicant: CTRL-DEBUG: ctrl_sock-sendmsg: sock=11 sndbuf=163840 outq=448 send_len=24
06-09 00:13:00.306 1307 1307 D wpa_supplicant: CTRL_IFACE monitor sent successfully to /data/misc/wifi/sockets/wpa_ctrl_405-2\x00
06-09 00:13:00.306 405 1412 D WifiMonitor: Event [IFNAME=wlan0 Event SCAN_STARTED (47) received]
06-09 00:13:00.306 405 1412 E WifiMonitor: WifiMonitor:wlan0 cnt=248 dispatchEvent: Event SCAN_STARTED (47) received
06-09 00:13:00.306 405 1412 W WifiMonitor: couldn't identify event type - Event SCAN_STARTED (47) received
06-09 00:13:00.306 405 1412 D WifiMonitor: Event [IFNAME=wlan0 CTRL-EVENT-SCAN-STARTED ]
06-09 00:13:00.307 405 1412 E WifiMonitor: WifiMonitor:wlan0 cnt=249 dispatchEvent: CTRL-EVENT-SCAN-STARTED
06-09 00:13:00.307 405 1412 E WifiMonitor: handleEvent 14 CTRL-EVENT-SCAN-STARTED
06-09 00:13:00.307 405 1412 E WifiMonitor: handleEvent unknown: 14 CTRL-EVENT-SCAN-STARTED
06-09 00:13:00.307 725 725 W ContextImpl: Calling a method in the system process without a qualified user: android.app.ContextImpl.sendBroadcast:763 android.content.ContextWrapper.sendBroadcast:396 com.gm.server.uissappservicestarter.UissAppServiceStarterService.sendRegisterBroadcast:287 com.gm.server.uissappservicestarter.UissAppServiceStarterService.-wrap0:-1 com.gm.server.uissappservicestarter.UissAppServiceStarterService$2.onReceive:257
06-09 00:13:00.309 725 1681 D UISpeechService: "Signal APP_CHANGED params - > {}"
06-09 00:13:00.309 725 1068 D UISpeechService: "CSpeechServiceMainThreadQueue WorkerQueue: Method: Signal Name = APP_CHANGED"
06-09 00:13:00.309 725 1068 D UISpeechService: "processJSONSignal>> VRAvailableState Status = 1, Reason = AVAILABLE and ShutDown = 0"
06-09 00:13:00.309 725 1068 I UISpeechService: CSpeechServiceController::sendEvent()
06-09 00:13:00.309 725 1068 I UISpeechService: CSpeechSysCallDispatcher::sendEvent()
06-09 00:13:00.309 725 1068 D UISpeechService: "<-- EVNT GDM NAME=APP_CHANGED;"
06-09 00:13:00.318 1110 1340 I customAudioLoopback: writeRadioTrack(): Info: trackPtr: 0xB5A9A008, buffer Ptr: 0xB4E7F880
06-09 00:13:00.318 1110 1340 I customAudioLoopback: writeRadioTrack(): Info: track->trackEnabled: 1, track->audioTrack: 0xB5A9D000, track->trackRunning: 1, track->recovering: 0
06-09 00:13:00.318 1110 1340 I customAudioLoopback: writeRadioTrack(): Info: trackPtr: 0xB5A9A01C, buffer Ptr: 0xB4E7F880
06-09 00:13:00.318 405 717 I InputReader: Reconfiguring input devices. changes=0x00000010
06-09 00:13:00.318 1110 1340 I customAudioLoopback: writeRadioTrack(): Info: track->trackEnabled: 1, track->audioTrack: 0xB5A9D280, track->trackRunning: 0, track->recovering: 0
06-09 00:13:00.320 3618 3822 D Documents: Update found 7 roots in 11ms
06-09 00:13:00.322 1903 1903 D CarrierServiceBindHelper: Receive action: android.intent.action.PACKAGE_ADDED
06-09 00:13:00.323 1903 1903 D CarrierServiceBindHelper: mHandler: 3
06-09 00:13:00.323 1903 1903 D CarrierConfigLoader: mHandler: 9 phoneId: 0
06-09 00:13:00.327 725 1198 D UISpeechService: "Signal SPEECH_DEPENDENT_APP_REGISTERED params - > {"params":"com.xxxxxx.bluetooth"}"
06-09 00:13:00.327 725 1068 D UISpeechService: "CSpeechServiceMainThreadQueue WorkerQueue: Method: Signal Name = SPEECH_DEPENDENT_APP_REGISTERED"
06-09 00:13:00.327 725 1068 D UISpeechService: "processJSONSignal>> VRAvailableState Status = 1, Reason = AVAILABLE and ShutDown = 0"
06-09 00:13:00.327 725 1068 I UISpeechService: CSpeechSysCallDispatcher::sendEvent()
06-09 00:13:00.327 725 1068 D UISpeechService: "<-- EVNT GDM NAME=PHONE_PAIREDPHONES_CHANGED;"
06-09 00:13:00.328 725 1422 D UISpeechService: "--> CALL GDM:502 System_LogMessage log_string='Pushed to main event queue ';"
06-09 00:13:00.328 725 1422 D UISpeechService: "interpreting call System_LogMessage"
06-09 00:13:00.328 725 1422 D UISpeechService: "LogMessage is Pushed to main event queue "
06-09 00:13:00.328 725 1422 D UISpeechService: "<-- RESP GDM:502 System_LogMessage system_logmessage_result=SYSTEM_RESULT_OK;"
06-09 00:13:00.329 725 1422 D UISpeechService: "--> CALL GDM:503 System_LogMessage log_string='Pushed to main event queue ';"
06-09 00:13:00.329 725 1422 D UISpeechService: "interpreting call System_LogMessage"
06-09 00:13:00.329 725 1422 D UISpeechService: "LogMessage is Pushed to main event queue "
06-09 00:13:00.329 725 1422 D UISpeechService: "<-- RESP GDM:503 System_LogMessage system_logmessage_result=SYSTEM_RESULT_OK;"
06-09 00:13:00.336 725 1683 D UISpeechService: "Signal SPEECH_DEPENDENT_APP_REGISTERED params - > {"params":"com.gm.phonebookservice"}"
06-09 00:13:00.337 725 1068 D UISpeechService: "CSpeechServiceMainThreadQueue WorkerQueue: Method: Signal Name = SPEECH_DEPENDENT_APP_REGISTERED"
06-09 00:13:00.337 725 1068 D UISpeechService: "processJSONSignal>> VRAvailableState Status = 1, Reason = AVAILABLE and ShutDown = 0"
06-09 00:13:00.337 725 843 I FSAClient: FSA: could not connect to server 192.168.1.102:9012, retrying
06-09 00:13:00.337 2341 2389 I FSAClient: FSA: could not connect to server 192.168.1.102:9010, retrying
06-09 00:13:00.337 725 843 I FSANetCommsClient: FSA: intializing client tcp socket, ip:port is 192.168.1.102:9012
06-09 00:13:00.338 2341 2389 I FSANetCommsClient: FSA: intializing client tcp socket, ip:port is 192.168.1.102:9010
06-09 00:13:00.338 725 841 I FSAClient: FSA: could not connect to server 192.168.1.102:9005, retrying
06-09 00:13:00.338 725 841 I FSANetCommsClient: FSA: intializing client tcp socket, ip:port is 192.168.1.102:9005
06-09 00:13:00.338 725 1167 D UISpeechService: "Signal SPEECH_DEPENDENT_APP_REGISTERED params - > {"params":"com.gm.settings"}"
06-09 00:13:00.338 725 1068 D UISpeechService: "CSpeechServiceMainThreadQueue WorkerQueue: Method: Signal Name = SPEECH_DEPENDENT_APP_REGISTERED"
06-09 00:13:00.339 725 1068 D UISpeechService: "processJSONSignal>> VRAvailableState Status = 1, Reason = AVAILABLE and ShutDown = 0"
06-09 00:13:00.339 725 1068 I UISpeechService: CSpeechSysCallDispatcher::sendEvent()
06-09 00:13:00.339 725 1068 D UISpeechService: "<-- EVNT GDM NAME=CHANGE_USER_SETTINGS;"
06-09 00:13:00.339 725 1068 D UISpeechService: "sendSVCIPCAsyncInvoke>> Method = getUserPrivacySettings, Busname = SpeechHelpService, Objectpath = SpeechHelpService, Params = []"
06-09 00:13:00.340 1110 1340 I customAudioLoopback: writeRadioTrack(): Info: trackPtr: 0xB5A9A008, buffer Ptr: 0xB4E7F880
06-09 00:13:00.340 1110 1340 I customAudioLoopback: writeRadioTrack(): Info: track->trackEnabled: 1, track->audioTrack: 0xB5A9D000, track->trackRunning: 1, track->recovering: 0
06-09 00:13:00.340 1110 1340 I customAudioLoopback: writeRadioTrack(): Info: trackPtr: 0xB5A9A01C, buffer Ptr: 0xB4E7F880
06-09 00:13:00.340 1110 1340 I customAudioLoopback: writeRadioTrack(): Info: track->trackEnabled: 1, track->audioTrack: 0xB5A9D280, track->trackRunning: 0, track->recovering: 0
06-09 00:13:00.341 725 1069 D UISpeechService: "invokeSendApiRequestToJava>> MethodResult = {"code":0,"description":"Invoked","params":""}"
06-09 00:13:00.341 725 2426 D UISpeechService: "onAsyncInoveResult {"voiceRecDataSharingStatus":true,"getUserPrivacySettingsResp":0}"
06-09 00:13:00.341 725 1068 D UISpeechService: "CSpeechServiceMainThreadQueue WorkerQueue: Method: Signal Name = "
06-09 00:13:00.341 725 1068 I UISpeechService: CSystemSysCallImpl::handleRespGetUserPrivacySettings()
06-09 00:13:00.341 725 1068 D UISpeechService: "handleRespGetUserPrivacySettings>> Data sharing status = 1"
06-09 00:13:00.343 405 477 W SearchableInfo: Invalid searchable metadata for com.android.browser/.BrowserActivity: Search label must be a resource reference.
06-09 00:13:00.343 405 477 W SearchableInfo: Invalid searchable metadata for com.android.browser/.BookmarkSearch: Search label must be a resource reference.
06-09 00:13:00.345 2234 2234 D VrBroadcastReceiver: myUid=0 currentUid=0 action=com.gm.speech.REGISTER_REQUEST
06-09 00:13:00.347 725 743 D UISpeechService: "Signal SPEECH_DEPENDENT_APP_REGISTERED params - > {"params":"com.gm.vr"}"
06-09 00:13:00.347 725 1068 D UISpeechService: "CSpeechServiceMainThreadQueue WorkerQueue: Method: Signal Name = SPEECH_DEPENDENT_APP_REGISTERED"
06-09 00:13:00.347 725 1068 D UISpeechService: "processJSONSignal>> VRAvailableState Status = 1, Reason = AVAILABLE and ShutDown = 0"
06-09 00:13:00.358 1032 3929 I VehicleSignalDataChangeManager: VISChangeListener : callback : com.gm.settings.systems.SettingsGlobalProp@a9543b5, :signalType: VEHICLE_STATE
06-09 00:13:00.358 1032 3929 I VehicleSignalDataChangeManager: VISChangeListener : callback : com.gm.settings.systems.SettingsGlobalProp@a9543b5, :signalType: VEHICLE_SPEED
06-09 00:13:00.360 1992 1992 I com.telenav.arp: arp: com.telenav.arp.app.SpeechReceiver: UISS_REGISTER, user handle = UserHandle{0}
06-09 00:13:00.361 1110 1340 I customAudioLoopback: writeRadioTrack(): Info: trackPtr: 0xB5A9A008, buffer Ptr: 0xB4E7F880
06-09 00:13:00.361 1110 1340 I customAudioLoopback: writeRadioTrack(): Info: track->trackEnabled: 1, track->audioTrack: 0xB5A9D000, track->trackRunning: 1, track->recovering: 0
06-09 00:13:00.361 1110 1340 I customAudioLoopback: writeRadioTrack(): Info: trackPtr: 0xB5A9A01C, buffer Ptr: 0xB4E7F880
06-09 00:13:00.361 1110 1340 I customAudioLoopback: writeRadioTrack(): Info: track->trackEnabled: 1, track->audioTrack: 0xB5A9D280, track->trackRunning: 0, track->recovering: 0
06-09 00:13:00.361 1992 1992 I com.telenav.arp: Denali-HMI: com.telenav.arp.context.ApplicationContextHelper: user handle user id = 0 current user id = 0
06-09 00:13:00.361 1992 1992 I com.telenav.arp: arp: com.telenav.arp.app.SpeechReceiver: UISS_REGISTER, received Broadcast intent = Intent { act=com.gm.speech.REGISTER_REQUEST flg=0x30 cmp=com.telenav.app.denali.na/com.telenav.arp.app.SpeechReceiver }
06-09 00:13:00.370 1992 3930 E com.telenav.arp: arp: com.telenav.arp.service.speech.SpeechUIProvider: reRegisterToUiss, uissState: NONE
06-09 00:13:00.383 1110 1340 I customAudioLoopback: writeRadioTrack(): Info: trackPtr: 0xB5A9A008, buffer Ptr: 0xB4E7F880
06-09 00:13:00.383 1110 1340 I customAudioLoopback: writeRadioTrack(): Info: track->trackEnabled: 1, track->audioTrack: 0xB5A9D000, track->trackRunning: 1, track->recovering: 0
06-09 00:13:00.383 1110 1340 I customAudioLoopback: writeRadioTrack(): Info: trackPtr: 0xB5A9A01C, buffer Ptr: 0xB4E7F880
06-09 00:13:00.383 1110 1340 I customAudioLoopback: writeRadioTrack(): Info: track->trackEnabled: 1, track->audioTrack: 0xB5A9D280, track->trackRunning: 0, track->recovering: 0
06-09 00:13:00.404 1110 1340 I customAudioLoopback: writeRadioTrack(): Info: trackPtr: 0xB5A9A008, buffer Ptr: 0xB4E7F880
06-09 00:13:00.404 1110 1340 I customAudioLoopback: writeRadioTrack(): Info: track->trackEnabled: 1, track->audioTrack: 0xB5A9D000, track->trackRunning: 1, track->recovering: 0
06-09 00:13:00.404 1110 1340 I customAudioLoopback: writeRadioTrack(): Info: trackPtr: 0xB5A9A01C, buffer Ptr: 0xB4E7F880
06-09 00:13:00.404 1110 1340 I customAudioLoopback: writeRadioTrack(): Info: track->trackEnabled: 1, track->audioTrack: 0xB5A9D280, track->trackRunning: 0, track->recovering: 0
06-09 00:13:00.405 2557 2557 I GM_ADB : Enable standard adb on eng or user-debug build.
06-09 00:13:00.407 725 1422 D UISpeechService: "--> CALL GDM:504 App_Names_Commands_TEFileRequest te_category=TE_CATEGORY_APP_NAMES;"
06-09 00:13:00.407 725 1422 I UISpeechService: CPSysCallAppStub::interpretSystemCall()
06-09 00:13:00.407 725 1422 D UISpeechService: "interpreting call App_Names_Commands_TEFileRequest"
06-09 00:13:00.407 725 1422 I UISpeechService: CAppSysCallImpl::callAppNamesCommandsTEFileRequest()
06-09 00:13:00.407 725 1422 D UISpeechService: "sendSVCIPCAsyncInvoke>> Method = createAppEcoFile, Busname = SpeechHelpService, Objectpath = SpeechHelpService, Params = []"
06-09 00:13:00.408 725 1069 D UISpeechService: "invokeSendApiRequestToJava>> MethodResult = {"code":0,"description":"Invoked","params":""}"
06-09 00:13:00.408 725 3509 D UISpeechService: "--> CALL GDM:505 System_LogMessage log_string='Pushed to main event queue ';"
06-09 00:13:00.408 725 3509 D UISpeechService: "interpreting call System_LogMessage"
06-09 00:13:00.408 725 3509 D UISpeechService: "LogMessage is Pushed to main event queue "
06-09 00:13:00.408 725 3509 D UISpeechService: "<-- RESP GDM:505 System_LogMessage system_logmessage_result=SYSTEM_RESULT_OK;"
06-09 00:13:00.410 725 2463 D UISpeechService: "onAsyncInoveResult {"createAppEcoFileResp":0}"
06-09 00:13:00.411 725 1068 D UISpeechService: "CSpeechServiceMainThreadQueue WorkerQueue: Method: Signal Name = "
06-09 00:13:00.411 725 1068 I UISpeechService: CAppSysCallImpl::handleRespAppHandleRecogResult()
06-09 00:13:00.411 725 1068 D UISpeechService: "<-- RESP GDM:504 App_Names_Commands_TEFileRequest app_names_te_file_request_result=TE_FILE_OK app_top_level_command_paths='' app_names_path='/data/speechTEFiles/app_names.eco';"
06-09 00:13:00.426 1110 1340 I customAudioLoopback: writeRadioTrack(): Info: trackPtr: 0xB5A9A008, buffer Ptr: 0xB4E7F880
06-09 00:13:00.426 1110 1340 I customAudioLoopback: writeRadioTrack(): Info: track->trackEnabled: 1, track->audioTrack: 0xB5A9D000, track->trackRunning: 1, track->recovering: 0
06-09 00:13:00.426 1110 1340 I customAudioLoopback: writeRadioTrack(): Info: trackPtr: 0xB5A9A01C, buffer Ptr: 0xB4E7F880
06-09 00:13:00.426 1110 1340 I customAudioLoopback: writeRadioTrack(): Info: track->trackEnabled: 1, track->audioTrack: 0xB5A9D280, track->trackRunning: 0, track->recovering: 0
06-09 00:13:00.437 1857 1857 I BT_BUFFER: getBuf allocating 8 bytes
06-09 00:13:00.447 1110 1340 I customAudioLoopback: writeRadioTrack(): Info: trackPtr: 0xB5A9A008, buffer Ptr: 0xB4E7F880
06-09 00:13:00.447 1110 1340 I customAudioLoopback: writeRadioTrack(): Info: track->trackEnabled: 1, track->audioTrack: 0xB5A9D000, track->trackRunning: 1, track->recovering: 0
06-09 00:13:00.447 1110 1340 I customAudioLoopback: writeRadioTrack(): Info: trackPtr: 0xB5A9A01C, buffer Ptr: 0xB4E7F880
06-09 00:13:00.447 1110 1340 I customAudioLoopback: writeRadioTrack(): Info: track->trackEnabled: 1, track->audioTrack: 0xB5A9D280, track->trackRunning: 0, track->recovering: 0
06-09 00:13:00.466 2557 2557 I GM_ADB : Enable standard adb on eng or user-debug build.
06-09 00:13:00.469 1110 1340 I customAudioLoopback: writeRadioTrack(): Info: trackPtr: 0xB5A9A008, buffer Ptr: 0xB4E7F880
06-09 00:13:00.469 1110 1340 I customAudioLoopback: writeRadioTrack(): Info: track->trackEnabled: 1, track->audioTrack: 0xB5A9D000, track->trackRunning: 1, track->recovering: 0
06-09 00:13:00.469 1110 1340 I customAudioLoopback: writeRadioTrack(): Info: trackPtr: 0xB5A9A01C, buffer Ptr: 0xB4E7F880
06-09 00:13:00.469 1110 1340 I customAudioLoopback: writeRadioTrack(): Info: track->trackEnabled: 1, track->audioTrack: 0xB5A9D280, track->trackRunning: 0, track->recovering: 0
06-09 00:13:00.487 725 1422 D UISpeechService: "--> CALL GDM:506 System_StateSet system_state=SYSTEM_STATE_APP_NAMES_G2P system_state_action=SYSTEM_STATE_BEGIN;"
06-09 00:13:00.487 725 1422 D UISpeechService: "interpreting call System_StateSet"
06-09 00:13:00.487 725 1422 D UISpeechService: "<-- RESP GDM:506 System_StateSet system_state_result=SYSTEM_RESULT_OK;"
06-09 00:13:00.489 1110 1340 I customAudioLoopback: writeRadioTrack(): Info: trackPtr: 0xB5A9A008, buffer Ptr: 0xB4E7F880
06-09 00:13:00.489 1110 1340 I customAudioLoopback: writeRadioTrack(): Info: track->trackEnabled: 1, track->audioTrack: 0xB5A9D000, track->trackRunning: 1, track->recovering: 0
06-09 00:13:00.489 1110 1340 I customAudioLoopback: writeRadioTrack(): Info: trackPtr: 0xB5A9A01C, buffer Ptr: 0xB4E7F880
06-09 00:13:00.489 1110 1340 I customAudioLoopback: writeRadioTrack(): Info: track->trackEnabled: 1, track->audioTrack: 0xB5A9D280, track->trackRunning: 0, track->recovering: 0
06-09 00:13:00.511 1110 1340 I customAudioLoopback: writeRadioTrack(): Info: trackPtr: 0xB5A9A008, buffer Ptr: 0xB4E7F880
06-09 00:13:00.511 1110 1340 I customAudioLoopback: writeRadioTrack(): Info: track->trackEnabled: 1, track->audioTrack: 0xB5A9D000, track->trackRunning: 1, track->recovering: 0
06-09 00:13:00.511 1110 1340 I customAudioLoopback: writeRadioTrack(): Info: trackPtr: 0xB5A9A01C, buffer Ptr: 0xB4E7F880
06-09 00:13:00.511 1110 1340 I customAudioLoopback: writeRadioTrack(): Info: track->trackEnabled: 1, track->audioTrack: 0xB5A9D280, track->trackRunning: 0, track->recovering: 0
06-09 00:13:00.532 1110 1340 I customAudioLoopback: writeRadioTrack(): Info: trackPtr: 0xB5A9A008, buffer Ptr: 0xB4E7F880
06-09 00:13:00.532 1110 1340 I customAudioLoopback: writeRadioTrack(): Info: track->trackEnabled: 1, track->audioTrack: 0xB5A9D000, track->trackRunning: 1, track->recovering: 0
06-09 00:13:00.532 1110 1340 I customAudioLoopback: writeRadioTrack(): Info: trackPtr: 0xB5A9A01C, buffer Ptr: 0xB4E7F880
06-09 00:13:00.532 1110 1340 I customAudioLoopback: writeRadioTrack(): Info: track->trackEnabled: 1, track->audioTrack: 0xB5A9D280, track->trackRunning: 0, track->recovering: 0
06-09 00:13:00.549 144 161 E ProtoKey: Protokey request failed
06-09 00:13:00.554 1110 1340 I customAudioLoopback: writeRadioTrack(): Info: trackPtr: 0xB5A9A008, buffer Ptr: 0xB4E7F880
06-09 00:13:00.554 1110 1340 I customAudioLoopback: writeRadioTrack(): Info: track->trackEnabled: 1, track->audioTrack: 0xB5A9D000, track->trackRunning: 1, track->recovering: 0
06-09 00:13:00.554 1110 1340 I customAudioLoopback: writeRadioTrack(): Info: trackPtr: 0xB5A9A01C, buffer Ptr: 0xB4E7F880
06-09 00:13:00.554 1110 1340 I customAudioLoopback: writeRadioTrack(): Info: track->trackEnabled: 1, track->audioTrack: 0xB5A9D280, track->trackRunning: 0, track->recovering: 0
06-09 00:13:00.574 1110 1340 I customAudioLoopback: writeRadioTrack(): Info: trackPtr: 0xB5A9A008, buffer Ptr: 0xB4E7F880
06-09 00:13:00.574 1110 1340 I customAudioLoopback: writeRadioTrack(): Info: track->trackEnabled: 1, track->audioTrack: 0xB5A9D000, track->trackRunning: 1, track->recovering: 0
06-09 00:13:00.574 1110 1340 I customAudioLoopback: writeRadioTrack(): Info: trackPtr: 0xB5A9A01C, buffer Ptr: 0xB4E7F880
06-09 00:13:00.575 1110 1340 I customAudioLoopback: writeRadioTrack(): Info: track->trackEnabled: 1, track->audioTrack: 0xB5A9D280, track->trackRunning: 0, track->recovering: 0
06-09 00:13:00.597 1110 1340 I customAudioLoopback: writeRadioTrack(): Info: trackPtr: 0xB5A9A008, buffer Ptr: 0xB4E7F880
06-09 00:13:00.597 1110 1340 I customAudioLoopback: writeRadioTrack(): Info: track->trackEnabled: 1, track->audioTrack: 0xB5A9D000, track->trackRunning: 1, track->recovering: 0
06-09 00:13:00.597 1110 1340 I customAudioLoopback: writeRadioTrack(): Info: trackPtr: 0xB5A9A01C, buffer Ptr: 0xB4E7F880
06-09 00:13:00.597 1110 1340 I customAudioLoopback: writeRadioTrack(): Info: track->trackEnabled: 1, track->audioTrack: 0xB5A9D280, track->trackRunning: 0, track->recovering: 0
06-09 00:13:00.597 725 1422 D UISpeechService: "--> CALL GDM:516 System_StateSet system_state=SYSTEM_STATE_APP_NAMES_G2P system_state_action=SYSTEM_STATE_END;"
06-09 00:13:00.597 725 1422 D UISpeechService: "interpreting call System_StateSet"
06-09 00:13:00.597 725 1422 D UISpeechService: "<-- RESP GDM:516 System_StateSet system_state_result=SYSTEM_RESULT_OK;"
06-09 00:13:00.604 725 725 D OnStar.OnStarRemoteReflashManager: subscribeRR
06-09 00:13:00.605 725 725 E OnStar.OnStarRemoteReflashService: subscribeRR->Failed to subscribe for RR->Reason :
06-09 00:13:00.605 725 725 E OnStar.OnStarRemoteReflashService: com.gm.server.onstar.connector.OnStarConnectionException: FSA RemoteReflash client is not ready [UNINITIALIZED]
06-09 00:13:00.605 725 725 E OnStar.OnStarRemoteReflashService: at com.gm.server.onstar.connector.FsaTcpConnector.getRemoteReflashClient(FsaTcpConnector.java:2642)
06-09 00:13:00.605 725 725 E OnStar.OnStarRemoteReflashService: at com.gm.server.onstar.connector.FsaTcpConnector.subscribeRR(FsaTcpConnector.java:1635)
06-09 00:13:00.605 725 725 E OnStar.OnStarRemoteReflashService: at com.gm.server.onstar.OnStarRemoteReflashService.subscribeRR(OnStarRemoteReflashService.java:341)
06-09 00:13:00.605 725 725 E OnStar.OnStarRemoteReflashService: at gm.onstar.OnStarRemoteReflashManager.subscribeRR(OnStarRemoteReflashManager.java:386)
06-09 00:13:00.605 725 725 E OnStar.OnStarRemoteReflashService: at com.gm.server.update.packagedepot.TCPMRemoteReflashHandler.initializeRemoteReflash(TCPMRemoteReflashHandler.java:1062)
06-09 00:13:00.605 725 725 E OnStar.OnStarRemoteReflashService: at com.gm.server.update.packagedepot.TCPMRemoteReflashHandler.-wrap31(TCPMRemoteReflashHandler.java)
06-09 00:13:00.605 725 725 E OnStar.OnStarRemoteReflashService: at com.gm.server.update.packagedepot.TCPMRemoteReflashHandler$6.run(TCPMRemoteReflashHandler.java:877)
06-09 00:13:00.605 725 725 E OnStar.OnStarRemoteReflashService: at android.os.Handler.handleCallback(Handler.java:739)
06-09 00:13:00.605 725 725 E OnStar.OnStarRemoteReflashService: at android.os.Handler.dispatchMessage(Handler.java:95)
06-09 00:13:00.605 725 725 E OnStar.OnStarRemoteReflashService: at android.os.Looper.loop(Looper.java:148)
06-09 00:13:00.605 725 725 E OnStar.OnStarRemoteReflashService: at android.app.ActivityThread.main(ActivityThread.java:5417)
06-09 00:13:00.605 725 725 E OnStar.OnStarRemoteReflashService: at java.lang.reflect.Method.invoke(Native Method)
06-09 00:13:00.605 725 725 E OnStar.OnStarRemoteReflashService: at com.android.internal.os.ZygoteInit$MethodAndArgsCaller.run(ZygoteInit.java:759)
06-09 00:13:00.605 725 725 E OnStar.OnStarRemoteReflashService: at com.android.internal.os.ZygoteInit.main(ZygoteInit.java:649)
06-09 00:13:00.605 725 725 E OnStar.OnStarRemoteReflashManager: subscribeRR->Failed to subscibe to RR->gm.onstar.exception.OnStarException: subscribeRR->FSA functions client is not ready
06-09 00:13:00.605 725 725 I UpdateService-TCPMRemoteReflashHandler: initializeRemoteReflash() ... initialized? false
06-09 00:13:00.617 1110 1340 I customAudioLoopback: writeRadioTrack(): Info: trackPtr: 0xB5A9A008, buffer Ptr: 0xB4E7F880
06-09 00:13:00.617 1110 1340 I customAudioLoopback: writeRadioTrack(): Info: track->trackEnabled: 1, track->audioTrack: 0xB5A9D000, track->trackRunning: 1, track->recovering: 0
06-09 00:13:00.617 1110 1340 I customAudioLoopback: writeRadioTrack(): Info: trackPtr: 0xB5A9A01C, buffer Ptr: 0xB4E7F880
06-09 00:13:00.617 1110 1340 I customAudioLoopback: writeRadioTrack(): Info: track->trackEnabled: 1, track->audioTrack: 0xB5A9D280, track->trackRunning: 0, track->recovering: 0
06-09 00:13:00.639 1110 1340 I customAudioLoopback: writeRadioTrack(): Info: trackPtr: 0xB5A9A008, buffer Ptr: 0xB4E7F880
06-09 00:13:00.639 1110 1340 I customAudioLoopback: writeRadioTrack(): Info: track->trackEnabled: 1, track->audioTrack: 0xB5A9D000, track->trackRunning: 1, track->recovering: 0
06-09 00:13:00.639 1110 1340 I customAudioLoopback: writeRadioTrack(): Info: trackPtr: 0xB5A9A01C, buffer Ptr: 0xB4E7F880
06-09 00:13:00.639 1110 1340 I customAudioLoopback: writeRadioTrack(): Info: track->trackEnabled: 1, track->audioTrack: 0xB5A9D280, track->trackRunning: 0, track->recovering: 0
06-09 00:13:00.660 1110 1340 I customAudioLoopback: writeRadioTrack(): Info: trackPtr: 0xB5A9A008, buffer Ptr: 0xB4E7F880
06-09 00:13:00.660 1110 1340 I customAudioLoopback: writeRadioTrack(): Info: track->trackEnabled: 1, track->audioTrack: 0xB5A9D000, track->trackRunning: 1, track->recovering: 0
06-09 00:13:00.660 1110 1340 I customAudioLoopback: writeRadioTrack(): Info: trackPtr: 0xB5A9A01C, buffer Ptr: 0xB4E7F880
06-09 00:13:00.660 1110 1340 I customAudioLoopback: writeRadioTrack(): Info: track->trackEnabled: 1, track->audioTrack: 0xB5A9D280, track->trackRunning: 0, track->recovering: 0
06-09 00:13:00.677 725 1422 D UISpeechService: "--> CALL GDM:517 System_LogMessage log_string='Queue size: 1. Top Task: TASK_PHONE_PAIREDPHONES_NEEDS_UPDATE';"
06-09 00:13:00.677 725 1422 D UISpeechService: "interpreting call System_LogMessage"
06-09 00:13:00.677 725 1422 D UISpeechService: "LogMessage is Queue size: 1. Top Task: TASK_PHONE_PAIREDPHONES_NEEDS_UPDATE"
06-09 00:13:00.677 725 1422 D UISpeechService: "<-- RESP GDM:517 System_LogMessage system_logmessage_result=SYSTEM_RESULT_OK;"
06-09 00:13:00.682 1110 1340 I customAudioLoopback: writeRadioTrack(): Info: trackPtr: 0xB5A9A008, buffer Ptr: 0xB4E7F880
06-09 00:13:00.682 1110 1340 I customAudioLoopback: writeRadioTrack(): Info: track->trackEnabled: 1, track->audioTrack: 0xB5A9D000, track->trackRunning: 1, track->recovering: 0
06-09 00:13:00.682 1110 1340 I customAudioLoopback: writeRadioTrack(): Info: trackPtr: 0xB5A9A01C, buffer Ptr: 0xB4E7F880
06-09 00:13:00.682 1110 1340 I customAudioLoopback: writeRadioTrack(): Info: track->trackEnabled: 1, track->audioTrack: 0xB5A9D280, track->trackRunning: 0, track->recovering: 0
06-09 00:13:00.702 1110 1340 I customAudioLoopback: writeRadioTrack(): Info: trackPtr: 0xB5A9A008, buffer Ptr: 0xB4E7F880
06-09 00:13:00.702 1110 1340 I customAudioLoopback: writeRadioTrack(): Info: track->trackEnabled: 1, track->audioTrack: 0xB5A9D000, track->trackRunning: 1, track->recovering: 0
06-09 00:13:00.703 1110 1340 I customAudioLoopback: writeRadioTrack(): Info: trackPtr: 0xB5A9A01C, buffer Ptr: 0xB4E7F880
06-09 00:13:00.703 1110 1340 I customAudioLoopback: writeRadioTrack(): Info: track->trackEnabled: 1, track->audioTrack: 0xB5A9D280, track->trackRunning: 0, track->recovering: 0
06-09 00:13:00.707 725 1350 D RSIClient: CONNECTING
06-09 00:13:00.725 1110 1340 I customAudioLoopback: writeRadioTrack(): Info: trackPtr: 0xB5A9A008, buffer Ptr: 0xB4E7F880
06-09 00:13:00.725 1110 1340 I customAudioLoopback: writeRadioTrack(): Info: track->trackEnabled: 1, track->audioTrack: 0xB5A9D000, track->trackRunning: 1, track->recovering: 0
06-09 00:13:00.725 1110 1340 I customAudioLoopback: writeRadioTrack(): Info: trackPtr: 0xB5A9A01C, buffer Ptr: 0xB4E7F880
06-09 00:13:00.725 1110 1340 I customAudioLoopback: writeRadioTrack(): Info: track->trackEnabled: 1, track->audioTrack: 0xB5A9D280, track->trackRunning: 0, track->recovering: 0
06-09 00:13:00.745 1110 1340 I customAudioLoopback: writeRadioTrack(): Info: trackPtr: 0xB5A9A008, buffer Ptr: 0xB4E7F880
06-09 00:13:00.745 1110 1340 I customAudioLoopback: writeRadioTrack(): Info: track->trackEnabled: 1, track->audioTrack: 0xB5A9D000, track->trackRunning: 1, track->recovering: 0
06-09 00:13:00.745 1110 1340 I customAudioLoopback: writeRadioTrack(): Info: trackPtr: 0xB5A9A01C, buffer Ptr: 0xB4E7F880
06-09 00:13:00.745 1110 1340 I customAudioLoopback: writeRadioTrack(): Info: track->trackEnabled: 1, track->audioTrack: 0xB5A9D280, track->trackRunning: 0, track->recovering: 0
06-09 00:13:00.757 725 1422 D UISpeechService: "--> CALL GDM:518 Phone_GetPairedPhones ;"
06-09 00:13:00.757 725 1422 D UISpeechService: "interpreting call Phone_GetPairedPhones"
06-09 00:13:00.757 725 1422 I UISpeechService: CPhoneSysCallImpl::callPhoneGetPairedPhones()
06-09 00:13:00.757 725 1422 D UISpeechService: "sendSVCIPCAsyncInvoke>> Method = getPairedPhonesDetail, Busname = com.xxxxxx.bluetooth, Objectpath = com.xxxxxx.bluetooth, Params = []"
06-09 00:13:00.757 725 1069 D UISpeechService: "invokeSendApiRequestToJava>> MethodResult = {"code":0,"description":"Invoked","params":""}"
06-09 00:13:00.759 725 1683 D UISpeechService: "onAsyncInoveResult {"pairedPhonesnamesArray":[],"getPairedPhonesDetailsResp":0,"pairedPhonesBtAddressArray":[]}"
06-09 00:13:00.759 725 1068 D UISpeechService: "CSpeechServiceMainThreadQueue WorkerQueue: Method: Signal Name = "
06-09 00:13:00.759 725 1068 I UISpeechService: CPhoneSysCallImpl::handleRespGetPairedPhones()
06-09 00:13:00.759 725 1068 I UISpeechService: CPhoneSysCallImpl::createPhoneDeviceNamesCopFile()
06-09 00:13:00.759 725 1068 D UISpeechService: "createPhoneDeviceNamesCopFile>> Device Names array is Empty!!!"
06-09 00:13:00.759 725 1068 I UISpeechService: CGSysCallHandlerBase::systemDeleteFile()
06-09 00:13:00.759 725 1068 D UISpeechService: "systemDeleteFile>> Path = /data/speechTEFiles/phonedevice_list.cop"
06-09 00:13:00.767 1110 1340 I customAudioLoopback: writeRadioTrack(): Info: trackPtr: 0xB5A9A008, buffer Ptr: 0xB4E7F880
06-09 00:13:00.767 1110 1340 I customAudioLoopback: writeRadioTrack(): Info: track->trackEnabled: 1, track->audioTrack: 0xB5A9D000, track->trackRunning: 1, track->recovering: 0
06-09 00:13:00.767 1110 1340 I customAudioLoopback: writeRadioTrack(): Info: trackPtr: 0xB5A9A01C, buffer Ptr: 0xB4E7F880
06-09 00:13:00.767 1110 1340 I customAudioLoopback: writeRadioTrack(): Info: track->trackEnabled: 1, track->audioTrack: 0xB5A9D280, track->trackRunning: 0, track->recovering: 0
06-09 00:13:00.783 725 1068 D UISpeechService: "systemDeleteFile>> Deletion of /data/speechTEFiles/phonedevice_list.cop file is success"
06-09 00:13:00.783 725 1068 D UISpeechService: "<-- RESP GDM:518 Phone_GetPairedPhones phone_get_paired_phone_results=PHONE_RESULT_OK;"
06-09 00:13:00.788 1110 1340 I customAudioLoopback: writeRadioTrack(): Info: trackPtr: 0xB5A9A008, buffer Ptr: 0xB4E7F880
06-09 00:13:00.788 1110 1340 I customAudioLoopback: writeRadioTrack(): Info: track->trackEnabled: 1, track->audioTrack: 0xB5A9D000, track->trackRunning: 1, track->recovering: 0
06-09 00:13:00.788 1110 1340 I customAudioLoopback: writeRadioTrack(): Info: trackPtr: 0xB5A9A01C, buffer Ptr: 0xB4E7F880
06-09 00:13:00.788 1110 1340 I customAudioLoopback: writeRadioTrack(): Info: track->trackEnabled: 1, track->audioTrack: 0xB5A9D280, track->trackRunning: 0, track->recovering: 0
06-09 00:13:00.810 1110 1340 I customAudioLoopback: writeRadioTrack(): Info: trackPtr: 0xB5A9A008, buffer Ptr: 0xB4E7F880
06-09 00:13:00.810 1110 1340 I customAudioLoopback: writeRadioTrack(): Info: track->trackEnabled: 1, track->audioTrack: 0xB5A9D000, track->trackRunning: 1, track->recovering: 0
06-09 00:13:00.810 1110 1340 I customAudioLoopback: writeRadioTrack(): Info: trackPtr: 0xB5A9A01C, buffer Ptr: 0xB4E7F880
06-09 00:13:00.810 1110 1340 I customAudioLoopback: writeRadioTrack(): Info: track->trackEnabled: 1, track->audioTrack: 0xB5A9D280, track->trackRunning: 0, track->recovering: 0
06-09 00:13:00.817 1042 1208 I DemoModeService: Current Mode: DEMO
06-09 00:13:00.830 1110 1340 I customAudioLoopback: writeRadioTrack(): Info: trackPtr: 0xB5A9A008, buffer Ptr: 0xB4E7F880
06-09 00:13:00.830 1110 1340 I customAudioLoopback: writeRadioTrack(): Info: track->trackEnabled: 1, track->audioTrack: 0xB5A9D000, track->trackRunning: 1, track->recovering: 0
06-09 00:13:00.830 1110 1340 I customAudioLoopback: writeRadioTrack(): Info: trackPtr: 0xB5A9A01C, buffer Ptr: 0xB4E7F880
06-09 00:13:00.830 1110 1340 I customAudioLoopback: writeRadioTrack(): Info: track->trackEnabled: 1, track->audioTrack: 0xB5A9D280, track->trackRunning: 0, track->recovering: 0
06-09 00:13:00.840 725 2195 E RR_NET_LIB: RR::dispatch():poll failed: 0 11
06-09 00:13:00.853 1110 1340 I customAudioLoopback: writeRadioTrack(): Info: trackPtr: 0xB5A9A008, buffer Ptr: 0xB4E7F880
06-09 00:13:00.853 1110 1340 I customAudioLoopback: writeRadioTrack(): Info: track->trackEnabled: 1, track->audioTrack: 0xB5A9D000, track->trackRunning: 1, track->recovering: 0
06-09 00:13:00.853 1110 1340 I customAudioLoopback: writeRadioTrack(): Info: trackPtr: 0xB5A9A01C, buffer Ptr: 0xB4E7F880
06-09 00:13:00.853 1110 1340 I customAudioLoopback: writeRadioTrack(): Info: track->trackEnabled: 1, track->audioTrack: 0xB5A9D280, track->trackRunning: 0, track->recovering: 0
06-09 00:13:00.857 725 1422 D UISpeechService: "--> CALL GDM:519 Phone_GetActivePhoneId ;"
06-09 00:13:00.857 725 1422 D UISpeechService: "interpreting call Phone_GetActivePhoneId"
06-09 00:13:00.857 725 1422 I UISpeechService: CPhoneSysCallImpl::callPhoneGetActivePhoneId()
06-09 00:13:00.857 725 1422 D UISpeechService: "sendSVCIPCAsyncInvoke>> Method = getActivePhoneId, Busname = com.gm.phonebookservice, Objectpath = com.gm.phonebookservice, Params = []"
06-09 00:13:00.857 725 1069 D UISpeechService: "invokeSendApiRequestToJava>> MethodResult = {"code":0,"description":"Invoked","params":""}"
06-09 00:13:00.859 725 743 D UISpeechService: "onAsyncInoveResult {"getActivePhoneIdResp":0,"activePhoneId":0}"
06-09 00:13:00.859 725 1068 D UISpeechService: "CSpeechServiceMainThreadQueue WorkerQueue: Method: Signal Name = "
06-09 00:13:00.859 725 1068 I UISpeechService: CPhoneSysCallImpl::handleRespPhoneGetActivePhoneID()
06-09 00:13:00.859 725 1068 W UISpeechService: "handleRespPhoneGetActivePhoneID>> Missing or Invalid Response of phoneBTAddress key"
06-09 00:13:00.859 725 1068 D UISpeechService: "setPhoneSyncingState>> PhoneSyncing Status = 0"
06-09 00:13:00.859 725 1068 D UISpeechService: "<-- RESP GDM:519 Phone_GetActivePhoneId phone_active_phone_id=0 phone_get_active_phoneid_result=PHONE_RESULT_OK;"
06-09 00:13:00.873 1110 1340 I customAudioLoopback: writeRadioTrack(): Info: trackPtr: 0xB5A9A008, buffer Ptr: 0xB4E7F880
06-09 00:13:00.873 1110 1340 I customAudioLoopback: writeRadioTrack(): Info: track->trackEnabled: 1, track->audioTrack: 0xB5A9D000, track->trackRunning: 1, track->recovering: 0
06-09 00:13:00.873 1110 1340 I customAudioLoopback: writeRadioTrack(): Info: trackPtr: 0xB5A9A01C, buffer Ptr: 0xB4E7F880
06-09 00:13:00.873 1110 1340 I customAudioLoopback: writeRadioTrack(): Info: track->trackEnabled: 1, track->audioTrack: 0xB5A9D280, track->trackRunning: 0, track->recovering: 0
06-09 00:13:00.874 405 1193 D xxxxxx_gps: process_ndr_data() sensorCnt:23375, sequenceNr:680, lat:0, lon:0, heading:9000
06-09 00:13:00.874 405 1193 D xxxxxx_gps: process_ndr_data() deltaHeading:-0.000000, speed:0, distance:878784, meter:0, DR timestamp:735344, utcTime:0
06-09 00:13:00.874 405 1193 E xxxxxx_gps: setGpsLocation(): Waiting for Valid Position
06-09 00:13:00.874 405 1193 D xxxxxx_gps: Time not Availible from Fix!
06-09 00:13:00.874 405 1193 D xxxxxx_gps: DR Time is 735344 at Utc Time 735344
06-09 00:13:00.875 405 1193 W LocationManagerService: Dropping incomplete location: Location[gps 0.000000,0.000000 acc=??? t=?!? et=?!? {Bundle[{antenna_state=0, satellites=0, DR_type=1, satellites_visible=0, accel_X=0.0, accel_Y=0.0, accel_Z=0.0, X_Error=50.0, lateralAccel=0.0, pitchAngle=0.0, deltaHeading=-0.0, acceleration=0.0, inverseCurve=0.0, sequenceNr=680, deltaDistance=0, hdop=0.0, pdop=0.0, vdop=0.0, timestamp=735344, speed=0, turnRate=0.0, Y_Error=50.0, shiftPosition=3, distance=878784, relativeHeight=0.0, sensorCnt=23375, UTCTime=0, heading=9000, gps_signal_quality=0, pitchAngleQual=0, headingError=60.0, sensors=6, satellites_used=0, altitude=0.0}]}]
06-09 00:13:00.875 2312 2330 D xxxxxx_gps: process_ndr_data() sensorCnt:23375, sequenceNr:680, lat:0, lon:0, heading:9000
06-09 00:13:00.875 2312 2330 D xxxxxx_gps: process_ndr_data() deltaHeading:-0.000000, speed:0, distance:878784, meter:0, DR timestamp:735344, utcTime:0
06-09 00:13:00.875 2312 2330 D xxxxxx_gps: Time not Availible from Fix!
06-09 00:13:00.875 2312 2330 D xxxxxx_gps: DR Time is 735344 at Utc Time 735344
06-09 00:13:00.895 1110 1340 I customAudioLoopback: writeRadioTrack(): Info: trackPtr: 0xB5A9A008, buffer Ptr: 0xB4E7F880
06-09 00:13:00.895 1110 1340 I customAudioLoopback: writeRadioTrack(): Info: track->trackEnabled: 1, track->audioTrack: 0xB5A9D000, track->trackRunning: 1, track->recovering: 0
06-09 00:13:00.895 1110 1340 I customAudioLoopback: writeRadioTrack(): Info: trackPtr: 0xB5A9A01C, buffer Ptr: 0xB4E7F880
06-09 00:13:00.895 1110 1340 I customAudioLoopback: writeRadioTrack(): Info: track->trackEnabled: 1, track->audioTrack: 0xB5A9D280, track->trackRunning: 0, track->recovering: 0
06-09 00:13:00.911 143 320 I ICSTYPEB: Panelservice backlightLevel 0x8fc0 0x8fc0 0x8fc0
06-09 00:13:00.916 1110 1340 I customAudioLoopback: writeRadioTrack(): Info: trackPtr: 0xB5A9A008, buffer Ptr: 0xB4E7F880
06-09 00:13:00.916 1110 1340 I customAudioLoopback: writeRadioTrack(): Info: track->trackEnabled: 1, track->audioTrack: 0xB5A9D000, track->trackRunning: 1, track->recovering: 0
06-09 00:13:00.916 1110 1340 I customAudioLoopback: writeRadioTrack(): Info: trackPtr: 0xB5A9A01C, buffer Ptr: 0xB4E7F880
06-09 00:13:00.916 1110 1340 I customAudioLoopback: writeRadioTrack(): Info: track->trackEnabled: 1, track->audioTrack: 0xB5A9D280, track->trackRunning: 0, track->recovering: 0
06-09 00:13:00.937 725 1422 D UISpeechService: "--> CALL GDM:521 Phone_GetActivePhoneId ;"
06-09 00:13:00.937 725 1422 D UISpeechService: "interpreting call Phone_GetActivePhoneId"
06-09 00:13:00.937 725 1422 I UISpeechService: CPhoneSysCallImpl::callPhoneGetActivePhoneId()
06-09 00:13:00.937 725 1422 D UISpeechService: "sendSVCIPCAsyncInvoke>> Method = getActivePhoneId, Busname = com.gm.phonebookservice, Objectpath = com.gm.phonebookservice, Params = []"
06-09 00:13:00.938 1110 1340 I customAudioLoopback: writeRadioTrack(): Info: trackPtr: 0xB5A9A008, buffer Ptr: 0xB4E7F880
06-09 00:13:00.938 1110 1340 I customAudioLoopback: writeRadioTrack(): Info: track->trackEnabled: 1, track->audioTrack: 0xB5A9D000, track->trackRunning: 1, track->recovering: 0
06-09 00:13:00.938 1110 1340 I customAudioLoopback: writeRadioTrack(): Info: trackPtr: 0xB5A9A01C, buffer Ptr: 0xB4E7F880
06-09 00:13:00.938 1110 1340 I customAudioLoopback: writeRadioTrack(): Info: track->trackEnabled: 1, track->audioTrack: 0xB5A9D280, track->trackRunning: 0, track->recovering: 0
06-09 00:13:00.938 725 1069 D UISpeechService: "invokeSendApiRequestToJava>> MethodResult = {"code":0,"description":"Invoked","params":""}"
06-09 00:13:00.941 725 829 D UISpeechService: "onAsyncInoveResult {"getActivePhoneIdResp":0,"activePhoneId":0}"
06-09 00:13:00.941 725 1068 D UISpeechService: "CSpeechServiceMainThreadQueue WorkerQueue: Method: Signal Name = "
06-09 00:13:00.941 725 1068 I UISpeechService: CPhoneSysCallImpl::handleRespPhoneGetActivePhoneID()
06-09 00:13:00.941 725 1068 W UISpeechService: "handleRespPhoneGetActivePhoneID>> Missing or Invalid Response of phoneBTAddress key"
06-09 00:13:00.941 725 1068 D UISpeechService: "setPhoneSyncingState>> PhoneSyncing Status = 0"
06-09 00:13:00.941 725 1068 D UISpeechService: "<-- RESP GDM:521 Phone_GetActivePhoneId phone_active_phone_id=0 phone_get_active_phoneid_result=PHONE_RESULT_OK;"
06-09 00:13:00.958 1110 1340 I customAudioLoopback: writeRadioTrack(): Info: trackPtr: 0xB5A9A008, buffer Ptr: 0xB4E7F880
06-09 00:13:00.958 1110 1340 I customAudioLoopback: writeRadioTrack(): Info: track->trackEnabled: 1, track->audioTrack: 0xB5A9D000, track->trackRunning: 1, track->recovering: 0
06-09 00:13:00.959 1110 1340 I customAudioLoopback: writeRadioTrack(): Info: trackPtr: 0xB5A9A01C, buffer Ptr: 0xB4E7F880
06-09 00:13:00.959 1110 1340 I customAudioLoopback: writeRadioTrack(): Info: track->trackEnabled: 1, track->audioTrack: 0xB5A9D280, track->trackRunning: 0, track->recovering: 0
06-09 00:13:00.971 3934 3934 D AndroidRuntime: >>>>>> START com.android.internal.os.RuntimeInit uid 2000 <<<<<<
06-09 00:13:00.975 3934 3934 D AndroidRuntime: CheckJNI is OFF
06-09 00:13:00.976 3934 3934 E cutils-trace: Error opening trace file: Permission denied (13)
06-09 00:13:00.980 1110 1340 I customAudioLoopback: writeRadioTrack(): Info: trackPtr: 0xB5A9A008, buffer Ptr: 0xB4E7F880
