06-09 00:12:49.561 725 725 E OnStar.OnStarRemoteReflashService: at com.gm.server.update.packagedepot.TCPMRemoteReflashHandler.-wrap31(TCPMRemoteReflashHandler.java)
06-09 00:12:49.561 725 725 E OnStar.OnStarRemoteReflashService: at com.gm.server.update.packagedepot.TCPMRemoteReflashHandler$6.run(TCPMRemoteReflashHandler.java:877)
06-09 00:12:49.561 725 725 E OnStar.OnStarRemoteReflashService: at android.os.Handler.handleCallback(Handler.java:739)
06-09 00:12:49.561 725 725 E OnStar.OnStarRemoteReflashService: at android.os.Handler.dispatchMessage(Handler.java:95)
06-09 00:12:49.561 725 725 E OnStar.OnStarRemoteReflashService: at android.os.Looper.loop(Looper.java:148)
06-09 00:12:49.561 725 725 E OnStar.OnStarRemoteReflashService: at android.app.ActivityThread.main(ActivityThread.java:5417)
06-09 00:12:49.561 725 725 E OnStar.OnStarRemoteReflashService: at java.lang.reflect.Method.invoke(Native Method)
06-09 00:12:49.561 725 725 E OnStar.OnStarRemoteReflashService: at com.android.internal.os.ZygoteInit$MethodAndArgsCaller.run(ZygoteInit.java:759)
06-09 00:12:49.561 725 725 E OnStar.OnStarRemoteReflashService: at com.android.internal.os.ZygoteInit.main(ZygoteInit.java:649)
06-09 00:12:49.561 725 725 E OnStar.OnStarRemoteReflashManager: subscribeRR->Failed to subscibe to RR->gm.onstar.exception.OnStarException: subscribeRR->FSA functions client is not ready
06-09 00:12:49.561 725 725 I UpdateService-TCPMRemoteReflashHandler: initializeRemoteReflash() ... initialized? false
06-09 00:12:49.563 1110 1340 I customAudioLoopback: writeRadioTrack(): Info: trackPtr: 0xB5A9A008, buffer Ptr: 0xB4E7F880
06-09 00:12:49.563 1110 1340 I customAudioLoopback: writeRadioTrack(): Info: track->trackEnabled: 1, track->audioTrack: 0xB5A9D000, track->trackRunning: 1, track->recovering: 0
06-09 00:12:49.563 1110 1340 I customAudioLoopback: writeRadioTrack(): Info: trackPtr: 0xB5A9A01C, buffer Ptr: 0xB4E7F880
06-09 00:12:49.563 1110 1340 I customAudioLoopback: writeRadioTrack(): Info: track->trackEnabled: 1, track->audioTrack: 0xB5A9D280, track->trackRunning: 0, track->recovering: 0
06-09 00:12:49.583 725 1068 D UISpeechService: "systemDeleteFile>> Deletion of /data/speechTEFiles/phonedevice_list.cop file is success"
06-09 00:12:49.583 725 1068 D UISpeechService: "<-- RESP GDM:438 Phone_GetPairedPhones phone_get_paired_phone_results=PHONE_RESULT_OK;"
06-09 00:12:49.585 1110 1340 I customAudioLoopback: writeRadioTrack(): Info: trackPtr: 0xB5A9A008, buffer Ptr: 0xB4E7F880
06-09 00:12:49.585 1110 1340 I customAudioLoopback: writeRadioTrack(): Info: track->trackEnabled: 1, track->audioTrack: 0xB5A9D000, track->trackRunning: 1, track->recovering: 0
06-09 00:12:49.585 1110 1340 I customAudioLoopback: writeRadioTrack(): Info: trackPtr: 0xB5A9A01C, buffer Ptr: 0xB4E7F880
06-09 00:12:49.585 1110 1340 I customAudioLoopback: writeRadioTrack(): Info: track->trackEnabled: 1, track->audioTrack: 0xB5A9D280, track->trackRunning: 0, track->recovering: 0
06-09 00:12:49.605 1110 1340 I customAudioLoopback: writeRadioTrack(): Info: trackPtr: 0xB5A9A008, buffer Ptr: 0xB4E7F880
06-09 00:12:49.606 1110 1340 I customAudioLoopback: writeRadioTrack(): Info: track->trackEnabled: 1, track->audioTrack: 0xB5A9D000, track->trackRunning: 1, track->recovering: 0
06-09 00:12:49.606 1110 1340 I customAudioLoopback: writeRadioTrack(): Info: trackPtr: 0xB5A9A01C, buffer Ptr: 0xB4E7F880
06-09 00:12:49.606 1110 1340 I customAudioLoopback: writeRadioTrack(): Info: track->trackEnabled: 1, track->audioTrack: 0xB5A9D280, track->trackRunning: 0, track->recovering: 0
06-09 00:12:49.628 1110 1340 I customAudioLoopback: writeRadioTrack(): Info: trackPtr: 0xB5A9A008, buffer Ptr: 0xB4E7F880
06-09 00:12:49.628 1110 1340 I customAudioLoopback: writeRadioTrack(): Info: track->trackEnabled: 1, track->audioTrack: 0xB5A9D000, track->trackRunning: 1, track->recovering: 0
06-09 00:12:49.628 1110 1340 I customAudioLoopback: writeRadioTrack(): Info: trackPtr: 0xB5A9A01C, buffer Ptr: 0xB4E7F880
06-09 00:12:49.628 1110 1340 I customAudioLoopback: writeRadioTrack(): Info: track->trackEnabled: 1, track->audioTrack: 0xB5A9D280, track->trackRunning: 0, track->recovering: 0
06-09 00:12:49.648 1110 1340 I customAudioLoopback: writeRadioTrack(): Info: trackPtr: 0xB5A9A008, buffer Ptr: 0xB4E7F880
06-09 00:12:49.648 1110 1340 I customAudioLoopback: writeRadioTrack(): Info: track->trackEnabled: 1, track->audioTrack: 0xB5A9D000, track->trackRunning: 1, track->recovering: 0
06-09 00:12:49.648 1110 1340 I customAudioLoopback: writeRadioTrack(): Info: trackPtr: 0xB5A9A01C, buffer Ptr: 0xB4E7F880
06-09 00:12:49.648 1110 1340 I customAudioLoopback: writeRadioTrack(): Info: track->trackEnabled: 1, track->audioTrack: 0xB5A9D280, track->trackRunning: 0, track->recovering: 0
06-09 00:12:49.657 725 1427 D UISpeechService: "--> CALL GDM:439 Phone_GetActivePhoneId ;"
06-09 00:12:49.657 725 1427 D UISpeechService: "interpreting call Phone_GetActivePhoneId"
06-09 00:12:49.657 725 1427 I UISpeechService: CPhoneSysCallImpl::callPhoneGetActivePhoneId()
06-09 00:12:49.657 725 1427 D UISpeechService: "sendSVCIPCAsyncInvoke>> Method = getActivePhoneId, Busname = com.gm.phonebookservice, Objectpath = com.gm.phonebookservice, Params = []"
06-09 00:12:49.657 725 1069 D UISpeechService: "invokeSendApiRequestToJava>> MethodResult = {"code":0,"description":"Invoked","params":""}"
06-09 00:12:49.660 725 829 D UISpeechService: "onAsyncInoveResult {"getActivePhoneIdResp":0,"activePhoneId":0}"
06-09 00:12:49.660 725 1068 D UISpeechService: "CSpeechServiceMainThreadQueue WorkerQueue: Method: Signal Name = "
06-09 00:12:49.660 725 1068 I UISpeechService: CPhoneSysCallImpl::handleRespPhoneGetActivePhoneID()
06-09 00:12:49.660 725 1068 W UISpeechService: "handleRespPhoneGetActivePhoneID>> Missing or Invalid Response of phoneBTAddress key"
06-09 00:12:49.660 725 1068 D UISpeechService: "setPhoneSyncingState>> PhoneSyncing Status = 0"
06-09 00:12:49.660 725 1068 D UISpeechService: "<-- RESP GDM:439 Phone_GetActivePhoneId phone_active_phone_id=0 phone_get_active_phoneid_result=PHONE_RESULT_OK;"
06-09 00:12:49.670 1110 1340 I customAudioLoopback: writeRadioTrack(): Info: trackPtr: 0xB5A9A008, buffer Ptr: 0xB4E7F880
06-09 00:12:49.670 1110 1340 I customAudioLoopback: writeRadioTrack(): Info: track->trackEnabled: 1, track->audioTrack: 0xB5A9D000, track->trackRunning: 1, track->recovering: 0
06-09 00:12:49.670 1110 1340 I customAudioLoopback: writeRadioTrack(): Info: trackPtr: 0xB5A9A01C, buffer Ptr: 0xB4E7F880
06-09 00:12:49.670 1110 1340 I customAudioLoopback: writeRadioTrack(): Info: track->trackEnabled: 1, track->audioTrack: 0xB5A9D280, track->trackRunning: 0, track->recovering: 0
06-09 00:12:49.675 870 870 D GMStatusBar: handleMessage MSG_AUDIO_INFO_PAGING_COMPLETE mAudioStatusInfoIndex = 0
06-09 00:12:49.691 1110 1340 I customAudioLoopback: writeRadioTrack(): Info: trackPtr: 0xB5A9A008, buffer Ptr: 0xB4E7F880
06-09 00:12:49.691 1110 1340 I customAudioLoopback: writeRadioTrack(): Info: track->trackEnabled: 1, track->audioTrack: 0xB5A9D000, track->trackRunning: 1, track->recovering: 0
06-09 00:12:49.691 1110 1340 I customAudioLoopback: writeRadioTrack(): Info: trackPtr: 0xB5A9A01C, buffer Ptr: 0xB4E7F880
06-09 00:12:49.691 1110 1340 I customAudioLoopback: writeRadioTrack(): Info: track->trackEnabled: 1, track->audioTrack: 0xB5A9D280, track->trackRunning: 0, track->recovering: 0
06-09 00:12:49.707 725 1350 D RSIClient: client io error, failed to connect to /192.168.1.104 (port 9040) after 5000ms: isConnected failed: EHOSTUNREACH (No route to host)
06-09 00:12:49.707 725 1350 D RSIClient: STOPPED
06-09 00:12:49.707 725 1350 D RSIClient: RESTART CLIENT
06-09 00:12:49.713 1110 1340 I customAudioLoopback: writeRadioTrack(): Info: trackPtr: 0xB5A9A008, buffer Ptr: 0xB4E7F880
06-09 00:12:49.713 1110 1340 I customAudioLoopback: writeRadioTrack(): Info: track->trackEnabled: 1, track->audioTrack: 0xB5A9D000, track->trackRunning: 1, track->recovering: 0
06-09 00:12:49.713 1110 1340 I customAudioLoopback: writeRadioTrack(): Info: trackPtr: 0xB5A9A01C, buffer Ptr: 0xB4E7F880
06-09 00:12:49.713 1110 1340 I customAudioLoopback: writeRadioTrack(): Info: track->trackEnabled: 1, track->audioTrack: 0xB5A9D280, track->trackRunning: 0, track->recovering: 0
06-09 00:12:49.733 1110 1340 I customAudioLoopback: writeRadioTrack(): Info: trackPtr: 0xB5A9A008, buffer Ptr: 0xB4E7F880
06-09 00:12:49.734 1110 1340 I customAudioLoopback: writeRadioTrack(): Info: track->trackEnabled: 1, track->audioTrack: 0xB5A9D000, track->trackRunning: 1, track->recovering: 0
06-09 00:12:49.734 1110 1340 I customAudioLoopback: writeRadioTrack(): Info: trackPtr: 0xB5A9A01C, buffer Ptr: 0xB4E7F880
06-09 00:12:49.734 1110 1340 I customAudioLoopback: writeRadioTrack(): Info: track->trackEnabled: 1, track->audioTrack: 0xB5A9D280, track->trackRunning: 0, track->recovering: 0
06-09 00:12:49.737 725 1427 D UISpeechService: "--> CALL GDM:441 Phone_GetActivePhoneId ;"
06-09 00:12:49.737 725 1427 D UISpeechService: "interpreting call Phone_GetActivePhoneId"
06-09 00:12:49.737 725 1427 I UISpeechService: CPhoneSysCallImpl::callPhoneGetActivePhoneId()
06-09 00:12:49.737 725 1427 D UISpeechService: "sendSVCIPCAsyncInvoke>> Method = getActivePhoneId, Busname = com.gm.phonebookservice, Objectpath = com.gm.phonebookservice, Params = []"
06-09 00:12:49.737 725 1069 D UISpeechService: "invokeSendApiRequestToJava>> MethodResult = {"code":0,"description":"Invoked","params":""}"
06-09 00:12:49.738 725 1683 D UISpeechService: "onAsyncInoveResult {"getActivePhoneIdResp":0,"activePhoneId":0}"
06-09 00:12:49.738 725 1068 D UISpeechService: "CSpeechServiceMainThreadQueue WorkerQueue: Method: Signal Name = "
06-09 00:12:49.738 725 1068 I UISpeechService: CPhoneSysCallImpl::handleRespPhoneGetActivePhoneID()
06-09 00:12:49.738 725 1068 W UISpeechService: "handleRespPhoneGetActivePhoneID>> Missing or Invalid Response of phoneBTAddress key"
06-09 00:12:49.738 725 1068 D UISpeechService: "setPhoneSyncingState>> PhoneSyncing Status = 0"
06-09 00:12:49.738 725 1068 D UISpeechService: "<-- RESP GDM:441 Phone_GetActivePhoneId phone_active_phone_id=0 phone_get_active_phoneid_result=PHONE_RESULT_OK;"
06-09 00:12:49.756 1110 1340 I customAudioLoopback: writeRadioTrack(): Info: trackPtr: 0xB5A9A008, buffer Ptr: 0xB4E7F880
06-09 00:12:49.756 1110 1340 I customAudioLoopback: writeRadioTrack(): Info: track->trackEnabled: 1, track->audioTrack: 0xB5A9D000, track->trackRunning: 1, track->recovering: 0
06-09 00:12:49.756 1110 1340 I customAudioLoopback: writeRadioTrack(): Info: trackPtr: 0xB5A9A01C, buffer Ptr: 0xB4E7F880
06-09 00:12:49.756 1110 1340 I customAudioLoopback: writeRadioTrack(): Info: track->trackEnabled: 1, track->audioTrack: 0xB5A9D280, track->trackRunning: 0, track->recovering: 0
06-09 00:12:49.756 3764 3764 D AndroidRuntime: >>>>>> START com.android.internal.os.RuntimeInit uid 2000 <<<<<<
06-09 00:12:49.762 3764 3764 D AndroidRuntime: CheckJNI is OFF
06-09 00:12:49.762 3764 3764 E cutils-trace: Error opening trace file: Permission denied (13)
06-09 00:12:49.766 3764 3764 W art : 70c9c000-7188a000 rw-p 00000000 b3:09 32388 /data/dalvik-cache/arm/system@framework@boot.art
06-09 00:12:49.766 3764 3764 W art : 7f645000-7f64a000 r-xp 00000000 b3:06 305 /system/bin/app_process32
06-09 00:12:49.766 3764 3764 W art : 7f64a000-7f64b000 r--p 00004000 b3:06 305 /system/bin/app_process32
06-09 00:12:49.766 3764 3764 W art : 7f64b000-7f64c000 rw-p 00000000 00:00 0
06-09 00:12:49.766 3764 3764 W art : af8c4000-b26f9000 r--p 00000000 b3:06 1056 /system/framework/arm/boot.oat
06-09 00:12:49.766 3764 3764 W art : b26f9000-b483f000 r-xp 02e35000 b3:06 1056 /system/framework/arm/boot.oat
06-09 00:12:49.767 3764 3764 W art : b483f000-b4840000 rw-p 04f7b000 b3:06 1056 /system/framework/arm/boot.oat
06-09 00:12:49.767 3764 3764 W art : b4840000-b4865000 r--p 00bee000 b3:09 32388 /data/dalvik-cache/arm/system@framework@boot.ar
06-09 00:12:49.767 3764 3764 W art : t
06-09 00:12:49.767 3764 3764 W art : b4865000-b4cb2000 r-xp 00000000 b3:06 1218 /system/lib/libart.so
06-09 00:12:49.767 3764 3764 W art : b4cb2000-b4cb3000 ---p 00000000 00:00 0
06-09 00:12:49.767 3764 3764 W art : b4cb3000-b4cbd000 r--p 0044d000 b3:06 1218 /system/lib/libart.so
06-09 00:12:49.767 3764 3764 W art : b4cbd000-b4cbe000 rw-p 00457000 b3:06 1218 /system/lib/libart.so
06-09 00:12:49.767 3764 3764 W art : b4
06-09 00:12:49.767 3764 3764 W art : cbe000-b4cc0000 rw-p 00000000 00:00 0
06-09 00:12:49.767 3764 3764 W art : b4cc0000-b4dc0000 rw-p 00000000 00:00 0 [anon:libc_malloc]
06-09 00:12:49.767 3764 3764 W art : b4de0000-b4de1000 rw-p 00000000 00:00 0 [anon:linker_alloc_vector]
06-09 00:12:49.767 3764 3764 W art : b4de2000-b4de5000 r-xp 00000000 b3:06 1480 /system/lib/libsigchain.so
06-09 00:12:49.767 3764 3764 W art : b4de5000-b4de6000 r--p 00002000 b3:06 1480 /system/lib/libsigchain.so
06-09 00:12:49.767 3764 3764 W art : b4de6000-b4de7000 rw-p 00003000 b3:06 1480 /system/lib/libsigchain.so
06-09 00:12:49.767 3764 3764 W art : b4de7000-b4de9000 r--p 00000000 00:00 0
06-09 00:12:49.767 3764 3764 W art : b4de9000-b4e09000 r--s 00000000 00:0e 9470 /dev/__properties__
06-09 00:12:49.767 3764 3764 W art : b4e09000-b4e0a000 rw-p 00000000 00:00 0 [anon:linker_alloc_vector]
06-09 00:12:49.767 3764 3764 W art : b4e0a000-b582a000 r-xp 00000000 b3:06 1183 /system/lib/libLLVM.so
06-09 00:12:49.767 3764 3764 W art : b582a000-b582b000 ---p 00000000 00:00 0
06-09 00:12:49.767 3764 3764 W art : b582b000-b5874000 r--p 00a20000 b3:06 1183 /system/lib/libLLVM.so
06-09 00:12:49.767 3764 3764 W art : b5874000-b5875000 rw-p 00a69000 b3:06 1183 /system/lib/libLLVM.so
06-09 00:12:49.767 3764 3764 W art : b5875000-b587d000 rw-p 00000000 00:00 0
06-09 00:12:49.767 3764 3764 W art : b587d000-b587e000 r--p 00000000 00:00 0 [anon:linker_alloc]
06-09 00:12:49.767 3764 3764 W art : b587e000-b58b4000 r-xp 00000000 b3:06 1233 /system/lib/libbcinfo.so
06-09 00:12:49.767 3764 3764 W art : b58b4000-b58b5000 r--p 00035000 b3:06 1233 /system/lib/libbcinfo.s
06-09 00:12:49.767 3764 3764 W art : o
06-09 00:12:49.767 3764 3764 W art : b58b5000-b58b6000 rw-p 00036000 b3:06 1233 /system/lib/libbcinfo.so
06-09 00:12:49.767 3764 3764 W art : b58b6000-b590e000 r-xp 00000000 b3:06 1232 /system/lib/libbcc.so
06-09 00:12:49.767 3764 3764 W art : b590e000-b590f000 ---p 00000000 00:00 0
06-09 00:12:49.767 3764 3764 W art : b590f000-b5910000 r--p 00058000 b3:06 1232 /system/lib/libbcc.so
06-09 00:12:49.767 3764 3764 W art : b5910000-b5911000 rw-p 00059000 b3:06 1232 /system/lib/libbcc.so
06-09 00:12:49.767 3764 3764 W art : b5911000-b591b000 r-xp 00000000 b3:06 1247 /system/lib/libcommon_time_client.so
06-09 00:12:49.767 3764 3764 W art : b591b000-b591e000 r--p 00009000 b3:06 1247 /system/lib/libcommon_time_client.so
06-09 00:12:49.767 3764 3764 W art : b591e000-b591
06-09 00:12:49.767 3764 3764 W art : f000 rw-p 0000c000 b3:06 1247 /system/lib/libcommon_time_client.so
06-09 00:12:49.767 3764 3764 W art : b591f000-b5920000 r--p 00000000 00:00 0
06-09 00:12:49.767 3764 3764 W art : b5920000-b5937000 r-xp 00000000 b3:06 1458 /system/lib/libprotobuf-cpp-lite.so
06-09 00:12:49.767 3764 3764 W art : b5937000-b5938000 ---p 00000000 00:00 0
06-09 00:12:49.767 3764 3764 W art : b5938000-b5939000 r--p 00017000 b3:06 1458 /system/lib/libprotobuf-cpp-lite.so
06-09 00:12:49.767 3764 3764 W art : b5939000-b593a000 rw-p 00018000 b3:06 1458 /system/lib/libprotobuf-cpp-lite.so
06-09 00:12:49.767 3764 3764 W art : b593a000-b5941000 r-xp 00000000 b3:06 1500 /system/lib/libstagefright_avc_common.so
06-09 00:12:49.767 3764 3764 W art : b5941000-b5942000 r--p 00006000 b3:06 1500 /system/lib/libstagefright_avc_common.so
06-09 00:12:49.767 3764 3764 W art : b5942000-b5943000 rw-p 00007000 b3:06 1500 /system/lib/libstagefright_avc_common.so
06-09 00:12:49.767 3764 3764 W art : b5943000-b5946000 r-xp 00000000 b3:06 1501 /system/lib/libstagefright_enc_common.so
06-09 00:12:49.767 3764 3764 W art : b5946000-b5947000 r--p 00002000 b3:06 1501 /system/lib/libstagefright_enc_common.so
06-09 00:12:49.767 3764 3764 W art : b5947000-b5948000 rw-p 00003000 b3:06 1501 /system/lib/libstagefright_enc_common.so
06-09 00:12:49.767 3764 3764 W art : b5948000-b594c000 r-xp 00000000 b3:06 1455 /system/lib/libpowermanager.so
06-09 00:12:49.767 3764 3764 W art : b594c000-b594d000 ---p 00000000 00:00 0
06-09 00:12:49.768 3764 3764 W art : b594d000-b594e000 r--p 00004000 b3:06 1455 /system/lib/libpowermanager.so
06-09 00:12:49.768 3764 3764 W art : b594e000-b594f000 rw-p 00005000 b3:06 1455 /system/lib/libpowermanager.so
06-09 00:12:49.768 3764 3764 W art : b594f000-b596c000 r-xp 00000000 b3:06 1590 /system/lib/libvorbisidec.so
06-09 00:12:49.768 3764 3764 W art : b596c000-b596d000 r--p 0001c000 b3:06 1590 /system/lib/libvorbisidec.so
06-09 00:12:49.768 3764 3764 W art : b596d000-b596e000 rw-p 0001d000 b3:06 1590 /system/lib/libvorbisidec.so
06-09 00:12:49.768 3764 3764 W art : b596e000-b5973000 r-xp 00000000 b3:06 1527 /system/lib/libstagefright_yuv.so
06-09 00:12:49.768 3764 3764 W art : b5973000-b5974000 r--p 00004000 b3:06 1527 /system/lib/libstagefright_yuv.so
06-09 00:12:49.768 3764 3764 W art : b5974000-b5975000 rw-p 00005000 b3:06 1527 /system/lib/libstagefright_yuv.so
06-09 00:12:49.768 3764 3764 W art : b5975000-b5976000 r--p 00000000 00:00 0 [anon:linker_alloc]
06-09 00:12:49.768 3764 3764 W art : b5976000-b59a3000 r-xp 00000000 b3:06 1505 /system/lib/libstagefright_omx.so
06-09 00:12:49.768 3764 3764 W art : b59a3000-b59a4000 ---p 00000000 00:00 0
06-09 00:12:49.768 3764 3764 W art : b59a4000-b59a7000 r--p 0002d000 b3:06 1505 /system/lib/libstagefright_omx.so
06-09 00:12:49.768 3764 3764 W art : b59a7000-b59a8000 rw-p 00030000 b3:06 1505 /system/lib/libstagefright_omx.so
06-09 00:12:49.768 3764 3764 W art : b59a8000-b59e3000 r-xp 00000000 b3:06 1437 /system/lib/libopus.so
06-09 00:12:49.768 3764 3764 W art : b59e3000-b59e4000 r--p 0003a000 b3:06 1437 /system/lib/libopus.so
06-09 00:12:49.768 3764 3764 W art : b59e4000-b59e5000 rw-p 0003b000 b3:06 1437 /system/lib/libopus.so
06-09 00:12:49.768 3764 3764 W art : b59e5000-b59ec000 r-xp 00000000 b3:06 1369 /system/lib/libmediautils.so
06-09 00:12:49.768 3764 3764 W art : b59ec000-b59ed000 ---p 00000000 00:00 0
06-09 00:12:49.768 3764 3764 W art : b59ed000-b59ee000 r--p 00007000 b3:06 1369 /system/lib/libmediautils.so
06-09 00:12:49.768 3764 3764 W art : b59ee000-b59ef000 rw-p 00008000 b3:06 1369 /system/lib/libmediautils.so
06-09 00:12:49.768 3764 3764 W art : b59ef000-b5a04000 r-xp 00000000 b3:06 1281 /system/lib/libdrmframework.so
06-09 00:12:49.768 3764 3764 W art : b5a04000-b5a05000 ---p 00000000 00:00 0
06-09 00:12:49.768 3764 3764 W art : b5a05000-b5a08000 r--p 00015000 b3:06 1281 /system/lib/libdrmframework.so
06-09 00:12:49.768 3764 3764 W art : b5a08000-b5a09000 rw-p 00018000 b3:06 1281 /system/lib/libdrmframework.so
06-09 00:12:49.768 3764 3764 W art : b5a09000-b5a28000 r-xp 00000000 b3:06 1200 /system/lib/libRScpp.so
06-09 00:12:49.768 3764 3764 W art : b5a28000-b5a29000 r--p 0001e000 b3:06 1200 /system/lib/libRScpp.so
06-09 00:12:49.768 3764 3764 W art : b5a29000-b5a2a000 rw-p 0001f000 b3:06 1200 /system/lib/libRScpp.so
06-09 00:12:49.768 3764 3764 W art : b5a2a000-b5a68000 r-xp 00000000 b3:06 1197 /system/lib/libRS.so
06-09 00:12:49.768 3764 3764 W art : b5a68000-b5a69000 ---p 00000000 00:00 0
06-09 00:12:49.768 3764 3764 W art : b5a69000-b5a6b000 r--p 0003e000 b3:06 1197 /system/lib/libRS.so
06-09 00:12:49.768 3764 3764 W art : b5a6b000-b5a6c000 rw-p 00040000 b3:06 1197 /system/lib/libRS.so
06-09 00:12:49.768 3764 3764 W art : b5a6c000-b5a73000 r-xp 00000000 b3:06 1490 /system/lib/libspeexresampler.so
06-09 00:12:49.768 3764 3764 W art : b5a73000-b5a74000 r--p 00006000 b3:06 1490 /system/lib/libspeexresampler.so
06-09 00:12:49.768 3764 3764 W art : b5a74000-b5a75000 rw-p 00007000 b3:06 1490 /system/lib/libspeexresampler.so
06-09 00:12:49.768 3764 3764 W art : b5a75000-b5a7e000 r-xp 00000000 b3:06 1380 /system/lib/libnbaio.so
06-09 00:12:49.768 3764 3764 W art : b5a7e000-b5a7f000 r--p 00008000 b3:06 1380 /system/lib/libnbaio.so
06-09 00:12:49.768 3764 3764 W art : b5a7f000-b5a80000 rw-p 00009000 b3:06 1380 /system/lib/libnbaio.so
06-09 00:12:49.768 3764 3764 W art : b5a80000-b5a92000 r-xp 00000000 b3:06 1448 /system/lib/libpcre.so
06-09 00:12:49.768 3764 3764 W art : b5a92000-b5a93000 r--p 00011000 b3:06 1448 /system/lib/libpcre.so
06-09 00:12:49.768 3764 3764 W art : b5a93000-b5a94000 rw-p 00012000 b3:06 1448 /system/lib/libpcre.so
06-09 00:12:49.768 3764 3764 W art : b5a94000-b5a96000 r--p 00000000 00:00 0 [anon:linker_alloc]
06-09 00:12:49.768 3764 3764 W art : b5a96000-b5a9b000 r-xp 00000000 b3:06 1597 /system/lib/libwpa_client.so
06-09 00:12:49.768 3764 3764 W art : b5a9b000-b5a9c000 r--p 00004000 b3:06 1597 /system/lib/libwpa_client.so
06-09 00:12:49.768 3764 3764 W art : b5a9c000-b5a9d000 rw-p 00005000 b3:06 1597 /system/lib/libwpa_client.so
06-09 00:12:49.768 3764 3764 W art : b5a9d000-b5b0a000 r-xp 00000000 b3:06 1178 /system/lib/libGLES_trace.so
06-09 00:12:49.768 3764 3764 W art : b5b0a000-b5b0b000 ---p 00000000 00:00 0
06-09 00:12:49.768 3764 3764 W art : b5b0b000-b5b0d000 r--p 0006d000 b3:06 1178 /system/lib/libGLES_trace.so
06-09 00:12:49.768 3764 3764 W art : b5b0d000-b5b0e000 rw-p 0006f000 b3:06 1178 /system/lib/libGLES_trace.so
06-09 00:12:49.768 3764 3764 W art : b5b0e000-b5b6f000 r-xp 00000000 b3:06 1299 /system/lib/libft2.so
06-09 00:12:49.768 3764 3764 W art : b5b6f000-b5b71000 r--p 00060000 b3:06 1299 /system/lib/libft2.so
06-09 00:12:49.768 3764 3764 W art : b5b71000-b5b72000 rw-p 00062000 b3:06 1299 /system/lib/libft2.so
06-09 00:12:49.768 3764 3764 W art : b5b72000-b5b99000 r-xp 00000000 b3:06 1453 /system/lib/libpng.so
06-09 00:12:49.768 3764 3764 W art : b5b99000-b5b9a000 ---p 00000000 00:00 0
06-09 00:12:49.768 3764 3764 W art : b5b9a000-b5b9b000 r--p 00027000 b3:06 1453 /system/lib/libpng.so
06-09 00:12:49.769 3764 3764 W art : b5b9b000-b5b9c000 rw-p 00028000 b3:06 1453 /system/lib/libpng.so
06-09 00:12:49.769 3764 3764 W art : b5b9c000-b5b9f000 r-xp 00000000 b3:06 1534 /system/lib/libsync.so
06-09 00:12:49.769 3764 3764 W art : b5b9f000-b5ba0000 r--p 00002000 b3:06 1534 /system/lib/libsync.so
06-09 00:12:49.769 3764 3764 W art : b5ba0000-b5ba1000 rw-p 00003000 b3:06 1534 /system/lib/libsync.so
06-09 00:12:49.769 3764 3764 W art : b5ba1000-b5ba6000 r-xp 00000000 b3:06 1529 /system/lib/libstdc++.so
06-09 00:12:49.769 3764 3764 W art : b5ba6000-b5ba7000 r--p 00004000 b3:06 1529 /system/lib/libstdc++.so
06-09 00:12:49.769 3764 3764 W art : b5ba7000-b5ba8000 rw-p 00005000 b3:06 1529 /system/lib/libstdc++.so
06-09 00:12:49.769 3764 3764 W art : b5ba8000-b5bb8000 r-xp 00000000 b3:06 1551 /system/lib/libunwind.so
06-09 00:12:49.769 3764 3764 W art : b5bb8000-b5bb9000 r--p 0000f000 b3:06 1551 /system/lib/libunwind.so
06-09 00:12:49.769 3764 3764 W art : b5bb9000-b5bba000 rw-p 00010000 b3:06 1551 /system/lib/libunwind.so
06-09 00:12:49.769 3764 3764 W art : b5bba000-b5c00000 rw-p 00000000 00:00 0
06-09 00:12:49.769 3764 3764 W art : b5c00000-b5c09000 r-xp 00000000 b3:06 1231 /system/lib/libbase.so
06-09 00:12:49.769 3764 3764 W art : b5c09000-b5c0a000 r--p 00008000 b3:06 1231 /system/lib/libbase.so
06-09 00:12:49.769 3764 3764 W art : b5c0a000-b5c0b000 rw-p 00009000 b3:06 1231 /system/lib/libbase.so
06-09 00:12:49.769 3764 3764 W art : b5c0b000-b5c10000 r-xp 00000000 b3:06 1283 /system/lib/libeffects.so
06-09 00:12:49.769 3764 3764 W art : b5c10000-b5c11000 r--p 00004000 b3:06 1283 /system/lib/libeffects.so
06-09 00:12:49.769 3764 3764 W art : b5c11000-b5c12000 rw-p 00005000 b3:06 1283 /system/lib/libeffects.so
06-09 00:12:49.769 3764 3764 W art : b5c12000-b5c13000 r--p 00000000 00:00 0 [anon:linker_alloc]
06-09 00:12:49.769 3764 3764 W art : b5c13000-b5c16000 r-xp 00000000 b3:06 1503 /system/lib/libstagefright_http_support.so
06-09 00:12:49.769 3764 3764 W art : b5c16000-b5c17000 ---p 00000000 00:00 0
06-09 00:12:49.769 3764 3764 W art : b5c17000-b5c18000 r--p 00003000 b3:06 1503 /system/lib/libstagefright_http_support.so
06-09 00:12:49.769 3764 3764 W art : b5c18000-b5c19000 rw-p 00004000 b3:06 1503 /system/lib/libstagefright_http_support.so
06-09 00:12:49.769 3764 3764 W art : b5c19000-b5c31000 r-xp 00000000 b3:06 1502 /system/lib/libstagefright_foundation.so
06-09 00:12:49.769 3764 3764 W art : b5c31000-b5c32000 ---p 00000000 00:00 0
06-09 00:12:49.769 3764 3764 W art : b5c32000-b5c33000 r--p 00018000 b3:06 1502 /system/lib/libstagefright_foundation.so
06-09 00:12:49.769 3764 3764 W art : b5c33000-b5c34000 rw-p 00019000 b3:06 1502 /system/lib/libstagefright_foundation.so
06-09 00:12:49.769 3764 3764 W art : b5c34000-b5d82000 r-xp 00000000 b3:06 1498 /system/lib/libstagefright.so
06-09 00:12:49.769 3764 3764 W art : b5d82000-b5d8e000 r--p 0014d000 b3:06 1498 /system/lib/libstagefright.so
06-09 00:12:49.769 3764 3764 W art : b5d8e000-b5d8f000 rw-p 00159000 b3:06 1498 /system/lib/libstagefright.so
06-09 00:12:49.769 3764 3764 W art : b5d8f000-b5dfa000 r-xp 00000000 b3:06 1331 /system/lib/libhwui.so
06-09 00:12:49.769 3764 3764 W art : b5dfa000-b5dfb000 ---p 00000000 00:00 0
06-09 00:12:49.769 3764 3764 W art : b5dfb000-b5dfe000 r--p 0006b000 b3:06 1331 /system/lib/libhwui.so
06-09 00:12:49.769 3764 3764 W art : b5dfe000-b5dff000 rw-p 0006e000 b3:06 1331 /system/lib/libhwui.so
06-09 00:12:49.769 3764 3764 W art : b5dff000-b5e02000 r-xp 00000000 b3:06 1461 /system/lib/libradio_metadata.so
06-09 00:12:49.769 3764 3764 W art : b5e02000-b5e03000 r--p 00002000 b3:06 1461 /system/lib/libradio_metadata.so
06-09 00:12:49.769 3764 3764 W art : b5e03000-b5e04000 rw-p 00003000 b3:06 1461 /system/lib/libradio_metadata.so
06-09 00:12:49.769 3764 3764 W art : b5e04000-b5e08000 r-xp 00000000 b3:06 1376 /system/lib/libnativebridge.so
06-09 00:12:49.769 3764 3764 W art : b5e08000-b5e09000 r--p 00003000 b3:06 1376 /system/lib/libnativebridge.so
06-09 00:12:49.769 3764 3764 W art : b5e09000-b5e0a000 rw-p 00004000 b3:06 1376 /system/lib/libnativebridge.so
06-09 00:12:49.769 3764 3764 W art : b5e0a000-b5e0e000 r-xp 00000000 b3:06 1456 /system/lib/libprocessgroup.so
06-09 00:12:49.769 3764 3764 W art : b5e0e000-b5e0f000 r--p 00003000 b3:06 1456 /system/lib/libprocessgroup.so
06-09 00:12:49.769 3764 3764 W art : b5e0f000-b5e10000 rw-p 00004000 b3:06 1456 /system/lib/libprocessgroup.so
06-09 00:12:49.769 3764 3764 W art : b5e10000-b5e1e000 r-xp 00000000 b3:06 1371 /system/lib/libminikin.so
06-09 00:12:49.769 3764 3764 W art : b5e1e000-b5e1f000 ---p 00000000 00:00 0
06-09 00:12:49.769 3764 3764 W art : b5e1f000-b5e20000 r--p 0000e000 b3:06 1371 /system/lib/libminikin.so
06-09 00:12:49.769 3764 3764 W art : b5e20000-b5e21000 rw-p 0000f000 b3:06 1371 /system/lib/libminikin.so
06-09 00:12:49.769 3764 3764 W art : b5e21000-b5e2b000 r-xp 00000000 b3:06 1487 /system/lib/libsoundtrigger.so
06-09 00:12:49.769 3764 3764 W art : b5e2b000-b5e2e000 r--p 00009000 b3:06 1487 /system/lib/libsoundtrigger.so
06-09 00:12:49.769 3764 3764 W art : b5e2e000-b5e2f000 rw-p 0000c000 b3:06 1487 /system/lib/libsoundtrigger.so
06-09 00:12:49.769 3764 3764 W art : b5e2f000-b5e30000 r--p 00000000 00:00 0 [anon:linker_alloc]
06-09 00:12:49.769 3764 3764 W art : b5e30000-b5e3a000 r-xp 00000000 b3:06 1460 /system/lib/libradio.so
06-09 00:12:49.769 3764 3764 W art : b5e3a000-b5e3d000 r--p 00009000 b3:06 1460 /system/lib/libradio.so
06-09 00:12:49.769 3764 3764 W art : b5e3d000-b5e3e000 rw-p 0000c000 b3:06 1460 /system/lib/libradio.so
06-09 00:12:49.769 3764 3764 W art : b5e3e000-b5e42000 r-xp 00000000 b3:06 1429 /system/lib/libnetd_client.so
06-09 00:12:49.770 3764 3764 W art : b5e42000-b5e43000 r--p 00003000 b3:06 1429 /system/lib/libnetd_client.so
06-09 00:12:49.770 3764 3764 W art : b5e43000-b5e44000 rw-p 00004000 b3:06 1429 /system/lib/libnetd_client.so
06-09 00:12:49.770 3764 3764 W art : b5e44000-b5e52000 r-xp 00000000 b3:06 1335 /system/lib/libimg_utils.so
06-09 00:12:49.770 3764 3764 W art : b5e52000-b5e54000 r--p 0000d000 b3:06 1335 /system/lib/libimg_utils.so
06-09 00:12:49.770 3764 3764 W art : b5e54000-b5e55000 rw-p 0000f000 b3:06 1335 /system/lib/libimg_utils.so
06-09 00:12:49.770 3764 3764 W art : b5e55000-b6267000 r-xp 00000000 b3:06 1449 /system/lib/libpdfium.so
06-09 00:12:49.770 3764 3764 W art : b6267000-b6268000 ---p 00000000 00:00 0
06-09 00:12:49.770 3764 3764 W art : b6268000-b6271000 r--p 00412000 b3:06 1449 /system/lib/libpdfium.so
06-09 00:12:49.770 3764 3764 W art : b6271000-b6275000 rw-p 0041b000 b3:06 1449 /system/lib/libpdfium.so
06-09 00:12:49.770 3764 3764 W art : b6275000-b6276000 rw-p 00000000 00:00 0
06-09 00:12:49.770 3764 3764 W art : b6276000-b627d000 r-xp 00000000 b3:06 1227 /system/lib/libaudioutils.so
06-09 00:12:49.770 3764 3764 W art : b627d000-b627e000 r--p 00006000 b3:06 1227 /system/lib/libaudioutils.so
06-09 00:12:49.770 3764 3764 W art : b627e000-b627f000 rw-p 00007000 b3:06 1227 /system/lib/libaudioutils.so
06-09 00:12:49.770 3764 3764 W art : b627f000-b629a000 r-xp 00000000 b3:06 1599 /system/lib/libz.so
06-09 00:12:49.770 3764 3764 W art : b629a000-b629b000 r--p 0001a000 b3:06 1599 /system/lib/libz.so
06-09 00:12:49.770 3764 3764 W art : b629b000-b629c000 rw-p 0001b000 b3:06 1599 /system/lib/libz.so
06-09 00:12:49.770 3764 3764 W art : b629c000-b629d000 rw-p 00000000 00:00 0 [anon:linker_alloc]
06-09 00:12:49.770 3764 3764 W art : b629d000-b62e9000 r-xp 00000000 b3:06 1327 /system/lib/libharfbuzz_ng.so
06-09 00:12:49.770 3764 3764 W art : b62e9000-b62ea000 r--p 0004b000 b3:06 1327 /system/lib/libharfbuzz_ng.so
06-09 00:12:49.770 3764 3764 W art : b62ea000-b62eb000 rw-p 0004c000 b3:06 1327 /system/lib/libharfbuzz_ng.so
06-09 00:12:49.770 3764 3764 W art : b62eb000-b62ef000 r-xp 00000000 b3:06 1555 /system/lib/libusbhost.so
06-09 00:12:49.770 3764 3764 W art : b62ef000-b62f0000 ---p 00000000 00:00 0
06-09 00:12:49.770 3764 3764 W art : b62f0000-b62f1000 r--p 00004000 b3:06 1555 /system/lib/libusbhost.so
06-09 00:12:49.770 3764 3764 W art : b62f1000-b62f2000 rw-p 00005000 b3:06 1555 /system/lib/libusbhost.so
06-09 00:12:49.770 3764 3764 W art : b62f2000-b632a000 r-xp 00000000 b3:06 1353 /system/lib/libjpeg.so
06-09 00:12:49.770 3764 3764 W art : b632a000-b632b000 r--p 00037000 b3:06 1353 /system/lib/libjpeg.so
06-09 00:12:49.770 3764 3764 W art : b632b000-b632c000 rw-p 00038000 b3:06 1353 /system/lib/libjpeg.so
06-09 00:12:49.770 3764 3764 W art : b632c000-b632d000 r--p 00000000 00:00 0 [anon:linker_alloc]
06-09 00:12:49.770 3764 3764 W art : b632d000-b63c1000 r-xp 00000000 b3:06 1364 /system/lib/libmedia.so
06-09 00:12:49.770 3764 3764 W art : b63c1000-b63dd000 r--p 00093000 b3:06 1364 /system/lib/libmedia.so
06-09 00:12:49.770 3764 3764 W art : b63dd000-b63de000 rw-p 000af000 b3:06 1364 /system/lib/libmedia.so
06-09 00:12:49.770 3764 3764 W art : b63de000-b6551000 r-xp 00000000 b3:06 1333 /system/lib/libicui18n.so
06-09 00:12:49.770 3764 3764 W art : b6551000-b655c000 r--p 00172000 b3:06 1333 /system/lib/libicui18n.so
06-09 00:12:49.770 3764 3764 W art : b655c000-b655d000 rw-p 0017d000 b3:06 1333 /system/lib/libicui18n.so
06-09 00:12:49.770 3764 3764 W art : b655d000-b6674000 r-xp 00000000 b3:06 1334 /system/lib/libicuuc.so
06-09 00:12:49.770 3764 3764 W art : b6674000-b667f000 r--p 00116000 b3:06 1334 /system/lib/libicuuc.so
06-09 00:12:49.770 3764 3764 W art : b667f000-b6680000 rw-p 00121000 b3:06 1334 /system/lib/libicuuc.so
06-09 00:12:49.770 3764 3764 W art : b6680000-b6684000 rw-p 00000000 00:00 0
06-09 00:12:49.770 3764 3764 W art : b6684000-b66a7000 r-xp 00000000 b3:06 1497 /system/lib/libssl.so
06-09 00:12:49.770 3764 3764 W art : b66a7000-b66a9000 r--p 00022000 b3:06 1497 /system/lib/libssl.so
06-09 00:12:49.770 3764 3764 W art : b66a9000-b66aa000 rw-p 00024000 b3:06 1497 /system/lib/libssl.so
06-09 00:12:49.770 3764 3764 W art : b66aa000-b673a000 r-xp 00000000 b3:06 1253 /system/lib/libcrypto.so
06-09 00:12:49.770 3764 3764 W art : b673a000-b673b000 ---p 00000000 00:00 0
06-09 00:12:49.770 3764 3764 W art : b673b000-b6746000 r--p 00090000 b3:06 1253 /system/lib/libcrypto.so
06-09 00:12:49.770 3764 3764 W art : b6746000-b6747000 rw-p 0009b000 b3:06 1253 /system/lib/libcrypto.so
06-09 00:12:49.770 3764 3764 W art : b6747000-b679a000 r-xp 00000000 b3:06 1485 /system/lib/libsonivox.so
06-09 00:12:49.770 3764 3764 W art : b679a000-b679b000 r--p 00052000 b3:06 1485 /system/lib/libsonivox.so
06-09 00:12:49.770 3764 3764 W art : b679b000-b679c000 rw-p 00053000 b3:06 1485 /system/lib/libsonivox.so
06-09 00:12:49.770 3764 3764 W art : b679c000-b67a1000 rw-p 00000000 00:00 0
06-09 00:12:49.770 3764 3764 W art : b67a1000-b67af000 r-xp 00000000 b3:06 1475 /system/lib/libselinux.so
06-09 00:12:49.770 3764 3764 W art : b67af000-b67b0000 ---p 00000000 00:00 0
06-09 00:12:49.770 3764 3764 W art : b67b0000-b67b1000 r--p 0000e000 b3:06 1475 /system/lib/libselinux.so
06-09 00:12:49.770 3764 3764 W art : b67b1000-b67b2000 rw-p 0000f000 b3:06 1475 /system/lib/libselinux.so
06-09 00:12:49.771 3764 3764 W art : b67b2000-b67b9000 r-xp 00000000 b3:06 1326 /system/lib/libhardware_legacy.so
06-09 00:12:49.771 3764 3764 W art : b67b9000-b67ba000 r--p 00006000 b3:06 1326 /system/lib/libhardware_legacy.so
06-09 00:12:49.771 3764 3764 W art : b67ba000-b67bb000 rw-p 00007000 b3:06 1326 /system/lib/libhardware_legacy.so
06-09 00:12:49.771 3764 3764 W art : b67bb000-b67bc000 rw-p 00000000 00:00 0
06-09 00:12:49.771 3764 3764 W art : b67bc000-b67bf000 r-xp 00000000 b3:06 1325 /system/lib/libhardware.so
06-09 00:12:49.771 3764 3764 W art : b67bf000-b67c0000 r--p 00002000 b3:06 1325 /system/lib/libhardware.so
06-09 00:12:49.771 3764 3764 W art : b67c0000-b67c1000 rw-p 00003000 b3:06 1325 /system/lib/libhardware.so
06-09 00:12:49.771 3764 3764 W art : b67c1000-b67c5000 r-xp 00000000 b3:06 1176 /system/lib/libETC1.so
06-09 00:12:49.771 3764 3764 W art : b67c5000-b67c6000 r--p 00003000 b3:06 1176 /system/lib/libETC1.so
06-09 00:12:49.771 3764 3764 W art : b67c6000-b67c7000 rw-p 00004000 b3:06 1176 /system/lib/libETC1.so
06-09 00:12:49.771 3764 3764 W art : b67c7000-b67d4000 r-xp 00000000 b3:06 1180 /system/lib/libGLESv2.so
06-09 00:12:49.771 3764 3764 W art : b67d4000-b67d5000 r--p 0000c000 b3:06 1180 /system/lib/libGLESv2.so
06-09 00:12:49.771 3764 3764 W art : b67d5000-b67d6000 rw-p 0000d000 b3:06 1180 /system/lib/libGLESv2.so
06-09 00:12:49.771 3764 3764 W art : b67d6000-b67de000 r-xp 00000000 b3:06 1179 /system/lib/libGLESv1_CM.so
06-09 00:12:49.771 3764 3764 W art : b67de000-b67df000 r--p 00007000 b3:06 1179 /system/lib/libGLESv1_CM.so
06-09 00:12:49.771 3764 3764 W art : b67df000-b67e0000 rw-p 00008000 b3:06 1179 /system/lib/libGLESv1_CM.so
06-09 00:12:49.771 3764 3764 W art : b67e0000-b683c000 r-xp 00000000 b3:06 1175 /system/lib/libEGL.so
06-09 00:12:49.771 3764 3764 W art : b683c000-b683d000 ---p 00000000 00:00 0
06-09 00:12:49.771 3764 3764 W art : b683d000-b683f000 r--p 0005c000 b3:06 1175 /system/lib/libEGL.so
06-09 00:12:49.771 3764 3764 W art : b683f000-b6848000 rw-p 0005e000 b3:06 1175 /system/lib/libEGL.so
06-09 00:12:49.771 3764 3764 W art : b6848000-b684b000 rw-p 00000000 00:00 0
06-09 00:12:49.771 3764 3764 W art : b684b000-b68ad000 r-xp 00000000 b3:06 1491 /system/lib/libsqlite.so
06-09 00:12:49.771 3764 3764 W art : b68ad000-b68af000 r--p 00061000 b3:06 1491 /system/lib/libsqlite.so
06-09 00:12:49.771 3764 3764 W art : b68af000-b68b0000 rw-p 00063000 b3:06 1491 /system/lib/libsqlite.so
06-09 00:12:49.771 3764 3764 W art : b68b0000-b68b1000 rw-p 00000000 00:00 0
06-09 00:12:49.771 3764 3764 W art : b68b1000-b6b02000 r-xp 00000000 b3:06 1481 /system/lib/libskia.so
06-09 00:12:49.771 3764 3764 W art : b6b02000-b6b03000 ---p 00000000 00:00 0
06-09 00:12:49.771 3764 3764 W art : b6b03000-b6b1d000 r--p 00251000 b3:06 1481 /system/lib/libskia.so
06-09 00:12:49.771 3764 3764 W art : b6b1d000-b6b1f000 rw-p 0026b000 b3:06 1481 /system/lib/libskia.so
06-09 00:12:49.771 3764 3764 W art : b6b1f000-b6b23000 rw-p 00000000 00:00 0
06-09 00:12:49.771 3764 3764 W art : b6b23000-b6b2b000 r-xp 00000000 b3:06 1242 /system/lib/libcamera_metadata.so
06-09 00:12:49.771 3764 3764 W art : b6b2b000-b6b2c000 r--p 00007000 b3:06 1242 /system/lib/libcamera_metadata.so
06-09 00:12:49.771 3764 3764 W art : b6b2c000-b6b2d000 rw-p 00008000 b3:06 1242 /system/lib/libcamera_metadata.so
06-09 00:12:49.771 3764 3764 W art : b6b2d000-b6b51000 r-xp 00000000 b3:06 1241 /system/lib/libcamera_client.so
06-09 00:12:49.771 3764 3764 W art : b6b51000-b6b52000 ---p 00000000 00:00 0
06-09 00:12:49.771 3764 3764 W art : b6b52000-b6b5a000 r--p 00024000 b3:06 1241 /system/lib/libcamera_client.so
06-09 00:12:49.771 3764 3764 W art : b6b5a000-b6b5b000 rw-p 0002c000 b3:06 1241 /system/lib/libcamera_client.so
06-09 00:12:49.771 3764 3764 W art : b6b5b000-b6b96000 r-xp 00000000 b3:06 1337 /system/lib/libinputflinger.so
06-09 00:12:49.771 3764 3764 W art : b6b96000-b6b97000 ---p 00000000 00:00 0
06-09 00:12:49.771 3764 3764 W art : b6b97000-b6b9a000 r--p 0003b000 b3:06 1337 /system/lib/libinputflinger.so
06-09 00:12:49.771 3764 3764 W art : b6b9a000-b6b9b000 rw-p 0003e000 b3:06 1337 /system/lib/libinputflinger.so
06-09 00:12:49.771 3764 3764 W art : b6b9b000-b6bb5000 r-xp 00000000 b3:06 1336 /system/lib/libinput.so
06-09 00:12:49.771 3764 3764 W art : b6bb5000-b6bb9000 r--p 00019000 b3:06 1336 /system/lib/libinput.so
06-09 00:12:49.771 3764 3764 W art : b6bb9000-b6bba000 rw-p 0001d000 b3:06 1336 /system/lib/libinput.so
06-09 00:12:49.771 3764 3764 W art : b6bba000-b6c06000 r-xp 00000000 b3:06 1323 /system/lib/libgui.so
06-09 00:12:49.771 3764 3764 W art : b6c06000-b6c07000 ---p 00000000 00:00 0
06-09 00:12:49.771 3764 3764 W art : b6c07000-b6c13000 r--p 0004c000 b3:06 1323 /system/lib/libgui.so
06-09 00:12:49.771 3764 3764 W art : b6c13000-b6c14000 rw-p 00058000 b3:06 1323 /system/lib/libgui.so
06-09 00:12:49.771 3764 3764 W art : b6c14000-b6c21000 r-xp 00000000 b3:06 1550 /system/lib/libui.so
06-09 00:12:49.771 3764 3764 W art : b6c21000-b6c22000 ---p 00000000 00:00 0
06-09 00:12:49.771 3764 3764 W art : b6c22000-b6c23000 r--p 0000d000 b3:06 1550 /system/lib/libui.so
06-09 00:12:49.771 3764 3764 W art : b6c23000-b6c24000 rw-p 0000e000 b3:06 1550 /system/lib/libui.so
06-09 00:12:49.771 3764 3764 W art : b6c24000-b6c2b000 r-xp 00000000 b3:06 1431 /system/lib/libnetutils.so
06-09 00:12:49.772 3764 3764 W art : b6c2b000-b6c2c000 r--p 00006000 b3:06 1431 /system/lib/libnetutils.so
06-09 00:12:49.772 3764 3764 W art : b6c2c000-b6c2d000 rw-p 00007000 b3:06 1431 /system/lib/libnetutils.so
06-09 00:12:49.772 3764 3764 W art : b6c2d000-b6c34000 r-xp 00000000 b3:06 1377 /system/lib/libnativehelper.so
06-09 00:12:49.772 3764 3764 W art : b6c34000-b6c35000 r--p 00006000 b3:06 1377 /system/lib/libnativehelper.so
06-09 00:12:49.772 3764 3764 W art : b6c35000-b6c36000 rw-p 00007000 b3:06 1377 /system/lib/libnativehelper.so
06-09 00:12:49.772 3764 3764 W art : b6c36000-b6c4a000 r-xp 00000000 b3:06 1285 /system/lib/libexpat.so
06-09 00:12:49.772 3764 3764 W art : b6c4a000-b6c4c000 r--p 00013000 b3:06 1285 /system/lib/libexpat.so
06-09 00:12:49.772 3764 3764 W art : b6c4c000-b6c4d000 rw-p 00015000 b3:06 1285 /system/lib/libexpat.so
06-09 00:12:49.772 3764 3764 W art : b6c4d000-b6c74000 r-xp 00000000 b3:06 1214 /system/lib/libandroidfw.so
06-09 00:12:49.772 3764 3764 W art : b6c74000-b6c75000 ---p 00000000 00:00 0
06-09 00:12:49.772 3764 3764 W art : b6c75000-b6c76000 r--p 00027000 b3:06 1214 /system/lib/libandroidfw.so
06-09 00:12:49.772 3764 3764 W art : b6c76000-b6c77000 rw-p 00028000 b3:06 1214 /system/lib/libandroidfw.so
06-09 00:12:49.772 3764 3764 W art : b6c77000-b6c7a000 r-xp 00000000 b3:06 1370 /system/lib/libmemtrack.so
06-09 00:12:49.772 3764 3764 W art : b6c7a000-b6c7b000 r--p 00002000 b3:06 1370 /system/lib/libmemtrack.so
06-09 00:12:49.772 3764 3764 W art : b6c7b000-b6c7c000 rw-p 00003000 b3:06 1370 /system/lib/libmemtrack.so
06-09 00:12:49.772 3764 3764 W art : b6c7c000-b6c85000 r-xp 00000000 b3:06 1229 /system/lib/libbacktrace.so
06-09 00:12:49.772 3764 3764 W art : b6c85000-b6c86000 r--p 00008000 b3:06 1229 /system/lib/libbacktrace.so
06-09 00:12:49.772 3764 3764 W art : b6c86000-b6c87000 rw-p 00009000 b3:06 1229 /system/lib/libbacktrace.so
06-09 00:12:49.772 3764 3764 W art : b6c87000-b6ca7000 r-xp 00000000 b3:06 1360 /system/lib/libm.so
06-09 00:12:49.772 3764 3764 W art : b6ca7000-b6ca8000 r--p 0001f000 b3:06 1360 /system/lib/libm.so
06-09 00:12:49.772 3764 3764 W art : b6ca8000-b6ca9000 rw-p 00020000 b3:06 1360 /system/lib/libm.so
06-09 00:12:49.772 3764 3764 W art : b6ca9000-b6d1c000 r-xp 00000000 b3:06 1237 /system/lib/libc.so
06-09 00:12:49.772 3764 3764 W art : b6d1c000-b6d20000 r--p 00072000 b3:06 1237 /system/lib/libc.so
06-09 00:12:49.772 3764 3764 W art : b6d20000-b6d23000 rw-p 00076000 b3:06 1237 /system/lib/libc.so
06-09 00:12:49.772 3764 3764 W art : b6d23000-b6d2d000 rw-p 00000000 00:00 0
06-09 00:12:49.772 3764 3764 W art : b6d2d000-b6db5000 r-xp 00000000 b3:06 1236 /system/lib/libc++.so
06-09 00:12:49.772 3764 3764 W art : b6db5000-b6db6000 ---p 00000000 00:00 0
06-09 00:12:49.772 3764 3764 W art : b6db6000-b6dba000 r--p 00088000 b3:06 1236 /system/lib/libc++.so
06-09 00:12:49.772 3764 3764 W art : b6dba000-b6dbb000 rw-p 0008c000 b3:06 1236 /system/lib/libc++.so
06-09 00:12:49.772 3764 3764 W art : b6dbb000-b6dbc000 rw-p 00000000 00:00 0
06-09 00:12:49.772 3764 3764 W art : b6dbc000-b6de4000 r-xp 00000000 b3:06 1595 /system/lib/libwilhelm.so
06-09 00:12:49.772 3764 3764 W art : b6de4000-b6de5000 ---p 00000000 00:00 0
06-09 00:12:49.772 3764 3764 W art : b6de5000-b6de8000 r--p 00028000 b3:06 1595 /system/lib/libwilhelm.so
06-09 00:12:49.772 3764 3764 W art : b6de8000-b6de9000 rw-p 0002b000 b3:06 1595 /system/lib/libwilhelm.so
06-09 00:12:49.772 3764 3764 W art : b6de9000-b6eb6000 r-xp 00000000 b3:06 1212 /system/lib/libandroid_runtime.so
06-09 00:12:49.772 3764 3764 W art : b6eb6000-b6ebd000 r--p 000cc000 b3:06 1212 /system/lib/libandroid_runtime.so
06-09 00:12:49.772 3764 3764 W art : b6ebd000-b6ec5000 rw-p 000d3000 b3:06 1212 /system/lib/libandroid_runtime.so
06-09 00:12:49.772 3764 3764 W art : b6ec5000-b6ec6000 rw-p 00000000 00:00 0 [anon:linker_alloc_vector]
06-09 00:12:49.772 3764 3764 W art : b6ec6000-b6eca000 r--p 00000000 00:00 0 [anon:linker_alloc]
06-09 00:12:49.772 3764 3764 W art : b6eca000-b6eef000 r-xp 00000000 b3:06 1234 /system/lib/libbinder.so
06-09 00:12:49.772 3764 3764 W art : b6eef000-b6ef0000 ---p 00000000 00:00 0
06-09 00:12:49.772 3764 3764 W art : b6ef0000-b6ef7000 r--p 00025000 b3:06 1234 /system/lib/libbinder.so
06-09 00:12:49.772 3764 3764 W art : b6ef7000-b6ef8000 rw-p 0002c000 b3:06 1234 /system/lib/libbinder.so
06-09 00:12:49.772 3764 3764 W art : b6ef8000-b6f00000 r-xp 00000000 b3:06 1358 /system/lib/liblog.so
06-09 00:12:49.772 3764 3764 W art : b6f00000-b6f01000 r--p 00007000 b3:06 1358 /system/lib/liblog.so
06-09 00:12:49.772 3764 3764 W art : b6f01000-b6f02000 rw-p 00008000 b3:06 1358 /system/lib/liblog.so
06-09 00:12:49.772 3764 3764 W art : b6f02000-b6f1a000 r-xp 00000000 b3:06 1556 /system/lib/libutils.so
06-09 00:12:49.772 3764 3764 W art : b6f1a000-b6f1b000 ---p 00000000 00:00 0
06-09 00:12:49.772 3764 3764 W art : b6f1b000-b6f1c000 r--p 00018000 b3:06 1556 /system/lib/libutils.so
06-09 00:12:49.772 3764 3764 W art : b6f1c000-b6f1d000 rw-p 00019000 b3:06 1556 /system/lib/libutils.so
06-09 00:12:49.772 3764 3764 W art : b6f1d000-b6f2b000 r-xp 00000000 b3:06 1255 /system/lib/libcutils.so
06-09 00:12:49.772 3764 3764 W art : b6f2b000-b6f2c000 ---p 00000000 00:00 0
06-09 00:12:49.772 3764 3764 W art : b6f2c000-b6f2d000 r--p 0000e000 b3:06 1255 /system/lib/libcutils.so
06-09 00:12:49.772 3764 3764 W art : b6f2d000-b6f2e000 rw-p 0000f000 b3:06 1255 /system/lib/libcutils.so
06-09 00:12:49.772 3764 3764 W art : b6f2e000-b6f2f000 rw-p 00000000 00:00 0 [anon:linker_alloc_vector]
06-09 00:12:49.772 3764 3764 W art : b6f2f000-b6f30000 rw-p 00000000 00:00 0 [anon:linker_alloc_64]
06-09 00:12:49.773 3764 3764 W art : b6f30000-b6f31000 r--p 00000000 00:00 0 [anon:linker_alloc]
06-09 00:12:49.773 3764 3764 W art : b6f32000-b6f33000 rw-p 00000000 00:00 0 [anon:linker_alloc_vector]
06-09 00:12:49.773 3764 3764 W art : b6f34000-b6f35000 r--p 00000000 00:00 0 [anon:linker_alloc]
06-09 00:12:49.773 3764 3764 W art : b6f79000-b6f7b000 rw-p 00000000 00:00 0
06-09 00:12:49.776 1110 1340 I customAudioLoopback: writeRadioTrack(): Info: trackPtr: 0xB5A9A008, buffer Ptr: 0xB4E7F880
06-09 00:12:49.776 1110 1340 I customAudioLoopback: writeRadioTrack(): Info: track->trackEnabled: 1, track->audioTrack: 0xB5A9D000, track->trackRunning: 1, track->recovering: 0
06-09 00:12:49.776 1110 1340 I customAudioLoopback: writeRadioTrack(): Info: trackPtr: 0xB5A9A01C, buffer Ptr: 0xB4E7F880
06-09 00:12:49.776 1110 1340 I customAudioLoopback: writeRadioTrack(): Info: track->trackEnabled: 1, track->audioTrack: 0xB5A9D280, track->trackRunning: 0, track->recovering: 0
06-09 00:12:49.800 1110 1340 I customAudioLoopback: writeRadioTrack(): Info: trackPtr: 0xB5A9A008, buffer Ptr: 0xB4E7F880
06-09 00:12:49.800 1110 1340 I customAudioLoopback: writeRadioTrack(): Info: track->trackEnabled: 1, track->audioTrack: 0xB5A9D000, track->trackRunning: 1, track->recovering: 0
06-09 00:12:49.800 1110 1340 I customAudioLoopback: writeRadioTrack(): Info: trackPtr: 0xB5A9A01C, buffer Ptr: 0xB4E7F880
06-09 00:12:49.800 1110 1340 I customAudioLoopback: writeRadioTrack(): Info: track->trackEnabled: 1, track->audioTrack: 0xB5A9D280, track->trackRunning: 0, track->recovering: 0
06-09 00:12:49.817 725 1427 D UISpeechService: "--> CALL GDM:442 Phone_TEFileRequest te_category=TE_CATEGORY_PHONE_FAVORITES phone_id_list={ 0 };"
06-09 00:12:49.817 725 1427 D UISpeechService: "interpreting call Phone_TEFileRequest"
06-09 00:12:49.817 725 1427 I UISpeechService: CPhoneSysCallImpl::callPhoneTEFileRequest()
06-09 00:12:49.817 725 1427 D UISpeechService: "<-- RESP GDM:442 Phone_TEFileRequest phone_te_file_request_result=TE_FILE_ERROR;"
06-09 00:12:49.819 1110 1340 I customAudioLoopback: writeRadioTrack(): Info: trackPtr: 0xB5A9A008, buffer Ptr: 0xB4E7F880
06-09 00:12:49.819 1110 1340 I customAudioLoopback: writeRadioTrack(): Info: track->trackEnabled: 1, track->audioTrack: 0xB5A9D000, track->trackRunning: 1, track->recovering: 0
06-09 00:12:49.819 1110 1340 I customAudioLoopback: writeRadioTrack(): Info: trackPtr: 0xB5A9A01C, buffer Ptr: 0xB4E7F880
06-09 00:12:49.819 1110 1340 I customAudioLoopback: writeRadioTrack(): Info: track->trackEnabled: 1, track->audioTrack: 0xB5A9D280, track->trackRunning: 0, track->recovering: 0
06-09 00:12:49.823 3764 3764 D ICU : No timezone override file found: /data/misc/zoneinfo/current/icu/icu_tzdata.dat
06-09 00:12:49.829 725 1131 D UpdateService-OTAPackageSource: RemoteReflashElecPwrdNss timeout. Setting value default to 0.0f.
06-09 00:12:49.831 753 753 D P13NService_CapUploadAfterDR: Device NOT registered yet - will try again after 5 sec..
06-09 00:12:49.841 1110 1340 I customAudioLoopback: writeRadioTrack(): Info: trackPtr: 0xB5A9A008, buffer Ptr: 0xB4E7F880
06-09 00:12:49.841 1110 1340 I customAudioLoopback: writeRadioTrack(): Info: track->trackEnabled: 1, track->audioTrack: 0xB5A9D000, track->trackRunning: 1, track->recovering: 0
06-09 00:12:49.841 1110 1340 I customAudioLoopback: writeRadioTrack(): Info: trackPtr: 0xB5A9A01C, buffer Ptr: 0xB4E7F880
06-09 00:12:49.841 1110 1340 I customAudioLoopback: writeRadioTrack(): Info: track->trackEnabled: 1, track->audioTrack: 0xB5A9D280, track->trackRunning: 0, track->recovering: 0
06-09 00:12:49.862 1110 1340 I customAudioLoopback: writeRadioTrack(): Info: trackPtr: 0xB5A9A008, buffer Ptr: 0xB4E7F880
06-09 00:12:49.862 1110 1340 I customAudioLoopback: writeRadioTrack(): Info: track->trackEnabled: 1, track->audioTrack: 0xB5A9D000, track->trackRunning: 1, track->recovering: 0
06-09 00:12:49.862 1110 1340 I customAudioLoopback: writeRadioTrack(): Info: trackPtr: 0xB5A9A01C, buffer Ptr: 0xB4E7F880
06-09 00:12:49.862 1110 1340 I customAudioLoopback: writeRadioTrack(): Info: track->trackEnabled: 1, track->audioTrack: 0xB5A9D280, track->trackRunning: 0, track->recovering: 0
06-09 00:12:49.874 3764 3764 I Radio-JNI: register_android_hardware_Radio DONE
06-09 00:12:49.884 1110 1340 I customAudioLoopback: writeRadioTrack(): Info: trackPtr: 0xB5A9A008, buffer Ptr: 0xB4E7F880
06-09 00:12:49.884 1110 1340 I customAudioLoopback: writeRadioTrack(): Info: track->trackEnabled: 1, track->audioTrack: 0xB5A9D000, track->trackRunning: 1, track->recovering: 0
06-09 00:12:49.884 1110 1340 I customAudioLoopback: writeRadioTrack(): Info: trackPtr: 0xB5A9A01C, buffer Ptr: 0xB4E7F880
06-09 00:12:49.884 1110 1340 I customAudioLoopback: writeRadioTrack(): Info: track->trackEnabled: 1, track->audioTrack: 0xB5A9D280, track->trackRunning: 0, track->recovering: 0
06-09 00:12:49.897 725 1427 D UISpeechService: "--> CALL GDM:443 System_LogMessage log_string='Queue size: 1. Top Task: TASK_CHANGE_USER_SETTINGS';"
06-09 00:12:49.897 725 1427 D UISpeechService: "interpreting call System_LogMessage"
06-09 00:12:49.897 725 1427 D UISpeechService: "LogMessage is Queue size: 1. Top Task: TASK_CHANGE_USER_SETTINGS"
06-09 00:12:49.897 725 1427 D UISpeechService: "<-- RESP GDM:443 System_LogMessage system_logmessage_result=SYSTEM_RESULT_OK;"
06-09 00:12:49.903 3764 3764 D AndroidRuntime: Calling main entry com.android.commands.am.Am
06-09 00:12:49.904 1110 1340 I customAudioLoopback: writeRadioTrack(): Info: trackPtr: 0xB5A9A008, buffer Ptr: 0xB4E7F880
06-09 00:12:49.904 1110 1340 I customAudioLoopback: writeRadioTrack(): Info: track->trackEnabled: 1, track->audioTrack: 0xB5A9D000, track->trackRunning: 1, track->recovering: 0
06-09 00:12:49.904 1110 1340 I customAudioLoopback: writeRadioTrack(): Info: trackPtr: 0xB5A9A01C, buffer Ptr: 0xB4E7F880
