06-09 00:12:43.935 3669 3669 W art : b6257000-b625b000 rw-p 0041b000 b3:06 1449 /system/lib/libpdfium.so
06-09 00:12:43.935 3669 3669 W art : b625b000-b625c000 rw-p 00000000 00:00 0
06-09 00:12:43.935 3669 3669 W art : b625c000-b6263000 r-xp 00000000 b3:06 1227 /system/lib/libaudioutils.so
06-09 00:12:43.935 3669 3669 W art : b6263000-b6264000 r--p 00006000 b3:06 1227 /system/lib/libaudioutils.so
06-09 00:12:43.935 3669 3669 W art : b6264000-b6265000 rw-p 00007000 b3:06 1227 /system/lib/libaudioutils.so
06-09 00:12:43.935 3669 3669 W art : b6265000-b6280000 r-xp 00000000 b3:06 1599 /system/lib/libz.so
06-09 00:12:43.935 3669 3669 W art : b6280000-b6281000 r--p 0001a000 b3:06 1599 /system/lib/libz.so
06-09 00:12:43.935 3669 3669 W art : b6281000-b6282000 rw-p 0001b000 b3:06 1599 /system/lib/libz.so
06-09 00:12:43.935 3669 3669 W art : b6282000-b6283000 rw-p 00000000 00:00 0 [anon:linker_alloc]
06-09 00:12:43.935 3669 3669 W art : b6283000-b62cf000 r-xp 00000000 b3:06 1327 /system/lib/libharfbuzz_ng.so
06-09 00:12:43.935 3669 3669 W art : b62cf000-b62d0000 r--p 0004b000 b3:06 1327 /system/lib/libharfbuzz_ng.so
06-09 00:12:43.935 3669 3669 W art : b62d0000-b62d1000 rw-p 0004c000 b3:06 1327 /system/lib/libharfbuzz_ng.so
06-09 00:12:43.935 3669 3669 W art : b62d1000-b62d5000 r-xp 00000000 b3:06 1555 /system/lib/libusbhost.so
06-09 00:12:43.935 3669 3669 W art : b62d5000-b62d6000 ---p 00000000 00:00 0
06-09 00:12:43.935 3669 3669 W art : b62d6000-b62d7000 r--p 00004000 b3:06 1555 /system/lib/libusbhost.so
06-09 00:12:43.935 3669 3669 W art : b62d7000-b62d8000 rw-p 00005000 b3:06 1555 /system/lib/libusbhost.so
06-09 00:12:43.935 3669 3669 W art : b62d8000-b6310000 r-xp 00000000 b3:06 1353 /system/lib/libjpeg.so
06-09 00:12:43.935 3669 3669 W art : b6310000-b6311000 r--p 00037000 b3:06 1353 /system/lib/libjpeg.so
06-09 00:12:43.935 3669 3669 W art : b6311000-b6312000 rw-p 00038000 b3:06 1353 /system/lib/libjpeg.so
06-09 00:12:43.935 3669 3669 W art : b6312000-b6313000 r--p 00000000 00:00 0 [anon:linker_alloc]
06-09 00:12:43.936 3669 3669 W art : b6313000-b63a7000 r-xp 00000000 b3:06 1364 /system/lib/libmedia.so
06-09 00:12:43.936 3669 3669 W art : b63a7000-b63c3000 r--p 00093000 b3:06 1364 /system/lib/libmedia.so
06-09 00:12:43.936 3669 3669 W art : b63c3000-b63c4000 rw-p 000af000 b3:06 1364 /system/lib/libmedia.so
06-09 00:12:43.936 3669 3669 W art : b63c4000-b6537000 r-xp 00000000 b3:06 1333 /system/lib/libicui18n.so
06-09 00:12:43.936 3669 3669 W art : b6537000-b6542000 r--p 00172000 b3:06 1333 /system/lib/libicui18n.so
06-09 00:12:43.936 3669 3669 W art : b6542000-b6543000 rw-p 0017d000 b3:06 1333 /system/lib/libicui18n.so
06-09 00:12:43.936 3669 3669 W art : b6543000-b665a000 r-xp 00000000 b3:06 1334 /system/lib/libicuuc.so
06-09 00:12:43.936 3669 3669 W art : b665a000-b6665000 r--p 00116000 b3:06 1334 /system/lib/libicuuc.so
06-09 00:12:43.936 3669 3669 W art : b6665000-b6666000 rw-p 00121000 b3:06 1334 /system/lib/libicuuc.so
06-09 00:12:43.936 3669 3669 W art : b6666000-b666a000 rw-p 00000000 00:00 0
06-09 00:12:43.936 3669 3669 W art : b666a000-b668d000 r-xp 00000000 b3:06 1497 /system/lib/libssl.so
06-09 00:12:43.937 3669 3669 W art : b668d000-b668f000 r--p 00022000 b3:06 1497 /system/lib/libssl.so
06-09 00:12:43.937 3669 3669 W art : b668f000-b6690000 rw-p 00024000 b3:06 1497 /system/lib/libssl.so
06-09 00:12:43.937 3669 3669 W art : b6690000-b6720000 r-xp 00000000 b3:06 1253 /system/lib/libcrypto.so
06-09 00:12:43.937 3669 3669 W art : b6720000-b6721000 ---p 00000000 00:00 0
06-09 00:12:43.937 3669 3669 W art : b6721000-b672c000 r--p 00090000 b3:06 1253 /system/lib/libcrypto.so
06-09 00:12:43.937 3669 3669 W art : b672c000-b672d000 rw-p 0009b000 b3:06 1253 /system/lib/libcrypto.so
06-09 00:12:43.937 3669 3669 W art : b672d000-b6780000 r-xp 00000000 b3:06 1485 /system/lib/libsonivox.so
06-09 00:12:43.937 3669 3669 W art : b6780000-b6781000 r--p 00052000 b3:06 1485 /system/lib/libsonivox.so
06-09 00:12:43.937 3669 3669 W art : b6781000-b6782000 rw-p 00053000 b3:06 1485 /system/lib/libsonivox.so
06-09 00:12:43.937 3669 3669 W art : b6782000-b6787000 rw-p 00000000 00:00 0
06-09 00:12:43.937 3669 3669 W art : b6787000-b6795000 r-xp 00000000 b3:06 1475 /system/lib/libselinux.so
06-09 00:12:43.937 3669 3669 W art : b6795000-b6796000 ---p 00000000 00:00 0
06-09 00:12:43.937 3669 3669 W art : b6796000-b6797000 r--p 0000e000 b3:06 1475 /system/lib/libselinux.so
06-09 00:12:43.937 3669 3669 W art : b6797000-b6798000 rw-p 0000f000 b3:06 1475 /system/lib/libselinux.so
06-09 00:12:43.937 3669 3669 W art : b6798000-b679f000 r-xp 00000000 b3:06 1326 /system/lib/libhardware_legacy.so
06-09 00:12:43.937 3669 3669 W art : b679f000-b67a0000 r--p 00006000 b3:06 1326 /system/lib/libhardware_legacy.so
06-09 00:12:43.937 3669 3669 W art : b67a0000-b67a1000 rw-p 00007000 b3:06 1326 /system/lib/libhardware_legacy.so
06-09 00:12:43.937 3669 3669 W art : b67a1000-b67a2000 rw-p 00000000 00:00 0
06-09 00:12:43.937 3669 3669 W art : b67a2000-b67a5000 r-xp 00000000 b3:06 1325 /system/lib/libhardware.so
06-09 00:12:43.938 3669 3669 W art : b67a5000-b67a6000 r--p 00002000 b3:06 1325 /system/lib/libhardware.so
06-09 00:12:43.938 3669 3669 W art : b67a6000-b67a7000 rw-p 00003000 b3:06 1325 /system/lib/libhardware.so
06-09 00:12:43.938 3669 3669 W art : b67a7000-b67ab000 r-xp 00000000 b3:06 1176 /system/lib/libETC1.so
06-09 00:12:43.938 3669 3669 W art : b67ab000-b67ac000 r--p 00003000 b3:06 1176 /system/lib/libETC1.so
06-09 00:12:43.938 3669 3669 W art : b67ac000-b67ad000 rw-p 00004000 b3:06 1176 /system/lib/libETC1.so
06-09 00:12:43.938 3669 3669 W art : b67ad000-b67ba000 r-xp 00000000 b3:06 1180 /system/lib/libGLESv2.so
06-09 00:12:43.938 3669 3669 W art : b67ba000-b67bb000 r--p 0000c000 b3:06 1180 /system/lib/libGLESv2.so
06-09 00:12:43.938 3669 3669 W art : b67bb000-b67bc000 rw-p 0000d000 b3:06 1180 /system/lib/libGLESv2.so
06-09 00:12:43.938 3669 3669 W art : b67bc000-b67c4000 r-xp 00000000 b3:06 1179 /system/lib/libGLESv1_CM.so
06-09 00:12:43.938 3669 3669 W art : b67c4000-b67c5000 r--p 00007000 b3:06 1179 /system/lib/libGLESv1_CM.so
06-09 00:12:43.938 3669 3669 W art : b67c5000-b67c6000 rw-p 00008000 b3:06 1179 /system/lib/libGLESv1_CM.so
06-09 00:12:43.938 3669 3669 W art : b67c6000-b6822000 r-xp 00000000 b3:06 1175 /system/lib/libEGL.so
06-09 00:12:43.938 3669 3669 W art : b6822000-b6823000 ---p 00000000 00:00 0
06-09 00:12:43.938 3669 3669 W art : b6823000-b6825000 r--p 0005c000 b3:06 1175 /system/lib/libEGL.so
06-09 00:12:43.938 3669 3669 W art : b6825000-b682e000 rw-p 0005e000 b3:06 1175 /system/lib/libEGL.so
06-09 00:12:43.938 3669 3669 W art : b682e000-b6831000 rw-p 00000000 00:00 0
06-09 00:12:43.939 3669 3669 W art : b6831000-b6893000 r-xp 00000000 b3:06 1491 /system/lib/libsqlite.so
06-09 00:12:43.939 3669 3669 W art : b6893000-b6895000 r--p 00061000 b3:06 1491 /system/lib/libsqlite.so
06-09 00:12:43.939 3669 3669 W art : b6895000-b6896000 rw-p 00063000 b3:06 1491 /system/lib/libsqlite.so
06-09 00:12:43.939 3669 3669 W art : b6896000-b6897000 rw-p 00000000 00:00 0
06-09 00:12:43.939 3669 3669 W art : b6897000-b6ae8000 r-xp 00000000 b3:06 1481 /system/lib/libskia.so
06-09 00:12:43.939 3669 3669 W art : b6ae8000-b6ae9000 ---p 00000000 00:00 0
06-09 00:12:43.939 3669 3669 W art : b6ae9000-b6b03000 r--p 00251000 b3:06 1481 /system/lib/libskia.so
06-09 00:12:43.939 3669 3669 W art : b6b03000-b6b05000 rw-p 0026b000 b3:06 1481 /system/lib/libskia.so
06-09 00:12:43.939 3669 3669 W art : b6b05000-b6b09000 rw-p 00000000 00:00 0
06-09 00:12:43.939 3669 3669 W art : b6b09000-b6b11000 r-xp 00000000 b3:06 1242 /system/lib/libcamera_metadata.so
06-09 00:12:43.939 3669 3669 W art : b6b11000-b6b12000 r--p 00007000 b3:06 1242 /system/lib/libcamera_metadata.so
06-09 00:12:43.939 3669 3669 W art : b6b12000-b6b13000 rw-p 00008000 b3:06 1242 /system/lib/libcamera_metadata.so
06-09 00:12:43.939 3669 3669 W art : b6b13000-b6b37000 r-xp 00000000 b3:06 1241 /system/lib/libcamera_client.so
06-09 00:12:43.939 3669 3669 W art : b6b37000-b6b38000 ---p 00000000 00:00 0
06-09 00:12:43.939 3669 3669 W art : b6b38000-b6b40000 r--p 00024000 b3:06 1241 /system/lib/libcamera_client.so
06-09 00:12:43.939 3669 3669 W art : b6b40000-b6b41000 rw-p 0002c000 b3:06 1241 /system/lib/libcamera_client.so
06-09 00:12:43.939 3669 3669 W art : b6b41000-b6b7c000 r-xp 00000000 b3:06 1337 /system/lib/libinputflinger.so
06-09 00:12:43.939 3669 3669 W art : b6b7c000-b6b7d000 ---p 00000000 00:00 0
06-09 00:12:43.939 3669 3669 W art : b6b7d000-b6b80000 r--p 0003b000 b3:06 1337 /system/lib/libinputflinger.so
06-09 00:12:43.939 3669 3669 W art : b6b80000-b6b81000 rw-p 0003e000 b3:06 1337 /system/lib/libinputflinger.so
06-09 00:12:43.939 3669 3669 W art : b6b81000-b6b9b000 r-xp 00000000 b3:06 1336 /system/lib/libinput.so
06-09 00:12:43.939 3669 3669 W art : b6b9b000-b6b9f000 r--p 00019000 b3:06 1336 /system/lib/libinput.so
06-09 00:12:43.939 3669 3669 W art : b6b9f000-b6ba0000 rw-p 0001d000 b3:06 1336 /system/lib/libinput.so
06-09 00:12:43.939 3669 3669 W art : b6ba0000-b6bec000 r-xp 00000000 b3:06 1323 /system/lib/libgui.so
06-09 00:12:43.939 3669 3669 W art : b6bec000-b6bed000 ---p 00000000 00:00 0
06-09 00:12:43.939 3669 3669 W art : b6bed000-b6bf9000 r--p 0004c000 b3:06 1323 /system/lib/libgui.so
06-09 00:12:43.939 3669 3669 W art : b6bf9000-b6bfa000 rw-p 00058000 b3:06 1323 /system/lib/libgui.so
06-09 00:12:43.939 3669 3669 W art : b6bfa000-b6c07000 r-xp 00000000 b3:06 1550 /system/lib/libui.so
06-09 00:12:43.939 3669 3669 W art : b6c07000-b6c08000 ---p 00000000 00:00 0
06-09 00:12:43.940 3669 3669 W art : b6c08000-b6c09000 r--p 0000d000 b3:06 1550 /system/lib/libui.so
06-09 00:12:43.940 3669 3669 W art : b6c09000-b6c0a000 rw-p 0000e000 b3:06 1550 /system/lib/libui.so
06-09 00:12:43.940 3669 3669 W art : b6c0a000-b6c11000 r-xp 00000000 b3:06 1431 /system/lib/libnetutils.so
06-09 00:12:43.940 3669 3669 W art : b6c11000-b6c12000 r--p 00006000 b3:06 1431 /system/lib/libnetutils.so
06-09 00:12:43.940 3669 3669 W art : b6c12000-b6c13000 rw-p 00007000 b3:06 1431 /system/lib/libnetutils.so
06-09 00:12:43.940 3669 3669 W art : b6c13000-b6c1a000 r-xp 00000000 b3:06 1377 /system/lib/libnativehelper.so
06-09 00:12:43.940 3669 3669 W art : b6c1a000-b6c1b000 r--p 00006000 b3:06 1377 /system/lib/libnativehelper.so
06-09 00:12:43.940 3669 3669 W art : b6c1b000-b6c1c000 rw-p 00007000 b3:06 1377 /system/lib/libnativehelper.so
06-09 00:12:43.940 3669 3669 W art : b6c1c000-b6c30000 r-xp 00000000 b3:06 1285 /system/lib/libexpat.so
06-09 00:12:43.940 3669 3669 W art : b6c30000-b6c32000 r--p 00013000 b3:06 1285 /system/lib/libexpat.so
06-09 00:12:43.940 3669 3669 W art : b6c32000-b6c33000 rw-p 00015000 b3:06 1285 /system/lib/libexpat.so
06-09 00:12:43.940 3669 3669 W art : b6c33000-b6c5a000 r-xp 00000000 b3:06 1214 /system/lib/libandroidfw.so
06-09 00:12:43.940 3669 3669 W art : b6c5a000-b6c5b000 ---p 00000000 00:00 0
06-09 00:12:43.940 3669 3669 W art : b6c5b000-b6c5c000 r--p 00027000 b3:06 1214 /system/lib/libandroidfw.so
06-09 00:12:43.940 3669 3669 W art : b6c5c000-b6c5d000 rw-p 00028000 b3:06 1214 /system/lib/libandroidfw.so
06-09 00:12:43.940 3669 3669 W art : b6c5d000-b6c60000 r-xp 00000000 b3:06 1370 /system/lib/libmemtrack.so
06-09 00:12:43.940 3669 3669 W art : b6c60000-b6c61000 r--p 00002000 b3:06 1370 /system/lib/libmemtrack.so
06-09 00:12:43.941 3669 3669 W art : b6c61000-b6c62000 rw-p 00003000 b3:06 1370 /system/lib/libmemtrack.so
06-09 00:12:43.941 3669 3669 W art : b6c62000-b6c6b000 r-xp 00000000 b3:06 1229 /system/lib/libbacktrace.so
06-09 00:12:43.941 3669 3669 W art : b6c6b000-b6c6c000 r--p 00008000 b3:06 1229 /system/lib/libbacktrace.so
06-09 00:12:43.941 3669 3669 W art : b6c6c000-b6c6d000 rw-p 00009000 b3:06 1229 /system/lib/libbacktrace.so
06-09 00:12:43.941 3669 3669 W art : b6c6d000-b6c8d000 r-xp 00000000 b3:06 1360 /system/lib/libm.so
06-09 00:12:43.941 3669 3669 W art : b6c8d000-b6c8e000 r--p 0001f000 b3:06 1360 /system/lib/libm.so
06-09 00:12:43.941 3669 3669 W art : b6c8e000-b6c8f000 rw-p 00020000 b3:06 1360 /system/lib/libm.so
06-09 00:12:43.941 3669 3669 W art : b6c8f000-b6d02000 r-xp 00000000 b3:06 1237 /system/lib/libc.so
06-09 00:12:43.941 3669 3669 W art : b6d02000-b6d06000 r--p 00072000 b3:06 1237 /system/lib/libc.so
06-09 00:12:43.941 3669 3669 W art : b6d06000-b6d09000 rw-p 00076000 b3:06 1237 /system/lib/libc.so
06-09 00:12:43.941 3669 3669 W art : b6d09000-b6d13000 rw-p 00000000 00:00 0
06-09 00:12:43.941 3669 3669 W art : b6d13000-b6d9b000 r-xp 00000000 b3:06 1236 /system/lib/libc++.so
06-09 00:12:43.941 3669 3669 W art : b6d9b000-b6d9c000 ---p 00000000 00:00 0
06-09 00:12:43.941 3669 3669 W art : b6d9c000-b6da0000 r--p 00088000 b3:06 1236 /system/lib/libc++.so
06-09 00:12:43.941 3669 3669 W art : b6da0000-b6da1000 rw-p 0008c000 b3:06 1236 /system/lib/libc++.so
06-09 00:12:43.941 3669 3669 W art : b6da1000-b6da2000 rw-p 00000000 00:00 0
06-09 00:12:43.941 3669 3669 W art : b6da2000-b6dca000 r-xp 00000000 b3:06 1595 /system/lib/libwilhelm.so
06-09 00:12:43.941 3669 3669 W art : b6dca000-b6dcb000 ---p 00000000 00:00 0
06-09 00:12:43.941 3669 3669 W art : b6dcb000-b6dce000 r--p 00028000 b3:06 1595 /system/lib/libwilhelm.so
06-09 00:12:43.941 3669 3669 W art : b6dce000-b6dcf000 rw-p 0002b000 b3:06 1595 /system/lib/libwilhelm.so
06-09 00:12:43.941 3669 3669 W art : b6dcf000-b6e9c000 r-xp 00000000 b3:06 1212 /system/lib/libandroid_runtime.so
06-09 00:12:43.942 3669 3669 W art : b6e9c000-b6ea3000 r--p 000cc000 b3:06 1212 /system/lib/libandroid_runtime.so
06-09 00:12:43.942 3669 3669 W art : b6ea3000-b6eab000 rw-p 000d3000 b3:06 1212 /system/lib/libandroid_runtime.so
06-09 00:12:43.942 3669 3669 W art : b6eab000-b6eac000 rw-p 00000000 00:00 0 [anon:linker_alloc_vector]
06-09 00:12:43.942 3669 3669 W art : b6eac000-b6eb0000 r--p 00000000 00:00 0 [anon:linker_alloc]
06-09 00:12:43.942 3669 3669 W art : b6eb0000-b6ed5000 r-xp 00000000 b3:06 1234 /system/lib/libbinder.so
06-09 00:12:43.942 3669 3669 W art : b6ed5000-b6ed6000 ---p 00000000 00:00 0
06-09 00:12:43.942 3669 3669 W art : b6ed6000-b6edd000 r--p 00025000 b3:06 1234 /system/lib/libbinder.so
06-09 00:12:43.942 3669 3669 W art : b6edd000-b6ede000 rw-p 0002c000 b3:06 1234 /system/lib/libbinder.so
06-09 00:12:43.942 3669 3669 W art : b6ede000-b6ee6000 r-xp 00000000 b3:06 1358 /system/lib/liblog.so
06-09 00:12:43.942 3669 3669 W art : b6ee6000-b6ee7000 r--p 00007000 b3:06 1358 /system/lib/liblog.so
06-09 00:12:43.942 3669 3669 W art : b6ee7000-b6ee8000 rw-p 00008000 b3:06 1358 /system/lib/liblog.so
06-09 00:12:43.942 3669 3669 W art : b6ee8000-b6f00000 r-xp 00000000 b3:06 1556 /system/lib/libutils.so
06-09 00:12:43.942 3669 3669 W art : b6f00000-b6f01000 ---p 00000000 00:00 0
06-09 00:12:43.942 3669 3669 W art : b6f01000-b6f02000 r--p 00018000 b3:06 1556 /system/lib/libutils.so
06-09 00:12:43.942 3669 3669 W art : b6f02000-b6f03000 rw-p 00019000 b3:06 1556 /system/lib/libutils.so
06-09 00:12:43.942 3669 3669 W art : b6f03000-b6f11000 r-xp 00000000 b3:06 1255 /system/lib/libcutils.so
06-09 00:12:43.942 3669 3669 W art : b6f11000-b6f12000 ---p 00000000 00:00 0
06-09 00:12:43.942 3669 3669 W art : b6f12000-b6f13000 r--p 0000e000 b3:06 1255 /system/lib/libcutils.so
06-09 00:12:43.942 3669 3669 W art : b6f13000-b6f14000 rw-p 0000f000 b3:06 1255 /system/lib/libcutils.so
06-09 00:12:43.942 3669 3669 W art : b6f14000-b6f15000 rw-p 00000000 00:00 0 [anon:linker_alloc_vector]
06-09 00:12:43.942 3669 3669 W art : b6f15000-b6f16000 rw-p 00000000 00:00 0 [anon:linker_alloc_64]
06-09 00:12:43.942 3669 3669 W art : b6f16000-b6f17000 r--p 00000000 00:00 0 [anon:linker_alloc]
06-09 00:12:43.942 3669 3669 W art : b6f17000-b6f18000 rw-p 00000000 00:00 0 [anon:linker_alloc]
06-09 00:12:43.943 3669 3669 W art : b6f18000-b6f19000 rw-p 00000000 00:00 0 [anon:linker_alloc_vector]
06-09 00:12:43.943 3669 3669 W art : b6f19000-b6f1a000 rw-p 00000000 00:00 0 [anon:linker_alloc_32]
06-09 00:12:43.943 3669 3669 W art : b6f1a000-b6f1b000 r--p 00000000 00:00 0 [anon:linker_alloc]
06-09 00:12:43.943 3669 3669 W art : b6f1b000-b6f3b000 r--s 00000000 00:0e 9470 /dev/__properties__
06-09 00:12:43.943 3669 3669 W art : b6f3b000-b6f3c000 r--p 00000000 00:00 0
06-09 00:12:43.943 3669 3669 W art : b6f3c000-b6f3d000 ---p 00000000 00:00 0
06-09 00:12:43.943 3669 3669 W art : b6f3d000-b6f3f000 rw-p 00000000 00:00 0 [anon:thread signal stack]
06-09 00:12:43.943 3669 3669 W art : b6f3f000-b6f5c000 r-xp 00000000 b3:06 442 /system/bin/linker
06-09 00:12:43.943 3669 3669 W art : b6f5c000-b6f5d000 r--p 0001c000 b3:06 442 /system/bin/linker
06-09 00:12:43.943 3669 3669 W art : b6f5d000-b6f5f000 rw-p 0001d000 b3:06 442 /system/bin/linker
06-09 00:12:43.943 3669 3669 W art : b6f5f000-b6f61000 rw-p 00000000 00:00 0
06-09 00:12:43.943 3669 3669 W art : bee22000-bee43000 rw-p 00000000 00:00 0 [stack]
06-09 00:12:43.943 3669 3669 W art : beee5000-beee6000 r-xp 00000000 00:00 0 [sigpage]
06-09 00:12:43.943 3669 3669 W art : beee6000-beee7000 r--p 00000000 00:00 0 [vvar]
06-09 00:12:43.943 3669 3669 W art : beee7000-beee8000 r-xp 00000000 00:00 0 [vdso]
06-09 00:12:43.943 3669 3669 W art : ffff0000-ffff1000 r-xp 00000000 00:00 0 [vectors]
06-09 00:12:43.952 1110 1340 I customAudioLoopback: writeRadioTrack(): Info: trackPtr: 0xB5A9A008, buffer Ptr: 0xB4E7F880
06-09 00:12:43.952 1110 1340 I customAudioLoopback: writeRadioTrack(): Info: track->trackEnabled: 1, track->audioTrack: 0xB5A9D000, track->trackRunning: 1, track->recovering: 0
06-09 00:12:43.952 1110 1340 I customAudioLoopback: writeRadioTrack(): Info: trackPtr: 0xB5A9A01C, buffer Ptr: 0xB4E7F880
06-09 00:12:43.952 1110 1340 I customAudioLoopback: writeRadioTrack(): Info: track->trackEnabled: 1, track->audioTrack: 0xB5A9D280, track->trackRunning: 0, track->recovering: 0
06-09 00:12:43.973 1110 1340 I customAudioLoopback: writeRadioTrack(): Info: trackPtr: 0xB5A9A008, buffer Ptr: 0xB4E7F880
06-09 00:12:43.973 1110 1340 I customAudioLoopback: writeRadioTrack(): Info: track->trackEnabled: 1, track->audioTrack: 0xB5A9D000, track->trackRunning: 1, track->recovering: 0
06-09 00:12:43.973 1110 1340 I customAudioLoopback: writeRadioTrack(): Info: trackPtr: 0xB5A9A01C, buffer Ptr: 0xB4E7F880
06-09 00:12:43.973 1110 1340 I customAudioLoopback: writeRadioTrack(): Info: track->trackEnabled: 1, track->audioTrack: 0xB5A9D280, track->trackRunning: 0, track->recovering: 0
06-09 00:12:43.976 2312 2330 D xxxxxx_gps: process_ndr_data() sensorCnt:22836, sequenceNr:664, lat:0, lon:0, heading:9000
06-09 00:12:43.976 2312 2330 D xxxxxx_gps: process_ndr_data() deltaHeading:-0.000000, speed:0, distance:878784, meter:0, DR timestamp:718446, utcTime:0
06-09 00:12:43.976 2312 2330 D xxxxxx_gps: Time not Availible from Fix!
06-09 00:12:43.976 2312 2330 D xxxxxx_gps: DR Time is 718446 at Utc Time 718446
06-09 00:12:43.984 725 1038 I com.gm.server.traffic.TrafficServiceImpl: signalMonitor: Not connected, reconnecting...
06-09 00:12:43.986 725 1038 E com.gm.server.traffic.TrafficServiceImpl: signalMonitor: socket connection exception
06-09 00:12:43.986 725 1038 E com.gm.server.traffic.TrafficServiceImpl: java.net.ConnectException: failed to connect to /192.168.1.10 (port 11999): connect failed: ECONNREFUSED (Connection refused)
06-09 00:12:43.986 725 1038 E com.gm.server.traffic.TrafficServiceImpl: at libcore.io.IoBridge.connect(IoBridge.java:124)
06-09 00:12:43.986 725 1038 E com.gm.server.traffic.TrafficServiceImpl: at java.net.PlainSocketImpl.connect(PlainSocketImpl.java:183)
06-09 00:12:43.986 725 1038 E com.gm.server.traffic.TrafficServiceImpl: at java.net.PlainSocketImpl.connect(PlainSocketImpl.java:163)
06-09 00:12:43.986 725 1038 E com.gm.server.traffic.TrafficServiceImpl: at java.net.Socket.startupSocket(Socket.java:592)
06-09 00:12:43.986 725 1038 E com.gm.server.traffic.TrafficServiceImpl: at java.net.Socket.tryAllAddresses(Socket.java:128)
06-09 00:12:43.986 725 1038 E com.gm.server.traffic.TrafficServiceImpl: at java.net.Socket.(Socket.java:178)
06-09 00:12:43.986 725 1038 E com.gm.server.traffic.TrafficServiceImpl: at java.net.Socket.(Socket.java:150)
06-09 00:12:43.986 725 1038 E com.gm.server.traffic.TrafficServiceImpl: at com.gm.server.traffic.SocketImpl.connect(SocketImpl.java:22)
06-09 00:12:43.986 725 1038 E com.gm.server.traffic.TrafficServiceImpl: at com.gm.server.traffic.TrafficServiceImpl$1.run(TrafficServiceImpl.java:227)
06-09 00:12:43.986 725 1038 E com.gm.server.traffic.TrafficServiceImpl: at java.util.concurrent.ThreadPoolExecutor.runWorker(ThreadPoolExecutor.java:1113)
06-09 00:12:43.986 725 1038 E com.gm.server.traffic.TrafficServiceImpl: at java.util.concurrent.ThreadPoolExecutor$Worker.run(ThreadPoolExecutor.java:588)
06-09 00:12:43.986 725 1038 E com.gm.server.traffic.TrafficServiceImpl: at java.lang.Thread.run(Thread.java:818)
06-09 00:12:43.986 725 1038 E com.gm.server.traffic.TrafficServiceImpl: Caused by: android.system.ErrnoException: connect failed: ECONNREFUSED (Connection refused)
06-09 00:12:43.986 725 1038 E com.gm.server.traffic.TrafficServiceImpl: at libcore.io.Posix.connect(Native Method)
06-09 00:12:43.986 725 1038 E com.gm.server.traffic.TrafficServiceImpl: at libcore.io.BlockGuardOs.connect(BlockGuardOs.java:111)
06-09 00:12:43.986 725 1038 E com.gm.server.traffic.TrafficServiceImpl: at libcore.io.IoBridge.connectErrno(IoBridge.java:137)
06-09 00:12:43.986 725 1038 E com.gm.server.traffic.TrafficServiceImpl: at libcore.io.IoBridge.connect(IoBridge.java:122)
06-09 00:12:43.986 725 1038 E com.gm.server.traffic.TrafficServiceImpl: ... 11 more
06-09 00:12:43.995 1110 1340 I customAudioLoopback: writeRadioTrack(): Info: trackPtr: 0xB5A9A008, buffer Ptr: 0xB4E7F880
06-09 00:12:43.995 1110 1340 I customAudioLoopback: writeRadioTrack(): Info: track->trackEnabled: 1, track->audioTrack: 0xB5A9D000, track->trackRunning: 1, track->recovering: 0
06-09 00:12:43.995 1110 1340 I customAudioLoopback: writeRadioTrack(): Info: trackPtr: 0xB5A9A01C, buffer Ptr: 0xB4E7F880
06-09 00:12:43.995 1110 1340 I customAudioLoopback: writeRadioTrack(): Info: track->trackEnabled: 1, track->audioTrack: 0xB5A9D280, track->trackRunning: 0, track->recovering: 0
06-09 00:12:44.016 1110 1340 I customAudioLoopback: writeRadioTrack(): Info: trackPtr: 0xB5A9A008, buffer Ptr: 0xB4E7F880
06-09 00:12:44.016 1110 1340 I customAudioLoopback: writeRadioTrack(): Info: track->trackEnabled: 1, track->audioTrack: 0xB5A9D000, track->trackRunning: 1, track->recovering: 0
06-09 00:12:44.016 1110 1340 I customAudioLoopback: writeRadioTrack(): Info: trackPtr: 0xB5A9A01C, buffer Ptr: 0xB4E7F880
06-09 00:12:44.016 1110 1340 I customAudioLoopback: writeRadioTrack(): Info: track->trackEnabled: 1, track->audioTrack: 0xB5A9D280, track->trackRunning: 0, track->recovering: 0
06-09 00:12:44.018 3669 3669 D ICU : No timezone override file found: /data/misc/zoneinfo/current/icu/icu_tzdata.dat
06-09 00:12:44.038 1110 1340 I customAudioLoopback: writeRadioTrack(): Info: trackPtr: 0xB5A9A008, buffer Ptr: 0xB4E7F880
06-09 00:12:44.038 1110 1340 I customAudioLoopback: writeRadioTrack(): Info: track->trackEnabled: 1, track->audioTrack: 0xB5A9D000, track->trackRunning: 1, track->recovering: 0
06-09 00:12:44.038 1110 1340 I customAudioLoopback: writeRadioTrack(): Info: trackPtr: 0xB5A9A01C, buffer Ptr: 0xB4E7F880
06-09 00:12:44.038 1110 1340 I customAudioLoopback: writeRadioTrack(): Info: track->trackEnabled: 1, track->audioTrack: 0xB5A9D280, track->trackRunning: 0, track->recovering: 0
06-09 00:12:44.036 725 725 D OnStar.OnStarRemoteReflashManager: subscribeRR
06-09 00:12:44.039 725 725 E OnStar.OnStarRemoteReflashService: subscribeRR->Failed to subscribe for RR->Reason :
06-09 00:12:44.039 725 725 E OnStar.OnStarRemoteReflashService: com.gm.server.onstar.connector.OnStarConnectionException: FSA RemoteReflash client is not ready [UNINITIALIZED]
06-09 00:12:44.039 725 725 E OnStar.OnStarRemoteReflashService: at com.gm.server.onstar.connector.FsaTcpConnector.getRemoteReflashClient(FsaTcpConnector.java:2642)
06-09 00:12:44.039 725 725 E OnStar.OnStarRemoteReflashService: at com.gm.server.onstar.connector.FsaTcpConnector.subscribeRR(FsaTcpConnector.java:1635)
06-09 00:12:44.039 725 725 E OnStar.OnStarRemoteReflashService: at com.gm.server.onstar.OnStarRemoteReflashService.subscribeRR(OnStarRemoteReflashService.java:341)
06-09 00:12:44.039 725 725 E OnStar.OnStarRemoteReflashService: at gm.onstar.OnStarRemoteReflashManager.subscribeRR(OnStarRemoteReflashManager.java:386)
06-09 00:12:44.039 725 725 E OnStar.OnStarRemoteReflashService: at com.gm.server.update.packagedepot.TCPMRemoteReflashHandler.initializeRemoteReflash(TCPMRemoteReflashHandler.java:1062)
06-09 00:12:44.039 725 725 E OnStar.OnStarRemoteReflashService: at com.gm.server.update.packagedepot.TCPMRemoteReflashHandler.-wrap31(TCPMRemoteReflashHandler.java)
06-09 00:12:44.039 725 725 E OnStar.OnStarRemoteReflashService: at com.gm.server.update.packagedepot.TCPMRemoteReflashHandler$6.run(TCPMRemoteReflashHandler.java:877)
06-09 00:12:44.039 725 725 E OnStar.OnStarRemoteReflashService: at android.os.Handler.handleCallback(Handler.java:739)
06-09 00:12:44.039 725 725 E OnStar.OnStarRemoteReflashService: at android.os.Handler.dispatchMessage(Handler.java:95)
06-09 00:12:44.039 725 725 E OnStar.OnStarRemoteReflashService: at android.os.Looper.loop(Looper.java:148)
06-09 00:12:44.039 725 725 E OnStar.OnStarRemoteReflashService: at android.app.ActivityThread.main(ActivityThread.java:5417)
06-09 00:12:44.039 725 725 E OnStar.OnStarRemoteReflashService: at java.lang.reflect.Method.invoke(Native Method)
06-09 00:12:44.039 725 725 E OnStar.OnStarRemoteReflashService: at com.android.internal.os.ZygoteInit$MethodAndArgsCaller.run(ZygoteInit.java:759)
06-09 00:12:44.039 725 725 E OnStar.OnStarRemoteReflashService: at com.android.internal.os.ZygoteInit.main(ZygoteInit.java:649)
06-09 00:12:44.039 725 725 E OnStar.OnStarRemoteReflashManager: subscribeRR->Failed to subscibe to RR->gm.onstar.exception.OnStarException: subscribeRR->FSA functions client is not ready
06-09 00:12:44.039 725 725 I UpdateService-TCPMRemoteReflashHandler: initializeRemoteReflash() ... initialized? false
06-09 00:12:44.058 1110 1340 I customAudioLoopback: writeRadioTrack(): Info: trackPtr: 0xB5A9A008, buffer Ptr: 0xB4E7F880
06-09 00:12:44.058 1110 1340 I customAudioLoopback: writeRadioTrack(): Info: track->trackEnabled: 1, track->audioTrack: 0xB5A9D000, track->trackRunning: 1, track->recovering: 0
06-09 00:12:44.058 1110 1340 I customAudioLoopback: writeRadioTrack(): Info: trackPtr: 0xB5A9A01C, buffer Ptr: 0xB4E7F880
06-09 00:12:44.058 1110 1340 I customAudioLoopback: writeRadioTrack(): Info: track->trackEnabled: 1, track->audioTrack: 0xB5A9D280, track->trackRunning: 0, track->recovering: 0
06-09 00:12:44.062 3669 3669 I Radio-JNI: register_android_hardware_Radio DONE
06-09 00:12:44.080 1110 1340 I customAudioLoopback: writeRadioTrack(): Info: trackPtr: 0xB5A9A008, buffer Ptr: 0xB4E7F880
06-09 00:12:44.080 1110 1340 I customAudioLoopback: writeRadioTrack(): Info: track->trackEnabled: 1, track->audioTrack: 0xB5A9D000, track->trackRunning: 1, track->recovering: 0
06-09 00:12:44.080 1110 1340 I customAudioLoopback: writeRadioTrack(): Info: trackPtr: 0xB5A9A01C, buffer Ptr: 0xB4E7F880
06-09 00:12:44.080 1110 1340 I customAudioLoopback: writeRadioTrack(): Info: track->trackEnabled: 1, track->audioTrack: 0xB5A9D280, track->trackRunning: 0, track->recovering: 0
06-09 00:12:44.091 3669 3669 D AndroidRuntime: Calling main entry com.android.commands.pm.Pm
06-09 00:12:44.096 3669 3669 I art : System.exit called, status: 0
06-09 00:12:44.096 3669 3669 I AndroidRuntime: VM exiting with result code 0.
06-09 00:12:44.101 1110 1340 I customAudioLoopback: writeRadioTrack(): Info: trackPtr: 0xB5A9A008, buffer Ptr: 0xB4E7F880
06-09 00:12:44.101 1110 1340 I customAudioLoopback: writeRadioTrack(): Info: track->trackEnabled: 1, track->audioTrack: 0xB5A9D000, track->trackRunning: 1, track->recovering: 0
06-09 00:12:44.101 1110 1340 I customAudioLoopback: writeRadioTrack(): Info: trackPtr: 0xB5A9A01C, buffer Ptr: 0xB4E7F880
06-09 00:12:44.101 1110 1340 I customAudioLoopback: writeRadioTrack(): Info: track->trackEnabled: 1, track->audioTrack: 0xB5A9D280, track->trackRunning: 0, track->recovering: 0
06-09 00:12:44.110 143 320 I ICSTYPEB: Panelservice backlightLevel 0x8fc0 0x8fc0 0x8fc0
06-09 00:12:44.113 2557 2557 I GM_ADB : Enable standard adb on eng or user-debug build.
06-09 00:12:44.123 1110 1340 I customAudioLoopback: writeRadioTrack(): Info: trackPtr: 0xB5A9A008, buffer Ptr: 0xB4E7F880
06-09 00:12:44.123 1110 1340 I customAudioLoopback: writeRadioTrack(): Info: track->trackEnabled: 1, track->audioTrack: 0xB5A9D000, track->trackRunning: 1, track->recovering: 0
06-09 00:12:44.123 1110 1340 I customAudioLoopback: writeRadioTrack(): Info: trackPtr: 0xB5A9A01C, buffer Ptr: 0xB4E7F880
06-09 00:12:44.123 1110 1340 I customAudioLoopback: writeRadioTrack(): Info: track->trackEnabled: 1, track->audioTrack: 0xB5A9D280, track->trackRunning: 0, track->recovering: 0
06-09 00:12:44.144 1110 1340 I customAudioLoopback: writeRadioTrack(): Info: trackPtr: 0xB5A9A008, buffer Ptr: 0xB4E7F880
06-09 00:12:44.144 1110 1340 I customAudioLoopback: writeRadioTrack(): Info: track->trackEnabled: 1, track->audioTrack: 0xB5A9D000, track->trackRunning: 1, track->recovering: 0
06-09 00:12:44.144 1110 1340 I customAudioLoopback: writeRadioTrack(): Info: trackPtr: 0xB5A9A01C, buffer Ptr: 0xB4E7F880
06-09 00:12:44.144 1110 1340 I customAudioLoopback: writeRadioTrack(): Info: track->trackEnabled: 1, track->audioTrack: 0xB5A9D280, track->trackRunning: 0, track->recovering: 0
06-09 00:12:44.166 1110 1340 I customAudioLoopback: writeRadioTrack(): Info: trackPtr: 0xB5A9A008, buffer Ptr: 0xB4E7F880
06-09 00:12:44.166 1110 1340 I customAudioLoopback: writeRadioTrack(): Info: track->trackEnabled: 1, track->audioTrack: 0xB5A9D000, track->trackRunning: 1, track->recovering: 0
06-09 00:12:44.166 1110 1340 I customAudioLoopback: writeRadioTrack(): Info: trackPtr: 0xB5A9A01C, buffer Ptr: 0xB4E7F880
06-09 00:12:44.166 1110 1340 I customAudioLoopback: writeRadioTrack(): Info: track->trackEnabled: 1, track->audioTrack: 0xB5A9D280, track->trackRunning: 0, track->recovering: 0
06-09 00:12:44.186 1110 1340 I customAudioLoopback: writeRadioTrack(): Info: trackPtr: 0xB5A9A008, buffer Ptr: 0xB4E7F880
06-09 00:12:44.187 1110 1340 I customAudioLoopback: writeRadioTrack(): Info: track->trackEnabled: 1, track->audioTrack: 0xB5A9D000, track->trackRunning: 1, track->recovering: 0
06-09 00:12:44.187 1110 1340 I customAudioLoopback: writeRadioTrack(): Info: trackPtr: 0xB5A9A01C, buffer Ptr: 0xB4E7F880
06-09 00:12:44.187 1110 1340 I customAudioLoopback: writeRadioTrack(): Info: track->trackEnabled: 1, track->audioTrack: 0xB5A9D280, track->trackRunning: 0, track->recovering: 0
06-09 00:12:44.208 1110 1340 I customAudioLoopback: writeRadioTrack(): Info: trackPtr: 0xB5A9A008, buffer Ptr: 0xB4E7F880
06-09 00:12:44.208 1110 1340 I customAudioLoopback: writeRadioTrack(): Info: track->trackEnabled: 1, track->audioTrack: 0xB5A9D000, track->trackRunning: 1, track->recovering: 0
06-09 00:12:44.208 1110 1340 I customAudioLoopback: writeRadioTrack(): Info: trackPtr: 0xB5A9A01C, buffer Ptr: 0xB4E7F880
06-09 00:12:44.208 1110 1340 I customAudioLoopback: writeRadioTrack(): Info: track->trackEnabled: 1, track->audioTrack: 0xB5A9D280, track->trackRunning: 0, track->recovering: 0
06-09 00:12:44.229 1110 1340 I customAudioLoopback: writeRadioTrack(): Info: trackPtr: 0xB5A9A008, buffer Ptr: 0xB4E7F880
06-09 00:12:44.229 1110 1340 I customAudioLoopback: writeRadioTrack(): Info: track->trackEnabled: 1, track->audioTrack: 0xB5A9D000, track->trackRunning: 1, track->recovering: 0
06-09 00:12:44.229 1110 1340 I customAudioLoopback: writeRadioTrack(): Info: trackPtr: 0xB5A9A01C, buffer Ptr: 0xB4E7F880
06-09 00:12:44.229 1110 1340 I customAudioLoopback: writeRadioTrack(): Info: track->trackEnabled: 1, track->audioTrack: 0xB5A9D280, track->trackRunning: 0, track->recovering: 0
06-09 00:12:44.251 1110 1340 I customAudioLoopback: writeRadioTrack(): Info: trackPtr: 0xB5A9A008, buffer Ptr: 0xB4E7F880
06-09 00:12:44.251 1110 1340 I customAudioLoopback: writeRadioTrack(): Info: track->trackEnabled: 1, track->audioTrack: 0xB5A9D000, track->trackRunning: 1, track->recovering: 0
06-09 00:12:44.251 1110 1340 I customAudioLoopback: writeRadioTrack(): Info: trackPtr: 0xB5A9A01C, buffer Ptr: 0xB4E7F880
06-09 00:12:44.251 1110 1340 I customAudioLoopback: writeRadioTrack(): Info: track->trackEnabled: 1, track->audioTrack: 0xB5A9D280, track->trackRunning: 0, track->recovering: 0
06-09 00:12:44.272 1110 1340 I customAudioLoopback: writeRadioTrack(): Info: trackPtr: 0xB5A9A008, buffer Ptr: 0xB4E7F880
06-09 00:12:44.272 1110 1340 I customAudioLoopback: writeRadioTrack(): Info: track->trackEnabled: 1, track->audioTrack: 0xB5A9D000, track->trackRunning: 1, track->recovering: 0
06-09 00:12:44.272 1110 1340 I customAudioLoopback: writeRadioTrack(): Info: trackPtr: 0xB5A9A01C, buffer Ptr: 0xB4E7F880
06-09 00:12:44.272 1110 1340 I customAudioLoopback: writeRadioTrack(): Info: track->trackEnabled: 1, track->audioTrack: 0xB5A9D280, track->trackRunning: 0, track->recovering: 0
06-09 00:12:44.294 1110 1340 I customAudioLoopback: writeRadioTrack(): Info: trackPtr: 0xB5A9A008, buffer Ptr: 0xB4E7F880
06-09 00:12:44.294 1110 1340 I customAudioLoopback: writeRadioTrack(): Info: track->trackEnabled: 1, track->audioTrack: 0xB5A9D000, track->trackRunning: 1, track->recovering: 0
06-09 00:12:44.294 1110 1340 I customAudioLoopback: writeRadioTrack(): Info: trackPtr: 0xB5A9A01C, buffer Ptr: 0xB4E7F880
06-09 00:12:44.294 1110 1340 I customAudioLoopback: writeRadioTrack(): Info: track->trackEnabled: 1, track->audioTrack: 0xB5A9D280, track->trackRunning: 0, track->recovering: 0
06-09 00:12:44.314 1110 1340 I customAudioLoopback: writeRadioTrack(): Info: trackPtr: 0xB5A9A008, buffer Ptr: 0xB4E7F880
06-09 00:12:44.314 1110 1340 I customAudioLoopback: writeRadioTrack(): Info: track->trackEnabled: 1, track->audioTrack: 0xB5A9D000, track->trackRunning: 1, track->recovering: 0
06-09 00:12:44.314 1110 1340 I customAudioLoopback: writeRadioTrack(): Info: trackPtr: 0xB5A9A01C, buffer Ptr: 0xB4E7F880
06-09 00:12:44.314 1110 1340 I customAudioLoopback: writeRadioTrack(): Info: track->trackEnabled: 1, track->audioTrack: 0xB5A9D280, track->trackRunning: 0, track->recovering: 0
06-09 00:12:44.336 1110 1340 I customAudioLoopback: writeRadioTrack(): Info: trackPtr: 0xB5A9A008, buffer Ptr: 0xB4E7F880
06-09 00:12:44.336 1110 1340 I customAudioLoopback: writeRadioTrack(): Info: track->trackEnabled: 1, track->audioTrack: 0xB5A9D000, track->trackRunning: 1, track->recovering: 0
06-09 00:12:44.336 1110 1340 I customAudioLoopback: writeRadioTrack(): Info: trackPtr: 0xB5A9A01C, buffer Ptr: 0xB4E7F880
06-09 00:12:44.337 1110 1340 I customAudioLoopback: writeRadioTrack(): Info: track->trackEnabled: 1, track->audioTrack: 0xB5A9D280, track->trackRunning: 0, track->recovering: 0
06-09 00:12:44.357 1110 1340 I customAudioLoopback: writeRadioTrack(): Info: trackPtr: 0xB5A9A008, buffer Ptr: 0xB4E7F880
06-09 00:12:44.357 1110 1340 I customAudioLoopback: writeRadioTrack(): Info: track->trackEnabled: 1, track->audioTrack: 0xB5A9D000, track->trackRunning: 1, track->recovering: 0
06-09 00:12:44.357 1110 1340 I customAudioLoopback: writeRadioTrack(): Info: trackPtr: 0xB5A9A01C, buffer Ptr: 0xB4E7F880
06-09 00:12:44.357 1110 1340 I customAudioLoopback: writeRadioTrack(): Info: track->trackEnabled: 1, track->audioTrack: 0xB5A9D280, track->trackRunning: 0, track->recovering: 0
06-09 00:12:44.379 1110 1340 I customAudioLoopback: writeRadioTrack(): Info: trackPtr: 0xB5A9A008, buffer Ptr: 0xB4E7F880
06-09 00:12:44.379 1110 1340 I customAudioLoopback: writeRadioTrack(): Info: track->trackEnabled: 1, track->audioTrack: 0xB5A9D000, track->trackRunning: 1, track->recovering: 0
06-09 00:12:44.379 1110 1340 I customAudioLoopback: writeRadioTrack(): Info: trackPtr: 0xB5A9A01C, buffer Ptr: 0xB4E7F880
06-09 00:12:44.379 1110 1340 I customAudioLoopback: writeRadioTrack(): Info: track->trackEnabled: 1, track->audioTrack: 0xB5A9D280, track->trackRunning: 0, track->recovering: 0
06-09 00:12:44.400 1110 1340 I customAudioLoopback: writeRadioTrack(): Info: trackPtr: 0xB5A9A008, buffer Ptr: 0xB4E7F880
06-09 00:12:44.400 1110 1340 I customAudioLoopback: writeRadioTrack(): Info: track->trackEnabled: 1, track->audioTrack: 0xB5A9D000, track->trackRunning: 1, track->recovering: 0
06-09 00:12:44.400 1110 1340 I customAudioLoopback: writeRadioTrack(): Info: trackPtr: 0xB5A9A01C, buffer Ptr: 0xB4E7F880
06-09 00:12:44.400 1110 1340 I customAudioLoopback: writeRadioTrack(): Info: track->trackEnabled: 1, track->audioTrack: 0xB5A9D280, track->trackRunning: 0, track->recovering: 0
06-09 00:12:44.422 1110 1340 I customAudioLoopback: writeRadioTrack(): Info: trackPtr: 0xB5A9A008, buffer Ptr: 0xB4E7F880
06-09 00:12:44.422 1110 1340 I customAudioLoopback: writeRadioTrack(): Info: track->trackEnabled: 1, track->audioTrack: 0xB5A9D000, track->trackRunning: 1, track->recovering: 0
06-09 00:12:44.422 1110 1340 I customAudioLoopback: writeRadioTrack(): Info: trackPtr: 0xB5A9A01C, buffer Ptr: 0xB4E7F880
06-09 00:12:44.422 1110 1340 I customAudioLoopback: writeRadioTrack(): Info: track->trackEnabled: 1, track->audioTrack: 0xB5A9D280, track->trackRunning: 0, track->recovering: 0
06-09 00:12:44.428 144 161 E ProtoKey: Protokey request failed
06-09 00:12:44.437 1857 1857 I BT_BUFFER: getBuf allocating 8 bytes
06-09 00:12:44.442 1110 1340 I customAudioLoopback: writeRadioTrack(): Info: trackPtr: 0xB5A9A008, buffer Ptr: 0xB4E7F880
06-09 00:12:44.442 1110 1340 I customAudioLoopback: writeRadioTrack(): Info: track->trackEnabled: 1, track->audioTrack: 0xB5A9D000, track->trackRunning: 1, track->recovering: 0
06-09 00:12:44.442 1110 1340 I customAudioLoopback: writeRadioTrack(): Info: trackPtr: 0xB5A9A01C, buffer Ptr: 0xB4E7F880
06-09 00:12:44.443 1110 1340 I customAudioLoopback: writeRadioTrack(): Info: track->trackEnabled: 1, track->audioTrack: 0xB5A9D280, track->trackRunning: 0, track->recovering: 0
06-09 00:12:44.464 1110 1340 I customAudioLoopback: writeRadioTrack(): Info: trackPtr: 0xB5A9A008, buffer Ptr: 0xB4E7F880
06-09 00:12:44.464 1110 1340 I customAudioLoopback: writeRadioTrack(): Info: track->trackEnabled: 1, track->audioTrack: 0xB5A9D000, track->trackRunning: 1, track->recovering: 0
06-09 00:12:44.465 1110 1340 I customAudioLoopback: writeRadioTrack(): Info: trackPtr: 0xB5A9A01C, buffer Ptr: 0xB4E7F880
06-09 00:12:44.465 1110 1340 I customAudioLoopback: writeRadioTrack(): Info: track->trackEnabled: 1, track->audioTrack: 0xB5A9D280, track->trackRunning: 0, track->recovering: 0
06-09 00:12:44.485 1110 1340 I customAudioLoopback: writeRadioTrack(): Info: trackPtr: 0xB5A9A008, buffer Ptr: 0xB4E7F880
06-09 00:12:44.485 1110 1340 I customAudioLoopback: writeRadioTrack(): Info: track->trackEnabled: 1, track->audioTrack: 0xB5A9D000, track->trackRunning: 1, track->recovering: 0
06-09 00:12:44.485 1110 1340 I customAudioLoopback: writeRadioTrack(): Info: trackPtr: 0xB5A9A01C, buffer Ptr: 0xB4E7F880
06-09 00:12:44.485 1110 1340 I customAudioLoopback: writeRadioTrack(): Info: track->trackEnabled: 1, track->audioTrack: 0xB5A9D280, track->trackRunning: 0, track->recovering: 0
06-09 00:12:44.487 144 158 I [PLSS]PMSvc: SoH |4|r|1|05|00|00|3|3|3|3|0|0|3|0|0|0|3|3|0|0|0|0|
06-09 00:12:44.507 1110 1340 I customAudioLoopback: writeRadioTrack(): Info: trackPtr: 0xB5A9A008, buffer Ptr: 0xB4E7F880
06-09 00:12:44.507 1110 1340 I customAudioLoopback: writeRadioTrack(): Info: track->trackEnabled: 1, track->audioTrack: 0xB5A9D000, track->trackRunning: 1, track->recovering: 0
06-09 00:12:44.507 1110 1340 I customAudioLoopback: writeRadioTrack(): Info: trackPtr: 0xB5A9A01C, buffer Ptr: 0xB4E7F880
06-09 00:12:44.507 1110 1340 I customAudioLoopback: writeRadioTrack(): Info: track->trackEnabled: 1, track->audioTrack: 0xB5A9D280, track->trackRunning: 0, track->recovering: 0
06-09 00:12:44.528 1110 1340 I customAudioLoopback: writeRadioTrack(): Info: trackPtr: 0xB5A9A008, buffer Ptr: 0xB4E7F880
06-09 00:12:44.528 1110 1340 I customAudioLoopback: writeRadioTrack(): Info: track->trackEnabled: 1, track->audioTrack: 0xB5A9D000, track->trackRunning: 1, track->recovering: 0
06-09 00:12:44.528 1110 1340 I customAudioLoopback: writeRadioTrack(): Info: trackPtr: 0xB5A9A01C, buffer Ptr: 0xB4E7F880
06-09 00:12:44.528 1110 1340 I customAudioLoopback: writeRadioTrack(): Info: track->trackEnabled: 1, track->audioTrack: 0xB5A9D280, track->trackRunning: 0, track->recovering: 0
06-09 00:12:44.540 725 725 D OnStar.OnStarRemoteReflashManager: subscribeRR
06-09 00:12:44.541 725 725 E OnStar.OnStarRemoteReflashService: subscribeRR->Failed to subscribe for RR->Reason :
06-09 00:12:44.541 725 725 E OnStar.OnStarRemoteReflashService: com.gm.server.onstar.connector.OnStarConnectionException: FSA RemoteReflash client is not ready [UNINITIALIZED]
06-09 00:12:44.541 725 725 E OnStar.OnStarRemoteReflashService: at com.gm.server.onstar.connector.FsaTcpConnector.getRemoteReflashClient(FsaTcpConnector.java:2642)
06-09 00:12:44.541 725 725 E OnStar.OnStarRemoteReflashService: at com.gm.server.onstar.connector.FsaTcpConnector.subscribeRR(FsaTcpConnector.java:1635)
06-09 00:12:44.541 725 725 E OnStar.OnStarRemoteReflashService: at com.gm.server.onstar.OnStarRemoteReflashService.subscribeRR(OnStarRemoteReflashService.java:341)
06-09 00:12:44.541 725 725 E OnStar.OnStarRemoteReflashService: at gm.onstar.OnStarRemoteReflashManager.subscribeRR(OnStarRemoteReflashManager.java:386)
06-09 00:12:44.541 725 725 E OnStar.OnStarRemoteReflashService: at com.gm.server.update.packagedepot.TCPMRemoteReflashHandler.initializeRemoteReflash(TCPMRemoteReflashHandler.java:1062)
06-09 00:12:44.541 725 725 E OnStar.OnStarRemoteReflashService: at com.gm.server.update.packagedepot.TCPMRemoteReflashHandler.-wrap31(TCPMRemoteReflashHandler.java)
06-09 00:12:44.541 725 725 E OnStar.OnStarRemoteReflashService: at com.gm.server.update.packagedepot.TCPMRemoteReflashHandler$6.run(TCPMRemoteReflashHandler.java:877)
06-09 00:12:44.541 725 725 E OnStar.OnStarRemoteReflashService: at android.os.Handler.handleCallback(Handler.java:739)
06-09 00:12:44.541 725 725 E OnStar.OnStarRemoteReflashService: at android.os.Handler.dispatchMessage(Handler.java:95)
06-09 00:12:44.541 725 725 E OnStar.OnStarRemoteReflashService: at android.os.Looper.loop(Looper.java:148)
06-09 00:12:44.541 725 725 E OnStar.OnStarRemoteReflashService: at android.app.ActivityThread.main(ActivityThread.java:5417)
06-09 00:12:44.541 725 725 E OnStar.OnStarRemoteReflashService: at java.lang.reflect.Method.invoke(Native Method)
06-09 00:12:44.541 725 725 E OnStar.OnStarRemoteReflashService: at com.android.internal.os.ZygoteInit$MethodAndArgsCaller.run(ZygoteInit.java:759)
06-09 00:12:44.541 725 725 E OnStar.OnStarRemoteReflashService: at com.android.internal.os.ZygoteInit.main(ZygoteInit.java:649)
06-09 00:12:44.541 725 725 E OnStar.OnStarRemoteReflashManager: subscribeRR->Failed to subscibe to RR->gm.onstar.exception.OnStarException: subscribeRR->FSA functions client is not ready
06-09 00:12:44.541 725 725 I UpdateService-TCPMRemoteReflashHandler: initializeRemoteReflash() ... initialized? false
06-09 00:12:44.550 1110 1340 I customAudioLoopback: writeRadioTrack(): Info: trackPtr: 0xB5A9A008, buffer Ptr: 0xB4E7F880
06-09 00:12:44.550 1110 1340 I customAudioLoopback: writeRadioTrack(): Info: track->trackEnabled: 1, track->audioTrack: 0xB5A9D000, track->trackRunning: 1, track->recovering: 0
06-09 00:12:44.550 1110 1340 I customAudioLoopback: writeRadioTrack(): Info: trackPtr: 0xB5A9A01C, buffer Ptr: 0xB4E7F880
06-09 00:12:44.550 1110 1340 I customAudioLoopback: writeRadioTrack(): Info: track->trackEnabled: 1, track->audioTrack: 0xB5A9D280, track->trackRunning: 0, track->recovering: 0
06-09 00:12:44.565 3680 3680 D AndroidRuntime: >>>>>> START com.android.internal.os.RuntimeInit uid 2000 <<<<<<
06-09 00:12:44.569 3680 3680 D AndroidRuntime: CheckJNI is OFF
06-09 00:12:44.570 1110 1340 I customAudioLoopback: writeRadioTrack(): Info: trackPtr: 0xB5A9A008, buffer Ptr: 0xB4E7F880
06-09 00:12:44.571 1110 1340 I customAudioLoopback: writeRadioTrack(): Info: track->trackEnabled: 1, track->audioTrack: 0xB5A9D000, track->trackRunning: 1, track->recovering: 0
06-09 00:12:44.571 1110 1340 I customAudioLoopback: writeRadioTrack(): Info: trackPtr: 0xB5A9A01C, buffer Ptr: 0xB4E7F880
06-09 00:12:44.571 1110 1340 I customAudioLoopback: writeRadioTrack(): Info: track->trackEnabled: 1, track->audioTrack: 0xB5A9D280, track->trackRunning: 0, track->recovering: 0
06-09 00:12:44.571 3680 3680 E cutils-trace: Error opening trace file: Permission denied (13)
06-09 00:12:44.575 3680 3680 W art : 70c9c000-7188a000 rw-p 00000000 b3:09 32388 /data/dalvik-cache/arm/system@framework@boot.art
06-09 00:12:44.575 3680 3680 W art : 7f55f000-7f564000 r-xp 00000000 b3:06 305 /system/bin/app_process32
06-09 00:12:44.575 3680 3680 W art : 7f564000-7f565000 r--p 00004000 b3:06 305 /system/bin/app_process32
06-09 00:12:44.575 3680 3680 W art : 7f565000-7f566000 rw-p 00000000 00:00 0
06-09 00:12:44.575 3680 3680 W art : af944000-b2779000 r--p 00000000 b3:06 1056 /system/framework/arm/boot.oat
06-09 00:12:44.575 3680 3680 W art : b2779000-b48bf000 r-xp 02e35000 b3:06 1056 /system/framework/arm/boot.oat
06-09 00:12:44.575 3680 3680 W art : b48bf000-b48c0000 rw-p 04f7b000 b3:06 1056 /system/framework/arm/boot.oat
06-09 00:12:44.575 3680 3680 W art : b48c0000-b48e5000 r--p 00bee000 b3:09 32388 /data/dalvik-cache/arm/system@framework@boot.ar
06-09 00:12:44.576 3680 3680 W art : t
06-09 00:12:44.576 3680 3680 W art : b48e5000-b4d32000 r-xp 00000000 b3:06 1218 /system/lib/libart.so
06-09 00:12:44.576 3680 3680 W art : b4d32000-b4d33000 ---p 00000000 00:00 0
06-09 00:12:44.576 3680 3680 W art : b4d33000-b4d3d000 r--p 0044d000 b3:06 1218 /system/lib/libart.so
06-09 00:12:44.576 3680 3680 W art : b4d3d000-b4d3e000 rw-p 00457000 b3:06 1218 /system/lib/libart.so
06-09 00:12:44.576 3680 3680 W art : b4
06-09 00:12:44.576 3680 3680 W art : d3e000-b4d40000 rw-p 00000000 00:00 0
06-09 00:12:44.576 3680 3680 W art : b4d40000-b4e40000 rw-p 00000000 00:00 0 [anon:libc_malloc]
06-09 00:12:44.576 3680 3680 W art : b4e44000-b4e45000 rw-p 00000000 00:00 0 [anon:linker_alloc_vector]
06-09 00:12:44.576 3680 3680 W art : b4e46000-b4e49000 r-xp 00000000 b3:06 1480 /system/lib/libsigchain.so
06-09 00:12:44.576 3680 3680 W art : b4e49000-b4e4a000 r--p 00002000 b3:06 1480 /system/lib/libsigchain.so
06-09 00:12:44.576 3680 3680 W art : b4e4a000-b4e4b000 rw-p 00003000 b3:06 1480 /system/lib/libsigchain.so
06-09 00:12:44.576 3680 3680 W art : b4e4b000-b4e4d000 r--p 00000000 00:00 0
06-09 00:12:44.576 3680 3680 W art : b4e4d000-b4e6d000 r--s 00000000 00:0e 9470 /dev/__properties__
06-09 00:12:44.576 3680 3680 W art : b4e6d000-b4e6e000 rw-p 00000000 00:00 0 [anon:linker_alloc_vector]
06-09 00:12:44.576 3680 3680 W art : b4e6e000-b588e000 r-xp 00000000 b3:06 1183 /system/lib/libLLVM.so
06-09 00:12:44.576 3680 3680 W art : b588e000-b588f000 ---p 00000000 00:00 0
06-09 00:12:44.576 3680 3680 W art : b588f000-b58d8000 r--p 00a20000 b3:06 1183 /system/lib/libLLVM.so
06-09 00:12:44.576 3680 3680 W art : b58d8000-b58d9000 rw-p 00a69000 b3:06 1183 /system/lib/libLLVM.so
06-09 00:12:44.576 3680 3680 W art : b58d9000-b58e1000 rw-p 00000000 00:00 0
06-09 00:12:44.576 3680 3680 W art : b58e1000-b58e2000 r--p 00000000 00:00 0 [anon:linker_alloc]
06-09 00:12:44.576 3680 3680 W art : b58e2000-b5918000 r-xp 00000000 b3:06 1233 /system/lib/libbcinfo.so
06-09 00:12:44.576 3680 3680 W art : b5918000-b5919000 r--p 00035000 b3:06 1233 /system/lib/libbcinfo.s
06-09 00:12:44.576 3680 3680 W art : o
06-09 00:12:44.576 3680 3680 W art : b5919000-b591a000 rw-p 00036000 b3:06 1233 /system/lib/libbcinfo.so
06-09 00:12:44.576 3680 3680 W art : b591a000-b5972000 r-xp 00000000 b3:06 1232 /system/lib/libbcc.so
06-09 00:12:44.576 3680 3680 W art : b5972000-b5973000 ---p 00000000 00:00 0
06-09 00:12:44.576 3680 3680 W art : b5973000-b5974000 r--p 00058000 b3:06 1232 /system/lib/libbcc.so
06-09 00:12:44.576 3680 3680 W art : b5974000-b5975000 rw-p 00059000 b3:06 1232 /system/lib/libbcc.so
06-09 00:12:44.576 3680 3680 W art : b5975000-b597f000 r-xp 00000000 b3:06 1247 /system/lib/libcommon_time_client.so
06-09 00:12:44.576 3680 3680 W art : b597f000-b5982000 r--p 00009000 b3:06 1247 /system/lib/libcommon_time_client.so
06-09 00:12:44.576 3680 3680 W art : b5982000-b598
06-09 00:12:44.576 3680 3680 W art : 3000 rw-p 0000c000 b3:06 1247 /system/lib/libcommon_time_client.so
06-09 00:12:44.576 3680 3680 W art : b5983000-b5984000 r--p 00000000 00:00 0
06-09 00:12:44.576 3680 3680 W art : b5984000-b599b000 r-xp 00000000 b3:06 1458 /system/lib/libprotobuf-cpp-lite.so
06-09 00:12:44.576 3680 3680 W art : b599b000-b599c000 ---p 00000000 00:00 0
06-09 00:12:44.576 3680 3680 W art : b599c000-b599d000 r--p 00017000 b3:06 1458 /system/lib/libprotobuf-cpp-lite.so
06-09 00:12:44.576 3680 3680 W art : b599d000-b599e000 rw-p 00018000 b3:06 1458 /system/lib/libprotobuf-cpp-lite.so
06-09 00:12:44.576 3680 3680 W art : b599e000-b59a5000 r-xp 00000000 b3:06 1500 /system/lib/libstagefright_avc_common.so
06-09 00:12:44.576 3680 3680 W art : b59a5000-b59a6000 r--p 00006000 b3:06 1500 /system/lib/libstagefright_avc_common.so
06-09 00:12:44.577 3680 3680 W art : b59a6000-b59a7000 rw-p 00007000 b3:06 1500 /system/lib/libstagefright_avc_common.so
06-09 00:12:44.577 3680 3680 W art : b59a7000-b59aa000 r-xp 00000000 b3:06 1501 /system/lib/libstagefright_enc_common.so
06-09 00:12:44.577 3680 3680 W art : b59aa000-b59ab000 r--p 00002000 b3:06 1501 /system/lib/libstagefright_enc_common.so
06-09 00:12:44.577 3680 3680 W art : b59ab000-b59ac000 rw-p 00003000 b3:06 1501 /system/lib/libstagefright_enc_common.so
