06-09 00:12:37.028 3515 3515 W art : b6b53000-b6b57000 rw-p 00000000 00:00 0
06-09 00:12:37.028 3515 3515 W art : b6b57000-b6b5f000 r-xp 00000000 b3:06 1242 /system/lib/libcamera_metadata.so
06-09 00:12:37.028 3515 3515 W art : b6b5f000-b6b60000 r--p 00007000 b3:06 1242 /system/lib/libcamera_metadata.so
06-09 00:12:37.028 3515 3515 W art : b6b60000-b6b61000 rw-p 00008000 b3:06 1242 /system/lib/libcamera_metadata.so
06-09 00:12:37.028 3515 3515 W art : b6b61000-b6b85000 r-xp 00000000 b3:06 1241 /system/lib/libcamera_client.so
06-09 00:12:37.028 3515 3515 W art : b6b85000-b6b86000 ---p 00000000 00:00 0
06-09 00:12:37.028 3515 3515 W art : b6b86000-b6b8e000 r--p 00024000 b3:06 1241 /system/lib/libcamera_client.so
06-09 00:12:37.028 3515 3515 W art : b6b8e000-b6b8f000 rw-p 0002c000 b3:06 1241 /system/lib/libcamera_client.so
06-09 00:12:37.028 3515 3515 W art : b6b8f000-b6bca000 r-xp 00000000 b3:06 1337 /system/lib/libinputflinger.so
06-09 00:12:37.028 3515 3515 W art : b6bca000-b6bcb000 ---p 00000000 00:00 0
06-09 00:12:37.028 3515 3515 W art : b6bcb000-b6bce000 r--p 0003b000 b3:06 1337 /system/lib/libinputflinger.so
06-09 00:12:37.028 3515 3515 W art : b6bce000-b6bcf000 rw-p 0003e000 b3:06 1337 /system/lib/libinputflinger.so
06-09 00:12:37.028 3515 3515 W art : b6bcf000-b6be9000 r-xp 00000000 b3:06 1336 /system/lib/libinput.so
06-09 00:12:37.028 3515 3515 W art : b6be9000-b6bed000 r--p 00019000 b3:06 1336 /system/lib/libinput.so
06-09 00:12:37.028 3515 3515 W art : b6bed000-b6bee000 rw-p 0001d000 b3:06 1336 /system/lib/libinput.so
06-09 00:12:37.028 3515 3515 W art : b6bee000-b6c3a000 r-xp 00000000 b3:06 1323 /system/lib/libgui.so
06-09 00:12:37.028 3515 3515 W art : b6c3a000-b6c3b000 ---p 00000000 00:00 0
06-09 00:12:37.028 3515 3515 W art : b6c3b000-b6c47000 r--p 0004c000 b3:06 1323 /system/lib/libgui.so
06-09 00:12:37.028 3515 3515 W art : b6c47000-b6c48000 rw-p 00058000 b3:06 1323 /system/lib/libgui.so
06-09 00:12:37.029 3515 3515 W art : b6c69000-b6c6a000 rw-p 00007000 b3:06 1377 /system/lib/libnativehelper.so
06-09 00:12:37.029 3515 3515 W art : b6cab000-b6cae000 r-xp 00000000 b3:06 1370 /system/lib/libmemtrack.so
06-09 00:12:37.029 3515 3515 W art : b6de9000-b6dea000 ---p 00000000 00:00 0
06-09 00:12:37.029 3515 3515 W art : b6def000-b6df0000 rw-p 00000000 00:00 0
06-09 00:12:37.029 3515 3515 W art : b6f24000-b6f2b000 r--p 00025000 b3:06 1234 /system/lib/libbinder.so
06-09 00:12:37.029 3515 3515 W art : b6f4f000-b6f50000 r--p 00018000 b3:06 1556 /system/lib/libutils.so
06-09 00:12:37.030 3515 3515 W art : b6f89000-b6f8a000 r--p 00000000 00:00 0
06-09 00:12:37.030 3515 3515 W art : b6fad000-b6faf000 rw-p 00000000 00:00 0
06-09 00:12:37.040 1110 1340 I customAudioLoopback: writeRadioTrack(): Info: trackPtr: 0xB5A9A008, buffer Ptr: 0xB4E7F880
06-09 00:12:37.040 1110 1340 I customAudioLoopback: writeRadioTrack(): Info: track->trackEnabled: 1, track->audioTrack: 0xB5A9D000, track->trackRunning: 1, track->recovering: 0
06-09 00:12:37.040 1110 1340 I customAudioLoopback: writeRadioTrack(): Info: trackPtr: 0xB5A9A01C, buffer Ptr: 0xB4E7F880
06-09 00:12:37.040 1110 1340 I customAudioLoopback: writeRadioTrack(): Info: track->trackEnabled: 1, track->audioTrack: 0xB5A9D280, track->trackRunning: 0, track->recovering: 0
06-09 00:12:37.061 1110 1340 I customAudioLoopback: writeRadioTrack(): Info: trackPtr: 0xB5A9A008, buffer Ptr: 0xB4E7F880
06-09 00:12:37.061 1110 1340 I customAudioLoopback: writeRadioTrack(): Info: track->trackEnabled: 1, track->audioTrack: 0xB5A9D000, track->trackRunning: 1, track->recovering: 0
06-09 00:12:37.061 1110 1340 I customAudioLoopback: writeRadioTrack(): Info: trackPtr: 0xB5A9A01C, buffer Ptr: 0xB4E7F880
06-09 00:12:37.061 1110 1340 I customAudioLoopback: writeRadioTrack(): Info: track->trackEnabled: 1, track->audioTrack: 0xB5A9D280, track->trackRunning: 0, track->recovering: 0
06-09 00:12:37.067 725 1427 D UISpeechService: "--> CALL GDM:402 Phone_TEFileRequest te_category=TE_CATEGORY_PHONE_FAVORITES phone_id_list={ 0 };"
06-09 00:12:37.067 725 1427 D UISpeechService: "interpreting call Phone_TEFileRequest"
06-09 00:12:37.067 725 1427 I UISpeechService: CPhoneSysCallImpl::callPhoneTEFileRequest()
06-09 00:12:37.067 725 1427 D UISpeechService: "<-- RESP GDM:402 Phone_TEFileRequest phone_te_file_request_result=TE_FILE_ERROR;"
06-09 00:12:37.072 3515 3515 D ICU : No timezone override file found: /data/misc/zoneinfo/current/icu/icu_tzdata.dat
06-09 00:12:37.083 1110 1340 I customAudioLoopback: writeRadioTrack(): Info: trackPtr: 0xB5A9A008, buffer Ptr: 0xB4E7F880
06-09 00:12:37.083 1110 1340 I customAudioLoopback: writeRadioTrack(): Info: track->trackEnabled: 1, track->audioTrack: 0xB5A9D000, track->trackRunning: 1, track->recovering: 0
06-09 00:12:37.083 1110 1340 I customAudioLoopback: writeRadioTrack(): Info: trackPtr: 0xB5A9A01C, buffer Ptr: 0xB4E7F880
06-09 00:12:37.083 1110 1340 I customAudioLoopback: writeRadioTrack(): Info: track->trackEnabled: 1, track->audioTrack: 0xB5A9D280, track->trackRunning: 0, track->recovering: 0
06-09 00:12:37.103 1110 1340 I customAudioLoopback: writeRadioTrack(): Info: trackPtr: 0xB5A9A008, buffer Ptr: 0xB4E7F880
06-09 00:12:37.103 1110 1340 I customAudioLoopback: writeRadioTrack(): Info: track->trackEnabled: 1, track->audioTrack: 0xB5A9D000, track->trackRunning: 1, track->recovering: 0
06-09 00:12:37.103 1110 1340 I customAudioLoopback: writeRadioTrack(): Info: trackPtr: 0xB5A9A01C, buffer Ptr: 0xB4E7F880
06-09 00:12:37.103 1110 1340 I customAudioLoopback: writeRadioTrack(): Info: track->trackEnabled: 1, track->audioTrack: 0xB5A9D280, track->trackRunning: 0, track->recovering: 0
06-09 00:12:37.120 3515 3515 I Radio-JNI: register_android_hardware_Radio DONE
06-09 00:12:37.125 1110 1340 I customAudioLoopback: writeRadioTrack(): Info: trackPtr: 0xB5A9A008, buffer Ptr: 0xB4E7F880
06-09 00:12:37.125 1110 1340 I customAudioLoopback: writeRadioTrack(): Info: track->trackEnabled: 1, track->audioTrack: 0xB5A9D000, track->trackRunning: 1, track->recovering: 0
06-09 00:12:37.125 1110 1340 I customAudioLoopback: writeRadioTrack(): Info: trackPtr: 0xB5A9A01C, buffer Ptr: 0xB4E7F880
06-09 00:12:37.125 1110 1340 I customAudioLoopback: writeRadioTrack(): Info: track->trackEnabled: 1, track->audioTrack: 0xB5A9D280, track->trackRunning: 0, track->recovering: 0
06-09 00:12:37.146 1110 1340 I customAudioLoopback: writeRadioTrack(): Info: trackPtr: 0xB5A9A008, buffer Ptr: 0xB4E7F880
06-09 00:12:37.146 1110 1340 I customAudioLoopback: writeRadioTrack(): Info: track->trackEnabled: 1, track->audioTrack: 0xB5A9D000, track->trackRunning: 1, track->recovering: 0
06-09 00:12:37.146 1110 1340 I customAudioLoopback: writeRadioTrack(): Info: trackPtr: 0xB5A9A01C, buffer Ptr: 0xB4E7F880
06-09 00:12:37.146 1110 1340 I customAudioLoopback: writeRadioTrack(): Info: track->trackEnabled: 1, track->audioTrack: 0xB5A9D280, track->trackRunning: 0, track->recovering: 0
06-09 00:12:37.147 725 1427 D UISpeechService: "--> CALL GDM:403 System_LogMessage log_string='Queue size: 1. Top Task: TASK_CHANGE_USER_SETTINGS';"
06-09 00:12:37.147 725 1427 D UISpeechService: "interpreting call System_LogMessage"
06-09 00:12:37.147 725 1427 D UISpeechService: "LogMessage is Queue size: 1. Top Task: TASK_CHANGE_USER_SETTINGS"
06-09 00:12:37.147 725 1427 D UISpeechService: "<-- RESP GDM:403 System_LogMessage system_logmessage_result=SYSTEM_RESULT_OK;"
06-09 00:12:37.149 3515 3515 D AndroidRuntime: Calling main entry com.android.commands.am.Am
06-09 00:12:37.155 405 1925 I ActivityManager: Force stopping com.android.cts.preconditions appid=10055 user=0: start instr
06-09 00:12:37.156 405 1925 D DrivingModeHelper: Returning enabled for Home activity
06-09 00:12:37.168 1110 1340 I customAudioLoopback: writeRadioTrack(): Info: trackPtr: 0xB5A9A008, buffer Ptr: 0xB4E7F880
06-09 00:12:37.168 1110 1340 I customAudioLoopback: writeRadioTrack(): Info: track->trackEnabled: 1, track->audioTrack: 0xB5A9D000, track->trackRunning: 1, track->recovering: 0
06-09 00:12:37.168 1110 1340 I customAudioLoopback: writeRadioTrack(): Info: trackPtr: 0xB5A9A01C, buffer Ptr: 0xB4E7F880
06-09 00:12:37.168 1110 1340 I customAudioLoopback: writeRadioTrack(): Info: track->trackEnabled: 1, track->audioTrack: 0xB5A9D280, track->trackRunning: 0, track->recovering: 0
06-09 00:12:37.168 405 1925 I ActivityManager: Start proc 3527:com.android.cts.preconditions/u0a55 for added application com.android.cts.preconditions
06-09 00:12:37.189 1110 1340 I customAudioLoopback: writeRadioTrack(): Info: trackPtr: 0xB5A9A008, buffer Ptr: 0xB4E7F880
06-09 00:12:37.189 1110 1340 I customAudioLoopback: writeRadioTrack(): Info: track->trackEnabled: 1, track->audioTrack: 0xB5A9D000, track->trackRunning: 1, track->recovering: 0
06-09 00:12:37.189 1110 1340 I customAudioLoopback: writeRadioTrack(): Info: trackPtr: 0xB5A9A01C, buffer Ptr: 0xB4E7F880
06-09 00:12:37.189 1110 1340 I customAudioLoopback: writeRadioTrack(): Info: track->trackEnabled: 1, track->audioTrack: 0xB5A9D280, track->trackRunning: 0, track->recovering: 0
06-09 00:12:37.210 1110 1340 I customAudioLoopback: writeRadioTrack(): Info: trackPtr: 0xB5A9A008, buffer Ptr: 0xB4E7F880
06-09 00:12:37.210 1110 1340 I customAudioLoopback: writeRadioTrack(): Info: track->trackEnabled: 1, track->audioTrack: 0xB5A9D000, track->trackRunning: 1, track->recovering: 0
06-09 00:12:37.211 1110 1340 I customAudioLoopback: writeRadioTrack(): Info: trackPtr: 0xB5A9A01C, buffer Ptr: 0xB4E7F880
06-09 00:12:37.211 1110 1340 I customAudioLoopback: writeRadioTrack(): Info: track->trackEnabled: 1, track->audioTrack: 0xB5A9D280, track->trackRunning: 0, track->recovering: 0
06-09 00:12:37.227 725 1427 D UISpeechService: "--> CALL GDM:404 System_UserSettingsGet ;"
06-09 00:12:37.227 725 1427 D UISpeechService: "interpreting call System_UserSettingsGet"
06-09 00:12:37.227 725 1427 I UISpeechService: CSystemSysCallImpl::callSystemUserSettingsGet()
06-09 00:12:37.227 725 1427 D UISpeechService: "sendSVCIPCAsyncInvoke>> Method = getUserSettings, Busname = SpeechHelpService, Objectpath = SpeechHelpService, Params = []"
06-09 00:12:37.227 725 1069 D UISpeechService: "invokeSendApiRequestToJava>> MethodResult = {"code":0,"description":"Invoked","params":""}"
06-09 00:12:37.228 725 2426 D UISpeechService: "onAsyncInoveResult {"userSettingsAudioFeedbackSpeed":"AUDIO_FEEDBACK_MEDIUM","getUserSettingsResp":0,"userSettingsConfidenceThreshold":"CONFIDENCE_CONFIRM_LESS","userSettingsInteractivePrompt":"INTERACTIVE_PROMPT_AUTO","userSettingsPromptType":"PROMPT_AUTO","userSettingsVoiceCmdHelp":true}"
06-09 00:12:37.229 725 1068 D UISpeechService: "CSpeechServiceMainThreadQueue WorkerQueue: Method: Signal Name = "
06-09 00:12:37.229 725 1068 I UISpeechService: CSystemSysCallImpl::handleRespGetUserSettings()
06-09 00:12:37.229 725 1068 D UISpeechService: "<-- RESP GDM:404 System_UserSettingsGet system_setting_confirm_less=false system_usersettingsget_result=SYSTEM_RESULT_OK system_setting_prompt_type=PROMPT_TYPE_AUTO system_setting_interactive_prompts=PROMPT_IACTIVE_AUTO system_setting_prompt_feedback_speed=PROMPT_SPEED_MEDIUM system_setting_voice_cmd_help_display=true;"
06-09 00:12:37.229 725 1068 D UISpeechService: "emitSettingsChangedSignal>> Auto Prompt Mode = AUTO"
06-09 00:12:37.230 725 725 I AdaptiveService: CAdaptiveServiceJNIReceiverInterface::sendSignalDataToNative()
06-09 00:12:37.230 725 725 D AdaptiveService: "SVCIPC_handleSignalInternal>> SignalName = com.gm.speech.settingsChanged and BusName = com.xxxxxx.service.AdaptiveSpeechService"
06-09 00:12:37.230 725 725 D AdaptiveService: "SVCIPC_handleSignalInternal>> SignalName = com.gm.speech.settingsChanged and MessageInfoObj = 0xb3c942e0"
06-09 00:12:37.230 725 725 D AdaptiveService: "SVCIPC_handleSignalInternal>> onSignalCallBack::SignalName = com.gm.speech.settingsChanged, and params = {"promptMode":"AUTO"}"
06-09 00:12:37.230 725 725 I AdaptiveService: CAdaptiveServiceController::onSpeechServiceIPCSignal()
06-09 00:12:37.230 725 725 D AdaptiveService: "Signal com.gm.speech.settingsChanged params - > {"promptMode":"AUTO"}"
06-09 00:12:37.231 1110 1340 I customAudioLoopback: writeRadioTrack(): Info: trackPtr: 0xB5A9A008, buffer Ptr: 0xB4E7F880
06-09 00:12:37.231 1110 1340 I customAudioLoopback: writeRadioTrack(): Info: track->trackEnabled: 1, track->audioTrack: 0xB5A9D000, track->trackRunning: 1, track->recovering: 0
06-09 00:12:37.231 1110 1340 I customAudioLoopback: writeRadioTrack(): Info: trackPtr: 0xB5A9A01C, buffer Ptr: 0xB4E7F880
06-09 00:12:37.231 1110 1340 I customAudioLoopback: writeRadioTrack(): Info: track->trackEnabled: 1, track->audioTrack: 0xB5A9D280, track->trackRunning: 0, track->recovering: 0
06-09 00:12:37.231 725 725 D AdaptiveService: ("Enqueueing worker Job")
06-09 00:12:37.232 725 1361 D AdaptiveService: "CAdaptiveServiceMainThreadQueue WorkerQueue: Method: Signal Name = com.gm.speech.settingsChanged"
06-09 00:12:37.232 725 1361 D AdaptiveService: "ServiceIPCMessage Signal object destructing. Object pointer 0x997bdde0"
06-09 00:12:37.232 725 1361 D AdaptiveService: "WorkerThread: After Dequeue: 0x9e0db878"
06-09 00:12:37.232 725 1361 D AdaptiveService: "WorkerThread: Method: or Signal com.gm.speech.settingsChanged"
06-09 00:12:37.232 725 1361 I AdaptiveService: CAdaptiveServiceController::processJSONMessage()
06-09 00:12:37.232 725 1361 I AdaptiveService: CAdaptiveServiceController::processJSONSignal()
06-09 00:12:37.232 725 1361 D AdaptiveService: "processJSONSignal>> pNewMessage = 0x9e0db878, signalIndex = 1, SignalName = com.gm.speech.settingsChanged"
06-09 00:12:37.232 725 1361 I AdaptiveService: CAdaptiveServiceController::decodeOnSettingChanged()
06-09 00:12:37.232 725 1361 D AdaptiveService: "decodeOnSettingChanged>> Existing Promt Mode = 2 and New Prompt Mode = 2"
06-09 00:12:37.232 725 1361 I AdaptiveService: CAdaptiveServiceController::emitUserExpLevelChangedSignal()
06-09 00:12:37.232 725 1361 I AdaptiveService: CAdaptiveServiceController::sendSVCIPCSignal()
06-09 00:12:37.232 725 1361 D AdaptiveService: "sendSVCIPCSignal>> SignalName = userExpertiseLevel, Params = {"mediaDomain":false,"naviDomain":false,"phoneDomain":false,"tunerDomain":false}"
06-09 00:12:37.232 725 1361 I AdaptiveService: CAdaptiveServiceController::getSVCIPCHandle()
06-09 00:12:37.232 725 1361 I AdaptiveService: CAdaptiveServiceJNISenderInterface::sendSignalDataToJava()
06-09 00:12:37.232 725 1361 D AdaptiveService: "CAdaptiveServiceJNIMessage Method/Signal Name : userExpertiseLevel"
06-09 00:12:37.232 725 1361 D AdaptiveService: "CAdaptiveServiceJNIMessage Request object created. Object pointer 0x9bdb6270"
06-09 00:12:37.232 725 1361 I AdaptiveService: CAdaptiveServiceJNISenderInterface::HandleJNICall()
06-09 00:12:37.232 725 1361 I AdaptiveService: CAdaptiveServiceJNISenderThreadQueue::enqueueWorkerJob()
06-09 00:12:37.232 725 1353 D AdaptiveService: "~CAdaptiveServiceJNIMessage object deleted = 0x9bdb6270"
06-09 00:12:37.232 725 1353 D AdaptiveService: "CAdaptiveServiceJNISenderInterface::run>> After Dequeue pjniMsg = 0x9e1da8a8"
06-09 00:12:37.232 725 1353 I AdaptiveService: CAdaptiveServiceJNISenderInterface::processJNIMessage()
06-09 00:12:37.232 725 1353 D AdaptiveService: "getJNIMessageDetails>> busName = com.xxxxxx.service.AdaptiveSpeechService, name = userExpertiseLevel, inputParams = {"mediaDomain":false,"naviDomain":false,"phoneDomain":false,"tunerDomain":false}, outPutParams = , responseToken = 0, timeOut = 0"
06-09 00:12:37.233 725 1353 I AdaptiveService: CAdaptiveServiceJNISenderThreadQueue::dequeueWorkerJob()
06-09 00:12:37.233 725 725 D UISpeechService: "Signal userExpertiseLevel params - > {"phoneDomain":false,"mediaDomain":false,"tunerDomain":false,"naviDomain":false}"
06-09 00:12:37.233 725 1361 D AdaptiveService: "CAdaptiveServiceJNISenderInterface::sendSignalDataToJava>> MethodResult = {"code":0,"description":"Signal Sent","params":""}"
06-09 00:12:37.233 725 1361 D AdaptiveService: "CAdaptiveServiceMainThread::run>> processJSONMessage returned false"
06-09 00:12:37.233 725 1068 D UISpeechService: "CSpeechServiceMainThreadQueue WorkerQueue: Method: Signal Name = userExpertiseLevel"
06-09 00:12:37.233 725 1068 D UISpeechService: "processJSONSignal>> VRAvailableState Status = 1, Reason = AVAILABLE and ShutDown = 0"
06-09 00:12:37.233 725 1068 I UISpeechService: CSystemSysCallImpl::handleUserExpLevelChangedEvent()
06-09 00:12:37.233 725 1068 I UISpeechService: CSpeechSysCallDispatcher::sendEvent()
06-09 00:12:37.233 725 1068 D UISpeechService: "<-- EVNT GDM NAME=EXPERTISE_LEVEL_READY;"
06-09 00:12:37.237 3527 3527 E libprocessgroup: failed to make and chown /acct/uid_10055: Read-only file system
06-09 00:12:37.237 3527 3527 W Zygote : createProcessGroup failed, kernel missing CONFIG_CGROUP_CPUACCT?
06-09 00:12:37.253 1110 1340 I customAudioLoopback: writeRadioTrack(): Info: trackPtr: 0xB5A9A008, buffer Ptr: 0xB4E7F880
06-09 00:12:37.253 1110 1340 I customAudioLoopback: writeRadioTrack(): Info: track->trackEnabled: 1, track->audioTrack: 0xB5A9D000, track->trackRunning: 1, track->recovering: 0
06-09 00:12:37.253 1110 1340 I customAudioLoopback: writeRadioTrack(): Info: trackPtr: 0xB5A9A01C, buffer Ptr: 0xB4E7F880
06-09 00:12:37.253 1110 1340 I customAudioLoopback: writeRadioTrack(): Info: track->trackEnabled: 1, track->audioTrack: 0xB5A9D280, track->trackRunning: 0, track->recovering: 0
06-09 00:12:37.274 1110 1340 I customAudioLoopback: writeRadioTrack(): Info: trackPtr: 0xB5A9A008, buffer Ptr: 0xB4E7F880
06-09 00:12:37.274 1110 1340 I customAudioLoopback: writeRadioTrack(): Info: track->trackEnabled: 1, track->audioTrack: 0xB5A9D000, track->trackRunning: 1, track->recovering: 0
06-09 00:12:37.274 1110 1340 I customAudioLoopback: writeRadioTrack(): Info: trackPtr: 0xB5A9A01C, buffer Ptr: 0xB4E7F880
06-09 00:12:37.274 1110 1340 I customAudioLoopback: writeRadioTrack(): Info: track->trackEnabled: 1, track->audioTrack: 0xB5A9D280, track->trackRunning: 0, track->recovering: 0
06-09 00:12:37.278 3527 3527 W System : ClassLoader referenced unknown path: /data/app/com.android.cts.preconditions-1/lib/arm
06-09 00:12:37.278 3527 3527 W System : ClassLoader referenced unknown path: /data/app/com.android.cts.preconditions-1/lib/arm
06-09 00:12:37.292 3527 3527 I MonitoringInstrumentation: Instrumentation Started!
06-09 00:12:37.293 3527 3527 I MonitoringInstrumentation: Setting context classloader to 'dalvik.system.PathClassLoader[DexPathList[[zip file "/system/framework/android.test.runner.jar", zip file "/data/app/com.android.cts.preconditions-1/base.apk", zip file "/data/app/com.android.cts.preconditions-1/base.apk"],nativeLibraryDirectories=[/data/app/com.android.cts.preconditions-1/lib/arm, /data/app/com.android.cts.preconditions-1/lib/arm, /vendor/lib, /system/lib]]]', Original: 'dalvik.system.PathClassLoader[DexPathList[[zip file "/system/framework/android.test.runner.jar", zip file "/data/app/com.android.cts.preconditions-1/base.apk", zip file "/data/app/com.android.cts.preconditions-1/base.apk"],nativeLibraryDirectories=[/data/app/com.android.cts.preconditions-1/lib/arm, /data/app/com.android.cts.preconditions-1/lib/arm, /vendor/lib, /system/lib]]]'
06-09 00:12:37.296 1110 1340 I customAudioLoopback: writeRadioTrack(): Info: trackPtr: 0xB5A9A008, buffer Ptr: 0xB4E7F880
06-09 00:12:37.296 1110 1340 I customAudioLoopback: writeRadioTrack(): Info: track->trackEnabled: 1, track->audioTrack: 0xB5A9D000, track->trackRunning: 1, track->recovering: 0
06-09 00:12:37.296 1110 1340 I customAudioLoopback: writeRadioTrack(): Info: trackPtr: 0xB5A9A01C, buffer Ptr: 0xB4E7F880
06-09 00:12:37.296 1110 1340 I customAudioLoopback: writeRadioTrack(): Info: track->trackEnabled: 1, track->audioTrack: 0xB5A9D280, track->trackRunning: 0, track->recovering: 0
06-09 00:12:37.300 3527 3527 I MonitoringInstrumentation: No JSBridge.
06-09 00:12:37.300 3527 3527 I MonitoringInstrumentation: java.lang.ClassNotFoundException: android.support.test.espresso.web.bridge.JavaScriptBridge
06-09 00:12:37.300 3527 3527 I MonitoringInstrumentation: at java.lang.Class.classForName(Native Method)
06-09 00:12:37.300 3527 3527 I MonitoringInstrumentation: at java.lang.Class.forName(Class.java:324)
06-09 00:12:37.300 3527 3527 I MonitoringInstrumentation: at java.lang.Class.forName(Class.java:285)
06-09 00:12:37.300 3527 3527 I MonitoringInstrumentation: at android.support.test.runner.MonitoringInstrumentation.tryLoadingJsBridge(MonitoringInstrumentation.java:584)
06-09 00:12:37.300 3527 3527 I MonitoringInstrumentation: at android.support.test.runner.MonitoringInstrumentation.access$100(MonitoringInstrumentation.java:87)
06-09 00:12:37.300 3527 3527 I MonitoringInstrumentation: at android.support.test.runner.MonitoringInstrumentation$3.run(MonitoringInstrumentation.java:195)
06-09 00:12:37.300 3527 3527 I MonitoringInstrumentation: at android.app.Instrumentation$SyncRunnable.run(Instrumentation.java:1897)
06-09 00:12:37.300 3527 3527 I MonitoringInstrumentation: at android.os.Handler.handleCallback(Handler.java:739)
06-09 00:12:37.300 3527 3527 I MonitoringInstrumentation: at android.os.Handler.dispatchMessage(Handler.java:95)
06-09 00:12:37.300 3527 3527 I MonitoringInstrumentation: at android.os.Looper.loop(Looper.java:148)
06-09 00:12:37.300 3527 3527 I MonitoringInstrumentation: at android.app.ActivityThread.main(ActivityThread.java:5417)
06-09 00:12:37.300 3527 3527 I MonitoringInstrumentation: at java.lang.reflect.Method.invoke(Native Method)
06-09 00:12:37.300 3527 3527 I MonitoringInstrumentation: at com.android.internal.os.ZygoteInit$MethodAndArgsCaller.run(ZygoteInit.java:759)
06-09 00:12:37.300 3527 3527 I MonitoringInstrumentation: at com.android.internal.os.ZygoteInit.main(ZygoteInit.java:649)
06-09 00:12:37.300 3527 3527 I MonitoringInstrumentation: Caused by: java.lang.ClassNotFoundException: Didn't find class "android.support.test.espresso.web.bridge.JavaScriptBridge" on path: DexPathList[[zip file "/system/framework/android.test.runner.jar", zip file "/data/app/com.android.cts.preconditions-1/base.apk", zip file "/data/app/com.android.cts.preconditions-1/base.apk"],nativeLibraryDirectories=[/data/app/com.android.cts.preconditions-1/lib/arm, /data/app/com.android.cts.preconditions-1/lib/arm, /vendor/lib, /system/lib]]
06-09 00:12:37.300 3527 3527 I MonitoringInstrumentation: at dalvik.system.BaseDexClassLoader.findClass(BaseDexClassLoader.java:56)
06-09 00:12:37.300 3527 3527 I MonitoringInstrumentation: at java.lang.ClassLoader.loadClass(ClassLoader.java:511)
06-09 00:12:37.300 3527 3527 I MonitoringInstrumentation: at java.lang.ClassLoader.loadClass(ClassLoader.java:469)
06-09 00:12:37.300 3527 3527 I MonitoringInstrumentation: ... 14 more
06-09 00:12:37.300 3527 3527 I MonitoringInstrumentation: Suppressed: java.lang.ClassNotFoundException: android.support.test.espresso.web.bridge.JavaScriptBridge
06-09 00:12:37.300 3527 3527 I MonitoringInstrumentation: at java.lang.Class.classForName(Native Method)
06-09 00:12:37.300 3527 3527 I MonitoringInstrumentation: at java.lang.BootClassLoader.findClass(ClassLoader.java:781)
06-09 00:12:37.300 3527 3527 I MonitoringInstrumentation: at java.lang.BootClassLoader.loadClass(ClassLoader.java:841)
06-09 00:12:37.300 3527 3527 I MonitoringInstrumentation: at java.lang.ClassLoader.loadClass(ClassLoader.java:504)
06-09 00:12:37.300 3527 3527 I MonitoringInstrumentation: ... 15 more
06-09 00:12:37.300 3527 3527 I MonitoringInstrumentation: Caused by: java.lang.NoClassDefFoundError: Class not found using the boot class loader; no stack trace available
06-09 00:12:37.303 3527 3541 D InfraTrack: Tracking disabled due to lack of internet permissions
06-09 00:12:37.303 3527 3541 I TestRequestBuilder: Scanning classpath to find tests in apks [/data/app/com.android.cts.preconditions-1/base.apk]
06-09 00:12:37.307 725 1427 D UISpeechService: "--> CALL GDM:406 System_GetExpertiseLevel ;"
06-09 00:12:37.307 725 1427 D UISpeechService: "interpreting call System_GetExpertiseLevel"
06-09 00:12:37.307 725 1427 D UISpeechService: "<-- RESP GDM:406 System_GetExpertiseLevel system_media_expert_level=false system_navi_expert_level=false system_phone_expert_level=false system_tuner_expert_level=false system_get_expertise_level_result=SYSTEM_RESULT_OK;"
06-09 00:12:37.317 1110 1340 I customAudioLoopback: writeRadioTrack(): Info: trackPtr: 0xB5A9A008, buffer Ptr: 0xB4E7F880
06-09 00:12:37.317 1110 1340 I customAudioLoopback: writeRadioTrack(): Info: track->trackEnabled: 1, track->audioTrack: 0xB5A9D000, track->trackRunning: 1, track->recovering: 0
06-09 00:12:37.317 1110 1340 I customAudioLoopback: writeRadioTrack(): Info: trackPtr: 0xB5A9A01C, buffer Ptr: 0xB4E7F880
06-09 00:12:37.317 1110 1340 I customAudioLoopback: writeRadioTrack(): Info: track->trackEnabled: 1, track->audioTrack: 0xB5A9D280, track->trackRunning: 0, track->recovering: 0
06-09 00:12:37.339 1110 1340 I customAudioLoopback: writeRadioTrack(): Info: trackPtr: 0xB5A9A008, buffer Ptr: 0xB4E7F880
06-09 00:12:37.339 1110 1340 I customAudioLoopback: writeRadioTrack(): Info: track->trackEnabled: 1, track->audioTrack: 0xB5A9D000, track->trackRunning: 1, track->recovering: 0
06-09 00:12:37.339 1110 1340 I customAudioLoopback: writeRadioTrack(): Info: trackPtr: 0xB5A9A01C, buffer Ptr: 0xB4E7F880
06-09 00:12:37.339 1110 1340 I customAudioLoopback: writeRadioTrack(): Info: track->trackEnabled: 1, track->audioTrack: 0xB5A9D280, track->trackRunning: 0, track->recovering: 0
06-09 00:12:37.349 3527 3541 D TestExecutor: Adding listener android.support.test.internal.runner.listener.LogRunListener
06-09 00:12:37.349 3527 3541 D TestExecutor: Adding listener android.support.test.internal.runner.listener.InstrumentationResultPrinter
06-09 00:12:37.349 3527 3541 D TestExecutor: Adding listener android.support.test.internal.runner.listener.ActivityFinisherRunListener
06-09 00:12:37.352 3527 3541 I TestRunner: run started: 3 tests
06-09 00:12:37.353 3527 3541 I TestRunner: started: testExternalStoragePresent(com.android.cts.preconditions.PreconditionsTest)
06-09 00:12:37.355 3527 3527 I MonitoringInstrumentation: Activities that are still in CREATED to STOPPED: 0
06-09 00:12:37.356 3527 3541 I TestRunner: finished: testExternalStoragePresent(com.android.cts.preconditions.PreconditionsTest)
06-09 00:12:37.357 3527 3527 I MonitoringInstrumentation: Activities that are still in CREATED to STOPPED: 0
06-09 00:12:37.357 3527 3541 I TestRunner: started: testScreenUnlocked(com.android.cts.preconditions.PreconditionsTest)
06-09 00:12:37.359 3527 3527 I MonitoringInstrumentation: Activities that are still in CREATED to STOPPED: 0
06-09 00:12:37.359 3527 3541 I TestRunner: finished: testScreenUnlocked(com.android.cts.preconditions.PreconditionsTest)
06-09 00:12:37.360 1110 1340 I customAudioLoopback: writeRadioTrack(): Info: trackPtr: 0xB5A9A008, buffer Ptr: 0xB4E7F880
06-09 00:12:37.360 1110 1340 I customAudioLoopback: writeRadioTrack(): Info: track->trackEnabled: 1, track->audioTrack: 0xB5A9D000, track->trackRunning: 1, track->recovering: 0
06-09 00:12:37.360 1110 1340 I customAudioLoopback: writeRadioTrack(): Info: trackPtr: 0xB5A9A01C, buffer Ptr: 0xB4E7F880
06-09 00:12:37.360 1110 1340 I customAudioLoopback: writeRadioTrack(): Info: track->trackEnabled: 1, track->audioTrack: 0xB5A9D280, track->trackRunning: 0, track->recovering: 0
06-09 00:12:37.360 3527 3527 I MonitoringInstrumentation: Activities that are still in CREATED to STOPPED: 0
06-09 00:12:37.360 3527 3541 I TestRunner: started: testAndroidTestCaseSetupProperly(com.android.cts.preconditions.PreconditionsTest)
06-09 00:12:37.361 3527 3527 I MonitoringInstrumentation: Activities that are still in CREATED to STOPPED: 0
06-09 00:12:37.362 3527 3541 I TestRunner: finished: testAndroidTestCaseSetupProperly(com.android.cts.preconditions.PreconditionsTest)
06-09 00:12:37.362 3527 3527 I MonitoringInstrumentation: Activities that are still in CREATED to STOPPED: 0
06-09 00:12:37.363 3527 3541 I TestRunner: run finished: 3 tests, 0 failed, 0 ignored
06-09 00:12:37.364 3527 3527 I MonitoringInstrumentation: Activities that are still in CREATED to STOPPED: 0
06-09 00:12:37.364 3527 3541 I MonitoringInstrumentation: waitForActivitiesToComplete() took: 0ms
06-09 00:12:37.367 405 1897 I ActivityManager: Force stopping com.android.cts.preconditions appid=10055 user=0: finished inst
06-09 00:12:37.367 3515 3515 D AndroidRuntime: Shutting down VM
06-09 00:12:37.368 405 1897 I ActivityManager: Killing 3527:com.android.cts.preconditions/u0a55 (adj 0): stop com.android.cts.preconditions
06-09 00:12:37.369 144 161 E ProtoKey: Protokey request failed
06-09 00:12:37.369 405 1897 W libprocessgroup: failed to open /acct/uid_10055/pid_3527/cgroup.procs: No such file or directory
06-09 00:12:37.370 405 1897 D DrivingModeHelper: Returning enabled for Home activity
06-09 00:12:37.381 1110 1340 I customAudioLoopback: writeRadioTrack(): Info: trackPtr: 0xB5A9A008, buffer Ptr: 0xB4E7F880
06-09 00:12:37.381 1110 1340 I customAudioLoopback: writeRadioTrack(): Info: track->trackEnabled: 1, track->audioTrack: 0xB5A9D000, track->trackRunning: 1, track->recovering: 0
06-09 00:12:37.381 1110 1340 I customAudioLoopback: writeRadioTrack(): Info: trackPtr: 0xB5A9A01C, buffer Ptr: 0xB4E7F880
06-09 00:12:37.381 1110 1340 I customAudioLoopback: writeRadioTrack(): Info: track->trackEnabled: 1, track->audioTrack: 0xB5A9D280, track->trackRunning: 0, track->recovering: 0
06-09 00:12:37.387 725 1427 D UISpeechService: "--> CALL GDM:407 System_LogMessage log_string='Queue size: 0. Top Task: TASK_NONE';"
06-09 00:12:37.387 725 1427 D UISpeechService: "interpreting call System_LogMessage"
06-09 00:12:37.387 725 1427 D UISpeechService: "LogMessage is Queue size: 0. Top Task: TASK_NONE"
06-09 00:12:37.387 725 1427 D UISpeechService: "<-- RESP GDM:407 System_LogMessage system_logmessage_result=SYSTEM_RESULT_OK;"
06-09 00:12:37.402 1110 1340 I customAudioLoopback: writeRadioTrack(): Info: trackPtr: 0xB5A9A008, buffer Ptr: 0xB4E7F880
06-09 00:12:37.402 1110 1340 I customAudioLoopback: writeRadioTrack(): Info: track->trackEnabled: 1, track->audioTrack: 0xB5A9D000, track->trackRunning: 1, track->recovering: 0
06-09 00:12:37.402 1110 1340 I customAudioLoopback: writeRadioTrack(): Info: trackPtr: 0xB5A9A01C, buffer Ptr: 0xB4E7F880
06-09 00:12:37.402 1110 1340 I customAudioLoopback: writeRadioTrack(): Info: track->trackEnabled: 1, track->audioTrack: 0xB5A9D280, track->trackRunning: 0, track->recovering: 0
06-09 00:12:37.424 1110 1340 I customAudioLoopback: writeRadioTrack(): Info: trackPtr: 0xB5A9A008, buffer Ptr: 0xB4E7F880
06-09 00:12:37.424 1110 1340 I customAudioLoopback: writeRadioTrack(): Info: track->trackEnabled: 1, track->audioTrack: 0xB5A9D000, track->trackRunning: 1, track->recovering: 0
06-09 00:12:37.424 1110 1340 I customAudioLoopback: writeRadioTrack(): Info: trackPtr: 0xB5A9A01C, buffer Ptr: 0xB4E7F880
06-09 00:12:37.424 1110 1340 I customAudioLoopback: writeRadioTrack(): Info: track->trackEnabled: 1, track->audioTrack: 0xB5A9D280, track->trackRunning: 0, track->recovering: 0
06-09 00:12:37.437 1857 1857 I BT_BUFFER: getBuf allocating 8 bytes
06-09 00:12:37.445 1110 1340 I customAudioLoopback: writeRadioTrack(): Info: trackPtr: 0xB5A9A008, buffer Ptr: 0xB4E7F880
06-09 00:12:37.445 1110 1340 I customAudioLoopback: writeRadioTrack(): Info: track->trackEnabled: 1, track->audioTrack: 0xB5A9D000, track->trackRunning: 1, track->recovering: 0
06-09 00:12:37.445 1110 1340 I customAudioLoopback: writeRadioTrack(): Info: trackPtr: 0xB5A9A01C, buffer Ptr: 0xB4E7F880
06-09 00:12:37.445 1110 1340 I customAudioLoopback: writeRadioTrack(): Info: track->trackEnabled: 1, track->audioTrack: 0xB5A9D280, track->trackRunning: 0, track->recovering: 0
06-09 00:12:37.466 1110 1340 I customAudioLoopback: writeRadioTrack(): Info: trackPtr: 0xB5A9A008, buffer Ptr: 0xB4E7F880
06-09 00:12:37.467 1110 1340 I customAudioLoopback: writeRadioTrack(): Info: track->trackEnabled: 1, track->audioTrack: 0xB5A9D000, track->trackRunning: 1, track->recovering: 0
06-09 00:12:37.467 1110 1340 I customAudioLoopback: writeRadioTrack(): Info: trackPtr: 0xB5A9A01C, buffer Ptr: 0xB4E7F880
06-09 00:12:37.467 1110 1340 I customAudioLoopback: writeRadioTrack(): Info: track->trackEnabled: 1, track->audioTrack: 0xB5A9D280, track->trackRunning: 0, track->recovering: 0
06-09 00:12:37.487 1110 1340 I customAudioLoopback: writeRadioTrack(): Info: trackPtr: 0xB5A9A008, buffer Ptr: 0xB4E7F880
06-09 00:12:37.487 1110 1340 I customAudioLoopback: writeRadioTrack(): Info: track->trackEnabled: 1, track->audioTrack: 0xB5A9D000, track->trackRunning: 1, track->recovering: 0
06-09 00:12:37.487 1110 1340 I customAudioLoopback: writeRadioTrack(): Info: trackPtr: 0xB5A9A01C, buffer Ptr: 0xB4E7F880
06-09 00:12:37.487 1110 1340 I customAudioLoopback: writeRadioTrack(): Info: track->trackEnabled: 1, track->audioTrack: 0xB5A9D280, track->trackRunning: 0, track->recovering: 0
06-09 00:12:37.507 725 725 D OnStar.OnStarRemoteReflashManager: subscribeRR
06-09 00:12:37.507 725 725 E OnStar.OnStarRemoteReflashService: subscribeRR->Failed to subscribe for RR->Reason :
06-09 00:12:37.507 725 725 E OnStar.OnStarRemoteReflashService: com.gm.server.onstar.connector.OnStarConnectionException: FSA RemoteReflash client is not ready [UNINITIALIZED]
06-09 00:12:37.507 725 725 E OnStar.OnStarRemoteReflashService: at com.gm.server.onstar.connector.FsaTcpConnector.getRemoteReflashClient(FsaTcpConnector.java:2642)
06-09 00:12:37.507 725 725 E OnStar.OnStarRemoteReflashService: at com.gm.server.onstar.connector.FsaTcpConnector.subscribeRR(FsaTcpConnector.java:1635)
06-09 00:12:37.507 725 725 E OnStar.OnStarRemoteReflashService: at com.gm.server.onstar.OnStarRemoteReflashService.subscribeRR(OnStarRemoteReflashService.java:341)
06-09 00:12:37.507 725 725 E OnStar.OnStarRemoteReflashService: at gm.onstar.OnStarRemoteReflashManager.subscribeRR(OnStarRemoteReflashManager.java:386)
06-09 00:12:37.507 725 725 E OnStar.OnStarRemoteReflashService: at com.gm.server.update.packagedepot.TCPMRemoteReflashHandler.initializeRemoteReflash(TCPMRemoteReflashHandler.java:1062)
06-09 00:12:37.507 725 725 E OnStar.OnStarRemoteReflashService: at com.gm.server.update.packagedepot.TCPMRemoteReflashHandler.-wrap31(TCPMRemoteReflashHandler.java)
06-09 00:12:37.507 725 725 E OnStar.OnStarRemoteReflashService: at com.gm.server.update.packagedepot.TCPMRemoteReflashHandler$6.run(TCPMRemoteReflashHandler.java:877)
06-09 00:12:37.507 725 725 E OnStar.OnStarRemoteReflashService: at android.os.Handler.handleCallback(Handler.java:739)
06-09 00:12:37.507 725 725 E OnStar.OnStarRemoteReflashService: at android.os.Handler.dispatchMessage(Handler.java:95)
06-09 00:12:37.507 725 725 E OnStar.OnStarRemoteReflashService: at android.os.Looper.loop(Looper.java:148)
06-09 00:12:37.507 725 725 E OnStar.OnStarRemoteReflashService: at android.app.ActivityThread.main(ActivityThread.java:5417)
06-09 00:12:37.507 725 725 E OnStar.OnStarRemoteReflashService: at java.lang.reflect.Method.invoke(Native Method)
06-09 00:12:37.507 725 725 E OnStar.OnStarRemoteReflashService: at com.android.internal.os.ZygoteInit$MethodAndArgsCaller.run(ZygoteInit.java:759)
06-09 00:12:37.507 725 725 E OnStar.OnStarRemoteReflashService: at com.android.internal.os.ZygoteInit.main(ZygoteInit.java:649)
06-09 00:12:37.508 725 725 E OnStar.OnStarRemoteReflashManager: subscribeRR->Failed to subscibe to RR->gm.onstar.exception.OnStarException: subscribeRR->FSA functions client is not ready
06-09 00:12:37.508 725 725 I UpdateService-TCPMRemoteReflashHandler: initializeRemoteReflash() ... initialized? false
06-09 00:12:37.509 1110 1340 I customAudioLoopback: writeRadioTrack(): Info: trackPtr: 0xB5A9A008, buffer Ptr: 0xB4E7F880
06-09 00:12:37.509 1110 1340 I customAudioLoopback: writeRadioTrack(): Info: track->trackEnabled: 1, track->audioTrack: 0xB5A9D000, track->trackRunning: 1, track->recovering: 0
06-09 00:12:37.509 1110 1340 I customAudioLoopback: writeRadioTrack(): Info: trackPtr: 0xB5A9A01C, buffer Ptr: 0xB4E7F880
06-09 00:12:37.509 1110 1340 I customAudioLoopback: writeRadioTrack(): Info: track->trackEnabled: 1, track->audioTrack: 0xB5A9D280, track->trackRunning: 0, track->recovering: 0
06-09 00:12:37.530 1110 1340 I customAudioLoopback: writeRadioTrack(): Info: trackPtr: 0xB5A9A008, buffer Ptr: 0xB4E7F880
06-09 00:12:37.530 1110 1340 I customAudioLoopback: writeRadioTrack(): Info: track->trackEnabled: 1, track->audioTrack: 0xB5A9D000, track->trackRunning: 1, track->recovering: 0
06-09 00:12:37.530 1110 1340 I customAudioLoopback: writeRadioTrack(): Info: trackPtr: 0xB5A9A01C, buffer Ptr: 0xB4E7F880
06-09 00:12:37.530 1110 1340 I customAudioLoopback: writeRadioTrack(): Info: track->trackEnabled: 1, track->audioTrack: 0xB5A9D280, track->trackRunning: 0, track->recovering: 0
06-09 00:12:37.552 1110 1340 I customAudioLoopback: writeRadioTrack(): Info: trackPtr: 0xB5A9A008, buffer Ptr: 0xB4E7F880
06-09 00:12:37.552 1110 1340 I customAudioLoopback: writeRadioTrack(): Info: track->trackEnabled: 1, track->audioTrack: 0xB5A9D000, track->trackRunning: 1, track->recovering: 0
06-09 00:12:37.552 1110 1340 I customAudioLoopback: writeRadioTrack(): Info: trackPtr: 0xB5A9A01C, buffer Ptr: 0xB4E7F880
06-09 00:12:37.552 1110 1340 I customAudioLoopback: writeRadioTrack(): Info: track->trackEnabled: 1, track->audioTrack: 0xB5A9D280, track->trackRunning: 0, track->recovering: 0
06-09 00:12:37.572 1110 1340 I customAudioLoopback: writeRadioTrack(): Info: trackPtr: 0xB5A9A008, buffer Ptr: 0xB4E7F880
06-09 00:12:37.573 1110 1340 I customAudioLoopback: writeRadioTrack(): Info: track->trackEnabled: 1, track->audioTrack: 0xB5A9D000, track->trackRunning: 1, track->recovering: 0
06-09 00:12:37.573 1110 1340 I customAudioLoopback: writeRadioTrack(): Info: trackPtr: 0xB5A9A01C, buffer Ptr: 0xB4E7F880
06-09 00:12:37.573 1110 1340 I customAudioLoopback: writeRadioTrack(): Info: track->trackEnabled: 1, track->audioTrack: 0xB5A9D280, track->trackRunning: 0, track->recovering: 0
06-09 00:12:37.595 1110 1340 I customAudioLoopback: writeRadioTrack(): Info: trackPtr: 0xB5A9A008, buffer Ptr: 0xB4E7F880
06-09 00:12:37.595 1110 1340 I customAudioLoopback: writeRadioTrack(): Info: track->trackEnabled: 1, track->audioTrack: 0xB5A9D000, track->trackRunning: 1, track->recovering: 0
06-09 00:12:37.595 1110 1340 I customAudioLoopback: writeRadioTrack(): Info: trackPtr: 0xB5A9A01C, buffer Ptr: 0xB4E7F880
06-09 00:12:37.595 1110 1340 I customAudioLoopback: writeRadioTrack(): Info: track->trackEnabled: 1, track->audioTrack: 0xB5A9D280, track->trackRunning: 0, track->recovering: 0
06-09 00:12:37.606 2557 2557 I GM_ADB : Enable standard adb on eng or user-debug build.
06-09 00:12:37.615 1110 1340 I customAudioLoopback: writeRadioTrack(): Info: trackPtr: 0xB5A9A008, buffer Ptr: 0xB4E7F880
06-09 00:12:37.615 1110 1340 I customAudioLoopback: writeRadioTrack(): Info: track->trackEnabled: 1, track->audioTrack: 0xB5A9D000, track->trackRunning: 1, track->recovering: 0
06-09 00:12:37.615 1110 1340 I customAudioLoopback: writeRadioTrack(): Info: trackPtr: 0xB5A9A01C, buffer Ptr: 0xB4E7F880
06-09 00:12:37.615 1110 1340 I customAudioLoopback: writeRadioTrack(): Info: track->trackEnabled: 1, track->audioTrack: 0xB5A9D280, track->trackRunning: 0, track->recovering: 0
06-09 00:12:37.637 1110 1340 I customAudioLoopback: writeRadioTrack(): Info: trackPtr: 0xB5A9A008, buffer Ptr: 0xB4E7F880
06-09 00:12:37.637 1110 1340 I customAudioLoopback: writeRadioTrack(): Info: track->trackEnabled: 1, track->audioTrack: 0xB5A9D000, track->trackRunning: 1, track->recovering: 0
06-09 00:12:37.637 1110 1340 I customAudioLoopback: writeRadioTrack(): Info: trackPtr: 0xB5A9A01C, buffer Ptr: 0xB4E7F880
06-09 00:12:37.637 1110 1340 I customAudioLoopback: writeRadioTrack(): Info: track->trackEnabled: 1, track->audioTrack: 0xB5A9D280, track->trackRunning: 0, track->recovering: 0
06-09 00:12:37.658 1110 1340 I customAudioLoopback: writeRadioTrack(): Info: trackPtr: 0xB5A9A008, buffer Ptr: 0xB4E7F880
06-09 00:12:37.658 1110 1340 I customAudioLoopback: writeRadioTrack(): Info: track->trackEnabled: 1, track->audioTrack: 0xB5A9D000, track->trackRunning: 1, track->recovering: 0
06-09 00:12:37.658 1110 1340 I customAudioLoopback: writeRadioTrack(): Info: trackPtr: 0xB5A9A01C, buffer Ptr: 0xB4E7F880
06-09 00:12:37.658 1110 1340 I customAudioLoopback: writeRadioTrack(): Info: track->trackEnabled: 1, track->audioTrack: 0xB5A9D280, track->trackRunning: 0, track->recovering: 0
06-09 00:12:37.669 870 870 D GMStatusBar: handleMessage MSG_AUDIO_INFO_PAGING_COMPLETE mAudioStatusInfoIndex = 0
06-09 00:12:37.676 2312 2330 D xxxxxx_gps: process_ndr_data() sensorCnt:22635, sequenceNr:658, lat:0, lon:0, heading:9000
06-09 00:12:37.676 2312 2330 D xxxxxx_gps: process_ndr_data() deltaHeading:-0.000000, speed:0, distance:878784, meter:0, DR timestamp:712145, utcTime:0
06-09 00:12:37.676 2312 2330 D xxxxxx_gps: Time not Availible from Fix!
06-09 00:12:37.676 2312 2330 D xxxxxx_gps: DR Time is 712145 at Utc Time 712145
06-09 00:12:37.680 1110 1340 I customAudioLoopback: writeRadioTrack(): Info: trackPtr: 0xB5A9A008, buffer Ptr: 0xB4E7F880
06-09 00:12:37.680 1110 1340 I customAudioLoopback: writeRadioTrack(): Info: track->trackEnabled: 1, track->audioTrack: 0xB5A9D000, track->trackRunning: 1, track->recovering: 0
06-09 00:12:37.680 1110 1340 I customAudioLoopback: writeRadioTrack(): Info: trackPtr: 0xB5A9A01C, buffer Ptr: 0xB4E7F880
06-09 00:12:37.680 1110 1340 I customAudioLoopback: writeRadioTrack(): Info: track->trackEnabled: 1, track->audioTrack: 0xB5A9D280, track->trackRunning: 0, track->recovering: 0
06-09 00:12:37.701 1110 1340 I customAudioLoopback: writeRadioTrack(): Info: trackPtr: 0xB5A9A008, buffer Ptr: 0xB4E7F880
06-09 00:12:37.701 1110 1340 I customAudioLoopback: writeRadioTrack(): Info: track->trackEnabled: 1, track->audioTrack: 0xB5A9D000, track->trackRunning: 1, track->recovering: 0
06-09 00:12:37.701 1110 1340 I customAudioLoopback: writeRadioTrack(): Info: trackPtr: 0xB5A9A01C, buffer Ptr: 0xB4E7F880
06-09 00:12:37.701 1110 1340 I customAudioLoopback: writeRadioTrack(): Info: track->trackEnabled: 1, track->audioTrack: 0xB5A9D280, track->trackRunning: 0, track->recovering: 0
06-09 00:12:37.707 725 1350 D RSIClient: client io error, failed to connect to /192.168.1.104 (port 9040) after 5000ms: isConnected failed: EHOSTUNREACH (No route to host)
06-09 00:12:37.707 725 1350 D RSIClient: STOPPED
06-09 00:12:37.707 725 1350 D RSIClient: RESTART CLIENT
06-09 00:12:37.723 1110 1340 I customAudioLoopback: writeRadioTrack(): Info: trackPtr: 0xB5A9A008, buffer Ptr: 0xB4E7F880
06-09 00:12:37.723 1110 1340 I customAudioLoopback: writeRadioTrack(): Info: track->trackEnabled: 1, track->audioTrack: 0xB5A9D000, track->trackRunning: 1, track->recovering: 0
06-09 00:12:37.723 1110 1340 I customAudioLoopback: writeRadioTrack(): Info: trackPtr: 0xB5A9A01C, buffer Ptr: 0xB4E7F880
06-09 00:12:37.723 1110 1340 I customAudioLoopback: writeRadioTrack(): Info: track->trackEnabled: 1, track->audioTrack: 0xB5A9D280, track->trackRunning: 0, track->recovering: 0
06-09 00:12:37.743 1110 1340 I customAudioLoopback: writeRadioTrack(): Info: trackPtr: 0xB5A9A008, buffer Ptr: 0xB4E7F880
06-09 00:12:37.743 1110 1340 I customAudioLoopback: writeRadioTrack(): Info: track->trackEnabled: 1, track->audioTrack: 0xB5A9D000, track->trackRunning: 1, track->recovering: 0
06-09 00:12:37.743 1110 1340 I customAudioLoopback: writeRadioTrack(): Info: trackPtr: 0xB5A9A01C, buffer Ptr: 0xB4E7F880
06-09 00:12:37.743 1110 1340 I customAudioLoopback: writeRadioTrack(): Info: track->trackEnabled: 1, track->audioTrack: 0xB5A9D280, track->trackRunning: 0, track->recovering: 0
06-09 00:12:37.765 1110 1340 I customAudioLoopback: writeRadioTrack(): Info: trackPtr: 0xB5A9A008, buffer Ptr: 0xB4E7F880
06-09 00:12:37.765 1110 1340 I customAudioLoopback: writeRadioTrack(): Info: track->trackEnabled: 1, track->audioTrack: 0xB5A9D000, track->trackRunning: 1, track->recovering: 0
06-09 00:12:37.765 1110 1340 I customAudioLoopback: writeRadioTrack(): Info: trackPtr: 0xB5A9A01C, buffer Ptr: 0xB4E7F880
06-09 00:12:37.766 1110 1340 I customAudioLoopback: writeRadioTrack(): Info: track->trackEnabled: 1, track->audioTrack: 0xB5A9D280, track->trackRunning: 0, track->recovering: 0
06-09 00:12:37.786 1110 1340 I customAudioLoopback: writeRadioTrack(): Info: trackPtr: 0xB5A9A008, buffer Ptr: 0xB4E7F880
06-09 00:12:37.786 1110 1340 I customAudioLoopback: writeRadioTrack(): Info: track->trackEnabled: 1, track->audioTrack: 0xB5A9D000, track->trackRunning: 1, track->recovering: 0
06-09 00:12:37.786 1110 1340 I customAudioLoopback: writeRadioTrack(): Info: trackPtr: 0xB5A9A01C, buffer Ptr: 0xB4E7F880
06-09 00:12:37.786 1110 1340 I customAudioLoopback: writeRadioTrack(): Info: track->trackEnabled: 1, track->audioTrack: 0xB5A9D280, track->trackRunning: 0, track->recovering: 0
06-09 00:12:37.808 1110 1340 I customAudioLoopback: writeRadioTrack(): Info: trackPtr: 0xB5A9A008, buffer Ptr: 0xB4E7F880
06-09 00:12:37.808 1110 1340 I customAudioLoopback: writeRadioTrack(): Info: track->trackEnabled: 1, track->audioTrack: 0xB5A9D000, track->trackRunning: 1, track->recovering: 0
06-09 00:12:37.808 1110 1340 I customAudioLoopback: writeRadioTrack(): Info: trackPtr: 0xB5A9A01C, buffer Ptr: 0xB4E7F880
06-09 00:12:37.808 1110 1340 I customAudioLoopback: writeRadioTrack(): Info: track->trackEnabled: 1, track->audioTrack: 0xB5A9D280, track->trackRunning: 0, track->recovering: 0
06-09 00:12:37.810 143 320 I ICSTYPEB: Panelservice backlightLevel 0x8fc0 0x8fc0 0x8fc0
06-09 00:12:37.829 1110 1340 I customAudioLoopback: writeRadioTrack(): Info: trackPtr: 0xB5A9A008, buffer Ptr: 0xB4E7F880
06-09 00:12:37.829 1110 1340 I customAudioLoopback: writeRadioTrack(): Info: track->trackEnabled: 1, track->audioTrack: 0xB5A9D000, track->trackRunning: 1, track->recovering: 0
06-09 00:12:37.829 1110 1340 I customAudioLoopback: writeRadioTrack(): Info: trackPtr: 0xB5A9A01C, buffer Ptr: 0xB4E7F880
06-09 00:12:37.829 1110 1340 I customAudioLoopback: writeRadioTrack(): Info: track->trackEnabled: 1, track->audioTrack: 0xB5A9D280, track->trackRunning: 0, track->recovering: 0
06-09 00:12:37.851 1110 1340 I customAudioLoopback: writeRadioTrack(): Info: trackPtr: 0xB5A9A008, buffer Ptr: 0xB4E7F880
06-09 00:12:37.851 1110 1340 I customAudioLoopback: writeRadioTrack(): Info: track->trackEnabled: 1, track->audioTrack: 0xB5A9D000, track->trackRunning: 1, track->recovering: 0
06-09 00:12:37.851 1110 1340 I customAudioLoopback: writeRadioTrack(): Info: trackPtr: 0xB5A9A01C, buffer Ptr: 0xB4E7F880
06-09 00:12:37.851 1110 1340 I customAudioLoopback: writeRadioTrack(): Info: track->trackEnabled: 1, track->audioTrack: 0xB5A9D280, track->trackRunning: 0, track->recovering: 0
06-09 00:12:37.871 1110 1340 I customAudioLoopback: writeRadioTrack(): Info: trackPtr: 0xB5A9A008, buffer Ptr: 0xB4E7F880
06-09 00:12:37.871 1110 1340 I customAudioLoopback: writeRadioTrack(): Info: track->trackEnabled: 1, track->audioTrack: 0xB5A9D000, track->trackRunning: 1, track->recovering: 0
06-09 00:12:37.871 1110 1340 I customAudioLoopback: writeRadioTrack(): Info: trackPtr: 0xB5A9A01C, buffer Ptr: 0xB4E7F880
06-09 00:12:37.871 1110 1340 I customAudioLoopback: writeRadioTrack(): Info: track->trackEnabled: 1, track->audioTrack: 0xB5A9D280, track->trackRunning: 0, track->recovering: 0
06-09 00:12:37.874 144 160 I uipc_stream: Flowcontrol for channel: 2(0)
06-09 00:12:37.874 144 160 I uipc_stream: Flowcontrol for channel: 3(0)
06-09 00:12:37.874 144 160 I ProtoKey: VIP flow control: 0
06-09 00:12:37.874 144 161 W ProtoKey: Repeat flowcontrol: 1
06-09 00:12:37.874 144 161 I ProtoKey: VIP flow control: 1
06-09 00:12:37.874 144 161 E ProtoKey: Protokey request failed
06-09 00:12:37.877 144 160 I uipc_stream: Flowcontrol for channel: 2(1)
06-09 00:12:37.877 144 160 I uipc_stream: Flowcontrol for channel: 3(1)
06-09 00:12:37.877 144 160 I ProtoKey: VIP flow control: 1
06-09 00:12:37.877 144 161 W ProtoKey: Repeat flowcontrol: 1
06-09 00:12:37.877 144 161 I ProtoKey: VIP flow control: 1
06-09 00:12:37.880 144 161 E ProtoKey: Protokey request failed
06-09 00:12:37.893 1110 1340 I customAudioLoopback: writeRadioTrack(): Info: trackPtr: 0xB5A9A008, buffer Ptr: 0xB4E7F880
06-09 00:12:37.893 1110 1340 I customAudioLoopback: writeRadioTrack(): Info: track->trackEnabled: 1, track->audioTrack: 0xB5A9D000, track->trackRunning: 1, track->recovering: 0
06-09 00:12:37.894 1110 1340 I customAudioLoopback: writeRadioTrack(): Info: trackPtr: 0xB5A9A01C, buffer Ptr: 0xB4E7F880
06-09 00:12:37.894 1110 1340 I customAudioLoopback: writeRadioTrack(): Info: track->trackEnabled: 1, track->audioTrack: 0xB5A9D280, track->trackRunning: 0, track->recovering: 0
06-09 00:12:37.914 1110 1340 I customAudioLoopback: writeRadioTrack(): Info: trackPtr: 0xB5A9A008, buffer Ptr: 0xB4E7F880
06-09 00:12:37.914 1110 1340 I customAudioLoopback: writeRadioTrack(): Info: track->trackEnabled: 1, track->audioTrack: 0xB5A9D000, track->trackRunning: 1, track->recovering: 0
06-09 00:12:37.914 1110 1340 I customAudioLoopback: writeRadioTrack(): Info: trackPtr: 0xB5A9A01C, buffer Ptr: 0xB4E7F880
06-09 00:12:37.914 1110 1340 I customAudioLoopback: writeRadioTrack(): Info: track->trackEnabled: 1, track->audioTrack: 0xB5A9D280, track->trackRunning: 0, track->recovering: 0
06-09 00:12:37.936 1110 1340 I customAudioLoopback: writeRadioTrack(): Info: trackPtr: 0xB5A9A008, buffer Ptr: 0xB4E7F880
06-09 00:12:37.936 1110 1340 I customAudioLoopback: writeRadioTrack(): Info: track->trackEnabled: 1, track->audioTrack: 0xB5A9D000, track->trackRunning: 1, track->recovering: 0
06-09 00:12:37.936 1110 1340 I customAudioLoopback: writeRadioTrack(): Info: trackPtr: 0xB5A9A01C, buffer Ptr: 0xB4E7F880
06-09 00:12:37.936 1110 1340 I customAudioLoopback: writeRadioTrack(): Info: track->trackEnabled: 1, track->audioTrack: 0xB5A9D280, track->trackRunning: 0, track->recovering: 0
