06-09 00:12:50.694 1110 1340 I customAudioLoopback: writeRadioTrack(): Info: track->trackEnabled: 1, track->audioTrack: 0xB5A9D000, track->trackRunning: 1, track->recovering: 0
06-09 00:12:50.694 1110 1340 I customAudioLoopback: writeRadioTrack(): Info: trackPtr: 0xB5A9A01C, buffer Ptr: 0xB4E7F880
06-09 00:12:50.695 1110 1340 I customAudioLoopback: writeRadioTrack(): Info: track->trackEnabled: 1, track->audioTrack: 0xB5A9D280, track->trackRunning: 0, track->recovering: 0
06-09 00:12:50.696 1831 1883 I VMS-VehicleStateSrvGA: onVehicleDataChange : SignalId32958
06-09 00:12:50.696 1831 1883 I VMS-VehicleStateSrvGA: calling abstraction onChange listener : Abstraction SignalId622
06-09 00:12:50.711 108 108 E ti_hwc : FB_TARGET info: CRTC: [0, 0, 1920, 1080] SRC: [0, 0, 1920, 1080], Hints: 0, Flags: 0
06-09 00:12:50.715 1110 1340 I customAudioLoopback: writeRadioTrack(): Info: trackPtr: 0xB5A9A008, buffer Ptr: 0xB4E7F880
06-09 00:12:50.715 1110 1340 I customAudioLoopback: writeRadioTrack(): Info: track->trackEnabled: 1, track->audioTrack: 0xB5A9D000, track->trackRunning: 1, track->recovering: 0
06-09 00:12:50.715 1110 1340 I customAudioLoopback: writeRadioTrack(): Info: trackPtr: 0xB5A9A01C, buffer Ptr: 0xB4E7F880
06-09 00:12:50.715 1110 1340 I customAudioLoopback: writeRadioTrack(): Info: track->trackEnabled: 1, track->audioTrack: 0xB5A9D280, track->trackRunning: 0, track->recovering: 0
06-09 00:12:50.727 108 108 E ti_hwc : FB_TARGET info: CRTC: [0, 0, 1920, 1080] SRC: [0, 0, 1920, 1080], Hints: 0, Flags: 0
06-09 00:12:50.738 1110 1340 I customAudioLoopback: writeRadioTrack(): Info: trackPtr: 0xB5A9A008, buffer Ptr: 0xB4E7F880
06-09 00:12:50.738 1110 1340 I customAudioLoopback: writeRadioTrack(): Info: track->trackEnabled: 1, track->audioTrack: 0xB5A9D000, track->trackRunning: 1, track->recovering: 0
06-09 00:12:50.738 1110 1340 I customAudioLoopback: writeRadioTrack(): Info: trackPtr: 0xB5A9A01C, buffer Ptr: 0xB4E7F880
06-09 00:12:50.738 1110 1340 I customAudioLoopback: writeRadioTrack(): Info: track->trackEnabled: 1, track->audioTrack: 0xB5A9D280, track->trackRunning: 0, track->recovering: 0
06-09 00:12:50.744 108 108 E ti_hwc : FB_TARGET info: CRTC: [0, 0, 1920, 1080] SRC: [0, 0, 1920, 1080], Hints: 0, Flags: 0
06-09 00:12:50.758 1110 1340 I customAudioLoopback: writeRadioTrack(): Info: trackPtr: 0xB5A9A008, buffer Ptr: 0xB4E7F880
06-09 00:12:50.758 1110 1340 I customAudioLoopback: writeRadioTrack(): Info: track->trackEnabled: 1, track->audioTrack: 0xB5A9D000, track->trackRunning: 1, track->recovering: 0
06-09 00:12:50.758 1110 1340 I customAudioLoopback: writeRadioTrack(): Info: trackPtr: 0xB5A9A01C, buffer Ptr: 0xB4E7F880
06-09 00:12:50.758 1110 1340 I customAudioLoopback: writeRadioTrack(): Info: track->trackEnabled: 1, track->audioTrack: 0xB5A9D280, track->trackRunning: 0, track->recovering: 0
06-09 00:12:50.761 108 108 E ti_hwc : FB_TARGET info: CRTC: [0, 0, 1920, 1080] SRC: [0, 0, 1920, 1080], Hints: 0, Flags: 0
06-09 00:12:50.777 108 108 E ti_hwc : FB_TARGET info: CRTC: [0, 0, 1920, 1080] SRC: [0, 0, 1920, 1080], Hints: 0, Flags: 0
06-09 00:12:50.780 1110 1340 I customAudioLoopback: writeRadioTrack(): Info: trackPtr: 0xB5A9A008, buffer Ptr: 0xB4E7F880
06-09 00:12:50.780 1110 1340 I customAudioLoopback: writeRadioTrack(): Info: track->trackEnabled: 1, track->audioTrack: 0xB5A9D000, track->trackRunning: 1, track->recovering: 0
06-09 00:12:50.780 1110 1340 I customAudioLoopback: writeRadioTrack(): Info: trackPtr: 0xB5A9A01C, buffer Ptr: 0xB4E7F880
06-09 00:12:50.780 1110 1340 I customAudioLoopback: writeRadioTrack(): Info: track->trackEnabled: 1, track->audioTrack: 0xB5A9D280, track->trackRunning: 0, track->recovering: 0
06-09 00:12:50.794 108 108 E ti_hwc : FB_TARGET info: CRTC: [0, 0, 1920, 1080] SRC: [0, 0, 1920, 1080], Hints: 0, Flags: 0
06-09 00:12:50.800 1110 1340 I customAudioLoopback: writeRadioTrack(): Info: trackPtr: 0xB5A9A008, buffer Ptr: 0xB4E7F880
06-09 00:12:50.800 1110 1340 I customAudioLoopback: writeRadioTrack(): Info: track->trackEnabled: 1, track->audioTrack: 0xB5A9D000, track->trackRunning: 1, track->recovering: 0
06-09 00:12:50.800 1110 1340 I customAudioLoopback: writeRadioTrack(): Info: trackPtr: 0xB5A9A01C, buffer Ptr: 0xB4E7F880
06-09 00:12:50.800 1110 1340 I customAudioLoopback: writeRadioTrack(): Info: track->trackEnabled: 1, track->audioTrack: 0xB5A9D280, track->trackRunning: 0, track->recovering: 0
06-09 00:12:50.804 1042 1207 I DemoModeService: Current Mode: DEMO
06-09 00:12:50.807 2341 2388 I FSANetCommsClient: FSA: caught ioexception during InitializeSocket(): java.net.ConnectException: failed to connect to /192.168.1.106 (port 9010): connect failed: EHOSTUNREACH (No route to host)
06-09 00:12:50.811 108 108 E ti_hwc : FB_TARGET info: CRTC: [0, 0, 1920, 1080] SRC: [0, 0, 1920, 1080], Hints: 0, Flags: 0
06-09 00:12:50.823 1110 1340 I customAudioLoopback: writeRadioTrack(): Info: trackPtr: 0xB5A9A008, buffer Ptr: 0xB4E7F880
06-09 00:12:50.823 1110 1340 I customAudioLoopback: writeRadioTrack(): Info: track->trackEnabled: 1, track->audioTrack: 0xB5A9D000, track->trackRunning: 1, track->recovering: 0
06-09 00:12:50.823 1110 1340 I customAudioLoopback: writeRadioTrack(): Info: trackPtr: 0xB5A9A01C, buffer Ptr: 0xB4E7F880
06-09 00:12:50.823 1110 1340 I customAudioLoopback: writeRadioTrack(): Info: track->trackEnabled: 1, track->audioTrack: 0xB5A9D280, track->trackRunning: 0, track->recovering: 0
06-09 00:12:50.828 108 108 E ti_hwc : FB_TARGET info: CRTC: [0, 0, 1920, 1080] SRC: [0, 0, 1920, 1080], Hints: 0, Flags: 0
06-09 00:12:50.843 1110 1340 I customAudioLoopback: writeRadioTrack(): Info: trackPtr: 0xB5A9A008, buffer Ptr: 0xB4E7F880
06-09 00:12:50.843 1110 1340 I customAudioLoopback: writeRadioTrack(): Info: track->trackEnabled: 1, track->audioTrack: 0xB5A9D000, track->trackRunning: 1, track->recovering: 0
06-09 00:12:50.843 1110 1340 I customAudioLoopback: writeRadioTrack(): Info: trackPtr: 0xB5A9A01C, buffer Ptr: 0xB4E7F880
06-09 00:12:50.843 1110 1340 I customAudioLoopback: writeRadioTrack(): Info: track->trackEnabled: 1, track->audioTrack: 0xB5A9D280, track->trackRunning: 0, track->recovering: 0
06-09 00:12:50.844 108 108 E ti_hwc : FB_TARGET info: CRTC: [0, 0, 1920, 1080] SRC: [0, 0, 1920, 1080], Hints: 0, Flags: 0
06-09 00:12:50.861 108 108 E ti_hwc : FB_TARGET info: CRTC: [0, 0, 1920, 1080] SRC: [0, 0, 1920, 1080], Hints: 0, Flags: 0
06-09 00:12:50.865 1110 1340 I customAudioLoopback: writeRadioTrack(): Info: trackPtr: 0xB5A9A008, buffer Ptr: 0xB4E7F880
06-09 00:12:50.865 1110 1340 I customAudioLoopback: writeRadioTrack(): Info: track->trackEnabled: 1, track->audioTrack: 0xB5A9D000, track->trackRunning: 1, track->recovering: 0
06-09 00:12:50.865 1110 1340 I customAudioLoopback: writeRadioTrack(): Info: trackPtr: 0xB5A9A01C, buffer Ptr: 0xB4E7F880
06-09 00:12:50.865 1110 1340 I customAudioLoopback: writeRadioTrack(): Info: track->trackEnabled: 1, track->audioTrack: 0xB5A9D280, track->trackRunning: 0, track->recovering: 0
06-09 00:12:50.877 108 108 E ti_hwc : FB_TARGET info: CRTC: [0, 0, 1920, 1080] SRC: [0, 0, 1920, 1080], Hints: 0, Flags: 0
06-09 00:12:50.886 1110 1340 I customAudioLoopback: writeRadioTrack(): Info: trackPtr: 0xB5A9A008, buffer Ptr: 0xB4E7F880
06-09 00:12:50.886 1110 1340 I customAudioLoopback: writeRadioTrack(): Info: track->trackEnabled: 1, track->audioTrack: 0xB5A9D000, track->trackRunning: 1, track->recovering: 0
06-09 00:12:50.886 1110 1340 I customAudioLoopback: writeRadioTrack(): Info: trackPtr: 0xB5A9A01C, buffer Ptr: 0xB4E7F880
06-09 00:12:50.886 1110 1340 I customAudioLoopback: writeRadioTrack(): Info: track->trackEnabled: 1, track->audioTrack: 0xB5A9D280, track->trackRunning: 0, track->recovering: 0
06-09 00:12:50.894 108 108 E ti_hwc : FB_TARGET info: CRTC: [0, 0, 1920, 1080] SRC: [0, 0, 1920, 1080], Hints: 0, Flags: 0
06-09 00:12:50.907 2341 2388 I FSAClient: FSA: could not connect to server 192.168.1.106:9010, retrying
06-09 00:12:50.907 2341 2388 I FSANetCommsClient: FSA: intializing client tcp socket, ip:port is 192.168.1.106:9010
06-09 00:12:50.908 1110 1340 I customAudioLoopback: writeRadioTrack(): Info: trackPtr: 0xB5A9A008, buffer Ptr: 0xB4E7F880
06-09 00:12:50.908 1110 1340 I customAudioLoopback: writeRadioTrack(): Info: track->trackEnabled: 1, track->audioTrack: 0xB5A9D000, track->trackRunning: 1, track->recovering: 0
06-09 00:12:50.908 1110 1340 I customAudioLoopback: writeRadioTrack(): Info: trackPtr: 0xB5A9A01C, buffer Ptr: 0xB4E7F880
06-09 00:12:50.908 1110 1340 I customAudioLoopback: writeRadioTrack(): Info: track->trackEnabled: 1, track->audioTrack: 0xB5A9D280, track->trackRunning: 0, track->recovering: 0
06-09 00:12:50.911 108 108 E ti_hwc : FB_TARGET info: CRTC: [0, 0, 1920, 1080] SRC: [0, 0, 1920, 1080], Hints: 0, Flags: 0
06-09 00:12:50.927 108 108 E ti_hwc : FB_TARGET info: CRTC: [0, 0, 1920, 1080] SRC: [0, 0, 1920, 1080], Hints: 0, Flags: 0
06-09 00:12:50.929 1110 1340 I customAudioLoopback: writeRadioTrack(): Info: trackPtr: 0xB5A9A008, buffer Ptr: 0xB4E7F880
06-09 00:12:50.929 1110 1340 I customAudioLoopback: writeRadioTrack(): Info: track->trackEnabled: 1, track->audioTrack: 0xB5A9D000, track->trackRunning: 1, track->recovering: 0
06-09 00:12:50.929 1110 1340 I customAudioLoopback: writeRadioTrack(): Info: trackPtr: 0xB5A9A01C, buffer Ptr: 0xB4E7F880
06-09 00:12:50.929 1110 1340 I customAudioLoopback: writeRadioTrack(): Info: track->trackEnabled: 1, track->audioTrack: 0xB5A9D280, track->trackRunning: 0, track->recovering: 0
06-09 00:12:50.944 108 108 E ti_hwc : FB_TARGET info: CRTC: [0, 0, 1920, 1080] SRC: [0, 0, 1920, 1080], Hints: 0, Flags: 0
06-09 00:12:50.950 1110 1340 I customAudioLoopback: writeRadioTrack(): Info: trackPtr: 0xB5A9A008, buffer Ptr: 0xB4E7F880
06-09 00:12:50.950 1110 1340 I customAudioLoopback: writeRadioTrack(): Info: track->trackEnabled: 1, track->audioTrack: 0xB5A9D000, track->trackRunning: 1, track->recovering: 0
06-09 00:12:50.950 1110 1340 I customAudioLoopback: writeRadioTrack(): Info: trackPtr: 0xB5A9A01C, buffer Ptr: 0xB4E7F880
06-09 00:12:50.950 1110 1340 I customAudioLoopback: writeRadioTrack(): Info: track->trackEnabled: 1, track->audioTrack: 0xB5A9D280, track->trackRunning: 0, track->recovering: 0
06-09 00:12:50.961 108 108 E ti_hwc : FB_TARGET info: CRTC: [0, 0, 1920, 1080] SRC: [0, 0, 1920, 1080], Hints: 0, Flags: 0
06-09 00:12:50.972 1110 1340 I customAudioLoopback: writeRadioTrack(): Info: trackPtr: 0xB5A9A008, buffer Ptr: 0xB4E7F880
06-09 00:12:50.972 1110 1340 I customAudioLoopback: writeRadioTrack(): Info: track->trackEnabled: 1, track->audioTrack: 0xB5A9D000, track->trackRunning: 1, track->recovering: 0
06-09 00:12:50.972 1110 1340 I customAudioLoopback: writeRadioTrack(): Info: trackPtr: 0xB5A9A01C, buffer Ptr: 0xB4E7F880
06-09 00:12:50.972 1110 1340 I customAudioLoopback: writeRadioTrack(): Info: track->trackEnabled: 1, track->audioTrack: 0xB5A9D280, track->trackRunning: 0, track->recovering: 0
06-09 00:12:50.977 108 108 E ti_hwc : FB_TARGET info: CRTC: [0, 0, 1920, 1080] SRC: [0, 0, 1920, 1080], Hints: 0, Flags: 0
06-09 00:12:50.983 144 161 E ProtoKey: Protokey request failed
06-09 00:12:50.993 1110 1340 I customAudioLoopback: writeRadioTrack(): Info: trackPtr: 0xB5A9A008, buffer Ptr: 0xB4E7F880
06-09 00:12:50.993 1110 1340 I customAudioLoopback: writeRadioTrack(): Info: track->trackEnabled: 1, track->audioTrack: 0xB5A9D000, track->trackRunning: 1, track->recovering: 0
06-09 00:12:50.993 1110 1340 I customAudioLoopback: writeRadioTrack(): Info: trackPtr: 0xB5A9A01C, buffer Ptr: 0xB4E7F880
06-09 00:12:50.993 1110 1340 I customAudioLoopback: writeRadioTrack(): Info: track->trackEnabled: 1, track->audioTrack: 0xB5A9D280, track->trackRunning: 0, track->recovering: 0
06-09 00:12:50.994 108 108 E ti_hwc : FB_TARGET info: CRTC: [0, 0, 1920, 1080] SRC: [0, 0, 1920, 1080], Hints: 0, Flags: 0
06-09 00:12:50.999 725 1038 I com.gm.server.traffic.TrafficServiceImpl: signalMonitor: Not connected, reconnecting...
06-09 00:12:51.001 725 1038 E com.gm.server.traffic.TrafficServiceImpl: signalMonitor: socket connection exception
06-09 00:12:51.001 725 1038 E com.gm.server.traffic.TrafficServiceImpl: java.net.ConnectException: failed to connect to /192.168.1.10 (port 11999): connect failed: ECONNREFUSED (Connection refused)
06-09 00:12:51.001 725 1038 E com.gm.server.traffic.TrafficServiceImpl: at libcore.io.IoBridge.connect(IoBridge.java:124)
06-09 00:12:51.001 725 1038 E com.gm.server.traffic.TrafficServiceImpl: at java.net.PlainSocketImpl.connect(PlainSocketImpl.java:183)
06-09 00:12:51.001 725 1038 E com.gm.server.traffic.TrafficServiceImpl: at java.net.PlainSocketImpl.connect(PlainSocketImpl.java:163)
06-09 00:12:51.001 725 1038 E com.gm.server.traffic.TrafficServiceImpl: at java.net.Socket.startupSocket(Socket.java:592)
06-09 00:12:51.001 725 1038 E com.gm.server.traffic.TrafficServiceImpl: at java.net.Socket.tryAllAddresses(Socket.java:128)
06-09 00:12:51.001 725 1038 E com.gm.server.traffic.TrafficServiceImpl: at java.net.Socket.(Socket.java:178)
06-09 00:12:51.001 725 1038 E com.gm.server.traffic.TrafficServiceImpl: at java.net.Socket.(Socket.java:150)
06-09 00:12:51.001 725 1038 E com.gm.server.traffic.TrafficServiceImpl: at com.gm.server.traffic.SocketImpl.connect(SocketImpl.java:22)
06-09 00:12:51.001 725 1038 E com.gm.server.traffic.TrafficServiceImpl: at com.gm.server.traffic.TrafficServiceImpl$1.run(TrafficServiceImpl.java:227)
06-09 00:12:51.001 725 1038 E com.gm.server.traffic.TrafficServiceImpl: at java.util.concurrent.ThreadPoolExecutor.runWorker(ThreadPoolExecutor.java:1113)
06-09 00:12:51.001 725 1038 E com.gm.server.traffic.TrafficServiceImpl: at java.util.concurrent.ThreadPoolExecutor$Worker.run(ThreadPoolExecutor.java:588)
06-09 00:12:51.001 725 1038 E com.gm.server.traffic.TrafficServiceImpl: at java.lang.Thread.run(Thread.java:818)
06-09 00:12:51.001 725 1038 E com.gm.server.traffic.TrafficServiceImpl: Caused by: android.system.ErrnoException: connect failed: ECONNREFUSED (Connection refused)
06-09 00:12:51.001 725 1038 E com.gm.server.traffic.TrafficServiceImpl: at libcore.io.Posix.connect(Native Method)
06-09 00:12:51.001 725 1038 E com.gm.server.traffic.TrafficServiceImpl: at libcore.io.BlockGuardOs.connect(BlockGuardOs.java:111)
06-09 00:12:51.001 725 1038 E com.gm.server.traffic.TrafficServiceImpl: at libcore.io.IoBridge.connectErrno(IoBridge.java:137)
06-09 00:12:51.001 725 1038 E com.gm.server.traffic.TrafficServiceImpl: at libcore.io.IoBridge.connect(IoBridge.java:122)
06-09 00:12:51.001 725 1038 E com.gm.server.traffic.TrafficServiceImpl: ... 11 more
06-09 00:12:51.011 108 108 E ti_hwc : FB_TARGET info: CRTC: [0, 0, 1920, 1080] SRC: [0, 0, 1920, 1080], Hints: 0, Flags: 0
06-09 00:12:51.014 1110 1340 I customAudioLoopback: writeRadioTrack(): Info: trackPtr: 0xB5A9A008, buffer Ptr: 0xB4E7F880
06-09 00:12:51.014 1110 1340 I customAudioLoopback: writeRadioTrack(): Info: track->trackEnabled: 1, track->audioTrack: 0xB5A9D000, track->trackRunning: 1, track->recovering: 0
06-09 00:12:51.014 1110 1340 I customAudioLoopback: writeRadioTrack(): Info: trackPtr: 0xB5A9A01C, buffer Ptr: 0xB4E7F880
06-09 00:12:51.014 1110 1340 I customAudioLoopback: writeRadioTrack(): Info: track->trackEnabled: 1, track->audioTrack: 0xB5A9D280, track->trackRunning: 0, track->recovering: 0
06-09 00:12:51.027 108 108 E ti_hwc : FB_TARGET info: CRTC: [0, 0, 1920, 1080] SRC: [0, 0, 1920, 1080], Hints: 0, Flags: 0
06-09 00:12:51.036 1110 1340 I customAudioLoopback: writeRadioTrack(): Info: trackPtr: 0xB5A9A008, buffer Ptr: 0xB4E7F880
06-09 00:12:51.036 1110 1340 I customAudioLoopback: writeRadioTrack(): Info: track->trackEnabled: 1, track->audioTrack: 0xB5A9D000, track->trackRunning: 1, track->recovering: 0
06-09 00:12:51.036 1110 1340 I customAudioLoopback: writeRadioTrack(): Info: trackPtr: 0xB5A9A01C, buffer Ptr: 0xB4E7F880
06-09 00:12:51.036 1110 1340 I customAudioLoopback: writeRadioTrack(): Info: track->trackEnabled: 1, track->audioTrack: 0xB5A9D280, track->trackRunning: 0, track->recovering: 0
06-09 00:12:51.044 108 108 E ti_hwc : FB_TARGET info: CRTC: [0, 0, 1920, 1080] SRC: [0, 0, 1920, 1080], Hints: 0, Flags: 0
06-09 00:12:51.030 3775 3775 I eInfoInstrument: type=1400 audit(0.0:21): avc: denied { getattr } for path="/proc/82" dev="proc" ino=6645 scontext=u:r:untrusted_app:s0:c512,c768 tcontext=u:r:ueventd:s0 tclass=dir permissive=1
06-09 00:12:51.040 3775 3775 I eInfoInstrument: type=1400 audit(0.0:22): avc: denied { search } for name="82" dev="proc" ino=6645 scontext=u:r:untrusted_app:s0:c512,c768 tcontext=u:r:ueventd:s0 tclass=dir permissive=1
06-09 00:12:51.040 3775 3775 I eInfoInstrument: type=1400 audit(0.0:23): avc: denied { read } for name="statm" dev="proc" ino=32241 scontext=u:r:untrusted_app:s0:c512,c768 tcontext=u:r:ueventd:s0 tclass=file permissive=1
06-09 00:12:51.040 3775 3775 I eInfoInstrument: type=1400 audit(0.0:24): avc: denied { open } for path="/proc/82/statm" dev="proc" ino=32241 scontext=u:r:untrusted_app:s0:c512,c768 tcontext=u:r:ueventd:s0 tclass=file permissive=1
06-09 00:12:51.040 3775 3775 I eInfoInstrument: type=1400 audit(0.0:25): avc: denied { getattr } for path="/proc/82/statm" dev="proc" ino=32241 scontext=u:r:untrusted_app:s0:c512,c768 tcontext=u:r:ueventd:s0 tclass=file permissive=1
06-09 00:12:51.057 1110 1340 I customAudioLoopback: writeRadioTrack(): Info: trackPtr: 0xB5A9A008, buffer Ptr: 0xB4E7F880
06-09 00:12:51.057 1110 1340 I customAudioLoopback: writeRadioTrack(): Info: track->trackEnabled: 1, track->audioTrack: 0xB5A9D000, track->trackRunning: 1, track->recovering: 0
06-09 00:12:51.057 1110 1340 I customAudioLoopback: writeRadioTrack(): Info: trackPtr: 0xB5A9A01C, buffer Ptr: 0xB4E7F880
06-09 00:12:51.057 1110 1340 I customAudioLoopback: writeRadioTrack(): Info: track->trackEnabled: 1, track->audioTrack: 0xB5A9D280, track->trackRunning: 0, track->recovering: 0
06-09 00:12:51.061 108 108 E ti_hwc : FB_TARGET info: CRTC: [0, 0, 1920, 1080] SRC: [0, 0, 1920, 1080], Hints: 0, Flags: 0
06-09 00:12:51.064 725 725 D OnStar.OnStarRemoteReflashManager: subscribeRR
06-09 00:12:51.065 725 725 E OnStar.OnStarRemoteReflashService: subscribeRR->Failed to subscribe for RR->Reason :
06-09 00:12:51.065 725 725 E OnStar.OnStarRemoteReflashService: com.gm.server.onstar.connector.OnStarConnectionException: FSA RemoteReflash client is not ready [UNINITIALIZED]
06-09 00:12:51.065 725 725 E OnStar.OnStarRemoteReflashService: at com.gm.server.onstar.connector.FsaTcpConnector.getRemoteReflashClient(FsaTcpConnector.java:2642)
06-09 00:12:51.065 725 725 E OnStar.OnStarRemoteReflashService: at com.gm.server.onstar.connector.FsaTcpConnector.subscribeRR(FsaTcpConnector.java:1635)
06-09 00:12:51.065 725 725 E OnStar.OnStarRemoteReflashService: at com.gm.server.onstar.OnStarRemoteReflashService.subscribeRR(OnStarRemoteReflashService.java:341)
06-09 00:12:51.065 725 725 E OnStar.OnStarRemoteReflashService: at gm.onstar.OnStarRemoteReflashManager.subscribeRR(OnStarRemoteReflashManager.java:386)
06-09 00:12:51.065 725 725 E OnStar.OnStarRemoteReflashService: at com.gm.server.update.packagedepot.TCPMRemoteReflashHandler.initializeRemoteReflash(TCPMRemoteReflashHandler.java:1062)
06-09 00:12:51.065 725 725 E OnStar.OnStarRemoteReflashService: at com.gm.server.update.packagedepot.TCPMRemoteReflashHandler.-wrap31(TCPMRemoteReflashHandler.java)
06-09 00:12:51.065 725 725 E OnStar.OnStarRemoteReflashService: at com.gm.server.update.packagedepot.TCPMRemoteReflashHandler$6.run(TCPMRemoteReflashHandler.java:877)
06-09 00:12:51.065 725 725 E OnStar.OnStarRemoteReflashService: at android.os.Handler.handleCallback(Handler.java:739)
06-09 00:12:51.065 725 725 E OnStar.OnStarRemoteReflashService: at android.os.Handler.dispatchMessage(Handler.java:95)
06-09 00:12:51.065 725 725 E OnStar.OnStarRemoteReflashService: at android.os.Looper.loop(Looper.java:148)
06-09 00:12:51.065 725 725 E OnStar.OnStarRemoteReflashService: at android.app.ActivityThread.main(ActivityThread.java:5417)
06-09 00:12:51.065 725 725 E OnStar.OnStarRemoteReflashService: at java.lang.reflect.Method.invoke(Native Method)
06-09 00:12:51.065 725 725 E OnStar.OnStarRemoteReflashService: at com.android.internal.os.ZygoteInit$MethodAndArgsCaller.run(ZygoteInit.java:759)
06-09 00:12:51.065 725 725 E OnStar.OnStarRemoteReflashService: at com.android.internal.os.ZygoteInit.main(ZygoteInit.java:649)
06-09 00:12:51.065 725 725 E OnStar.OnStarRemoteReflashManager: subscribeRR->Failed to subscibe to RR->gm.onstar.exception.OnStarException: subscribeRR->FSA functions client is not ready
06-09 00:12:51.065 725 725 I UpdateService-TCPMRemoteReflashHandler: initializeRemoteReflash() ... initialized? false
06-09 00:12:51.079 108 108 E ti_hwc : FB_TARGET info: CRTC: [0, 0, 1920, 1080] SRC: [0, 0, 1920, 1080], Hints: 0, Flags: 0
06-09 00:12:51.079 1110 1340 I customAudioLoopback: writeRadioTrack(): Info: trackPtr: 0xB5A9A008, buffer Ptr: 0xB4E7F880
06-09 00:12:51.079 1110 1340 I customAudioLoopback: writeRadioTrack(): Info: track->trackEnabled: 1, track->audioTrack: 0xB5A9D000, track->trackRunning: 1, track->recovering: 0
06-09 00:12:51.079 1110 1340 I customAudioLoopback: writeRadioTrack(): Info: trackPtr: 0xB5A9A01C, buffer Ptr: 0xB4E7F880
06-09 00:12:51.079 1110 1340 I customAudioLoopback: writeRadioTrack(): Info: track->trackEnabled: 1, track->audioTrack: 0xB5A9D280, track->trackRunning: 0, track->recovering: 0
06-09 00:12:51.094 108 108 E ti_hwc : FB_TARGET info: CRTC: [0, 0, 1920, 1080] SRC: [0, 0, 1920, 1080], Hints: 0, Flags: 0
06-09 00:12:51.099 1110 1340 I customAudioLoopback: writeRadioTrack(): Info: trackPtr: 0xB5A9A008, buffer Ptr: 0xB4E7F880
06-09 00:12:51.099 1110 1340 I customAudioLoopback: writeRadioTrack(): Info: track->trackEnabled: 1, track->audioTrack: 0xB5A9D000, track->trackRunning: 1, track->recovering: 0
06-09 00:12:51.099 1110 1340 I customAudioLoopback: writeRadioTrack(): Info: trackPtr: 0xB5A9A01C, buffer Ptr: 0xB4E7F880
06-09 00:12:51.099 1110 1340 I customAudioLoopback: writeRadioTrack(): Info: track->trackEnabled: 1, track->audioTrack: 0xB5A9D280, track->trackRunning: 0, track->recovering: 0
06-09 00:12:51.111 108 108 E ti_hwc : FB_TARGET info: CRTC: [0, 0, 1920, 1080] SRC: [0, 0, 1920, 1080], Hints: 0, Flags: 0
06-09 00:12:51.122 1110 1340 I customAudioLoopback: writeRadioTrack(): Info: trackPtr: 0xB5A9A008, buffer Ptr: 0xB4E7F880
06-09 00:12:51.122 1110 1340 I customAudioLoopback: writeRadioTrack(): Info: track->trackEnabled: 1, track->audioTrack: 0xB5A9D000, track->trackRunning: 1, track->recovering: 0
06-09 00:12:51.122 1110 1340 I customAudioLoopback: writeRadioTrack(): Info: trackPtr: 0xB5A9A01C, buffer Ptr: 0xB4E7F880
06-09 00:12:51.122 1110 1340 I customAudioLoopback: writeRadioTrack(): Info: track->trackEnabled: 1, track->audioTrack: 0xB5A9D280, track->trackRunning: 0, track->recovering: 0
06-09 00:12:51.127 108 108 E ti_hwc : FB_TARGET info: CRTC: [0, 0, 1920, 1080] SRC: [0, 0, 1920, 1080], Hints: 0, Flags: 0
06-09 00:12:51.142 1110 1340 I customAudioLoopback: writeRadioTrack(): Info: trackPtr: 0xB5A9A008, buffer Ptr: 0xB4E7F880
06-09 00:12:51.142 1110 1340 I customAudioLoopback: writeRadioTrack(): Info: track->trackEnabled: 1, track->audioTrack: 0xB5A9D000, track->trackRunning: 1, track->recovering: 0
06-09 00:12:51.142 1110 1340 I customAudioLoopback: writeRadioTrack(): Info: trackPtr: 0xB5A9A01C, buffer Ptr: 0xB4E7F880
06-09 00:12:51.142 1110 1340 I customAudioLoopback: writeRadioTrack(): Info: track->trackEnabled: 1, track->audioTrack: 0xB5A9D280, track->trackRunning: 0, track->recovering: 0
06-09 00:12:51.144 108 108 E ti_hwc : FB_TARGET info: CRTC: [0, 0, 1920, 1080] SRC: [0, 0, 1920, 1080], Hints: 0, Flags: 0
06-09 00:12:51.140 3775 3775 I eInfoInstrument: type=1400 audit(0.0:26): avc: denied { getattr } for path="/proc/104" dev="proc" ino=6738 scontext=u:r:untrusted_app:s0:c512,c768 tcontext=u:r:logd:s0 tclass=dir permissive=1
06-09 00:12:51.150 3775 3775 I eInfoInstrument: type=1400 audit(0.0:27): avc: denied { search } for name="104" dev="proc" ino=6738 scontext=u:r:untrusted_app:s0:c512,c768 tcontext=u:r:logd:s0 tclass=dir permissive=1
06-09 00:12:51.150 3775 3775 I eInfoInstrument: type=1400 audit(0.0:28): avc: denied { read } for name="statm" dev="proc" ino=32249 scontext=u:r:untrusted_app:s0:c512,c768 tcontext=u:r:logd:s0 tclass=file permissive=1
06-09 00:12:51.161 108 108 E ti_hwc : FB_TARGET info: CRTC: [0, 0, 1920, 1080] SRC: [0, 0, 1920, 1080], Hints: 0, Flags: 0
06-09 00:12:51.150 3775 3775 I eInfoInstrument: type=1400 audit(0.0:29): avc: denied { open } for path="/proc/104/statm" dev="proc" ino=32249 scontext=u:r:untrusted_app:s0:c512,c768 tcontext=u:r:logd:s0 tclass=file permissive=1
06-09 00:12:51.164 1110 1340 I customAudioLoopback: writeRadioTrack(): Info: trackPtr: 0xB5A9A008, buffer Ptr: 0xB4E7F880
06-09 00:12:51.164 1110 1340 I customAudioLoopback: writeRadioTrack(): Info: track->trackEnabled: 1, track->audioTrack: 0xB5A9D000, track->trackRunning: 1, track->recovering: 0
06-09 00:12:51.164 1110 1340 I customAudioLoopback: writeRadioTrack(): Info: trackPtr: 0xB5A9A01C, buffer Ptr: 0xB4E7F880
06-09 00:12:51.164 1110 1340 I customAudioLoopback: writeRadioTrack(): Info: track->trackEnabled: 1, track->audioTrack: 0xB5A9D280, track->trackRunning: 0, track->recovering: 0
06-09 00:12:51.160 3775 3775 I eInfoInstrument: type=1400 audit(0.0:31): avc: denied { getattr } for path="/proc/105" dev="proc" ino=6751 scontext=u:r:untrusted_app:s0:c512,c768 tcontext=u:r:vold:s0 tclass=dir permissive=1
06-09 00:12:51.160 3775 3775 I eInfoInstrument: type=1400 audit(0.0:32): avc: denied { search } for name="105" dev="proc" ino=6751 scontext=u:r:untrusted_app:s0:c512,c768 tcontext=u:r:vold:s0 tclass=dir permissive=1
06-09 00:12:51.178 108 108 E ti_hwc : FB_TARGET info: CRTC: [0, 0, 1920, 1080] SRC: [0, 0, 1920, 1080], Hints: 0, Flags: 0
06-09 00:12:51.160 3775 3775 I eInfoInstrument: type=1400 audit(0.0:33): avc: denied { read } for name="statm" dev="proc" ino=32250 scontext=u:r:untrusted_app:s0:c512,c768 tcontext=u:r:vold:s0 tclass=file permissive=1
06-09 00:12:51.160 3775 3775 I eInfoInstrument: type=1400 audit(0.0:34): avc: denied { open } for path="/proc/105/statm" dev="proc" ino=32250 scontext=u:r:untrusted_app:s0:c512,c768 tcontext=u:r:vold:s0 tclass=file permissive=1
06-09 00:12:51.160 3775 3775 I eInfoInstrument: type=1400 audit(0.0:35): avc: denied { getattr } for path="/proc/105/statm" dev="proc" ino=32250 scontext=u:r:untrusted_app:s0:c512,c768 tcontext=u:r:vold:s0 tclass=file permissive=1
06-09 00:12:51.184 1110 1340 I customAudioLoopback: writeRadioTrack(): Info: trackPtr: 0xB5A9A008, buffer Ptr: 0xB4E7F880
06-09 00:12:51.184 1110 1340 I customAudioLoopback: writeRadioTrack(): Info: track->trackEnabled: 1, track->audioTrack: 0xB5A9D000, track->trackRunning: 1, track->recovering: 0
06-09 00:12:51.184 1110 1340 I customAudioLoopback: writeRadioTrack(): Info: trackPtr: 0xB5A9A01C, buffer Ptr: 0xB4E7F880
06-09 00:12:51.184 1110 1340 I customAudioLoopback: writeRadioTrack(): Info: track->trackEnabled: 1, track->audioTrack: 0xB5A9D280, track->trackRunning: 0, track->recovering: 0
06-09 00:12:51.180 3775 3775 I eInfoInstrument: type=1400 audit(0.0:36): avc: denied { getattr } for path="/proc/107" dev="proc" ino=6763 scontext=u:r:untrusted_app:s0:c512,c768 tcontext=u:r:servicemanager:s0 tclass=dir permissive=1
06-09 00:12:51.194 108 108 E ti_hwc : FB_TARGET info: CRTC: [0, 0, 1920, 1080] SRC: [0, 0, 1920, 1080], Hints: 0, Flags: 0
06-09 00:12:51.180 3775 3775 I eInfoInstrument: type=1400 audit(0.0:37): avc: denied { search } for name="107" dev="proc" ino=6763 scontext=u:r:untrusted_app:s0:c512,c768 tcontext=u:r:servicemanager:s0 tclass=dir permissive=1
06-09 00:12:51.180 3775 3775 I eInfoInstrument: type=1400 audit(0.0:38): avc: denied { read } for name="statm" dev="proc" ino=32251 scontext=u:r:untrusted_app:s0:c512,c768 tcontext=u:r:servicemanager:s0 tclass=file permissive=1
06-09 00:12:51.180 3775 3775 I eInfoInstrument: type=1400 audit(0.0:39): avc: denied { open } for path="/proc/107/statm" dev="proc" ino=32251 scontext=u:r:untrusted_app:s0:c512,c768 tcontext=u:r:servicemanager:s0 tclass=file permissive=1
06-09 00:12:51.180 3775 3775 I eInfoInstrument: type=1400 audit(0.0:40): avc: denied { getattr } for path="/proc/107/statm" dev="proc" ino=32251 scontext=u:r:untrusted_app:s0:c512,c768 tcontext=u:r:servicemanager:s0 tclass=file permissive=1
06-09 00:12:51.207 1110 1340 I customAudioLoopback: writeRadioTrack(): Info: trackPtr: 0xB5A9A008, buffer Ptr: 0xB4E7F880
06-09 00:12:51.207 1110 1340 I customAudioLoopback: writeRadioTrack(): Info: track->trackEnabled: 1, track->audioTrack: 0xB5A9D000, track->trackRunning: 1, track->recovering: 0
06-09 00:12:51.207 1110 1340 I customAudioLoopback: writeRadioTrack(): Info: trackPtr: 0xB5A9A01C, buffer Ptr: 0xB4E7F880
06-09 00:12:51.207 1110 1340 I customAudioLoopback: writeRadioTrack(): Info: track->trackEnabled: 1, track->audioTrack: 0xB5A9D280, track->trackRunning: 0, track->recovering: 0
06-09 00:12:51.200 3775 3775 I eInfoInstrument: type=1400 audit(0.0:41): avc: denied { getattr } for path="/proc/108" dev="proc" ino=6766 scontext=u:r:untrusted_app:s0:c512,c768 tcontext=u:r:surfaceflinger:s0 tclass=dir permissive=1
06-09 00:12:51.211 108 108 E ti_hwc : FB_TARGET info: CRTC: [0, 0, 1920, 1080] SRC: [0, 0, 1920, 1080], Hints: 0, Flags: 0
06-09 00:12:51.221 145 196 D CalSvcd : 60911: query_database - DB Getting accesed by thread id = -1236534992
06-09 00:12:51.221 145 196 D CalSvcd : 60911: query_database - opening connection to calibration database
06-09 00:12:51.221 145 196 I CalSvcd : 60911:send_get_override_state: Step 1 (entry)
06-09 00:12:51.221 145 196 I CalSvcd : 60911:send_get_override_state: Step 2 (after while)
06-09 00:12:51.221 145 196 I CalSvcd : 60911:send_get_override_state: Step 3 (send status = 2)
06-09 00:12:51.221 145 196 I CalSvcd : 60911:send_get_override_state: Step 4 (exit)
06-09 00:12:51.221 145 196 D CalSvcd : 60911:query TAG:50 SQL Status=OK
06-09 00:12:51.221 145 196 D CalSvcd : 60911: Closing DB
06-09 00:12:51.221 145 196 D CalSvcd : 60911: query_database Exiting
06-09 00:12:51.227 108 108 E ti_hwc : FB_TARGET info: CRTC: [0, 0, 1920, 1080] SRC: [0, 0, 1920, 1080], Hints: 0, Flags: 0
06-09 00:12:51.229 1110 1340 I customAudioLoopback: writeRadioTrack(): Info: trackPtr: 0xB5A9A008, buffer Ptr: 0xB4E7F880
06-09 00:12:51.229 1110 1340 I customAudioLoopback: writeRadioTrack(): Info: track->trackEnabled: 1, track->audioTrack: 0xB5A9D000, track->trackRunning: 1, track->recovering: 0
06-09 00:12:51.229 1110 1340 I customAudioLoopback: writeRadioTrack(): Info: trackPtr: 0xB5A9A01C, buffer Ptr: 0xB4E7F880
06-09 00:12:51.229 1110 1340 I customAudioLoopback: writeRadioTrack(): Info: track->trackEnabled: 1, track->audioTrack: 0xB5A9D280, track->trackRunning: 0, track->recovering: 0
06-09 00:12:51.237 725 841 I FSANetCommsClient: FSA: caught ioexception during InitializeSocket(): java.net.ConnectException: failed to connect to /192.168.1.102 (port 9005): connect failed: EHOSTUNREACH (No route to host)
06-09 00:12:51.237 725 843 I FSANetCommsClient: FSA: caught ioexception during InitializeSocket(): java.net.ConnectException: failed to connect to /192.168.1.102 (port 9012): connect failed: EHOSTUNREACH (No route to host)
06-09 00:12:51.237 2341 2389 I FSANetCommsClient: FSA: caught ioexception during InitializeSocket(): java.net.ConnectException: failed to connect to /192.168.1.102 (port 9010): connect failed: EHOSTUNREACH (No route to host)
06-09 00:12:51.245 108 108 E ti_hwc : FB_TARGET info: CRTC: [0, 0, 1920, 1080] SRC: [0, 0, 1920, 1080], Hints: 0, Flags: 0
06-09 00:12:51.250 1110 1340 I customAudioLoopback: writeRadioTrack(): Info: trackPtr: 0xB5A9A008, buffer Ptr: 0xB4E7F880
06-09 00:12:51.250 1110 1340 I customAudioLoopback: writeRadioTrack(): Info: track->trackEnabled: 1, track->audioTrack: 0xB5A9D000, track->trackRunning: 1, track->recovering: 0
06-09 00:12:51.250 1110 1340 I customAudioLoopback: writeRadioTrack(): Info: trackPtr: 0xB5A9A01C, buffer Ptr: 0xB4E7F880
06-09 00:12:51.250 1110 1340 I customAudioLoopback: writeRadioTrack(): Info: track->trackEnabled: 1, track->audioTrack: 0xB5A9D280, track->trackRunning: 0, track->recovering: 0
06-09 00:12:51.261 108 108 E ti_hwc : FB_TARGET info: CRTC: [0, 0, 1920, 1080] SRC: [0, 0, 1920, 1080], Hints: 0, Flags: 0
06-09 00:12:51.272 1110 1340 I customAudioLoopback: writeRadioTrack(): Info: trackPtr: 0xB5A9A008, buffer Ptr: 0xB4E7F880
06-09 00:12:51.272 1110 1340 I customAudioLoopback: writeRadioTrack(): Info: track->trackEnabled: 1, track->audioTrack: 0xB5A9D000, track->trackRunning: 1, track->recovering: 0
06-09 00:12:51.272 1110 1340 I customAudioLoopback: writeRadioTrack(): Info: trackPtr: 0xB5A9A01C, buffer Ptr: 0xB4E7F880
06-09 00:12:51.272 1110 1340 I customAudioLoopback: writeRadioTrack(): Info: track->trackEnabled: 1, track->audioTrack: 0xB5A9D280, track->trackRunning: 0, track->recovering: 0
06-09 00:12:51.278 108 108 E ti_hwc : FB_TARGET info: CRTC: [0, 0, 1920, 1080] SRC: [0, 0, 1920, 1080], Hints: 0, Flags: 0
06-09 00:12:51.293 1110 1340 I customAudioLoopback: writeRadioTrack(): Info: trackPtr: 0xB5A9A008, buffer Ptr: 0xB4E7F880
06-09 00:12:51.293 1110 1340 I customAudioLoopback: writeRadioTrack(): Info: track->trackEnabled: 1, track->audioTrack: 0xB5A9D000, track->trackRunning: 1, track->recovering: 0
06-09 00:12:51.293 1110 1340 I customAudioLoopback: writeRadioTrack(): Info: trackPtr: 0xB5A9A01C, buffer Ptr: 0xB4E7F880
06-09 00:12:51.294 1110 1340 I customAudioLoopback: writeRadioTrack(): Info: track->trackEnabled: 1, track->audioTrack: 0xB5A9D280, track->trackRunning: 0, track->recovering: 0
06-09 00:12:51.294 108 108 E ti_hwc : FB_TARGET info: CRTC: [0, 0, 1920, 1080] SRC: [0, 0, 1920, 1080], Hints: 0, Flags: 0
06-09 00:12:51.311 108 108 E ti_hwc : FB_TARGET info: CRTC: [0, 0, 1920, 1080] SRC: [0, 0, 1920, 1080], Hints: 0, Flags: 0
06-09 00:12:51.314 1110 1340 I customAudioLoopback: writeRadioTrack(): Info: trackPtr: 0xB5A9A008, buffer Ptr: 0xB4E7F880
06-09 00:12:51.314 1110 1340 I customAudioLoopback: writeRadioTrack(): Info: track->trackEnabled: 1, track->audioTrack: 0xB5A9D000, track->trackRunning: 1, track->recovering: 0
06-09 00:12:51.314 1110 1340 I customAudioLoopback: writeRadioTrack(): Info: trackPtr: 0xB5A9A01C, buffer Ptr: 0xB4E7F880
06-09 00:12:51.314 1110 1340 I customAudioLoopback: writeRadioTrack(): Info: track->trackEnabled: 1, track->audioTrack: 0xB5A9D280, track->trackRunning: 0, track->recovering: 0
06-09 00:12:51.328 108 108 E ti_hwc : FB_TARGET info: CRTC: [0, 0, 1920, 1080] SRC: [0, 0, 1920, 1080], Hints: 0, Flags: 0
06-09 00:12:51.336 1110 1340 I customAudioLoopback: writeRadioTrack(): Info: trackPtr: 0xB5A9A008, buffer Ptr: 0xB4E7F880
06-09 00:12:51.336 1110 1340 I customAudioLoopback: writeRadioTrack(): Info: track->trackEnabled: 1, track->audioTrack: 0xB5A9D000, track->trackRunning: 1, track->recovering: 0
06-09 00:12:51.336 1110 1340 I customAudioLoopback: writeRadioTrack(): Info: trackPtr: 0xB5A9A01C, buffer Ptr: 0xB4E7F880
06-09 00:12:51.336 1110 1340 I customAudioLoopback: writeRadioTrack(): Info: track->trackEnabled: 1, track->audioTrack: 0xB5A9D280, track->trackRunning: 0, track->recovering: 0
06-09 00:12:51.337 725 841 I FSAClient: FSA: could not connect to server 192.168.1.102:9005, retrying
06-09 00:12:51.338 725 841 I FSANetCommsClient: FSA: intializing client tcp socket, ip:port is 192.168.1.102:9005
06-09 00:12:51.338 725 843 I FSAClient: FSA: could not connect to server 192.168.1.102:9012, retrying
06-09 00:12:51.338 725 843 I FSANetCommsClient: FSA: intializing client tcp socket, ip:port is 192.168.1.102:9012
06-09 00:12:51.338 2341 2389 I FSAClient: FSA: could not connect to server 192.168.1.102:9010, retrying
06-09 00:12:51.338 2341 2389 I FSANetCommsClient: FSA: intializing client tcp socket, ip:port is 192.168.1.102:9010
06-09 00:12:51.345 108 108 E ti_hwc : FB_TARGET info: CRTC: [0, 0, 1920, 1080] SRC: [0, 0, 1920, 1080], Hints: 0, Flags: 0
06-09 00:12:51.357 1110 1340 I customAudioLoopback: writeRadioTrack(): Info: trackPtr: 0xB5A9A008, buffer Ptr: 0xB4E7F880
06-09 00:12:51.357 1110 1340 I customAudioLoopback: writeRadioTrack(): Info: track->trackEnabled: 1, track->audioTrack: 0xB5A9D000, track->trackRunning: 1, track->recovering: 0
06-09 00:12:51.357 1110 1340 I customAudioLoopback: writeRadioTrack(): Info: trackPtr: 0xB5A9A01C, buffer Ptr: 0xB4E7F880
06-09 00:12:51.357 1110 1340 I customAudioLoopback: writeRadioTrack(): Info: track->trackEnabled: 1, track->audioTrack: 0xB5A9D280, track->trackRunning: 0, track->recovering: 0
06-09 00:12:51.361 108 108 E ti_hwc : FB_TARGET info: CRTC: [0, 0, 1920, 1080] SRC: [0, 0, 1920, 1080], Hints: 0, Flags: 0
06-09 00:12:51.374 405 1193 D xxxxxx_gps: process_ndr_data() sensorCnt:23070, sequenceNr:671, lat:0, lon:0, heading:9000
06-09 00:12:51.374 405 1193 D xxxxxx_gps: process_ndr_data() deltaHeading:-0.000000, speed:0, distance:878784, meter:0, DR timestamp:725843, utcTime:0
06-09 00:12:51.374 405 1193 E xxxxxx_gps: setGpsLocation(): Waiting for Valid Position
06-09 00:12:51.374 405 1193 D xxxxxx_gps: Time not Availible from Fix!
06-09 00:12:51.374 405 1193 D xxxxxx_gps: DR Time is 725843 at Utc Time 725843
06-09 00:12:51.374 405 1193 W LocationManagerService: Dropping incomplete location: Location[gps 0.000000,0.000000 acc=??? t=?!? et=?!? {Bundle[{antenna_state=0, satellites=0, DR_type=1, satellites_visible=0, accel_X=0.0, accel_Y=0.0, accel_Z=0.0, X_Error=50.0, lateralAccel=0.0, pitchAngle=0.0, deltaHeading=-0.0, acceleration=0.0, inverseCurve=0.0, sequenceNr=671, deltaDistance=0, hdop=0.0, pdop=0.0, vdop=0.0, timestamp=725843, speed=0, turnRate=0.0, Y_Error=50.0, shiftPosition=3, distance=878784, relativeHeight=0.0, sensorCnt=23070, UTCTime=0, heading=9000, gps_signal_quality=0, pitchAngleQual=0, headingError=60.0, sensors=6, satellites_used=0, altitude=0.0}]}]
06-09 00:12:51.374 2312 2330 D xxxxxx_gps: process_ndr_data() sensorCnt:23070, sequenceNr:671, lat:0, lon:0, heading:9000
06-09 00:12:51.374 2312 2330 D xxxxxx_gps: process_ndr_data() deltaHeading:-0.000000, speed:0, distance:878784, meter:0, DR timestamp:725843, utcTime:0
06-09 00:12:51.375 2312 2330 D xxxxxx_gps: Time not Availible from Fix!
06-09 00:12:51.375 2312 2330 D xxxxxx_gps: DR Time is 725843 at Utc Time 725843
06-09 00:12:51.379 108 108 E ti_hwc : FB_TARGET info: CRTC: [0, 0, 1920, 1080] SRC: [0, 0, 1920, 1080], Hints: 0, Flags: 0
06-09 00:12:51.379 1110 1340 I customAudioLoopback: writeRadioTrack(): Info: trackPtr: 0xB5A9A008, buffer Ptr: 0xB4E7F880
06-09 00:12:51.379 1110 1340 I customAudioLoopback: writeRadioTrack(): Info: track->trackEnabled: 1, track->audioTrack: 0xB5A9D000, track->trackRunning: 1, track->recovering: 0
06-09 00:12:51.379 1110 1340 I customAudioLoopback: writeRadioTrack(): Info: trackPtr: 0xB5A9A01C, buffer Ptr: 0xB4E7F880
06-09 00:12:51.379 1110 1340 I customAudioLoopback: writeRadioTrack(): Info: track->trackEnabled: 1, track->audioTrack: 0xB5A9D280, track->trackRunning: 0, track->recovering: 0
06-09 00:12:51.395 108 108 E ti_hwc : FB_TARGET info: CRTC: [0, 0, 1920, 1080] SRC: [0, 0, 1920, 1080], Hints: 0, Flags: 0
06-09 00:12:51.399 1110 1340 I customAudioLoopback: writeRadioTrack(): Info: trackPtr: 0xB5A9A008, buffer Ptr: 0xB4E7F880
06-09 00:12:51.399 1110 1340 I customAudioLoopback: writeRadioTrack(): Info: track->trackEnabled: 1, track->audioTrack: 0xB5A9D000, track->trackRunning: 1, track->recovering: 0
06-09 00:12:51.399 1110 1340 I customAudioLoopback: writeRadioTrack(): Info: trackPtr: 0xB5A9A01C, buffer Ptr: 0xB4E7F880
06-09 00:12:51.399 1110 1340 I customAudioLoopback: writeRadioTrack(): Info: track->trackEnabled: 1, track->audioTrack: 0xB5A9D280, track->trackRunning: 0, track->recovering: 0
06-09 00:12:51.412 108 108 E ti_hwc : FB_TARGET info: CRTC: [0, 0, 1920, 1080] SRC: [0, 0, 1920, 1080], Hints: 0, Flags: 0
06-09 00:12:51.421 1110 1340 I customAudioLoopback: writeRadioTrack(): Info: trackPtr: 0xB5A9A008, buffer Ptr: 0xB4E7F880
06-09 00:12:51.421 1110 1340 I customAudioLoopback: writeRadioTrack(): Info: track->trackEnabled: 1, track->audioTrack: 0xB5A9D000, track->trackRunning: 1, track->recovering: 0
06-09 00:12:51.421 1110 1340 I customAudioLoopback: writeRadioTrack(): Info: trackPtr: 0xB5A9A01C, buffer Ptr: 0xB4E7F880
06-09 00:12:51.421 1110 1340 I customAudioLoopback: writeRadioTrack(): Info: track->trackEnabled: 1, track->audioTrack: 0xB5A9D280, track->trackRunning: 0, track->recovering: 0
06-09 00:12:51.429 108 108 E ti_hwc : FB_TARGET info: CRTC: [0, 0, 1920, 1080] SRC: [0, 0, 1920, 1080], Hints: 0, Flags: 0
06-09 00:12:51.437 1857 1857 I BT_BUFFER: getBuf allocating 8 bytes
06-09 00:12:51.442 1110 1340 I customAudioLoopback: writeRadioTrack(): Info: trackPtr: 0xB5A9A008, buffer Ptr: 0xB4E7F880
06-09 00:12:51.442 1110 1340 I customAudioLoopback: writeRadioTrack(): Info: track->trackEnabled: 1, track->audioTrack: 0xB5A9D000, track->trackRunning: 1, track->recovering: 0
06-09 00:12:51.442 1110 1340 I customAudioLoopback: writeRadioTrack(): Info: trackPtr: 0xB5A9A01C, buffer Ptr: 0xB4E7F880
06-09 00:12:51.442 1110 1340 I customAudioLoopback: writeRadioTrack(): Info: track->trackEnabled: 1, track->audioTrack: 0xB5A9D280, track->trackRunning: 0, track->recovering: 0
06-09 00:12:51.445 108 108 E ti_hwc : FB_TARGET info: CRTC: [0, 0, 1920, 1080] SRC: [0, 0, 1920, 1080], Hints: 0, Flags: 0
06-09 00:12:51.460 143 320 I ICSTYPEB: Panelservice backlightLevel 0x8fc0 0x8fc0 0x8fc0
06-09 00:12:51.462 108 108 E ti_hwc : FB_TARGET info: CRTC: [0, 0, 1920, 1080] SRC: [0, 0, 1920, 1080], Hints: 0, Flags: 0
06-09 00:12:51.464 1110 1340 I customAudioLoopback: writeRadioTrack(): Info: trackPtr: 0xB5A9A008, buffer Ptr: 0xB4E7F880
06-09 00:12:51.464 1110 1340 I customAudioLoopback: writeRadioTrack(): Info: track->trackEnabled: 1, track->audioTrack: 0xB5A9D000, track->trackRunning: 1, track->recovering: 0
06-09 00:12:51.464 1110 1340 I customAudioLoopback: writeRadioTrack(): Info: trackPtr: 0xB5A9A01C, buffer Ptr: 0xB4E7F880
06-09 00:12:51.464 1110 1340 I customAudioLoopback: writeRadioTrack(): Info: track->trackEnabled: 1, track->audioTrack: 0xB5A9D280, track->trackRunning: 0, track->recovering: 0
06-09 00:12:51.478 108 108 E ti_hwc : FB_TARGET info: CRTC: [0, 0, 1920, 1080] SRC: [0, 0, 1920, 1080], Hints: 0, Flags: 0
06-09 00:12:51.484 1110 1340 I customAudioLoopback: writeRadioTrack(): Info: trackPtr: 0xB5A9A008, buffer Ptr: 0xB4E7F880
06-09 00:12:51.484 1110 1340 I customAudioLoopback: writeRadioTrack(): Info: track->trackEnabled: 1, track->audioTrack: 0xB5A9D000, track->trackRunning: 1, track->recovering: 0
06-09 00:12:51.484 1110 1340 I customAudioLoopback: writeRadioTrack(): Info: trackPtr: 0xB5A9A01C, buffer Ptr: 0xB4E7F880
06-09 00:12:51.484 1110 1340 I customAudioLoopback: writeRadioTrack(): Info: track->trackEnabled: 1, track->audioTrack: 0xB5A9D280, track->trackRunning: 0, track->recovering: 0
06-09 00:12:51.487 144 161 E ProtoKey: Protokey request failed
06-09 00:12:51.495 108 108 E ti_hwc : FB_TARGET info: CRTC: [0, 0, 1920, 1080] SRC: [0, 0, 1920, 1080], Hints: 0, Flags: 0
06-09 00:12:51.507 1110 1340 I customAudioLoopback: writeRadioTrack(): Info: trackPtr: 0xB5A9A008, buffer Ptr: 0xB4E7F880
06-09 00:12:51.507 1110 1340 I customAudioLoopback: writeRadioTrack(): Info: track->trackEnabled: 1, track->audioTrack: 0xB5A9D000, track->trackRunning: 1, track->recovering: 0
06-09 00:12:51.507 1110 1340 I customAudioLoopback: writeRadioTrack(): Info: trackPtr: 0xB5A9A01C, buffer Ptr: 0xB4E7F880
06-09 00:12:51.507 1110 1340 I customAudioLoopback: writeRadioTrack(): Info: track->trackEnabled: 1, track->audioTrack: 0xB5A9D280, track->trackRunning: 0, track->recovering: 0
06-09 00:12:51.513 108 108 E ti_hwc : FB_TARGET info: CRTC: [0, 0, 1920, 1080] SRC: [0, 0, 1920, 1080], Hints: 0, Flags: 0
06-09 00:12:51.528 1110 1340 I customAudioLoopback: writeRadioTrack(): Info: trackPtr: 0xB5A9A008, buffer Ptr: 0xB4E7F880
06-09 00:12:51.528 1110 1340 I customAudioLoopback: writeRadioTrack(): Info: track->trackEnabled: 1, track->audioTrack: 0xB5A9D000, track->trackRunning: 1, track->recovering: 0
06-09 00:12:51.528 1110 1340 I customAudioLoopback: writeRadioTrack(): Info: trackPtr: 0xB5A9A01C, buffer Ptr: 0xB4E7F880
06-09 00:12:51.528 1110 1340 I customAudioLoopback: writeRadioTrack(): Info: track->trackEnabled: 1, track->audioTrack: 0xB5A9D280, track->trackRunning: 0, track->recovering: 0
06-09 00:12:51.529 108 108 E ti_hwc : FB_TARGET info: CRTC: [0, 0, 1920, 1080] SRC: [0, 0, 1920, 1080], Hints: 0, Flags: 0
06-09 00:12:51.546 108 108 E ti_hwc : FB_TARGET info: CRTC: [0, 0, 1920, 1080] SRC: [0, 0, 1920, 1080], Hints: 0, Flags: 0
06-09 00:12:51.550 1110 1340 I customAudioLoopback: writeRadioTrack(): Info: trackPtr: 0xB5A9A008, buffer Ptr: 0xB4E7F880
06-09 00:12:51.550 1110 1340 I customAudioLoopback: writeRadioTrack(): Info: track->trackEnabled: 1, track->audioTrack: 0xB5A9D000, track->trackRunning: 1, track->recovering: 0
06-09 00:12:51.550 1110 1340 I customAudioLoopback: writeRadioTrack(): Info: trackPtr: 0xB5A9A01C, buffer Ptr: 0xB4E7F880
06-09 00:12:51.550 1110 1340 I customAudioLoopback: writeRadioTrack(): Info: track->trackEnabled: 1, track->audioTrack: 0xB5A9D280, track->trackRunning: 0, track->recovering: 0
06-09 00:12:51.562 108 108 E ti_hwc : FB_TARGET info: CRTC: [0, 0, 1920, 1080] SRC: [0, 0, 1920, 1080], Hints: 0, Flags: 0
06-09 00:12:51.566 725 725 D OnStar.OnStarRemoteReflashManager: subscribeRR
06-09 00:12:51.567 725 725 E OnStar.OnStarRemoteReflashService: subscribeRR->Failed to subscribe for RR->Reason :
06-09 00:12:51.567 725 725 E OnStar.OnStarRemoteReflashService: com.gm.server.onstar.connector.OnStarConnectionException: FSA RemoteReflash client is not ready [UNINITIALIZED]
06-09 00:12:51.567 725 725 E OnStar.OnStarRemoteReflashService: at com.gm.server.onstar.connector.FsaTcpConnector.getRemoteReflashClient(FsaTcpConnector.java:2642)
06-09 00:12:51.567 725 725 E OnStar.OnStarRemoteReflashService: at com.gm.server.onstar.connector.FsaTcpConnector.subscribeRR(FsaTcpConnector.java:1635)
06-09 00:12:51.567 725 725 E OnStar.OnStarRemoteReflashService: at com.gm.server.onstar.OnStarRemoteReflashService.subscribeRR(OnStarRemoteReflashService.java:341)
06-09 00:12:51.567 725 725 E OnStar.OnStarRemoteReflashService: at gm.onstar.OnStarRemoteReflashManager.subscribeRR(OnStarRemoteReflashManager.java:386)
06-09 00:12:51.567 725 725 E OnStar.OnStarRemoteReflashService: at com.gm.server.update.packagedepot.TCPMRemoteReflashHandler.initializeRemoteReflash(TCPMRemoteReflashHandler.java:1062)
06-09 00:12:51.567 725 725 E OnStar.OnStarRemoteReflashService: at com.gm.server.update.packagedepot.TCPMRemoteReflashHandler.-wrap31(TCPMRemoteReflashHandler.java)
06-09 00:12:51.567 725 725 E OnStar.OnStarRemoteReflashService: at com.gm.server.update.packagedepot.TCPMRemoteReflashHandler$6.run(TCPMRemoteReflashHandler.java:877)
06-09 00:12:51.567 725 725 E OnStar.OnStarRemoteReflashService: at android.os.Handler.handleCallback(Handler.java:739)
06-09 00:12:51.567 725 725 E OnStar.OnStarRemoteReflashService: at android.os.Handler.dispatchMessage(Handler.java:95)
06-09 00:12:51.567 725 725 E OnStar.OnStarRemoteReflashService: at android.os.Looper.loop(Looper.java:148)
06-09 00:12:51.567 725 725 E OnStar.OnStarRemoteReflashService: at android.app.ActivityThread.main(ActivityThread.java:5417)
06-09 00:12:51.567 725 725 E OnStar.OnStarRemoteReflashService: at java.lang.reflect.Method.invoke(Native Method)
06-09 00:12:51.567 725 725 E OnStar.OnStarRemoteReflashService: at com.android.internal.os.ZygoteInit$MethodAndArgsCaller.run(ZygoteInit.java:759)
06-09 00:12:51.567 725 725 E OnStar.OnStarRemoteReflashService: at com.android.internal.os.ZygoteInit.main(ZygoteInit.java:649)
06-09 00:12:51.567 725 725 E OnStar.OnStarRemoteReflashManager: subscribeRR->Failed to subscibe to RR->gm.onstar.exception.OnStarException: subscribeRR->FSA functions client is not ready
06-09 00:12:51.567 725 725 I UpdateService-TCPMRemoteReflashHandler: initializeRemoteReflash() ... initialized? false
06-09 00:12:51.570 1110 1340 I customAudioLoopback: writeRadioTrack(): Info: trackPtr: 0xB5A9A008, buffer Ptr: 0xB4E7F880
06-09 00:12:51.570 1110 1340 I customAudioLoopback: writeRadioTrack(): Info: track->trackEnabled: 1, track->audioTrack: 0xB5A9D000, track->trackRunning: 1, track->recovering: 0
06-09 00:12:51.570 1110 1340 I customAudioLoopback: writeRadioTrack(): Info: trackPtr: 0xB5A9A01C, buffer Ptr: 0xB4E7F880
06-09 00:12:51.570 1110 1340 I customAudioLoopback: writeRadioTrack(): Info: track->trackEnabled: 1, track->audioTrack: 0xB5A9D280, track->trackRunning: 0, track->recovering: 0
06-09 00:12:51.579 108 108 E ti_hwc : FB_TARGET info: CRTC: [0, 0, 1920, 1080] SRC: [0, 0, 1920, 1080], Hints: 0, Flags: 0
06-09 00:12:51.592 1110 1340 I customAudioLoopback: writeRadioTrack(): Info: trackPtr: 0xB5A9A008, buffer Ptr: 0xB4E7F880
06-09 00:12:51.592 1110 1340 I customAudioLoopback: writeRadioTrack(): Info: track->trackEnabled: 1, track->audioTrack: 0xB5A9D000, track->trackRunning: 1, track->recovering: 0
06-09 00:12:51.592 1110 1340 I customAudioLoopback: writeRadioTrack(): Info: trackPtr: 0xB5A9A01C, buffer Ptr: 0xB4E7F880
06-09 00:12:51.592 1110 1340 I customAudioLoopback: writeRadioTrack(): Info: track->trackEnabled: 1, track->audioTrack: 0xB5A9D280, track->trackRunning: 0, track->recovering: 0
06-09 00:12:51.596 108 108 E ti_hwc : FB_TARGET info: CRTC: [0, 0, 1920, 1080] SRC: [0, 0, 1920, 1080], Hints: 0, Flags: 0
06-09 00:12:51.612 108 108 E ti_hwc : FB_TARGET info: CRTC: [0, 0, 1920, 1080] SRC: [0, 0, 1920, 1080], Hints: 0, Flags: 0
06-09 00:12:51.614 1110 1340 I customAudioLoopback: writeRadioTrack(): Info: trackPtr: 0xB5A9A008, buffer Ptr: 0xB4E7F880
06-09 00:12:51.614 1110 1340 I customAudioLoopback: writeRadioTrack(): Info: track->trackEnabled: 1, track->audioTrack: 0xB5A9D000, track->trackRunning: 1, track->recovering: 0
