06-09 00:10:06.627 725 977 E TcpInternetManager: getOnstarSubscription: getData failure.
06-09 00:10:16.639 725 977 E TcpInternetManager: getOnstarSubscription: getData failure.
06-09 00:10:26.644 725 977 E TcpInternetManager: getOnstarSubscription: getData failure.
06-09 00:10:36.653 725 977 E TcpInternetManager: getOnstarSubscription: getData failure.
06-09 00:10:46.661 725 977 E TcpInternetManager: getOnstarSubscription: getData failure.
06-09 00:10:56.672 725 977 E TcpInternetManager: getOnstarSubscription: getData failure.
06-09 00:11:06.677 725 977 E TcpInternetManager: getOnstarSubscription: getData failure.
06-09 00:11:16.687 725 977 E TcpInternetManager: getOnstarSubscription: getData failure.
06-09 00:11:26.704 725 977 E TcpInternetManager: getOnstarSubscription: getData failure.
06-09 00:11:36.714 725 977 E TcpInternetManager: getOnstarSubscription: getData failure.
06-09 00:11:46.725 725 977 E TcpInternetManager: getOnstarSubscription: getData failure.
06-09 00:11:56.733 725 977 E TcpInternetManager: getOnstarSubscription: getData failure. --------- beginning of main
06-09 00:12:00.247 1307 1307 I wpa_supplicant: wlan0: Event SCAN_STARTED (47) received
06-09 00:12:00.247 1307 1307 D wpa_supplicant: CTRL-DEBUG: ctrl_sock-sendmsg: sock=11 sndbuf=163840 outq=0 send_len=32
06-09 00:12:00.247 1307 1307 D wpa_supplicant: CTRL_IFACE monitor sent successfully to /data/misc/wifi/sockets/wpa_ctrl_405-2\x00
06-09 00:12:00.247 1307 1307 D wpa_supplicant: wlan0: Own scan request started a scan in 0.000308 seconds
06-09 00:12:00.247 405 1412 I chatty : uid=1000(system) WifiMonitor expire 16 lines
06-09 00:12:00.247 1307 1307 D wpa_supplicant: CTRL-DEBUG: ctrl_sock-sendmsg: sock=11 sndbuf=163840 outq=0 send_len=24
06-09 00:12:00.247 1307 1307 D wpa_supplicant: CTRL_IFACE monitor sent successfully to /data/misc/wifi/sockets/wpa_ctrl_405-2\x00
06-09 00:12:00.437 1857 1857 I BT_BUFFER: getBuf allocating 8 bytes
06-09 00:12:00.733 1042 1089 I DemoModeService: Current Mode: DEMO
06-09 00:12:00.971 2312 2330 D xxxxxx_gps: process_ndr_data() sensorCnt:21458, sequenceNr:624, lat:0, lon:0, heading:9000
06-09 00:12:00.971 2312 2330 D xxxxxx_gps: process_ndr_data() deltaHeading:-0.000000, speed:0, distance:878784, meter:0, DR timestamp:675440, utcTime:0
06-09 00:12:00.971 2312 2330 D xxxxxx_gps: Time not Availible from Fix!
06-09 00:12:00.971 2312 2330 D xxxxxx_gps: DR Time is 675440 at Utc Time 675440
06-09 00:12:01.196 145 196 I chatty : uid=0(root) /system/bin/calserviced expire 27 lines
06-09 00:12:01.437 1857 1857 I BT_BUFFER: getBuf allocating 8 bytes
06-09 00:12:01.493 870 1180 D GMStatusBar: LocationController updateGPSLocationStatus
06-09 00:12:01.494 870 1180 E VMS-LocationSrvGA: VehicleDataUnavailable:gm.vehicle.VehicleDataUnavailable: Vehicle Data Still Not Available From Bus
06-09 00:12:01.494 870 1180 I GMStatusBar: updateLocationStatus(): Vehicle Data Still Not Available From Bus
06-09 00:12:01.494 870 870 D GMStatusBar: LocationController handleMessage MSG_REFRESH_ICON_LOCATION: mode = 0; mCurrentLocationMode = 0
06-09 00:12:01.494 870 1180 D GMStatusBar: resetLocationUpdate
06-09 00:12:01.651 870 870 D GMStatusBar: handleMessage MSG_AUDIO_INFO_PAGING_COMPLETE mAudioStatusInfoIndex = 0
06-09 00:12:01.884 725 1038 I chatty : uid=1000(system) pool-9-thread-1 expire 22 lines
06-09 00:12:02.072 2312 2330 D xxxxxx_gps: process_ndr_data() sensorCnt:21493, sequenceNr:625, lat:0, lon:0, heading:9000
06-09 00:12:02.072 2312 2330 D xxxxxx_gps: process_ndr_data() deltaHeading:-0.000000, speed:0, distance:878784, meter:0, DR timestamp:676541, utcTime:0
06-09 00:12:02.072 2312 2330 D xxxxxx_gps: Time not Availible from Fix!
06-09 00:12:02.072 2312 2330 D xxxxxx_gps: DR Time is 676541 at Utc Time 676541
06-09 00:12:02.098 144 161 I chatty : uid=0(root) UipcRxThread expire 21 lines
06-09 00:12:02.437 1857 1857 I BT_BUFFER: getBuf allocating 8 bytes
06-09 00:12:02.736 1042 1208 I DemoModeService: Current Mode: DEMO
06-09 00:12:02.797 2341 2388 I chatty : uid=1000(system) Thread-213 expire 12 lines
06-09 00:12:03.171 2312 2330 D xxxxxx_gps: process_ndr_data() sensorCnt:21528, sequenceNr:626, lat:0, lon:0, heading:9000
06-09 00:12:03.171 2312 2330 D xxxxxx_gps: process_ndr_data() deltaHeading:-0.000000, speed:0, distance:878784, meter:0, DR timestamp:677640, utcTime:0
06-09 00:12:03.171 2312 2330 D xxxxxx_gps: Time not Availible from Fix!
06-09 00:12:03.172 2312 2330 D xxxxxx_gps: DR Time is 677640 at Utc Time 677640
06-09 00:12:03.237 2341 2389 I chatty : uid=1000(system) Thread-214 expire 12 lines
06-09 00:12:03.437 1857 1857 I BT_BUFFER: getBuf allocating 8 bytes
06-09 00:12:03.987 1307 1307 D wpa_supplicant: nl80211: Event message available
06-09 00:12:03.987 1307 1307 D wpa_supplicant: nl80211: Ignored event (cmd=34) for foreign interface (ifindex 6 wdev 0x0)
06-09 00:12:03.987 1307 1307 I wpa_supplicant: nl80211: Drv Event 34 (NL80211_CMD_NEW_SCAN_RESULTS) received for wlan0
06-09 00:12:03.987 1307 1307 D wpa_supplicant: wlan0: nl80211: New scan results available
06-09 00:12:03.987 1307 1307 D wpa_supplicant: nl80211: Scan probed for SSID ''
06-09 00:12:03.987 1307 1307 D wpa_supplicant: nl80211: Scan included frequencies: 2412 2417 2422 2427 2432 2437 2442 2447 2452 2457 2462 5180 5200 5220 5240 5260 5280 5300 5320 5500 5520 5540 5560 5580 5600 5620 5640 5660 5680 5700 5720 5745 5765 5785 5805 5825
06-09 00:12:03.987 1307 1307 I wpa_supplicant: wlan0: Event SCAN_RESULTS (3) received
06-09 00:12:03.987 1307 1307 D wpa_supplicant: CTRL-DEBUG: ctrl_sock-sendmsg: sock=11 sndbuf=163840 outq=0 send_len=31
06-09 00:12:03.987 1307 1307 D wpa_supplicant: CTRL_IFACE monitor sent successfully to /data/misc/wifi/sockets/wpa_ctrl_405-2\x00
06-09 00:12:03.987 1307 1307 D wpa_supplicant: wlan0: Scan completed in 3.740458 seconds
06-09 00:12:03.988 1307 1307 I wpa_supplicant: nl80211: Received scan results (31 BSSes)
06-09 00:12:03.988 405 483 I chatty : uid=1000(system) android.fg expire 6 lines
06-09 00:12:03.988 1307 1307 D wpa_supplicant: wlan0: BSS: Start scan result update 46
06-09 00:12:03.988 1307 1307 D wpa_supplicant: wlan0: BSS: Add new id 99 BSSID be:30:7e:36:ba:e4 SSID 'DIRECT-YE-myCadillac' freq 2437
06-09 00:12:03.988 1307 1307 D wpa_supplicant: wlan0: BSS: Remove id 83 BSSID 84:3d:c6:62:cb:f0 SSID 'HDATA' due to no match in scan
06-09 00:12:03.989 1307 1307 D wpa_supplicant: wlan0: BSS: Remove id 96 BSSID 84:3d:c6:62:cb:f2 SSID 'HGUEST' due to no match in scan
06-09 00:12:03.989 1307 1307 D wpa_supplicant: BSS: last_scan_res_used=31/64
06-09 00:12:03.989 1307 1307 D wpa_supplicant: wlan0: Scan-only results received
06-09 00:12:03.989 1307 1307 D wpa_supplicant: CTRL-DEBUG: ctrl_sock-sendmsg: sock=11 sndbuf=163840 outq=0 send_len=24
06-09 00:12:03.989 1307 1307 D wpa_supplicant: CTRL_IFACE monitor sent successfully to /data/misc/wifi/sockets/wpa_ctrl_405-2\x00
06-09 00:12:03.989 1307 1307 D wpa_supplicant: CTRL-DEBUG: ctrl_sock-sendmsg: sock=11 sndbuf=163840 outq=0 send_len=17
06-09 00:12:03.989 1307 1307 D wpa_supplicant: CTRL_IFACE monitor sent successfully to /data/misc/wifi/sockets/wpa_ctrl_405-2\x00
06-09 00:12:03.989 1307 1307 D wpa_supplicant: wlan0: Radio work 'scan'@0xb6acb1b0 done in 3.829505 seconds
06-09 00:12:03.989 1307 1307 D wpa_supplicant: wlan0: radio_work_free('scan'@0xb6acb1b0: num_active_works --> 0
06-09 00:12:03.989 1307 1307 D wpa_supplicant: RTM_NEWLINK: ifi_index=6 ifname=wlan0 wext ifi_family=0 ifi_flags=0x11003 ([UP][LOWER_UP])
06-09 00:12:03.990 405 857 I chatty : uid=1000(system) WifiStateMachin expire 12 lines
06-09 00:12:03.992 1307 1307 D wpa_supplicant: CTRL-DEBUG: global_ctrl_sock-sendto: sock=11 sndbuf=163840 outq=0 send_len=3538
06-09 00:12:03.994 1307 1307 D wpa_supplicant: CTRL-DEBUG: global_ctrl_sock-sendto: sock=11 sndbuf=163840 outq=0 send_len=4046
06-09 00:12:03.997 1307 1307 D wpa_supplicant: CTRL-DEBUG: global_ctrl_sock-sendto: sock=11 sndbuf=163840 outq=0 send_len=4056
06-09 00:12:03.999 1307 1307 D wpa_supplicant: CTRL-DEBUG: global_ctrl_sock-sendto: sock=11 sndbuf=163840 outq=0 send_len=4024
06-09 00:12:04.001 1307 1307 D wpa_supplicant: CTRL-DEBUG: global_ctrl_sock-sendto: sock=11 sndbuf=163840 outq=0 send_len=3495
06-09 00:12:04.012 1307 1307 D wpa_supplicant: EAPOL: EAP Session-Id not available
06-09 00:12:04.012 1307 1307 D wpa_supplicant: CTRL-DEBUG: global_ctrl_sock-sendto: sock=11 sndbuf=163840 outq=0 send_len=124
06-09 00:12:04.271 2312 2330 D xxxxxx_gps: process_ndr_data() sensorCnt:21563, sequenceNr:627, lat:0, lon:0, heading:9000
06-09 00:12:04.271 2312 2330 D xxxxxx_gps: process_ndr_data() deltaHeading:-0.000000, speed:0, distance:878784, meter:0, DR timestamp:678740, utcTime:0
06-09 00:12:04.272 2312 2330 D xxxxxx_gps: Time not Availible from Fix!
06-09 00:12:04.272 2312 2330 D xxxxxx_gps: DR Time is 678740 at Utc Time 678740
06-09 00:12:04.373 725 725 I chatty : uid=1000(system) com.gm.domain.server.primary expire 84 lines
06-09 00:12:04.437 1857 1857 I BT_BUFFER: getBuf allocating 8 bytes
06-09 00:12:04.654 870 870 D GMStatusBar: handleMessage MSG_AUDIO_INFO_PAGING_COMPLETE mAudioStatusInfoIndex = 0
06-09 00:12:04.707 725 1350 I chatty : uid=1000(system) AsyncTask #2 expire 15 lines
06-09 00:12:04.737 1042 1207 I DemoModeService: Current Mode: DEMO
06-09 00:12:04.793 753 753 I chatty : uid=1000(system) com.gm.personalization.service expire 6 lines
06-09 00:12:05.372 2312 2330 D xxxxxx_gps: process_ndr_data() sensorCnt:21598, sequenceNr:628, lat:0, lon:0, heading:9000
06-09 00:12:05.372 2312 2330 D xxxxxx_gps: process_ndr_data() deltaHeading:-0.000000, speed:0, distance:878784, meter:0, DR timestamp:679841, utcTime:0
06-09 00:12:05.372 2312 2330 D xxxxxx_gps: Time not Availible from Fix!
06-09 00:12:05.372 2312 2330 D xxxxxx_gps: DR Time is 679841 at Utc Time 679841
06-09 00:12:05.437 1857 1857 I BT_BUFFER: getBuf allocating 8 bytes
06-09 00:12:05.759 725 1524 I chatty : uid=1000(system) Thread-262 expire 1 line
06-09 00:12:05.759 725 1511 I chatty : uid=1000(system) Thread-162 expire 8 lines
06-09 00:12:06.142 1110 1340 I chatty : uid=0(root) AudioRecord expire 1899 lines
06-09 00:12:06.237 725 843 I chatty : uid=1000(system) Thread-39 expire 12 lines
06-09 00:12:06.238 725 841 I chatty : uid=1000(system) Thread-37 expire 12 lines
06-09 00:12:06.437 1857 1857 I BT_BUFFER: getBuf allocating 8 bytes
06-09 00:12:06.474 2312 2330 D xxxxxx_gps: process_ndr_data() sensorCnt:21635, sequenceNr:629, lat:0, lon:0, heading:9000
06-09 00:12:06.474 2312 2330 D xxxxxx_gps: process_ndr_data() deltaHeading:-0.000000, speed:0, distance:878784, meter:0, DR timestamp:680943, utcTime:0
06-09 00:12:06.474 2312 2330 D xxxxxx_gps: Time not Availible from Fix!
06-09 00:12:06.474 2312 2330 D xxxxxx_gps: DR Time is 680943 at Utc Time 680943
06-09 00:12:06.517 870 1180 D GMStatusBar: LocationController updateGPSLocationStatus
06-09 00:12:06.518 870 1180 E VMS-LocationSrvGA: VehicleDataUnavailable:gm.vehicle.VehicleDataUnavailable: Vehicle Data Still Not Available From Bus
06-09 00:12:06.518 870 1180 I GMStatusBar: updateLocationStatus(): Vehicle Data Still Not Available From Bus
06-09 00:12:06.518 870 870 D GMStatusBar: LocationController handleMessage MSG_REFRESH_ICON_LOCATION: mode = 0; mCurrentLocationMode = 0
06-09 00:12:06.518 870 1180 D GMStatusBar: resetLocationUpdate
06-09 00:12:06.740 1042 1092 I DemoModeService: Current Mode: DEMO
06-09 00:12:06.741 725 977 I chatty : uid=1000(system) TcpInternetMana expire 26 lines
06-09 00:12:06.742 725 977 E TcpInternetManager: getOnstarSubscription: getData failure.
06-09 00:12:06.800 725 2195 I chatty : uid=1000(system) Binder_2 expire 9 lines
06-09 00:12:07.437 1857 1857 I BT_BUFFER: getBuf allocating 8 bytes
06-09 00:12:07.476 2312 2330 D xxxxxx_gps: process_ndr_data() sensorCnt:21669, sequenceNr:630, lat:0, lon:0, heading:9000
06-09 00:12:07.476 2312 2330 D xxxxxx_gps: process_ndr_data() deltaHeading:-0.000000, speed:0, distance:878784, meter:0, DR timestamp:681945, utcTime:0
06-09 00:12:07.476 2312 2330 D xxxxxx_gps: Time not Availible from Fix!
06-09 00:12:07.476 2312 2330 D xxxxxx_gps: DR Time is 681945 at Utc Time 681945
06-09 00:12:07.655 870 870 D GMStatusBar: handleMessage MSG_AUDIO_INFO_PAGING_COMPLETE mAudioStatusInfoIndex = 0
06-09 00:12:07.828 725 1131 I chatty : uid=1000(system) Timer-0 expire 4 lines
06-09 00:12:08.437 1857 1857 I BT_BUFFER: getBuf allocating 8 bytes
06-09 00:12:08.451 140 243 D AudioFlinger: mixer(0xb4580000) throttle end: throttle time(10)
06-09 00:12:08.572 2312 2330 D xxxxxx_gps: process_ndr_data() sensorCnt:21702, sequenceNr:631, lat:0, lon:0, heading:9000
06-09 00:12:08.572 2312 2330 D xxxxxx_gps: process_ndr_data() deltaHeading:-0.000000, speed:0, distance:878784, meter:0, DR timestamp:683041, utcTime:0
06-09 00:12:08.572 2312 2330 D xxxxxx_gps: Time not Availible from Fix!
06-09 00:12:08.572 2312 2330 D xxxxxx_gps: DR Time is 683041 at Utc Time 683041
06-09 00:12:08.745 1042 1089 I DemoModeService: Current Mode: DEMO
06-09 00:12:09.437 1857 1857 I BT_BUFFER: getBuf allocating 8 bytes
06-09 00:12:09.458 143 320 I chatty : uid=0(root) PMCThread expire 10 lines
06-09 00:12:09.672 2312 2330 D xxxxxx_gps: process_ndr_data() sensorCnt:21737, sequenceNr:632, lat:0, lon:0, heading:9000
06-09 00:12:09.672 2312 2330 D xxxxxx_gps: process_ndr_data() deltaHeading:-0.000000, speed:0, distance:878784, meter:0, DR timestamp:684141, utcTime:0
06-09 00:12:09.672 2312 2330 D xxxxxx_gps: Time not Availible from Fix!
06-09 00:12:09.672 2312 2330 D xxxxxx_gps: DR Time is 684141 at Utc Time 684141
06-09 00:12:09.693 1831 1883 I chatty : uid=1000(system) Binder_2 expire 2 lines
06-09 00:12:09.752 140 243 D AudioFlinger: mixer(0xb4580000) throttle end: throttle time(10)
06-09 00:12:10.437 1857 1857 I BT_BUFFER: getBuf allocating 8 bytes
06-09 00:12:10.657 870 870 D GMStatusBar: handleMessage MSG_AUDIO_INFO_PAGING_COMPLETE mAudioStatusInfoIndex = 0
06-09 00:12:10.748 1042 1208 I DemoModeService: Current Mode: DEMO
06-09 00:12:10.772 2312 2330 D xxxxxx_gps: process_ndr_data() sensorCnt:21772, sequenceNr:633, lat:0, lon:0, heading:9000
06-09 00:12:10.772 2312 2330 D xxxxxx_gps: process_ndr_data() deltaHeading:-0.000000, speed:0, distance:878784, meter:0, DR timestamp:685241, utcTime:0
06-09 00:12:10.772 2312 2330 D xxxxxx_gps: Time not Availible from Fix!
06-09 00:12:10.772 2312 2330 D xxxxxx_gps: DR Time is 685241 at Utc Time 685241
06-09 00:12:11.437 1857 1857 I BT_BUFFER: getBuf allocating 8 bytes
06-09 00:12:11.519 870 1180 D GMStatusBar: LocationController updateGPSLocationStatus
06-09 00:12:11.520 870 1180 E VMS-LocationSrvGA: VehicleDataUnavailable:gm.vehicle.VehicleDataUnavailable: Vehicle Data Still Not Available From Bus
06-09 00:12:11.520 870 1180 I GMStatusBar: updateLocationStatus(): Vehicle Data Still Not Available From Bus
06-09 00:12:11.520 870 870 D GMStatusBar: LocationController handleMessage MSG_REFRESH_ICON_LOCATION: mode = 0; mCurrentLocationMode = 0
06-09 00:12:11.520 870 1180 D GMStatusBar: resetLocationUpdate
06-09 00:12:11.872 2312 2330 D xxxxxx_gps: process_ndr_data() sensorCnt:21807, sequenceNr:634, lat:0, lon:0, heading:9000
06-09 00:12:11.872 2312 2330 D xxxxxx_gps: process_ndr_data() deltaHeading:-0.000000, speed:0, distance:878784, meter:0, DR timestamp:686341, utcTime:0
06-09 00:12:11.872 2312 2330 D xxxxxx_gps: Time not Availible from Fix!
06-09 00:12:11.872 2312 2330 D xxxxxx_gps: DR Time is 686341 at Utc Time 686341
06-09 00:12:12.437 1857 1857 I BT_BUFFER: getBuf allocating 8 bytes
06-09 00:12:12.668 144 161 I chatty : uid=0(root) UipcRxThread expire 25 lines
06-09 00:12:12.751 1042 1207 I DemoModeService: Current Mode: DEMO
06-09 00:12:12.908 725 1038 I chatty : uid=1000(system) pool-9-thread-1 expire 22 lines
06-09 00:12:12.973 2312 2330 D xxxxxx_gps: process_ndr_data() sensorCnt:21842, sequenceNr:635, lat:0, lon:0, heading:9000
06-09 00:12:12.973 2312 2330 D xxxxxx_gps: process_ndr_data() deltaHeading:-0.000000, speed:0, distance:878784, meter:0, DR timestamp:687442, utcTime:0
06-09 00:12:12.973 2312 2330 D xxxxxx_gps: Time not Availible from Fix!
06-09 00:12:12.973 2312 2330 D xxxxxx_gps: DR Time is 687442 at Utc Time 687442
06-09 00:12:13.251 140 243 D AudioFlinger: mixer(0xb4580000) throttle end: throttle time(10)
06-09 00:12:13.437 1857 1857 I BT_BUFFER: getBuf allocating 8 bytes
06-09 00:12:13.657 870 870 D GMStatusBar: handleMessage MSG_AUDIO_INFO_PAGING_COMPLETE mAudioStatusInfoIndex = 0
06-09 00:12:13.857 725 1094 I chatty : uid=1000(system) Thread-335 expire 4 lines
06-09 00:12:13.859 725 946 I chatty : uid=1000(system) er.EventHandler expire 4 lines
06-09 00:12:13.860 725 1937 I chatty : uid=1000(system) AsyncTask #3 expire 7 lines
06-09 00:12:14.072 2312 2330 D xxxxxx_gps: process_ndr_data() sensorCnt:21877, sequenceNr:636, lat:0, lon:0, heading:9000
06-09 00:12:14.072 2312 2330 D xxxxxx_gps: process_ndr_data() deltaHeading:-0.000000, speed:0, distance:878784, meter:0, DR timestamp:688541, utcTime:0
06-09 00:12:14.072 2312 2330 D xxxxxx_gps: Time not Availible from Fix!
06-09 00:12:14.072 2312 2330 D xxxxxx_gps: DR Time is 688541 at Utc Time 688541
06-09 00:12:14.437 1857 1857 I BT_BUFFER: getBuf allocating 8 bytes
06-09 00:12:14.754 1042 1092 I DemoModeService: Current Mode: DEMO
06-09 00:12:14.797 2341 2388 I chatty : uid=1000(system) Thread-213 expire 12 lines
06-09 00:12:14.917 725 725 I chatty : uid=1000(system) com.gm.domain.server.primary expire 88 lines
06-09 00:12:15.167 1307 1307 D wpa_supplicant: wlan0: Control interface command 'SET pno 0'
06-09 00:12:15.167 1307 1307 D wpa_supplicant: CTRL_IFACE SET 'pno'='0'
06-09 00:12:15.167 1307 1307 D wpa_supplicant: CTRL-DEBUG: global_ctrl_sock-sendto: sock=11 sndbuf=163840 outq=0 send_len=3
06-09 00:12:15.168 1307 1307 D wpa_supplicant: wlan0: Control interface command 'SCAN TYPE=ONLY'
06-09 00:12:15.168 1307 1307 D wpa_supplicant: wlan0: Setting scan request: 0.000000 sec
06-09 00:12:15.168 1307 1307 D wpa_supplicant: CTRL-DEBUG: global_ctrl_sock-sendto: sock=11 sndbuf=163840 outq=0 send_len=3
06-09 00:12:15.168 1307 1307 D wpa_supplicant: wlan0: Starting AP scan for wildcard SSID
06-09 00:12:15.168 1307 1307 D wpa_supplicant: WPS: Building WPS IE for Probe Request
06-09 00:12:15.169 1307 1307 D wpa_supplicant: WPS: * Version (hardcoded 0x10)
06-09 00:12:15.169 1307 1307 D wpa_supplicant: WPS: * Request Type
06-09 00:12:15.169 1307 1307 D wpa_supplicant: WPS: * Config Methods (4288)
06-09 00:12:15.169 1307 1307 D wpa_supplicant: WPS: * UUID-E
06-09 00:12:15.169 1307 1307 D wpa_supplicant: WPS: * Primary Device Type
06-09 00:12:15.169 1307 1307 D wpa_supplicant: WPS: * RF Bands (3)
06-09 00:12:15.169 1307 1307 D wpa_supplicant: WPS: * Association State
06-09 00:12:15.169 1307 1307 D wpa_supplicant: WPS: * Configuration Error (0)
06-09 00:12:15.169 1307 1307 D wpa_supplicant: WPS: * Device Password ID (0)
06-09 00:12:15.169 1307 1307 D wpa_supplicant: WPS: * Manufacturer
06-09 00:12:15.169 1307 1307 D wpa_supplicant: WPS: * Model Name
06-09 00:12:15.169 1307 1307 D wpa_supplicant: WPS: * Model Number
06-09 00:12:15.169 1307 1307 D wpa_supplicant: WPS: * Device Name
06-09 00:12:15.169 1307 1307 D wpa_supplicant: WPS: * Version2 (0x20)
06-09 00:12:15.169 1307 1307 D wpa_supplicant: P2P: * P2P IE header
06-09 00:12:15.169 1307 1307 D wpa_supplicant: P2P: * Capability dev=25 group=00
06-09 00:12:15.169 1307 1307 D wpa_supplicant: P2P: * Listen Channel: Regulatory Class 81 Channel 1
06-09 00:12:15.169 1307 1307 D wpa_supplicant: wlan0: Add radio work 'scan'@0xb6acb1b0
06-09 00:12:15.169 1307 1307 D wpa_supplicant: wlan0: First radio work item in the queue - schedule start immediately
06-09 00:12:15.169 1307 1307 D wpa_supplicant: wlan0: Starting radio work 'scan'@0xb6acb1b0 after 0.000066 second wait
06-09 00:12:15.169 1307 1307 D wpa_supplicant: wlan0: nl80211: scan request
06-09 00:12:15.169 1307 1307 D wpa_supplicant: nl80211: Scan SSID - hexdump(len=0): [NULL]
06-09 00:12:15.169 1307 1307 D wpa_supplicant: nl80211: Scan extra IEs - hexdump(len=160): 7f 04 00 00 0a 02 dd 85 00 50 f2 04 10 4a 00 01 10 10 3a 00 01 00 10 08 00 02 42 88 10 47 00 10 ...
06-09 00:12:15.197 2312 2330 D xxxxxx_gps: process_ndr_data() sensorCnt:21912, sequenceNr:637, lat:0, lon:0, heading:9000
06-09 00:12:15.197 2312 2330 D xxxxxx_gps: process_ndr_data() deltaHeading:-0.000000, speed:0, distance:878784, meter:0, DR timestamp:689641, utcTime:0
06-09 00:12:15.197 2312 2330 D xxxxxx_gps: Time not Availible from Fix!
06-09 00:12:15.197 2312 2330 D xxxxxx_gps: DR Time is 689641 at Utc Time 689641
06-09 00:12:15.238 2341 2389 I chatty : uid=1000(system) Thread-214 expire 12 lines
06-09 00:12:15.281 1307 1307 D wpa_supplicant: Scan requested (ret=0) - scan timeout 30 seconds
06-09 00:12:15.281 1307 1307 D wpa_supplicant: nl80211: Event message available
06-09 00:12:15.281 1307 1307 D wpa_supplicant: nl80211: Ignored event (cmd=33) for foreign interface (ifindex 6 wdev 0x0)
06-09 00:12:15.281 1307 1307 I wpa_supplicant: nl80211: Drv Event 33 (NL80211_CMD_TRIGGER_SCAN) received for wlan0
06-09 00:12:15.281 1307 1307 D wpa_supplicant: wlan0: nl80211: Scan trigger
06-09 00:12:15.281 1307 1307 I wpa_supplicant: wlan0: Event SCAN_STARTED (47) received
06-09 00:12:15.281 1307 1307 D wpa_supplicant: CTRL-DEBUG: ctrl_sock-sendmsg: sock=11 sndbuf=163840 outq=0 send_len=32
06-09 00:12:15.281 1307 1307 D wpa_supplicant: CTRL_IFACE monitor sent successfully to /data/misc/wifi/sockets/wpa_ctrl_405-2\x00
06-09 00:12:15.281 1307 1307 D wpa_supplicant: wlan0: Own scan request started a scan in 0.000359 seconds
06-09 00:12:15.281 1307 1307 D wpa_supplicant: CTRL-DEBUG: ctrl_sock-sendmsg: sock=11 sndbuf=163840 outq=448 send_len=24
06-09 00:12:15.281 1307 1307 D wpa_supplicant: CTRL_IFACE monitor sent successfully to /data/misc/wifi/sockets/wpa_ctrl_405-2\x00
06-09 00:12:15.282 405 1412 I chatty : uid=1000(system) WifiMonitor expire 16 lines
06-09 00:12:15.437 1857 1857 I BT_BUFFER: getBuf allocating 8 bytes
06-09 00:12:15.702 144 160 I chatty : uid=0(root) UipcRx expire 12 lines
06-09 00:12:15.707 725 1350 I chatty : uid=1000(system) AsyncTask #2 expire 16 lines
06-09 00:12:16.203 145 196 I chatty : uid=0(root) /system/bin/calserviced expire 27 lines
06-09 00:12:16.272 2312 2330 D xxxxxx_gps: process_ndr_data() sensorCnt:21947, sequenceNr:638, lat:0, lon:0, heading:9000
06-09 00:12:16.272 2312 2330 D xxxxxx_gps: process_ndr_data() deltaHeading:-0.000000, speed:0, distance:878784, meter:0, DR timestamp:690741, utcTime:0
06-09 00:12:16.272 2312 2330 D xxxxxx_gps: Time not Availible from Fix!
06-09 00:12:16.272 2312 2330 D xxxxxx_gps: DR Time is 690741 at Utc Time 690741
06-09 00:12:16.278 1110 1340 I chatty : uid=0(root) AudioRecord expire 2085 lines
06-09 00:12:16.437 1857 1857 I BT_BUFFER: getBuf allocating 8 bytes
06-09 00:12:16.537 870 1180 D GMStatusBar: LocationController updateGPSLocationStatus
06-09 00:12:16.538 870 1180 E VMS-LocationSrvGA: VehicleDataUnavailable:gm.vehicle.VehicleDataUnavailable: Vehicle Data Still Not Available From Bus
06-09 00:12:16.538 870 1180 I GMStatusBar: updateLocationStatus(): Vehicle Data Still Not Available From Bus
06-09 00:12:16.538 870 870 D GMStatusBar: LocationController handleMessage MSG_REFRESH_ICON_LOCATION: mode = 0; mCurrentLocationMode = 0
06-09 00:12:16.538 870 1180 D GMStatusBar: resetLocationUpdate
06-09 00:12:16.658 870 870 D GMStatusBar: handleMessage MSG_AUDIO_INFO_PAGING_COMPLETE mAudioStatusInfoIndex = 0
06-09 00:12:16.749 725 977 E TcpInternetManager: getOnstarSubscription: getData failure.
06-09 00:12:16.757 1042 1089 I DemoModeService: Current Mode: DEMO
06-09 00:12:17.372 2312 2330 D xxxxxx_gps: process_ndr_data() sensorCnt:21982, sequenceNr:639, lat:0, lon:0, heading:9000
06-09 00:12:17.372 2312 2330 D xxxxxx_gps: process_ndr_data() deltaHeading:-0.000000, speed:0, distance:878784, meter:0, DR timestamp:691841, utcTime:0
06-09 00:12:17.372 2312 2330 D xxxxxx_gps: Time not Availible from Fix!
06-09 00:12:17.372 2312 2330 D xxxxxx_gps: DR Time is 691841 at Utc Time 691841
06-09 00:12:17.437 1857 1857 I BT_BUFFER: getBuf allocating 8 bytes
06-09 00:12:18.237 725 843 I chatty : uid=1000(system) Thread-39 expire 12 lines
06-09 00:12:18.237 725 841 I chatty : uid=1000(system) Thread-37 expire 12 lines
06-09 00:12:18.437 1857 1857 I BT_BUFFER: getBuf allocating 8 bytes
06-09 00:12:18.474 2312 2330 D xxxxxx_gps: process_ndr_data() sensorCnt:22019, sequenceNr:640, lat:0, lon:0, heading:9000
06-09 00:12:18.475 2312 2330 D xxxxxx_gps: process_ndr_data() deltaHeading:-0.000000, speed:0, distance:878784, meter:0, DR timestamp:692943, utcTime:0
06-09 00:12:18.475 2312 2330 D xxxxxx_gps: Time not Availible from Fix!
06-09 00:12:18.475 2312 2330 D xxxxxx_gps: DR Time is 692943 at Utc Time 692943
06-09 00:12:18.759 1042 1208 I DemoModeService: Current Mode: DEMO
06-09 00:12:19.027 1307 1307 D wpa_supplicant: nl80211: Event message available
06-09 00:12:19.027 1307 1307 D wpa_supplicant: nl80211: Ignored event (cmd=34) for foreign interface (ifindex 6 wdev 0x0)
06-09 00:12:19.027 1307 1307 I wpa_supplicant: nl80211: Drv Event 34 (NL80211_CMD_NEW_SCAN_RESULTS) received for wlan0
06-09 00:12:19.027 1307 1307 D wpa_supplicant: wlan0: nl80211: New scan results available
06-09 00:12:19.027 1307 1307 D wpa_supplicant: nl80211: Scan probed for SSID ''
06-09 00:12:19.027 1307 1307 D wpa_supplicant: nl80211: Scan included frequencies: 2412 2417 2422 2427 2432 2437 2442 2447 2452 2457 2462 5180 5200 5220 5240 5260 5280 5300 5320 5500 5520 5540 5560 5580 5600 5620 5640 5660 5680 5700 5720 5745 5765 5785 5805 5825
06-09 00:12:19.027 1307 1307 I wpa_supplicant: wlan0: Event SCAN_RESULTS (3) received
06-09 00:12:19.027 1307 1307 D wpa_supplicant: CTRL-DEBUG: ctrl_sock-sendmsg: sock=11 sndbuf=163840 outq=0 send_len=31
06-09 00:12:19.027 1307 1307 D wpa_supplicant: CTRL_IFACE monitor sent successfully to /data/misc/wifi/sockets/wpa_ctrl_405-2\x00
06-09 00:12:19.027 1307 1307 D wpa_supplicant: wlan0: Scan completed in 3.745767 seconds
06-09 00:12:19.027 1307 1307 I wpa_supplicant: nl80211: Received scan results (29 BSSes)
06-09 00:12:19.028 1307 1307 D wpa_supplicant: wlan0: BSS: Start scan result update 47
06-09 00:12:19.028 1307 1307 D wpa_supplicant: wlan0: BSS: Remove id 2 BSSID 84:b2:61:0c:9a:1f SSID 'HDATA' due to no match in scan
06-09 00:12:19.028 1307 1307 D wpa_supplicant: wlan0: BSS: Remove id 87 BSSID 84:3d:c6:62:cb:f3 SSID 'HDEV' due to no match in scan
06-09 00:12:19.028 1307 1307 D wpa_supplicant: BSS: last_scan_res_used=29/64
06-09 00:12:19.028 1307 1307 D wpa_supplicant: wlan0: Scan-only results received
06-09 00:12:19.028 1307 1307 D wpa_supplicant: CTRL-DEBUG: ctrl_sock-sendmsg: sock=11 sndbuf=163840 outq=448 send_len=24
06-09 00:12:19.028 1307 1307 D wpa_supplicant: CTRL_IFACE monitor sent successfully to /data/misc/wifi/sockets/wpa_ctrl_405-2\x00
06-09 00:12:19.028 1307 1307 D wpa_supplicant: CTRL-DEBUG: ctrl_sock-sendmsg: sock=11 sndbuf=163840 outq=896 send_len=17
06-09 00:12:19.028 1307 1307 D wpa_supplicant: CTRL_IFACE monitor sent successfully to /data/misc/wifi/sockets/wpa_ctrl_405-2\x00
06-09 00:12:19.028 1307 1307 D wpa_supplicant: wlan0: Radio work 'scan'@0xb6acb1b0 done in 3.859300 seconds
06-09 00:12:19.028 1307 1307 D wpa_supplicant: wlan0: radio_work_free('scan'@0xb6acb1b0: num_active_works --> 0
06-09 00:12:19.030 237 302 I chatty : uid=0(root) /system/bin/RDMS expire 2 lines
06-09 00:12:19.032 405 857 I chatty : uid=1000(system) WifiStateMachin expire 12 lines
06-09 00:12:19.033 1307 1307 D wpa_supplicant: CTRL-DEBUG: global_ctrl_sock-sendto: sock=11 sndbuf=163840 outq=0 send_len=3699
06-09 00:12:19.034 1307 1307 D wpa_supplicant: RTM_NEWLINK: ifi_index=6 ifname=wlan0 wext ifi_family=0 ifi_flags=0x11003 ([UP][LOWER_UP])
06-09 00:12:19.035 1307 1307 D wpa_supplicant: CTRL-DEBUG: global_ctrl_sock-sendto: sock=11 sndbuf=163840 outq=0 send_len=3702
06-09 00:12:19.037 1307 1307 D wpa_supplicant: CTRL-DEBUG: global_ctrl_sock-sendto: sock=11 sndbuf=163840 outq=0 send_len=3686
06-09 00:12:19.040 1307 1307 D wpa_supplicant: CTRL-DEBUG: global_ctrl_sock-sendto: sock=11 sndbuf=163840 outq=0 send_len=4042
06-09 00:12:19.042 1307 1307 D wpa_supplicant: CTRL-DEBUG: global_ctrl_sock-sendto: sock=11 sndbuf=163840 outq=0 send_len=3086
06-09 00:12:19.057 1307 1307 D wpa_supplicant: EAPOL: EAP Session-Id not available
06-09 00:12:19.057 1307 1307 D wpa_supplicant: CTRL-DEBUG: global_ctrl_sock-sendto: sock=11 sndbuf=163840 outq=0 send_len=124
06-09 00:12:19.437 1857 1857 I BT_BUFFER: getBuf allocating 8 bytes
06-09 00:12:19.477 2312 2330 D xxxxxx_gps: process_ndr_data() sensorCnt:22053, sequenceNr:641, lat:0, lon:0, heading:9000
06-09 00:12:19.477 2312 2330 D xxxxxx_gps: process_ndr_data() deltaHeading:-0.000000, speed:0, distance:878784, meter:0, DR timestamp:693946, utcTime:0
06-09 00:12:19.477 2312 2330 D xxxxxx_gps: Time not Availible from Fix!
06-09 00:12:19.478 2312 2330 D xxxxxx_gps: DR Time is 693946 at Utc Time 693946
06-09 00:12:19.487 144 158 I chatty : uid=0(root) TimerThread expire 4 lines
06-09 00:12:19.661 870 870 D GMStatusBar: handleMessage MSG_AUDIO_INFO_PAGING_COMPLETE mAudioStatusInfoIndex = 0
06-09 00:12:19.959 143 320 I chatty : uid=0(root) PMCThread expire 10 lines
06-09 00:12:20.437 1857 1857 I BT_BUFFER: getBuf allocating 8 bytes
06-09 00:12:20.573 2312 2330 D xxxxxx_gps: process_ndr_data() sensorCnt:22086, sequenceNr:642, lat:0, lon:0, heading:9000
06-09 00:12:20.573 2312 2330 D xxxxxx_gps: process_ndr_data() deltaHeading:-0.000000, speed:0, distance:878784, meter:0, DR timestamp:695042, utcTime:0
06-09 00:12:20.573 2312 2330 D xxxxxx_gps: Time not Availible from Fix!
06-09 00:12:20.573 2312 2330 D xxxxxx_gps: DR Time is 695042 at Utc Time 695042
06-09 00:12:20.762 1042 1207 I DemoModeService: Current Mode: DEMO
06-09 00:12:21.041 140 243 D AudioFlinger: mixer(0xb4580000) throttle end: throttle time(10)
06-09 00:12:21.437 1857 1857 I BT_BUFFER: getBuf allocating 8 bytes
06-09 00:12:21.560 870 1180 D GMStatusBar: LocationController updateGPSLocationStatus
06-09 00:12:21.561 870 1180 E VMS-LocationSrvGA: VehicleDataUnavailable:gm.vehicle.VehicleDataUnavailable: Vehicle Data Still Not Available From Bus
06-09 00:12:21.561 870 1180 I GMStatusBar: updateLocationStatus(): Vehicle Data Still Not Available From Bus
06-09 00:12:21.561 870 870 D GMStatusBar: LocationController handleMessage MSG_REFRESH_ICON_LOCATION: mode = 0; mCurrentLocationMode = 0
06-09 00:12:21.561 870 1180 D GMStatusBar: resetLocationUpdate
06-09 00:12:21.673 2312 2330 D xxxxxx_gps: process_ndr_data() sensorCnt:22121, sequenceNr:643, lat:0, lon:0, heading:9000
06-09 00:12:21.673 2312 2330 D xxxxxx_gps: process_ndr_data() deltaHeading:-0.000000, speed:0, distance:878784, meter:0, DR timestamp:696141, utcTime:0
06-09 00:12:21.673 2312 2330 D xxxxxx_gps: Time not Availible from Fix!
06-09 00:12:21.673 2312 2330 D xxxxxx_gps: DR Time is 696141 at Utc Time 696141
06-09 00:12:22.437 1857 1857 I BT_BUFFER: getBuf allocating 8 bytes
06-09 00:12:22.662 870 870 D GMStatusBar: handleMessage MSG_AUDIO_INFO_PAGING_COMPLETE mAudioStatusInfoIndex = 0
06-09 00:12:22.676 2312 2330 D xxxxxx_gps: process_ndr_data() sensorCnt:22155, sequenceNr:644, lat:0, lon:0, heading:9000
06-09 00:12:22.676 2312 2330 D xxxxxx_gps: process_ndr_data() deltaHeading:-0.000000, speed:0, distance:878784, meter:0, DR timestamp:697145, utcTime:0
06-09 00:12:22.676 2312 2330 D xxxxxx_gps: Time not Availible from Fix!
06-09 00:12:22.676 2312 2330 D xxxxxx_gps: DR Time is 697145 at Utc Time 697145
06-09 00:12:22.755 144 161 I chatty : uid=0(root) UipcRxThread expire 20 lines
06-09 00:12:22.765 1042 1092 I DemoModeService: Current Mode: DEMO
06-09 00:12:23.334 1831 1881 I chatty : uid=1000(system) Binder_1 expire 2 lines
06-09 00:12:23.437 1857 1857 I BT_BUFFER: getBuf allocating 8 bytes
06-09 00:12:23.772 2312 2330 D xxxxxx_gps: process_ndr_data() sensorCnt:22188, sequenceNr:645, lat:0, lon:0, heading:9000
06-09 00:12:23.772 2312 2330 D xxxxxx_gps: process_ndr_data() deltaHeading:-0.000000, speed:0, distance:878784, meter:0, DR timestamp:698242, utcTime:0
06-09 00:12:23.772 2312 2330 D xxxxxx_gps: Time not Availible from Fix!
06-09 00:12:23.772 2312 2330 D xxxxxx_gps: DR Time is 698242 at Utc Time 698242
06-09 00:12:23.937 725 1038 I chatty : uid=1000(system) pool-9-thread-1 expire 16 lines
06-09 00:12:24.437 1857 1857 I BT_BUFFER: getBuf allocating 8 bytes
06-09 00:12:24.767 1042 1089 I DemoModeService: Current Mode: DEMO
06-09 00:12:24.780 238 584 I chatty : uid=0(root) VRfileMonitor expire 4 lines
06-09 00:12:24.872 2312 2330 D xxxxxx_gps: process_ndr_data() sensorCnt:22223, sequenceNr:646, lat:0, lon:0, heading:9000
06-09 00:12:24.872 2312 2330 D xxxxxx_gps: process_ndr_data() deltaHeading:-0.000000, speed:0, distance:878784, meter:0, DR timestamp:699342, utcTime:0
06-09 00:12:24.872 2312 2330 D xxxxxx_gps: Time not Availible from Fix!
06-09 00:12:24.873 2312 2330 D xxxxxx_gps: DR Time is 699342 at Utc Time 699342
06-09 00:12:25.437 1857 1857 I BT_BUFFER: getBuf allocating 8 bytes
06-09 00:12:25.664 870 870 D GMStatusBar: handleMessage MSG_AUDIO_INFO_PAGING_COMPLETE mAudioStatusInfoIndex = 0
06-09 00:12:25.941 235 283 D DiagSvc : buffer[pos]: dc 92 5a 4
06-09 00:12:25.941 235 283 I DiagSvc : RemoteDaemonIPCThread send_usock ... writing to J6 java service len: 4
06-09 00:12:25.941 235 283 I DiagSvc : Going to send len: 4, errno: Success
06-09 00:12:25.941 235 283 I DiagSvc : SENT errno: Success
06-09 00:12:25.941 235 283 I DiagSvc : RemoteDaemonIPCThread read_remote ... reading from J5 len: 1
06-09 00:12:25.941 235 283 I DiagSvc : RemoteDaemonIPCThread send_usock ... writing to J6 java service len: 1
06-09 00:12:25.941 235 283 I DiagSvc : Going to send len: 1, errno: Success
06-09 00:12:25.941 235 283 I DiagSvc : SENT errno: Success
06-09 00:12:25.941 235 283 I DiagSvc : RemoteDaemonIPCThread read_remote ... reading from J5 len: 4
06-09 00:12:25.956 235 283 D DiagSvc : buffer[pos]: dc 92 5b 4
06-09 00:12:25.957 235 283 I DiagSvc : RemoteDaemonIPCThread send_usock ... writing to J6 java service len: 4
06-09 00:12:25.957 235 283 I DiagSvc : Going to send len: 4, errno: Success
06-09 00:12:25.957 235 283 I DiagSvc : SENT errno: Success
06-09 00:12:25.957 235 283 I DiagSvc : RemoteDaemonIPCThread read_remote ... reading from J5 len: 1
06-09 00:12:25.957 235 283 I DiagSvc : RemoteDaemonIPCThread send_usock ... writing to J6 java service len: 1
06-09 00:12:25.957 235 283 I DiagSvc : Going to send len: 1, errno: Success
06-09 00:12:25.957 235 283 I DiagSvc : SENT errno: Success
06-09 00:12:25.957 235 283 I DiagSvc : RemoteDaemonIPCThread read_remote ... reading from J5 len: 4
06-09 00:12:25.962 725 725 I chatty : uid=1000(system) com.gm.domain.server.primary expire 43 lines
06-09 00:12:25.972 2312 2330 D xxxxxx_gps: process_ndr_data() sensorCnt:22258, sequenceNr:647, lat:0, lon:0, heading:9000
06-09 00:12:25.973 2312 2330 D xxxxxx_gps: process_ndr_data() deltaHeading:-0.000000, speed:0, distance:878784, meter:0, DR timestamp:700442, utcTime:0
06-09 00:12:25.973 2312 2330 D xxxxxx_gps: Time not Availible from Fix!
06-09 00:12:25.973 2312 2330 D xxxxxx_gps: DR Time is 700442 at Utc Time 700442
06-09 00:12:26.437 1857 1857 I BT_BUFFER: getBuf allocating 8 bytes
06-09 00:12:26.585 870 1180 D GMStatusBar: LocationController updateGPSLocationStatus
06-09 00:12:26.586 870 1180 E VMS-LocationSrvGA: VehicleDataUnavailable:gm.vehicle.VehicleDataUnavailable: Vehicle Data Still Not Available From Bus
06-09 00:12:26.586 870 1180 I GMStatusBar: updateLocationStatus(): Vehicle Data Still Not Available From Bus
06-09 00:12:26.586 870 870 D GMStatusBar: LocationController handleMessage MSG_REFRESH_ICON_LOCATION: mode = 0; mCurrentLocationMode = 0
06-09 00:12:26.586 870 1180 D GMStatusBar: resetLocationUpdate
06-09 00:12:26.751 725 977 I chatty : uid=1000(system) TcpInternetMana expire 13 lines
06-09 00:12:26.753 725 977 E TcpInternetManager: getOnstarSubscription: getData failure.
06-09 00:12:26.770 1042 1208 I DemoModeService: Current Mode: DEMO
06-09 00:12:26.797 2341 2388 I chatty : uid=1000(system) Thread-213 expire 6 lines
06-09 00:12:26.934 235 283 D DiagSvc : buffer[pos]: dc 92 5a 4
06-09 00:12:26.935 235 283 I DiagSvc : RemoteDaemonIPCThread send_usock ... writing to J6 java service len: 4
06-09 00:12:26.935 235 283 I DiagSvc : Going to send len: 4, errno: Success
06-09 00:12:26.935 235 283 I DiagSvc : SENT errno: Success
06-09 00:12:26.935 235 283 I DiagSvc : RemoteDaemonIPCThread read_remote ... reading from J5 len: 1
06-09 00:12:26.935 235 283 I DiagSvc : RemoteDaemonIPCThread send_usock ... writing to J6 java service len: 1
06-09 00:12:26.935 235 283 I DiagSvc : Going to send len: 1, errno: Success
06-09 00:12:26.935 235 283 I DiagSvc : SENT errno: Success
06-09 00:12:26.935 235 283 I DiagSvc : RemoteDaemonIPCThread read_remote ... reading from J5 len: 4
06-09 00:12:26.945 235 283 D DiagSvc : buffer[pos]: dc 92 5b 4
06-09 00:12:26.945 235 283 I DiagSvc : RemoteDaemonIPCThread send_usock ... writing to J6 java service len: 4
06-09 00:12:26.945 235 283 I DiagSvc : Going to send len: 4, errno: Success
06-09 00:12:26.946 235 283 I DiagSvc : SENT errno: Success
06-09 00:12:26.946 235 283 I DiagSvc : RemoteDaemonIPCThread read_remote ... reading from J5 len: 1
06-09 00:12:26.946 235 283 I DiagSvc : RemoteDaemonIPCThread send_usock ... writing to J6 java service len: 1
06-09 00:12:26.946 235 283 I DiagSvc : Going to send len: 1, errno: Success
06-09 00:12:26.946 235 283 I DiagSvc : SENT errno: Success
06-09 00:12:26.946 235 283 I DiagSvc : RemoteDaemonIPCThread read_remote ... reading from J5 len: 4
06-09 00:12:27.073 2312 2330 D xxxxxx_gps: process_ndr_data() sensorCnt:22293, sequenceNr:648, lat:0, lon:0, heading:9000
06-09 00:12:27.073 2312 2330 D xxxxxx_gps: process_ndr_data() deltaHeading:-0.000000, speed:0, distance:878784, meter:0, DR timestamp:701542, utcTime:0
06-09 00:12:27.073 2312 2330 D xxxxxx_gps: Time not Availible from Fix!
06-09 00:12:27.073 2312 2330 D xxxxxx_gps: DR Time is 701542 at Utc Time 701542
06-09 00:12:27.237 2341 2389 I chatty : uid=1000(system) Thread-214 expire 6 lines
06-09 00:12:27.394 1110 1340 I chatty : uid=0(root) AudioRecord expire 1762 lines
06-09 00:12:27.437 1857 1857 I BT_BUFFER: getBuf allocating 8 bytes
06-09 00:12:27.708 725 1350 I chatty : uid=1000(system) AsyncTask #2 expire 5 lines
06-09 00:12:28.076 2312 2330 D xxxxxx_gps: process_ndr_data() sensorCnt:22327, sequenceNr:649, lat:0, lon:0, heading:9000
06-09 00:12:28.076 2312 2330 D xxxxxx_gps: process_ndr_data() deltaHeading:-0.000000, speed:0, distance:878784, meter:0, DR timestamp:702545, utcTime:0
06-09 00:12:28.076 2312 2330 D xxxxxx_gps: Time not Availible from Fix!
06-09 00:12:28.077 2312 2330 D xxxxxx_gps: DR Time is 702545 at Utc Time 702545
06-09 00:12:28.437 1857 1857 I BT_BUFFER: getBuf allocating 8 bytes
06-09 00:12:28.666 870 870 D GMStatusBar: handleMessage MSG_AUDIO_INFO_PAGING_COMPLETE mAudioStatusInfoIndex = 0
06-09 00:12:28.773 1042 1207 I DemoModeService: Current Mode: DEMO
06-09 00:12:28.863 725 2333 I chatty : uid=1000(system) AsyncTask #4 expire 7 lines
06-09 00:12:29.173 2312 2330 D xxxxxx_gps: process_ndr_data() sensorCnt:22360, sequenceNr:650, lat:0, lon:0, heading:9000
06-09 00:12:29.173 2312 2330 D xxxxxx_gps: process_ndr_data() deltaHeading:-0.000000, speed:0, distance:878784, meter:0, DR timestamp:703642, utcTime:0
06-09 00:12:29.173 2312 2330 D xxxxxx_gps: Time not Availible from Fix!
06-09 00:12:29.173 2312 2330 D xxxxxx_gps: DR Time is 703642 at Utc Time 703642
06-09 00:12:29.437 1857 1857 I BT_BUFFER: getBuf allocating 8 bytes
06-09 00:12:30.178 1307 1307 D wpa_supplicant: wlan0: Control interface command 'SET pno 0'
06-09 00:12:30.179 1307 1307 D wpa_supplicant: CTRL_IFACE SET 'pno'='0'
06-09 00:12:30.179 1307 1307 D wpa_supplicant: CTRL-DEBUG: global_ctrl_sock-sendto: sock=11 sndbuf=163840 outq=0 send_len=3
06-09 00:12:30.179 1307 1307 D wpa_supplicant: wlan0: Control interface command 'SCAN TYPE=ONLY'
06-09 00:12:30.179 1307 1307 D wpa_supplicant: wlan0: Setting scan request: 0.000000 sec
06-09 00:12:30.179 1307 1307 D wpa_supplicant: CTRL-DEBUG: global_ctrl_sock-sendto: sock=11 sndbuf=163840 outq=0 send_len=3
06-09 00:12:30.179 1307 1307 D wpa_supplicant: wlan0: Starting AP scan for wildcard SSID
06-09 00:12:30.179 1307 1307 D wpa_supplicant: WPS: Building WPS IE for Probe Request
06-09 00:12:30.179 1307 1307 D wpa_supplicant: WPS: * Version (hardcoded 0x10)
06-09 00:12:30.179 1307 1307 D wpa_supplicant: WPS: * Request Type
06-09 00:12:30.179 1307 1307 D wpa_supplicant: WPS: * Config Methods (4288)
06-09 00:12:30.179 1307 1307 D wpa_supplicant: WPS: * UUID-E
06-09 00:12:30.179 1307 1307 D wpa_supplicant: WPS: * Primary Device Type
06-09 00:12:30.179 1307 1307 D wpa_supplicant: WPS: * RF Bands (3)
06-09 00:12:30.179 1307 1307 D wpa_supplicant: WPS: * Association State
06-09 00:12:30.179 1307 1307 D wpa_supplicant: WPS: * Configuration Error (0)
06-09 00:12:30.179 1307 1307 D wpa_supplicant: WPS: * Device Password ID (0)
06-09 00:12:30.179 1307 1307 D wpa_supplicant: WPS: * Manufacturer
06-09 00:12:30.179 1307 1307 D wpa_supplicant: WPS: * Model Name
06-09 00:12:30.179 1307 1307 D wpa_supplicant: WPS: * Model Number
06-09 00:12:30.179 1307 1307 D wpa_supplicant: WPS: * Device Name
06-09 00:12:30.179 1307 1307 D wpa_supplicant: WPS: * Version2 (0x20)
06-09 00:12:30.180 1307 1307 D wpa_supplicant: P2P: * P2P IE header
06-09 00:12:30.180 1307 1307 D wpa_supplicant: P2P: * Capability dev=25 group=00
06-09 00:12:30.180 1307 1307 D wpa_supplicant: P2P: * Listen Channel: Regulatory Class 81 Channel 1
06-09 00:12:30.180 1307 1307 D wpa_supplicant: wlan0: Add radio work 'scan'@0xb6acb1b0
06-09 00:12:30.180 1307 1307 D wpa_supplicant: wlan0: First radio work item in the queue - schedule start immediately
06-09 00:12:30.180 1307 1307 D wpa_supplicant: wlan0: Starting radio work 'scan'@0xb6acb1b0 after 0.000067 second wait
06-09 00:12:30.180 1307 1307 D wpa_supplicant: wlan0: nl80211: scan request
06-09 00:12:30.180 1307 1307 D wpa_supplicant: nl80211: Scan SSID - hexdump(len=0): [NULL]
06-09 00:12:30.180 1307 1307 D wpa_supplicant: nl80211: Scan extra IEs - hexdump(len=160): 7f 04 00 00 0a 02 dd 85 00 50 f2 04 10 4a 00 01 10 10 3a 00 01 00 10 08 00 02 42 88 10 47 00 10 ...
06-09 00:12:30.237 725 841 I chatty : uid=1000(system) Thread-37 expire 3 lines
06-09 00:12:30.238 725 843 I chatty : uid=1000(system) Thread-39 expire 3 lines
06-09 00:12:30.267 1307 1307 D wpa_supplicant: Scan requested (ret=0) - scan timeout 30 seconds
06-09 00:12:30.267 1307 1307 D wpa_supplicant: nl80211: Event message available
06-09 00:12:30.267 1307 1307 D wpa_supplicant: nl80211: Ignored event (cmd=33) for foreign interface (ifindex 6 wdev 0x0)
06-09 00:12:30.267 1307 1307 I wpa_supplicant: nl80211: Drv Event 33 (NL80211_CMD_TRIGGER_SCAN) received for wlan0
06-09 00:12:30.267 1307 1307 D wpa_supplicant: wlan0: nl80211: Scan trigger
06-09 00:12:30.267 1307 1307 I wpa_supplicant: wlan0: Event SCAN_STARTED (47) received
06-09 00:12:30.267 1307 1307 D wpa_supplicant: CTRL-DEBUG: ctrl_sock-sendmsg: sock=11 sndbuf=163840 outq=0 send_len=32
06-09 00:12:30.267 1307 1307 D wpa_supplicant: CTRL_IFACE monitor sent successfully to /data/misc/wifi/sockets/wpa_ctrl_405-2\x00
06-09 00:12:30.267 1307 1307 D wpa_supplicant: wlan0: Own scan request started a scan in 0.000399 seconds
06-09 00:12:30.267 1307 1307 D wpa_supplicant: CTRL-DEBUG: ctrl_sock-sendmsg: sock=11 sndbuf=163840 outq=448 send_len=24
06-09 00:12:30.267 1307 1307 D wpa_supplicant: CTRL_IFACE monitor sent successfully to /data/misc/wifi/sockets/wpa_ctrl_405-2\x00
06-09 00:12:30.267 405 1412 I chatty : uid=1000(system) WifiMonitor expire 7 lines
06-09 00:12:30.273 2312 2330 D xxxxxx_gps: process_ndr_data() sensorCnt:22395, sequenceNr:651, lat:0, lon:0, heading:9000
06-09 00:12:30.273 2312 2330 D xxxxxx_gps: process_ndr_data() deltaHeading:-0.000000, speed:0, distance:878784, meter:0, DR timestamp:704742, utcTime:0
06-09 00:12:30.273 2312 2330 D xxxxxx_gps: Time not Availible from Fix!
06-09 00:12:30.273 2312 2330 D xxxxxx_gps: DR Time is 704742 at Utc Time 704742
06-09 00:12:30.437 1857 1857 I BT_BUFFER: getBuf allocating 8 bytes
06-09 00:12:30.459 143 320 I chatty : uid=0(root) PMCThread expire 7 lines
06-09 00:12:30.776 1042 1092 I DemoModeService: Current Mode: DEMO
06-09 00:12:30.981 725 725 I UpdateService-TCPMRemoteReflashHandler: initializeRemoteReflash() ... initialized? false
06-09 00:12:31.211 145 196 I chatty : uid=0(root) /system/bin/calserviced expire 18 lines
06-09 00:12:31.373 2312 2330 D xxxxxx_gps: process_ndr_data() sensorCnt:22430, sequenceNr:652, lat:0, lon:0, heading:9000
06-09 00:12:31.373 2312 2330 D xxxxxx_gps: process_ndr_data() deltaHeading:-0.000000, speed:0, distance:878784, meter:0, DR timestamp:705842, utcTime:0
06-09 00:12:31.373 2312 2330 D xxxxxx_gps: Time not Availible from Fix!
06-09 00:12:31.373 2312 2330 D xxxxxx_gps: DR Time is 705842 at Utc Time 705842
06-09 00:12:31.437 1857 1857 I BT_BUFFER: getBuf allocating 8 bytes
06-09 00:12:31.482 725 725 D OnStar.OnStarRemoteReflashManager: subscribeRR
06-09 00:12:31.483 725 725 E OnStar.OnStarRemoteReflashService: subscribeRR->Failed to subscribe for RR->Reason :
06-09 00:12:31.483 725 725 E OnStar.OnStarRemoteReflashService: com.gm.server.onstar.connector.OnStarConnectionException: FSA RemoteReflash client is not ready [UNINITIALIZED]
06-09 00:12:31.483 725 725 E OnStar.OnStarRemoteReflashService: at com.gm.server.onstar.connector.FsaTcpConnector.getRemoteReflashClient(FsaTcpConnector.java:2642)
06-09 00:12:31.483 725 725 E OnStar.OnStarRemoteReflashService: at com.gm.server.onstar.connector.FsaTcpConnector.subscribeRR(FsaTcpConnector.java:1635)
06-09 00:12:31.483 725 725 E OnStar.OnStarRemoteReflashService: at com.gm.server.onstar.OnStarRemoteReflashService.subscribeRR(OnStarRemoteReflashService.java:341)
06-09 00:12:31.483 725 725 E OnStar.OnStarRemoteReflashService: at gm.onstar.OnStarRemoteReflashManager.subscribeRR(OnStarRemoteReflashManager.java:386)
06-09 00:12:31.483 725 725 E OnStar.OnStarRemoteReflashService: at com.gm.server.update.packagedepot.TCPMRemoteReflashHandler.initializeRemoteReflash(TCPMRemoteReflashHandler.java:1062)
06-09 00:12:31.483 725 725 E OnStar.OnStarRemoteReflashService: at com.gm.server.update.packagedepot.TCPMRemoteReflashHandler.-wrap31(TCPMRemoteReflashHandler.java)
06-09 00:12:31.483 725 725 E OnStar.OnStarRemoteReflashService: at com.gm.server.update.packagedepot.TCPMRemoteReflashHandler$6.run(TCPMRemoteReflashHandler.java:877)
06-09 00:12:31.483 725 725 E OnStar.OnStarRemoteReflashService: at android.os.Handler.handleCallback(Handler.java:739)
06-09 00:12:31.483 725 725 E OnStar.OnStarRemoteReflashService: at android.os.Handler.dispatchMessage(Handler.java:95)
06-09 00:12:31.483 725 725 E OnStar.OnStarRemoteReflashService: at android.os.Looper.loop(Looper.java:148)
06-09 00:12:31.483 725 725 E OnStar.OnStarRemoteReflashService: at android.app.ActivityThread.main(ActivityThread.java:5417)
06-09 00:12:31.483 725 725 E OnStar.OnStarRemoteReflashService: at java.lang.reflect.Method.invoke(Native Method)
06-09 00:12:31.483 725 725 E OnStar.OnStarRemoteReflashService: at com.android.internal.os.ZygoteInit$MethodAndArgsCaller.run(ZygoteInit.java:759)
06-09 00:12:31.483 725 725 E OnStar.OnStarRemoteReflashService: at com.android.internal.os.ZygoteInit.main(ZygoteInit.java:649)
06-09 00:12:31.483 725 725 E OnStar.OnStarRemoteReflashManager: subscribeRR->Failed to subscibe to RR->gm.onstar.exception.OnStarException: subscribeRR->FSA functions client is not ready
06-09 00:12:31.483 725 725 I UpdateService-TCPMRemoteReflashHandler: initializeRemoteReflash() ... initialized? false
06-09 00:12:31.607 870 1180 D GMStatusBar: LocationController updateGPSLocationStatus
06-09 00:12:31.608 870 1180 E VMS-LocationSrvGA: VehicleDataUnavailable:gm.vehicle.VehicleDataUnavailable: Vehicle Data Still Not Available From Bus
06-09 00:12:31.608 870 1180 I GMStatusBar: updateLocationStatus(): Vehicle Data Still Not Available From Bus
06-09 00:12:31.608 870 870 D GMStatusBar: LocationController handleMessage MSG_REFRESH_ICON_LOCATION: mode = 0; mCurrentLocationMode = 0
06-09 00:12:31.608 870 1180 D GMStatusBar: resetLocationUpdate
06-09 00:12:31.666 870 870 D GMStatusBar: handleMessage MSG_AUDIO_INFO_PAGING_COMPLETE mAudioStatusInfoIndex = 0
06-09 00:12:31.707 725 1350 D RSIClient: client io error, failed to connect to /192.168.1.104 (port 9040) after 5000ms: isConnected failed: EHOSTUNREACH (No route to host)
06-09 00:12:31.707 725 1350 D RSIClient: STOPPED
06-09 00:12:31.707 725 1350 D RSIClient: RESTART CLIENT
06-09 00:12:31.958 725 1038 I com.gm.server.traffic.TrafficServiceImpl: signalMonitor: Not connected, reconnecting...
06-09 00:12:31.960 725 1038 E com.gm.server.traffic.TrafficServiceImpl: signalMonitor: socket connection exception
06-09 00:12:31.960 725 1038 E com.gm.server.traffic.TrafficServiceImpl: java.net.ConnectException: failed to connect to /192.168.1.10 (port 11999): connect failed: ECONNREFUSED (Connection refused)
06-09 00:12:31.960 725 1038 E com.gm.server.traffic.TrafficServiceImpl: at libcore.io.IoBridge.connect(IoBridge.java:124)
06-09 00:12:31.960 725 1038 E com.gm.server.traffic.TrafficServiceImpl: at java.net.PlainSocketImpl.connect(PlainSocketImpl.java:183)
06-09 00:12:31.960 725 1038 E com.gm.server.traffic.TrafficServiceImpl: at java.net.PlainSocketImpl.connect(PlainSocketImpl.java:163)
06-09 00:12:31.960 725 1038 E com.gm.server.traffic.TrafficServiceImpl: at java.net.Socket.startupSocket(Socket.java:592)
06-09 00:12:31.960 725 1038 E com.gm.server.traffic.TrafficServiceImpl: at java.net.Socket.tryAllAddresses(Socket.java:128)
06-09 00:12:31.960 725 1038 E com.gm.server.traffic.TrafficServiceImpl: at java.net.Socket.(Socket.java:178)
06-09 00:12:31.960 725 1038 E com.gm.server.traffic.TrafficServiceImpl: at java.net.Socket.(Socket.java:150)
