06-09 00:12:42.531 725 725 E OnStar.OnStarRemoteReflashService: at com.gm.server.onstar.connector.FsaTcpConnector.getRemoteReflashClient(FsaTcpConnector.java:2642)
06-09 00:12:42.531 725 725 E OnStar.OnStarRemoteReflashService: at com.gm.server.onstar.connector.FsaTcpConnector.subscribeRR(FsaTcpConnector.java:1635)
06-09 00:12:42.531 725 725 E OnStar.OnStarRemoteReflashService: at com.gm.server.onstar.OnStarRemoteReflashService.subscribeRR(OnStarRemoteReflashService.java:341)
06-09 00:12:42.531 725 725 E OnStar.OnStarRemoteReflashService: at gm.onstar.OnStarRemoteReflashManager.subscribeRR(OnStarRemoteReflashManager.java:386)
06-09 00:12:42.531 725 725 E OnStar.OnStarRemoteReflashService: at com.gm.server.update.packagedepot.TCPMRemoteReflashHandler.initializeRemoteReflash(TCPMRemoteReflashHandler.java:1062)
06-09 00:12:42.531 725 725 E OnStar.OnStarRemoteReflashService: at com.gm.server.update.packagedepot.TCPMRemoteReflashHandler.-wrap31(TCPMRemoteReflashHandler.java)
06-09 00:12:42.531 725 725 E OnStar.OnStarRemoteReflashService: at com.gm.server.update.packagedepot.TCPMRemoteReflashHandler$6.run(TCPMRemoteReflashHandler.java:877)
06-09 00:12:42.531 725 725 E OnStar.OnStarRemoteReflashService: at android.os.Handler.handleCallback(Handler.java:739)
06-09 00:12:42.531 725 725 E OnStar.OnStarRemoteReflashService: at android.os.Handler.dispatchMessage(Handler.java:95)
06-09 00:12:42.531 725 725 E OnStar.OnStarRemoteReflashService: at android.os.Looper.loop(Looper.java:148)
06-09 00:12:42.531 725 725 E OnStar.OnStarRemoteReflashService: at android.app.ActivityThread.main(ActivityThread.java:5417)
06-09 00:12:42.531 725 725 E OnStar.OnStarRemoteReflashService: at java.lang.reflect.Method.invoke(Native Method)
06-09 00:12:42.531 725 725 E OnStar.OnStarRemoteReflashService: at com.android.internal.os.ZygoteInit$MethodAndArgsCaller.run(ZygoteInit.java:759)
06-09 00:12:42.531 725 725 E OnStar.OnStarRemoteReflashService: at com.android.internal.os.ZygoteInit.main(ZygoteInit.java:649)
06-09 00:12:42.531 725 725 E OnStar.OnStarRemoteReflashManager: subscribeRR->Failed to subscibe to RR->gm.onstar.exception.OnStarException: subscribeRR->FSA functions client is not ready
06-09 00:12:42.531 725 725 I UpdateService-TCPMRemoteReflashHandler: initializeRemoteReflash() ... initialized? false
06-09 00:12:42.544 1110 1340 I customAudioLoopback: writeRadioTrack(): Info: trackPtr: 0xB5A9A008, buffer Ptr: 0xB4E7F880
06-09 00:12:42.544 1110 1340 I customAudioLoopback: writeRadioTrack(): Info: track->trackEnabled: 1, track->audioTrack: 0xB5A9D000, track->trackRunning: 1, track->recovering: 0
06-09 00:12:42.544 1110 1340 I customAudioLoopback: writeRadioTrack(): Info: trackPtr: 0xB5A9A01C, buffer Ptr: 0xB4E7F880
06-09 00:12:42.544 1110 1340 I customAudioLoopback: writeRadioTrack(): Info: track->trackEnabled: 1, track->audioTrack: 0xB5A9D280, track->trackRunning: 0, track->recovering: 0
06-09 00:12:42.565 1110 1340 I customAudioLoopback: writeRadioTrack(): Info: trackPtr: 0xB5A9A008, buffer Ptr: 0xB4E7F880
06-09 00:12:42.565 1110 1340 I customAudioLoopback: writeRadioTrack(): Info: track->trackEnabled: 1, track->audioTrack: 0xB5A9D000, track->trackRunning: 1, track->recovering: 0
06-09 00:12:42.565 1110 1340 I customAudioLoopback: writeRadioTrack(): Info: trackPtr: 0xB5A9A01C, buffer Ptr: 0xB4E7F880
06-09 00:12:42.565 1110 1340 I customAudioLoopback: writeRadioTrack(): Info: track->trackEnabled: 1, track->audioTrack: 0xB5A9D280, track->trackRunning: 0, track->recovering: 0
06-09 00:12:42.587 1110 1340 I customAudioLoopback: writeRadioTrack(): Info: trackPtr: 0xB5A9A008, buffer Ptr: 0xB4E7F880
06-09 00:12:42.587 1110 1340 I customAudioLoopback: writeRadioTrack(): Info: track->trackEnabled: 1, track->audioTrack: 0xB5A9D000, track->trackRunning: 1, track->recovering: 0
06-09 00:12:42.587 1110 1340 I customAudioLoopback: writeRadioTrack(): Info: trackPtr: 0xB5A9A01C, buffer Ptr: 0xB4E7F880
06-09 00:12:42.587 1110 1340 I customAudioLoopback: writeRadioTrack(): Info: track->trackEnabled: 1, track->audioTrack: 0xB5A9D280, track->trackRunning: 0, track->recovering: 0
06-09 00:12:42.608 1110 1340 I customAudioLoopback: writeRadioTrack(): Info: trackPtr: 0xB5A9A008, buffer Ptr: 0xB4E7F880
06-09 00:12:42.608 1110 1340 I customAudioLoopback: writeRadioTrack(): Info: track->trackEnabled: 1, track->audioTrack: 0xB5A9D000, track->trackRunning: 1, track->recovering: 0
06-09 00:12:42.608 1110 1340 I customAudioLoopback: writeRadioTrack(): Info: trackPtr: 0xB5A9A01C, buffer Ptr: 0xB4E7F880
06-09 00:12:42.608 1110 1340 I customAudioLoopback: writeRadioTrack(): Info: track->trackEnabled: 1, track->audioTrack: 0xB5A9D280, track->trackRunning: 0, track->recovering: 0
06-09 00:12:42.630 1110 1340 I customAudioLoopback: writeRadioTrack(): Info: trackPtr: 0xB5A9A008, buffer Ptr: 0xB4E7F880
06-09 00:12:42.630 1110 1340 I customAudioLoopback: writeRadioTrack(): Info: track->trackEnabled: 1, track->audioTrack: 0xB5A9D000, track->trackRunning: 1, track->recovering: 0
06-09 00:12:42.630 1110 1340 I customAudioLoopback: writeRadioTrack(): Info: trackPtr: 0xB5A9A01C, buffer Ptr: 0xB4E7F880
06-09 00:12:42.630 1110 1340 I customAudioLoopback: writeRadioTrack(): Info: track->trackEnabled: 1, track->audioTrack: 0xB5A9D280, track->trackRunning: 0, track->recovering: 0
06-09 00:12:42.650 1110 1340 I customAudioLoopback: writeRadioTrack(): Info: trackPtr: 0xB5A9A008, buffer Ptr: 0xB4E7F880
06-09 00:12:42.650 1110 1340 I customAudioLoopback: writeRadioTrack(): Info: track->trackEnabled: 1, track->audioTrack: 0xB5A9D000, track->trackRunning: 1, track->recovering: 0
06-09 00:12:42.650 1110 1340 I customAudioLoopback: writeRadioTrack(): Info: trackPtr: 0xB5A9A01C, buffer Ptr: 0xB4E7F880
06-09 00:12:42.650 1110 1340 I customAudioLoopback: writeRadioTrack(): Info: track->trackEnabled: 1, track->audioTrack: 0xB5A9D280, track->trackRunning: 0, track->recovering: 0
06-09 00:12:42.672 1110 1340 I customAudioLoopback: writeRadioTrack(): Info: trackPtr: 0xB5A9A008, buffer Ptr: 0xB4E7F880
06-09 00:12:42.672 1110 1340 I customAudioLoopback: writeRadioTrack(): Info: track->trackEnabled: 1, track->audioTrack: 0xB5A9D000, track->trackRunning: 1, track->recovering: 0
06-09 00:12:42.672 1110 1340 I customAudioLoopback: writeRadioTrack(): Info: trackPtr: 0xB5A9A01C, buffer Ptr: 0xB4E7F880
06-09 00:12:42.672 1110 1340 I customAudioLoopback: writeRadioTrack(): Info: track->trackEnabled: 1, track->audioTrack: 0xB5A9D280, track->trackRunning: 0, track->recovering: 0
06-09 00:12:42.693 1110 1340 I customAudioLoopback: writeRadioTrack(): Info: trackPtr: 0xB5A9A008, buffer Ptr: 0xB4E7F880
06-09 00:12:42.693 1110 1340 I customAudioLoopback: writeRadioTrack(): Info: track->trackEnabled: 1, track->audioTrack: 0xB5A9D000, track->trackRunning: 1, track->recovering: 0
06-09 00:12:42.693 1110 1340 I customAudioLoopback: writeRadioTrack(): Info: trackPtr: 0xB5A9A01C, buffer Ptr: 0xB4E7F880
06-09 00:12:42.693 1110 1340 I customAudioLoopback: writeRadioTrack(): Info: track->trackEnabled: 1, track->audioTrack: 0xB5A9D280, track->trackRunning: 0, track->recovering: 0
06-09 00:12:42.707 725 1350 D RSIClient: CONNECTING
06-09 00:12:42.715 1110 1340 I customAudioLoopback: writeRadioTrack(): Info: trackPtr: 0xB5A9A008, buffer Ptr: 0xB4E7F880
06-09 00:12:42.715 1110 1340 I customAudioLoopback: writeRadioTrack(): Info: track->trackEnabled: 1, track->audioTrack: 0xB5A9D000, track->trackRunning: 1, track->recovering: 0
06-09 00:12:42.715 1110 1340 I customAudioLoopback: writeRadioTrack(): Info: trackPtr: 0xB5A9A01C, buffer Ptr: 0xB4E7F880
06-09 00:12:42.715 1110 1340 I customAudioLoopback: writeRadioTrack(): Info: track->trackEnabled: 1, track->audioTrack: 0xB5A9D280, track->trackRunning: 0, track->recovering: 0
06-09 00:12:42.736 1110 1340 I customAudioLoopback: writeRadioTrack(): Info: trackPtr: 0xB5A9A008, buffer Ptr: 0xB4E7F880
06-09 00:12:42.736 1110 1340 I customAudioLoopback: writeRadioTrack(): Info: track->trackEnabled: 1, track->audioTrack: 0xB5A9D000, track->trackRunning: 1, track->recovering: 0
06-09 00:12:42.736 1110 1340 I customAudioLoopback: writeRadioTrack(): Info: trackPtr: 0xB5A9A01C, buffer Ptr: 0xB4E7F880
06-09 00:12:42.736 1110 1340 I customAudioLoopback: writeRadioTrack(): Info: track->trackEnabled: 1, track->audioTrack: 0xB5A9D280, track->trackRunning: 0, track->recovering: 0
06-09 00:12:42.758 1110 1340 I customAudioLoopback: writeRadioTrack(): Info: trackPtr: 0xB5A9A008, buffer Ptr: 0xB4E7F880
06-09 00:12:42.758 1110 1340 I customAudioLoopback: writeRadioTrack(): Info: track->trackEnabled: 1, track->audioTrack: 0xB5A9D000, track->trackRunning: 1, track->recovering: 0
06-09 00:12:42.758 1110 1340 I customAudioLoopback: writeRadioTrack(): Info: trackPtr: 0xB5A9A01C, buffer Ptr: 0xB4E7F880
06-09 00:12:42.758 1110 1340 I customAudioLoopback: writeRadioTrack(): Info: track->trackEnabled: 1, track->audioTrack: 0xB5A9D280, track->trackRunning: 0, track->recovering: 0
06-09 00:12:42.758 2557 2557 I GM_ADB : Enable standard adb on eng or user-debug build.
06-09 00:12:42.778 1110 1340 I customAudioLoopback: writeRadioTrack(): Info: trackPtr: 0xB5A9A008, buffer Ptr: 0xB4E7F880
06-09 00:12:42.778 1110 1340 I customAudioLoopback: writeRadioTrack(): Info: track->trackEnabled: 1, track->audioTrack: 0xB5A9D000, track->trackRunning: 1, track->recovering: 0
06-09 00:12:42.779 1110 1340 I customAudioLoopback: writeRadioTrack(): Info: trackPtr: 0xB5A9A01C, buffer Ptr: 0xB4E7F880
06-09 00:12:42.779 1110 1340 I customAudioLoopback: writeRadioTrack(): Info: track->trackEnabled: 1, track->audioTrack: 0xB5A9D280, track->trackRunning: 0, track->recovering: 0
06-09 00:12:42.793 1042 1207 I DemoModeService: Current Mode: DEMO
06-09 00:12:42.800 1110 1340 I customAudioLoopback: writeRadioTrack(): Info: trackPtr: 0xB5A9A008, buffer Ptr: 0xB4E7F880
06-09 00:12:42.801 1110 1340 I customAudioLoopback: writeRadioTrack(): Info: track->trackEnabled: 1, track->audioTrack: 0xB5A9D000, track->trackRunning: 1, track->recovering: 0
06-09 00:12:42.801 1110 1340 I customAudioLoopback: writeRadioTrack(): Info: trackPtr: 0xB5A9A01C, buffer Ptr: 0xB4E7F880
06-09 00:12:42.801 1110 1340 I customAudioLoopback: writeRadioTrack(): Info: track->trackEnabled: 1, track->audioTrack: 0xB5A9D280, track->trackRunning: 0, track->recovering: 0
06-09 00:12:42.821 1110 1340 I customAudioLoopback: writeRadioTrack(): Info: trackPtr: 0xB5A9A008, buffer Ptr: 0xB4E7F880
06-09 00:12:42.821 1110 1340 I customAudioLoopback: writeRadioTrack(): Info: track->trackEnabled: 1, track->audioTrack: 0xB5A9D000, track->trackRunning: 1, track->recovering: 0
06-09 00:12:42.821 1110 1340 I customAudioLoopback: writeRadioTrack(): Info: trackPtr: 0xB5A9A01C, buffer Ptr: 0xB4E7F880
06-09 00:12:42.821 1110 1340 I customAudioLoopback: writeRadioTrack(): Info: track->trackEnabled: 1, track->audioTrack: 0xB5A9D280, track->trackRunning: 0, track->recovering: 0
06-09 00:12:42.827 725 2195 E RR_NET_LIB: RR::dispatch():poll failed: 0 11
06-09 00:12:42.829 725 1131 D UpdateService-OTAPackageSource: RemoteReflashElecPwrdNss timeout. Setting value default to 0.0f.
06-09 00:12:42.843 1110 1340 I customAudioLoopback: writeRadioTrack(): Info: trackPtr: 0xB5A9A008, buffer Ptr: 0xB4E7F880
06-09 00:12:42.843 1110 1340 I customAudioLoopback: writeRadioTrack(): Info: track->trackEnabled: 1, track->audioTrack: 0xB5A9D000, track->trackRunning: 1, track->recovering: 0
06-09 00:12:42.843 1110 1340 I customAudioLoopback: writeRadioTrack(): Info: trackPtr: 0xB5A9A01C, buffer Ptr: 0xB4E7F880
06-09 00:12:42.843 1110 1340 I customAudioLoopback: writeRadioTrack(): Info: track->trackEnabled: 1, track->audioTrack: 0xB5A9D280, track->trackRunning: 0, track->recovering: 0
06-09 00:12:42.864 1110 1340 I customAudioLoopback: writeRadioTrack(): Info: trackPtr: 0xB5A9A008, buffer Ptr: 0xB4E7F880
06-09 00:12:42.864 1110 1340 I customAudioLoopback: writeRadioTrack(): Info: track->trackEnabled: 1, track->audioTrack: 0xB5A9D000, track->trackRunning: 1, track->recovering: 0
06-09 00:12:42.864 1110 1340 I customAudioLoopback: writeRadioTrack(): Info: trackPtr: 0xB5A9A01C, buffer Ptr: 0xB4E7F880
06-09 00:12:42.864 1110 1340 I customAudioLoopback: writeRadioTrack(): Info: track->trackEnabled: 1, track->audioTrack: 0xB5A9D280, track->trackRunning: 0, track->recovering: 0
06-09 00:12:42.886 1110 1340 I customAudioLoopback: writeRadioTrack(): Info: trackPtr: 0xB5A9A008, buffer Ptr: 0xB4E7F880
06-09 00:12:42.886 1110 1340 I customAudioLoopback: writeRadioTrack(): Info: track->trackEnabled: 1, track->audioTrack: 0xB5A9D000, track->trackRunning: 1, track->recovering: 0
06-09 00:12:42.886 1110 1340 I customAudioLoopback: writeRadioTrack(): Info: trackPtr: 0xB5A9A01C, buffer Ptr: 0xB4E7F880
06-09 00:12:42.886 1110 1340 I customAudioLoopback: writeRadioTrack(): Info: track->trackEnabled: 1, track->audioTrack: 0xB5A9D280, track->trackRunning: 0, track->recovering: 0
06-09 00:12:42.906 1110 1340 I customAudioLoopback: writeRadioTrack(): Info: trackPtr: 0xB5A9A008, buffer Ptr: 0xB4E7F880
06-09 00:12:42.906 1110 1340 I customAudioLoopback: writeRadioTrack(): Info: track->trackEnabled: 1, track->audioTrack: 0xB5A9D000, track->trackRunning: 1, track->recovering: 0
06-09 00:12:42.906 1110 1340 I customAudioLoopback: writeRadioTrack(): Info: trackPtr: 0xB5A9A01C, buffer Ptr: 0xB4E7F880
06-09 00:12:42.906 1110 1340 I customAudioLoopback: writeRadioTrack(): Info: track->trackEnabled: 1, track->audioTrack: 0xB5A9D280, track->trackRunning: 0, track->recovering: 0
06-09 00:12:42.918 144 161 E ProtoKey: Protokey request failed
06-09 00:12:42.928 1110 1340 I customAudioLoopback: writeRadioTrack(): Info: trackPtr: 0xB5A9A008, buffer Ptr: 0xB4E7F880
06-09 00:12:42.929 1110 1340 I customAudioLoopback: writeRadioTrack(): Info: track->trackEnabled: 1, track->audioTrack: 0xB5A9D000, track->trackRunning: 1, track->recovering: 0
06-09 00:12:42.929 1110 1340 I customAudioLoopback: writeRadioTrack(): Info: trackPtr: 0xB5A9A01C, buffer Ptr: 0xB4E7F880
06-09 00:12:42.929 1110 1340 I customAudioLoopback: writeRadioTrack(): Info: track->trackEnabled: 1, track->audioTrack: 0xB5A9D280, track->trackRunning: 0, track->recovering: 0
06-09 00:12:42.949 1110 1340 I customAudioLoopback: writeRadioTrack(): Info: trackPtr: 0xB5A9A008, buffer Ptr: 0xB4E7F880
06-09 00:12:42.949 1110 1340 I customAudioLoopback: writeRadioTrack(): Info: track->trackEnabled: 1, track->audioTrack: 0xB5A9D000, track->trackRunning: 1, track->recovering: 0
06-09 00:12:42.949 1110 1340 I customAudioLoopback: writeRadioTrack(): Info: trackPtr: 0xB5A9A01C, buffer Ptr: 0xB4E7F880
06-09 00:12:42.949 1110 1340 I customAudioLoopback: writeRadioTrack(): Info: track->trackEnabled: 1, track->audioTrack: 0xB5A9D280, track->trackRunning: 0, track->recovering: 0
06-09 00:12:42.971 1110 1340 I customAudioLoopback: writeRadioTrack(): Info: trackPtr: 0xB5A9A008, buffer Ptr: 0xB4E7F880
06-09 00:12:42.971 1110 1340 I customAudioLoopback: writeRadioTrack(): Info: track->trackEnabled: 1, track->audioTrack: 0xB5A9D000, track->trackRunning: 1, track->recovering: 0
06-09 00:12:42.971 1110 1340 I customAudioLoopback: writeRadioTrack(): Info: trackPtr: 0xB5A9A01C, buffer Ptr: 0xB4E7F880
06-09 00:12:42.971 1110 1340 I customAudioLoopback: writeRadioTrack(): Info: track->trackEnabled: 1, track->audioTrack: 0xB5A9D280, track->trackRunning: 0, track->recovering: 0
06-09 00:12:42.973 2312 2330 D xxxxxx_gps: process_ndr_data() sensorCnt:22802, sequenceNr:663, lat:0, lon:0, heading:9000
06-09 00:12:42.974 2312 2330 D xxxxxx_gps: process_ndr_data() deltaHeading:-0.000000, speed:0, distance:878784, meter:0, DR timestamp:717443, utcTime:0
06-09 00:12:42.974 2312 2330 D xxxxxx_gps: Time not Availible from Fix!
06-09 00:12:42.974 2312 2330 D xxxxxx_gps: DR Time is 717443 at Utc Time 717443
06-09 00:12:42.981 725 1038 I com.gm.server.traffic.TrafficServiceImpl: signalMonitor: Not connected, reconnecting...
06-09 00:12:42.984 725 1038 E com.gm.server.traffic.TrafficServiceImpl: signalMonitor: socket connection exception
06-09 00:12:42.984 725 1038 E com.gm.server.traffic.TrafficServiceImpl: java.net.ConnectException: failed to connect to /192.168.1.10 (port 11999): connect failed: ECONNREFUSED (Connection refused)
06-09 00:12:42.984 725 1038 E com.gm.server.traffic.TrafficServiceImpl: at libcore.io.IoBridge.connect(IoBridge.java:124)
06-09 00:12:42.984 725 1038 E com.gm.server.traffic.TrafficServiceImpl: at java.net.PlainSocketImpl.connect(PlainSocketImpl.java:183)
06-09 00:12:42.984 725 1038 E com.gm.server.traffic.TrafficServiceImpl: at java.net.PlainSocketImpl.connect(PlainSocketImpl.java:163)
06-09 00:12:42.984 725 1038 E com.gm.server.traffic.TrafficServiceImpl: at java.net.Socket.startupSocket(Socket.java:592)
06-09 00:12:42.984 725 1038 E com.gm.server.traffic.TrafficServiceImpl: at java.net.Socket.tryAllAddresses(Socket.java:128)
06-09 00:12:42.984 725 1038 E com.gm.server.traffic.TrafficServiceImpl: at java.net.Socket.(Socket.java:178)
06-09 00:12:42.984 725 1038 E com.gm.server.traffic.TrafficServiceImpl: at java.net.Socket.(Socket.java:150)
06-09 00:12:42.984 725 1038 E com.gm.server.traffic.TrafficServiceImpl: at com.gm.server.traffic.SocketImpl.connect(SocketImpl.java:22)
06-09 00:12:42.984 725 1038 E com.gm.server.traffic.TrafficServiceImpl: at com.gm.server.traffic.TrafficServiceImpl$1.run(TrafficServiceImpl.java:227)
06-09 00:12:42.984 725 1038 E com.gm.server.traffic.TrafficServiceImpl: at java.util.concurrent.ThreadPoolExecutor.runWorker(ThreadPoolExecutor.java:1113)
06-09 00:12:42.984 725 1038 E com.gm.server.traffic.TrafficServiceImpl: at java.util.concurrent.ThreadPoolExecutor$Worker.run(ThreadPoolExecutor.java:588)
06-09 00:12:42.984 725 1038 E com.gm.server.traffic.TrafficServiceImpl: at java.lang.Thread.run(Thread.java:818)
06-09 00:12:42.984 725 1038 E com.gm.server.traffic.TrafficServiceImpl: Caused by: android.system.ErrnoException: connect failed: ECONNREFUSED (Connection refused)
06-09 00:12:42.984 725 1038 E com.gm.server.traffic.TrafficServiceImpl: at libcore.io.Posix.connect(Native Method)
06-09 00:12:42.984 725 1038 E com.gm.server.traffic.TrafficServiceImpl: at libcore.io.BlockGuardOs.connect(BlockGuardOs.java:111)
06-09 00:12:42.984 725 1038 E com.gm.server.traffic.TrafficServiceImpl: at libcore.io.IoBridge.connectErrno(IoBridge.java:137)
06-09 00:12:42.984 725 1038 E com.gm.server.traffic.TrafficServiceImpl: at libcore.io.IoBridge.connect(IoBridge.java:122)
06-09 00:12:42.984 725 1038 E com.gm.server.traffic.TrafficServiceImpl: ... 11 more
06-09 00:12:42.992 1110 1340 I customAudioLoopback: writeRadioTrack(): Info: trackPtr: 0xB5A9A008, buffer Ptr: 0xB4E7F880
06-09 00:12:42.992 1110 1340 I customAudioLoopback: writeRadioTrack(): Info: track->trackEnabled: 1, track->audioTrack: 0xB5A9D000, track->trackRunning: 1, track->recovering: 0
06-09 00:12:42.992 1110 1340 I customAudioLoopback: writeRadioTrack(): Info: trackPtr: 0xB5A9A01C, buffer Ptr: 0xB4E7F880
06-09 00:12:42.992 1110 1340 I customAudioLoopback: writeRadioTrack(): Info: track->trackEnabled: 1, track->audioTrack: 0xB5A9D280, track->trackRunning: 0, track->recovering: 0
06-09 00:12:43.014 1110 1340 I customAudioLoopback: writeRadioTrack(): Info: trackPtr: 0xB5A9A008, buffer Ptr: 0xB4E7F880
06-09 00:12:43.014 1110 1340 I customAudioLoopback: writeRadioTrack(): Info: track->trackEnabled: 1, track->audioTrack: 0xB5A9D000, track->trackRunning: 1, track->recovering: 0
06-09 00:12:43.014 1110 1340 I customAudioLoopback: writeRadioTrack(): Info: trackPtr: 0xB5A9A01C, buffer Ptr: 0xB4E7F880
06-09 00:12:43.014 1110 1340 I customAudioLoopback: writeRadioTrack(): Info: track->trackEnabled: 1, track->audioTrack: 0xB5A9D280, track->trackRunning: 0, track->recovering: 0
06-09 00:12:43.033 725 725 D OnStar.OnStarRemoteReflashManager: subscribeRR
06-09 00:12:43.033 725 725 E OnStar.OnStarRemoteReflashService: subscribeRR->Failed to subscribe for RR->Reason :
06-09 00:12:43.033 725 725 E OnStar.OnStarRemoteReflashService: com.gm.server.onstar.connector.OnStarConnectionException: FSA RemoteReflash client is not ready [UNINITIALIZED]
06-09 00:12:43.033 725 725 E OnStar.OnStarRemoteReflashService: at com.gm.server.onstar.connector.FsaTcpConnector.getRemoteReflashClient(FsaTcpConnector.java:2642)
06-09 00:12:43.033 725 725 E OnStar.OnStarRemoteReflashService: at com.gm.server.onstar.connector.FsaTcpConnector.subscribeRR(FsaTcpConnector.java:1635)
06-09 00:12:43.033 725 725 E OnStar.OnStarRemoteReflashService: at com.gm.server.onstar.OnStarRemoteReflashService.subscribeRR(OnStarRemoteReflashService.java:341)
06-09 00:12:43.033 725 725 E OnStar.OnStarRemoteReflashService: at gm.onstar.OnStarRemoteReflashManager.subscribeRR(OnStarRemoteReflashManager.java:386)
06-09 00:12:43.033 725 725 E OnStar.OnStarRemoteReflashService: at com.gm.server.update.packagedepot.TCPMRemoteReflashHandler.initializeRemoteReflash(TCPMRemoteReflashHandler.java:1062)
06-09 00:12:43.033 725 725 E OnStar.OnStarRemoteReflashService: at com.gm.server.update.packagedepot.TCPMRemoteReflashHandler.-wrap31(TCPMRemoteReflashHandler.java)
06-09 00:12:43.033 725 725 E OnStar.OnStarRemoteReflashService: at com.gm.server.update.packagedepot.TCPMRemoteReflashHandler$6.run(TCPMRemoteReflashHandler.java:877)
06-09 00:12:43.033 725 725 E OnStar.OnStarRemoteReflashService: at android.os.Handler.handleCallback(Handler.java:739)
06-09 00:12:43.033 725 725 E OnStar.OnStarRemoteReflashService: at android.os.Handler.dispatchMessage(Handler.java:95)
06-09 00:12:43.033 725 725 E OnStar.OnStarRemoteReflashService: at android.os.Looper.loop(Looper.java:148)
06-09 00:12:43.033 725 725 E OnStar.OnStarRemoteReflashService: at android.app.ActivityThread.main(ActivityThread.java:5417)
06-09 00:12:43.033 725 725 E OnStar.OnStarRemoteReflashService: at java.lang.reflect.Method.invoke(Native Method)
06-09 00:12:43.033 725 725 E OnStar.OnStarRemoteReflashService: at com.android.internal.os.ZygoteInit$MethodAndArgsCaller.run(ZygoteInit.java:759)
06-09 00:12:43.033 725 725 E OnStar.OnStarRemoteReflashService: at com.android.internal.os.ZygoteInit.main(ZygoteInit.java:649)
06-09 00:12:43.033 725 725 E OnStar.OnStarRemoteReflashManager: subscribeRR->Failed to subscibe to RR->gm.onstar.exception.OnStarException: subscribeRR->FSA functions client is not ready
06-09 00:12:43.034 725 725 I UpdateService-TCPMRemoteReflashHandler: initializeRemoteReflash() ... initialized? false
06-09 00:12:43.035 1110 1340 I customAudioLoopback: writeRadioTrack(): Info: trackPtr: 0xB5A9A008, buffer Ptr: 0xB4E7F880
06-09 00:12:43.035 1110 1340 I customAudioLoopback: writeRadioTrack(): Info: track->trackEnabled: 1, track->audioTrack: 0xB5A9D000, track->trackRunning: 1, track->recovering: 0
06-09 00:12:43.035 1110 1340 I customAudioLoopback: writeRadioTrack(): Info: trackPtr: 0xB5A9A01C, buffer Ptr: 0xB4E7F880
06-09 00:12:43.035 1110 1340 I customAudioLoopback: writeRadioTrack(): Info: track->trackEnabled: 1, track->audioTrack: 0xB5A9D280, track->trackRunning: 0, track->recovering: 0
06-09 00:12:43.057 1110 1340 I customAudioLoopback: writeRadioTrack(): Info: trackPtr: 0xB5A9A008, buffer Ptr: 0xB4E7F880
06-09 00:12:43.057 1110 1340 I customAudioLoopback: writeRadioTrack(): Info: track->trackEnabled: 1, track->audioTrack: 0xB5A9D000, track->trackRunning: 1, track->recovering: 0
06-09 00:12:43.057 1110 1340 I customAudioLoopback: writeRadioTrack(): Info: trackPtr: 0xB5A9A01C, buffer Ptr: 0xB4E7F880
06-09 00:12:43.057 1110 1340 I customAudioLoopback: writeRadioTrack(): Info: track->trackEnabled: 1, track->audioTrack: 0xB5A9D280, track->trackRunning: 0, track->recovering: 0
06-09 00:12:43.060 143 320 I ICSTYPEB: Panelservice backlightLevel 0x8fc0 0x8fc0 0x8fc0
06-09 00:12:43.077 1110 1340 I customAudioLoopback: writeRadioTrack(): Info: trackPtr: 0xB5A9A008, buffer Ptr: 0xB4E7F880
06-09 00:12:43.077 1110 1340 I customAudioLoopback: writeRadioTrack(): Info: track->trackEnabled: 1, track->audioTrack: 0xB5A9D000, track->trackRunning: 1, track->recovering: 0
06-09 00:12:43.077 1110 1340 I customAudioLoopback: writeRadioTrack(): Info: trackPtr: 0xB5A9A01C, buffer Ptr: 0xB4E7F880
06-09 00:12:43.077 1110 1340 I customAudioLoopback: writeRadioTrack(): Info: track->trackEnabled: 1, track->audioTrack: 0xB5A9D280, track->trackRunning: 0, track->recovering: 0
06-09 00:12:43.099 1110 1340 I customAudioLoopback: writeRadioTrack(): Info: trackPtr: 0xB5A9A008, buffer Ptr: 0xB4E7F880
06-09 00:12:43.099 1110 1340 I customAudioLoopback: writeRadioTrack(): Info: track->trackEnabled: 1, track->audioTrack: 0xB5A9D000, track->trackRunning: 1, track->recovering: 0
06-09 00:12:43.099 1110 1340 I customAudioLoopback: writeRadioTrack(): Info: trackPtr: 0xB5A9A01C, buffer Ptr: 0xB4E7F880
06-09 00:12:43.099 1110 1340 I customAudioLoopback: writeRadioTrack(): Info: track->trackEnabled: 1, track->audioTrack: 0xB5A9D280, track->trackRunning: 0, track->recovering: 0
06-09 00:12:43.120 1110 1340 I customAudioLoopback: writeRadioTrack(): Info: trackPtr: 0xB5A9A008, buffer Ptr: 0xB4E7F880
06-09 00:12:43.120 1110 1340 I customAudioLoopback: writeRadioTrack(): Info: track->trackEnabled: 1, track->audioTrack: 0xB5A9D000, track->trackRunning: 1, track->recovering: 0
06-09 00:12:43.120 1110 1340 I customAudioLoopback: writeRadioTrack(): Info: trackPtr: 0xB5A9A01C, buffer Ptr: 0xB4E7F880
06-09 00:12:43.120 1110 1340 I customAudioLoopback: writeRadioTrack(): Info: track->trackEnabled: 1, track->audioTrack: 0xB5A9D280, track->trackRunning: 0, track->recovering: 0
06-09 00:12:43.142 1110 1340 I customAudioLoopback: writeRadioTrack(): Info: trackPtr: 0xB5A9A008, buffer Ptr: 0xB4E7F880
06-09 00:12:43.142 1110 1340 I customAudioLoopback: writeRadioTrack(): Info: track->trackEnabled: 1, track->audioTrack: 0xB5A9D000, track->trackRunning: 1, track->recovering: 0
06-09 00:12:43.142 1110 1340 I customAudioLoopback: writeRadioTrack(): Info: trackPtr: 0xB5A9A01C, buffer Ptr: 0xB4E7F880
06-09 00:12:43.142 1110 1340 I customAudioLoopback: writeRadioTrack(): Info: track->trackEnabled: 1, track->audioTrack: 0xB5A9D280, track->trackRunning: 0, track->recovering: 0
06-09 00:12:43.162 1110 1340 I customAudioLoopback: writeRadioTrack(): Info: trackPtr: 0xB5A9A008, buffer Ptr: 0xB4E7F880
06-09 00:12:43.162 1110 1340 I customAudioLoopback: writeRadioTrack(): Info: track->trackEnabled: 1, track->audioTrack: 0xB5A9D000, track->trackRunning: 1, track->recovering: 0
06-09 00:12:43.162 1110 1340 I customAudioLoopback: writeRadioTrack(): Info: trackPtr: 0xB5A9A01C, buffer Ptr: 0xB4E7F880
06-09 00:12:43.162 1110 1340 I customAudioLoopback: writeRadioTrack(): Info: track->trackEnabled: 1, track->audioTrack: 0xB5A9D280, track->trackRunning: 0, track->recovering: 0
06-09 00:12:43.184 1110 1340 I customAudioLoopback: writeRadioTrack(): Info: trackPtr: 0xB5A9A008, buffer Ptr: 0xB4E7F880
06-09 00:12:43.184 1110 1340 I customAudioLoopback: writeRadioTrack(): Info: track->trackEnabled: 1, track->audioTrack: 0xB5A9D000, track->trackRunning: 1, track->recovering: 0
06-09 00:12:43.184 1110 1340 I customAudioLoopback: writeRadioTrack(): Info: trackPtr: 0xB5A9A01C, buffer Ptr: 0xB4E7F880
06-09 00:12:43.184 1110 1340 I customAudioLoopback: writeRadioTrack(): Info: track->trackEnabled: 1, track->audioTrack: 0xB5A9D280, track->trackRunning: 0, track->recovering: 0
06-09 00:12:43.205 1110 1340 I customAudioLoopback: writeRadioTrack(): Info: trackPtr: 0xB5A9A008, buffer Ptr: 0xB4E7F880
06-09 00:12:43.205 1110 1340 I customAudioLoopback: writeRadioTrack(): Info: track->trackEnabled: 1, track->audioTrack: 0xB5A9D000, track->trackRunning: 1, track->recovering: 0
06-09 00:12:43.205 1110 1340 I customAudioLoopback: writeRadioTrack(): Info: trackPtr: 0xB5A9A01C, buffer Ptr: 0xB4E7F880
06-09 00:12:43.205 1110 1340 I customAudioLoopback: writeRadioTrack(): Info: track->trackEnabled: 1, track->audioTrack: 0xB5A9D280, track->trackRunning: 0, track->recovering: 0
06-09 00:12:43.227 1110 1340 I customAudioLoopback: writeRadioTrack(): Info: trackPtr: 0xB5A9A008, buffer Ptr: 0xB4E7F880
06-09 00:12:43.227 1110 1340 I customAudioLoopback: writeRadioTrack(): Info: track->trackEnabled: 1, track->audioTrack: 0xB5A9D000, track->trackRunning: 1, track->recovering: 0
06-09 00:12:43.227 1110 1340 I customAudioLoopback: writeRadioTrack(): Info: trackPtr: 0xB5A9A01C, buffer Ptr: 0xB4E7F880
06-09 00:12:43.227 1110 1340 I customAudioLoopback: writeRadioTrack(): Info: track->trackEnabled: 1, track->audioTrack: 0xB5A9D280, track->trackRunning: 0, track->recovering: 0
06-09 00:12:43.248 1110 1340 I customAudioLoopback: writeRadioTrack(): Info: trackPtr: 0xB5A9A008, buffer Ptr: 0xB4E7F880
06-09 00:12:43.248 1110 1340 I customAudioLoopback: writeRadioTrack(): Info: track->trackEnabled: 1, track->audioTrack: 0xB5A9D000, track->trackRunning: 1, track->recovering: 0
06-09 00:12:43.248 1110 1340 I customAudioLoopback: writeRadioTrack(): Info: trackPtr: 0xB5A9A01C, buffer Ptr: 0xB4E7F880
06-09 00:12:43.248 1110 1340 I customAudioLoopback: writeRadioTrack(): Info: track->trackEnabled: 1, track->audioTrack: 0xB5A9D280, track->trackRunning: 0, track->recovering: 0
06-09 00:12:43.270 1110 1340 I customAudioLoopback: writeRadioTrack(): Info: trackPtr: 0xB5A9A008, buffer Ptr: 0xB4E7F880
06-09 00:12:43.270 1110 1340 I customAudioLoopback: writeRadioTrack(): Info: track->trackEnabled: 1, track->audioTrack: 0xB5A9D000, track->trackRunning: 1, track->recovering: 0
06-09 00:12:43.270 1110 1340 I customAudioLoopback: writeRadioTrack(): Info: trackPtr: 0xB5A9A01C, buffer Ptr: 0xB4E7F880
06-09 00:12:43.270 1110 1340 I customAudioLoopback: writeRadioTrack(): Info: track->trackEnabled: 1, track->audioTrack: 0xB5A9D280, track->trackRunning: 0, track->recovering: 0
06-09 00:12:43.278 3659 3659 D AndroidRuntime: >>>>>> START com.android.internal.os.RuntimeInit uid 2000 <<<<<<
06-09 00:12:43.282 3659 3659 D AndroidRuntime: CheckJNI is OFF
06-09 00:12:43.283 3659 3659 E cutils-trace: Error opening trace file: Permission denied (13)
06-09 00:12:43.287 3659 3659 W art : 70c9c000-7188a000 rw-p 00000000 b3:09 32388 /data/dalvik-cache/arm/system@framework@boot.art
06-09 00:12:43.287 3659 3659 W art : 7f583000-7f588000 r-xp 00000000 b3:06 305 /system/bin/app_process32
06-09 00:12:43.287 3659 3659 W art : 7f588000-7f589000 r--p 00004000 b3:06 305 /system/bin/app_process32
06-09 00:12:43.287 3659 3659 W art : 7f589000-7f58a000 rw-p 00000000 00:00 0
06-09 00:12:43.288 3659 3659 W art : af869000-b269e000 r--p 00000000 b3:06 1056 /system/framework/arm/boot.oat
06-09 00:12:43.288 3659 3659 W art : b269e000-b47e4000 r-xp 02e35000 b3:06 1056 /system/framework/arm/boot.oat
06-09 00:12:43.288 3659 3659 W art : b47e4000-b47e5000 rw-p 04f7b000 b3:06 1056 /system/framework/arm/boot.oat
06-09 00:12:43.288 3659 3659 W art : b47e5000-b4c32000 r-xp 00000000 b3:06 1218 /system/lib/libart.so
06-09 00:12:43.288 3659 3659 W art : b4c32000-b4c33000 ---p 00000000 00:00 0
06-09 00:12:43.288 3659 3659 W art : b4c33000-b4c3d000 r--p 0044d000 b3:06 1218 /system/lib/libart.so
06-09 00:12:43.288 3659 3659 W art : b4c3d000-b4c3e000 rw-p 00457000 b3:06 1218 /system/lib/libart.so
06-09 00:12:43.288 3659 3659 W art : b4c3e000-b4c40000 rw-p 00000000 00:00 0
06-09 00:12:43.288 3659 3659 W art : b4c40000-b4d40000 rw-p 00000000 00:00 0 [anon:libc_malloc]
06-09 00:12:43.288 3659 3659 W art : b4d51000-b4d76000 r--p 00bee000 b3:09 32388 /data/dalvik-cache/arm/system@framework@boot.art
06-09 00:12:43.288 3659 3659 W art : b4d76000-b4d77000 rw-p 00000000 00:00 0 [anon:linker_alloc_vector]
06-09 00:12:43.288 3659 3659 W art : b4d78000-b4d7b000 r-xp 00000000 b3:06 1480 /system/lib/libsigchain.so
06-09 00:12:43.288 3659 3659 W art : b4d7b000-b4d7c000 r--p 00002000 b3:06 1480 /system/lib/libsigchain.so
06-09 00:12:43.288 3659 3659 W art : b4d7c000-b4d7d000 rw-p 00003000 b3:06 1480 /system/lib/libsigchain.so
06-09 00:12:43.288 3659 3659 W art : b4d7d000-b4d7f000 r--p 00000000 00:00 0
06-09 00:12:43.288 3659 3659 W art : b4d7f000-b4d9f000 r--s 00000000 00:0e 9470 /dev/__properties__
06-09 00:12:43.288 3659 3659 W art : b4d9f000-b4da0000 rw-p 00000000 00:00 0 [anon:linker_alloc_vector]
06-09 00:12:43.288 3659 3659 W art : b4da0000-b57c0000 r-xp 00000000 b3:06 1183 /system/lib/libLLVM.so
06-09 00:12:43.288 3659 3659 W art : b57c0000-b57c1000 ---p 00000000 00:00 0
06-09 00:12:43.288 3659 3659 W art : b57c1000-b580a000 r--p 00a20000 b3:06 1183 /system/lib/libLLVM.so
06-09 00:12:43.288 3659 3659 W art : b580a000-b580b000 rw-p 00a69000 b3:06 1183 /system/lib/libLLVM.so
06-09 00:12:43.288 3659 3659 W art : b580b000-b5813000 rw-p 00000000 00:00 0
06-09 00:12:43.288 3659 3659 W art : b5813000-b5814000 r--p 00000000 00:00 0 [anon:linker_alloc]
06-09 00:12:43.288 3659 3659 W art : b5814000-b584a000 r-xp 00000000 b3:06 1233 /system/lib/libbcinfo.so
06-09 00:12:43.288 3659 3659 W art : b584a000-b584b000 r--p 00035000 b3:06 1233 /system/lib/libbcinfo.so
06-09 00:12:43.288 3659 3659 W art : b584b000-b584c000 rw-p 00036000 b3:06 1233 /system/lib/libbcinfo.so
06-09 00:12:43.288 3659 3659 W art : b584c000-b58a4000 r-xp 00000000 b3:06 1232 /system/lib/libbcc.so
06-09 00:12:43.288 3659 3659 W art : b58a4000-b58a5000 ---p 00000000 00:00 0
06-09 00:12:43.288 3659 3659 W art : b58a5000-b58a6000 r--p 00058000 b3:06 1232 /system/lib/libbcc.so
06-09 00:12:43.288 3659 3659 W art : b58a6000-b58a7000 rw-p 00059000 b3:06 1232 /system/lib/libbcc.so
06-09 00:12:43.288 3659 3659 W art : b58a7000-b58b1000 r-xp 00000000 b3:06 1247 /system/lib/libcommon_time_client.so
06-09 00:12:43.288 3659 3659 W art : b58b1000-b58b4000 r--p 00009000 b3:06 1247 /system/lib/libcommon_time_client.so
06-09 00:12:43.288 3659 3659 W art : b58b4000-b58b5000 rw-p 0000c000 b3:06 1247 /system/lib/libcommon_time_client.so
06-09 00:12:43.288 3659 3659 W art : b58b5000-b58b6000 r--p 00000000 00:00 0
06-09 00:12:43.288 3659 3659 W art : b58b6000-b58cd000 r-xp 00000000 b3:06 1458 /system/lib/libprotobuf-cpp-lite.so
06-09 00:12:43.288 3659 3659 W art : b58cd000-b58ce000 ---p 00000000 00:00 0
06-09 00:12:43.288 3659 3659 W art : b58ce000-b58cf000 r--p 00017000 b3:06 1458 /system/lib/libprotobuf-cpp-lite.so
06-09 00:12:43.288 3659 3659 W art : b58cf000-b58d0000 rw-p 00018000 b3:06 1458 /system/lib/libprotobuf-cpp-lite.so
06-09 00:12:43.288 3659 3659 W art : b58d0000-b58d7000 r-xp 00000000 b3:06 1500 /system/lib/libstagefright_avc_common.so
06-09 00:12:43.288 3659 3659 W art : b58d7000-b58d8000 r--p 00006000 b3:06 1500 /system/lib/libstagefright_avc_common.so
06-09 00:12:43.288 3659 3659 W art : b58d8000-b58d9000 rw-p 00007000 b3:06 1500 /system/lib/libstagefright_avc_common.so
06-09 00:12:43.288 3659 3659 W art : b58d9000-b58dc000 r-xp 00000000 b3:06 1501 /system/lib/libstagefright_enc_common.so
06-09 00:12:43.288 3659 3659 W art : b58dc000-b58dd000 r--p 00002000 b3:06 1501 /system/lib/libstagefright_enc_common.so
06-09 00:12:43.288 3659 3659 W art : b58dd000-b58de000 rw-p 00003000 b3:06 1501 /system/lib/libstagefright_enc_common.so
06-09 00:12:43.288 3659 3659 W art : b58de000-b58e2000 r-xp 00000000 b3:06 1455 /system/lib/libpowermanager.so
06-09 00:12:43.288 3659 3659 W art : b58e2000-b58e3000 ---p 00000000 00:00 0
06-09 00:12:43.288 3659 3659 W art : b58e3000-b58e4000 r--p 00004000 b3:06 1455 /system/lib/libpowermanager.so
06-09 00:12:43.288 3659 3659 W art : b58e4000-b58e5000 rw-p 00005000 b3:06 1455 /system/lib/libpowermanager.so
06-09 00:12:43.288 3659 3659 W art : b58e5000-b5902000 r-xp 00000000 b3:06 1590 /system/lib/libvorbisidec.so
06-09 00:12:43.288 3659 3659 W art : b5902000-b5903000 r--p 0001c000 b3:06 1590 /system/lib/libvorbisidec.so
06-09 00:12:43.288 3659 3659 W art : b5903000-b5904000 rw-p 0001d000 b3:06 1590 /system/lib/libvorbisidec.so
06-09 00:12:43.288 3659 3659 W art : b5904000-b5909000 r-xp 00000000 b3:06 1527 /system/lib/libstagefright_yuv.so
06-09 00:12:43.289 3659 3659 W art : b5909000-b590a000 r--p 00004000 b3:06 1527 /system/lib/libstagefright_yuv.so
06-09 00:12:43.289 3659 3659 W art : b590a000-b590b000 rw-p 00005000 b3:06 1527 /system/lib/libstagefright_yuv.so
06-09 00:12:43.289 3659 3659 W art : b590b000-b590c000 r--p 00000000 00:00 0 [anon:linker_alloc]
06-09 00:12:43.289 3659 3659 W art : b590c000-b5939000 r-xp 00000000 b3:06 1505 /system/lib/libstagefright_omx.so
06-09 00:12:43.289 3659 3659 W art : b5939000-b593a000 ---p 00000000 00:00 0
06-09 00:12:43.289 3659 3659 W art : b593a000-b593d000 r--p 0002d000 b3:06 1505 /system/lib/libstagefright_omx.so
06-09 00:12:43.289 3659 3659 W art : b593d000-b593e000 rw-p 00030000 b3:06 1505 /system/lib/libstagefright_omx.so
06-09 00:12:43.289 3659 3659 W art : b593e000-b5979000 r-xp 00000000 b3:06 1437 /system/lib/libopus.so
06-09 00:12:43.289 3659 3659 W art : b5979000-b597a000 r--p 0003a000 b3:06 1437 /system/lib/libopus.so
06-09 00:12:43.289 3659 3659 W art : b597a000-b597b000 rw-p 0003b000 b3:06 1437 /system/lib/libopus.so
06-09 00:12:43.289 3659 3659 W art : b597b000-b5982000 r-xp 00000000 b3:06 1369 /system/lib/libmediautils.so
06-09 00:12:43.289 3659 3659 W art : b5982000-b5983000 ---p 00000000 00:00 0
06-09 00:12:43.289 3659 3659 W art : b5983000-b5984000 r--p 00007000 b3:06 1369 /system/lib/libmediautils.so
06-09 00:12:43.289 3659 3659 W art : b5984000-b5985000 rw-p 00008000 b3:06 1369 /system/lib/libmediautils.so
06-09 00:12:43.289 3659 3659 W art : b5985000-b599a000 r-xp 00000000 b3:06 1281 /system/lib/libdrmframework.so
06-09 00:12:43.289 3659 3659 W art : b599a000-b599b000 ---p 00000000 00:00 0
06-09 00:12:43.289 3659 3659 W art : b599b000-b599e000 r--p 00015000 b3:06 1281 /system/lib/libdrmframework.so
06-09 00:12:43.289 3659 3659 W art : b599e000-b599f000 rw-p 00018000 b3:06 1281 /system/lib/libdrmframework.so
06-09 00:12:43.289 3659 3659 W art : b599f000-b59be000 r-xp 00000000 b3:06 1200 /system/lib/libRScpp.so
06-09 00:12:43.289 3659 3659 W art : b59be000-b59bf000 r--p 0001e000 b3:06 1200 /system/lib/libRScpp.so
06-09 00:12:43.289 3659 3659 W art : b59bf000-b59c0000 rw-p 0001f000 b3:06 1200 /system/lib/libRScpp.so
06-09 00:12:43.289 3659 3659 W art : b59c0000-b59fe000 r-xp 00000000 b3:06 1197 /system/lib/libRS.so
06-09 00:12:43.289 3659 3659 W art : b59fe000-b59ff000 ---p 00000000 00:00 0
06-09 00:12:43.289 3659 3659 W art : b59ff000-b5a01000 r--p 0003e000 b3:06 1197 /system/lib/libRS.so
06-09 00:12:43.289 3659 3659 W art : b5a01000-b5a02000 rw-p 00040000 b3:06 1197 /system/lib/libRS.so
06-09 00:12:43.289 3659 3659 W art : b5a02000-b5a09000 r-xp 00000000 b3:06 1490 /system/lib/libspeexresampler.so
06-09 00:12:43.289 3659 3659 W art : b5a09000-b5a0a000 r--p 00006000 b3:06 1490 /system/lib/libspeexresampler.so
06-09 00:12:43.289 3659 3659 W art : b5a0a000-b5a0b000 rw-p 00007000 b3:06 1490 /system/lib/libspeexresampler.so
06-09 00:12:43.289 3659 3659 W art : b5a0b000-b5a14000 r-xp 00000000 b3:06 1380 /system/lib/libnbaio.so
06-09 00:12:43.289 3659 3659 W art : b5a14000-b5a15000 r--p 00008000 b3:06 1380 /system/lib/libnbaio.so
06-09 00:12:43.289 3659 3659 W art : b5a15000-b5a16000 rw-p 00009000 b3:06 1380 /system/lib/libnbaio.so
06-09 00:12:43.289 3659 3659 W art : b5a16000-b5a28000 r-xp 00000000 b3:06 1448 /system/lib/libpcre.so
06-09 00:12:43.289 3659 3659 W art : b5a28000-b5a29000 r--p 00011000 b3:06 1448 /system/lib/libpcre.so
06-09 00:12:43.289 3659 3659 W art : b5a29000-b5a2a000 rw-p 00012000 b3:06 1448 /system/lib/libpcre.so
06-09 00:12:43.289 3659 3659 W art : b5a2a000-b5a2c000 r--p 00000000 00:00 0 [anon:linker_alloc]
06-09 00:12:43.289 3659 3659 W art : b5a2c000-b5a31000 r-xp 00000000 b3:06 1597 /system/lib/libwpa_client.so
06-09 00:12:43.289 3659 3659 W art : b5a31000-b5a32000 r--p 00004000 b3:06 1597 /system/lib/libwpa_client.so
06-09 00:12:43.289 3659 3659 W art : b5a32000-b5a33000 rw-p 00005000 b3:06 1597 /system/lib/libwpa_client.so
06-09 00:12:43.289 3659 3659 W art : b5a33000-b5aa0000 r-xp 00000000 b3:06 1178 /system/lib/libGLES_trace.so
06-09 00:12:43.289 3659 3659 W art : b5aa0000-b5aa1000 ---p 00000000 00:00 0
06-09 00:12:43.289 3659 3659 W art : b5aa1000-b5aa3000 r--p 0006d000 b3:06 1178 /system/lib/libGLES_trace.so
06-09 00:12:43.289 3659 3659 W art : b5aa3000-b5aa4000 rw-p 0006f000 b3:06 1178 /system/lib/libGLES_trace.so
06-09 00:12:43.289 3659 3659 W art : b5aa4000-b5b05000 r-xp 00000000 b3:06 1299 /system/lib/libft2.so
06-09 00:12:43.289 3659 3659 W art : b5b05000-b5b07000 r--p 00060000 b3:06 1299 /system/lib/libft2.so
06-09 00:12:43.289 3659 3659 W art : b5b07000-b5b08000 rw-p 00062000 b3:06 1299 /system/lib/libft2.so
06-09 00:12:43.289 3659 3659 W art : b5b08000-b5b2f000 r-xp 00000000 b3:06 1453 /system/lib/libpng.so
06-09 00:12:43.289 3659 3659 W art : b5b2f000-b5b30000 ---p 00000000 00:00 0
06-09 00:12:43.289 3659 3659 W art : b5b30000-b5b31000 r--p 00027000 b3:06 1453 /system/lib/libpng.so
06-09 00:12:43.289 3659 3659 W art : b5b31000-b5b32000 rw-p 00028000 b3:06 1453 /system/lib/libpng.so
06-09 00:12:43.289 3659 3659 W art : b5b32000-b5b35000 r-xp 00000000 b3:06 1534 /system/lib/libsync.so
06-09 00:12:43.289 3659 3659 W art : b5b35000-b5b36000 r--p 00002000 b3:06 1534 /system/lib/libsync.so
06-09 00:12:43.289 3659 3659 W art : b5b36000-b5b37000 rw-p 00003000 b3:06 1534 /system/lib/libsync.so
06-09 00:12:43.289 3659 3659 W art : b5b37000-b5b3c000 r-xp 00000000 b3:06 1529 /system/lib/libstdc++.so
06-09 00:12:43.289 3659 3659 W art : b5b3c000-b5b3d000 r--p 00004000 b3:06 1529 /system/lib/libstdc++.so
06-09 00:12:43.289 3659 3659 W art : b5b3d000-b5b3e000 rw-p 00005000 b3:06 1529 /system/lib/libstdc++.so
06-09 00:12:43.290 3659 3659 W art : b5b3e000-b5b4e000 r-xp 00000000 b3:06 1551 /system/lib/libunwind.so
06-09 00:12:43.290 3659 3659 W art : b5b4e000-b5b4f000 r--p 0000f000 b3:06 1551 /system/lib/libunwind.so
06-09 00:12:43.290 3659 3659 W art : b5b4f000-b5b50000 rw-p 00010000 b3:06 1551 /system/lib/libunwind.so
06-09 00:12:43.290 3659 3659 W art : b5b50000-b5b96000 rw-p 00000000 00:00 0
06-09 00:12:43.290 3659 3659 W art : b5b96000-b5b9f000 r-xp 00000000 b3:06 1231 /system/lib/libbase.so
06-09 00:12:43.290 3659 3659 W art : b5b9f000-b5ba0000 r--p 00008000 b3:06 1231 /system/lib/libbase.so
06-09 00:12:43.290 3659 3659 W art : b5ba0000-b5ba1000 rw-p 00009000 b3:06 1231 /system/lib/libbase.so
06-09 00:12:43.290 3659 3659 W art : b5ba1000-b5ba6000 r-xp 00000000 b3:06 1283 /system/lib/libeffects.so
06-09 00:12:43.290 3659 3659 W art : b5ba6000-b5ba7000 r--p 00004000 b3:06 1283 /system/lib/libeffects.so
06-09 00:12:43.290 3659 3659 W art : b5ba7000-b5ba8000 rw-p 00005000 b3:06 1283 /system/lib/libeffects.so
06-09 00:12:43.290 3659 3659 W art : b5ba8000-b5ba9000 r--p 00000000 00:00 0 [anon:linker_alloc]
06-09 00:12:43.290 1110 1340 I customAudioLoopback: writeRadioTrack(): Info: trackPtr: 0xB5A9A008, buffer Ptr: 0xB4E7F880
06-09 00:12:43.290 1110 1340 I customAudioLoopback: writeRadioTrack(): Info: track->trackEnabled: 1, track->audioTrack: 0xB5A9D000, track->trackRunning: 1, track->recovering: 0
06-09 00:12:43.290 1110 1340 I customAudioLoopback: writeRadioTrack(): Info: trackPtr: 0xB5A9A01C, buffer Ptr: 0xB4E7F880
06-09 00:12:43.291 1110 1340 I customAudioLoopback: writeRadioTrack(): Info: track->trackEnabled: 1, track->audioTrack: 0xB5A9D280, track->trackRunning: 0, track->recovering: 0
06-09 00:12:43.291 3659 3659 W art : b5ba9000-b5bac000 r-xp 00000000 b3:06 1503 /system/lib/libstagefright_http_support.so
06-09 00:12:43.291 3659 3659 W art : b5bac000-b5bad000 ---p 00000000 00:00 0
06-09 00:12:43.291 3659 3659 W art : b5bad000-b5bae000 r--p 00003000 b3:06 1503 /system/lib/libstagefright_http_support.so
06-09 00:12:43.291 3659 3659 W art : b5bae000-b5baf000 rw-p 00004000 b3:06 1503 /system/lib/libstagefright_http_support.so
06-09 00:12:43.291 3659 3659 W art : b5baf000-b5bc7000 r-xp 00000000 b3:06 1502 /system/lib/libstagefright_foundation.so
06-09 00:12:43.291 3659 3659 W art : b5bc7000-b5bc8000 ---p 00000000 00:00 0
06-09 00:12:43.291 3659 3659 W art : b5bc8000-b5bc9000 r--p 00018000 b3:06 1502 /system/lib/libstagefright_foundation.so
06-09 00:12:43.291 3659 3659 W art : b5bc9000-b5bca000 rw-p 00019000 b3:06 1502 /system/lib/libstagefright_foundation.so
06-09 00:12:43.291 3659 3659 W art : b5bca000-b5d18000 r-xp 00000000 b3:06 1498 /system/lib/libstagefright.so
06-09 00:12:43.291 3659 3659 W art : b5d18000-b5d24000 r--p 0014d000 b3:06 1498 /system/lib/libstagefright.so
06-09 00:12:43.291 3659 3659 W art : b5d24000-b5d25000 rw-p 00159000 b3:06 1498 /system/lib/libstagefright.so
06-09 00:12:43.291 3659 3659 W art : b5d25000-b5d90000 r-xp 00000000 b3:06 1331 /system/lib/libhwui.so
06-09 00:12:43.291 3659 3659 W art : b5d90000-b5d91000 ---p 00000000 00:00 0
06-09 00:12:43.291 3659 3659 W art : b5d91000-b5d94000 r--p 0006b000 b3:06 1331 /system/lib/libhwui.so
06-09 00:12:43.291 3659 3659 W art : b5d94000-b5d95000 rw-p 0006e000 b3:06 1331 /system/lib/libhwui.so
06-09 00:12:43.291 3659 3659 W art : b5d95000-b5d98000 r-xp 00000000 b3:06 1461 /system/lib/libradio_metadata.so
06-09 00:12:43.291 3659 3659 W art : b5d98000-b5d99000 r--p 00002000 b3:06 1461 /system/lib/libradio_metadata.so
06-09 00:12:43.291 3659 3659 W art : b5d99000-b5d9a000 rw-p 00003000 b3:06 1461 /system/lib/libradio_metadata.so
06-09 00:12:43.291 3659 3659 W art : b5d9a000-b5d9e000 r-xp 00000000 b3:06 1376 /system/lib/libnativebridge.so
06-09 00:12:43.291 3659 3659 W art : b5d9e000-b5d9f000 r--p 00003000 b3:06 1376 /system/lib/libnativebridge.so
06-09 00:12:43.291 3659 3659 W art : b5d9f000-b5da0000 rw-p 00004000 b3:06 1376 /system/lib/libnativebridge.so
06-09 00:12:43.291 3659 3659 W art : b5da0000-b5da4000 r-xp 00000000 b3:06 1456 /system/lib/libprocessgroup.so
06-09 00:12:43.291 3659 3659 W art : b5da4000-b5da5000 r--p 00003000 b3:06 1456 /system/lib/libprocessgroup.so
06-09 00:12:43.291 3659 3659 W art : b5da5000-b5da6000 rw-p 00004000 b3:06 1456 /system/lib/libprocessgroup.so
06-09 00:12:43.291 3659 3659 W art : b5da6000-b5db4000 r-xp 00000000 b3:06 1371 /system/lib/libminikin.so
06-09 00:12:43.291 3659 3659 W art : b5db4000-b5db5000 ---p 00000000 00:00 0
06-09 00:12:43.291 3659 3659 W art : b5db5000-b5db6000 r--p 0000e000 b3:06 1371 /system/lib/libminikin.so
06-09 00:12:43.291 3659 3659 W art : b5db6000-b5db7000 rw-p 0000f000 b3:06 1371 /system/lib/libminikin.so
06-09 00:12:43.291 3659 3659 W art : b5db7000-b5dc1000 r-xp 00000000 b3:06 1487 /system/lib/libsoundtrigger.so
06-09 00:12:43.291 3659 3659 W art : b5dc1000-b5dc4000 r--p 00009000 b3:06 1487 /system/lib/libsoundtrigger.so
06-09 00:12:43.291 3659 3659 W art : b5dc4000-b5dc5000 rw-p 0000c000 b3:06 1487 /system/lib/libsoundtrigger.so
06-09 00:12:43.291 3659 3659 W art : b5dc5000-b5dc6000 r--p 00000000 00:00 0 [anon:linker_alloc]
06-09 00:12:43.291 3659 3659 W art : b5dc6000-b5dd0000 r-xp 00000000 b3:06 1460 /system/lib/libradio.so
06-09 00:12:43.292 3659 3659 W art : b5dd0000-b5dd3000 r--p 00009000 b3:06 1460 /system/lib/libradio.so
06-09 00:12:43.292 3659 3659 W art : b5dd3000-b5dd4000 rw-p 0000c000 b3:06 1460 /system/lib/libradio.so
06-09 00:12:43.292 3659 3659 W art : b5dd4000-b5dd8000 r-xp 00000000 b3:06 1429 /system/lib/libnetd_client.so
06-09 00:12:43.292 3659 3659 W art : b5dd8000-b5dd9000 r--p 00003000 b3:06 1429 /system/lib/libnetd_client.so
06-09 00:12:43.292 3659 3659 W art : b5dd9000-b5dda000 rw-p 00004000 b3:06 1429 /system/lib/libnetd_client.so
06-09 00:12:43.292 3659 3659 W art : b5dda000-b5de8000 r-xp 00000000 b3:06 1335 /system/lib/libimg_utils.so
06-09 00:12:43.292 3659 3659 W art : b5de8000-b5dea000 r--p 0000d000 b3:06 1335 /system/lib/libimg_utils.so
06-09 00:12:43.292 3659 3659 W art : b5dea000-b5deb000 rw-p 0000f000 b3:06 1335 /system/lib/libimg_utils.so
06-09 00:12:43.292 3659 3659 W art : b5deb000-b61fd000 r-xp 00000000 b3:06 1449 /system/lib/libpdfium.so
06-09 00:12:43.292 3659 3659 W art : b61fd000-b61fe000 ---p 00000000 00:00 0
06-09 00:12:43.292 3659 3659 W art : b61fe000-b6207000 r--p 00412000 b3:06 1449 /system/lib/libpdfium.so
06-09 00:12:43.292 3659 3659 W art : b6207000-b620b000 rw-p 0041b000 b3:06 1449 /system/lib/libpdfium.so
06-09 00:12:43.292 3659 3659 W art : b620b000-b620c000 rw-p 00000000 00:00 0
06-09 00:12:43.292 3659 3659 W art : b620c000-b6213000 r-xp 00000000 b3:06 1227 /system/lib/libaudioutils.so
06-09 00:12:43.292 3659 3659 W art : b6213000-b6214000 r--p 00006000 b3:06 1227 /system/lib/libaudioutils.so
06-09 00:12:43.292 3659 3659 W art : b6214000-b6215000 rw-p 00007000 b3:06 1227 /system/lib/libaudioutils.so
06-09 00:12:43.292 3659 3659 W art : b6215000-b6230000 r-xp 00000000 b3:06 1599 /system/lib/libz.so
06-09 00:12:43.292 3659 3659 W art : b6230000-b6231000 r--p 0001a000 b3:06 1599 /system/lib/libz.so
06-09 00:12:43.292 3659 3659 W art : b6231000-b6232000 rw-p 0001b000 b3:06 1599 /system/lib/libz.so
06-09 00:12:43.292 3659 3659 W art : b6232000-b6233000 rw-p 00000000 00:00 0 [anon:linker_alloc]
06-09 00:12:43.292 3659 3659 W art : b6233000-b627f000 r-xp 00000000 b3:06 1327 /system/lib/libharfbuzz_ng.so
06-09 00:12:43.292 3659 3659 W art : b627f000-b6280000 r--p 0004b000 b3:06 1327 /system/lib/libharfbuzz_ng.so
06-09 00:12:43.292 3659 3659 W art : b6280000-b6281000 rw-p 0004c000 b3:06 1327 /system/lib/libharfbuzz_ng.so
06-09 00:12:43.292 3659 3659 W art : b6281000-b6285000 r-xp 00000000 b3:06 1555 /system/lib/libusbhost.so
06-09 00:12:43.292 3659 3659 W art : b6285000-b6286000 ---p 00000000 00:00 0
06-09 00:12:43.292 3659 3659 W art : b6286000-b6287000 r--p 00004000 b3:06 1555 /system/lib/libusbhost.so
06-09 00:12:43.292 3659 3659 W art : b6287000-b6288000 rw-p 00005000 b3:06 1555 /system/lib/libusbhost.so
06-09 00:12:43.292 3659 3659 W art : b6288000-b62c0000 r-xp 00000000 b3:06 1353 /system/lib/libjpeg.so
06-09 00:12:43.292 3659 3659 W art : b62c0000-b62c1000 r--p 00037000 b3:06 1353 /system/lib/libjpeg.so
06-09 00:12:43.292 3659 3659 W art : b62c1000-b62c2000 rw-p 00038000 b3:06 1353 /system/lib/libjpeg.so
06-09 00:12:43.292 3659 3659 W art : b62c2000-b62c3000 r--p 00000000 00:00 0 [anon:linker_alloc]
06-09 00:12:43.292 3659 3659 W art : b62c3000-b6357000 r-xp 00000000 b3:06 1364 /system/lib/libmedia.so
