01-01 00:01:41.211 982 1436 E SQLiteDatabase: at android.media.MediaInserter.flush(MediaInserter.java:91)
01-01 00:01:41.211 982 1436 E SQLiteDatabase: at android.media.MediaInserter.flushAll(MediaInserter.java:74)
01-01 00:01:41.211 982 1436 E SQLiteDatabase: at android.media.MediaScanner$MyMediaScannerClient.endFile(MediaScanner.java:1053)
01-01 00:01:41.211 982 1436 E SQLiteDatabase: at android.media.MediaScanner$MyMediaScannerClient.doScanFile(MediaScanner.java:653)
01-01 00:01:41.211 982 1436 E SQLiteDatabase: at android.media.MediaScanner$MyMediaScannerClient.scanFile(MediaScanner.java:580)
01-01 00:01:41.211 982 1436 E SQLiteDatabase: at android.media.MediaScanner.processDirectory(Native Method)
01-01 00:01:41.211 982 1436 E SQLiteDatabase: at android.media.MediaScanner.scanDirectories(MediaScanner.java:1403)
01-01 00:01:41.211 982 1436 E SQLiteDatabase: at com.android.providers.media.MediaScannerService.scan(MediaScannerService.java:82)
01-01 00:01:41.211 982 1436 E SQLiteDatabase: at com.android.providers.media.MediaScannerService.-wrap1(Unknown Source:0)
01-01 00:01:41.211 982 1436 E SQLiteDatabase: at com.android.providers.media.MediaScannerService$ServiceHandler.handleMessage(MediaScannerService.java:252)
01-01 00:01:41.211 982 1436 E SQLiteDatabase: at android.os.Handler.dispatchMessage(Handler.java:105)
01-01 00:01:41.211 982 1436 E SQLiteDatabase: at android.os.Looper.loop(Looper.java:164)
01-01 00:01:41.211 982 1436 E SQLiteDatabase: at com.android.providers.media.MediaScannerService.run(MediaScannerService.java:161)
01-01 00:01:41.211 982 1436 E SQLiteDatabase: at java.lang.Thread.run(Thread.java:764)
01-01 00:01:41.225 982 1436 W MediaProvider: Missing volume for /system/media/audio/notifications/moonbeam.ogg; assuming invalid
01-01 00:01:41.246 982 1436 W MediaProvider: Missing volume for /system/media/audio/notifications/pixiedust.ogg; assuming invalid
01-01 00:01:41.265 982 1436 I MediaScanner: forcing rescan of /system/media/audio/notifications/pizzicato.ogg since build fingerprint changed
01-01 00:01:41.279 982 1436 I MediaScanner: forcing rescan of /system/media/audio/notifications/regulus.ogg since build fingerprint changed
01-01 00:01:41.296 982 1436 I MediaScanner: forcing rescan of /system/media/audio/notifications/sirius.ogg since build fingerprint changed
01-01 00:01:41.313 982 1436 I MediaScanner: forcing rescan of /system/media/audio/notifications/tweeters.ogg since build fingerprint changed
01-01 00:01:41.326 982 1436 I MediaScanner: forcing rescan of /system/media/audio/notifications/vega.ogg since build fingerprint changed
01-01 00:01:41.354 982 1436 I MediaScanner: forcing rescan of /system/media/audio/ringtones/ANDROMEDA.ogg since build fingerprint changed
01-01 00:01:41.376 982 1436 I MediaScanner: forcing rescan of /system/media/audio/ringtones/Andromeda.ogg since build fingerprint changed
01-01 00:01:41.391 982 1436 I MediaScanner: forcing rescan of /system/media/audio/ringtones/Aquila.ogg since build fingerprint changed
01-01 00:01:41.406 982 1436 I MediaScanner: forcing rescan of /system/media/audio/ringtones/ArgoNavis.ogg since build fingerprint changed
01-01 00:01:41.441 982 1436 I MediaScanner: forcing rescan of /system/media/audio/ringtones/Atria.ogg since build fingerprint changed
01-01 00:01:41.468 982 1436 I MediaScanner: forcing rescan of /system/media/audio/ringtones/BOOTES.ogg since build fingerprint changed
01-01 00:01:41.522 982 1436 I MediaScanner: forcing rescan of /system/media/audio/ringtones/Backroad.ogg since build fingerprint changed
01-01 00:01:41.540 982 1436 I MediaScanner: forcing rescan of /system/media/audio/ringtones/BeatPlucker.ogg since build fingerprint changed
01-01 00:01:41.557 982 1436 I MediaScanner: forcing rescan of /system/media/audio/ringtones/BentleyDubs.ogg since build fingerprint changed
01-01 00:01:41.575 982 1436 I MediaScanner: forcing rescan of /system/media/audio/ringtones/Big_Easy.ogg since build fingerprint changed
01-01 00:01:41.595 982 1436 I MediaScanner: forcing rescan of /system/media/audio/ringtones/BirdLoop.ogg since build fingerprint changed
01-01 00:01:41.614 982 1436 I MediaScanner: forcing rescan of /system/media/audio/ringtones/Bollywood.ogg since build fingerprint changed
01-01 00:01:41.632 982 1436 I MediaScanner: forcing rescan of /system/media/audio/ringtones/BussaMove.ogg since build fingerprint changed
01-01 00:01:41.652 982 1436 I MediaScanner: forcing rescan of /system/media/audio/ringtones/CANISMAJOR.ogg since build fingerprint changed
01-01 00:01:41.668 982 1436 I MediaScanner: forcing rescan of /system/media/audio/ringtones/CASSIOPEIA.ogg since build fingerprint changed
01-01 00:01:41.685 982 1436 I MediaScanner: forcing rescan of /system/media/audio/ringtones/Cairo.ogg since build fingerprint changed
01-01 00:01:41.703 982 1436 I MediaScanner: forcing rescan of /system/media/audio/ringtones/Calypso_Steel.ogg since build fingerprint changed
01-01 00:01:41.721 982 1436 I MediaScanner: forcing rescan of /system/media/audio/ringtones/CanisMajor.ogg since build fingerprint changed
01-01 00:01:41.739 982 1436 I MediaScanner: forcing rescan of /system/media/audio/ringtones/CaribbeanIce.ogg since build fingerprint changed
01-01 00:01:41.756 982 1436 I MediaScanner: forcing rescan of /system/media/audio/ringtones/Carina.ogg since build fingerprint changed
01-01 00:01:41.771 982 1436 I MediaScanner: forcing rescan of /system/media/audio/ringtones/Centaurus.ogg since build fingerprint changed
01-01 00:01:41.787 982 1436 I MediaScanner: forcing rescan of /system/media/audio/ringtones/Champagne_Edition.ogg since build fingerprint changed
01-01 00:01:41.806 982 1436 I MediaScanner: forcing rescan of /system/media/audio/ringtones/Club_Cubano.ogg since build fingerprint changed
01-01 00:01:41.825 982 1436 I MediaScanner: forcing rescan of /system/media/audio/ringtones/CrayonRock.ogg since build fingerprint changed
01-01 00:01:41.843 982 1436 I MediaScanner: forcing rescan of /system/media/audio/ringtones/CrazyDream.ogg since build fingerprint changed
01-01 00:01:41.875 982 1436 I MediaScanner: forcing rescan of /system/media/audio/ringtones/CurveBall.ogg since build fingerprint changed
01-01 00:01:41.891 982 1436 I MediaScanner: forcing rescan of /system/media/audio/ringtones/Cygnus.ogg since build fingerprint changed
01-01 00:01:41.906 982 1436 I MediaScanner: forcing rescan of /system/media/audio/ringtones/DancinFool.ogg since build fingerprint changed
01-01 00:01:41.926 982 1436 I MediaScanner: forcing rescan of /system/media/audio/ringtones/Ding.ogg since build fingerprint changed
01-01 00:01:41.939 982 1436 I MediaScanner: forcing rescan of /system/media/audio/ringtones/DonMessWivIt.ogg since build fingerprint changed
01-01 00:01:41.958 982 1436 I MediaScanner: forcing rescan of /system/media/audio/ringtones/Draco.ogg since build fingerprint changed
01-01 00:01:41.974 982 1436 I MediaScanner: forcing rescan of /system/media/audio/ringtones/DreamTheme.ogg since build fingerprint changed
01-01 00:01:42.004 982 1436 I MediaScanner: forcing rescan of /system/media/audio/ringtones/Eastern_Sky.ogg since build fingerprint changed
01-01 00:01:42.024 982 1436 I MediaScanner: forcing rescan of /system/media/audio/ringtones/Enter_the_Nexus.ogg since build fingerprint changed
01-01 00:01:42.048 982 1436 I MediaScanner: forcing rescan of /system/media/audio/ringtones/Eridani.ogg since build fingerprint changed
01-01 00:01:42.066 982 1436 I MediaScanner: forcing rescan of /system/media/audio/ringtones/EtherShake.ogg since build fingerprint changed
01-01 00:01:42.087 982 1436 I MediaScanner: forcing rescan of /system/media/audio/ringtones/FreeFlight.ogg since build fingerprint changed
01-01 00:01:42.113 982 1436 I MediaScanner: forcing rescan of /system/media/audio/ringtones/FriendlyGhost.ogg since build fingerprint changed
01-01 00:01:42.604 982 1436 I MediaScanner: forcing rescan of /system/media/audio/ringtones/Funk_Yall.ogg since build fingerprint changed
01-01 00:01:42.622 982 1436 I MediaScanner: forcing rescan of /system/media/audio/ringtones/GameOverGuitar.ogg since build fingerprint changed
01-01 00:01:42.640 982 1436 I MediaScanner: forcing rescan of /system/media/audio/ringtones/Gimme_Mo_Town.ogg since build fingerprint changed
01-01 00:01:42.657 982 1436 I MediaScanner: forcing rescan of /system/media/audio/ringtones/Girtab.ogg since build fingerprint changed
01-01 00:01:42.675 982 1436 I MediaScanner: forcing rescan of /system/media/audio/ringtones/Glacial_Groove.ogg since build fingerprint changed
01-01 00:01:42.694 982 1436 I MediaScanner: forcing rescan of /system/media/audio/ringtones/Growl.ogg since build fingerprint changed
01-01 00:01:42.711 982 1436 I MediaScanner: forcing rescan of /system/media/audio/ringtones/HalfwayHome.ogg since build fingerprint changed
01-01 00:01:42.732 982 1436 I MediaScanner: forcing rescan of /system/media/audio/ringtones/Hydra.ogg since build fingerprint changed
01-01 00:01:42.746 982 1436 I MediaScanner: forcing rescan of /system/media/audio/ringtones/InsertCoin.ogg since build fingerprint changed
01-01 00:01:42.760 982 1436 I MediaScanner: forcing rescan of /system/media/audio/ringtones/Kuma.ogg since build fingerprint changed
01-01 00:01:42.789 982 1436 I MediaScanner: forcing rescan of /system/media/audio/ringtones/LoopyLounge.ogg since build fingerprint changed
01-01 00:01:42.807 982 1436 I MediaScanner: forcing rescan of /system/media/audio/ringtones/LoveFlute.ogg since build fingerprint changed
01-01 00:01:42.823 982 1436 I MediaScanner: forcing rescan of /system/media/audio/ringtones/Lyra.ogg since build fingerprint changed
01-01 00:01:42.841 982 1436 I MediaScanner: forcing rescan of /system/media/audio/ringtones/Machina.ogg since build fingerprint changed
01-01 00:01:42.857 982 1436 I MediaScanner: forcing rescan of /system/media/audio/ringtones/MidEvilJaunt.ogg since build fingerprint changed
01-01 00:01:42.872 982 1436 I MediaScanner: forcing rescan of /system/media/audio/ringtones/MildlyAlarming.ogg since build fingerprint changed
01-01 00:01:42.888 982 1436 I MediaScanner: forcing rescan of /system/media/audio/ringtones/Nairobi.ogg since build fingerprint changed
01-01 00:01:42.905 982 1436 I MediaScanner: forcing rescan of /system/media/audio/ringtones/Nassau.ogg since build fingerprint changed
01-01 00:01:42.923 982 1436 I MediaScanner: forcing rescan of /system/media/audio/ringtones/NewPlayer.ogg since build fingerprint changed
01-01 00:01:42.937 982 1436 I MediaScanner: forcing rescan of /system/media/audio/ringtones/No_Limits.ogg since build fingerprint changed
01-01 00:01:42.962 982 1436 I MediaScanner: forcing rescan of /system/media/audio/ringtones/Noises1.ogg since build fingerprint changed
01-01 00:01:42.982 982 1436 I MediaScanner: forcing rescan of /system/media/audio/ringtones/Noises2.ogg since build fingerprint changed
01-01 00:01:43.001 982 1436 I MediaScanner: forcing rescan of /system/media/audio/ringtones/Noises3.ogg since build fingerprint changed
01-01 00:01:43.018 982 1436 I MediaScanner: forcing rescan of /system/media/audio/ringtones/OrganDub.ogg since build fingerprint changed
01-01 00:01:43.034 982 1436 I MediaScanner: forcing rescan of /system/media/audio/ringtones/Orion.ogg since build fingerprint changed
01-01 00:01:43.053 982 1436 I MediaScanner: forcing rescan of /system/media/audio/ringtones/PERSEUS.ogg since build fingerprint changed
01-01 00:01:43.080 982 1436 I MediaScanner: forcing rescan of /system/media/audio/ringtones/Paradise_Island.ogg since build fingerprint changed
01-01 00:01:43.097 982 1436 I MediaScanner: forcing rescan of /system/media/audio/ringtones/Pegasus.ogg since build fingerprint changed
01-01 00:01:43.119 982 1436 I MediaScanner: forcing rescan of /system/media/audio/ringtones/Perseus.ogg since build fingerprint changed
01-01 00:01:43.150 982 1436 I MediaScanner: forcing rescan of /system/media/audio/ringtones/Playa.ogg since build fingerprint changed
01-01 00:01:43.169 982 1436 I MediaScanner: forcing rescan of /system/media/audio/ringtones/Pyxis.ogg since build fingerprint changed
01-01 00:01:43.183 982 1436 I MediaScanner: forcing rescan of /system/media/audio/ringtones/Rasalas.ogg since build fingerprint changed
01-01 00:01:43.213 982 1436 I MediaScanner: forcing rescan of /system/media/audio/ringtones/Revelation.ogg since build fingerprint changed
01-01 00:01:43.232 982 1436 I MediaScanner: forcing rescan of /system/media/audio/ringtones/Rigel.ogg since build fingerprint changed
01-01 00:01:43.252 982 1436 I MediaScanner: forcing rescan of /system/media/audio/ringtones/Ring_Classic_02.ogg since build fingerprint changed
01-01 00:01:43.271 982 1436 I MediaScanner: forcing rescan of /system/media/audio/ringtones/Ring_Digital_02.ogg since build fingerprint changed
01-01 00:01:43.285 982 1436 I MediaScanner: forcing rescan of /system/media/audio/ringtones/Ring_Synth_02.ogg since build fingerprint changed
01-01 00:01:43.305 982 1436 W MediaScanner: forcing rescan of /system/media/audio/ringtones/Ring_Synth_04.oggsince ringtone setting didn't finish
01-01 00:01:43.323 982 1436 W MediaProvider: Missing volume for /system/media/audio/ringtones; assuming invalid
01-01 00:01:43.333 982 1436 W MediaProvider: Missing volume for /system/media/audio/notifications/pizzicato.ogg; assuming invalid
01-01 00:01:43.335 982 1436 W MediaProvider: Missing volume for /system/media/audio/notifications/regulus.ogg; assuming invalid
01-01 00:01:43.337 982 1436 W MediaProvider: Missing volume for /system/media/audio/notifications/sirius.ogg; assuming invalid
01-01 00:01:43.339 982 1436 W MediaProvider: Missing volume for /system/media/audio/notifications/tweeters.ogg; assuming invalid
01-01 00:01:43.343 982 1436 W MediaProvider: Missing volume for /system/media/audio/ringtones/ANDROMEDA.ogg; assuming invalid
01-01 00:01:43.346 982 1436 W MediaProvider: Missing volume for /system/media/audio/ringtones/Andromeda.ogg; assuming invalid
01-01 00:01:43.347 982 1436 E SQLiteDatabase: Error inserting title_key parent=98 is_music=false title=Andromeda _size=24973 duration=3000 bucket_id=293500348 is_alarm=false album_artist=null media_type=2 storage_id=0 is_notification=false track=0 bucket_display_name=ringtones _data=/system/media/audio/ringtones/Andromeda.ogg is_drm=false _display_name=Andromeda.ogg composer=null format=47362 is_ringtone=true artist_id=1 is_podcast=false date_added=103 date_modified=1512244732 mime_type=application/ogg album_id=4
01-01 00:01:43.347 982 1436 E SQLiteDatabase: android.database.sqlite.SQLiteConstraintException: UNIQUE constraint failed: files._data (code 2067)
01-01 00:01:43.347 982 1436 E SQLiteDatabase: at android.database.sqlite.SQLiteConnection.nativeExecuteForLastInsertedRowId(Native Method)
01-01 00:01:43.347 982 1436 E SQLiteDatabase: at android.database.sqlite.SQLiteConnection.executeForLastInsertedRowId(SQLiteConnection.java:782)
01-01 00:01:43.347 982 1436 E SQLiteDatabase: at android.database.sqlite.SQLiteSession.executeForLastInsertedRowId(SQLiteSession.java:788)
01-01 00:01:43.347 982 1436 E SQLiteDatabase: at android.database.sqlite.SQLiteStatement.executeInsert(SQLiteStatement.java:86)
01-01 00:01:43.347 982 1436 E SQLiteDatabase: at android.database.sqlite.SQLiteDatabase.insertWithOnConflict(SQLiteDatabase.java:1474)
01-01 00:01:43.347 982 1436 E SQLiteDatabase: at android.database.sqlite.SQLiteDatabase.insert(SQLiteDatabase.java:1343)
01-01 00:01:43.347 982 1436 E SQLiteDatabase: at com.android.providers.media.MediaProvider.insertFile(MediaProvider.java:2260)
01-01 00:01:43.347 982 1436 E SQLiteDatabase: at com.android.providers.media.MediaProvider.insertInternal(MediaProvider.java:2493)
01-01 00:01:43.347 982 1436 E SQLiteDatabase: at com.android.providers.media.MediaProvider.bulkInsert(MediaProvider.java:1866)
01-01 00:01:43.347 982 1436 E SQLiteDatabase: at android.content.ContentProvider$Transport.bulkInsert(ContentProvider.java:282)
01-01 00:01:43.347 982 1436 E SQLiteDatabase: at android.content.ContentProviderClient.bulkInsert(ContentProviderClient.java:290)
01-01 00:01:43.347 982 1436 E SQLiteDatabase: at android.media.MediaInserter.flush(MediaInserter.java:91)
01-01 00:01:43.347 982 1436 E SQLiteDatabase: at android.media.MediaInserter.flushAll(MediaInserter.java:74)
01-01 00:01:43.347 982 1436 E SQLiteDatabase: at android.media.MediaScanner$MyMediaScannerClient.endFile(MediaScanner.java:1053)
01-01 00:01:43.347 982 1436 E SQLiteDatabase: at android.media.MediaScanner$MyMediaScannerClient.doScanFile(MediaScanner.java:653)
01-01 00:01:43.347 982 1436 E SQLiteDatabase: at android.media.MediaScanner$MyMediaScannerClient.scanFile(MediaScanner.java:580)
01-01 00:01:43.347 982 1436 E SQLiteDatabase: at android.media.MediaScanner.processDirectory(Native Method)
01-01 00:01:43.347 982 1436 E SQLiteDatabase: at android.media.MediaScanner.scanDirectories(MediaScanner.java:1403)
01-01 00:01:43.347 982 1436 E SQLiteDatabase: at com.android.providers.media.MediaScannerService.scan(MediaScannerService.java:82)
01-01 00:01:43.347 982 1436 E SQLiteDatabase: at com.android.providers.media.MediaScannerService.-wrap1(Unknown Source:0)
01-01 00:01:43.347 982 1436 E SQLiteDatabase: at com.android.providers.media.MediaScannerService$ServiceHandler.handleMessage(MediaScannerService.java:252)
01-01 00:01:43.347 982 1436 E SQLiteDatabase: at android.os.Handler.dispatchMessage(Handler.java:105)
01-01 00:01:43.347 982 1436 E SQLiteDatabase: at android.os.Looper.loop(Looper.java:164)
01-01 00:01:43.347 982 1436 E SQLiteDatabase: at com.android.providers.media.MediaScannerService.run(MediaScannerService.java:161)
01-01 00:01:43.347 982 1436 E SQLiteDatabase: at java.lang.Thread.run(Thread.java:764)
01-01 00:01:43.351 982 1436 W MediaProvider: Missing volume for /system/media/audio/ringtones/Aquila.ogg; assuming invalid
01-01 00:01:43.354 982 1436 W MediaProvider: Missing volume for /system/media/audio/ringtones/ArgoNavis.ogg; assuming invalid
01-01 00:01:43.357 982 1436 W MediaProvider: Missing volume for /system/media/audio/ringtones/Atria.ogg; assuming invalid
01-01 00:01:43.362 982 1436 W MediaProvider: Missing volume for /system/media/audio/ringtones/BOOTES.ogg; assuming invalid
01-01 00:01:43.364 982 1436 W MediaProvider: Missing volume for /system/media/audio/ringtones/Backroad.ogg; assuming invalid
01-01 00:01:43.366 982 1436 W MediaProvider: Missing volume for /system/media/audio/ringtones/BeatPlucker.ogg; assuming invalid
01-01 00:01:43.369 982 1436 W MediaProvider: Missing volume for /system/media/audio/ringtones/BentleyDubs.ogg; assuming invalid
01-01 00:01:43.371 982 1436 W MediaProvider: Missing volume for /system/media/audio/ringtones/Big_Easy.ogg; assuming invalid
01-01 00:01:43.373 226 284 E MetadataRetrieverClient: failed to extract an album art
01-01 00:01:43.373 982 1436 W MediaProvider: Missing volume for /system/media/audio/ringtones/BirdLoop.ogg; assuming invalid
01-01 00:01:43.376 982 1436 W MediaProvider: Missing volume for /system/media/audio/ringtones/Bollywood.ogg; assuming invalid
01-01 00:01:43.378 982 1436 W MediaProvider: Missing volume for /system/media/audio/ringtones/BussaMove.ogg; assuming invalid
01-01 00:01:43.380 982 1436 W MediaProvider: Missing volume for /system/media/audio/ringtones/CANISMAJOR.ogg; assuming invalid
01-01 00:01:43.382 982 1436 W MediaProvider: Missing volume for /system/media/audio/ringtones/CASSIOPEIA.ogg; assuming invalid
01-01 00:01:43.384 982 1436 W MediaProvider: Missing volume for /system/media/audio/ringtones/Cairo.ogg; assuming invalid
01-01 00:01:43.386 982 1436 W MediaProvider: Missing volume for /system/media/audio/ringtones/Calypso_Steel.ogg; assuming invalid
01-01 00:01:43.389 982 1436 W MediaProvider: Missing volume for /system/media/audio/ringtones/CanisMajor.ogg; assuming invalid
01-01 00:01:43.393 982 1436 E SQLiteDatabase: Error inserting title_key parent=98 is_music=false title=Canis Major _size=31133 duration=3498 bucket_id=293500348 is_alarm=false album_artist=null media_type=2 storage_id=0 is_notification=false track=0 bucket_display_name=ringtones _data=/system/media/audio/ringtones/CanisMajor.ogg is_drm=false _display_name=CanisMajor.ogg composer=null format=47362 is_ringtone=true artist_id=1 is_podcast=false date_added=103 date_modified=1512244732 mime_type=application/ogg album_id=4
01-01 00:01:43.393 982 1436 E SQLiteDatabase: android.database.sqlite.SQLiteConstraintException: UNIQUE constraint failed: files._data (code 2067)
01-01 00:01:43.393 982 1436 E SQLiteDatabase: at android.database.sqlite.SQLiteConnection.nativeExecuteForLastInsertedRowId(Native Method)
01-01 00:01:43.393 982 1436 E SQLiteDatabase: at android.database.sqlite.SQLiteConnection.executeForLastInsertedRowId(SQLiteConnection.java:782)
01-01 00:01:43.393 982 1436 E SQLiteDatabase: at android.database.sqlite.SQLiteSession.executeForLastInsertedRowId(SQLiteSession.java:788)
01-01 00:01:43.393 982 1436 E SQLiteDatabase: at android.database.sqlite.SQLiteStatement.executeInsert(SQLiteStatement.java:86)
01-01 00:01:43.393 982 1436 E SQLiteDatabase: at android.database.sqlite.SQLiteDatabase.insertWithOnConflict(SQLiteDatabase.java:1474)
01-01 00:01:43.393 982 1436 E SQLiteDatabase: at android.database.sqlite.SQLiteDatabase.insert(SQLiteDatabase.java:1343)
01-01 00:01:43.393 982 1436 E SQLiteDatabase: at com.android.providers.media.MediaProvider.insertFile(MediaProvider.java:2260)
01-01 00:01:43.393 982 1436 E SQLiteDatabase: at com.android.providers.media.MediaProvider.insertInternal(MediaProvider.java:2493)
01-01 00:01:43.393 982 1436 E SQLiteDatabase: at com.android.providers.media.MediaProvider.bulkInsert(MediaProvider.java:1866)
01-01 00:01:43.393 982 1436 E SQLiteDatabase: at android.content.ContentProvider$Transport.bulkInsert(ContentProvider.java:282)
01-01 00:01:43.393 982 1436 E SQLiteDatabase: at android.content.ContentProviderClient.bulkInsert(ContentProviderClient.java:290)
01-01 00:01:43.393 982 1436 E SQLiteDatabase: at android.media.MediaInserter.flush(MediaInserter.java:91)
01-01 00:01:43.393 982 1436 E SQLiteDatabase: at android.media.MediaInserter.flushAll(MediaInserter.java:74)
01-01 00:01:43.393 982 1436 E SQLiteDatabase: at android.media.MediaScanner$MyMediaScannerClient.endFile(MediaScanner.java:1053)
01-01 00:01:43.393 982 1436 E SQLiteDatabase: at android.media.MediaScanner$MyMediaScannerClient.doScanFile(MediaScanner.java:653)
01-01 00:01:43.393 982 1436 E SQLiteDatabase: at android.media.MediaScanner$MyMediaScannerClient.scanFile(MediaScanner.java:580)
01-01 00:01:43.393 982 1436 E SQLiteDatabase: at android.media.MediaScanner.processDirectory(Native Method)
01-01 00:01:43.393 982 1436 E SQLiteDatabase: at android.media.MediaScanner.scanDirectories(MediaScanner.java:1403)
01-01 00:01:43.393 982 1436 E SQLiteDatabase: at com.android.providers.media.MediaScannerService.scan(MediaScannerService.java:82)
01-01 00:01:43.393 982 1436 E SQLiteDatabase: at com.android.providers.media.MediaScannerService.-wrap1(Unknown Source:0)
01-01 00:01:43.393 982 1436 E SQLiteDatabase: at com.android.providers.media.MediaScannerService$ServiceHandler.handleMessage(MediaScannerService.java:252)
01-01 00:01:43.393 982 1436 E SQLiteDatabase: at android.os.Handler.dispatchMessage(Handler.java:105)
01-01 00:01:43.393 982 1436 E SQLiteDatabase: at android.os.Looper.loop(Looper.java:164)
01-01 00:01:43.393 982 1436 E SQLiteDatabase: at com.android.providers.media.MediaScannerService.run(MediaScannerService.java:161)
01-01 00:01:43.393 982 1436 E SQLiteDatabase: at java.lang.Thread.run(Thread.java:764)
01-01 00:01:43.406 982 1436 W MediaProvider: Missing volume for /system/media/audio/ringtones/CaribbeanIce.ogg; assuming invalid
01-01 00:01:43.412 982 1436 W MediaProvider: Missing volume for /system/media/audio/ringtones/Carina.ogg; assuming invalid
01-01 00:01:43.416 982 1436 W MediaProvider: Missing volume for /system/media/audio/ringtones/Centaurus.ogg; assuming invalid
01-01 00:01:43.418 982 1436 W MediaProvider: Missing volume for /system/media/audio/ringtones/Champagne_Edition.ogg; assuming invalid
01-01 00:01:43.420 982 1436 W MediaProvider: Missing volume for /system/media/audio/ringtones/Club_Cubano.ogg; assuming invalid
01-01 00:01:43.423 982 1436 W MediaProvider: Missing volume for /system/media/audio/ringtones/CrayonRock.ogg; assuming invalid
01-01 00:01:43.425 982 1436 W MediaProvider: Missing volume for /system/media/audio/ringtones/CrazyDream.ogg; assuming invalid
01-01 00:01:43.427 982 1436 W MediaProvider: Missing volume for /system/media/audio/ringtones/CurveBall.ogg; assuming invalid
01-01 00:01:43.430 982 1436 W MediaProvider: Missing volume for /system/media/audio/ringtones/Cygnus.ogg; assuming invalid
01-01 00:01:43.432 982 1436 W MediaProvider: Missing volume for /system/media/audio/ringtones/DancinFool.ogg; assuming invalid
01-01 00:01:43.434 982 1436 W MediaProvider: Missing volume for /system/media/audio/ringtones/Ding.ogg; assuming invalid
01-01 00:01:43.436 982 1436 W MediaProvider: Missing volume for /system/media/audio/ringtones/DonMessWivIt.ogg; assuming invalid
01-01 00:01:43.439 982 1436 W MediaProvider: Missing volume for /system/media/audio/ringtones/Draco.ogg; assuming invalid
01-01 00:01:43.441 982 1436 W MediaProvider: Missing volume for /system/media/audio/ringtones/DreamTheme.ogg; assuming invalid
01-01 00:01:43.443 982 1436 W MediaProvider: Missing volume for /system/media/audio/ringtones/Eastern_Sky.ogg; assuming invalid
01-01 00:01:43.445 982 1436 W MediaProvider: Missing volume for /system/media/audio/ringtones/Enter_the_Nexus.ogg; assuming invalid
01-01 00:01:43.447 982 1436 W MediaProvider: Missing volume for /system/media/audio/ringtones/Eridani.ogg; assuming invalid
01-01 00:01:43.449 982 1436 W MediaProvider: Missing volume for /system/media/audio/ringtones/EtherShake.ogg; assuming invalid
01-01 00:01:43.451 982 1436 W MediaProvider: Missing volume for /system/media/audio/ringtones/FreeFlight.ogg; assuming invalid
01-01 00:01:43.453 982 1436 W MediaProvider: Missing volume for /system/media/audio/ringtones/FriendlyGhost.ogg; assuming invalid
01-01 00:01:43.455 982 1436 W MediaProvider: Missing volume for /system/media/audio/ringtones/Funk_Yall.ogg; assuming invalid
01-01 00:01:43.457 982 1436 W MediaProvider: Missing volume for /system/media/audio/ringtones/GameOverGuitar.ogg; assuming invalid
01-01 00:01:43.459 982 1436 W MediaProvider: Missing volume for /system/media/audio/ringtones/Gimme_Mo_Town.ogg; assuming invalid
01-01 00:01:43.462 982 1436 W MediaProvider: Missing volume for /system/media/audio/ringtones/Girtab.ogg; assuming invalid
01-01 00:01:43.464 982 1436 W MediaProvider: Missing volume for /system/media/audio/ringtones/Glacial_Groove.ogg; assuming invalid
01-01 00:01:43.466 982 1436 W MediaProvider: Missing volume for /system/media/audio/ringtones/Growl.ogg; assuming invalid
01-01 00:01:43.468 982 1436 W MediaProvider: Missing volume for /system/media/audio/ringtones/HalfwayHome.ogg; assuming invalid
01-01 00:01:43.472 982 1436 W MediaProvider: Missing volume for /system/media/audio/ringtones/Hydra.ogg; assuming invalid
01-01 00:01:43.474 982 1436 W MediaProvider: Missing volume for /system/media/audio/ringtones/InsertCoin.ogg; assuming invalid
01-01 00:01:43.477 982 1436 W MediaProvider: Missing volume for /system/media/audio/ringtones/Kuma.ogg; assuming invalid
01-01 00:01:43.479 982 1436 W MediaProvider: Missing volume for /system/media/audio/ringtones/LoopyLounge.ogg; assuming invalid
01-01 00:01:43.481 982 1436 W MediaProvider: Missing volume for /system/media/audio/ringtones/LoveFlute.ogg; assuming invalid
01-01 00:01:43.483 982 1436 W MediaProvider: Missing volume for /system/media/audio/ringtones/Lyra.ogg; assuming invalid
01-01 00:01:43.486 982 1436 W MediaProvider: Missing volume for /system/media/audio/ringtones/Machina.ogg; assuming invalid
01-01 00:01:43.488 982 1436 W MediaProvider: Missing volume for /system/media/audio/ringtones/MidEvilJaunt.ogg; assuming invalid
01-01 00:01:43.490 982 1436 W MediaProvider: Missing volume for /system/media/audio/ringtones/MildlyAlarming.ogg; assuming invalid
01-01 00:01:43.492 982 1436 W MediaProvider: Missing volume for /system/media/audio/ringtones/Nairobi.ogg; assuming invalid
01-01 00:01:43.494 982 1436 W MediaProvider: Missing volume for /system/media/audio/ringtones/Nassau.ogg; assuming invalid
01-01 00:01:43.496 982 1436 W MediaProvider: Missing volume for /system/media/audio/ringtones/NewPlayer.ogg; assuming invalid
01-01 00:01:43.498 982 1436 W MediaProvider: Missing volume for /system/media/audio/ringtones/No_Limits.ogg; assuming invalid
01-01 00:01:43.500 982 1436 W MediaProvider: Missing volume for /system/media/audio/ringtones/Noises1.ogg; assuming invalid
01-01 00:01:43.502 982 1436 W MediaProvider: Missing volume for /system/media/audio/ringtones/Noises2.ogg; assuming invalid
01-01 00:01:43.504 982 1436 W MediaProvider: Missing volume for /system/media/audio/ringtones/Noises3.ogg; assuming invalid
01-01 00:01:43.506 982 1436 W MediaProvider: Missing volume for /system/media/audio/ringtones/OrganDub.ogg; assuming invalid
01-01 00:01:43.509 982 1436 W MediaProvider: Missing volume for /system/media/audio/ringtones/Orion.ogg; assuming invalid
01-01 00:01:43.513 982 1436 W MediaProvider: Missing volume for /system/media/audio/ringtones/PERSEUS.ogg; assuming invalid
01-01 00:01:43.516 982 1436 W MediaProvider: Missing volume for /system/media/audio/ringtones/Paradise_Island.ogg; assuming invalid
01-01 00:01:43.519 982 1436 W MediaProvider: Missing volume for /system/media/audio/ringtones/Pegasus.ogg; assuming invalid
01-01 00:01:43.522 982 1436 W MediaProvider: Missing volume for /system/media/audio/ringtones/Perseus.ogg; assuming invalid
01-01 00:01:43.524 982 1436 E SQLiteDatabase: Error inserting title_key parent=98 is_music=false title=Perseus _size=236343 duration=10170 bucket_id=293500348 is_alarm=false album_artist=null media_type=2 storage_id=0 is_notification=false track=0 bucket_display_name=ringtones _data=/system/media/audio/ringtones/Perseus.ogg is_drm=false _display_name=Perseus.ogg composer=null format=47362 is_ringtone=true artist_id=1 is_podcast=false date_added=103 date_modified=1512244732 mime_type=application/ogg album_id=4
01-01 00:01:43.524 982 1436 E SQLiteDatabase: android.database.sqlite.SQLiteConstraintException: UNIQUE constraint failed: files._data (code 2067)
01-01 00:01:43.524 982 1436 E SQLiteDatabase: at android.database.sqlite.SQLiteConnection.nativeExecuteForLastInsertedRowId(Native Method)
01-01 00:01:43.524 982 1436 E SQLiteDatabase: at android.database.sqlite.SQLiteConnection.executeForLastInsertedRowId(SQLiteConnection.java:782)
01-01 00:01:43.524 982 1436 E SQLiteDatabase: at android.database.sqlite.SQLiteSession.executeForLastInsertedRowId(SQLiteSession.java:788)
01-01 00:01:43.524 982 1436 E SQLiteDatabase: at android.database.sqlite.SQLiteStatement.executeInsert(SQLiteStatement.java:86)
01-01 00:01:43.524 982 1436 E SQLiteDatabase: at android.database.sqlite.SQLiteDatabase.insertWithOnConflict(SQLiteDatabase.java:1474)
01-01 00:01:43.524 982 1436 E SQLiteDatabase: at android.database.sqlite.SQLiteDatabase.insert(SQLiteDatabase.java:1343)
01-01 00:01:43.524 982 1436 E SQLiteDatabase: at com.android.providers.media.MediaProvider.insertFile(MediaProvider.java:2260)
01-01 00:01:43.524 982 1436 E SQLiteDatabase: at com.android.providers.media.MediaProvider.insertInternal(MediaProvider.java:2493)
01-01 00:01:43.524 982 1436 E SQLiteDatabase: at com.android.providers.media.MediaProvider.bulkInsert(MediaProvider.java:1866)
01-01 00:01:43.524 982 1436 E SQLiteDatabase: at android.content.ContentProvider$Transport.bulkInsert(ContentProvider.java:282)
01-01 00:01:43.524 982 1436 E SQLiteDatabase: at android.content.ContentProviderClient.bulkInsert(ContentProviderClient.java:290)
01-01 00:01:43.524 982 1436 E SQLiteDatabase: at android.media.MediaInserter.flush(MediaInserter.java:91)
01-01 00:01:43.524 982 1436 E SQLiteDatabase: at android.media.MediaInserter.flushAll(MediaInserter.java:74)
01-01 00:01:43.524 982 1436 E SQLiteDatabase: at android.media.MediaScanner$MyMediaScannerClient.endFile(MediaScanner.java:1053)
01-01 00:01:43.524 982 1436 E SQLiteDatabase: at android.media.MediaScanner$MyMediaScannerClient.doScanFile(MediaScanner.java:653)
01-01 00:01:43.524 982 1436 E SQLiteDatabase: at android.media.MediaScanner$MyMediaScannerClient.scanFile(MediaScanner.java:580)
01-01 00:01:43.524 982 1436 E SQLiteDatabase: at android.media.MediaScanner.processDirectory(Native Method)
01-01 00:01:43.524 982 1436 E SQLiteDatabase: at android.media.MediaScanner.scanDirectories(MediaScanner.java:1403)
01-01 00:01:43.524 982 1436 E SQLiteDatabase: at com.android.providers.media.MediaScannerService.scan(MediaScannerService.java:82)
01-01 00:01:43.524 982 1436 E SQLiteDatabase: at com.android.providers.media.MediaScannerService.-wrap1(Unknown Source:0)
01-01 00:01:43.524 982 1436 E SQLiteDatabase: at com.android.providers.media.MediaScannerService$ServiceHandler.handleMessage(MediaScannerService.java:252)
01-01 00:01:43.524 982 1436 E SQLiteDatabase: at android.os.Handler.dispatchMessage(Handler.java:105)
01-01 00:01:43.524 982 1436 E SQLiteDatabase: at android.os.Looper.loop(Looper.java:164)
01-01 00:01:43.524 982 1436 E SQLiteDatabase: at com.android.providers.media.MediaScannerService.run(MediaScannerService.java:161)
01-01 00:01:43.524 982 1436 E SQLiteDatabase: at java.lang.Thread.run(Thread.java:764)
01-01 00:01:43.527 982 1436 W MediaProvider: Missing volume for /system/media/audio/ringtones/Playa.ogg; assuming invalid
01-01 00:01:43.537 982 1436 W MediaProvider: Missing volume for /system/media/audio/ringtones/Pyxis.ogg; assuming invalid
01-01 00:01:43.540 982 1436 W MediaProvider: Missing volume for /system/media/audio/ringtones/Rasalas.ogg; assuming invalid
01-01 00:01:43.545 982 1436 W MediaProvider: Missing volume for /system/media/audio/ringtones/Revelation.ogg; assuming invalid
01-01 00:01:43.548 982 1436 W MediaProvider: Missing volume for /system/media/audio/ringtones/Rigel.ogg; assuming invalid
01-01 00:01:43.552 982 1436 W MediaProvider: Missing volume for /system/media/audio/ringtones/Ring_Classic_02.ogg; assuming invalid
01-01 00:01:43.554 982 1436 W MediaProvider: Missing volume for /system/media/audio/ringtones/Ring_Digital_02.ogg; assuming invalid
01-01 00:01:43.557 982 1436 W MediaProvider: Missing volume for /system/media/audio/ringtones/Ring_Synth_02.ogg; assuming invalid
01-01 00:01:43.565 226 1439 E MetadataRetrieverClient: failed to extract an album art
01-01 00:01:43.621 982 1436 W MediaProvider: Missing volume for /system/media/audio/ringtones/Ring_Synth_04.ogg; assuming invalid
01-01 00:01:43.642 982 1436 I MediaScanner: forcing rescan of /system/media/audio/ringtones/Road_Trip.ogg since build fingerprint changed
01-01 00:01:43.662 982 1436 I MediaScanner: forcing rescan of /system/media/audio/ringtones/RomancingTheTone.ogg since build fingerprint changed
01-01 00:01:43.679 982 1436 I MediaScanner: forcing rescan of /system/media/audio/ringtones/Safari.ogg since build fingerprint changed
01-01 00:01:43.697 982 1436 I MediaScanner: forcing rescan of /system/media/audio/ringtones/Savannah.ogg since build fingerprint changed
01-01 00:01:43.714 982 1436 I MediaScanner: forcing rescan of /system/media/audio/ringtones/Scarabaeus.ogg since build fingerprint changed
01-01 00:01:43.741 982 1436 I MediaScanner: forcing rescan of /system/media/audio/ringtones/Sceptrum.ogg since build fingerprint changed
01-01 00:01:43.774 982 1436 I MediaScanner: forcing rescan of /system/media/audio/ringtones/Seville.ogg since build fingerprint changed
01-01 00:01:43.792 982 1436 I MediaScanner: forcing rescan of /system/media/audio/ringtones/Shes_All_That.ogg since build fingerprint changed
01-01 00:01:43.809 982 1436 I MediaScanner: forcing rescan of /system/media/audio/ringtones/SilkyWay.ogg since build fingerprint changed
01-01 00:01:43.826 982 1436 I MediaScanner: forcing rescan of /system/media/audio/ringtones/SitarVsSitar.ogg since build fingerprint changed
01-01 00:01:43.841 982 1436 I MediaScanner: forcing rescan of /system/media/audio/ringtones/Solarium.ogg since build fingerprint changed
01-01 00:01:43.865 982 1436 I MediaScanner: forcing rescan of /system/media/audio/ringtones/SpringyJalopy.ogg since build fingerprint changed
01-01 00:01:43.883 982 1436 I MediaScanner: forcing rescan of /system/media/audio/ringtones/Steppin_Out.ogg since build fingerprint changed
01-01 00:01:43.900 982 1436 I MediaScanner: forcing rescan of /system/media/audio/ringtones/Terminated.ogg since build fingerprint changed
01-01 00:01:43.916 982 1436 I MediaScanner: forcing rescan of /system/media/audio/ringtones/Testudo.ogg since build fingerprint changed
01-01 00:01:43.937 982 1436 I MediaScanner: forcing rescan of /system/media/audio/ringtones/Themos.ogg since build fingerprint changed
01-01 00:01:43.967 982 1436 I MediaScanner: forcing rescan of /system/media/audio/ringtones/Third_Eye.ogg since build fingerprint changed
01-01 00:01:43.984 982 1436 I MediaScanner: forcing rescan of /system/media/audio/ringtones/Thunderfoot.ogg since build fingerprint changed
01-01 00:01:44.001 982 1436 I MediaScanner: forcing rescan of /system/media/audio/ringtones/TwirlAway.ogg since build fingerprint changed
01-01 00:01:44.018 982 1436 I MediaScanner: forcing rescan of /system/media/audio/ringtones/URSAMINOR.ogg since build fingerprint changed
01-01 00:01:44.047 982 1436 I MediaScanner: forcing rescan of /system/media/audio/ringtones/UrsaMinor.ogg since build fingerprint changed
01-01 00:01:44.076 982 1436 I MediaScanner: forcing rescan of /system/media/audio/ringtones/VeryAlarmed.ogg since build fingerprint changed
01-01 00:01:44.092 982 1436 I MediaScanner: forcing rescan of /system/media/audio/ringtones/Vespa.ogg since build fingerprint changed
01-01 00:01:44.106 982 1436 I MediaScanner: forcing rescan of /system/media/audio/ringtones/World.ogg since build fingerprint changed
01-01 00:01:44.122 982 1436 I MediaScanner: forcing rescan of /system/media/audio/ringtones/Zeta.ogg since build fingerprint changed
01-01 00:01:44.144 982 1436 I MediaScanner: forcing rescan of /system/media/audio/ringtones/hydra.ogg since build fingerprint changed
01-01 00:01:44.371 982 1436 W MediaScanner: Error opening directory '/oem/media/', skipping: No such file or directory.
01-01 00:01:44.373 982 1436 W MediaProvider: Missing volume for /system/media/audio/ui; assuming invalid
01-01 00:01:44.382 982 1436 W MediaProvider: Missing volume for /system/media/audio/ringtones/Road_Trip.ogg; assuming invalid
01-01 00:01:44.384 982 1436 W MediaProvider: Missing volume for /system/media/audio/ringtones/RomancingTheTone.ogg; assuming invalid
01-01 00:01:44.386 982 1436 W MediaProvider: Missing volume for /system/media/audio/ringtones/Safari.ogg; assuming invalid
01-01 00:01:44.388 982 1436 W MediaProvider: Missing volume for /system/media/audio/ringtones/Savannah.ogg; assuming invalid
01-01 00:01:44.390 982 1436 W MediaProvider: Missing volume for /system/media/audio/ringtones/Scarabaeus.ogg; assuming invalid
01-01 00:01:44.393 982 1436 W MediaProvider: Missing volume for /system/media/audio/ringtones/Sceptrum.ogg; assuming invalid
01-01 00:01:44.395 982 1436 W MediaProvider: Missing volume for /system/media/audio/ringtones/Seville.ogg; assuming invalid
01-01 00:01:44.397 982 1436 W MediaProvider: Missing volume for /system/media/audio/ringtones/Shes_All_That.ogg; assuming invalid
01-01 00:01:44.399 982 1436 W MediaProvider: Missing volume for /system/media/audio/ringtones/SilkyWay.ogg; assuming invalid
01-01 00:01:44.402 982 1436 W MediaProvider: Missing volume for /system/media/audio/ringtones/SitarVsSitar.ogg; assuming invalid
01-01 00:01:44.410 982 1436 W MediaProvider: Missing volume for /system/media/audio/ringtones/Solarium.ogg; assuming invalid
01-01 00:01:44.414 982 1436 W MediaProvider: Missing volume for /system/media/audio/ringtones/SpringyJalopy.ogg; assuming invalid
01-01 00:01:44.417 982 1436 W MediaProvider: Missing volume for /system/media/audio/ringtones/Steppin_Out.ogg; assuming invalid
01-01 00:01:44.419 982 1436 W MediaProvider: Missing volume for /system/media/audio/ringtones/Terminated.ogg; assuming invalid
01-01 00:01:44.424 982 1436 W MediaProvider: Missing volume for /system/media/audio/ringtones/Testudo.ogg; assuming invalid
01-01 00:01:44.428 982 1436 W MediaProvider: Missing volume for /system/media/audio/ringtones/Themos.ogg; assuming invalid
01-01 00:01:44.430 982 1436 W MediaProvider: Missing volume for /system/media/audio/ringtones/Third_Eye.ogg; assuming invalid
01-01 00:01:44.433 982 1436 W MediaProvider: Missing volume for /system/media/audio/ringtones/Thunderfoot.ogg; assuming invalid
01-01 00:01:44.435 982 1436 W MediaProvider: Missing volume for /system/media/audio/ringtones/TwirlAway.ogg; assuming invalid
01-01 00:01:44.437 982 1436 W MediaProvider: Missing volume for /system/media/audio/ringtones/URSAMINOR.ogg; assuming invalid
01-01 00:01:44.440 982 1436 W MediaProvider: Missing volume for /system/media/audio/ringtones/UrsaMinor.ogg; assuming invalid
01-01 00:01:44.442 982 1436 E SQLiteDatabase: Error inserting title_key parent=98 is_music=false title=UrsaMinor _size=185005 duration=12800 bucket_id=293500348 is_alarm=false album_artist=null media_type=2 storage_id=0 is_notification=false track=0 bucket_display_name=ringtones _data=/system/media/audio/ringtones/UrsaMinor.ogg is_drm=false _display_name=UrsaMinor.ogg composer=null format=47362 is_ringtone=true artist_id=1 is_podcast=false date_added=104 date_modified=1512244732 mime_type=application/ogg album_id=4
01-01 00:01:44.442 982 1436 E SQLiteDatabase: android.database.sqlite.SQLiteConstraintException: UNIQUE constraint failed: files._data (code 2067)
01-01 00:01:44.442 982 1436 E SQLiteDatabase: at android.database.sqlite.SQLiteConnection.nativeExecuteForLastInsertedRowId(Native Method)
01-01 00:01:44.442 982 1436 E SQLiteDatabase: at android.database.sqlite.SQLiteConnection.executeForLastInsertedRowId(SQLiteConnection.java:782)
01-01 00:01:44.442 982 1436 E SQLiteDatabase: at android.database.sqlite.SQLiteSession.executeForLastInsertedRowId(SQLiteSession.java:788)
01-01 00:01:44.442 982 1436 E SQLiteDatabase: at android.database.sqlite.SQLiteStatement.executeInsert(SQLiteStatement.java:86)
01-01 00:01:44.442 982 1436 E SQLiteDatabase: at android.database.sqlite.SQLiteDatabase.insertWithOnConflict(SQLiteDatabase.java:1474)
01-01 00:01:44.442 982 1436 E SQLiteDatabase: at android.database.sqlite.SQLiteDatabase.insert(SQLiteDatabase.java:1343)
01-01 00:01:44.442 982 1436 E SQLiteDatabase: at com.android.providers.media.MediaProvider.insertFile(MediaProvider.java:2260)
01-01 00:01:44.442 982 1436 E SQLiteDatabase: at com.android.providers.media.MediaProvider.insertInternal(MediaProvider.java:2493)
01-01 00:01:44.442 982 1436 E SQLiteDatabase: at com.android.providers.media.MediaProvider.bulkInsert(MediaProvider.java:1866)
01-01 00:01:44.442 982 1436 E SQLiteDatabase: at android.content.ContentProvider$Transport.bulkInsert(ContentProvider.java:282)
01-01 00:01:44.442 982 1436 E SQLiteDatabase: at android.content.ContentProviderClient.bulkInsert(ContentProviderClient.java:290)
01-01 00:01:44.442 982 1436 E SQLiteDatabase: at android.media.MediaInserter.flush(MediaInserter.java:91)
01-01 00:01:44.442 982 1436 E SQLiteDatabase: at android.media.MediaInserter.flushAll(MediaInserter.java:74)
01-01 00:01:44.442 982 1436 E SQLiteDatabase: at android.media.MediaScanner.scanDirectories(MediaScanner.java:1408)
01-01 00:01:44.442 982 1436 E SQLiteDatabase: at com.android.providers.media.MediaScannerService.scan(MediaScannerService.java:82)
01-01 00:01:44.442 982 1436 E SQLiteDatabase: at com.android.providers.media.MediaScannerService.-wrap1(Unknown Source:0)
01-01 00:01:44.442 982 1436 E SQLiteDatabase: at com.android.providers.media.MediaScannerService$ServiceHandler.handleMessage(MediaScannerService.java:252)
01-01 00:01:44.442 982 1436 E SQLiteDatabase: at android.os.Handler.dispatchMessage(Handler.java:105)
01-01 00:01:44.442 982 1436 E SQLiteDatabase: at android.os.Looper.loop(Looper.java:164)
01-01 00:01:44.442 982 1436 E SQLiteDatabase: at com.android.providers.media.MediaScannerService.run(MediaScannerService.java:161)
01-01 00:01:44.442 982 1436 E SQLiteDatabase: at java.lang.Thread.run(Thread.java:764)
01-01 00:01:44.444 982 1436 W MediaProvider: Missing volume for /system/media/audio/ringtones/VeryAlarmed.ogg; assuming invalid
01-01 00:01:44.446 982 1436 W MediaProvider: Missing volume for /system/media/audio/ringtones/Vespa.ogg; assuming invalid
01-01 00:01:44.448 982 1436 W MediaProvider: Missing volume for /system/media/audio/ringtones/World.ogg; assuming invalid
01-01 00:01:44.451 982 1436 W MediaProvider: Missing volume for /system/media/audio/ringtones/Zeta.ogg; assuming invalid
01-01 00:01:44.456 982 1436 W MediaProvider: Missing volume for /system/media/audio/ui/Dock.ogg; assuming invalid
01-01 00:01:44.459 982 1436 W MediaProvider: Missing volume for /system/media/audio/ui/Effect_Tick.ogg; assuming invalid
01-01 00:01:44.464 982 1436 W MediaProvider: Missing volume for /system/media/audio/ui/KeypressDelete.ogg; assuming invalid
01-01 00:01:44.470 982 1436 W MediaProvider: Missing volume for /system/media/audio/ui/KeypressInvalid.ogg; assuming invalid
01-01 00:01:44.472 226 694 E MetadataRetrieverClient: failed to extract an album art
01-01 00:01:44.475 982 1436 W MediaProvider: Missing volume for /system/media/audio/ui/KeypressReturn.ogg; assuming invalid
01-01 00:01:44.478 982 1436 W MediaProvider: Missing volume for /system/media/audio/ui/KeypressSpacebar.ogg; assuming invalid
01-01 00:01:44.481 982 1436 W MediaProvider: Missing volume for /system/media/audio/ui/KeypressStandard.ogg; assuming invalid
01-01 00:01:44.483 982 1436 W MediaProvider: Missing volume for /system/media/audio/ui/Lock.ogg; assuming invalid
01-01 00:01:44.486 982 1436 W MediaProvider: Missing volume for /system/media/audio/ui/LowBattery.ogg; assuming invalid
01-01 00:01:44.489 982 1436 W MediaProvider: Missing volume for /system/media/audio/ui/Trusted.ogg; assuming invalid
01-01 00:01:44.491 982 1436 W MediaProvider: Missing volume for /system/media/audio/ui/Undock.ogg; assuming invalid
01-01 00:01:44.494 982 1436 W MediaProvider: Missing volume for /system/media/audio/ui/Unlock.ogg; assuming invalid
01-01 00:01:44.497 982 1436 W MediaProvider: Missing volume for /system/media/audio/ui/VideoRecord.ogg; assuming invalid
01-01 00:01:44.499 982 1436 W MediaProvider: Missing volume for /system/media/audio/ui/VideoStop.ogg; assuming invalid
01-01 00:01:44.502 982 1436 W MediaProvider: Missing volume for /system/media/audio/ui/WirelessChargingStarted.ogg; assuming invalid
01-01 00:01:44.504 982 1436 W MediaProvider: Missing volume for /system/media/audio/ui/camera_click.ogg; assuming invalid
01-01 00:01:44.507 982 1436 W MediaProvider: Missing volume for /system/media/audio/ui/camera_focus.ogg; assuming invalid
01-01 00:01:44.561 982 1436 V MediaScanner: pruneDeadThumbnailFiles... android.content.ContentProviderClient$CursorWrapperInner@687d77f
01-01 00:01:44.562 982 1436 V MediaScanner: /pruneDeadThumbnailFiles... android.content.ContentProviderClient$CursorWrapperInner@687d77f
01-01 00:01:44.906 593 593 D ImsResolver: maybeAddedImsService, packageName: com.android.camera2
01-01 00:01:44.913 593 593 D ImsResolver: maybeAddedImsService, packageName: com.android.calendar
01-01 00:01:44.923 319 384 I InputReader: Reconfiguring input devices. changes=0x00000010
01-01 00:01:44.925 593 593 D ImsResolver: maybeAddedImsService, packageName: com.android.gallery3d
01-01 00:01:44.925 593 593 D ImsResolver: maybeAddedImsService, packageName: com.android.settings
01-01 00:01:44.926 593 593 D ImsResolver: maybeAddedImsService, packageName: com.android.email
01-01 00:01:44.930 319 384 I InputReader: Reconfiguring input devices. changes=0x00000010
01-01 00:01:44.931 319 319 I Telecom : DefaultDialerCache: Refreshing default dialer for user 0: now null: DDC.oR@ABM
01-01 00:01:44.939 319 334 W VoiceInteractionManagerService: no available voice interaction services found for user 0
01-01 00:01:44.946 319 319 I Telecom : DefaultDialerCache: Refreshing default dialer for user 0: now null: DDC.oR@ABQ
01-01 00:01:44.947 319 334 W VoiceInteractionManagerService: no available voice interaction services found for user 0
01-01 00:01:44.957 319 334 W VoiceInteractionManagerService: no available voice interaction services found for user 0
01-01 00:01:44.964 319 319 I Telecom : DefaultDialerCache: Refreshing default dialer for user 0: now null: DDC.oR@ABU
01-01 00:01:44.969 319 319 I Telecom : DefaultDialerCache: Refreshing default dialer for user 0: now null: DDC.oR@ABY
01-01 00:01:44.969 319 334 W ResourceType: No known package when getting value for resource number 0x7f080128
01-01 00:01:44.969 319 334 W ResourceType: No known package when getting value for resource number 0x7f120d8d
01-01 00:01:44.969 319 334 W ResourceType: No known package when getting value for resource number 0x7f080127
01-01 00:01:44.969 319 334 W ResourceType: No known package when getting value for resource number 0x7f1203bb
01-01 00:01:44.969 319 334 W ResourceType: No known package when getting value for resource number 0x7f080126
01-01 00:01:44.969 319 334 W ResourceType: No known package when getting value for resource number 0x7f120822
01-01 00:01:44.980 319 334 W VoiceInteractionManagerService: no available voice interaction services found for user 0
01-01 00:01:44.989 319 334 W VoiceInteractionManagerService: no available voice interaction services found for user 0
01-01 00:01:45.031 319 319 I Telecom : DefaultDialerCache: Refreshing default dialer for user 0: now null: DDC.oR@ABc
