01-01 00:02:04.957 179 1479 D CameraHal: (a5eff970) - hardware/ti/dra7xx/camera/CameraHal.cpp:4337 isParameterValid - EXIT
01-01 00:02:04.958 179 1479 D CameraHal: (a5eff970) - hardware/ti/dra7xx/camera/CameraHal.cpp:4264 isResolutionValid - EXIT
01-01 00:02:04.958 179 1479 D CameraHal: (a5eff970) hardware/ti/dra7xx/camera/CameraHal.cpp:646 setParameters - Picture Size by App 1280 x 720
01-01 00:02:04.958 179 1479 D CameraHal: (a5eff970) + hardware/ti/dra7xx/camera/CameraHal.cpp:4313 isParameterValid - ENTER
01-01 00:02:04.958 179 1479 D CameraHal: (a5eff970) - hardware/ti/dra7xx/camera/CameraHal.cpp:4337 isParameterValid - EXIT
01-01 00:02:04.958 179 1479 D CameraHal: (a5eff970) hardware/ti/dra7xx/camera/CameraHal.cpp:1005 setParameters - Jpeg quality set 90
01-01 00:02:04.958 179 1479 D CameraHal: (a5eff970) hardware/ti/dra7xx/camera/CameraHal.cpp:1011 setParameters - Thumbnail width set 320
01-01 00:02:04.958 179 1479 D CameraHal: (a5eff970) hardware/ti/dra7xx/camera/CameraHal.cpp:1017 setParameters - Thumbnail width set 240
01-01 00:02:04.958 179 1479 D CameraHal: (a5eff970) hardware/ti/dra7xx/camera/CameraHal.cpp:1023 setParameters - Thumbnail quality set 50
01-01 00:02:04.958 179 1479 D CameraHal: (a5eff970) hardware/ti/dra7xx/camera/CameraHal.cpp:1130 setParameters - Zoom set 1
01-01 00:02:04.958 179 1479 D CameraHal: (a5eff970) hardware/ti/dra7xx/camera/CameraHal.cpp:1177 setParameters - External Gamma set false
01-01 00:02:04.958 179 1479 D CameraHal: (a5eff970) hardware/ti/dra7xx/camera/CameraHal.cpp:1183 setParameters - NSF1 set true
01-01 00:02:04.958 179 1479 D CameraHal: (a5eff970) hardware/ti/dra7xx/camera/CameraHal.cpp:1189 setParameters - NSF2 set true
01-01 00:02:04.958 179 1479 D CameraHal: (a5eff970) hardware/ti/dra7xx/camera/CameraHal.cpp:1195 setParameters - Sharpening set true
01-01 00:02:04.958 179 1479 D CameraHal: (a5eff970) hardware/ti/dra7xx/camera/CameraHal.cpp:1201 setParameters - Color Conversion set true
01-01 00:02:04.958 179 1479 D CameraHal: (a5eff970) hardware/ti/dra7xx/camera/CameraHal.cpp:1207 setParameters - Green Inballance Correction set true
01-01 00:02:04.958 179 1479 D CameraHal: (a5eff970) + hardware/ti/dra7xx/camera/V4LCameraAdapter/V4LCameraAdapter.cpp:450 setParameters - ENTER
01-01 00:02:04.960 179 1479 D CameraHal: (a5eff970) hardware/ti/dra7xx/camera/V4LCameraAdapter/V4LCameraAdapter.cpp:456 setParameters - Width * Height 1280 x 720 format 0x56595559
01-01 00:02:04.960 179 1479 D CameraHal: (a5eff970) + hardware/ti/dra7xx/camera/V4LCameraAdapter/V4LCameraAdapter.cpp:216 v4lSetFormat - ENTER
01-01 00:02:04.960 179 1479 D CameraHal: (a5eff970) hardware/ti/dra7xx/camera/V4LCameraAdapter/V4LCameraAdapter.cpp:218 v4lSetFormat - Width * Height 1280 x 720 format 0x56595559
01-01 00:02:04.974 179 1479 D CameraHal: (a5eff970) hardware/ti/dra7xx/camera/V4LCameraAdapter/V4LCameraAdapter.cpp:244 v4lSetFormat - VIDIOC_G_FMT : WxH = 1280x720
01-01 00:02:04.974 179 1479 D CameraHal: (a5eff970) hardware/ti/dra7xx/camera/V4LCameraAdapter/V4LCameraAdapter.cpp:245 v4lSetFormat - ### Using: WxH = 1280x720 pixelformat=0x56595559
01-01 00:02:04.974 179 1479 D CameraHal: (a5eff970) hardware/ti/dra7xx/camera/V4LCameraAdapter/V4LCameraAdapter.cpp:246 v4lSetFormat - ### Using: bytesperline=2560 sizeimage=1843200 colorspace=0x1
01-01 00:02:04.974 179 1479 D CameraHal: (a5eff970) - hardware/ti/dra7xx/camera/V4LCameraAdapter/V4LCameraAdapter.cpp:247 v4lSetFormat - EXIT
01-01 00:02:04.974 179 1479 D CameraHal: (a5eff970) hardware/ti/dra7xx/camera/V4LCameraAdapter/V4LCameraAdapter.cpp:465 setParameters - Current fps is 0 new fps is (30000,30000)
01-01 00:02:04.974 179 1479 D CameraHal: (a5eff970) - hardware/ti/dra7xx/camera/V4LCameraAdapter/V4LCameraAdapter.cpp:476 setParameters - EXIT
01-01 00:02:04.974 179 1479 D CameraHal: (a5eff970) - hardware/ti/dra7xx/camera/CameraHal.cpp:1350 setParameters - EXIT
01-01 00:02:04.974 179 1479 D CameraHal: (a5eff970) - hardware/ti/dra7xx/camera/CameraHal.cpp:4227 initialize - EXIT
01-01 00:02:04.975 179 1479 D CameraHal: (a5eff970) + hardware/ti/dra7xx/camera/CameraHal_Module.cpp:171 camera_set_callbacks - ENTER
01-01 00:02:04.975 179 1479 D CameraHal: (a5eff970) + hardware/ti/dra7xx/camera/CameraHal.cpp:231 setCallbacks - ENTER
01-01 00:02:04.975 218 274 I CameraHardwareInterface: Destroying camera 0
01-01 00:02:04.975 179 1479 D CameraHal: (a5eff970) + hardware/ti/dra7xx/camera/AppCallbackNotifier.cpp:84 setCallbacks - ENTER
01-01 00:02:04.975 179 1479 D CameraHal: (a5eff970) - hardware/ti/dra7xx/camera/AppCallbackNotifier.cpp:93 setCallbacks - EXIT
01-01 00:02:04.975 179 1479 D CameraHal: (a5eff970) - hardware/ti/dra7xx/camera/CameraHal.cpp:247 setCallbacks - EXIT
01-01 00:02:04.975 179 1479 D CameraHal: (a5eff970) - hardware/ti/dra7xx/camera/CameraHal_Module.cpp:171 camera_set_callbacks - EXIT
01-01 00:02:04.977 179 1479 D CameraHal: (a5eff970) + hardware/ti/dra7xx/camera/CameraHal_Module.cpp:185 camera_enable_msg_type - ENTER
01-01 00:02:04.977 179 1479 D CameraHal: (a5eff970) + hardware/ti/dra7xx/camera/CameraHal.cpp:259 enableMsgType - ENTER
01-01 00:02:04.977 179 1479 D CameraHal: (a5eff970) hardware/ti/dra7xx/camera/CameraHal.cpp:291 enableMsgType - Preview callback not enabled 409
01-01 00:02:04.977 179 1479 D CameraHal: (a5eff970) - hardware/ti/dra7xx/camera/CameraHal.cpp:298 enableMsgType - EXIT
01-01 00:02:04.977 179 1479 D CameraHal: (a5eff970) - hardware/ti/dra7xx/camera/CameraHal_Module.cpp:185 camera_enable_msg_type - EXIT
01-01 00:02:04.978 179 1479 D CameraHal: (a5eff970) + hardware/ti/dra7xx/camera/CameraHal_Module.cpp:485 camera_get_parameters - ENTER
01-01 00:02:04.978 179 1479 D CameraHal: (a5eff970) + hardware/ti/dra7xx/camera/CameraHal.cpp:3616 getParameters - ENTER
01-01 00:02:04.978 179 1479 D CameraHal: (a5eff970) + hardware/ti/dra7xx/camera/V4LCameraAdapter/V4LCameraAdapter.cpp:483 getParameters - ENTER
01-01 00:02:04.978 179 1479 D CameraHal: (a5eff970) - hardware/ti/dra7xx/camera/V4LCameraAdapter/V4LCameraAdapter.cpp:489 getParameters - EXIT
01-01 00:02:04.979 179 1479 D CameraHal: (a5eff970) - hardware/ti/dra7xx/camera/CameraHal.cpp:3668 getParameters - EXIT
01-01 00:02:04.979 179 1479 D CameraHal: (a5eff970) - hardware/ti/dra7xx/camera/CameraHal_Module.cpp:485 camera_get_parameters - EXIT
01-01 00:02:04.979 179 1479 D CameraHal: (a5eff970) + hardware/ti/dra7xx/camera/CameraHal_Module.cpp:502 camera_put_parameters - ENTER
01-01 00:02:04.979 179 1479 D CameraHal: (a5eff970) - hardware/ti/dra7xx/camera/CameraHal_Module.cpp:502 camera_put_parameters - EXIT
01-01 00:02:04.982 179 1479 D CameraHal: (a5eff970) + hardware/ti/dra7xx/camera/CameraProperties.cpp:67 initialize - ENTER
01-01 00:02:04.982 179 1479 D CameraHal: (a5eff970) - hardware/ti/dra7xx/camera/CameraProperties.cpp:67 initialize - EXIT
01-01 00:02:04.982 179 1479 D CameraHal: (a5eff970) + hardware/ti/dra7xx/camera/CameraParameters.cpp:152 getProperties - ENTER
01-01 00:02:04.982 179 1479 D CameraHal: (a5eff970) - hardware/ti/dra7xx/camera/CameraParameters.cpp:163 getProperties - EXIT
01-01 00:02:04.985 179 1479 D CameraHal: (a5eff970) + hardware/ti/dra7xx/camera/CameraProperties.cpp:67 initialize - ENTER
01-01 00:02:04.985 179 1479 D CameraHal: (a5eff970) - hardware/ti/dra7xx/camera/CameraProperties.cpp:67 initialize - EXIT
01-01 00:02:04.985 179 1479 D CameraHal: (a5eff970) + hardware/ti/dra7xx/camera/CameraParameters.cpp:152 getProperties - ENTER
01-01 00:02:04.985 179 1479 D CameraHal: (a5eff970) - hardware/ti/dra7xx/camera/CameraParameters.cpp:163 getProperties - EXIT
01-01 00:02:04.994 179 1479 D CameraHal: (a5eff970) + hardware/ti/dra7xx/camera/CameraHal_Module.cpp:485 camera_get_parameters - ENTER
01-01 00:02:04.994 179 1479 D CameraHal: (a5eff970) + hardware/ti/dra7xx/camera/CameraHal.cpp:3616 getParameters - ENTER
01-01 00:02:04.994 179 1479 D CameraHal: (a5eff970) + hardware/ti/dra7xx/camera/V4LCameraAdapter/V4LCameraAdapter.cpp:483 getParameters - ENTER
01-01 00:02:04.994 179 1479 D CameraHal: (a5eff970) - hardware/ti/dra7xx/camera/V4LCameraAdapter/V4LCameraAdapter.cpp:489 getParameters - EXIT
01-01 00:02:04.994 179 1479 D CameraHal: (a5eff970) - hardware/ti/dra7xx/camera/CameraHal.cpp:3668 getParameters - EXIT
01-01 00:02:04.994 179 1479 D CameraHal: (a5eff970) - hardware/ti/dra7xx/camera/CameraHal_Module.cpp:485 camera_get_parameters - EXIT
01-01 00:02:04.994 179 1479 D CameraHal: (a5eff970) + hardware/ti/dra7xx/camera/CameraHal_Module.cpp:502 camera_put_parameters - ENTER
01-01 00:02:04.995 179 1479 D CameraHal: (a5eff970) - hardware/ti/dra7xx/camera/CameraHal_Module.cpp:502 camera_put_parameters - EXIT
01-01 00:02:05.014 1269 1501 E Camera : str: 30000,30000
01-01 00:02:05.015 1269 1501 W LegacyMetadataMapper: No AWB modes supported (HAL bug); defaulting to AWB_MODE_AUTO only
01-01 00:02:05.018 153 153 W /system/bin/hwservicemanager: getTransportFromManifest: Cannot find entry android.hardware.media.omx@1.0::IOmx in either framework or device manifest, using default transport.
01-01 00:02:05.019 1269 1560 I OMXClient: Treble IOmx obtained
01-01 00:02:05.020 229 273 I OMXMaster: makeComponentInstance(OMX.google.vorbis.decoder) in omx@1.0-service process
01-01 00:02:05.027 229 273 E OMXNodeInstance: getConfig(0xad228540:google.vorbis.decoder, ConfigAndroidVendorExtension(0x6f100004)) ERROR: Undefined(0x80001001)
01-01 00:02:05.033 175 175 W /system/bin/hw/android.hidl.allocator@1.0-service: ashmem_create_region(32768) returning hidl_memory(0xaf298820, 32768)
01-01 00:02:05.051 175 175 I chatty : uid=1000(system) allocator@1.0-s identical 9 lines
01-01 00:02:05.052 175 175 W /system/bin/hw/android.hidl.allocator@1.0-service: ashmem_create_region(32768) returning hidl_memory(0xaf298820, 32768)
01-01 00:02:05.052 1269 1501 I CAM_Profiler: [248.487ms] GUARD: CaptureModule.openCameraAndStartPreview() - [236.666ms] mOneCameraOpener.open()
01-01 00:02:05.053 179 1479 D CameraHal: (a5eff970) + hardware/ti/dra7xx/camera/CameraProperties.cpp:67 initialize - ENTER
01-01 00:02:05.053 179 1479 D CameraHal: (a5eff970) - hardware/ti/dra7xx/camera/CameraProperties.cpp:67 initialize - EXIT
01-01 00:02:05.053 179 1479 D CameraHal: (a5eff970) + hardware/ti/dra7xx/camera/CameraParameters.cpp:152 getProperties - ENTER
01-01 00:02:05.053 179 1479 D CameraHal: (a5eff970) - hardware/ti/dra7xx/camera/CameraParameters.cpp:163 getProperties - EXIT
01-01 00:02:05.053 1269 1501 I CAM_Profiler: [248.487ms] GUARD: CaptureModule.openCameraAndStartPreview() - STOP
01-01 00:02:05.054 175 175 W /system/bin/hw/android.hidl.allocator@1.0-service: ashmem_create_region(32768) returning hidl_memory(0xaf298820, 32768)
01-01 00:02:05.054 1269 1533 E Camera : str: 30000,30000
01-01 00:02:05.055 1269 1533 W LegacyMetadataMapper: No AWB modes supported (HAL bug); defaulting to AWB_MODE_AUTO only
01-01 00:02:05.074 1269 1533 I CAM_OneCamCreator: Camera support level: LEGACY_JPEG
01-01 00:02:05.084 1269 1533 I CAM_OneCamCreator: Picture Size Configuration: PictureSizeCalculator.Configuration{native size=1280x800, crop=Rect(0, 0 - 1280, 800)}
01-01 00:02:05.096 1269 1533 D CAM_CaptureModule: onCameraOpened: com.android.camera.one.v2.initialization.GenericOneCameraImpl@1246e36
01-01 00:02:05.102 1269 1533 D CAM_CaptureModule: starting preview ...
01-01 00:02:05.114 1269 1269 W CAM_IndicatorIconCtrlr: Trying to sync a pano indicator that is not initialized.
01-01 00:02:05.125 1269 1533 I CameraDeviceState: Legacy camera service transitioning to state CONFIGURING
01-01 00:02:05.129 1269 1565 I RequestThread-0: Configure outputs: 2 surfaces configured.
01-01 00:02:05.129 1269 1565 D Camera : app passed NULL surface
01-01 00:02:05.131 179 1479 D CameraHal: (a5eff970) + hardware/ti/dra7xx/camera/CameraHal_Module.cpp:485 camera_get_parameters - ENTER
01-01 00:02:05.131 179 1479 D CameraHal: (a5eff970) + hardware/ti/dra7xx/camera/CameraHal.cpp:3616 getParameters - ENTER
01-01 00:02:05.131 179 1479 D CameraHal: (a5eff970) + hardware/ti/dra7xx/camera/V4LCameraAdapter/V4LCameraAdapter.cpp:483 getParameters - ENTER
01-01 00:02:05.131 179 1479 D CameraHal: (a5eff970) - hardware/ti/dra7xx/camera/V4LCameraAdapter/V4LCameraAdapter.cpp:489 getParameters - EXIT
01-01 00:02:05.131 179 1479 D CameraHal: (a5eff970) - hardware/ti/dra7xx/camera/CameraHal.cpp:3668 getParameters - EXIT
01-01 00:02:05.132 179 1479 D CameraHal: (a5eff970) - hardware/ti/dra7xx/camera/CameraHal_Module.cpp:485 camera_get_parameters - EXIT
01-01 00:02:05.132 179 1479 D CameraHal: (a5eff970) + hardware/ti/dra7xx/camera/CameraHal_Module.cpp:502 camera_put_parameters - ENTER
01-01 00:02:05.132 179 1479 D CameraHal: (a5eff970) - hardware/ti/dra7xx/camera/CameraHal_Module.cpp:502 camera_put_parameters - EXIT
01-01 00:02:05.135 1269 1565 E Camera : str: 30000,30000
01-01 00:02:05.136 1269 1565 I RequestThread-0: configureOutputs - set take picture size to 1280x800
01-01 00:02:05.196 179 1479 D CameraHal: (a5eff970) + hardware/ti/dra7xx/camera/CameraHal_Module.cpp:469 camera_set_parameters - ENTER
01-01 00:02:05.196 179 1479 D CameraHal: (a5eff970) + hardware/ti/dra7xx/camera/CameraHal.cpp:366 setParameters - ENTER
01-01 00:02:05.196 179 1479 D CameraHal: (a5eff970) + hardware/ti/dra7xx/camera/CameraHal.cpp:389 setParameters - ENTER
01-01 00:02:05.196 179 1479 D CameraHal: (a5eff970) + hardware/ti/dra7xx/camera/CameraHal.cpp:2579 previewEnabled - ENTER
01-01 00:02:05.196 179 1479 D CameraHal: (a5eff970) - hardware/ti/dra7xx/camera/CameraHal.cpp:2579 previewEnabled - EXIT
01-01 00:02:05.196 179 1479 D CameraHal: (a5eff970) + hardware/ti/dra7xx/camera/CameraHal.cpp:4313 isParameterValid - ENTER
01-01 00:02:05.196 179 1479 D CameraHal: (a5eff970) - hardware/ti/dra7xx/camera/CameraHal.cpp:4337 isParameterValid - EXIT
01-01 00:02:05.196 179 1479 D CameraHal: (a5eff970) hardware/ti/dra7xx/camera/CameraHal.cpp:416 setParameters - PreviewFormat set yuv420sp
01-01 00:02:05.196 179 1479 D CameraHal: (a5eff970) hardware/ti/dra7xx/camera/CameraHal.cpp:577 setParameters - Recording Hint is set to NULL
01-01 00:02:05.196 179 1479 D CameraHal: (a5eff970) + hardware/ti/dra7xx/camera/CameraHal.cpp:2803 resetVideoModeParameters - ENTER
01-01 00:02:05.196 179 1479 D CameraHal: (a5eff970) - hardware/ti/dra7xx/camera/CameraHal.cpp:2818 resetVideoModeParameters - EXIT
01-01 00:02:05.196 179 1479 D CameraHal: (a5eff970) + hardware/ti/dra7xx/camera/CameraHal.cpp:4248 isResolutionValid - ENTER
01-01 00:02:05.196 179 1479 D CameraHal: (a5eff970) + hardware/ti/dra7xx/camera/CameraHal.cpp:4313 isParameterValid - ENTER
01-01 00:02:05.196 179 1479 D CameraHal: (a5eff970) - hardware/ti/dra7xx/camera/CameraHal.cpp:4337 isParameterValid - EXIT
01-01 00:02:05.196 179 1479 D CameraHal: (a5eff970) - hardware/ti/dra7xx/camera/CameraHal.cpp:4264 isResolutionValid - EXIT
01-01 00:02:05.196 179 1479 D CameraHal: (a5eff970) hardware/ti/dra7xx/camera/CameraHal.cpp:598 setParameters - Preview Resolution: 1280 x 800
01-01 00:02:05.197 179 1479 D CameraHal: (a5eff970) + hardware/ti/dra7xx/camera/CameraHal.cpp:4313 isParameterValid - ENTER
01-01 00:02:05.197 179 1479 D CameraHal: (a5eff970) - hardware/ti/dra7xx/camera/CameraHal.cpp:4337 isParameterValid - EXIT
01-01 00:02:05.197 179 1479 D CameraHal: (a5eff970) hardware/ti/dra7xx/camera/CameraHal.cpp:602 setParameters - Focus mode set fixed
01-01 00:02:05.197 179 1479 D CameraHal: (a5eff970) + hardware/ti/dra7xx/camera/CameraHal.cpp:4248 isResolutionValid - ENTER
01-01 00:02:05.197 179 1479 D CameraHal: (a5eff970) + hardware/ti/dra7xx/camera/CameraHal.cpp:4313 isParameterValid - ENTER
01-01 00:02:05.197 179 1479 D CameraHal: (a5eff970) - hardware/ti/dra7xx/camera/CameraHal.cpp:4337 isParameterValid - EXIT
01-01 00:02:05.197 179 1479 D CameraHal: (a5eff970) - hardware/ti/dra7xx/camera/CameraHal.cpp:4264 isResolutionValid - EXIT
01-01 00:02:05.197 179 1479 D CameraHal: (a5eff970) hardware/ti/dra7xx/camera/CameraHal.cpp:646 setParameters - Picture Size by App 1280 x 800
01-01 00:02:05.197 179 1479 D CameraHal: (a5eff970) + hardware/ti/dra7xx/camera/CameraHal.cpp:4313 isParameterValid - ENTER
01-01 00:02:05.197 179 1479 D CameraHal: (a5eff970) - hardware/ti/dra7xx/camera/CameraHal.cpp:4337 isParameterValid - EXIT
01-01 00:02:05.197 179 1479 D CameraHal: (a5eff970) hardware/ti/dra7xx/camera/CameraHal.cpp:700 setParameters - ## current minFPS = 30000; maxFPS=30000
01-01 00:02:05.197 179 1479 D CameraHal: (a5eff970) hardware/ti/dra7xx/camera/CameraHal.cpp:701 setParameters - ## requested minFPS = 0; maxFPS=3000
01-01 00:02:05.198 179 1479 D CameraHal: (a5eff970) + hardware/ti/dra7xx/camera/CameraHal.cpp:4277 isFpsRangeValid - ENTER
01-01 00:02:05.198 179 1479 D CameraHal: (a5eff970) - hardware/ti/dra7xx/camera/CameraHal.cpp:4277 isFpsRangeValid - EXIT
01-01 00:02:05.198 179 1479 D CameraHal: (a5eff970) + hardware/ti/dra7xx/camera/CameraHal.cpp:4277 isFpsRangeValid - ENTER
01-01 00:02:05.198 179 1479 E CameraHal: (a5eff970) hardware/ti/dra7xx/camera/CameraHal.cpp:4280 isFpsRangeValid - Invalid supported FPS ranges string
01-01 00:02:05.198 179 1479 D CameraHal: (a5eff970) - hardware/ti/dra7xx/camera/CameraHal.cpp:4277 isFpsRangeValid - EXIT
01-01 00:02:05.198 179 1479 E CameraHal: (a5eff970) hardware/ti/dra7xx/camera/CameraHal.cpp:704 setParameters - Trying to set invalid FPS Range (0,3000)
01-01 00:02:05.198 179 1479 D CameraHal: (a5eff970) - hardware/ti/dra7xx/camera/CameraHal.cpp:389 setParameters - EXIT
01-01 00:02:05.198 179 1479 D CameraHal: (a5eff970) - hardware/ti/dra7xx/camera/CameraHal.cpp:373 setParameters - EXIT
01-01 00:02:05.198 179 1479 D CameraHal: (a5eff970) - hardware/ti/dra7xx/camera/CameraHal_Module.cpp:469 camera_set_parameters - EXIT
01-01 00:02:05.203 1269 1565 E RequestThread-0: Received device exception while configuring:
01-01 00:02:05.203 1269 1565 E RequestThread-0: java.lang.RuntimeException: setParameters failed
01-01 00:02:05.203 1269 1565 E RequestThread-0: at android.hardware.Camera.native_setParameters(Native Method)
01-01 00:02:05.203 1269 1565 E RequestThread-0: at android.hardware.Camera.setParameters(Camera.java:1898)
01-01 00:02:05.203 1269 1565 E RequestThread-0: at android.hardware.camera2.legacy.RequestThreadManager.configureOutputs(RequestThreadManager.java:514)
01-01 00:02:05.203 1269 1565 E RequestThread-0: at android.hardware.camera2.legacy.RequestThreadManager.-wrap0(Unknown Source:0)
01-01 00:02:05.203 1269 1565 E RequestThread-0: at android.hardware.camera2.legacy.RequestThreadManager$5.handleMessage(RequestThreadManager.java:704)
01-01 00:02:05.203 1269 1565 E RequestThread-0: at android.os.Handler.dispatchMessage(Handler.java:101)
01-01 00:02:05.203 1269 1565 E RequestThread-0: at android.os.Looper.loop(Looper.java:164)
01-01 00:02:05.203 1269 1565 E RequestThread-0: at android.os.HandlerThread.run(HandlerThread.java:65)
01-01 00:02:05.203 1269 1565 I CameraDeviceState: Legacy camera service transitioning to state ERROR
01-01 00:02:05.204 1269 1533 I CameraDeviceState: Legacy camera service transitioning to state IDLE
01-01 00:02:05.204 1269 1533 E CameraDeviceState: Cannot call idle while in state: 0
01-01 00:02:05.217 1269 1533 V CAM_SettingsManager: listeners: [com.android.camera.app.CameraAppUI@8a649bd, com.android.camera.ButtonManager@c060703, com.android.camera.widget.IndicatorIconController@872c4b9, com.android.camera.settings.SettingObserver$Listener@602c435]
01-01 00:02:05.217 1269 1533 V CAM_SettingsManager: listeners: [com.android.camera.app.CameraAppUI@8a649bd, com.android.camera.ButtonManager@c060703, com.android.camera.widget.IndicatorIconController@872c4b9, com.android.camera.settings.SettingObserver$Listener@602c435, com.android.camera.settings.SettingObserver$Listener@890723b]
01-01 00:02:05.224 1269 1269 D CAM_CaptureModule: Ready for capture.
01-01 00:02:05.224 1269 1269 V CAM_CameraAppUI: onPreviewStarted
01-01 00:02:05.224 1269 1533 E CAM_FatalErrorHandler: Handling Camera Access Failure:
01-01 00:02:05.224 1269 1533 E CAM_FatalErrorHandler: java.lang.Exception
01-01 00:02:05.224 1269 1533 E CAM_FatalErrorHandler: at com.android.camera.FatalErrorHandlerImpl.onGenericCameraAccessFailure(FatalErrorHandlerImpl.java:84)
01-01 00:02:05.224 1269 1533 E CAM_FatalErrorHandler: at com.android.camera.one.v2.Camera2OneCameraOpenerImpl$1.onError(Camera2OneCameraOpenerImpl.java:154)
01-01 00:02:05.224 1269 1533 E CAM_FatalErrorHandler: at android.hardware.camera2.impl.CameraDeviceImpl$CameraDeviceCallbacks$1.run(CameraDeviceImpl.java:1756)
01-01 00:02:05.224 1269 1533 E CAM_FatalErrorHandler: at android.os.Handler.handleCallback(Handler.java:789)
01-01 00:02:05.224 1269 1533 E CAM_FatalErrorHandler: at android.os.Handler.dispatchMessage(Handler.java:98)
01-01 00:02:05.224 1269 1533 E CAM_FatalErrorHandler: at android.os.Looper.loop(Looper.java:164)
01-01 00:02:05.224 1269 1533 E CAM_FatalErrorHandler: at android.os.HandlerThread.run(HandlerThread.java:65)
01-01 00:02:05.224 1269 1533 E CAM_CameraUtil: Show fatal error dialog
01-01 00:02:05.240 1269 1570 D CAM_CommandExecutor: Executing command: com.android.camera.one.v2.commands.PreviewCommand@ad435d START
01-01 00:02:05.241 1269 1570 D CAM_CommandExecutor: Unable to connect to camera while executing command: com.android.camera.one.v2.commands.PreviewCommand@ad435d
01-01 00:02:05.320 1229 1274 D InitAlarmsService: Clearing and rescheduling alarms.
01-01 00:02:05.602 1269 1290 D SharedPreferencesImpl: Time required to fsync /data/user/0/com.android.camera2/shared_prefs/com.android.camera2_preferences.xml: [<1: 0, <2: 0, <4: 0, <8: 0, <16: 2, <32: 1, <64: 1, <128: 0, <256: 0, <512: 0, <1024: 1, <2048: 0, <4096: 0, <8192: 0, <16384: 0, >=16384: 0]
01-01 00:02:06.154 319 463 E TaskPersister: File error accessing recents directory (directory doesn't exist?).
01-01 00:02:19.257 319 1572 I BackgroundDexOptService: Pinning optimized code {}
01-01 00:03:00.003 319 319 I ActivityManager: Killing 891:com.android.provision/u0a21 (adj 906): empty #17
01-01 00:03:00.003 319 319 I ActivityManager: Killing 835:android.ext.services/u0a14 (adj 906): empty #18
01-01 00:04:19.492 217 276 W APM_AudioPolicyManager: getOutput() could not find output for stream 1, samplingRate 0,format 0, channels 3, flags 0
01-01 00:04:19.493 217 276 W APM_AudioPolicyManager: getOutput() could not find output for stream 1, samplingRate 0,format 0, channels 3, flags 0
01-01 00:04:19.496 1269 1269 V CAM_QuickActivity: START onPause: Activity = com.android.camera.CameraActivity@d59ede1
01-01 00:04:19.496 1269 1269 V CAM_QuickActivity: onPause --> onPauseTasks()
01-01 00:04:19.496 1269 1269 V CAM_Profiler: [ 0.000ms][ui] GUARD: CameraActivity.onPause - START
01-01 00:04:19.500 217 276 W APM_AudioPolicyManager: getOutput() could not find output for stream 1, samplingRate 48000,format 1, channels 3, flags 4
01-01 00:04:19.501 1269 1577 D CAM_CommandExecutor: Executing command: com.android.camera.one.v2.commands.PreviewCommand@ad435d START
01-01 00:04:19.501 1269 1577 D CAM_CommandExecutor: Unable to connect to camera while executing command: com.android.camera.one.v2.commands.PreviewCommand@ad435d
01-01 00:04:19.503 319 444 E AudioTrack: Could not get audio output for session 105, stream type -1, usage 13, sample rate 48000, format 0x1, channel mask 0x3, flags 0x4
01-01 00:04:19.503 319 444 E SoundPool: Error creating AudioTrack
01-01 00:04:19.506 1269 1269 V CAM_Profiler: [ 0.000ms][ui] GUARD: CaptureModule.closeCamera() - START
01-01 00:04:19.506 1269 1269 V CAM_Profiler: [ 0.341ms][ui] GUARD: CaptureModule.closeCamera() - [ 0.341ms] mCameraOpenCloseLock.acquire()
01-01 00:04:19.562 179 1479 D CameraHal: (a5eff970) + hardware/ti/dra7xx/camera/CameraHal_Module.cpp:199 camera_disable_msg_type - ENTER
01-01 00:04:19.562 179 1479 D CameraHal: (a5eff970) + hardware/ti/dra7xx/camera/CameraHal.cpp:310 disableMsgType - ENTER
01-01 00:04:19.562 179 1479 D CameraHal: (a5eff970) hardware/ti/dra7xx/camera/CameraHal.cpp:319 disableMsgType - Disabling Preview Callback
01-01 00:04:19.562 179 1479 D CameraHal: (a5eff970) + hardware/ti/dra7xx/camera/CameraHalUtilClasses.cpp:49 disableFrameNotification - ENTER
01-01 00:04:19.562 179 1479 D CameraHal: (a5eff970) + hardware/ti/dra7xx/camera/BaseCameraAdapter.cpp:236 disableMsgType - ENTER
01-01 00:04:19.562 179 1479 V CameraHal: (a5eff970) hardware/ti/dra7xx/camera/BaseCameraAdapter.cpp:243 disableMsgType - Frame message type id=0x1 remove subscription request
01-01 00:04:19.562 179 1479 D CameraHal: (a5eff970) - hardware/ti/dra7xx/camera/BaseCameraAdapter.cpp:299 disableMsgType - EXIT
01-01 00:04:19.562 179 1479 D CameraHal: (a5eff970) - hardware/ti/dra7xx/camera/CameraHalUtilClasses.cpp:56 disableFrameNotification - EXIT
01-01 00:04:19.562 179 1479 D CameraHal: (a5eff970) - hardware/ti/dra7xx/camera/CameraHal.cpp:325 disableMsgType - EXIT
01-01 00:04:19.562 179 1479 D CameraHal: (a5eff970) - hardware/ti/dra7xx/camera/CameraHal_Module.cpp:199 camera_disable_msg_type - EXIT
01-01 00:04:19.563 179 1479 D CameraHal: (a5eff970) + hardware/ti/dra7xx/camera/CameraHal_Module.cpp:199 camera_disable_msg_type - ENTER
01-01 00:04:19.563 179 1479 D CameraHal: (a5eff970) + hardware/ti/dra7xx/camera/CameraHal.cpp:310 disableMsgType - ENTER
01-01 00:04:19.563 179 1479 D CameraHal: (a5eff970) hardware/ti/dra7xx/camera/CameraHal.cpp:319 disableMsgType - Disabling Preview Callback
01-01 00:04:19.563 179 1479 D CameraHal: (a5eff970) + hardware/ti/dra7xx/camera/CameraHalUtilClasses.cpp:49 disableFrameNotification - ENTER
01-01 00:04:19.563 179 1479 D CameraHal: (a5eff970) + hardware/ti/dra7xx/camera/BaseCameraAdapter.cpp:236 disableMsgType - ENTER
01-01 00:04:19.563 179 1479 V CameraHal: (a5eff970) hardware/ti/dra7xx/camera/BaseCameraAdapter.cpp:243 disableMsgType - Frame message type id=0x1 remove subscription request
01-01 00:04:19.565 179 1479 D CameraHal: (a5eff970) - hardware/ti/dra7xx/camera/BaseCameraAdapter.cpp:299 disableMsgType - EXIT
01-01 00:04:19.565 179 1479 D CameraHal: (a5eff970) - hardware/ti/dra7xx/camera/CameraHalUtilClasses.cpp:56 disableFrameNotification - EXIT
01-01 00:04:19.565 179 1479 D CameraHal: (a5eff970) + hardware/ti/dra7xx/camera/CameraHalUtilClasses.cpp:49 disableFrameNotification - ENTER
01-01 00:04:19.565 179 1479 D CameraHal: (a5eff970) + hardware/ti/dra7xx/camera/BaseCameraAdapter.cpp:236 disableMsgType - ENTER
01-01 00:04:19.565 179 1479 V CameraHal: (a5eff970) hardware/ti/dra7xx/camera/BaseCameraAdapter.cpp:243 disableMsgType - Frame message type id=0x200 remove subscription request
01-01 00:04:19.565 179 1479 D CameraHal: (a5eff970) - hardware/ti/dra7xx/camera/BaseCameraAdapter.cpp:299 disableMsgType - EXIT
01-01 00:04:19.565 179 1479 D CameraHal: (a5eff970) - hardware/ti/dra7xx/camera/CameraHalUtilClasses.cpp:56 disableFrameNotification - EXIT
01-01 00:04:19.565 179 1479 D CameraHal: (a5eff970) + hardware/ti/dra7xx/camera/CameraHalUtilClasses.cpp:49 disableFrameNotification - ENTER
01-01 00:04:19.565 179 1479 D CameraHal: (a5eff970) + hardware/ti/dra7xx/camera/BaseCameraAdapter.cpp:236 disableMsgType - ENTER
01-01 00:04:19.565 179 1479 V CameraHal: (a5eff970) hardware/ti/dra7xx/camera/BaseCameraAdapter.cpp:243 disableMsgType - Frame message type id=0x100 remove subscription request
01-01 00:04:19.565 179 1479 D CameraHal: (a5eff970) - hardware/ti/dra7xx/camera/BaseCameraAdapter.cpp:299 disableMsgType - EXIT
01-01 00:04:19.565 179 1479 D CameraHal: (a5eff970) - hardware/ti/dra7xx/camera/CameraHalUtilClasses.cpp:56 disableFrameNotification - EXIT
01-01 00:04:19.565 179 1479 D CameraHal: (a5eff970) - hardware/ti/dra7xx/camera/CameraHal.cpp:325 disableMsgType - EXIT
01-01 00:04:19.565 179 1479 D CameraHal: (a5eff970) - hardware/ti/dra7xx/camera/CameraHal_Module.cpp:199 camera_disable_msg_type - EXIT
01-01 00:04:19.565 179 1479 D CameraHal: (a5eff970) + hardware/ti/dra7xx/camera/CameraHal_Module.cpp:244 camera_stop_preview - ENTER
01-01 00:04:19.565 179 1479 D CameraHal: (a5eff970) + hardware/ti/dra7xx/camera/CameraHal.cpp:2539 stopPreview - ENTER
01-01 00:04:19.565 179 1479 D CameraHal: (a5eff970) + hardware/ti/dra7xx/camera/CameraHal.cpp:2579 previewEnabled - ENTER
01-01 00:04:19.565 179 1479 D CameraHal: (a5eff970) - hardware/ti/dra7xx/camera/CameraHal.cpp:2579 previewEnabled - EXIT
01-01 00:04:19.565 179 1479 D CameraHal: (a5eff970) - hardware/ti/dra7xx/camera/CameraHal.cpp:2543 stopPreview - EXIT
01-01 00:04:19.565 179 1479 D CameraHal: (a5eff970) - hardware/ti/dra7xx/camera/CameraHal_Module.cpp:244 camera_stop_preview - EXIT
01-01 00:04:19.566 179 1479 D CameraHal: (a5eff970) + hardware/ti/dra7xx/camera/CameraHal_Module.cpp:419 camera_cancel_picture - ENTER
01-01 00:04:19.566 179 1479 D CameraHal: (a5eff970) + hardware/ti/dra7xx/camera/CameraHal.cpp:3596 cancelPicture - ENTER
01-01 00:04:19.566 179 1479 D CameraHal: (a5eff970) + hardware/ti/dra7xx/camera/CameraHal.cpp:1658 signalEndImageCapture - ENTER
01-01 00:04:19.566 179 1479 D CameraHal: (a5eff970) + hardware/ti/dra7xx/camera/BaseCameraAdapter.cpp:410 sendCommand - ENTER
01-01 00:04:19.566 179 1479 D CameraHal: (a5eff970) + hardware/ti/dra7xx/camera/BaseCameraAdapter.cpp:1903 setState - ENTER
01-01 00:04:19.566 179 1479 D CameraHal: (a5eff970) - hardware/ti/dra7xx/camera/BaseCameraAdapter.cpp:2485 setState - EXIT
01-01 00:04:19.566 179 1479 D CameraHal: (a5eff970) + hardware/ti/dra7xx/camera/BaseCameraAdapter.cpp:2595 rollbackState - ENTER
01-01 00:04:19.566 179 1479 D CameraHal: (a5eff970) - hardware/ti/dra7xx/camera/BaseCameraAdapter.cpp:2601 rollbackState - EXIT
01-01 00:04:19.566 179 1479 D CameraHal: (a5eff970) - hardware/ti/dra7xx/camera/BaseCameraAdapter.cpp:1124 sendCommand - EXIT
01-01 00:04:19.566 179 1479 D CameraHal: (a5eff970) - hardware/ti/dra7xx/camera/CameraHal.cpp:1674 signalEndImageCapture - EXIT
01-01 00:04:19.566 179 1479 D CameraHal: (a5eff970) - hardware/ti/dra7xx/camera/CameraHal.cpp:3596 cancelPicture - EXIT
01-01 00:04:19.566 179 1479 D CameraHal: (a5eff970) - hardware/ti/dra7xx/camera/CameraHal_Module.cpp:419 camera_cancel_picture - EXIT
01-01 00:04:19.567 179 1479 I CamDev@1.0-impl: Closing camera 0
01-01 00:04:19.567 179 1479 D CameraHal: (a5eff970) + hardware/ti/dra7xx/camera/CameraHal_Module.cpp:580 camera_device_close - ENTER
01-01 00:04:19.567 179 1479 D CameraHal: (a5eff970) + hardware/ti/dra7xx/camera/CameraHal.cpp:4058 ~CameraHal - ENTER
01-01 00:04:19.567 179 1479 D CameraHal: (a5eff970) + hardware/ti/dra7xx/camera/CameraHal.cpp:4678 deinitialize - ENTER
01-01 00:04:19.567 179 1479 D CameraHal: (a5eff970) - hardware/ti/dra7xx/camera/CameraHal.cpp:4691 deinitialize - EXIT
01-01 00:04:19.567 179 1479 D CameraHal: (a5eff970) + hardware/ti/dra7xx/camera/AppCallbackNotifier.cpp:1172 ~AppCallbackNotifier - ENTER
01-01 00:04:19.567 179 1479 D CameraHal: (a5eff970) + hardware/ti/dra7xx/camera/AppCallbackNotifier.cpp:1666 stop - ENTER
01-01 00:04:19.567 179 1479 D CameraHal: (a5eff970) hardware/ti/dra7xx/camera/AppCallbackNotifier.cpp:1678 stop - --> AppCallbackNotifier NOTIFIER_STOPPED
01-01 00:04:19.567 179 1479 D CameraHal: (a5eff970) - hardware/ti/dra7xx/camera/AppCallbackNotifier.cpp:1681 stop - EXIT
01-01 00:04:19.567 179 1479 D CameraHal: (a5eff970) + hardware/ti/dra7xx/camera/CameraHalUtilClasses.cpp:49 disableFrameNotification - ENTER
01-01 00:04:19.567 179 1479 D CameraHal: (a5eff970) + hardware/ti/dra7xx/camera/BaseCameraAdapter.cpp:236 disableMsgType - ENTER
01-01 00:04:19.567 179 1479 V CameraHal: (a5eff970) hardware/ti/dra7xx/camera/BaseCameraAdapter.cpp:243 disableMsgType - Frame message type id=0xffff remove subscription request
01-01 00:04:19.567 179 1479 D CameraHal: (a5eff970) - hardware/ti/dra7xx/camera/BaseCameraAdapter.cpp:299 disableMsgType - EXIT
01-01 00:04:19.567 179 1479 D CameraHal: (a5eff970) - hardware/ti/dra7xx/camera/CameraHalUtilClasses.cpp:56 disableFrameNotification - EXIT
01-01 00:04:19.567 179 1479 D CameraHal: (a5eff970) + hardware/ti/dra7xx/camera/CameraHalUtilClasses.cpp:103 disableEventNotification - ENTER
01-01 00:04:19.567 179 1479 D CameraHal: (a5eff970) + hardware/ti/dra7xx/camera/BaseCameraAdapter.cpp:236 disableMsgType - ENTER
01-01 00:04:19.567 179 1479 V CameraHal: (a5eff970) hardware/ti/dra7xx/camera/BaseCameraAdapter.cpp:284 disableMsgType - Event message type id=0xffff remove subscription request
01-01 00:04:19.567 179 1479 D CameraHal: (a5eff970) - hardware/ti/dra7xx/camera/BaseCameraAdapter.cpp:299 disableMsgType - EXIT
01-01 00:04:19.567 179 1479 D CameraHal: (a5eff970) - hardware/ti/dra7xx/camera/CameraHalUtilClasses.cpp:110 disableEventNotification - EXIT
01-01 00:04:19.567 179 1558 D CameraHal: (a6085970) hardware/ti/dra7xx/camera/AppCallbackNotifier.cpp:152 notificationThread - Notification Thread received message
01-01 00:04:19.567 179 1558 D CameraHal: (a6085970) hardware/ti/dra7xx/camera/AppCallbackNotifier.cpp:156 notificationThread - Notification Thread received message from Camera HAL
01-01 00:04:19.567 179 1558 D CameraHal: (a6085970) + hardware/ti/dra7xx/camera/AppCallbackNotifier.cpp:1140 processMessage - ENTER
01-01 00:04:19.567 179 1558 D CameraHal: (a6085970) hardware/ti/dra7xx/camera/AppCallbackNotifier.cpp:1142 processMessage - +Msg get...
01-01 00:04:19.567 179 1558 D CameraHal: (a6085970) hardware/ti/dra7xx/camera/AppCallbackNotifier.cpp:1144 processMessage - -Msg get...
01-01 00:04:19.567 179 1558 D CameraHal: (a6085970) hardware/ti/dra7xx/camera/AppCallbackNotifier.cpp:1151 processMessage - Received NOTIFIER_EXIT command from Camera HAL
01-01 00:04:19.567 179 1558 D CameraHal: (a6085970) - hardware/ti/dra7xx/camera/AppCallbackNotifier.cpp:1163 processMessage - EXIT
01-01 00:04:19.567 179 1558 D CameraHal: (a6085970) hardware/ti/dra7xx/camera/AppCallbackNotifier.cpp:159 notificationThread - Notification Thread exiting.
01-01 00:04:19.567 179 1479 D CameraHal: (a5eff970) hardware/ti/dra7xx/camera/AppCallbackNotifier.cpp:1207 ~AppCallbackNotifier - Stopping Event Provider
01-01 00:04:19.567 179 1479 D CameraHal: (a5eff970) hardware/ti/dra7xx/camera/AppCallbackNotifier.cpp:1215 ~AppCallbackNotifier - Stopping Frame Provider
01-01 00:04:19.567 179 1479 D CameraHal: (a5eff970) + hardware/ti/dra7xx/camera/AppCallbackNotifier.cpp:1228 releaseSharedVideoBuffers - ENTER
01-01 00:04:19.567 179 1479 D CameraHal: (a5eff970) - hardware/ti/dra7xx/camera/AppCallbackNotifier.cpp:1251 releaseSharedVideoBuffers - EXIT
01-01 00:04:19.567 179 1479 D CameraHal: (a5eff970) - hardware/ti/dra7xx/camera/AppCallbackNotifier.cpp:1222 ~AppCallbackNotifier - EXIT
01-01 00:04:19.567 179 1479 D CameraHal: (a5eff970) + hardware/ti/dra7xx/camera/V4LCameraAdapter/V4LCameraAdapter.cpp:917 ~V4LCameraAdapter - ENTER
01-01 00:04:19.568 179 1479 D CameraHal: (a5eff970) - hardware/ti/dra7xx/camera/V4LCameraAdapter/V4LCameraAdapter.cpp:937 ~V4LCameraAdapter - EXIT
01-01 00:04:19.568 179 1479 D CameraHal: (a5eff970) + hardware/ti/dra7xx/camera/BaseCameraAdapter.cpp:104 ~BaseCameraAdapter - ENTER
01-01 00:04:19.568 179 1479 D CameraHal: (a5eff970) - hardware/ti/dra7xx/camera/BaseCameraAdapter.cpp:119 ~BaseCameraAdapter - EXIT
01-01 00:04:19.568 179 1479 D CameraHal: (a5eff970) + hardware/ti/dra7xx/camera/CameraHal.cpp:1683 freeImageBufs - ENTER
01-01 00:04:19.568 179 1479 D CameraHal: (a5eff970) - hardware/ti/dra7xx/camera/CameraHal.cpp:1683 freeImageBufs - EXIT
01-01 00:04:19.568 179 1479 D CameraHal: (a5eff970) + hardware/ti/dra7xx/camera/CameraHal.cpp:1729 freeRawBufs - ENTER
01-01 00:04:19.569 179 1479 D CameraHal: (a5eff970) - hardware/ti/dra7xx/camera/CameraHal.cpp:1741 freeRawBufs - EXIT
01-01 00:04:19.569 179 1479 D CameraHal: (a5eff970) - hardware/ti/dra7xx/camera/CameraHal.cpp:4090 ~CameraHal - EXIT
01-01 00:04:19.569 179 1479 D CameraHal: (a5eff970) - hardware/ti/dra7xx/camera/CameraHal_Module.cpp:580 camera_device_close - EXIT
01-01 00:04:19.572 218 1492 I CameraService: disconnect: Disconnected client for camera 0 for PID 1269
01-01 00:04:19.575 1269 1269 D CAM_LoggingImageReader: Closing: ImageReader{width=1280, height=800, format=JPEG}
01-01 00:04:19.576 1269 1269 I CAM_Profiler: [ 69.410ms][ui] GUARD: CaptureModule.closeCamera() - [69.070ms] mCamera.close()
01-01 00:04:19.576 1269 1269 I CAM_Profiler: [ 69.753ms][ui] GUARD: CaptureModule.closeCamera() - STOP
01-01 00:04:19.576 1269 1269 W OrientationEventListener: Cannot detect sensors. Invalid disable
01-01 00:04:19.577 1269 1269 V CAM_LcyLocProvider: stopping location updates
01-01 00:04:19.580 1269 1269 D CAM_LcyLocProvider: stopReceivingLocationUpdates
01-01 00:04:19.580 1269 1269 V CAM_CameraActivity: onPause closing camera
01-01 00:04:19.580 1269 1269 V CAM_CameraController: Closing camera
01-01 00:04:19.582 1269 1460 W CAM2PORT_AndCamAgntImp: Releasing camera without any camera opened.
01-01 00:04:19.584 1269 1269 I CAM_Profiler: [ 88.143ms][ui] GUARD: CameraActivity.onPause - STOP
01-01 00:04:19.585 1269 1269 V CAM_QuickActivity: END onPause: Activity = com.android.camera.CameraActivity@d59ede1
01-01 00:04:19.589 226 284 D NuPlayerDriver: reset(0xa7eb21c0) at state 4
01-01 00:04:19.589 226 284 D NuPlayerDriver: notifyListener_l(0xa7eb21c0), (8, 0, 0, -1), loop setting(0, 0)
01-01 00:04:19.589 226 1552 D NuPlayerDriver: notifyResetComplete(0xa7eb21c0)
01-01 00:04:19.591 226 284 D NuPlayerDriver: reset(0xa65b0930) at state 4
01-01 00:04:19.592 226 284 D NuPlayerDriver: notifyListener_l(0xa65b0930), (8, 0, 0, -1), loop setting(0, 0)
01-01 00:04:19.592 226 1554 D NuPlayerDriver: notifyResetComplete(0xa65b0930)
01-01 00:04:19.593 226 284 D NuPlayerDriver: reset(0xa65b0620) at state 4
01-01 00:04:19.593 226 284 D NuPlayerDriver: notifyListener_l(0xa65b0620), (8, 0, 0, -1), loop setting(0, 0)
01-01 00:04:19.593 226 1556 D NuPlayerDriver: notifyResetComplete(0xa65b0620)
01-01 00:04:19.836 573 626 I vndksupport: sphal namespace is not configured for this process. Loading /vendor/lib/hw/gralloc.jacinto6.so from the current namespace instead.
01-01 00:04:19.847 573 626 E IMGSRV : :0: PVRSRVOpenDCDevice: Error - 138 returned
01-01 00:04:20.040 319 335 I ActivityManager: Killing 1087:com.android.launcher3:wallpaper_chooser/u0a17 (adj 906): empty #17
01-01 00:04:20.043 1269 1269 V CAM_QuickActivity: START onStop: Activity = com.android.camera.CameraActivity@d59ede1
01-01 00:04:20.043 1269 1269 D CAM_LcyLocProvider: disconnect
01-01 00:04:20.043 1269 1269 V CAM_QuickActivity: END onStop: Activity = com.android.camera.CameraActivity@d59ede1
01-01 00:04:20.043 1269 1269 V CAM_QuickActivity: START onDestroy: Activity = com.android.camera.CameraActivity@d59ede1
01-01 00:04:20.045 1269 1269 V CAM_QuickActivity: END onDestroy: Activity = com.android.camera.CameraActivity@d59ede1
01-01 00:04:20.046 1269 1269 V CAM_CameraAppUI: SurfaceTexture is destroyed
01-01 00:04:20.046 1269 1269 D CAM_CaptureModule: onSurfaceTextureDestroyed
01-01 00:04:20.046 1269 1269 V CAM_Profiler: [ 0.000ms][ui] GUARD: CaptureModule.closeCamera() - START
01-01 00:04:20.046 1269 1269 V CAM_Profiler: [ 0.279ms][ui] GUARD: CaptureModule.closeCamera() - [ 0.279ms] mCameraOpenCloseLock.acquire()
01-01 00:04:20.046 1269 1269 V CAM_Profiler: [ 0.498ms][ui] GUARD: CaptureModule.closeCamera() - STOP
01-01 00:04:20.220 1014 1117 W OpenGLRenderer: Incorrectly called buildLayer on View: ShortcutAndWidgetContainer, destroying layer...
01-01 00:04:20.636 319 454 D OpenGLRenderer: HWUI GL Pipeline
01-01 00:04:20.643 319 1581 I vndksupport: sphal namespace is not configured for this process. Loading /vendor/lib/hw/gralloc.jacinto6.so from the current namespace instead.
01-01 00:04:20.645 319 1581 I vndksupport: sphal namespace is not configured for this process. Loading /vendor/lib/hw/gralloc.jacinto6.so from the current namespace instead.
01-01 00:04:20.646 319 1581 I OpenGLRenderer: Initialized EGL, version 1.4
01-01 00:04:20.646 319 1581 D OpenGLRenderer: Swap behavior 1
01-01 00:04:20.646 319 1581 W OpenGLRenderer: Failed to choose config with EGL_SWAP_BEHAVIOR_PRESERVED, retrying without...
01-01 00:04:20.646 319 1581 D OpenGLRenderer: Swap behavior 0
01-01 00:04:23.111 319 463 E TaskPersister: File error accessing recents directory (directory doesn't exist?).
01-01 00:04:25.114 1269 1279 W MessageQueue: Handler (android.os.Handler) {99e63ef} sending message to a Handler on a dead thread
01-01 00:04:25.114 1269 1279 W MessageQueue: java.lang.IllegalStateException: Handler (android.os.Handler) {99e63ef} sending message to a Handler on a dead thread
01-01 00:04:25.114 1269 1279 W MessageQueue: at android.os.MessageQueue.enqueueMessage(MessageQueue.java:545)
01-01 00:04:25.114 1269 1279 W MessageQueue: at android.os.Handler.enqueueMessage(Handler.java:661)
01-01 00:04:25.114 1269 1279 W MessageQueue: at android.os.Handler.sendMessageAtTime(Handler.java:630)
01-01 00:04:25.114 1269 1279 W MessageQueue: at android.os.Handler.sendMessageDelayed(Handler.java:600)
01-01 00:04:25.114 1269 1279 W MessageQueue: at android.os.Handler.post(Handler.java:356)
01-01 00:04:25.114 1269 1279 W MessageQueue: at android.hardware.camera2.dispatch.HandlerDispatcher.dispatch(HandlerDispatcher.java:61)
01-01 00:04:25.114 1269 1279 W MessageQueue: at android.hardware.camera2.dispatch.MethodNameInvoker.invoke(MethodNameInvoker.java:90)
01-01 00:04:25.114 1269 1279 W MessageQueue: at android.hardware.camera2.impl.CallbackProxies$SessionStateCallbackProxy.onClosed(CallbackProxies.java:189)
01-01 00:04:25.114 1269 1279 W MessageQueue: at android.hardware.camera2.impl.CameraCaptureSessionImpl.close(CameraCaptureSessionImpl.java:399)
01-01 00:04:25.114 1269 1279 W MessageQueue: at android.hardware.camera2.impl.CameraCaptureSessionImpl.finalize(CameraCaptureSessionImpl.java:657)
01-01 00:04:25.114 1269 1279 W MessageQueue: at java.lang.Daemons$FinalizerDaemon.doFinalize(Daemons.java:250)
01-01 00:04:25.114 1269 1279 W MessageQueue: at java.lang.Daemons$FinalizerDaemon.runInternal(Daemons.java:237)
01-01 00:04:25.114 1269 1279 W MessageQueue: at java.lang.Daemons$Daemon.run(Daemons.java:103)
01-01 00:04:25.114 1269 1279 W MessageQueue: at java.lang.Thread.run(Thread.java:764)