01-01 00:01:17.028 319 319 D SystemServerTiming: StartHardwarePropertiesManagerService took to complete: 3ms
01-01 00:01:17.028 319 319 I SystemServer: StartTwilightService
01-01 00:01:17.028 319 319 I SystemServiceManager: Starting com.android.server.twilight.TwilightService
01-01 00:01:17.028 319 319 D SystemServerTiming: StartTwilightService took to complete: 0ms
01-01 00:01:17.028 319 319 I SystemServer: StartJobScheduler
01-01 00:01:17.029 319 319 I SystemServiceManager: Starting com.android.server.job.JobSchedulerService
01-01 00:01:17.038 319 319 D ConnectivityService: requestNetwork for uid/pid:1000/319 NetworkRequest [ TRACK_DEFAULT id=3, [ Capabilities: INTERNET&NOT_RESTRICTED&TRUSTED&NOT_VPN] ]
01-01 00:01:17.042 319 319 D SystemServerTiming: StartJobScheduler took to complete: 14ms
01-01 00:01:17.042 319 319 I SystemServer: StartSoundTrigger
01-01 00:01:17.042 319 319 I SystemServiceManager: Starting com.android.server.soundtrigger.SoundTriggerService
01-01 00:01:17.043 319 319 D SystemServerTiming: StartSoundTrigger took to complete: 1ms
01-01 00:01:17.043 319 319 I SystemServer: StartTrustManager
01-01 00:01:17.044 319 319 I SystemServiceManager: Starting com.android.server.trust.TrustManagerService
01-01 00:01:17.045 319 319 D SystemServerTiming: StartTrustManager took to complete: 2ms
01-01 00:01:17.045 319 319 I SystemServer: StartBackupManager
01-01 00:01:17.047 319 319 I SystemServiceManager: Starting com.android.server.backup.BackupManagerService$Lifecycle
01-01 00:01:17.054 319 319 D SystemServerTiming: StartBackupManager took to complete: 9ms
01-01 00:01:17.054 319 319 I SystemServer: StartAppWidgerService
01-01 00:01:17.054 319 319 I SystemServiceManager: Starting com.android.server.appwidget.AppWidgetService
01-01 00:01:17.061 319 319 D SystemServerTiming: StartAppWidgerService took to complete: 7ms
01-01 00:01:17.061 319 319 I SystemServer: StartVoiceRecognitionManager
01-01 00:01:17.061 319 319 I SystemServiceManager: Starting com.android.server.voiceinteraction.VoiceInteractionManagerService
01-01 00:01:17.063 319 319 D SystemServerTiming: StartVoiceRecognitionManager took to complete: 2ms
01-01 00:01:17.063 319 319 I SystemServer: StartGestureLauncher
01-01 00:01:17.063 319 319 I SystemServiceManager: Starting com.android.server.GestureLauncherService
01-01 00:01:17.063 319 319 D SystemServerTiming: StartGestureLauncher took to complete: 0ms
01-01 00:01:17.063 319 319 I SystemServer: StartSensorNotification
01-01 00:01:17.064 319 319 I SystemServiceManager: Starting com.android.server.SensorNotificationService
01-01 00:01:17.064 319 319 D SystemServerTiming: StartSensorNotification took to complete: 1ms
01-01 00:01:17.064 319 319 I SystemServer: StartContextHubSystemService
01-01 00:01:17.064 319 319 I SystemServiceManager: Starting com.android.server.ContextHubSystemService
01-01 00:01:17.066 153 153 W /system/bin/hwservicemanager: getTransportFromManifest: Cannot find entry android.hardware.contexthub@1.0::IContexthub in either framework or device manifest, using default transport.
01-01 00:01:17.066 319 319 E ContextHubService: Could not load context hub hal
01-01 00:01:17.066 319 319 W ContextHubService: No Context Hub Module present
01-01 00:01:17.066 319 319 D SystemServerTiming: StartContextHubSystemService took to complete: 2ms
01-01 00:01:17.067 319 319 I SystemServer: StartDiskStatsService
01-01 00:01:17.068 319 319 D SystemServerTiming: StartDiskStatsService took to complete: 1ms
01-01 00:01:17.068 319 319 I SystemServer: StartSamplingProfilerService
01-01 00:01:17.084 319 319 D SystemServerTiming: StartSamplingProfilerService took to complete: 15ms
01-01 00:01:17.084 319 319 I SystemServer: StartNetworkTimeUpdateService
01-01 00:01:17.085 319 319 D SystemServerTiming: StartNetworkTimeUpdateService took to complete: 1ms
01-01 00:01:17.085 319 319 I SystemServer: StartCommonTimeManagementService
01-01 00:01:17.086 319 319 D SystemServerTiming: StartCommonTimeManagementService took to complete: 1ms
01-01 00:01:17.086 319 319 I SystemServer: CertBlacklister
01-01 00:01:17.087 319 319 D SystemServerTiming: CertBlacklister took to complete: 1ms
01-01 00:01:17.087 319 319 I SystemServer: StartEmergencyAffordanceService
01-01 00:01:17.087 319 319 I SystemServiceManager: Starting com.android.server.emergency.EmergencyAffordanceService
01-01 00:01:17.088 319 319 D SystemServerTiming: StartEmergencyAffordanceService took to complete: 1ms
01-01 00:01:17.088 319 319 I SystemServer: StartDreamManager
01-01 00:01:17.088 319 319 I SystemServiceManager: Starting com.android.server.dreams.DreamManagerService
01-01 00:01:17.091 319 319 D SystemServerTiming: StartDreamManager took to complete: 3ms
01-01 00:01:17.091 319 319 I SystemServer: AddGraphicsStatsService
01-01 00:01:17.092 319 319 D SystemServerTiming: AddGraphicsStatsService took to complete: 1ms
01-01 00:01:17.093 319 319 I SystemServer: StartRestrictionManager
01-01 00:01:17.093 319 319 I SystemServiceManager: Starting com.android.server.restrictions.RestrictionsManagerService
01-01 00:01:17.095 319 319 D SystemServerTiming: StartRestrictionManager took to complete: 2ms
01-01 00:01:17.095 319 319 I SystemServer: StartMediaSessionService
01-01 00:01:17.095 319 319 I SystemServiceManager: Starting com.android.server.media.MediaSessionService
01-01 00:01:17.100 319 319 D SystemServerTiming: StartMediaSessionService took to complete: 5ms
01-01 00:01:17.100 319 319 I SystemServer: StartMediaRouterService
01-01 00:01:17.102 319 319 D SystemServerTiming: StartMediaRouterService took to complete: 2ms
01-01 00:01:17.102 319 319 I SystemServer: StartBackgroundDexOptService
01-01 00:01:17.102 319 319 D SystemServerTiming: StartBackgroundDexOptService took to complete: 0ms
01-01 00:01:17.102 319 319 I SystemServer: StartPruneInstantAppsJobService
01-01 00:01:17.103 319 319 D SystemServerTiming: StartPruneInstantAppsJobService took to complete: 1ms
01-01 00:01:17.103 319 319 I SystemServer: StartShortcutServiceLifecycle
01-01 00:01:17.103 319 319 I SystemServiceManager: Starting com.android.server.pm.ShortcutService$Lifecycle
01-01 00:01:17.108 319 319 D SystemServerTiming: StartShortcutServiceLifecycle took to complete: 5ms
01-01 00:01:17.108 319 319 I SystemServer: StartLauncherAppsService
01-01 00:01:17.108 319 319 I SystemServiceManager: Starting com.android.server.pm.LauncherAppsService
01-01 00:01:17.110 319 319 D SystemServerTiming: StartLauncherAppsService took to complete: 2ms
01-01 00:01:17.110 319 319 I SystemServer: StartMediaProjectionManager
01-01 00:01:17.110 319 319 I SystemServiceManager: Starting com.android.server.media.projection.MediaProjectionManagerService
01-01 00:01:17.124 319 319 V MediaRouter: Adding route: RouteInfo{ name=Tablet, description=null, status=null, category=RouteCategory{ name=System types=ROUTE_TYPE_LIVE_AUDIO ROUTE_TYPE_LIVE_VIDEO groupable=false }, supportedTypes=ROUTE_TYPE_LIVE_AUDIO ROUTE_TYPE_LIVE_VIDEO , presentationDisplay=null }
01-01 00:01:17.126 319 319 V MediaRouter: Selecting route: RouteInfo{ name=Tablet, description=null, status=null, category=RouteCategory{ name=System types=ROUTE_TYPE_LIVE_AUDIO ROUTE_TYPE_LIVE_VIDEO groupable=false }, supportedTypes=ROUTE_TYPE_LIVE_AUDIO ROUTE_TYPE_LIVE_VIDEO , presentationDisplay=null }
01-01 00:01:17.128 319 319 D SystemServerTiming: StartMediaProjectionManager took to complete: 18ms
01-01 00:01:17.129 319 319 I WindowManager: SAFE MODE not enabled
01-01 00:01:17.129 319 319 I SystemServer: StartJitCompilation
01-01 00:01:17.129 319 319 D SystemServerTiming: StartJitCompilation took to complete: 0ms
01-01 00:01:17.129 319 319 I SystemServer: StartMmsService
01-01 00:01:17.129 319 319 I SystemServiceManager: Starting com.android.server.MmsServiceBroker
01-01 00:01:17.134 319 319 D SystemServerTiming: StartMmsService took to complete: 5ms
01-01 00:01:17.134 319 319 I SystemServer: StartRetailDemoModeService
01-01 00:01:17.134 319 319 I SystemServiceManager: Starting com.android.server.retaildemo.RetailDemoModeService
01-01 00:01:17.138 319 451 I ServiceThread: Enabled StrictMode logging for RetailDemoModeService looper.
01-01 00:01:17.138 319 319 D SystemServerTiming: StartRetailDemoModeService took to complete: 4ms
01-01 00:01:17.138 319 319 I SystemServer: MakeVibratorServiceReady
01-01 00:01:17.140 319 319 D SystemServerTiming: MakeVibratorServiceReady took to complete: 2ms
01-01 00:01:17.140 319 319 I SystemServer: MakeLockSettingsServiceReady
01-01 00:01:17.209 319 319 E SQLiteLog: (1) no such table: locksettings
01-01 00:01:17.227 319 319 I LockSettingsService: Migrated lock settings to new location
01-01 00:01:17.238 319 319 I LockSettingsService: Migrated per-user lock settings to new location
01-01 00:01:17.257 319 319 I LockSettingsService: Migrated biometric weak to use the fallback instead
01-01 00:01:17.267 319 319 I LockSettingsService: Migrated lockscreen disabled flag
01-01 00:01:17.275 319 319 E LockSettingsStorage: Cannot read file java.io.FileNotFoundException: /data/system/gatekeeper.password.key: open failed: ENOENT (No such file or directory)
01-01 00:01:17.275 319 319 E LockSettingsStorage: Cannot read file java.io.FileNotFoundException: /data/system/password.key: open failed: ENOENT (No such file or directory)
01-01 00:01:17.275 319 319 E LockSettingsStorage: Cannot read file java.io.FileNotFoundException: /data/system/gatekeeper.pattern.key: open failed: ENOENT (No such file or directory)
01-01 00:01:17.276 319 319 E LockSettingsStorage: Cannot read file java.io.FileNotFoundException: /data/system/gatekeeper.gesture.key: open failed: ENOENT (No such file or directory)
01-01 00:01:17.276 319 319 E LockSettingsStorage: Cannot read file java.io.FileNotFoundException: /data/system/gesture.key: open failed: ENOENT (No such file or directory)
01-01 00:01:17.276 319 319 D SystemServerTiming: MakeLockSettingsServiceReady took to complete: 136ms
01-01 00:01:17.276 319 319 I SystemServer: StartBootPhaseLockSettingsReady
01-01 00:01:17.276 319 319 I SystemServiceManager: Starting phase 480
01-01 00:01:17.284 319 319 D SystemServerTiming: StartBootPhaseLockSettingsReady took to complete: 8ms
01-01 00:01:17.284 319 319 I SystemServer: StartBootPhaseSystemServicesReady
01-01 00:01:17.284 319 319 I SystemServiceManager: Starting phase 500
01-01 00:01:17.287 319 319 I VrManagerService: No default vr listener service found.
01-01 00:01:17.292 319 319 I WifiService: WifiService starting up with Wi-Fi disabled
01-01 00:01:17.295 319 430 I system_server: Looking for service android.hidl.manager@1.0::IServiceManager/default
01-01 00:01:17.296 319 430 I system_server: Starting thread pool.
01-01 00:01:17.297 319 448 D HalDeviceManager: IWifi registration notification: fqName=android.hardware.wifi@1.0::IWifi, name=default, preexisting=true
01-01 00:01:17.298 319 448 I system_server: Looking for service android.hardware.wifi@1.0::IWifi/default
01-01 00:01:17.298 319 319 I WifiScanningService: Starting wifiscanner
01-01 00:01:17.299 153 153 W /system/bin/hwservicemanager: getTransportFromManifest: Cannot find entry android.hardware.wifi@1.0::IWifi in either framework or device manifest, using default transport.
01-01 00:01:17.299 319 448 I system_server: Starting thread pool.
01-01 00:01:17.304 319 319 I RttService: Registering rttmanager
01-01 00:01:17.307 319 319 I EthernetServiceImpl: Starting Ethernet service
01-01 00:01:17.311 319 319 D Ethernet: Registering NetworkFactory
01-01 00:01:17.312 319 437 D ConnectivityService: Got NetworkFactory Messenger for Ethernet
01-01 00:01:17.314 319 319 D ZenLog : config: cleanUpZenRules,ZenModeConfig[user=0,allowCalls=true,allowRepeatCallers=false,allowMessages=false,allowCallsFrom=contacts,allowMessagesFrom=contacts,allowReminders=true,allowEvents=true,allowWhenScreenOff=true,allowWhenScreenOn=true,automaticRules={c1ff828edd9247fcbf0712188e60acfc=ZenRule[enabled=false,snoozing=false,name=Weeknight,zenMode=ZEN_MODE_ALARMS,conditionId=condition://android/schedule?days=1.2.3.4.5&start=22.0&end=7.0&exitAtAlarm=false,condition=null,component=ComponentInfo{android/com.android.server.notification.ScheduleConditionProvider},id=c1ff828edd9247fcbf0712188e60acfc,creationTime=76924,enabler=null], e22e4aefd4ec4f3fbf8b2dcbac0265fb=ZenRule[enabled=false,snoozing=false,name=Weekend,zenMode=ZEN_MODE_ALARMS,conditionId=condition://android/schedule?days=6.7&start=23.30&end=10.0&exitAtAlarm=false,condition=null,component=ComponentInfo{android/com.android.server.notification.ScheduleConditionProvider},id=e22e4aefd4ec4f3fbf8b2dcbac0265fb,creationTime=76924,enabler=null], 52ff9f85c03c4ac39a51682da6b991ce=ZenRule[enabled=false,snoozing=false,name=Event,zenMode=ZEN_MODE_ALARMS,conditionId=condition://android/event?userId=-10000&calendar=&reply=1,condition=null,component=ComponentInfo{android/com.android.server.notification.EventConditionProvider},id=52ff9f85c03c4ac39a51682da6b991ce,creationTime=76925,enabler=null]},manualRule=null],Diff[]
01-01 00:01:17.316 319 319 D ZenLog : set_zen_mode: off,onSystemReady
01-01 00:01:17.318 319 453 D EthernetNetworkFactory: Started tracking interface eth1
01-01 00:01:17.320 217 217 D PermissionCache: checking android.permission.CAPTURE_AUDIO_HOTWORD for uid=1000 => granted (209 us)
01-01 00:01:17.320 319 319 W SoundTriggerHelper: listModules status=0, # of modules=0
01-01 00:01:17.321 170 243 D CommandListener: Setting iface cfg
01-01 00:01:17.321 170 243 D CommandListener: Trying to bring up eth1
01-01 00:01:17.322 319 319 D ContextHubSystemService: onBootPhase: PHASE_SYSTEM_SERVICES_READY
01-01 00:01:17.322 319 319 D SystemServerTiming: StartBootPhaseSystemServicesReady took to complete: 38ms
01-01 00:01:17.322 319 319 I SystemServer: MakeWindowManagerServiceReady
01-01 00:01:17.341 319 319 D SystemServerTiming: MakeWindowManagerServiceReady took to complete: 19ms
01-01 00:01:17.356 319 319 I SystemServer: MakePowerManagerServiceReady
01-01 00:01:17.364 319 453 D Ethernet: got request NetworkRequest [ TRACK_DEFAULT id=3, [ Capabilities: INTERNET&NOT_RESTRICTED&TRUSTED&NOT_VPN] ] with score 0
01-01 00:01:17.364 319 453 D EthernetNetworkFactory: starting IpManager(eth1): mNetworkInfo=[type: Ethernet[], state: UNKNOWN/IDLE, reason: (unspecified), extra: 74:da:ea:4c:5f:c9, failover: false, available: true, roaming: false, metered: false]
01-01 00:01:17.372 319 345 W KeyguardServiceDelegate: onScreenTurningOn(): no keyguard service!
01-01 00:01:17.372 319 319 D SystemServerTiming: MakePowerManagerServiceReady took to complete: 16ms
01-01 00:01:17.372 319 319 I SystemServer: MakePackageManagerServiceReady
01-01 00:01:17.376 319 319 I DefaultPermGrantPolicy: Granting permissions to platform components for user 0
01-01 00:01:17.377 170 243 D CommandListener: Clearing all IP addresses on eth1
01-01 00:01:17.378 319 319 D VoldConnector: SND -> {3 volume remount_uid 1001 none}
01-01 00:01:17.378 163 167 D vold : Remounting 1001 as mode none
01-01 00:01:17.389 319 453 D Ethernet: got request NetworkRequest [ REQUEST id=1, [ Capabilities: INTERNET&NOT_RESTRICTED&TRUSTED&NOT_VPN] ] with score 0
01-01 00:01:17.390 319 453 D EthernetNetworkFactory: updateInterface: eth1 link down
01-01 00:01:17.390 319 453 D EthernetNetworkFactory: updateInterface: eth1 link down
01-01 00:01:17.394 319 386 D VoldConnector: RCV <- {200 3 Command succeeded}
01-01 00:01:17.395 319 319 D VoldConnector: SND -> {4 volume remount_uid 1001 none}
01-01 00:01:17.395 163 167 D vold : Remounting 1001 as mode none
01-01 00:01:17.399 319 455 D DhcpClient: doQuit
01-01 00:01:17.403 319 386 D VoldConnector: RCV <- {200 4 Command succeeded}
01-01 00:01:17.404 319 319 I PackageManager: Unknown permission android.car.permission.CAR_SPEED
01-01 00:01:17.404 319 319 I PackageManager: Unknown permission android.car.permission.CAR_MILEAGE
01-01 00:01:17.405 319 319 I PackageManager: Unknown permission android.car.permission.CAR_FUEL
01-01 00:01:17.406 319 319 D VoldConnector: SND -> {5 volume remount_uid 1027 none}
01-01 00:01:17.407 163 167 D vold : Remounting 1027 as mode none
01-01 00:01:17.413 319 386 D VoldConnector: RCV <- {200 5 Command succeeded}
01-01 00:01:17.414 319 319 D VoldConnector: SND -> {6 volume remount_uid 1027 none}
01-01 00:01:17.415 163 167 D vold : Remounting 1027 as mode none
01-01 00:01:17.423 319 386 D VoldConnector: RCV <- {200 6 Command succeeded}
01-01 00:01:17.425 319 319 D VoldConnector: SND -> {7 volume remount_uid 1000 none}
01-01 00:01:17.425 163 167 D vold : Remounting 1000 as mode none
01-01 00:01:17.433 163 167 D vold : Found matching PID 152
01-01 00:01:17.434 163 167 W vold : Skipping due to root namespace
01-01 00:01:17.434 163 167 D vold : Found matching PID 153
01-01 00:01:17.434 163 167 W vold : Skipping due to root namespace
01-01 00:01:17.434 163 167 D vold : Found matching PID 154
01-01 00:01:17.434 163 167 W vold : Skipping due to root namespace
01-01 00:01:17.434 163 167 D vold : Found matching PID 162
01-01 00:01:17.435 163 167 W vold : Skipping due to root namespace
01-01 00:01:17.435 163 167 D vold : Found matching PID 175
01-01 00:01:17.435 163 167 W vold : Skipping due to root namespace
01-01 00:01:17.435 163 167 D vold : Found matching PID 182
01-01 00:01:17.435 163 167 W vold : Skipping due to root namespace
01-01 00:01:17.435 163 167 D vold : Found matching PID 183
01-01 00:01:17.435 163 167 W vold : Skipping due to root namespace
01-01 00:01:17.435 163 167 D vold : Found matching PID 184
01-01 00:01:17.435 163 167 W vold : Skipping due to root namespace
01-01 00:01:17.436 163 167 D vold : Found matching PID 194
01-01 00:01:17.436 163 167 W vold : Skipping due to root namespace
01-01 00:01:17.436 163 167 D vold : Found matching PID 215
01-01 00:01:17.436 163 167 W vold : Skipping due to root namespace
01-01 00:01:17.436 163 167 D vold : Found matching PID 230
01-01 00:01:17.436 163 167 W vold : Skipping due to root namespace
01-01 00:01:17.437 163 167 D vold : Found matching PID 319
01-01 00:01:17.439 319 460 D DhcpClient: Receive thread started
01-01 00:01:17.439 319 460 D DhcpClient: Receive thread stopped
01-01 00:01:17.460 319 458 D DhcpClient: onQuitting
01-01 00:01:17.501 319 386 D VoldConnector: RCV <- {200 7 Command succeeded}
01-01 00:01:17.502 319 319 D VoldConnector: SND -> {8 volume remount_uid 1000 none}
01-01 00:01:17.502 163 167 D vold : Remounting 1000 as mode none
01-01 00:01:17.509 163 167 D vold : Found matching PID 152
01-01 00:01:17.509 163 167 W vold : Skipping due to root namespace
01-01 00:01:17.509 163 167 D vold : Found matching PID 153
01-01 00:01:17.509 163 167 W vold : Skipping due to root namespace
01-01 00:01:17.509 163 167 D vold : Found matching PID 154
01-01 00:01:17.509 163 167 W vold : Skipping due to root namespace
01-01 00:01:17.509 163 167 D vold : Found matching PID 162
01-01 00:01:17.509 163 167 W vold : Skipping due to root namespace
01-01 00:01:17.509 163 167 D vold : Found matching PID 175
01-01 00:01:17.509 163 167 W vold : Skipping due to root namespace
01-01 00:01:17.509 163 167 D vold : Found matching PID 182
01-01 00:01:17.510 163 167 W vold : Skipping due to root namespace
01-01 00:01:17.510 163 167 D vold : Found matching PID 183
01-01 00:01:17.510 163 167 W vold : Skipping due to root namespace
01-01 00:01:17.510 163 167 D vold : Found matching PID 184
01-01 00:01:17.510 163 167 W vold : Skipping due to root namespace
01-01 00:01:17.510 163 167 D vold : Found matching PID 194
01-01 00:01:17.510 163 167 W vold : Skipping due to root namespace
01-01 00:01:17.510 163 167 D vold : Found matching PID 215
01-01 00:01:17.510 163 167 W vold : Skipping due to root namespace
01-01 00:01:17.511 163 167 D vold : Found matching PID 230
01-01 00:01:17.511 163 167 W vold : Skipping due to root namespace
01-01 00:01:17.511 163 167 D vold : Found matching PID 319
01-01 00:01:17.514 319 386 D VoldConnector: RCV <- {200 8 Command succeeded}
01-01 00:01:17.519 319 319 D VoldConnector: SND -> {9 volume remount_uid 2000 none}
01-01 00:01:17.519 163 167 D vold : Remounting 2000 as mode none
01-01 00:01:17.526 163 167 D vold : Found matching PID 211
01-01 00:01:17.526 163 167 W vold : Skipping due to root namespace
01-01 00:01:17.526 163 167 D vold : Found matching PID 214
01-01 00:01:17.526 163 167 W vold : Skipping due to root namespace
01-01 00:01:17.527 319 386 D VoldConnector: RCV <- {200 9 Command succeeded}
01-01 00:01:17.528 319 319 D VoldConnector: SND -> {10 volume remount_uid 2000 none}
01-01 00:01:17.528 163 167 D vold : Remounting 2000 as mode none
01-01 00:01:17.534 163 167 D vold : Found matching PID 211
01-01 00:01:17.534 163 167 W vold : Skipping due to root namespace
01-01 00:01:17.534 163 167 D vold : Found matching PID 214
01-01 00:01:17.534 163 167 W vold : Skipping due to root namespace
01-01 00:01:17.535 319 386 D VoldConnector: RCV <- {200 10 Command succeeded}
01-01 00:01:17.536 319 319 D VoldConnector: SND -> {11 volume remount_uid 10028 none}
01-01 00:01:17.536 163 167 D vold : Remounting 10028 as mode none
01-01 00:01:17.542 319 386 D VoldConnector: RCV <- {200 11 Command succeeded}
01-01 00:01:17.543 319 319 D VoldConnector: SND -> {12 volume remount_uid 10028 none}
01-01 00:01:17.543 163 167 D vold : Remounting 10028 as mode none
01-01 00:01:17.549 319 386 D VoldConnector: RCV <- {200 12 Command succeeded}
01-01 00:01:17.551 319 319 D VoldConnector: SND -> {13 volume remount_uid 1002 none}
01-01 00:01:17.551 163 167 D vold : Remounting 1002 as mode none
01-01 00:01:17.557 319 386 D VoldConnector: RCV <- {200 13 Command succeeded}
01-01 00:01:17.558 319 319 D VoldConnector: SND -> {14 volume remount_uid 1002 none}
01-01 00:01:17.558 163 167 D vold : Remounting 1002 as mode none
01-01 00:01:17.564 319 386 D VoldConnector: RCV <- {200 14 Command succeeded}
01-01 00:01:17.566 319 319 I DefaultPermGrantPolicy: Granting permissions to default platform handlers for user 0
01-01 00:01:17.567 319 319 W VoiceInteractionManagerService: no available voice interaction services found for user 0
01-01 00:01:17.567 319 319 W VoiceInteractionManagerService: no available voice recognition services found for user 0
01-01 00:01:17.571 319 319 I SyncManager: No initial accounts
01-01 00:01:17.572 319 319 I SyncManager: No initial status
01-01 00:01:17.572 319 319 I SyncManager: No initial statistics
01-01 00:01:18.428 319 319 D VoldConnector: SND -> {15 volume remount_uid 10022 none}
01-01 00:01:18.428 163 167 D vold : Remounting 10022 as mode none
01-01 00:01:18.435 319 386 D VoldConnector: RCV <- {200 15 Command succeeded}
01-01 00:01:18.436 319 319 D VoldConnector: SND -> {16 volume remount_uid 10041 none}
01-01 00:01:18.436 163 167 D vold : Remounting 10041 as mode none
01-01 00:01:18.443 319 386 D VoldConnector: RCV <- {200 16 Command succeeded}
01-01 00:01:18.444 319 319 D VoldConnector: SND -> {17 volume remount_uid 10041 none}
01-01 00:01:18.444 163 167 D vold : Remounting 10041 as mode none
01-01 00:01:18.450 319 386 D VoldConnector: RCV <- {200 17 Command succeeded}
01-01 00:01:18.451 319 319 D VoldConnector: SND -> {18 volume remount_uid 10012 none}
01-01 00:01:18.451 163 167 D vold : Remounting 10012 as mode none
01-01 00:01:18.457 319 386 D VoldConnector: RCV <- {200 18 Command succeeded}
01-01 00:01:18.458 319 319 D VoldConnector: SND -> {19 volume remount_uid 10012 none}
01-01 00:01:18.458 163 167 D vold : Remounting 10012 as mode none
01-01 00:01:18.465 319 386 D VoldConnector: RCV <- {200 19 Command succeeded}
01-01 00:01:18.466 319 319 D VoldConnector: SND -> {20 volume remount_uid 10015 none}
01-01 00:01:18.466 163 167 D vold : Remounting 10015 as mode none
01-01 00:01:18.473 319 386 D VoldConnector: RCV <- {200 20 Command succeeded}
01-01 00:01:18.474 319 319 D VoldConnector: SND -> {21 volume remount_uid 10015 none}
01-01 00:01:18.474 163 167 D vold : Remounting 10015 as mode none
01-01 00:01:18.480 319 386 D VoldConnector: RCV <- {200 21 Command succeeded}
01-01 00:01:18.482 319 319 D VoldConnector: SND -> {22 volume remount_uid 10002 none}
01-01 00:01:18.483 163 167 D vold : Remounting 10002 as mode none
01-01 00:01:18.489 319 386 D VoldConnector: RCV <- {200 22 Command succeeded}
01-01 00:01:18.489 319 319 D VoldConnector: SND -> {23 volume remount_uid 10002 none}
01-01 00:01:18.489 163 167 D vold : Remounting 10002 as mode none
01-01 00:01:18.496 319 386 D VoldConnector: RCV <- {200 23 Command succeeded}
01-01 00:01:18.499 319 319 D VoldConnector: SND -> {24 volume remount_uid 10051 none}
01-01 00:01:18.499 163 167 D vold : Remounting 10051 as mode none
01-01 00:01:18.505 319 386 D VoldConnector: RCV <- {200 24 Command succeeded}
01-01 00:01:18.505 319 319 D VoldConnector: SND -> {25 volume remount_uid 10051 none}
01-01 00:01:18.506 163 167 D vold : Remounting 10051 as mode none
01-01 00:01:18.513 319 386 D VoldConnector: RCV <- {200 25 Command succeeded}
01-01 00:01:18.514 319 319 D VoldConnector: SND -> {26 volume remount_uid 10053 none}
01-01 00:01:18.514 163 167 D vold : Remounting 10053 as mode none
01-01 00:01:18.521 319 386 D VoldConnector: RCV <- {200 26 Command succeeded}
01-01 00:01:18.521 319 319 D VoldConnector: SND -> {27 volume remount_uid 10053 none}
01-01 00:01:18.521 163 167 D vold : Remounting 10053 as mode none
01-01 00:01:18.528 319 386 D VoldConnector: RCV <- {200 27 Command succeeded}
01-01 00:01:18.530 319 319 D VoldConnector: SND -> {28 volume remount_uid 10027 none}
01-01 00:01:18.530 163 167 D vold : Remounting 10027 as mode none
01-01 00:01:18.536 319 386 D VoldConnector: RCV <- {200 28 Command succeeded}
01-01 00:01:18.537 319 319 D VoldConnector: SND -> {29 volume remount_uid 10027 none}
01-01 00:01:18.537 163 167 D vold : Remounting 10027 as mode none
01-01 00:01:18.543 319 386 D VoldConnector: RCV <- {200 29 Command succeeded}
01-01 00:01:18.546 319 319 V UserDataPreparer: Found /data/user_de/0 with serial number -1
01-01 00:01:18.546 319 319 D UserDataPreparer: Serial number missing on /data/user_de/0; assuming current is valid
01-01 00:01:18.546 319 319 V UserDataPreparer: Found /data/user/0 with serial number -1
01-01 00:01:18.546 319 319 D UserDataPreparer: Serial number missing on /data/user/0; assuming current is valid
01-01 00:01:18.546 319 319 V UserDataPreparer: Found /data/system_de/0 with serial number -1
01-01 00:01:18.546 319 319 D UserDataPreparer: Serial number missing on /data/system_de/0; assuming current is valid
01-01 00:01:18.547 319 319 D SystemServerTiming: MakePackageManagerServiceReady took to complete: 1175ms
01-01 00:01:18.547 319 319 I SystemServer: MakeDisplayManagerServiceReady
01-01 00:01:18.547 319 319 D SystemServerTiming: MakeDisplayManagerServiceReady took to complete: 0ms
01-01 00:01:18.548 319 319 I ActivityManager: System now ready
01-01 00:01:18.554 319 319 I SystemServer: Making services ready
01-01 00:01:18.554 319 319 I SystemServer: StartActivityManagerReadyPhase
01-01 00:01:18.554 319 319 I SystemServiceManager: Starting phase 550
01-01 00:01:18.607 319 319 I ActivityManager: Start proc 466:com.android.inputmethod.latin/u0a38 for service com.android.inputmethod.latin/.CarLatinIME
01-01 00:01:18.609 319 319 W SystemServiceManager: Service com.android.server.InputMethodManagerService$Lifecycle took 53 ms in onBootPhase
01-01 00:01:18.609 319 385 D StorageManagerService: Thinking about init, mSystemReady=true, mDaemonConnected=true
01-01 00:01:18.609 319 385 D StorageManagerService: Setting up emulation state, initlocked=false
01-01 00:01:18.609 319 319 W TextServicesManagerService: no available spell checker services found
01-01 00:01:18.609 319 385 D CryptdConnector: SND -> {2 cryptfs unlock_user_key 0 0 ! !}
01-01 00:01:18.610 163 168 D vold : e4crypt_unlock_user_key 0 serial=0 token_present=0
01-01 00:01:18.610 163 168 E vold : Failed to chmod /data/system_ce/0: No such file or directory
01-01 00:01:18.610 163 168 E vold : Failed to chmod /data/misc_ce/0: No such file or directory
01-01 00:01:18.610 163 168 E vold : Failed to chmod /data/media/0: No such file or directory
01-01 00:01:18.610 319 387 D CryptdConnector: RCV <- {200 2 Command succeeded}
01-01 00:01:18.611 319 385 D StorageManagerService: Thinking about reset, mSystemReady=true, mDaemonConnected=true
01-01 00:01:18.611 319 385 D VoldConnector: SND -> {30 volume reset}
01-01 00:01:18.612 319 319 D UsbAlsaManager: Adding ALSA device AlsaDevice: [card: 1, device: 0, type: 1]
01-01 00:01:18.612 319 335 I ActivityManager: Force stopping com.android.providers.media appid=10012 user=-1: vold reset
01-01 00:01:18.612 319 386 D VoldConnector: RCV <- {651 emulated 7}
01-01 00:01:18.613 319 386 D VoldConnector: RCV <- {659 emulated}
01-01 00:01:18.613 319 386 D VoldConnector: RCV <- {650 emulated 2 "" ""}
01-01 00:01:18.613 319 386 D VoldConnector: RCV <- {651 emulated 0}
01-01 00:01:18.613 319 386 D VoldConnector: RCV <- {200 30 Command succeeded}
01-01 00:01:18.614 319 341 V StorageManagerService: Found primary storage at VolumeInfo{emulated}:
01-01 00:01:18.614 319 341 V StorageManagerService: type=EMULATED diskId=null partGuid=null mountFlags=0 mountUserId=-1
01-01 00:01:18.614 319 341 V StorageManagerService: state=UNMOUNTED
01-01 00:01:18.614 319 341 V StorageManagerService: fsType=null fsUuid=null fsLabel=null
01-01 00:01:18.614 319 341 V StorageManagerService: path=null internalPath=null
01-01 00:01:18.614 319 444 E BluetoothAdapter: Bluetooth binder is null
01-01 00:01:18.614 319 385 D VoldConnector: SND -> {31 volume user_added 0 0}
01-01 00:01:18.614 319 444 E BluetoothAdapter: Bluetooth binder is null
01-01 00:01:18.617 217 217 I AudioFlinger: systemReady
01-01 00:01:18.617 319 386 D VoldConnector: RCV <- {200 31 Command succeeded}
01-01 00:01:18.620 319 319 D SystemServerTiming: StartActivityManagerReadyPhase took to complete: 66ms
01-01 00:01:18.620 184 184 E android.hardware.usb@1.0-service: Failed to open /sys/class/dual_role_usb
01-01 00:01:18.621 319 448 E UsbPortManager: port status enquiry failed
01-01 00:01:18.622 319 319 I SystemServer: StartObservingNativeCrashes
01-01 00:01:18.622 319 319 D SystemServerTiming: StartObservingNativeCrashes took to complete: 0ms
01-01 00:01:18.623 319 319 I SystemServer: StartSystemUI
01-01 00:01:18.623 319 370 D SystemServerInitThreadPool: Started executing WebViewFactoryPreparation
01-01 00:01:18.623 319 370 I SystemServer: WebViewFactoryPreparation
01-01 00:01:18.640 319 473 D UsbHostManager: Added device UsbDevice[mName=/dev/bus/usb/001/002,mVendorId=1133,mProductId=49271,mClass=0,mSubclass=0,mProtocol=0,mManufacturerName=Logitech,mProductName=USB Optical Mouse,mVersion=2.0,mSerialNumber=null,mConfigurations=[
01-01 00:01:18.640 319 473 D UsbHostManager: UsbConfiguration[mId=1,mName=null,mAttributes=160,mMaxPower=50,mInterfaces=[
01-01 00:01:18.640 319 473 D UsbHostManager: UsbInterface[mId=0,mAlternateSetting=0,mName=null,mClass=3,mSubclass=1,mProtocol=2,mEndpoints=[
01-01 00:01:18.640 319 473 D UsbHostManager: UsbEndpoint[mAddress=129,mAttributes=3,mMaxPacketSize=4,mInterval=10]]]]
01-01 00:01:18.644 319 370 D WebViewFactory: Setting new address space to 104857600
01-01 00:01:18.646 319 319 I ActivityManager: Start proc 483:com.android.systemui/u0a28 for service com.android.systemui/.SystemUIService
01-01 00:01:18.649 319 319 D SystemServerTiming: StartSystemUI took to complete: 26ms
01-01 00:01:18.649 319 319 I SystemServer: MakeNetworkScoreReady
01-01 00:01:18.649 319 319 D SystemServerTiming: MakeNetworkScoreReady took to complete: 0ms
01-01 00:01:18.649 319 319 I SystemServer: MakeNetworkManagementServiceReady
01-01 00:01:18.650 319 319 D NetworkManagement: enabling bandwidth control
01-01 00:01:18.650 319 385 D VoldConnector: SND -> {32 volume mount emulated 3 -1}
01-01 00:01:18.653 163 167 V vold : Waiting for FUSE to spin up...
01-01 00:01:18.653 319 386 D VoldConnector: RCV <- {651 emulated 1}
01-01 00:01:18.653 319 386 D VoldConnector: RCV <- {656 emulated /data/media}
01-01 00:01:18.653 319 386 D VoldConnector: RCV <- {655 emulated /storage/emulated}
01-01 00:01:18.680 319 430 E HalDeviceManager: Should have at least 1 chip!
01-01 00:01:18.680 319 430 E HalDeviceManager: getSupportedIfaceTypesInternal: no chip info found
01-01 00:01:18.681 319 338 E BatteryStatsService: no controller energy info supplied
01-01 00:01:18.681 319 338 E BatteryStatsService: no controller energy info supplied
01-01 00:01:18.690 319 319 W NetworkManagement: setDataSaverMode(): already false
01-01 00:01:18.690 153 153 W /system/bin/hwservicemanager: getTransportFromManifest: Cannot find entry android.hardware.media.omx@1.0::IOmx in either framework or device manifest, using default transport.
01-01 00:01:18.691 226 284 I OMXClient: Treble IOmx obtained
01-01 00:01:18.693 319 319 D SystemServerTiming: MakeNetworkManagementServiceReady took to complete: 44ms
01-01 00:01:18.693 319 319 I SystemServer: MakeNetworkStatsServiceReady
01-01 00:01:18.695 153 153 W /system/bin/hwservicemanager: getTransportFromManifest: Cannot find entry android.hardware.media.omx@1.0::IOmx in either framework or device manifest, using default transport.
01-01 00:01:18.696 226 284 I OMXClient: Treble IOmx obtained
01-01 00:01:18.697 229 278 I OMXMaster: makeComponentInstance(OMX.google.mp3.decoder) in omx@1.0-service process
01-01 00:01:18.705 163 167 V vold : Waiting for FUSE to spin up...
01-01 00:01:18.705 319 427 D NetworkPolicy: setRestrictBackgroundUL(): false
01-01 00:01:18.712 319 427 W NetworkManagement: setDataSaverMode(): already false
01-01 00:01:18.715 153 153 W /system/bin/hwservicemanager: getTransportFromManifest: Cannot find entry android.hardware.media.omx@1.0::IOmx in either framework or device manifest, using default transport.
01-01 00:01:18.717 226 284 I OMXClient: Treble IOmx obtained
01-01 00:01:18.717 229 278 I OMXMaster: makeComponentInstance(OMX.google.amrnb.decoder) in omx@1.0-service process
01-01 00:01:18.719 178 178 I android.hardwar: type=1400 audit(0.0:23): avc: denied { accept } for lport=33452 scontext=u:r:hal_vehicle_default:s0 tcontext=u:r:hal_vehicle_default:s0 tclass=tcp_socket permissive=1
01-01 00:01:18.720 319 370 W ActivityManager: Slow operation: 57ms so far, now at startProcess: returned from zygote!
01-01 00:01:18.720 319 370 W ActivityManager: Slow operation: 57ms so far, now at startProcess: done updating battery stats
01-01 00:01:18.720 319 370 W ActivityManager: Slow operation: 57ms so far, now at startProcess: building log message
01-01 00:01:18.721 319 370 I ActivityManager: Start proc 507:WebViewLoader-armeabi-v7a/1037 [android.webkit.WebViewFactory$RelroFileCreator] for
01-01 00:01:18.721 319 370 W ActivityManager: Slow operation: 58ms so far, now at startProcess: starting to update pids map
01-01 00:01:18.721 319 370 W ActivityManager: Slow operation: 58ms so far, now at startProcess: done updating pids map
01-01 00:01:18.721 319 370 W ActivityManager: Slow operation: 59ms so far, now at startProcess: done starting proc!
01-01 00:01:18.746 319 319 D SystemServerTiming: MakeNetworkStatsServiceReady took to complete: 53ms
01-01 00:01:18.746 319 319 I SystemServer: MakeConnectivityServiceReady
01-01 00:01:18.752 319 319 D PermissionMonitor: Monitoring
01-01 00:01:18.755 163 167 V vold : Waiting for FUSE to spin up...
01-01 00:01:18.756 319 453 D Ethernet: got request NetworkRequest [ BACKGROUND_REQUEST id=2, [ Transports: CELLULAR Capabilities: INTERNET&NOT_RESTRICTED&TRUSTED&NOT_VPN] ] with score 0
01-01 00:01:18.764 489 489 W /system/bin/sdcard: Device explicitly enabled sdcardfs
01-01 00:01:18.774 319 319 D PermissionMonitor: Users: 1, Apps: 70
01-01 00:01:18.775 153 153 W /system/bin/hwservicemanager: getTransportFromManifest: Cannot find entry android.hardware.media.omx@1.0::IOmx in either framework or device manifest, using default transport.
01-01 00:01:18.777 226 284 I OMXClient: Treble IOmx obtained
01-01 00:01:18.777 229 278 I OMXMaster: makeComponentInstance(OMX.google.amrwb.decoder) in omx@1.0-service process
01-01 00:01:18.790 507 507 V WebViewFactory: RelroFileCreator (64bit = false), 32-bit lib: /system/app/webview/webview.apk!/lib/armeabi-v7a/libwebviewchromium.so, 64-bit lib:
01-01 00:01:18.793 319 319 D SystemServerTiming: MakeConnectivityServiceReady took to complete: 47ms
01-01 00:01:18.793 319 319 I SystemServer: MakeNetworkPolicyServiceReady
01-01 00:01:18.795 153 153 W /system/bin/hwservicemanager: getTransportFromManifest: Cannot find entry android.hardware.media.omx@1.0::IOmx in either framework or device manifest, using default transport.
01-01 00:01:18.796 226 284 I OMXClient: Treble IOmx obtained
01-01 00:01:18.796 229 278 I OMXMaster: makeComponentInstance(OMX.google.aac.decoder) in omx@1.0-service process
01-01 00:01:18.798 319 319 D SystemServerTiming: MakeNetworkPolicyServiceReady took to complete: 4ms
01-01 00:01:18.798 319 319 I SystemServer: StartWatchdog
01-01 00:01:18.798 319 319 D SystemServerTiming: StartWatchdog took to complete: 0ms
01-01 00:01:18.798 319 319 I SystemServer: PhaseThirdPartyAppsCanStart
01-01 00:01:18.807 319 386 D VoldConnector: RCV <- {651 emulated 2}
01-01 00:01:18.807 319 386 D VoldConnector: RCV <- {200 32 Command succeeded}
01-01 00:01:18.825 153 153 W /system/bin/hwservicemanager: getTransportFromManifest: Cannot find entry android.hardware.media.omx@1.0::IOmx in either framework or device manifest, using default transport.
01-01 00:01:18.826 226 284 I OMXClient: Treble IOmx obtained
01-01 00:01:18.827 229 506 I OMXMaster: makeComponentInstance(OMX.google.g711.alaw.decoder) in omx@1.0-service process
01-01 00:01:18.830 319 370 D SystemServerTimingAsync: WebViewFactoryPreparation took to complete: 207ms
01-01 00:01:18.830 319 370 D SystemServerInitThreadPool: Finished executing WebViewFactoryPreparation
01-01 00:01:18.831 319 319 I SystemServiceManager: Starting phase 600
01-01 00:01:18.842 319 319 V WallpaperManagerService: bindWallpaperComponentLocked: componentName=null
01-01 00:01:18.842 319 319 V WallpaperManagerService: No default component; using image wallpaper
01-01 00:01:18.848 153 153 W /system/bin/hwservicemanager: getTransportFromManifest: Cannot find entry android.hardware.media.omx@1.0::IOmx in either framework or device manifest, using default transport.
01-01 00:01:18.849 226 284 I OMXClient: Treble IOmx obtained
01-01 00:01:18.849 229 506 I OMXMaster: makeComponentInstance(OMX.google.g711.mlaw.decoder) in omx@1.0-service process
01-01 00:01:18.864 153 153 W /system/bin/hwservicemanager: getTransportFromManifest: Cannot find entry android.hardware.media.omx@1.0::IOmx in either framework or device manifest, using default transport.
01-01 00:01:18.865 226 284 I OMXClient: Treble IOmx obtained
01-01 00:01:18.865 229 273 I OMXMaster: makeComponentInstance(OMX.google.vorbis.decoder) in omx@1.0-service process
01-01 00:01:18.879 153 153 W /system/bin/hwservicemanager: getTransportFromManifest: Cannot find entry android.hardware.media.omx@1.0::IOmx in either framework or device manifest, using default transport.
01-01 00:01:18.880 226 284 I OMXClient: Treble IOmx obtained
01-01 00:01:18.880 229 506 I OMXMaster: makeComponentInstance(OMX.google.opus.decoder) in omx@1.0-service process
01-01 00:01:18.891 319 319 D SystemServerTiming: PhaseThirdPartyAppsCanStart took to complete: 93ms
01-01 00:01:18.892 319 319 I SystemServer: MakeLocationServiceReady
01-01 00:01:18.903 153 153 W /system/bin/hwservicemanager: getTransportFromManifest: Cannot find entry android.hardware.gnss@1.0::IGnss in either framework or device manifest, using default transport.
01-01 00:01:18.910 319 319 E GnssLocationProvider: Unable to get GPS service
01-01 00:01:18.911 153 153 W /system/bin/hwservicemanager: getTransportFromManifest: Cannot find entry android.hardware.media.omx@1.0::IOmx in either framework or device manifest, using default transport.
01-01 00:01:18.911 319 319 W ServiceWatcher: com.google.android.gms not found
01-01 00:01:18.911 226 284 I OMXClient: Treble IOmx obtained
01-01 00:01:18.912 229 506 I OMXMaster: makeComponentInstance(OMX.google.raw.decoder) in omx@1.0-service process
01-01 00:01:18.914 319 319 W ServiceWatcher: com.google.android.gms not found
01-01 00:01:18.914 319 319 W LocationManagerService: no network location provider found
01-01 00:01:18.922 319 319 I chatty : uid=1000 system_server identical 2 lines
01-01 00:01:18.927 319 319 E LocationManagerService: no geocoder provider found
01-01 00:01:18.927 319 319 D LocationManagerService: FLP HAL not supported
01-01 00:01:18.928 319 319 W ServiceWatcher: com.google.android.gms not found
01-01 00:01:18.933 319 319 D LocationManagerService: Unable to bind FLP Geofence proxy.
01-01 00:01:18.933 319 319 E ActivityRecognitionHardware: activity_recognition HAL is deprecated. is_supported is effectively a no-op
01-01 00:01:18.933 319 319 D LocationManagerService: Hardware Activity-Recognition not supported.
01-01 00:01:18.934 319 319 W ServiceWatcher: com.google.android.gms not found
01-01 00:01:18.935 319 319 E ActivityRecognitionProxy: ServiceWatcher could not start.
01-01 00:01:18.935 319 319 D LocationManagerService: Unable to bind ActivityRecognitionProxy.
01-01 00:01:18.940 153 153 W /system/bin/hwservicemanager: getTransportFromManifest: Cannot find entry android.hardware.media.omx@1.0::IOmx in either framework or device manifest, using default transport.
01-01 00:01:18.941 226 284 I OMXClient: Treble IOmx obtained
01-01 00:01:18.941 229 506 I OMXMaster: makeComponentInstance(OMX.google.aac.encoder) in omx@1.0-service process
01-01 00:01:18.942 319 319 D SystemServerTiming: MakeLocationServiceReady took to complete: 50ms
01-01 00:01:18.942 319 319 I SystemServer: MakeCountryDetectionServiceReady
01-01 00:01:18.942 319 319 D SystemServerTiming: MakeCountryDetectionServiceReady took to complete: 0ms
01-01 00:01:18.942 319 319 I SystemServer: MakeNetworkTimeUpdateReady
01-01 00:01:18.945 319 553 I zygote : Waiting for a blocking GC Alloc
01-01 00:01:18.950 507 507 I WebViewLoader-armeabi-v7a: System.exit called, status: 0
01-01 00:01:18.951 507 507 I AndroidRuntime: VM exiting with result code 0, cleanup skipped.
01-01 00:01:18.968 153 153 W /system/bin/hwservicemanager: getTransportFromManifest: Cannot find entry android.hardware.media.omx@1.0::IOmx in either framework or device manifest, using default transport.
01-01 00:01:18.969 226 284 I OMXClient: Treble IOmx obtained
01-01 00:01:18.970 229 506 I OMXMaster: makeComponentInstance(OMX.google.amrnb.encoder) in omx@1.0-service process
01-01 00:01:18.992 153 153 W /system/bin/hwservicemanager: getTransportFromManifest: Cannot find entry android.hardware.media.omx@1.0::IOmx in either framework or device manifest, using default transport.
01-01 00:01:18.993 226 284 I OMXClient: Treble IOmx obtained
01-01 00:01:18.993 229 541 I OMXMaster: makeComponentInstance(OMX.google.amrwb.encoder) in omx@1.0-service process
01-01 00:01:19.011 153 153 W /system/bin/hwservicemanager: getTransportFromManifest: Cannot find entry android.hardware.media.omx@1.0::IOmx in either framework or device manifest, using default transport.
01-01 00:01:19.014 226 284 I OMXClient: Treble IOmx obtained
01-01 00:01:19.014 229 541 I OMXMaster: makeComponentInstance(OMX.google.flac.encoder) in omx@1.0-service process
01-01 00:01:19.025 319 329 I zygote : Background concurrent copying GC freed 29875(2007KB) AllocSpace objects, 9(196KB) LOS objects, 42% free, 3MB/6MB, paused 285us total 215.527ms
01-01 00:01:19.025 319 553 I zygote : WaitForGcToComplete blocked for 79.738ms for cause Alloc
01-01 00:01:19.025 319 553 I zygote : Starting a blocking GC Alloc
01-01 00:01:19.032 153 153 W /system/bin/hwservicemanager: getTransportFromManifest: Cannot find entry android.hardware.media.omx@1.0::IOmx in either framework or device manifest, using default transport.
01-01 00:01:19.033 226 284 I OMXClient: Treble IOmx obtained
01-01 00:01:19.034 229 541 I OMXMaster: makeComponentInstance(OMX.TI.DUCATI1.VIDEO.DECODER) in omx@1.0-service process
01-01 00:01:19.034 229 541 D OMX_CORE_WRAPPER: TIOMX_GetHandle
01-01 00:01:19.039 319 493 I ActivityManager: Start proc 563:com.android.car/1000 for service com.android.car/.CarService
01-01 00:01:19.041 319 319 D SystemServerTiming: MakeNetworkTimeUpdateReady took to complete: 99ms
01-01 00:01:19.042 319 319 I SystemServer: MakeCommonTimeManagementServiceReady
01-01 00:01:19.042 319 319 I CommonTimeManagementService: No common time service detected on this platform. Common time services will be unavailable.
01-01 00:01:19.042 319 319 D SystemServerTiming: MakeCommonTimeManagementServiceReady took to complete: 0ms
01-01 00:01:19.042 319 319 I SystemServer: MakeInputManagerServiceReady
01-01 00:01:19.043 319 319 D SystemServerTiming: MakeInputManagerServiceReady took to complete: 1ms
01-01 00:01:19.043 319 319 I SystemServer: MakeTelephonyRegistryReady
01-01 00:01:19.044 319 319 D SystemServerTiming: MakeTelephonyRegistryReady took to complete: 1ms
01-01 00:01:19.044 319 319 I SystemServer: MakeMediaRouterServiceReady
01-01 00:01:19.044 319 384 I InputReader: Reconfiguring input devices. changes=0x00000020
01-01 00:01:19.045 319 319 D SystemServerTiming: MakeMediaRouterServiceReady took to complete: 1ms
01-01 00:01:19.045 319 319 I SystemServer: MakeMmsServiceReady
01-01 00:01:19.045 319 319 I MmsServiceBroker: Delay connecting to MmsService until an API is called
01-01 00:01:19.045 319 319 D SystemServerTiming: MakeMmsServiceReady took to complete: 0ms
01-01 00:01:19.045 319 319 I SystemServer: MakeNetworkScoreServiceReady
01-01 00:01:19.045 319 319 D SystemServerTiming: MakeNetworkScoreServiceReady took to complete: 0ms
01-01 00:01:19.045 319 319 I SystemServer: IncidentDaemonReady
01-01 00:01:19.045 319 319 D SystemServerTiming: IncidentDaemonReady took to complete: 0ms
01-01 00:01:19.046 319 319 I SystemServiceManager: Calling onStartUser u0
01-01 00:01:19.049 319 384 I InputReader: Reconfiguring input devices. changes=0x00000010
01-01 00:01:19.052 229 541 I vndksupport: sphal namespace is not configured for this process. Loading /vendor/lib/hw/gralloc.jacinto6.so from the current namespace instead.
01-01 00:01:19.055 229 541 E IMGSRV : :0: PVRSRVOpenDCDevice: Error - 138 returned
01-01 00:01:19.072 319 319 W VoiceInteractionManagerService: no available voice interaction services found for user 0
01-01 00:01:19.072 319 319 W VoiceInteractionManagerService: no available voice recognition services found for user 0
01-01 00:01:19.088 466 466 E Keyboard: Parse error:java.lang.NullPointerException: Attempt to read from null array
01-01 00:01:19.088 466 466 W System.err: java.lang.NullPointerException: Attempt to read from null array
01-01 00:01:19.098 466 466 W System.err: at android.inputmethodservice.Keyboard.loadKeyboard(Keyboard.java:823)
01-01 00:01:19.098 466 466 W System.err: at android.inputmethodservice.Keyboard.(Keyboard.java:569)
01-01 00:01:19.098 466 466 W System.err: at android.inputmethodservice.Keyboard.(Keyboard.java:522)
01-01 00:01:19.098 466 466 W System.err: at com.android.inputmethod.latin.CarLatinIME.createKeyboard(CarLatinIME.java:217)
01-01 00:01:19.098 466 466 W System.err: at com.android.inputmethod.latin.CarLatinIME.onCreate(CarLatinIME.java:151)
01-01 00:01:19.098 466 466 W System.err: at android.app.ActivityThread.handleCreateService(ActivityThread.java:3404)
01-01 00:01:19.098 466 466 W System.err: at android.app.ActivityThread.-wrap4(Unknown Source:0)
01-01 00:01:19.098 466 466 W System.err: at android.app.ActivityThread$H.handleMessage(ActivityThread.java:1683)
01-01 00:01:19.098 466 466 W System.err: at android.os.Handler.dispatchMessage(Handler.java:105)
01-01 00:01:19.098 466 466 W System.err: at android.os.Looper.loop(Looper.java:164)
01-01 00:01:19.098 466 466 W System.err: at android.app.ActivityThread.main(ActivityThread.java:6541)
01-01 00:01:19.098 466 466 W System.err: at java.lang.reflect.Method.invoke(Native Method)
01-01 00:01:19.098 466 466 W System.err: at com.android.internal.os.Zygote$MethodAndArgsCaller.run(Zygote.java:240)
01-01 00:01:19.098 466 466 W System.err: at com.android.internal.os.ZygoteInit.main(ZygoteInit.java:767)
01-01 00:01:19.107 319 319 I ActivityManager: Start proc 573:com.android.car/1000 for added application com.android.car
01-01 00:01:19.127 229 541 E OMXNodeInstance: getExtensionIndex(0xad5a3560:TI.DUCATI1.DECODER, OMX.google.android.index.configureVideoTunnelMode) ERROR: UnsupportedIndex(0x8000101a)
01-01 00:01:19.128 229 541 W OMXNodeInstance: [0xad5a3560:TI.DUCATI1.DECODER] component does not support metadata mode; using fallback
01-01 00:01:19.128 229 541 D OMX_CORE_WRAPPER: TIOMX_FreeHandle
01-01 00:01:19.136 153 153 W /system/bin/hwservicemanager: getTransportFromManifest: Cannot find entry android.hardware.media.omx@1.0::IOmx in either framework or device manifest, using default transport.
01-01 00:01:19.137 226 284 I OMXClient: Treble IOmx obtained
01-01 00:01:19.137 229 273 I OMXMaster: makeComponentInstance(OMX.TI.DUCATI1.VIDEO.DECODER) in omx@1.0-service process
01-01 00:01:19.137 229 273 D OMX_CORE_WRAPPER: TIOMX_GetHandle
01-01 00:01:19.138 229 273 I vndksupport: sphal namespace is not configured for this process. Loading /vendor/lib/hw/gralloc.jacinto6.so from the current namespace instead.
01-01 00:01:19.149 229 541 E OMXNodeInstance: getExtensionIndex(0xad2280c0:TI.DUCATI1.DECODER, OMX.google.android.index.configureVideoTunnelMode) ERROR: UnsupportedIndex(0x8000101a)
01-01 00:01:19.151 229 541 W OMXNodeInstance: [0xad2280c0:TI.DUCATI1.DECODER] component does not support metadata mode; using fallback
01-01 00:01:19.151 229 541 D OMX_CORE_WRAPPER: TIOMX_FreeHandle
01-01 00:01:19.154 319 319 I ActivityManager: Start proc 593:com.android.phone/1001 for added application com.android.phone
01-01 00:01:19.154 319 319 I ActivityManager: START u0 {act=android.intent.action.MAIN cat=[android.intent.category.HOME] flg=0x10000100 cmp=com.android.settings/.CryptKeeper} from uid 0
