01-01 00:01:45.081 1014 1020 I zygote : Do partial code cache collection, code=31KB, data=30KB
01-01 00:01:45.085 1014 1020 I zygote : After code cache collection, code=26KB, data=28KB
01-01 00:01:45.085 1014 1020 I zygote : Increasing code cache capacity to 128KB
01-01 00:01:45.115 1014 1014 I zygote : Deoptimizing void com.android.launcher3.BubbleTextView.applyIconAndLabel(android.graphics.Bitmap, com.android.launcher3.ItemInfo) due to JIT inline cache
01-01 00:01:45.277 1014 1020 I zygote : Do partial code cache collection, code=62KB, data=51KB
01-01 00:01:45.278 1014 1020 I zygote : After code cache collection, code=60KB, data=49KB
01-01 00:01:45.278 1014 1020 I zygote : Increasing code cache capacity to 256KB
01-01 00:01:48.635 483 726 I vol.Events: writeEvent level_changed STREAM_MUSIC 10
01-01 00:01:50.277 319 335 I ActivityManager: Waited long enough for: ServiceRecord{8ed6372 u0 com.android.calendar/.alerts.InitAlarmsService}
01-01 00:01:50.527 319 335 I ActivityManager: Waited long enough for: ServiceRecord{790683b u0 com.android.car.messenger/.MessengerService} **************************************RUN CAMERA APP**************************************
01-01 00:01:54.464 319 331 I ActivityManager: START u0 {act=android.intent.action.MAIN cat=[android.intent.category.LAUNCHER] flg=0x10200000 pkg=com.android.camera2 cmp=com.android.camera2/com.android.camera.CameraLauncher bnds=[1086,47][1218,195]} from uid 10017
01-01 00:01:54.467 217 217 W APM_AudioPolicyManager: getOutput() could not find output for stream 1, samplingRate 0,format 0, channels 3, flags 0
01-01 00:01:54.467 217 217 W APM_AudioPolicyManager: getOutput() could not find output for stream 1, samplingRate 0,format 0, channels 3, flags 0
01-01 00:01:54.468 217 217 W APM_AudioPolicyManager: getOutput() could not find output for stream 1, samplingRate 48000,format 1, channels 3, flags 4
01-01 00:01:54.468 319 444 E AudioTrack: Could not get audio output for session 33, stream type -1, usage 13, sample rate 48000, format 0x1, channel mask 0x3, flags 0x4
01-01 00:01:54.469 319 444 E SoundPool: Error creating AudioTrack
01-01 00:01:54.479 319 368 W System : ClassLoader referenced unknown path:
01-01 00:01:54.528 1269 1269 V CAM_QuickActivity: START onCreate: Activity = com.android.camera.CameraActivity@5a9d5d5
01-01 00:01:54.529 1269 1269 V CAM_Profiler: [ 0.000ms][ui] GUARD: CameraActivity.onCreateTasks - START
01-01 00:01:54.529 1269 1269 D CAM_LocationManager: Using legacy location provider.
01-01 00:01:54.552 319 368 I vndksupport: sphal namespace is not configured for this process. Loading /vendor/lib/hw/gralloc.jacinto6.so from the current namespace instead.
01-01 00:01:54.599 1269 1269 D CAM_MemoryManagerImpl: Max native memory: 11 MB
01-01 00:01:54.604 1269 1269 W SoundPool: Use of stream types is deprecated for operations other than volume control
01-01 00:01:54.604 1269 1269 W SoundPool: See the documentation of SoundPool() for what to use instead with android.media.AudioAttributes to qualify your playback use case
01-01 00:01:54.604 1269 1269 I CAM_OneCamFtrCnfgCrtr: CaptureModule? true
01-01 00:01:54.610 319 331 I ActivityManager: START u0 {cmp=com.android.camera2/com.android.camera.PermissionsActivity} from uid 10041
01-01 00:01:54.638 1269 1269 I CAM_Profiler: [108.968ms][ui] GUARD: CameraActivity.onCreateTasks - [20.172ms] Glide.setup
01-01 00:01:54.640 1269 1269 V CAM_Profiler: [111.758ms][ui] GUARD: CameraActivity.onCreateTasks - [ 2.790ms] OneCameraManager.get
01-01 00:01:54.649 1269 1269 I CameraManagerGlobal: Connecting to camera service
01-01 00:01:54.655 179 179 D CameraHal: (a7bb54a8) + hardware/ti/dra7xx/camera/CameraProperties.cpp:67 initialize - ENTER
01-01 00:01:54.655 179 179 D CameraHal: (a7bb54a8) - hardware/ti/dra7xx/camera/CameraProperties.cpp:67 initialize - EXIT
01-01 00:01:54.655 179 179 D CameraHal: (a7bb54a8) + hardware/ti/dra7xx/camera/CameraParameters.cpp:152 getProperties - ENTER
01-01 00:01:54.655 179 179 D CameraHal: (a7bb54a8) - hardware/ti/dra7xx/camera/CameraParameters.cpp:163 getProperties - EXIT
01-01 00:01:54.667 179 179 D CameraHal: (a7bb54a8) + hardware/ti/dra7xx/camera/CameraProperties.cpp:67 initialize - ENTER
01-01 00:01:54.668 179 179 D CameraHal: (a7bb54a8) - hardware/ti/dra7xx/camera/CameraProperties.cpp:67 initialize - EXIT
01-01 00:01:54.668 179 179 D CameraHal: (a7bb54a8) + hardware/ti/dra7xx/camera/CameraParameters.cpp:152 getProperties - ENTER
01-01 00:01:54.668 179 179 D CameraHal: (a7bb54a8) - hardware/ti/dra7xx/camera/CameraParameters.cpp:163 getProperties - EXIT
01-01 00:01:54.671 218 302 I CameraService: CameraService::connect call (PID -1 "com.android.camera2", camera ID 0) for HAL version default and Camera API version 1
01-01 00:01:54.672 179 279 D CameraHal: (a627f970) + hardware/ti/dra7xx/camera/CameraProperties.cpp:67 initialize - ENTER
01-01 00:01:54.672 179 279 D CameraHal: (a627f970) - hardware/ti/dra7xx/camera/CameraProperties.cpp:67 initialize - EXIT
01-01 00:01:54.672 179 279 D CameraHal: (a627f970) + hardware/ti/dra7xx/camera/CameraParameters.cpp:152 getProperties - ENTER
01-01 00:01:54.672 179 279 D CameraHal: (a627f970) - hardware/ti/dra7xx/camera/CameraParameters.cpp:163 getProperties - EXIT
01-01 00:01:54.674 226 1439 D NuPlayerDriver: NuPlayerDriver(0xa65b02a0) created, clientPid(218)
01-01 00:01:54.676 153 153 W /system/bin/hwservicemanager: getTransportFromManifest: Cannot find entry android.hardware.media.omx@1.0::IOmx in either framework or device manifest, using default transport.
01-01 00:01:54.698 226 1466 D NuPlayerDriver: notifyListener_l(0xa65b02a0), (1, 0, 0, -1), loop setting(0, 0)
01-01 00:01:54.699 226 1439 D NuPlayerDriver: NuPlayerDriver(0xa65b0150) created, clientPid(218)
01-01 00:01:54.701 153 153 W /system/bin/hwservicemanager: getTransportFromManifest: Cannot find entry android.hardware.media.omx@1.0::IOmx in either framework or device manifest, using default transport.
01-01 00:01:54.703 153 153 W /system/bin/hwservicemanager: getTransportFromManifest: Cannot find entry android.hardware.media.omx@1.0::IOmx in either framework or device manifest, using default transport.
01-01 00:01:54.708 1269 1468 I OMXClient: Treble IOmx obtained
01-01 00:01:54.709 229 562 I OMXMaster: makeComponentInstance(OMX.google.vorbis.decoder) in omx@1.0-service process
01-01 00:01:54.715 229 562 E OMXNodeInstance: getConfig(0xad2281e0:google.vorbis.decoder, ConfigAndroidVendorExtension(0x6f100004)) ERROR: Undefined(0x80001001)
01-01 00:01:54.719 175 175 W /system/bin/hw/android.hidl.allocator@1.0-service: ashmem_create_region(32768) returning hidl_memory(0xaf298820, 32768)
01-01 00:01:54.747 175 175 I chatty : uid=1000(system) allocator@1.0-s identical 6 lines
01-01 00:01:54.772 175 175 W /system/bin/hw/android.hidl.allocator@1.0-service: ashmem_create_region(32768) returning hidl_memory(0xaf298820, 32768)
01-01 00:01:54.739 178 178 I android.hardwar: type=1400 audit(0.0:54): avc: denied { accept } for lport=33452 scontext=u:r:hal_vehicle_default:s0 tcontext=u:r:hal_vehicle_default:s0 tclass=tcp_socket permissive=1
01-01 00:01:54.747 175 175 I chatty : uid=1000(system) allocator@1.0-s expire 6 lines
01-01 00:01:54.772 175 175 W /system/bin/hw/android.hidl.allocator@1.0-service: ashmem_create_region(32768) returning hidl_memory(0xaf298820, 32768)
01-01 00:01:54.793 226 1470 D NuPlayerDriver: notifyListener_l(0xa65b0150), (1, 0, 0, -1), loop setting(0, 0)
01-01 00:01:54.794 226 1439 D NuPlayerDriver: NuPlayerDriver(0xa65b00e0) created, clientPid(218)
01-01 00:01:54.798 153 153 W /system/bin/hwservicemanager: getTransportFromManifest: Cannot find entry android.hardware.media.omx@1.0::IOmx in either framework or device manifest, using default transport.
01-01 00:01:54.812 175 175 W /system/bin/hw/android.hidl.allocator@1.0-service: ashmem_create_region(32768) returning hidl_memory(0xaf298820, 32768)
01-01 00:01:54.813 175 175 I chatty : uid=1000(system) allocator@1.0-s identical 2 lines
01-01 00:01:54.814 175 175 W /system/bin/hw/android.hidl.allocator@1.0-service: ashmem_create_region(32768) returning hidl_memory(0xaf298820, 32768)
01-01 00:01:54.825 226 1476 D NuPlayerDriver: notifyListener_l(0xa65b00e0), (1, 0, 0, -1), loop setting(0, 0)
01-01 00:01:54.827 218 302 I CameraHardwareInterface: Opening camera 0
01-01 00:01:54.827 179 279 I CamDev@1.0-impl: Opening camera 0
01-01 00:01:54.828 179 279 D CameraHal: (a627f970) + hardware/ti/dra7xx/camera/CameraProperties.cpp:67 initialize - ENTER
01-01 00:01:54.828 179 279 D CameraHal: (a627f970) - hardware/ti/dra7xx/camera/CameraProperties.cpp:67 initialize - EXIT
01-01 00:01:54.828 179 279 D CameraHal: (a627f970) + hardware/ti/dra7xx/camera/CameraParameters.cpp:152 getProperties - ENTER
01-01 00:01:54.828 179 279 D CameraHal: (a627f970) - hardware/ti/dra7xx/camera/CameraParameters.cpp:163 getProperties - EXIT
01-01 00:01:54.828 179 279 E CameraHal: (a627f970) hardware/ti/dra7xx/camera/CameraHal_Module.cpp:634 camera_device_open - CameraHal_Module: ******************* 1 *******************
01-01 00:01:54.828 179 279 I CameraHal: (a627f970) hardware/ti/dra7xx/camera/CameraHal_Module.cpp:638 camera_device_open - camera_device open
01-01 00:01:54.828 179 279 D CameraHal: (a627f970) + hardware/ti/dra7xx/camera/CameraProperties.cpp:130 camerasSupported - ENTER
01-01 00:01:54.828 179 279 D CameraHal: (a627f970) - hardware/ti/dra7xx/camera/CameraProperties.cpp:130 camerasSupported - EXIT
01-01 00:01:54.828 179 279 D CameraHal: (a627f970) + hardware/ti/dra7xx/camera/CameraParameters.cpp:152 getProperties - ENTER
01-01 00:01:54.828 179 279 D CameraHal: (a627f970) - hardware/ti/dra7xx/camera/CameraParameters.cpp:163 getProperties - EXIT
01-01 00:01:54.828 179 279 E CameraHal: (a627f970) hardware/ti/dra7xx/camera/CameraHal.cpp:131 getSocFamily - '/sys/board_properties/soc/family' Not Available
01-01 00:01:54.828 179 279 D CameraHal: (a627f970) + hardware/ti/dra7xx/camera/CameraHal.cpp:3971 CameraHal - ENTER
01-01 00:01:54.828 179 279 D CameraHal: (a627f970) - hardware/ti/dra7xx/camera/CameraHal.cpp:4047 CameraHal - EXIT
01-01 00:01:54.828 179 279 D CameraHal: (a627f970) + hardware/ti/dra7xx/camera/CameraHal.cpp:4107 initialize - ENTER
01-01 00:01:54.828 179 279 D CameraHal: (a627f970) hardware/ti/dra7xx/camera/CameraParameters.cpp:214 dump - ================================
01-01 00:01:54.828 179 279 D CameraHal: (a627f970) hardware/ti/dra7xx/camera/CameraParameters.cpp:215 dump - Dumping properties for camera: 0
01-01 00:01:54.828 179 279 D CameraHal: (a627f970) hardware/ti/dra7xx/camera/CameraParameters.cpp:220 dump - prop-antibanding-values = auto
01-01 00:01:54.828 179 279 D CameraHal: (a627f970) hardware/ti/dra7xx/camera/CameraParameters.cpp:220 dump - prop-camera-name = USBCAMERA
01-01 00:01:54.828 179 279 D CameraHal: (a627f970) hardware/ti/dra7xx/camera/CameraParameters.cpp:220 dump - prop-effect-values = none
01-01 00:01:54.828 179 279 D CameraHal: (a627f970) hardware/ti/dra7xx/camera/CameraParameters.cpp:220 dump - prop-exposure-mode-values = auto
01-01 00:01:54.828 179 279 D CameraHal: (a627f970) hardware/ti/dra7xx/camera/CameraParameters.cpp:220 dump - prop-facing = back
01-01 00:01:54.828 179 279 D CameraHal: (a627f970) hardware/ti/dra7xx/camera/CameraParameters.cpp:220 dump - prop-flash-mode-values = off
01-01 00:01:54.828 179 279 D CameraHal: (a627f970) hardware/ti/dra7xx/camera/CameraParameters.cpp:220 dump - prop-focal-length = 1
01-01 00:01:54.828 179 279 D CameraHal: (a627f970) hardware/ti/dra7xx/camera/CameraParameters.cpp:220 dump - prop-focus-mode-default = fixed
01-01 00:01:54.828 179 279 D CameraHal: (a627f970) hardware/ti/dra7xx/camera/CameraParameters.cpp:220 dump - prop-focus-mode-values = fixed
01-01 00:01:54.828 179 279 D CameraHal: (a627f970) hardware/ti/dra7xx/camera/CameraParameters.cpp:220 dump - prop-framerate-range-default = 30000,30000
01-01 00:01:54.828 179 279 D CameraHal: (a627f970) hardware/ti/dra7xx/camera/CameraParameters.cpp:220 dump - prop-framerate-range-values =
01-01 00:01:54.828 179 279 D CameraHal: (a627f970) hardware/ti/dra7xx/camera/CameraParameters.cpp:220 dump - prop-horizontal-angle = 170
01-01 00:01:54.828 179 279 D CameraHal: (a627f970) hardware/ti/dra7xx/camera/CameraParameters.cpp:220 dump - prop-ipp-values = ldc-nsf
01-01 00:01:54.828 179 279 D CameraHal: (a627f970) hardware/ti/dra7xx/camera/CameraParameters.cpp:220 dump - prop-iso-mode-values = auto
01-01 00:01:54.828 179 279 D CameraHal: (a627f970) hardware/ti/dra7xx/camera/CameraParameters.cpp:220 dump - prop-jpeg-quality-default = 90
01-01 00:01:54.828 179 279 D CameraHal: (a627f970) hardware/ti/dra7xx/camera/CameraParameters.cpp:220 dump - prop-jpeg-thumbnail-quality-default = 50
01-01 00:01:54.828 179 279 D CameraHal: (a627f970) hardware/ti/dra7xx/camera/CameraParameters.cpp:220 dump - prop-jpeg-thumbnail-size-default = 320x240
01-01 00:01:54.828 179 279 D CameraHal: (a627f970) hardware/ti/dra7xx/camera/CameraParameters.cpp:220 dump - prop-jpeg-thumbnail-size-values = 0x0,320x240
01-01 00:01:54.828 179 279 D CameraHal: (a627f970) hardware/ti/dra7xx/camera/CameraParameters.cpp:220 dump - prop-max-fd-hw-faces = 0
01-01 00:01:54.828 179 279 D CameraHal: (a627f970) hardware/ti/dra7xx/camera/CameraParameters.cpp:220 dump - prop-orientation = 0
01-01 00:01:54.828 179 279 D CameraHal: (a627f970) hardware/ti/dra7xx/camera/CameraParameters.cpp:220 dump - prop-picture-format-default = jpeg
01-01 00:01:54.828 179 279 D CameraHal: (a627f970) hardware/ti/dra7xx/camera/CameraParameters.cpp:220 dump - prop-picture-format-values = jpeg
01-01 00:01:54.828 179 279 D CameraHal: (a627f970) hardware/ti/dra7xx/camera/CameraParameters.cpp:220 dump - prop-picture-size-default = 1280x720
01-01 00:01:54.828 179 279 D CameraHal: (a627f970) hardware/ti/dra7xx/camera/CameraParameters.cpp:220 dump - prop-picture-size-values = 1280x800,1280x720,752x480,640x480,600x400,352x288,320x240
01-01 00:01:54.828 179 279 D CameraHal: (a627f970) hardware/ti/dra7xx/camera/CameraParameters.cpp:220 dump - prop-preview-format-default = yuv420sp
01-01 00:01:54.828 179 279 D CameraHal: (a627f970) hardware/ti/dra7xx/camera/CameraParameters.cpp:220 dump - prop-preview-format-values = yuv420sp
01-01 00:01:54.828 179 279 D CameraHal: (a627f970) hardware/ti/dra7xx/camera/CameraParameters.cpp:220 dump - prop-preview-frame-rate-default = 30
01-01 00:01:54.828 179 279 D CameraHal: (a627f970) hardware/ti/dra7xx/camera/CameraParameters.cpp:220 dump - prop-preview-frame-rate-values =
01-01 00:01:54.829 179 279 D CameraHal: (a627f970) hardware/ti/dra7xx/camera/CameraParameters.cpp:220 dump - prop-preview-size-default = 1280x720
01-01 00:01:54.829 179 279 D CameraHal: (a627f970) hardware/ti/dra7xx/camera/CameraParameters.cpp:220 dump - prop-preview-size-values = 1280x800,1280x720,752x480,640x480,600x400,352x288,320x240
01-01 00:01:54.829 179 279 D CameraHal: (a627f970) hardware/ti/dra7xx/camera/CameraParameters.cpp:220 dump - prop-preview-subsampled-size-values = 1280x800,1280x720,752x480,640x480,600x400,352x288,320x240
01-01 00:01:54.829 179 279 D CameraHal: (a627f970) hardware/ti/dra7xx/camera/CameraParameters.cpp:220 dump - prop-required-preview-bufs = 8
01-01 00:01:54.829 179 279 D CameraHal: (a627f970) hardware/ti/dra7xx/camera/CameraParameters.cpp:220 dump - prop-s3d-prv-frame-layout = none
01-01 00:01:54.829 179 279 D CameraHal: (a627f970) hardware/ti/dra7xx/camera/CameraParameters.cpp:220 dump - prop-sensor-index = 0
01-01 00:01:54.829 179 279 D CameraHal: (a627f970) hardware/ti/dra7xx/camera/CameraParameters.cpp:220 dump - prop-vertical-angle = 170
01-01 00:01:54.829 179 279 D CameraHal: (a627f970) hardware/ti/dra7xx/camera/CameraParameters.cpp:220 dump - prop-vnf-default = false
01-01 00:01:54.829 179 279 D CameraHal: (a627f970) hardware/ti/dra7xx/camera/CameraParameters.cpp:220 dump - prop-vstab-default = false
01-01 00:01:54.829 179 279 D CameraHal: (a627f970) hardware/ti/dra7xx/camera/CameraParameters.cpp:220 dump - prop-zoom-default = 1
01-01 00:01:54.829 179 279 D CameraHal: (a627f970) hardware/ti/dra7xx/camera/CameraParameters.cpp:220 dump - prop-zoom-ratios = 1
01-01 00:01:54.829 179 279 D CameraHal: (a627f970) hardware/ti/dra7xx/camera/CameraParameters.cpp:220 dump - prop-zoom-stages = 1
01-01 00:01:54.829 179 279 D CameraHal: (a627f970) hardware/ti/dra7xx/camera/CameraParameters.cpp:220 dump - prop-zoom-supported = false
01-01 00:01:54.829 179 279 D CameraHal: (a627f970) hardware/ti/dra7xx/camera/CameraParameters.cpp:220 dump - sensor-orientation = 0
01-01 00:01:54.829 179 279 D CameraHal: (a627f970) hardware/ti/dra7xx/camera/CameraParameters.cpp:223 dump - --------------------------------
01-01 00:01:54.829 179 279 D CameraHal: (a627f970) hardware/ti/dra7xx/camera/CameraHal.cpp:4146 initialize - Sensor index= 0; Sensor name= USBCAMERA
01-01 00:01:54.829 179 279 D CameraHal: (a627f970) + hardware/ti/dra7xx/camera/V4LCameraAdapter/V4LCameraAdapter.cpp:1208 V4LCameraAdapter_Factory - ENTER
01-01 00:01:54.829 179 279 D CameraHal: (a627f970) + hardware/ti/dra7xx/camera/V4LCameraAdapter/V4LCameraAdapter.cpp:894 V4LCameraAdapter - ENTER
01-01 00:01:54.829 179 279 E CameraHal: Error while adapter initialization: video capture not supported.
01-01 00:01:54.829 179 279 E CameraHal: Error while checking driver: Not VPE
01-01 00:01:54.830 179 279 E CameraHal: Error while adapter initialization: video capture not supported.
01-01 00:01:54.830 179 279 E CameraHal: Found VPE M2M device /dev/video0!!!
01-01 00:01:54.830 179 279 D CameraHal: (a627f970) - hardware/ti/dra7xx/camera/V4LCameraAdapter/V4LCameraAdapter.cpp:912 V4LCameraAdapter - EXIT
01-01 00:01:54.830 179 279 D CameraHal: (a627f970) hardware/ti/dra7xx/camera/V4LCameraAdapter/V4LCameraAdapter.cpp:1212 V4LCameraAdapter_Factory - New V4L Camera adapter instance created for sensor 0
01-01 00:01:54.830 179 279 D CameraHal: (a627f970) - hardware/ti/dra7xx/camera/V4LCameraAdapter/V4LCameraAdapter.cpp:1217 V4LCameraAdapter_Factory - EXIT
01-01 00:01:54.830 179 279 D CameraHal: (a627f970) + hardware/ti/dra7xx/camera/V4LCameraAdapter/V4LCameraAdapter.cpp:305 initialize - ENTER
01-01 00:01:54.830 179 279 D CameraHal: (a627f970) - hardware/ti/dra7xx/camera/V4LCameraAdapter/V4LCameraAdapter.cpp:361 initialize - EXIT
01-01 00:01:54.830 179 279 D CameraHal: (a627f970) + hardware/ti/dra7xx/camera/BaseCameraAdapter.cpp:126 registerImageReleaseCallback - ENTER
01-01 00:01:54.830 179 279 D CameraHal: (a627f970) - hardware/ti/dra7xx/camera/BaseCameraAdapter.cpp:131 registerImageReleaseCallback - EXIT
01-01 00:01:54.830 179 279 D CameraHal: (a627f970) + hardware/ti/dra7xx/camera/BaseCameraAdapter.cpp:140 registerEndCaptureCallback - ENTER
01-01 00:01:54.830 179 279 D CameraHal: (a627f970) - hardware/ti/dra7xx/camera/BaseCameraAdapter.cpp:145 registerEndCaptureCallback - EXIT
01-01 00:01:54.830 179 279 D CameraHal: (a627f970) + hardware/ti/dra7xx/camera/AppCallbackNotifier.cpp:38 initialize - ENTER
01-01 00:01:54.830 179 279 D CameraHal: (a627f970) - hardware/ti/dra7xx/camera/AppCallbackNotifier.cpp:70 initialize - EXIT
01-01 00:01:54.830 179 279 D CameraHal: (a627f970) + hardware/ti/dra7xx/camera/AppCallbackNotifier.cpp:1257 setEventProvider - ENTER
01-01 00:01:54.830 179 279 D CameraHal: (a627f970) + hardware/ti/dra7xx/camera/CameraHalUtilClasses.cpp:87 enableEventNotification - ENTER
01-01 00:01:54.830 179 279 D CameraHal: (a627f970) + hardware/ti/dra7xx/camera/BaseCameraAdapter.cpp:176 enableMsgType - ENTER
01-01 00:01:54.830 179 279 V CameraHal: (a627f970) hardware/ti/dra7xx/camera/BaseCameraAdapter.cpp:215 enableMsgType - Event message type id=0xffff subscription request
01-01 00:01:54.830 179 279 D CameraHal: (a627f970) - hardware/ti/dra7xx/camera/BaseCameraAdapter.cpp:229 enableMsgType - EXIT
01-01 00:01:54.831 179 279 D CameraHal: (a627f970) - hardware/ti/dra7xx/camera/CameraHalUtilClasses.cpp:97 enableEventNotification - EXIT
01-01 00:01:54.831 179 279 D CameraHal: (a627f970) - hardware/ti/dra7xx/camera/AppCallbackNotifier.cpp:1272 setEventProvider - EXIT
01-01 00:01:54.831 179 279 D CameraHal: (a627f970) + hardware/ti/dra7xx/camera/AppCallbackNotifier.cpp:1277 setFrameProvider - ENTER
01-01 00:01:54.831 179 279 D CameraHal: (a627f970) + hardware/ti/dra7xx/camera/CameraHalUtilClasses.cpp:33 enableFrameNotification - ENTER
01-01 00:01:54.831 179 279 D CameraHal: (a627f970) + hardware/ti/dra7xx/camera/BaseCameraAdapter.cpp:176 enableMsgType - ENTER
01-01 00:01:54.831 179 279 V CameraHal: (a627f970) hardware/ti/dra7xx/camera/BaseCameraAdapter.cpp:183 enableMsgType - Frame message type id=0x8 subscription request
01-01 00:01:54.831 179 279 D CameraHal: (a627f970) - hardware/ti/dra7xx/camera/BaseCameraAdapter.cpp:229 enableMsgType - EXIT
01-01 00:01:54.831 179 279 D CameraHal: (a627f970) - hardware/ti/dra7xx/camera/CameraHalUtilClasses.cpp:43 enableFrameNotification - EXIT
01-01 00:01:54.831 179 279 D CameraHal: (a627f970) + hardware/ti/dra7xx/camera/CameraHalUtilClasses.cpp:33 enableFrameNotification - ENTER
01-01 00:01:54.831 179 279 D CameraHal: (a627f970) + hardware/ti/dra7xx/camera/BaseCameraAdapter.cpp:176 enableMsgType - ENTER
01-01 00:01:54.831 179 279 V CameraHal: (a627f970) hardware/ti/dra7xx/camera/BaseCameraAdapter.cpp:183 enableMsgType - Frame message type id=0x100 subscription request
01-01 00:01:54.831 179 279 D CameraHal: (a627f970) - hardware/ti/dra7xx/camera/BaseCameraAdapter.cpp:229 enableMsgType - EXIT
01-01 00:01:54.831 179 279 D CameraHal: (a627f970) - hardware/ti/dra7xx/camera/CameraHalUtilClasses.cpp:43 enableFrameNotification - EXIT
01-01 00:01:54.831 179 279 D CameraHal: (a627f970) - hardware/ti/dra7xx/camera/AppCallbackNotifier.cpp:1293 setFrameProvider - EXIT
01-01 00:01:54.831 179 279 D CameraHal: (a627f970) + hardware/ti/dra7xx/camera/BaseCameraAdapter.cpp:154 setErrorHandler - ENTER
01-01 00:01:54.831 179 279 D CameraHal: (a627f970) - hardware/ti/dra7xx/camera/BaseCameraAdapter.cpp:167 setErrorHandler - EXIT
01-01 00:01:54.831 179 279 D CameraHal: (a627f970) + hardware/ti/dra7xx/camera/AppCallbackNotifier.cpp:1627 start - ENTER
01-01 00:01:54.831 179 279 D CameraHal: (a627f970) hardware/ti/dra7xx/camera/AppCallbackNotifier.cpp:1656 start - --> AppCallbackNotifier NOTIFIER_STARTED
01-01 00:01:54.831 179 279 D CameraHal: (a627f970) - hardware/ti/dra7xx/camera/AppCallbackNotifier.cpp:1658 start - EXIT
01-01 00:01:54.831 179 279 D CameraHal: (a627f970) hardware/ti/dra7xx/camera/CameraHal.cpp:4215 initialize - Started AppCallbackNotifier..
01-01 00:01:54.831 179 279 D CameraHal: (a627f970) + hardware/ti/dra7xx/camera/AppCallbackNotifier.cpp:100 setMeasurements - ENTER
01-01 00:01:54.831 179 279 D CameraHal: (a627f970) - hardware/ti/dra7xx/camera/AppCallbackNotifier.cpp:109 setMeasurements - EXIT
01-01 00:01:54.831 179 279 D CameraHal: (a627f970) + hardware/ti/dra7xx/camera/CameraHal.cpp:4509 initDefaultParameters - ENTER
01-01 00:01:54.831 179 279 D CameraHal: (a627f970) + hardware/ti/dra7xx/camera/CameraHal.cpp:4438 insertSupportedParams - ENTER
01-01 00:01:54.831 179 279 D CameraHal: (a627f970) - hardware/ti/dra7xx/camera/CameraHal.cpp:4494 insertSupportedParams - EXIT
01-01 00:01:54.831 179 279 D CameraHal: (a627f970) + hardware/ti/dra7xx/camera/CameraHal.cpp:4388 parseResolution - ENTER
01-01 00:01:54.831 179 279 D CameraHal: (a627f970) - hardware/ti/dra7xx/camera/CameraHal.cpp:4431 parseResolution - EXIT
01-01 00:01:54.831 179 279 D CameraHal: (a627f970) + hardware/ti/dra7xx/camera/CameraHal.cpp:4388 parseResolution - ENTER
01-01 00:01:54.831 179 279 D CameraHal: (a627f970) - hardware/ti/dra7xx/camera/CameraHal.cpp:4431 parseResolution - EXIT
01-01 00:01:54.831 179 279 D CameraHal: (a627f970) + hardware/ti/dra7xx/camera/CameraHal.cpp:4388 parseResolution - ENTER
01-01 00:01:54.831 179 279 D CameraHal: (a627f970) - hardware/ti/dra7xx/camera/CameraHal.cpp:4431 parseResolution - EXIT
01-01 00:01:54.832 179 279 D CameraHal: (a627f970) - hardware/ti/dra7xx/camera/CameraHal.cpp:4612 initDefaultParameters - EXIT
01-01 00:01:54.832 179 279 D CameraHal: (a627f970) + hardware/ti/dra7xx/camera/CameraHal.cpp:389 setParameters - ENTER
01-01 00:01:54.832 179 279 D CameraHal: (a627f970) + hardware/ti/dra7xx/camera/CameraHal.cpp:2579 previewEnabled - ENTER
01-01 00:01:54.832 179 279 D CameraHal: (a627f970) - hardware/ti/dra7xx/camera/CameraHal.cpp:2579 previewEnabled - EXIT
01-01 00:01:54.832 179 279 D CameraHal: (a627f970) + hardware/ti/dra7xx/camera/CameraHal.cpp:4313 isParameterValid - ENTER
01-01 00:01:54.832 179 279 D CameraHal: (a627f970) - hardware/ti/dra7xx/camera/CameraHal.cpp:4337 isParameterValid - EXIT
01-01 00:01:54.832 179 279 D CameraHal: (a627f970) hardware/ti/dra7xx/camera/CameraHal.cpp:416 setParameters - PreviewFormat set yuv420sp
01-01 00:01:54.832 179 279 D CameraHal: (a627f970) hardware/ti/dra7xx/camera/CameraHal.cpp:577 setParameters - Recording Hint is set to NULL
01-01 00:01:54.832 179 279 D CameraHal: (a627f970) + hardware/ti/dra7xx/camera/CameraHal.cpp:2803 resetVideoModeParameters - ENTER
01-01 00:01:54.832 179 279 D CameraHal: (a627f970) - hardware/ti/dra7xx/camera/CameraHal.cpp:2818 resetVideoModeParameters - EXIT
01-01 00:01:54.832 179 279 D CameraHal: (a627f970) + hardware/ti/dra7xx/camera/CameraHal.cpp:4248 isResolutionValid - ENTER
01-01 00:01:54.832 179 279 D CameraHal: (a627f970) + hardware/ti/dra7xx/camera/CameraHal.cpp:4313 isParameterValid - ENTER
01-01 00:01:54.832 179 279 D CameraHal: (a627f970) - hardware/ti/dra7xx/camera/CameraHal.cpp:4337 isParameterValid - EXIT
01-01 00:01:54.833 179 279 D CameraHal: (a627f970) - hardware/ti/dra7xx/camera/CameraHal.cpp:4264 isResolutionValid - EXIT
01-01 00:01:54.833 179 279 D CameraHal: (a627f970) hardware/ti/dra7xx/camera/CameraHal.cpp:598 setParameters - Preview Resolution: 1280 x 720
01-01 00:01:54.833 179 279 D CameraHal: (a627f970) + hardware/ti/dra7xx/camera/CameraHal.cpp:4313 isParameterValid - ENTER
01-01 00:01:54.833 179 279 D CameraHal: (a627f970) - hardware/ti/dra7xx/camera/CameraHal.cpp:4337 isParameterValid - EXIT
01-01 00:01:54.833 179 279 D CameraHal: (a627f970) hardware/ti/dra7xx/camera/CameraHal.cpp:602 setParameters - Focus mode set fixed
01-01 00:01:54.833 179 279 D CameraHal: (a627f970) + hardware/ti/dra7xx/camera/CameraHal.cpp:4248 isResolutionValid - ENTER
01-01 00:01:54.833 179 279 D CameraHal: (a627f970) + hardware/ti/dra7xx/camera/CameraHal.cpp:4313 isParameterValid - ENTER
01-01 00:01:54.833 179 279 D CameraHal: (a627f970) - hardware/ti/dra7xx/camera/CameraHal.cpp:4337 isParameterValid - EXIT
01-01 00:01:54.833 179 279 D CameraHal: (a627f970) - hardware/ti/dra7xx/camera/CameraHal.cpp:4264 isResolutionValid - EXIT
01-01 00:01:54.833 179 279 D CameraHal: (a627f970) hardware/ti/dra7xx/camera/CameraHal.cpp:646 setParameters - Picture Size by App 1280 x 720
01-01 00:01:54.833 179 279 D CameraHal: (a627f970) + hardware/ti/dra7xx/camera/CameraHal.cpp:4313 isParameterValid - ENTER
01-01 00:01:54.833 179 279 D CameraHal: (a627f970) - hardware/ti/dra7xx/camera/CameraHal.cpp:4337 isParameterValid - EXIT
01-01 00:01:54.833 179 279 D CameraHal: (a627f970) hardware/ti/dra7xx/camera/CameraHal.cpp:1005 setParameters - Jpeg quality set 90
01-01 00:01:54.833 179 279 D CameraHal: (a627f970) hardware/ti/dra7xx/camera/CameraHal.cpp:1011 setParameters - Thumbnail width set 320
01-01 00:01:54.833 179 279 D CameraHal: (a627f970) hardware/ti/dra7xx/camera/CameraHal.cpp:1017 setParameters - Thumbnail width set 240
01-01 00:01:54.833 179 279 D CameraHal: (a627f970) hardware/ti/dra7xx/camera/CameraHal.cpp:1023 setParameters - Thumbnail quality set 50
01-01 00:01:54.833 179 279 D CameraHal: (a627f970) hardware/ti/dra7xx/camera/CameraHal.cpp:1130 setParameters - Zoom set 1
01-01 00:01:54.833 179 279 D CameraHal: (a627f970) hardware/ti/dra7xx/camera/CameraHal.cpp:1177 setParameters - External Gamma set false
01-01 00:01:54.833 179 279 D CameraHal: (a627f970) hardware/ti/dra7xx/camera/CameraHal.cpp:1183 setParameters - NSF1 set true
01-01 00:01:54.833 179 279 D CameraHal: (a627f970) hardware/ti/dra7xx/camera/CameraHal.cpp:1189 setParameters - NSF2 set true
01-01 00:01:54.833 179 279 D CameraHal: (a627f970) hardware/ti/dra7xx/camera/CameraHal.cpp:1195 setParameters - Sharpening set true
01-01 00:01:54.833 179 279 D CameraHal: (a627f970) hardware/ti/dra7xx/camera/CameraHal.cpp:1201 setParameters - Color Conversion set true
01-01 00:01:54.833 179 279 D CameraHal: (a627f970) hardware/ti/dra7xx/camera/CameraHal.cpp:1207 setParameters - Green Inballance Correction set true
01-01 00:01:54.833 179 279 D CameraHal: (a627f970) + hardware/ti/dra7xx/camera/V4LCameraAdapter/V4LCameraAdapter.cpp:450 setParameters - ENTER
01-01 00:01:54.833 179 279 D CameraHal: (a627f970) hardware/ti/dra7xx/camera/V4LCameraAdapter/V4LCameraAdapter.cpp:456 setParameters - Width * Height 1280 x 720 format 0x56595559
01-01 00:01:54.833 179 279 D CameraHal: (a627f970) + hardware/ti/dra7xx/camera/V4LCameraAdapter/V4LCameraAdapter.cpp:216 v4lSetFormat - ENTER
01-01 00:01:54.833 179 279 D CameraHal: (a627f970) hardware/ti/dra7xx/camera/V4LCameraAdapter/V4LCameraAdapter.cpp:218 v4lSetFormat - Width * Height 1280 x 720 format 0x56595559
01-01 00:01:54.863 179 279 D CameraHal: (a627f970) hardware/ti/dra7xx/camera/V4LCameraAdapter/V4LCameraAdapter.cpp:244 v4lSetFormat - VIDIOC_G_FMT : WxH = 1280x720
01-01 00:01:54.863 179 279 D CameraHal: (a627f970) hardware/ti/dra7xx/camera/V4LCameraAdapter/V4LCameraAdapter.cpp:245 v4lSetFormat - ### Using: WxH = 1280x720 pixelformat=0x56595559
01-01 00:01:54.863 179 279 D CameraHal: (a627f970) hardware/ti/dra7xx/camera/V4LCameraAdapter/V4LCameraAdapter.cpp:246 v4lSetFormat - ### Using: bytesperline=2560 sizeimage=1843200 colorspace=0x1
01-01 00:01:54.863 179 279 D CameraHal: (a627f970) - hardware/ti/dra7xx/camera/V4LCameraAdapter/V4LCameraAdapter.cpp:247 v4lSetFormat - EXIT
01-01 00:01:54.863 179 279 D CameraHal: (a627f970) hardware/ti/dra7xx/camera/V4LCameraAdapter/V4LCameraAdapter.cpp:465 setParameters - Current fps is 0 new fps is (30000,30000)
01-01 00:01:54.863 179 279 D CameraHal: (a627f970) - hardware/ti/dra7xx/camera/V4LCameraAdapter/V4LCameraAdapter.cpp:476 setParameters - EXIT
01-01 00:01:54.863 179 279 D CameraHal: (a627f970) - hardware/ti/dra7xx/camera/CameraHal.cpp:1350 setParameters - EXIT
01-01 00:01:54.863 179 279 D CameraHal: (a627f970) - hardware/ti/dra7xx/camera/CameraHal.cpp:4227 initialize - EXIT
01-01 00:01:54.863 179 279 D CameraHal: (a627f970) + hardware/ti/dra7xx/camera/CameraHal_Module.cpp:171 camera_set_callbacks - ENTER
01-01 00:01:54.863 179 279 D CameraHal: (a627f970) + hardware/ti/dra7xx/camera/CameraHal.cpp:231 setCallbacks - ENTER
01-01 00:01:54.863 179 279 D CameraHal: (a627f970) + hardware/ti/dra7xx/camera/AppCallbackNotifier.cpp:84 setCallbacks - ENTER
01-01 00:01:54.863 179 279 D CameraHal: (a627f970) - hardware/ti/dra7xx/camera/AppCallbackNotifier.cpp:93 setCallbacks - EXIT
01-01 00:01:54.863 179 279 D CameraHal: (a627f970) - hardware/ti/dra7xx/camera/CameraHal.cpp:247 setCallbacks - EXIT
01-01 00:01:54.863 179 279 D CameraHal: (a627f970) - hardware/ti/dra7xx/camera/CameraHal_Module.cpp:171 camera_set_callbacks - EXIT
01-01 00:01:54.863 218 274 I CameraHardwareInterface: Destroying camera 0
01-01 00:01:54.863 179 179 D CameraHal: (a7bb54a8) + hardware/ti/dra7xx/camera/CameraHal_Module.cpp:185 camera_enable_msg_type - ENTER
01-01 00:01:54.863 179 179 D CameraHal: (a7bb54a8) + hardware/ti/dra7xx/camera/CameraHal.cpp:259 enableMsgType - ENTER
01-01 00:01:54.863 179 179 D CameraHal: (a7bb54a8) hardware/ti/dra7xx/camera/CameraHal.cpp:291 enableMsgType - Preview callback not enabled 409
01-01 00:01:54.863 179 179 D CameraHal: (a7bb54a8) - hardware/ti/dra7xx/camera/CameraHal.cpp:298 enableMsgType - EXIT
01-01 00:01:54.863 179 179 D CameraHal: (a7bb54a8) - hardware/ti/dra7xx/camera/CameraHal_Module.cpp:185 camera_enable_msg_type - EXIT
01-01 00:01:54.864 179 277 D CameraHal: (a6444970) + hardware/ti/dra7xx/camera/CameraHal_Module.cpp:485 camera_get_parameters - ENTER
01-01 00:01:54.864 179 277 D CameraHal: (a6444970) + hardware/ti/dra7xx/camera/CameraHal.cpp:3616 getParameters - ENTER
01-01 00:01:54.864 179 277 D CameraHal: (a6444970) + hardware/ti/dra7xx/camera/V4LCameraAdapter/V4LCameraAdapter.cpp:483 getParameters - ENTER
01-01 00:01:54.864 179 277 D CameraHal: (a6444970) - hardware/ti/dra7xx/camera/V4LCameraAdapter/V4LCameraAdapter.cpp:489 getParameters - EXIT
01-01 00:01:54.864 179 277 D CameraHal: (a6444970) - hardware/ti/dra7xx/camera/CameraHal.cpp:3668 getParameters - EXIT
01-01 00:01:54.864 179 277 D CameraHal: (a6444970) - hardware/ti/dra7xx/camera/CameraHal_Module.cpp:485 camera_get_parameters - EXIT
01-01 00:01:54.864 179 277 D CameraHal: (a6444970) + hardware/ti/dra7xx/camera/CameraHal_Module.cpp:502 camera_put_parameters - ENTER
01-01 00:01:54.864 179 277 D CameraHal: (a6444970) - hardware/ti/dra7xx/camera/CameraHal_Module.cpp:502 camera_put_parameters - EXIT
01-01 00:01:54.867 179 277 D CameraHal: (a6444970) + hardware/ti/dra7xx/camera/CameraProperties.cpp:67 initialize - ENTER
01-01 00:01:54.867 179 277 D CameraHal: (a6444970) - hardware/ti/dra7xx/camera/CameraProperties.cpp:67 initialize - EXIT
01-01 00:01:54.867 179 277 D CameraHal: (a6444970) + hardware/ti/dra7xx/camera/CameraParameters.cpp:152 getProperties - ENTER
01-01 00:01:54.868 179 277 D CameraHal: (a6444970) - hardware/ti/dra7xx/camera/CameraParameters.cpp:163 getProperties - EXIT
01-01 00:01:54.870 179 277 D CameraHal: (a6444970) + hardware/ti/dra7xx/camera/CameraHal_Module.cpp:485 camera_get_parameters - ENTER
01-01 00:01:54.870 179 277 D CameraHal: (a6444970) + hardware/ti/dra7xx/camera/CameraHal.cpp:3616 getParameters - ENTER
01-01 00:01:54.870 179 277 D CameraHal: (a6444970) + hardware/ti/dra7xx/camera/V4LCameraAdapter/V4LCameraAdapter.cpp:483 getParameters - ENTER
01-01 00:01:54.870 179 277 D CameraHal: (a6444970) - hardware/ti/dra7xx/camera/V4LCameraAdapter/V4LCameraAdapter.cpp:489 getParameters - EXIT
01-01 00:01:54.874 179 277 D CameraHal: (a6444970) - hardware/ti/dra7xx/camera/CameraHal.cpp:3668 getParameters - EXIT
01-01 00:01:54.874 179 277 D CameraHal: (a6444970) - hardware/ti/dra7xx/camera/CameraHal_Module.cpp:485 camera_get_parameters - EXIT
01-01 00:01:54.874 179 277 D CameraHal: (a6444970) + hardware/ti/dra7xx/camera/CameraHal_Module.cpp:502 camera_put_parameters - ENTER
01-01 00:01:54.874 179 277 D CameraHal: (a6444970) - hardware/ti/dra7xx/camera/CameraHal_Module.cpp:502 camera_put_parameters - EXIT
01-01 00:01:54.899 179 1479 D CameraHal: (a5eff970) + hardware/ti/dra7xx/camera/CameraHal_Module.cpp:199 camera_disable_msg_type - ENTER
01-01 00:01:54.899 179 1479 D CameraHal: (a5eff970) + hardware/ti/dra7xx/camera/CameraHal.cpp:310 disableMsgType - ENTER
01-01 00:01:54.899 179 1479 D CameraHal: (a5eff970) hardware/ti/dra7xx/camera/CameraHal.cpp:319 disableMsgType - Disabling Preview Callback
01-01 00:01:54.899 179 1479 D CameraHal: (a5eff970) + hardware/ti/dra7xx/camera/CameraHalUtilClasses.cpp:49 disableFrameNotification - ENTER
01-01 00:01:54.899 179 1479 D CameraHal: (a5eff970) + hardware/ti/dra7xx/camera/BaseCameraAdapter.cpp:236 disableMsgType - ENTER
01-01 00:01:54.899 179 1479 V CameraHal: (a5eff970) hardware/ti/dra7xx/camera/BaseCameraAdapter.cpp:243 disableMsgType - Frame message type id=0x1 remove subscription request
01-01 00:01:54.899 179 1479 D CameraHal: (a5eff970) - hardware/ti/dra7xx/camera/BaseCameraAdapter.cpp:299 disableMsgType - EXIT
01-01 00:01:54.899 179 1479 D CameraHal: (a5eff970) - hardware/ti/dra7xx/camera/CameraHalUtilClasses.cpp:56 disableFrameNotification - EXIT
01-01 00:01:54.899 179 1479 D CameraHal: (a5eff970) - hardware/ti/dra7xx/camera/CameraHal.cpp:325 disableMsgType - EXIT
01-01 00:01:54.899 179 1479 D CameraHal: (a5eff970) - hardware/ti/dra7xx/camera/CameraHal_Module.cpp:199 camera_disable_msg_type - EXIT
01-01 00:01:54.900 179 277 D CameraHal: (a6444970) + hardware/ti/dra7xx/camera/CameraHal_Module.cpp:199 camera_disable_msg_type - ENTER
01-01 00:01:54.900 179 277 D CameraHal: (a6444970) + hardware/ti/dra7xx/camera/CameraHal.cpp:310 disableMsgType - ENTER
01-01 00:01:54.900 179 277 D CameraHal: (a6444970) hardware/ti/dra7xx/camera/CameraHal.cpp:319 disableMsgType - Disabling Preview Callback
01-01 00:01:54.900 179 277 D CameraHal: (a6444970) + hardware/ti/dra7xx/camera/CameraHalUtilClasses.cpp:49 disableFrameNotification - ENTER
01-01 00:01:54.900 179 277 D CameraHal: (a6444970) + hardware/ti/dra7xx/camera/BaseCameraAdapter.cpp:236 disableMsgType - ENTER
01-01 00:01:54.900 179 277 V CameraHal: (a6444970) hardware/ti/dra7xx/camera/BaseCameraAdapter.cpp:243 disableMsgType - Frame message type id=0x1 remove subscription request
01-01 00:01:54.900 179 277 D CameraHal: (a6444970) - hardware/ti/dra7xx/camera/BaseCameraAdapter.cpp:299 disableMsgType - EXIT
01-01 00:01:54.900 179 277 D CameraHal: (a6444970) - hardware/ti/dra7xx/camera/CameraHalUtilClasses.cpp:56 disableFrameNotification - EXIT
01-01 00:01:54.900 179 277 D CameraHal: (a6444970) + hardware/ti/dra7xx/camera/CameraHalUtilClasses.cpp:49 disableFrameNotification - ENTER
01-01 00:01:54.900 179 277 D CameraHal: (a6444970) + hardware/ti/dra7xx/camera/BaseCameraAdapter.cpp:236 disableMsgType - ENTER
01-01 00:01:54.900 179 277 V CameraHal: (a6444970) hardware/ti/dra7xx/camera/BaseCameraAdapter.cpp:243 disableMsgType - Frame message type id=0x200 remove subscription request
01-01 00:01:54.900 179 277 D CameraHal: (a6444970) - hardware/ti/dra7xx/camera/BaseCameraAdapter.cpp:299 disableMsgType - EXIT
01-01 00:01:54.900 179 277 D CameraHal: (a6444970) - hardware/ti/dra7xx/camera/CameraHalUtilClasses.cpp:56 disableFrameNotification - EXIT
01-01 00:01:54.900 179 277 D CameraHal: (a6444970) + hardware/ti/dra7xx/camera/CameraHalUtilClasses.cpp:49 disableFrameNotification - ENTER
01-01 00:01:54.900 179 277 D CameraHal: (a6444970) + hardware/ti/dra7xx/camera/BaseCameraAdapter.cpp:236 disableMsgType - ENTER
01-01 00:01:54.900 179 277 V CameraHal: (a6444970) hardware/ti/dra7xx/camera/BaseCameraAdapter.cpp:243 disableMsgType - Frame message type id=0x100 remove subscription request
01-01 00:01:54.900 179 277 D CameraHal: (a6444970) - hardware/ti/dra7xx/camera/BaseCameraAdapter.cpp:299 disableMsgType - EXIT
01-01 00:01:54.900 179 277 D CameraHal: (a6444970) - hardware/ti/dra7xx/camera/CameraHalUtilClasses.cpp:56 disableFrameNotification - EXIT
01-01 00:01:54.900 179 277 D CameraHal: (a6444970) - hardware/ti/dra7xx/camera/CameraHal.cpp:325 disableMsgType - EXIT
01-01 00:01:54.900 179 277 D CameraHal: (a6444970) - hardware/ti/dra7xx/camera/CameraHal_Module.cpp:199 camera_disable_msg_type - EXIT
01-01 00:01:54.900 179 277 D CameraHal: (a6444970) + hardware/ti/dra7xx/camera/CameraHal_Module.cpp:244 camera_stop_preview - ENTER
01-01 00:01:54.900 179 277 D CameraHal: (a6444970) + hardware/ti/dra7xx/camera/CameraHal.cpp:2539 stopPreview - ENTER
01-01 00:01:54.900 179 277 D CameraHal: (a6444970) + hardware/ti/dra7xx/camera/CameraHal.cpp:2579 previewEnabled - ENTER
01-01 00:01:54.900 179 277 D CameraHal: (a6444970) - hardware/ti/dra7xx/camera/CameraHal.cpp:2579 previewEnabled - EXIT
01-01 00:01:54.900 179 277 D CameraHal: (a6444970) - hardware/ti/dra7xx/camera/CameraHal.cpp:2543 stopPreview - EXIT
01-01 00:01:54.900 179 277 D CameraHal: (a6444970) - hardware/ti/dra7xx/camera/CameraHal_Module.cpp:244 camera_stop_preview - EXIT
01-01 00:01:54.901 179 279 D CameraHal: (a627f970) + hardware/ti/dra7xx/camera/CameraHal_Module.cpp:419 camera_cancel_picture - ENTER
01-01 00:01:54.901 179 279 D CameraHal: (a627f970) + hardware/ti/dra7xx/camera/CameraHal.cpp:3596 cancelPicture - ENTER
01-01 00:01:54.901 179 279 D CameraHal: (a627f970) + hardware/ti/dra7xx/camera/CameraHal.cpp:1658 signalEndImageCapture - ENTER
01-01 00:01:54.901 179 279 D CameraHal: (a627f970) + hardware/ti/dra7xx/camera/BaseCameraAdapter.cpp:410 sendCommand - ENTER
01-01 00:01:54.901 179 279 D CameraHal: (a627f970) + hardware/ti/dra7xx/camera/BaseCameraAdapter.cpp:1903 setState - ENTER
01-01 00:01:54.901 179 279 D CameraHal: (a627f970) - hardware/ti/dra7xx/camera/BaseCameraAdapter.cpp:2485 setState - EXIT
01-01 00:01:54.901 179 279 D CameraHal: (a627f970) + hardware/ti/dra7xx/camera/BaseCameraAdapter.cpp:2595 rollbackState - ENTER
01-01 00:01:54.901 179 279 D CameraHal: (a627f970) - hardware/ti/dra7xx/camera/BaseCameraAdapter.cpp:2601 rollbackState - EXIT
01-01 00:01:54.901 179 279 D CameraHal: (a627f970) - hardware/ti/dra7xx/camera/BaseCameraAdapter.cpp:1124 sendCommand - EXIT
01-01 00:01:54.901 179 279 D CameraHal: (a627f970) - hardware/ti/dra7xx/camera/CameraHal.cpp:1674 signalEndImageCapture - EXIT
01-01 00:01:54.901 179 279 D CameraHal: (a627f970) - hardware/ti/dra7xx/camera/CameraHal.cpp:3596 cancelPicture - EXIT
01-01 00:01:54.901 179 279 D CameraHal: (a627f970) - hardware/ti/dra7xx/camera/CameraHal_Module.cpp:419 camera_cancel_picture - EXIT
01-01 00:01:54.901 179 279 I CamDev@1.0-impl: Closing camera 0
01-01 00:01:54.902 179 279 D CameraHal: (a627f970) + hardware/ti/dra7xx/camera/CameraHal_Module.cpp:580 camera_device_close - ENTER
01-01 00:01:54.902 179 279 D CameraHal: (a627f970) + hardware/ti/dra7xx/camera/CameraHal.cpp:4058 ~CameraHal - ENTER
01-01 00:01:54.902 179 279 D CameraHal: (a627f970) + hardware/ti/dra7xx/camera/CameraHal.cpp:4678 deinitialize - ENTER
01-01 00:01:54.902 179 279 D CameraHal: (a627f970) - hardware/ti/dra7xx/camera/CameraHal.cpp:4691 deinitialize - EXIT
01-01 00:01:54.902 179 279 D CameraHal: (a627f970) + hardware/ti/dra7xx/camera/AppCallbackNotifier.cpp:1172 ~AppCallbackNotifier - ENTER
01-01 00:01:54.902 179 279 D CameraHal: (a627f970) + hardware/ti/dra7xx/camera/AppCallbackNotifier.cpp:1666 stop - ENTER
01-01 00:01:54.902 179 279 D CameraHal: (a627f970) hardware/ti/dra7xx/camera/AppCallbackNotifier.cpp:1678 stop - --> AppCallbackNotifier NOTIFIER_STOPPED
01-01 00:01:54.902 179 279 D CameraHal: (a627f970) - hardware/ti/dra7xx/camera/AppCallbackNotifier.cpp:1681 stop - EXIT
01-01 00:01:54.902 179 279 D CameraHal: (a627f970) + hardware/ti/dra7xx/camera/CameraHalUtilClasses.cpp:49 disableFrameNotification - ENTER
01-01 00:01:54.902 179 279 D CameraHal: (a627f970) + hardware/ti/dra7xx/camera/BaseCameraAdapter.cpp:236 disableMsgType - ENTER
01-01 00:01:54.902 179 279 V CameraHal: (a627f970) hardware/ti/dra7xx/camera/BaseCameraAdapter.cpp:243 disableMsgType - Frame message type id=0xffff remove subscription request
01-01 00:01:54.902 179 279 D CameraHal: (a627f970) - hardware/ti/dra7xx/camera/BaseCameraAdapter.cpp:299 disableMsgType - EXIT
01-01 00:01:54.902 179 279 D CameraHal: (a627f970) - hardware/ti/dra7xx/camera/CameraHalUtilClasses.cpp:56 disableFrameNotification - EXIT
01-01 00:01:54.902 179 279 D CameraHal: (a627f970) + hardware/ti/dra7xx/camera/CameraHalUtilClasses.cpp:103 disableEventNotification - ENTER
01-01 00:01:54.902 179 279 D CameraHal: (a627f970) + hardware/ti/dra7xx/camera/BaseCameraAdapter.cpp:236 disableMsgType - ENTER
01-01 00:01:54.902 179 279 V CameraHal: (a627f970) hardware/ti/dra7xx/camera/BaseCameraAdapter.cpp:284 disableMsgType - Event message type id=0xffff remove subscription request
01-01 00:01:54.902 179 279 D CameraHal: (a627f970) - hardware/ti/dra7xx/camera/BaseCameraAdapter.cpp:299 disableMsgType - EXIT
01-01 00:01:54.902 179 279 D CameraHal: (a627f970) - hardware/ti/dra7xx/camera/CameraHalUtilClasses.cpp:110 disableEventNotification - EXIT
01-01 00:01:54.902 179 1478 D CameraHal: (a6085970) hardware/ti/dra7xx/camera/AppCallbackNotifier.cpp:152 notificationThread - Notification Thread received message
01-01 00:01:54.902 179 1478 D CameraHal: (a6085970) hardware/ti/dra7xx/camera/AppCallbackNotifier.cpp:156 notificationThread - Notification Thread received message from Camera HAL
01-01 00:01:54.902 179 1478 D CameraHal: (a6085970) + hardware/ti/dra7xx/camera/AppCallbackNotifier.cpp:1140 processMessage - ENTER
01-01 00:01:54.902 179 1478 D CameraHal: (a6085970) hardware/ti/dra7xx/camera/AppCallbackNotifier.cpp:1142 processMessage - +Msg get...
01-01 00:01:54.902 179 1478 D CameraHal: (a6085970) hardware/ti/dra7xx/camera/AppCallbackNotifier.cpp:1144 processMessage - -Msg get...
01-01 00:01:54.902 179 1478 D CameraHal: (a6085970) hardware/ti/dra7xx/camera/AppCallbackNotifier.cpp:1151 processMessage - Received NOTIFIER_EXIT command from Camera HAL
01-01 00:01:54.902 179 1478 D CameraHal: (a6085970) - hardware/ti/dra7xx/camera/AppCallbackNotifier.cpp:1163 processMessage - EXIT
01-01 00:01:54.902 179 1478 D CameraHal: (a6085970) hardware/ti/dra7xx/camera/AppCallbackNotifier.cpp:159 notificationThread - Notification Thread exiting.
01-01 00:01:54.902 179 279 D CameraHal: (a627f970) hardware/ti/dra7xx/camera/AppCallbackNotifier.cpp:1207 ~AppCallbackNotifier - Stopping Event Provider
01-01 00:01:54.902 179 279 D CameraHal: (a627f970) hardware/ti/dra7xx/camera/AppCallbackNotifier.cpp:1215 ~AppCallbackNotifier - Stopping Frame Provider
01-01 00:01:54.902 179 279 D CameraHal: (a627f970) + hardware/ti/dra7xx/camera/AppCallbackNotifier.cpp:1228 releaseSharedVideoBuffers - ENTER
01-01 00:01:54.902 179 279 D CameraHal: (a627f970) - hardware/ti/dra7xx/camera/AppCallbackNotifier.cpp:1251 releaseSharedVideoBuffers - EXIT
01-01 00:01:54.902 179 279 D CameraHal: (a627f970) - hardware/ti/dra7xx/camera/AppCallbackNotifier.cpp:1222 ~AppCallbackNotifier - EXIT
01-01 00:01:54.902 179 279 D CameraHal: (a627f970) + hardware/ti/dra7xx/camera/V4LCameraAdapter/V4LCameraAdapter.cpp:917 ~V4LCameraAdapter - ENTER
01-01 00:01:54.903 179 279 D CameraHal: (a627f970) - hardware/ti/dra7xx/camera/V4LCameraAdapter/V4LCameraAdapter.cpp:937 ~V4LCameraAdapter - EXIT
01-01 00:01:54.903 179 279 D CameraHal: (a627f970) + hardware/ti/dra7xx/camera/BaseCameraAdapter.cpp:104 ~BaseCameraAdapter - ENTER
01-01 00:01:54.903 179 279 D CameraHal: (a627f970) - hardware/ti/dra7xx/camera/BaseCameraAdapter.cpp:119 ~BaseCameraAdapter - EXIT
01-01 00:01:54.903 179 279 D CameraHal: (a627f970) + hardware/ti/dra7xx/camera/CameraHal.cpp:1683 freeImageBufs - ENTER
01-01 00:01:54.903 179 279 D CameraHal: (a627f970) - hardware/ti/dra7xx/camera/CameraHal.cpp:1683 freeImageBufs - EXIT
01-01 00:01:54.903 179 279 D CameraHal: (a627f970) + hardware/ti/dra7xx/camera/CameraHal.cpp:1729 freeRawBufs - ENTER
01-01 00:01:54.903 179 279 D CameraHal: (a627f970) - hardware/ti/dra7xx/camera/CameraHal.cpp:1741 freeRawBufs - EXIT
01-01 00:01:54.903 179 279 D CameraHal: (a627f970) - hardware/ti/dra7xx/camera/CameraHal.cpp:4090 ~CameraHal - EXIT
01-01 00:01:54.903 179 279 D CameraHal: (a627f970) - hardware/ti/dra7xx/camera/CameraHal_Module.cpp:580 camera_device_close - EXIT
01-01 00:01:54.926 218 302 I CameraService: disconnect: Disconnected client for camera 0 for PID 1269
01-01 00:01:55.069 226 1439 D NuPlayerDriver: reset(0xa65b02a0) at state 4
01-01 00:01:55.069 226 1439 D NuPlayerDriver: notifyListener_l(0xa65b02a0), (8, 0, 0, -1), loop setting(0, 0)
01-01 00:01:55.069 226 1466 D NuPlayerDriver: notifyResetComplete(0xa65b02a0)
01-01 00:01:55.070 179 1479 D CameraHal: (a5eff970) + hardware/ti/dra7xx/camera/CameraProperties.cpp:67 initialize - ENTER
01-01 00:01:55.070 179 1479 D CameraHal: (a5eff970) - hardware/ti/dra7xx/camera/CameraProperties.cpp:67 initialize - EXIT
01-01 00:01:55.070 179 1479 D CameraHal: (a5eff970) + hardware/ti/dra7xx/camera/CameraParameters.cpp:152 getProperties - ENTER
01-01 00:01:55.070 179 1479 D CameraHal: (a5eff970) - hardware/ti/dra7xx/camera/CameraParameters.cpp:163 getProperties - EXIT
01-01 00:01:55.080 226 694 D NuPlayerDriver: reset(0xa65b0150) at state 4
01-01 00:01:55.080 226 694 D NuPlayerDriver: notifyListener_l(0xa65b0150), (8, 0, 0, -1), loop setting(0, 0)
01-01 00:01:55.080 226 1470 D NuPlayerDriver: notifyResetComplete(0xa65b0150)
01-01 00:01:55.081 226 284 D NuPlayerDriver: reset(0xa65b00e0) at state 4
01-01 00:01:55.081 226 284 D NuPlayerDriver: notifyListener_l(0xa65b00e0), (8, 0, 0, -1), loop setting(0, 0)
01-01 00:01:55.081 226 1476 D NuPlayerDriver: notifyResetComplete(0xa65b00e0)
01-01 00:01:55.081 1269 1269 V CAM_Profiler: [549.832ms][ui] GUARD: CameraActivity.onCreateTasks - [10.601ms] computePictureSizes
01-01 00:01:55.112 319 335 W ActivityManager: Activity pause timeout for ActivityRecord{40616bf u0 com.android.camera2/com.android.camera.CameraLauncher t5 f}
01-01 00:01:55.115 319 335 I ActivityManager: Killing 606:com.android.settings:CryptKeeper/1000 (adj 906): empty #17
01-01 00:01:55.141 1269 1269 W CAM_Log : Tag RoundedThumbnailView is 1 chars longer than limit.
01-01 00:01:55.262 1269 1269 I CAM_Profiler: [733.106ms][ui] GUARD: CameraActivity.onCreateTasks - [178.270ms] setContentView()
01-01 00:01:55.279 1269 1269 I CAM_Profiler: [750.604ms][ui] GUARD: CameraActivity.onCreateTasks - [17.499ms] Configure Camera UI
01-01 00:01:55.291 1269 1269 V CAM_CameraController: Closing camera
01-01 00:01:55.292 1269 1460 W CAM2PORT_AndCamAgntImp: Releasing camera without any camera opened.
01-01 00:01:55.292 1269 1269 V CAM_ModulesInfo: EnableCaptureModule = true
01-01 00:01:55.295 1269 1269 V CAM_Profiler: [ 0.000ms][ui] GUARD: new CaptureModule - START
01-01 00:01:55.298 1269 1269 V CAM_Profiler: [ 2.833ms][ui] GUARD: new CaptureModule - STOP
01-01 00:01:55.298 1269 1269 V CAM_SettingsManager: listeners: [com.android.camera.app.CameraAppUI@a319dda]
01-01 00:01:55.302 1269 1269 V CAM_SettingsManager: listeners: [com.android.camera.app.CameraAppUI@a319dda, com.android.camera.ButtonManager@3fc83e7]
01-01 00:01:55.302 1269 1269 V CAM_SettingsManager: listeners: [com.android.camera.app.CameraAppUI@a319dda, com.android.camera.ButtonManager@3fc83e7, com.android.camera.widget.IndicatorIconController@3f5263d]
01-01 00:01:55.303 1269 1269 V CAM_Profiler: [774.018ms][ui] GUARD: CameraActivity.onCreateTasks - [ 4.621ms] Init Current Module UI
01-01 00:01:55.303 1269 1269 V CAM_Profiler: [ 0.000ms][ui] GUARD: CaptureModule.init - START
01-01 00:01:55.303 1269 1269 D CAM_CaptureModule: init UseAutotransformUiLayout = false
01-01 00:01:55.309 1269 1269 D CAM_Camera2OneCamMgr: Getting First BACK Camera
