01-01 00:01:23.378 593 593 I TelecomFramework: TtyManager: updateUiTtyMode -1 -> 0
01-01 00:01:23.386 593 593 D ImsResolver: maybeAddedImsService, packageName: null
01-01 00:01:23.388 593 593 I VvmSimStateTracker: android.intent.action.SIM_STATE_CHANGED
01-01 00:01:23.401 593 593 D ServiceStateProvider: subId=-2
01-01 00:01:23.408 483 483 D StatusBar: heads up is enabled
01-01 00:01:23.411 483 483 D StatusBar: user hasn't seen notification about hidden notifications
01-01 00:01:23.412 483 483 D StatusBar: insecure lockscreen, skipping notification
01-01 00:01:23.418 593 593 D PhoneSwitcherNetworkRequstListener: got request NetworkRequest [ TRACK_DEFAULT id=3, [ Capabilities: INTERNET&NOT_RESTRICTED&TRUSTED&NOT_VPN] ] with score 0
01-01 00:01:23.418 593 593 D PhoneSwitcherNetworkRequstListener: got request NetworkRequest [ REQUEST id=1, [ Capabilities: INTERNET&NOT_RESTRICTED&TRUSTED&NOT_VPN] ] with score 0
01-01 00:01:23.418 593 593 D PhoneSwitcherNetworkRequstListener: got request NetworkRequest [ BACKGROUND_REQUEST id=2, [ Transports: CELLULAR Capabilities: INTERNET&NOT_RESTRICTED&TRUSTED&NOT_VPN] ] with score 0
01-01 00:01:23.419 593 593 D TelephonyDebugService: TelephonyDebugService()
01-01 00:01:23.421 593 593 D CarrierConfigLoader: mHandler: 12 phoneId: 0
01-01 00:01:23.421 593 593 D CarrierConfigLoader: Build fingerprint changed. old: null new: TI/full_jacinto6evm/jacinto6evm:8.0.0/OPR6.170623.013/rtrk12022048:userdebug/test-keys
01-01 00:01:23.436 593 593 E PhoneInterfaceManager: [PhoneIntfMgr] getIccId: No UICC
01-01 00:01:23.438 483 483 D StorageNotification: Notifying about private volume: VolumeInfo{private}:
01-01 00:01:23.438 483 483 D StorageNotification: type=PRIVATE diskId=null partGuid=null mountFlags=0 mountUserId=-1
01-01 00:01:23.438 483 483 D StorageNotification: state=MOUNTED
01-01 00:01:23.438 483 483 D StorageNotification: fsType=null fsUuid=null fsLabel=null
01-01 00:01:23.438 483 483 D StorageNotification: path=/data internalPath=null
01-01 00:01:23.442 483 787 E ActivityThread: Failed to find provider info for com.android.contacts
01-01 00:01:23.447 319 332 W Telecom : : registerPhoneAccount not allowed on non-voice capable device.: TSI.rPA@AAg
01-01 00:01:23.448 593 593 I TelecomFramework: AccountEntry: Registered phoneAccount: [[ ] PhoneAccount: ComponentInfo{com.android.phone/com.android.services.telephony.TelephonyConnectionService}, [e0184adedf913b076626646d3f52c3b49c39ad6d], UserHandle{0} Capabilities: CallProvider MultiUser PlaceEmerg SimSub Audio Routes: BESW Schemes: tel voicemail Extras: null GroupId: [da39a3ee5e6b4b0d3255bfef95601890afd80709]] with handle: ComponentInfo{com.android.phone/com.android.services.telephony.TelephonyConnectionService}, [e0184adedf913b076626646d3f52c3b49c39ad6d], UserHandle{0}
01-01 00:01:23.448 593 593 I TelecomFramework: PstnIncomingCallNotifier: Registering: Handler (com.android.internal.telephony.GsmCdmaPhone) {192777c}
01-01 00:01:23.453 319 332 E PowerManagerService: Failed to read last_reboot_reason file
01-01 00:01:23.453 319 332 E PowerManagerService: java.io.FileNotFoundException: /data/misc/reboot/last_reboot_reason (No such file or directory)
01-01 00:01:23.453 319 332 E PowerManagerService: at java.io.FileInputStream.open0(Native Method)
01-01 00:01:23.453 319 332 E PowerManagerService: at java.io.FileInputStream.open(FileInputStream.java:200)
01-01 00:01:23.453 319 332 E PowerManagerService: at java.io.FileInputStream.(FileInputStream.java:150)
01-01 00:01:23.453 319 332 E PowerManagerService: at java.io.FileReader.(FileReader.java:72)
01-01 00:01:23.453 319 332 E PowerManagerService: at com.android.server.power.PowerManagerService.getLastShutdownReasonInternal(PowerManagerService.java:4612)
01-01 00:01:23.453 319 332 E PowerManagerService: at com.android.server.power.PowerManagerService$BinderService.getLastShutdownReason(PowerManagerService.java:4376)
01-01 00:01:23.453 319 332 E PowerManagerService: at android.os.IPowerManager$Stub.onTransact(IPowerManager.java:302)
01-01 00:01:23.453 319 332 E PowerManagerService: at android.os.Binder.execTransact(Binder.java:674)
01-01 00:01:23.458 593 593 I TelecomFramework: PstnPhoneCapabilitiesNotifier: handleVideoCapabilitesChanged. Video capability - false
01-01 00:01:23.459 593 593 E PhoneInterfaceManager: [PhoneIntfMgr] getIccId: No UICC
01-01 00:01:23.468 319 574 W Telecom : : registerPhoneAccount not allowed on non-voice capable device.: TSI.rPA@AAs
01-01 00:01:23.821 593 790 D SharedPreferencesImpl: Time required to fsync /data/user_de/0/com.android.phone/shared_prefs/com.android.phone_preferences.xml: [<1: 0, <2: 0, <4: 0, <8: 0, <16: 0, <32: 0, <64: 0, <128: 0, <256: 0, <512: 1, <1024: 0, <2048: 0, <4096: 0, <8192: 0, <16384: 0, >=16384: 0]
01-01 00:01:23.822 483 483 D SharedPreferencesImpl: Time required to fsync /data/user_de/0/com.android.systemui/shared_prefs/plugin_prefs.xml: [<1: 0, <2: 0, <4: 0, <8: 0, <16: 3, <32: 1, <64: 0, <128: 0, <256: 0, <512: 1, <1024: 0, <2048: 0, <4096: 0, <8192: 0, <16384: 0, >=16384: 0]
01-01 00:01:23.872 483 483 I Choreographer: Skipped 149 frames! The application may be doing too much work on its main thread.
01-01 00:01:23.899 483 780 I vndksupport: sphal namespace is not configured for this process. Loading /vendor/lib/hw/gralloc.jacinto6.so from the current namespace instead.
01-01 00:01:23.904 483 780 E IMGSRV : :0: PVRSRVOpenDCDevice: Error - 138 returned
01-01 00:01:23.909 483 483 D ViewRootImpl[StatusBar]: changeCanvasOpacity: opaque=true
01-01 00:01:23.911 483 780 I vndksupport: sphal namespace is not configured for this process. Loading /vendor/lib/hw/gralloc.jacinto6.so from the current namespace instead.
01-01 00:01:23.913 483 780 I OpenGLRenderer: Initialized EGL, version 1.4
01-01 00:01:23.913 483 780 D OpenGLRenderer: Swap behavior 1
01-01 00:01:23.913 483 780 W OpenGLRenderer: Failed to choose config with EGL_SWAP_BEHAVIOR_PRESERVED, retrying without...
01-01 00:01:23.913 483 780 D OpenGLRenderer: Swap behavior 0
01-01 00:01:24.023 483 782 E ActivityThread: Failed to find provider info for com.android.contacts
01-01 00:01:24.105 319 429 D WifiService: New client listening to asynchronous messages
01-01 00:01:24.440 483 490 I zygote : Do partial code cache collection, code=31KB, data=26KB
01-01 00:01:24.442 483 490 I zygote : After code cache collection, code=31KB, data=26KB
01-01 00:01:24.442 483 490 I zygote : Increasing code cache capacity to 128KB
01-01 00:01:24.449 319 384 I InputReader: Reconfiguring input devices. changes=0x00000004
01-01 00:01:24.452 319 574 I ActivityManager: user 0 is still locked. Cannot load recents
01-01 00:01:24.470 319 384 I InputReader: Reconfiguring input devices. changes=0x00000004
01-01 00:01:24.472 319 343 I WindowManager: ******* TELLING SURFACE FLINGER WE ARE BOOTED!
01-01 00:01:24.472 194 701 I SurfaceFlinger: Boot is finished (75041 ms)
01-01 00:01:24.477 483 483 I Choreographer: Skipped 36 frames! The application may be doing too much work on its main thread.
01-01 00:01:24.498 483 780 I vndksupport: sphal namespace is not configured for this process. Loading /vendor/lib/hw/gralloc.jacinto6.so from the current namespace instead.
01-01 00:01:24.656 483 787 I zygote : Starting a blocking GC NativeAlloc
01-01 00:01:24.681 220 257 E installd: Failed to unlink /data//dalvik-cache/arm/.booting: No such file or directory
01-01 00:01:24.682 319 343 W ActivityManager: Unable to mark boot complete for abi: armeabi-v7a (android.os.ServiceSpecificException: Failed to unlink /data//dalvik-cache/arm/.booting (code 2))
01-01 00:01:24.682 319 343 I SystemServiceManager: Starting phase 1000
01-01 00:01:24.701 319 341 I UsbDeviceManager: Setting USB config to adb
01-01 00:01:24.718 483 483 W KeyguardUpdateMonitor: invalid subId in handleSimStateChange()
01-01 00:01:24.738 483 483 W KeyguardUpdateMonitor: invalid subId in handleServiceStateChange()
01-01 00:01:24.750 319 343 I ActivityManager: Start proc 835:android.ext.services/u0a14 for on-hold
01-01 00:01:24.840 319 343 D ActivityManager: Finishing user boot 0
01-01 00:01:24.840 319 343 I ActivityManager: User 0 state changed from BOOTING to RUNNING_LOCKED
01-01 00:01:24.841 319 343 I ActivityManager: User 0 state changed from RUNNING_LOCKED to RUNNING_UNLOCKING
01-01 00:01:24.841 319 343 D CryptdConnector: SND -> {3 cryptfs prepare_user_storage ! 0 0 2}
01-01 00:01:24.842 163 168 D vold : e4crypt_prepare_user_storage for volume null, user 0, serial 0, flags 2
01-01 00:01:24.842 163 168 D vold : Preparing: /data/system_ce/0
01-01 00:01:24.843 163 168 D vold : Preparing: /data/misc_ce/0
01-01 00:01:24.843 163 168 D vold : Preparing: /data/media/0
01-01 00:01:24.843 163 168 D vold : Preparing: /data/data
01-01 00:01:24.843 319 387 D CryptdConnector: RCV <- {200 3 Command succeeded}
01-01 00:01:24.857 319 343 V UserDataPreparer: Found /data/user/0 with serial number 0
01-01 00:01:24.858 319 343 V UserDataPreparer: Found /data/system_ce/0 with serial number -1
01-01 00:01:24.858 319 343 D UserDataPreparer: Serial number missing on /data/system_ce/0; assuming current is valid
01-01 00:01:24.859 319 343 V PackageManager: reconcileAppsData for null u0 0x2 migrateAppData=true
01-01 00:01:24.897 483 787 I zygote : NativeAlloc concurrent copying GC freed 29669(4MB) AllocSpace objects, 152(2MB) LOS objects, 49% free, 3MB/6MB, paused 241us total 228.960ms
01-01 00:01:24.959 178 178 I android.hardwar: type=1400 audit(0.0:29): avc: denied { accept } for lport=33452 scontext=u:r:hal_vehicle_default:s0 tcontext=u:r:hal_vehicle_default:s0 tclass=tcp_socket permissive=1
01-01 00:01:24.991 849 849 I bootstat: Service started: /system/bin/bootstat --record_boot_complete
01-01 00:01:24.991 849 849 E bootstat: Failed to read /data/misc/bootstat/last_boot_time_utc: No such file or directory
01-01 00:01:24.991 849 849 E bootstat: Failed to parse boot time record: /data/misc/bootstat/last_boot_time_utc
01-01 00:01:25.093 483 787 I zygote : Starting a blocking GC NativeAlloc
01-01 00:01:25.253 849 849 E bootstat: Failed to read /data/misc/bootstat/build_date: No such file or directory
01-01 00:01:25.253 849 849 E bootstat: Failed to parse boot time record: /data/misc/bootstat/build_date
01-01 00:01:25.253 849 849 E bootstat: Failed to read /data/misc/bootstat/post_decrypt_time_elapsed: No such file or directory
01-01 00:01:25.253 849 849 E bootstat: Failed to parse boot time record: /data/misc/bootstat/post_decrypt_time_elapsed
01-01 00:01:25.312 852 852 I bootstat: Service started: /system/bin/bootstat --record_boot_reason
01-01 00:01:25.312 852 852 I bootstat: Unknown boot reason:
01-01 00:01:25.405 853 853 I bootstat: Service started: /system/bin/bootstat --record_time_since_factory_reset
01-01 00:01:25.407 853 853 E bootstat: Failed to read /data/misc/bootstat/factory_reset: No such file or directory
01-01 00:01:25.407 853 853 E bootstat: Failed to parse boot time record: /data/misc/bootstat/factory_reset
01-01 00:01:25.483 854 854 I bootstat: Service started: /system/bin/bootstat -l
01-01 00:01:25.642 319 343 V PackageManager: reconcileAppsData finished 89 packages
01-01 00:01:25.642 319 319 W zygote : Long monitor contention with owner android.display (343) at void com.android.server.am.ActivityManagerService.finishBooting()(ActivityManagerService.java:7157) waiters=0 in boolean com.android.server.am.ActivityManagerService.isUserRunning(int, int) for 914ms
01-01 00:01:25.643 319 335 W zygote : Long monitor contention with owner android.display (343) at void com.android.server.am.ActivityManagerService.finishBooting()(ActivityManagerService.java:7157) waiters=2 in void com.android.server.am.BroadcastQueue.processNextBroadcast(boolean) for 803ms
01-01 00:01:25.644 319 335 I SystemServiceManager: Calling onUnlockUser u0
01-01 00:01:25.644 319 335 D StorageManagerService: onUnlockUser 0
01-01 00:01:25.644 319 335 D VoldConnector: SND -> {33 volume user_started 0}
01-01 00:01:25.645 319 574 W zygote : Long monitor contention with owner android.display (343) at void com.android.server.am.ActivityManagerService.finishBooting()(ActivityManagerService.java:7157) waiters=1 in void com.android.server.am.ActivityManagerService.attachApplication(android.app.IApplicationThread) for 865ms
01-01 00:01:25.650 319 430 D WifiConfigManager: New store files not found. No saved networks loaded!
01-01 00:01:25.651 319 430 D WIFI : Registering NetworkFactory
01-01 00:01:25.651 319 430 D WIFI_UT : Registering NetworkFactory
01-01 00:01:25.651 319 437 D ConnectivityService: Got NetworkFactory Messenger for WIFI
01-01 00:01:25.651 319 437 D ConnectivityService: Got NetworkFactory Messenger for WIFI_UT
01-01 00:01:25.651 319 430 D WIFI : got request NetworkRequest [ TRACK_DEFAULT id=3, [ Capabilities: INTERNET&NOT_RESTRICTED&TRUSTED&NOT_VPN] ] with score 0
01-01 00:01:25.651 319 430 D WIFI : got request NetworkRequest [ REQUEST id=1, [ Capabilities: INTERNET&NOT_RESTRICTED&TRUSTED&NOT_VPN] ] with score 0
01-01 00:01:25.651 319 430 D WIFI : got request NetworkRequest [ BACKGROUND_REQUEST id=2, [ Transports: CELLULAR Capabilities: INTERNET&NOT_RESTRICTED&TRUSTED&NOT_VPN] ] with score 0
01-01 00:01:25.651 319 430 D WIFI_UT : got request NetworkRequest [ TRACK_DEFAULT id=3, [ Capabilities: INTERNET&NOT_RESTRICTED&TRUSTED&NOT_VPN] ] with score 0
01-01 00:01:25.651 319 430 D WIFI_UT : got request NetworkRequest [ REQUEST id=1, [ Capabilities: INTERNET&NOT_RESTRICTED&TRUSTED&NOT_VPN] ] with score 0
01-01 00:01:25.651 319 430 D WIFI_UT : got request NetworkRequest [ BACKGROUND_REQUEST id=2, [ Transports: CELLULAR Capabilities: INTERNET&NOT_RESTRICTED&TRUSTED&NOT_VPN] ] with score 0
01-01 00:01:25.652 163 167 D vold : Linking /storage/emulated/0 to /mnt/user/0/primary
01-01 00:01:25.653 319 386 D VoldConnector: RCV <- {200 33 Command succeeded}
01-01 00:01:25.655 319 335 W TextServicesManagerService: no available spell checker services found
01-01 00:01:25.656 319 385 D StorageManagerService: Volume emulated broadcasting mounted to UserHandle{0}
01-01 00:01:25.666 319 319 I ActivityManager: Start proc 857:com.android.deskclock/u0a50 for broadcast com.android.deskclock/.AlarmInitReceiver
01-01 00:01:25.684 319 335 I SELinux : SELinux: Loaded file_contexts
01-01 00:01:25.705 319 335 V BackupManagerService: No ancestral data
01-01 00:01:25.746 319 335 V BackupManagerService: Starting with transport android/com.android.internal.backup.LocalTransport
01-01 00:01:25.747 319 335 D BackupTransportManager: Binding to transport: android/com.android.internal.backup.LocalTransportService
01-01 00:01:25.748 319 335 I BackupManagerService: Backup enable apparently not migrated
01-01 00:01:25.748 319 335 I BackupManagerService: Migrating enable state false
01-01 00:01:25.749 319 335 I BackupManagerService: Backup enabled => false
01-01 00:01:25.753 319 336 I ActivityManager: Config changes=20 {1.0 ?mcc?mnc [en_US] ldltr sw533dp w805dp h509dp 240dpi lrg land car finger -keyb/v/h -nav/h appBounds=Rect(0, 0 - 1208, 800) s.6}
01-01 00:01:25.761 319 336 I ActivityManager: Override config changes=20 {1.0 ?mcc?mnc [en_US] ldltr sw533dp w805dp h509dp 240dpi lrg land car finger -keyb/v/h -nav/h appBounds=Rect(0, 0 - 1208, 800) s.6} for displayId=0
01-01 00:01:25.871 671 671 D FallbackHome: User unlocked and real home found; let's go!
01-01 00:01:25.881 319 574 I ActivityManager: START u0 {act=android.intent.action.MAIN cat=[android.intent.category.HOME] flg=0x10000100 cmp=com.android.provision/.DefaultActivity} from uid 0
01-01 00:01:25.903 319 574 I ActivityManager: Start proc 891:com.android.provision/u0a21 for activity com.android.provision/.DefaultActivity
01-01 00:01:25.964 319 341 E UsbDeviceManager: waitForState(adb) FAILED: got none
01-01 00:01:25.964 319 341 E UsbDeviceManager: Failed to switch USB config to adb
01-01 00:01:25.964 319 341 E UsbDeviceManager: Failsafe 1: Restoring previous USB functions.
01-01 00:01:25.964 319 341 I UsbDeviceManager: Setting USB config to mtp,adb
01-01 00:01:26.058 483 490 I zygote : Do partial code cache collection, code=56KB, data=52KB
01-01 00:01:26.059 483 490 I zygote : After code cache collection, code=56KB, data=52KB
01-01 00:01:26.059 483 490 I zygote : Increasing code cache capacity to 256KB
01-01 00:01:27.091 319 341 I UsbDeviceManager: Setting USB config to adb
01-01 00:01:27.286 319 335 W zygote : Long monitor contention with owner backup (856) at void java.io.FileDescriptor.sync()(FileDescriptor.java:-2) waiters=0 in void com.android.server.backup.BackupManagerService.setBackupEnabled(boolean) for 1.495s
01-01 00:01:27.309 319 430 D WifiConfigStore: Reading from user store completed in 0 ms.
01-01 00:01:27.339 319 574 W zygote : Long monitor contention with owner Binder:319_3 (493) at boolean com.android.providers.settings.SettingsProvider.mutateGlobalSetting(java.lang.String, java.lang.String, java.lang.String, boolean, int, int, boolean, int)(SettingsProvider.java:989) waiters=0 in com.android.providers.settings.SettingsState$Setting com.android.providers.settings.SettingsProvider.getSecureSetting(java.lang.String, int) for 1.278s
01-01 00:01:27.357 319 430 D WifiConfigStore: Writing to stores completed in 47 ms.
01-01 00:01:27.358 319 856 V KeyValueBackupJob: Scheduling k/v pass in 248 minutes
01-01 00:01:27.360 319 335 W SystemServiceManager: Service com.android.server.backup.BackupManagerService$Lifecycle took 1704 ms in onUnlockUser
01-01 00:01:27.363 319 319 D BackupTransportManager: Bound to transport: android/com.android.internal.backup.LocalTransportService
01-01 00:01:27.385 483 483 I Choreographer: Skipped 94 frames! The application may be doing too much work on its main thread.
01-01 00:01:27.393 319 493 D PackageManager: Ephemeral installer not found with new action; try old one
01-01 00:01:27.393 319 493 D PackageManager: Clear ephemeral installer activity
01-01 00:01:27.411 319 334 I RetailDemoModeService: Deleting contents of /data/preloads
01-01 00:01:27.416 319 856 V KeyValueBackupJob: Scheduling k/v pass in 242 minutes
01-01 00:01:27.416 319 319 I DevicePolicyManager: Set ro.device_owner property to false
01-01 00:01:27.428 319 335 W AppWidgetServiceImpl: Failed to read state: java.io.FileNotFoundException: /data/system/users/0/appwidgets.xml (No such file or directory)
01-01 00:01:27.428 319 335 V AppWidgetServiceImpl: Upgrading widget database from 0 to 1
01-01 00:01:27.428 319 335 W SystemServiceManager: Service com.android.server.appwidget.AppWidgetService took 68 ms in onUnlockUser
01-01 00:01:27.429 319 335 W VoiceInteractionManagerService: no available voice interaction services found for user 0
01-01 00:01:27.429 319 335 W VoiceInteractionManagerService: no available voice recognition services found for user 0
01-01 00:01:27.451 319 335 I ActivityManager: Loading recents for user 0 into memory.
01-01 00:01:27.481 319 335 I ActivityManager: Start proc 933:com.android.car.hvac/u0a5 for added application com.android.car.hvac
01-01 00:01:27.482 319 929 W ResourceType: No known package when getting value for resource number 0x7f080128
01-01 00:01:27.482 319 929 W ResourceType: No known package when getting value for resource number 0x7f120d8d
01-01 00:01:27.482 319 929 W ResourceType: No known package when getting value for resource number 0x7f080127
01-01 00:01:27.482 319 929 W ResourceType: No known package when getting value for resource number 0x7f1203bb
01-01 00:01:27.482 319 929 W ResourceType: No known package when getting value for resource number 0x7f080126
01-01 00:01:27.482 319 929 W ResourceType: No known package when getting value for resource number 0x7f120822
01-01 00:01:27.523 319 335 I ActivityManager: Start proc 945:com.android.car.stream/u0a26 for added application com.android.car.stream
01-01 00:01:27.525 319 332 I zygote : Waiting for a blocking GC Alloc
01-01 00:01:27.529 319 335 I ActivityManager: User 0 state changed from RUNNING_UNLOCKING to RUNNING_UNLOCKED
01-01 00:01:27.531 319 335 I PreBootBroadcaster: Pre-boot of {com.android.car/com.android.car.BootReceiver} for user 0
01-01 00:01:27.560 319 341 I zygote : Waiting for a blocking GC Alloc
01-01 00:01:27.561 319 343 I zygote : Waiting for a blocking GC Alloc
01-01 00:01:27.570 671 671 D FallbackHome: User unlocked and real home found; let's go!
01-01 00:01:27.584 319 572 I zygote : Waiting for a blocking GC Alloc
01-01 00:01:27.591 319 929 W ResourceType: No known package when getting value for resource number 0x7f020067
01-01 00:01:27.591 319 929 W ResourceType: No known package when getting value for resource number 0x7f0e0068
01-01 00:01:27.598 319 335 I ActivityManager: Start proc 982:android.process.media/u0a12 for broadcast com.android.providers.media/.MtpReceiver
01-01 00:01:27.600 319 980 I zygote : Waiting for a blocking GC Alloc
01-01 00:01:27.602 319 335 I ActivityManager: START u0 {act=android.intent.action.MAIN cat=[android.intent.category.HOME] flg=0x10000100 cmp=com.android.launcher3/.Launcher} from uid 0
01-01 00:01:27.608 319 929 W ResourceType: No known package when getting value for resource number 0x7f070088
01-01 00:01:27.608 319 929 W ResourceType: No known package when getting value for resource number 0x7f0f0042
01-01 00:01:27.657 319 493 I ActivityManager: Start proc 996:com.android.smspush/u0a62 for service com.android.smspush/.WapPushManager
01-01 00:01:27.667 593 593 D CarrierSvcBindHelper: Received android.intent.action.USER_UNLOCKED
01-01 00:01:27.678 319 329 I zygote : Background concurrent copying GC freed 24456(2MB) AllocSpace objects, 9(256KB) LOS objects, 42% free, 4MB/8MB, paused 989us total 288.856ms
01-01 00:01:27.678 319 332 I zygote : WaitForGcToComplete blocked for 153.146ms for cause Alloc
01-01 00:01:27.678 319 319 I AccountManagerService: User 0 is unlocked - opening CE database
01-01 00:01:27.678 319 332 I zygote : Starting a blocking GC Alloc
01-01 00:01:27.679 319 341 I zygote : WaitForGcToComplete blocked for 128.404ms for cause Alloc
01-01 00:01:27.679 319 341 I zygote : Starting a blocking GC Alloc
01-01 00:01:27.679 319 343 I zygote : WaitForGcToComplete blocked for 118.190ms for cause Alloc
01-01 00:01:27.679 319 343 I zygote : Starting a blocking GC Alloc
01-01 00:01:27.679 319 572 I zygote : WaitForGcToComplete blocked for 95.060ms for cause Alloc
01-01 00:01:27.679 319 572 I zygote : Starting a blocking GC Alloc
01-01 00:01:27.679 319 980 I zygote : WaitForGcToComplete blocked for 82.666ms for cause Alloc
01-01 00:01:27.679 319 980 I zygote : Starting a blocking GC Alloc
01-01 00:01:27.697 319 331 I ActivityManager: Start proc 1014:com.android.launcher3/u0a17 for activity com.android.launcher3/.Launcher
01-01 00:01:27.702 319 603 W ActivityManager: Finishing task with all activities already finished
01-01 00:01:27.702 319 603 W ActivityManager: Duplicate finish request for ActivityRecord{2e4f452 u0 com.android.settings/.FallbackHome t2 f}
01-01 00:01:27.702 319 336 W Looper : Dispatch took 247ms on android.ui, h=Handler (com.android.server.am.ActivityManagerService$UiHandler) {ddb0196} cb=null msg=53
01-01 00:01:27.779 319 334 W ActivityManager: Slow operation: 56ms so far, now at startProcess: returned from zygote!
01-01 00:01:27.779 319 334 W ActivityManager: Slow operation: 56ms so far, now at startProcess: done updating battery stats
01-01 00:01:27.779 319 334 W ActivityManager: Slow operation: 56ms so far, now at startProcess: building log message
01-01 00:01:27.779 319 334 I ActivityManager: Start proc 1033:com.android.keychain/1000 for service com.android.keychain/.KeyChainService
01-01 00:01:27.779 319 334 W ActivityManager: Slow operation: 56ms so far, now at startProcess: starting to update pids map
01-01 00:01:27.779 319 334 W ActivityManager: Slow operation: 56ms so far, now at startProcess: done updating pids map
01-01 00:01:27.779 319 334 W ActivityManager: Slow operation: 56ms so far, now at startProcess: done starting proc!
01-01 00:01:27.807 319 319 I AccountsDb: Creating CE database /data/system_ce/0/accounts_ce.db
01-01 00:01:27.814 319 343 W WindowManager: Window freeze timeout expired.
01-01 00:01:27.814 319 343 W WindowManager: Force clearing orientation change: Window{f21c179 u0 StatusBar}
01-01 00:01:27.891 319 319 D ZenLog : disable_effects: 0|android|13|PreBootBroadcaster|1000,booleanState
01-01 00:01:27.892 319 319 D ZenLog : disable_effects: -1|android|32|null|1000,booleanState
01-01 00:01:27.893 319 319 D ZenLog : disable_effects: -1|android|26|null|1000,booleanState
01-01 00:01:27.942 857 857 I AlarmClock: AlarmInitReceiver android.intent.action.LOCKED_BOOT_COMPLETED
01-01 00:01:27.946 1014 1014 D LauncherProvider: Launcher process started
01-01 00:01:27.983 857 1067 I AlarmClock: Fixing alarm instances
01-01 00:01:27.995 945 945 W MediaStateManager: Updating controllers with an empty list!
01-01 00:01:28.017 319 1012 I ActivityManager: Start proc 1074:com.android.car.radio/u0a7 for service com.android.car.radio/.RadioService
01-01 00:01:28.045 1014 1014 V Launcher: LauncherAppState initiated
01-01 00:01:28.079 178 178 I android.hardwar: type=1400 audit(0.0:30): avc: denied { accept } for lport=33452 scontext=u:r:hal_vehicle_default:s0 tcontext=u:r:hal_vehicle_default:s0 tclass=tcp_socket permissive=1
01-01 00:01:28.180 319 1012 W ActivityManager: Slow operation: 80ms so far, now at startProcess: returned from zygote!
01-01 00:01:28.180 319 1012 W ActivityManager: Slow operation: 80ms so far, now at startProcess: done updating battery stats
01-01 00:01:28.180 319 1012 W ActivityManager: Slow operation: 80ms so far, now at startProcess: building log message
01-01 00:01:28.180 319 1012 I ActivityManager: Start proc 1087:com.android.launcher3:wallpaper_chooser/u0a17 for service com.android.launcher3/.dynamicui.ColorExtractionService
01-01 00:01:28.180 319 1012 W ActivityManager: Slow operation: 80ms so far, now at startProcess: starting to update pids map
01-01 00:01:28.180 319 1012 W ActivityManager: Slow operation: 80ms so far, now at startProcess: done updating pids map
01-01 00:01:28.180 319 1012 W ActivityManager: Slow operation: 80ms so far, now at startProcess: done starting proc!
01-01 00:01:28.207 857 1067 I AlarmClock: Alarms Table created
01-01 00:01:28.208 857 1067 I AlarmClock: Instance table created
01-01 00:01:28.208 857 1067 I AlarmClock: Inserting default alarms
01-01 00:01:28.250 1014 1014 I zygote : Starting a blocking GC Alloc
01-01 00:01:28.250 1014 1014 I zygote : Starting a blocking GC Alloc
01-01 00:01:28.255 483 483 W KeyguardUpdateMonitor: invalid subId in handleSimStateChange()
01-01 00:01:28.265 1014 1014 I zygote : Alloc concurrent copying GC freed 5373(1503KB) AllocSpace objects, 2(36KB) LOS objects, 58% free, 1093KB/2MB, paused 447us total 14.319ms
01-01 00:01:28.283 982 982 I DownloadManager: Upgrading downloads database from version 0 to version 110, which will destroy all old data
01-01 00:01:28.309 483 483 W com.android.systemui: type=1400 audit(0.0:31): avc: granted { getattr } for comm=496E666C6174657254687265616420 path="/" dev="rootfs" ino=1 scontext=u:r:platform_app:s0:c512,c768 tcontext=u:object_r:rootfs:s0 tclass=dir
01-01 00:01:28.345 857 1067 V AlarmClock: AlarmInitReceiver finished
01-01 00:01:28.478 1014 1014 W System : ClassLoader referenced unknown path:
01-01 00:01:28.480 1087 1116 I zygote : Starting a blocking GC Alloc
01-01 00:01:28.480 1087 1116 I zygote : Starting a blocking GC Alloc
01-01 00:01:28.484 1087 1087 I zygote : Waiting for a blocking GC Alloc
01-01 00:01:28.522 1087 1087 I zygote : WaitForGcToComplete blocked for 38.518ms for cause Alloc
01-01 00:01:28.522 1087 1087 I zygote : Starting a blocking GC Alloc
01-01 00:01:28.531 1014 1117 D OpenGLRenderer: HWUI GL Pipeline
01-01 00:01:28.589 1014 1080 V GridSizeMigrationTask: Workspace migration completed in 59
01-01 00:01:28.595 1014 1080 D Launcher.Model: loadWorkspace: loading default favorites
01-01 00:01:28.598 1014 1117 I vndksupport: sphal namespace is not configured for this process. Loading /vendor/lib/hw/gralloc.jacinto6.so from the current namespace instead.
01-01 00:01:28.608 1014 1117 E IMGSRV : :0: PVRSRVOpenDCDevice: Error - 138 returned
01-01 00:01:28.616 1087 1122 E ColorExtractionService: Fetching partial bitmap failed, trying old method
01-01 00:01:28.616 1087 1122 E ColorExtractionService: java.lang.NullPointerException: Attempt to invoke virtual method 'java.io.FileDescriptor android.os.ParcelFileDescriptor.getFileDescriptor()' on a null object reference
01-01 00:01:28.616 1087 1122 E ColorExtractionService: at com.android.launcher3.dynamicui.ColorExtractionService.getHotseatPalette(ColorExtractionService.java:125)
01-01 00:01:28.616 1087 1122 E ColorExtractionService: at com.android.launcher3.dynamicui.ColorExtractionService.-wrap0(Unknown Source:0)
01-01 00:01:28.616 1087 1122 E ColorExtractionService: at com.android.launcher3.dynamicui.ColorExtractionService$1.run(ColorExtractionService.java:88)
01-01 00:01:28.616 1087 1122 E ColorExtractionService: at android.os.Handler.handleCallback(Handler.java:789)
01-01 00:01:28.616 1087 1122 E ColorExtractionService: at android.os.Handler.dispatchMessage(Handler.java:98)
01-01 00:01:28.616 1087 1122 E ColorExtractionService: at android.os.Looper.loop(Looper.java:164)
01-01 00:01:28.616 1087 1122 E ColorExtractionService: at android.os.HandlerThread.run(HandlerThread.java:65)
01-01 00:01:28.623 1014 1117 I vndksupport: sphal namespace is not configured for this process. Loading /vendor/lib/hw/gralloc.jacinto6.so from the current namespace instead.
01-01 00:01:28.624 1014 1117 I OpenGLRenderer: Initialized EGL, version 1.4
01-01 00:01:28.624 1014 1117 D OpenGLRenderer: Swap behavior 1
01-01 00:01:28.625 1014 1117 W OpenGLRenderer: Failed to choose config with EGL_SWAP_BEHAVIOR_PRESERVED, retrying without...
01-01 00:01:28.625 1014 1117 D OpenGLRenderer: Swap behavior 0
01-01 00:01:28.700 1014 1117 I vndksupport: sphal namespace is not configured for this process. Loading /vendor/lib/hw/gralloc.jacinto6.so from the current namespace instead.
01-01 00:01:28.703 1014 1080 D LauncherProvider: loading default workspace
01-01 00:01:28.716 319 343 I ActivityManager: Displayed com.android.launcher3/.Launcher: +1s37ms (total +2s827ms)
01-01 00:01:28.729 483 483 I chatty : uid=10028(u0_a28) com.android.systemui expire 16 lines
01-01 00:01:28.763 319 368 I WindowManager: Screen frozen for +2s996ms due to Window{7581d9a u0 com.android.launcher3/com.android.launcher3.Launcher}
01-01 00:01:28.799 483 483 W com.android.systemui: type=1400 audit(0.0:48): avc: granted { getattr } for comm=496E666C6174657254687265616420 path="/" dev="rootfs" ino=1 scontext=u:r:platform_app:s0:c512,c768 tcontext=u:object_r:rootfs:s0 tclass=dir
01-01 00:01:28.854 1014 1080 W DefaultLayoutParser: No preference or single system activity found for Intent { act=android.intent.action.MAIN cat=[android.intent.category.APP_MESSAGING] }
01-01 00:01:28.854 1014 1080 W DefaultLayoutParser: No preference or single system activity found for Intent { act=android.intent.action.VIEW dat=sms: }
01-01 00:01:28.855 1014 1080 W DefaultLayoutParser: No preference or single system activity found for Intent { act=android.intent.action.VIEW dat=smsto: }
01-01 00:01:28.856 1014 1080 W DefaultLayoutParser: No preference or single system activity found for Intent { act=android.intent.action.VIEW dat=mms: }
01-01 00:01:28.857 1014 1080 W DefaultLayoutParser: No preference or single system activity found for Intent { act=android.intent.action.VIEW dat=mmsto: }
01-01 00:01:28.858 1014 1080 W DefaultLayoutParser: No preference or single system activity found for Intent { act=android.intent.action.MAIN cat=[android.intent.category.APP_BROWSER] }
01-01 00:01:28.866 982 982 E SQLiteLog: (1) no such table: album_info
01-01 00:01:28.886 483 483 I zygote : Deoptimizing void com.android.systemui.statusbar.ViewTransformationHelper.setVisible(boolean) due to JIT inline cache
01-01 00:01:29.150 1014 1080 W DefaultLayoutParser: No preference or single system activity found for Intent { act=android.intent.action.MAIN cat=[android.intent.category.APP_MARKET] }
01-01 00:01:29.151 1014 1080 W DefaultLayoutParser: No preference or single system activity found for Intent { act=android.intent.action.VIEW dat=market://details?id=com.android.launcher }
01-01 00:01:29.159 982 982 I d.process.media: type=1400 audit(0.0:49): avc: denied { write } for name="property_service" dev="tmpfs" ino=8470 scontext=u:r:priv_app:s0:c512,c768 tcontext=u:object_r:property_socket:s0 tclass=sock_file permissive=1
01-01 00:01:29.159 982 982 I d.process.media: type=1400 audit(0.0:50): avc: denied { connectto } for path="/dev/socket/property_service" scontext=u:r:priv_app:s0:c512,c768 tcontext=u:r:init:s0 tclass=unix_stream_socket permissive=1
01-01 00:01:29.364 982 982 D MediaScannerReceiver: action: android.intent.action.MEDIA_MOUNTED path: /storage/emulated/0
01-01 00:01:29.369 573 573 W CAR.SERVICE: Starting...
01-01 00:01:29.376 319 331 I PreBootBroadcaster: Pre-boot of {com.android.managedprovisioning/com.android.managedprovisioning.ota.PreBootListener} for user 0
01-01 00:01:29.379 319 319 D ZenLog : disable_effects: 0|android|13|PreBootBroadcaster|1000,booleanState
01-01 00:01:29.385 593 593 I VvmSimStateTracker: android.intent.action.SIM_STATE_CHANGED
01-01 00:01:29.409 319 331 D VoldConnector: SND -> {34 volume mkdirs /storage/emulated/0/Android/data/com.android.launcher3/files/}
01-01 00:01:29.417 319 386 D VoldConnector: RCV <- {200 34 Command succeeded}
01-01 00:01:29.439 319 574 I ActivityManager: Start proc 1135:com.android.quicksearchbox/u0a60 for broadcast com.android.quicksearchbox/.SearchWidgetProvider
01-01 00:01:29.512 1135 1149 I zygote : Starting a blocking GC Alloc
01-01 00:01:29.512 1135 1149 I zygote : Starting a blocking GC Alloc
01-01 00:01:29.520 1135 1135 I zygote : Waiting for a blocking GC Alloc
01-01 00:01:29.523 1135 1135 I zygote : Starting a blocking GC Alloc
01-01 00:01:29.551 483 490 I zygote : Do full code cache collection, code=126KB, data=101KB
01-01 00:01:29.552 483 490 I zygote : After code cache collection, code=99KB, data=66KB
01-01 00:01:29.714 319 980 W ActivityManager: Slow operation: 53ms so far, now at startProcess: returned from zygote!
01-01 00:01:29.714 319 980 W ActivityManager: Slow operation: 54ms so far, now at startProcess: done updating battery stats
01-01 00:01:29.714 319 980 W ActivityManager: Slow operation: 54ms so far, now at startProcess: building log message
01-01 00:01:29.714 319 980 I ActivityManager: Start proc 1154:com.android.managedprovisioning/u0a18 for broadcast com.android.managedprovisioning/.ota.PreBootListener
01-01 00:01:29.714 319 980 W ActivityManager: Slow operation: 54ms so far, now at startProcess: starting to update pids map
01-01 00:01:29.714 319 980 W ActivityManager: Slow operation: 54ms so far, now at startProcess: done updating pids map
01-01 00:01:29.714 319 980 W ActivityManager: Slow operation: 54ms so far, now at startProcess: done starting proc!
01-01 00:01:29.737 593 593 D ImsResolver: maybeAddedImsService, packageName: com.android.provision
01-01 00:01:29.745 319 319 I Telecom : DefaultDialerCache: Refreshing default dialer for user 0: now null: DDC.oR@AA8
01-01 00:01:29.749 319 384 I InputReader: Reconfiguring input devices. changes=0x00000010
01-01 00:01:29.751 593 593 D ImsResolver: maybeAddedImsService, packageName: com.android.settings
01-01 00:01:29.752 319 384 I InputReader: Reconfiguring input devices. changes=0x00000010
01-01 00:01:29.753 1154 1161 I zygote : Starting a blocking GC Alloc
01-01 00:01:29.753 1154 1161 I zygote : Starting a blocking GC Alloc
01-01 00:01:29.768 1154 1161 I zygote : Alloc concurrent copying GC freed 2002(1093KB) AllocSpace objects, 0(0B) LOS objects, 84% free, 288KB/1824KB, paused 459us total 14.321ms
01-01 00:01:29.787 1014 1080 I zygote : Deoptimizing float com.android.launcher3.graphics.IconNormalizer.getScale(android.graphics.drawable.Drawable, android.graphics.RectF, android.graphics.Path, boolean[]) due to JIT inline cache
01-01 00:01:29.790 319 319 I Telecom : DefaultDialerCache: Refreshing default dialer for user 0: now null: DDC.oR@ABA
01-01 00:01:29.797 319 319 I zygote : Waiting for a blocking GC Alloc
01-01 00:01:29.815 319 980 I zygote : Waiting for a blocking GC Alloc
01-01 00:01:29.887 319 334 I zygote : Waiting for a blocking GC Alloc
01-01 00:01:29.945 319 329 I zygote : Background concurrent copying GC freed 37743(3MB) AllocSpace objects, 19(792KB) LOS objects, 42% free, 4MB/7MB, paused 488us total 153.467ms
01-01 00:01:29.945 319 319 I zygote : WaitForGcToComplete blocked for 147.898ms for cause Alloc
01-01 00:01:29.945 319 319 I zygote : Starting a blocking GC Alloc
01-01 00:01:29.945 319 980 I zygote : WaitForGcToComplete blocked for 130.592ms for cause Alloc
01-01 00:01:29.945 319 980 I zygote : Starting a blocking GC Alloc
01-01 00:01:29.946 319 334 I zygote : WaitForGcToComplete blocked for 59.043ms for cause Alloc
01-01 00:01:29.946 319 334 I zygote : Starting a blocking GC Alloc
01-01 00:01:29.989 982 1134 V MediaScanner: pruneDeadThumbnailFiles... android.content.ContentProviderClient$CursorWrapperInner@dc2c2cb
01-01 00:01:29.990 982 1134 V MediaScanner: /pruneDeadThumbnailFiles... android.content.ContentProviderClient$CursorWrapperInner@dc2c2cb
01-01 00:01:30.083 982 1134 I zygote : Waiting for a blocking GC Alloc
01-01 00:01:30.088 982 1134 I zygote : Starting a blocking GC Alloc
01-01 00:01:30.867 319 980 W zygote : Long monitor contention with owner android.bg (334) at void com.android.server.appwidget.AppWidgetServiceImpl$SaveStateRunnable.run()(AppWidgetServiceImpl.java:4095) waiters=0 in android.content.pm.ParceledListSlice com.android.server.appwidget.AppWidgetServiceImpl.getInstalledProvidersForProfile(int, int, java.lang.String) for 604ms
01-01 00:01:30.871 319 331 I PreBootBroadcaster: Pre-boot of {com.android.providers.calendar/com.android.providers.calendar.CalendarUpgradeReceiver} for user 0
01-01 00:01:30.874 319 319 D ZenLog : disable_effects: 0|android|13|PreBootBroadcaster|1000,booleanState
01-01 00:01:30.875 171 1156 I zygote : Starting a blocking GC Alloc
01-01 00:01:30.875 171 1156 I zygote : Starting a blocking GC Alloc
01-01 00:01:30.885 171 1156 I zygote : Alloc concurrent copying GC freed 2055(1093KB) AllocSpace objects, 0(0B) LOS objects, 84% free, 288KB/1824KB, paused 314us total 8.665ms
01-01 00:01:30.904 319 331 I ActivityManager: Start proc 1174:com.android.providers.calendar/u0a2 for broadcast com.android.providers.calendar/.CalendarUpgradeReceiver
01-01 00:01:30.912 319 343 I zygote : Explicit concurrent copying GC freed 6220(451KB) AllocSpace objects, 2(40KB) LOS objects, 42% free, 4MB/7MB, paused 261us total 134.984ms
01-01 00:01:30.974 319 334 W VoiceInteractionManagerService: no available voice interaction services found for user 0
01-01 00:01:30.976 319 334 W ResourceType: No known package when getting value for resource number 0x7f080128
01-01 00:01:30.976 319 334 W ResourceType: No known package when getting value for resource number 0x7f120d8d
01-01 00:01:30.976 319 334 W ResourceType: No known package when getting value for resource number 0x7f080127
01-01 00:01:30.976 319 334 W ResourceType: No known package when getting value for resource number 0x7f1203bb
01-01 00:01:30.976 319 334 W ResourceType: No known package when getting value for resource number 0x7f080126
01-01 00:01:30.976 319 334 W ResourceType: No known package when getting value for resource number 0x7f120822
01-01 00:01:30.980 319 334 W VoiceInteractionManagerService: no available voice interaction services found for user 0
01-01 00:01:31.179 1174 1174 I CalendarDatabaseHelper: Bootstrapping database
01-01 00:01:31.247 1174 1174 I CalendarProvider2: Created com.android.providers.calendar.CalendarAlarmManager@3521ea(com.android.providers.calendar.CalendarProvider2@bf0ecdb)
01-01 00:01:31.282 1174 1174 I CalendarUpgradeReceiver: Creating or opening calendar database
01-01 00:01:31.288 319 980 I PreBootBroadcaster: Pre-boot of {com.android.providers.contacts/com.android.providers.contacts.ContactsUpgradeReceiver} for user 0
01-01 00:01:31.289 319 319 D ZenLog : disable_effects: 0|android|13|PreBootBroadcaster|1000,booleanState
01-01 00:01:31.310 319 980 I ActivityManager: Start proc 1192:android.process.acore/u0a0 for broadcast com.android.providers.contacts/.ContactsUpgradeReceiver
01-01 00:01:31.563 1192 1192 I ContactsPerf: VoicemailContentProvider.onCreate start
01-01 00:01:31.570 1192 1192 I ContactsPerf: VoicemailContentProvider.onCreate finish
01-01 00:01:31.617 1192 1192 D StrictMode: StrictMode policy violation; ~duration=73 ms: android.os.StrictMode$StrictModeDiskWriteViolation: policy=65597 violation=1
01-01 00:01:31.617 1192 1192 D StrictMode: at android.os.StrictMode$AndroidBlockGuardPolicy.onWriteToDisk(StrictMode.java:1384)
01-01 00:01:31.617 1192 1192 D StrictMode: at libcore.io.BlockGuardOs.mkdir(BlockGuardOs.java:193)
01-01 00:01:31.617 1192 1192 D StrictMode: at android.system.Os.mkdir(Os.java:319)
01-01 00:01:31.617 1192 1192 D StrictMode: at android.app.ContextImpl.ensurePrivateDirExists(ContextImpl.java:562)
01-01 00:01:31.617 1192 1192 D StrictMode: at android.app.ContextImpl.ensurePrivateDirExists(ContextImpl.java:550)
01-01 00:01:31.617 1192 1192 D StrictMode: at android.app.ContextImpl.getPreferencesDir(ContextImpl.java:506)
01-01 00:01:31.617 1192 1192 D StrictMode: at android.app.ContextImpl.getSharedPreferencesPath(ContextImpl.java:698)
01-01 00:01:31.617 1192 1192 D StrictMode: at android.app.ContextImpl.getSharedPreferences(ContextImpl.java:366)
01-01 00:01:31.617 1192 1192 D StrictMode: at android.content.ContextWrapper.getSharedPreferences(ContextWrapper.java:167)
01-01 00:01:31.617 1192 1192 D StrictMode: at android.preference.PreferenceManager.getDefaultSharedPreferences(PreferenceManager.java:526)
01-01 00:01:31.617 1192 1192 D StrictMode: at com.android.providers.contacts.FastScrollingIndexCache.getInstance(FastScrollingIndexCache.java:95)
01-01 00:01:31.617 1192 1192 D StrictMode: at com.android.providers.contacts.ContactsProvider2.initialize(ContactsProvider2.java:1587)
01-01 00:01:31.617 1192 1192 D StrictMode: at com.android.providers.contacts.ContactsProvider2.onCreate(ContactsProvider2.java:1562)
01-01 00:01:31.617 1192 1192 D StrictMode: at android.content.ContentProvider.attachInfo(ContentProvider.java:1919)
01-01 00:01:31.617 1192 1192 D StrictMode: at android.content.ContentProvider.attachInfo(ContentProvider.java:1894)
01-01 00:01:31.617 1192 1192 D StrictMode: at android.app.ActivityThread.installProvider(ActivityThread.java:6285)
01-01 00:01:31.617 1192 1192 D StrictMode: at android.app.ActivityThread.installContentProviders(ActivityThread.java:5851)
01-01 00:01:31.617 1192 1192 D StrictMode: at android.app.ActivityThread.handleBindApplication(ActivityThread.java:5772)
01-01 00:01:31.617 1192 1192 D StrictMode: at android.app.ActivityThread.-wrap1(Unknown Source:0)
01-01 00:01:31.617 1192 1192 D StrictMode: at android.app.ActivityThread$H.handleMessage(ActivityThread.java:1661)
01-01 00:01:31.617 1192 1192 D StrictMode: at android.os.Handler.dispatchMessage(Handler.java:105)
01-01 00:01:31.617 1192 1192 D StrictMode: at android.os.Looper.loop(Looper.java:164)
01-01 00:01:31.617 1192 1192 D StrictMode: at android.app.ActivityThread.main(ActivityThread.java:6541)
01-01 00:01:31.617 1192 1192 D StrictMode: at java.lang.reflect.Method.invoke(Native Method)
01-01 00:01:31.617 1192 1192 D StrictMode: at com.android.internal.os.Zygote$MethodAndArgsCaller.run(Zygote.java:240)
01-01 00:01:31.617 1192 1192 D StrictMode: at com.android.internal.os.ZygoteInit.main(ZygoteInit.java:767)
01-01 00:01:31.617 1192 1192 D StrictMode: StrictMode policy violation; ~duration=72 ms: android.os.StrictMode$StrictModeDiskWriteViolation: policy=65597 violation=1
01-01 00:01:31.617 1192 1192 D StrictMode: at android.os.StrictMode$AndroidBlockGuardPolicy.onWriteToDisk(StrictMode.java:1384)
01-01 00:01:31.617 1192 1192 D StrictMode: at libcore.io.BlockGuardOs.chmod(BlockGuardOs.java:77)
01-01 00:01:31.617 1192 1192 D StrictMode: at android.system.Os.chmod(Os.java:87)
01-01 00:01:31.617 1192 1192 D StrictMode: at android.app.ContextImpl.ensurePrivateDirExists(ContextImpl.java:563)
01-01 00:01:31.617 1192 1192 D StrictMode: at android.app.ContextImpl.ensurePrivateDirExists(ContextImpl.java:550)
01-01 00:01:31.617 1192 1192 D StrictMode: at android.app.ContextImpl.getPreferencesDir(ContextImpl.java:506)
01-01 00:01:31.617 1192 1192 D StrictMode: at android.app.ContextImpl.getSharedPreferencesPath(ContextImpl.java:698)
01-01 00:01:31.617 1192 1192 D StrictMode: at android.app.ContextImpl.getSharedPreferences(ContextImpl.java:366)
01-01 00:01:31.617 1192 1192 D StrictMode: at android.content.ContextWrapper.getSharedPreferences(ContextWrapper.java:167)
01-01 00:01:31.617 1192 1192 D StrictMode: at android.preference.PreferenceManager.getDefaultSharedPreferences(PreferenceManager.java:526)
01-01 00:01:31.617 1192 1192 D StrictMode: at com.android.providers.contacts.FastScrollingIndexCache.getInstance(FastScrollingIndexCache.java:95)
01-01 00:01:31.617 1192 1192 D StrictMode: at com.android.providers.contacts.ContactsProvider2.initialize(ContactsProvider2.java:1587)
01-01 00:01:31.617 1192 1192 D StrictMode: at com.android.providers.contacts.ContactsProvider2.onCreate(ContactsProvider2.java:1562)
01-01 00:01:31.617 1192 1192 D StrictMode: at android.content.ContentProvider.attachInfo(ContentProvider.java:1919)
01-01 00:01:31.617 1192 1192 D StrictMode: at android.content.ContentProvider.attachInfo(ContentProvider.java:1894)
01-01 00:01:31.617 1192 1192 D StrictMode: at android.app.ActivityThread.installProvider(ActivityThread.java:6285)
01-01 00:01:31.617 1192 1192 D StrictMode: at android.app.ActivityThread.installContentProviders(ActivityThread.java:5851)
01-01 00:01:31.617 1192 1192 D StrictMode: at android.app.ActivityThread.handleBindApplication(ActivityThread.java:5772)
01-01 00:01:31.617 1192 1192 D StrictMode: at android.app.ActivityThread.-wrap1(Unknown Source:0)
01-01 00:01:31.617 1192 1192 D StrictMode: at android.app.ActivityThread$H.handleMessage(ActivityThread.java:1661)
01-01 00:01:31.617 1192 1192 D StrictMode: at android.os.Handler.dispatchMessage(Handler.java:105)
01-01 00:01:31.617 1192 1192 D StrictMode: at android.os.Looper.loop(Looper.java:164)
01-01 00:01:31.617 1192 1192 D StrictMode: at android.app.ActivityThread.main(ActivityThread.java:6541)
01-01 00:01:31.617 1192 1192 D StrictMode: at java.lang.reflect.Method.invoke(Native Method)
01-01 00:01:31.617 1192 1192 D StrictMode: at com.android.internal.os.Zygote$MethodAndArgsCaller.run(Zygote.java:240)
01-01 00:01:31.617 1192 1192 D StrictMode: at com.android.internal.os.ZygoteInit.main(ZygoteInit.java:767)
01-01 00:01:31.640 1192 1192 I ContactsUpgradeReceiver: Creating or opening contacts database
01-01 00:01:31.670 1192 1210 I ContactsDatabaseHelper: Bootstrapping database contacts2.db version: 1202
01-01 00:01:31.825 1192 1210 I ContactsProviderV1: Bootstrapping database legacy support
01-01 00:01:32.431 1192 1210 D ContactsDatabaseHelper: WAL enabled for contacts2.db: true
01-01 00:01:32.964 1192 1210 E SQLiteLog: (1) no such table: _sync_state_metadata
01-01 00:01:32.984 1192 1192 W zygote : Long monitor contention with owner Worker-1 (1210) at void android.database.sqlite.SQLiteConnection.nativeExecute(long, long)(SQLiteConnection.java:-2) waiters=0 in android.database.sqlite.SQLiteDatabase android.database.sqlite.SQLiteOpenHelper.getWritableDatabase() for 1.344s
01-01 00:01:32.986 1192 1212 W zygote : Long monitor contention with owner Worker-1 (1210) at void android.database.sqlite.SQLiteConnection.nativeExecute(long, long)(SQLiteConnection.java:-2) waiters=1 in android.database.sqlite.SQLiteDatabase android.database.sqlite.SQLiteOpenHelper.getWritableDatabase() for 1.298s
01-01 00:01:32.987 1192 1212 I CallLogDatabaseHelper: Migrating from old tables...
01-01 00:01:32.991 1192 1212 I CallLogDatabaseHelper: Source tables don't exist.
01-01 00:01:33.041 1192 1213 W zygote : Long monitor contention with owner Worker-1 (1212) at void android.database.sqlite.SQLiteConnection.nativeExecute(long, long)(SQLiteConnection.java:-2) waiters=0 in android.database.sqlite.SQLiteDatabase android.database.sqlite.SQLiteOpenHelper.getReadableDatabase() for 1.467s
01-01 00:01:33.103 1192 1210 I ContactLocale: AddressBook Labels [[en_US]]: […, A, B, C, D, E, F, G, H, I, J, K, L, M, N, O, P, Q, R, S, T, U, V, W, X, Y, Z, Α, Β, Γ, Δ, Ε, Ζ, Η, Θ, Ι, Κ, Λ, Μ, Ν, Ξ, Ο, Π, Ρ, Σ, Τ, Υ, Φ, Χ, Ψ, Ω, …, А, Б, В, Г, Д, Ђ, Е, Є, Ж, З, И, І, Й, Ј, К, Л, Љ, М, Н, Њ, О, П, Р, С, Т, Ћ, У, Ф, Х, Ц, Ч, Џ, Ш, Щ, Ю, Я, …, א, ב, ג, ד, ה, ו, ז, ח, ט, י, כ, ל, מ, נ, ס, ע, פ, צ, ק, ר, ש, ת, …, ا, ب, ت, ث, ج, ح, خ, د, ذ, ر, ز, س, ش, ص, ض, ط, ظ, ع, غ, ف, ق, ك, ل, م, ن, ه, و, ي, …, ก, ข, ฃ, ค, ฅ, ฆ, ง, จ, ฉ, ช, ซ, ฌ, ญ, ฎ, ฏ, ฐ, ฑ, ฒ, ณ, ด, ต, ถ, ท, ธ, น, บ, ป, ผ, ฝ, พ, ฟ, ภ, ม, ย, ร, ฤ, ล, ฦ, ว, ศ, ษ, ส, ห, ฬ, อ, ฮ, …, ㄱ, ㄴ, ㄷ, ㄹ, ㅁ, ㅂ, ㅅ, ㅇ, ㅈ, ㅊ, ㅋ, ㅌ, ㅍ, ㅎ, …, あ, か, さ, た, な, は, ま, や, ら, わ, #, …]
01-01 00:01:33.134 1192 1192 I ContactsDatabaseHelper: Bootstrapping database contacts2.db version: 1202
01-01 00:01:33.182 1192 1212 I CallLogDatabaseHelper: Migrating from old tables...
01-01 00:01:33.183 1192 1212 I CallLogDatabaseHelper: Source tables don't exist.
01-01 00:01:33.266 1192 1192 I ContactsProviderV1: Bootstrapping database legacy support
01-01 00:01:33.382 1192 1192 D ContactsDatabaseHelper: WAL enabled for profile.db: true
01-01 00:01:33.687 1192 1192 E SQLiteLog: (1) no such table: _sync_state_metadata
01-01 00:01:33.705 1192 1210 W zygote : Long monitor contention with owner main (1192) at void android.database.sqlite.SQLiteConnection.nativeExecute(long, long)(SQLiteConnection.java:-2) waiters=0 in android.database.sqlite.SQLiteDatabase android.database.sqlite.SQLiteOpenHelper.getReadableDatabase() for 596ms
