01-01 00:01:21.336 319 319 D ZenLog : config: conditionChanged,ZenModeConfig[user=0,allowCalls=true,allowRepeatCallers=false,allowMessages=false,allowCallsFrom=contacts,allowMessagesFrom=contacts,allowReminders=true,allowEvents=true,allowWhenScreenOff=true,allowWhenScreenOn=true,automaticRules={c1ff828edd9247fcbf0712188e60acfc=ZenRule[enabled=false,snoozing=false,name=Weeknight,zenMode=ZEN_MODE_ALARMS,conditionId=condition://android/schedule?days=1.2.3.4.5&start=22.0&end=7.0&exitAtAlarm=false,condition=Condition[id=condition://android/schedule?days=1.2.3.4.5&start=22.0&end=7.0&exitAtAlarm=false,summary=...,line1=...,line2=...,icon=0,state=STATE_TRUE,flags=2],component=ComponentInfo{android/com.android.server.notification.ScheduleConditionProvider},id=c1ff828edd9247fcbf0712188e60acfc,creationTime=76924,enabler=null], e22e4aefd4ec4f3fbf8b2dcbac0265fb=ZenRule[enabled=false,snoozing=false,name=Weekend,zenMode=ZEN_MODE_ALARMS,conditionId=condition://android/schedule?days=6.7&start=23.30&end=10.0&exitAtAlarm=false,condition=null,component=ComponentInfo{android/com.android.server.notification.ScheduleConditionProvider},id=e22e4aefd4ec4f3fbf8b2dcbac0265fb,creationTime=76924,enabler=null], 52ff9f85c03c4ac39a51682da6b991ce=ZenRule[enabled=false,snoozing=false,name=Event,zenMode=ZEN_MODE_ALARMS,conditionId=condition://android/event?userId=-10000&calendar=&reply=1,condition=null,component=ComponentInfo{android/com.android.server.notification.EventConditionProvider},id=52ff9f85c03c4ac39a51682da6b991ce,creationTime=76925,enabler=null]},manualRule=null],Diff[automaticRule[c1ff828edd9247fcbf0712188e60acfc].condition:null->Condition[id=condition://android/schedule?days=1.2.3.4.5&start=22.0&end=7.0&exitAtAlarm=false,summary=...,line1=...,line2=...,icon=0,state=STATE_TRUE,flags=2]]
01-01 00:01:21.337 319 319 D ZenLog : config: conditionChanged,ZenModeConfig[user=0,allowCalls=true,allowRepeatCallers=false,allowMessages=false,allowCallsFrom=contacts,allowMessagesFrom=contacts,allowReminders=true,allowEvents=true,allowWhenScreenOff=true,allowWhenScreenOn=true,automaticRules={c1ff828edd9247fcbf0712188e60acfc=ZenRule[enabled=false,snoozing=false,name=Weeknight,zenMode=ZEN_MODE_ALARMS,conditionId=condition://android/schedule?days=1.2.3.4.5&start=22.0&end=7.0&exitAtAlarm=false,condition=Condition[id=condition://android/schedule?days=1.2.3.4.5&start=22.0&end=7.0&exitAtAlarm=false,summary=...,line1=...,line2=...,icon=0,state=STATE_TRUE,flags=2],component=ComponentInfo{android/com.android.server.notification.ScheduleConditionProvider},id=c1ff828edd9247fcbf0712188e60acfc,creationTime=76924,enabler=null], e22e4aefd4ec4f3fbf8b2dcbac0265fb=ZenRule[enabled=false,snoozing=false,name=Weekend,zenMode=ZEN_MODE_ALARMS,conditionId=condition://android/schedule?days=6.7&start=23.30&end=10.0&exitAtAlarm=false,condition=Condition[id=condition://android/schedule?days=6.7&start=23.30&end=10.0&exitAtAlarm=false,summary=...,line1=...,line2=...,icon=0,state=STATE_FALSE,flags=2],component=ComponentInfo{android/com.android.server.notification.ScheduleConditionProvider},id=e22e4aefd4ec4f3fbf8b2dcbac0265fb,creationTime=76924,enabler=null], 52ff9f85c03c4ac39a51682da6b991ce=ZenRule[enabled=false,snoozing=false,name=Event,zenMode=ZEN_MODE_ALARMS,conditionId=condition://android/event?userId=-10000&calendar=&reply=1,condition=null,component=ComponentInfo{android/com.android.server.notification.EventConditionProvider},id=52ff9f85c03c4ac39a51682da6b991ce,creationTime=76925,enabler=null]},manualRule=null],Diff[automaticRule[e22e4aefd4ec4f3fbf8b2dcbac0265fb].condition:null->Condition[id=condition://android/schedule?days=6.7&start=23.30&end=10.0&exitAtAlarm=false,summary=...,line1=...,line2=...,icon=0,state=STATE_FALSE,flags=2]]
01-01 00:01:21.340 319 319 D ZenLog : config: conditionChanged,ZenModeConfig[user=0,allowCalls=true,allowRepeatCallers=false,allowMessages=false,allowCallsFrom=contacts,allowMessagesFrom=contacts,allowReminders=true,allowEvents=true,allowWhenScreenOff=true,allowWhenScreenOn=true,automaticRules={c1ff828edd9247fcbf0712188e60acfc=ZenRule[enabled=false,snoozing=false,name=Weeknight,zenMode=ZEN_MODE_ALARMS,conditionId=condition://android/schedule?days=1.2.3.4.5&start=22.0&end=7.0&exitAtAlarm=false,condition=Condition[id=condition://android/schedule?days=1.2.3.4.5&start=22.0&end=7.0&exitAtAlarm=false,summary=...,line1=...,line2=...,icon=0,state=STATE_TRUE,flags=2],component=ComponentInfo{android/com.android.server.notification.ScheduleConditionProvider},id=c1ff828edd9247fcbf0712188e60acfc,creationTime=76924,enabler=null], e22e4aefd4ec4f3fbf8b2dcbac0265fb=ZenRule[enabled=false,snoozing=false,name=Weekend,zenMode=ZEN_MODE_ALARMS,conditionId=condition://android/schedule?days=6.7&start=23.30&end=10.0&exitAtAlarm=false,condition=Condition[id=condition://android/schedule?days=6.7&start=23.30&end=10.0&exitAtAlarm=false,summary=...,line1=...,line2=...,icon=0,state=STATE_FALSE,flags=2],component=ComponentInfo{android/com.android.server.notification.ScheduleConditionProvider},id=e22e4aefd4ec4f3fbf8b2dcbac0265fb,creationTime=76924,enabler=null], 52ff9f85c03c4ac39a51682da6b991ce=ZenRule[enabled=false,snoozing=false,name=Event,zenMode=ZEN_MODE_ALARMS,conditionId=condition://android/event?userId=-10000&calendar=&reply=1,condition=Condition[id=condition://android/event?userId=-10000&calendar=&reply=1,summary=...,line1=...,line2=...,icon=0,state=STATE_FALSE,flags=2],component=ComponentInfo{android/com.android.server.notification.EventConditionProvider},id=52ff9f85c03c4ac39a51682da6b991ce,creationTime=76925,enabler=null]},manualRule=null],Diff[automaticRule[52ff9f85c03c4ac39a51682da6b991ce].condition:null->Condition[id=condition://android/event?userId=-10000&calendar=&reply=1,summary=...,line1=...,line2=...,icon=0,state=STATE_FALSE,flags=2]]
01-01 00:01:21.342 319 319 I FusedLocation: engine started (com.android.location.fused)
01-01 00:01:21.342 319 319 D ZenLog : set_zen_mode: off,conditionChanged
01-01 00:01:21.346 319 319 I chatty : uid=1000 system_server identical 1 line
01-01 00:01:21.358 483 780 D OpenGLRenderer: HWUI GL Pipeline
01-01 00:01:21.386 483 483 D NetworkController.WifiSignalController: Registered score cache
01-01 00:01:21.399 319 319 D ZenLog : set_zen_mode: off,conditionChanged
01-01 00:01:21.429 483 483 D StatusBar: disable
01-01 00:01:21.430 319 332 I StatusBarManagerService: registerStatusBar bar=com.android.internal.statusbar.IStatusBar$Stub$Proxy@87340af
01-01 00:01:22.680 319 343 I zygote : Explicit concurrent copying GC freed 12654(1175KB) AllocSpace objects, 3(60KB) LOS objects, 42% free, 3MB/6MB, paused 319us total 80.106ms
01-01 00:01:22.761 483 772 D SharedPreferencesImpl: Time required to fsync /data/user_de/0/com.android.systemui/shared_prefs/com.android.systemui.xml: [<1: 0, <2: 0, <4: 0, <8: 0, <16: 0, <32: 1, <64: 0, <128: 0, <256: 0, <512: 0, <1024: 0, <2048: 1, <4096: 0, <8192: 0, <16384: 0, >=16384: 0]
01-01 00:01:22.797 593 593 D TelephonyProvider: dbh.onCreate:+ db=SQLiteDatabase: /data/user_de/0/com.android.providers.telephony/databases/telephony.db
01-01 00:01:22.797 593 593 D TelephonyProvider: dbh.createSimInfoTable:+
01-01 00:01:22.799 593 593 D TelephonyProvider: dbh.createSimInfoTable:-
01-01 00:01:22.799 593 593 D TelephonyProvider: dbh.createCarriersTable: carriers
01-01 00:01:22.800 483 782 I SecurityController: could not bind to KeyChainService
01-01 00:01:22.801 593 593 D TelephonyProvider: dbh.createCarriersTable:-
01-01 00:01:22.802 593 593 D TelephonyProvider: No APNs in OEM image = /oem/telephony/apns-conf.xml Load APNs from system image
01-01 00:01:22.802 593 593 D TelephonyProvider: No APNs in OEM image = /data/misc/apns-conf.xml Load APNs from system image
01-01 00:01:22.802 593 593 D TelephonyProvider: confFile = /system/etc/apns-conf.xml
01-01 00:01:22.803 593 593 E TelephonyProvider: FileNotFoundException for /system/etc/apns-conf.xml:java.io.FileNotFoundException: /system/etc/apns-conf.xml (No such file or directory)
01-01 00:01:22.808 593 593 D TelephonyProvider: dbh.onCreate:- db=SQLiteDatabase: /data/user_de/0/com.android.providers.telephony/databases/telephony.db
01-01 00:01:22.849 483 483 I CameraManagerGlobal: Connecting to camera service
01-01 00:01:22.852 218 302 I CameraService: CameraService::connect call (PID -1 "cameraserver", camera ID 0) for HAL version default and Camera API version 1
01-01 00:01:22.854 179 179 D CameraHal: (a7bb54a8) + hardware/ti/dra7xx/camera/CameraProperties.cpp:67 initialize - ENTER
01-01 00:01:22.854 179 179 D CameraHal: (a7bb54a8) - hardware/ti/dra7xx/camera/CameraProperties.cpp:67 initialize - EXIT
01-01 00:01:22.854 179 179 D CameraHal: (a7bb54a8) + hardware/ti/dra7xx/camera/CameraParameters.cpp:152 getProperties - ENTER
01-01 00:01:22.854 179 179 D CameraHal: (a7bb54a8) - hardware/ti/dra7xx/camera/CameraParameters.cpp:163 getProperties - EXIT
01-01 00:01:22.856 226 694 D NuPlayerDriver: NuPlayerDriver(0xa65b00e0) created, clientPid(218)
01-01 00:01:22.859 593 593 D TelephonyProvider: dbh.onOpen: ok, queried table=siminfo
01-01 00:01:22.859 593 593 D TelephonyProvider: dbh.onOpen: ok, queried table=carriers
01-01 00:01:22.861 153 153 W /system/bin/hwservicemanager: getTransportFromManifest: Cannot find entry android.hardware.media.omx@1.0::IOmx in either framework or device manifest, using default transport.
01-01 00:01:22.863 593 593 D TelephonyProvider: onCreate: build id changed from to OPR6.170623.013
01-01 00:01:22.864 593 593 D TelephonyProvider: No APNs in OEM image = /oem/telephony/apns-conf.xml Load APNs from system image
01-01 00:01:22.864 593 593 D TelephonyProvider: No APNs in OEM image = /data/misc/apns-conf.xml Load APNs from system image
01-01 00:01:22.864 593 593 E TelephonyProvider: FileNotFoundException for /system/etc/apns-conf.xml:java.io.FileNotFoundException: /system/etc/apns-conf.xml (No such file or directory)
01-01 00:01:22.864 593 593 D TelephonyProvider: newChecksum: -1
01-01 00:01:22.864 593 593 D TelephonyProvider: oldChecksum: -1
01-01 00:01:22.864 593 593 D TelephonyProvider: Skipping apn db update since apn-conf has not changed.
01-01 00:01:22.880 226 791 D NuPlayerDriver: notifyListener_l(0xa65b00e0), (1, 0, 0, -1), loop setting(0, 0)
01-01 00:01:22.881 226 694 D NuPlayerDriver: NuPlayerDriver(0xa65b01c0) created, clientPid(218)
01-01 00:01:22.882 153 153 W /system/bin/hwservicemanager: getTransportFromManifest: Cannot find entry android.hardware.media.omx@1.0::IOmx in either framework or device manifest, using default transport.
01-01 00:01:22.897 226 795 D NuPlayerDriver: notifyListener_l(0xa65b01c0), (1, 0, 0, -1), loop setting(0, 0)
01-01 00:01:22.898 226 284 D NuPlayerDriver: NuPlayerDriver(0xa65b0000) created, clientPid(218)
01-01 00:01:22.899 153 153 W /system/bin/hwservicemanager: getTransportFromManifest: Cannot find entry android.hardware.media.omx@1.0::IOmx in either framework or device manifest, using default transport.
01-01 00:01:22.909 179 179 I provider@2.4-se: type=1400 audit(0.0:25): avc: denied { read } for name="/" dev="tmpfs" ino=8391 scontext=u:r:hal_camera_default:s0 tcontext=u:object_r:device:s0 tclass=dir permissive=1
01-01 00:01:22.909 179 179 I provider@2.4-se: type=1400 audit(0.0:26): avc: denied { open } for path="/dev" dev="tmpfs" ino=8391 scontext=u:r:hal_camera_default:s0 tcontext=u:object_r:device:s0 tclass=dir permissive=1
01-01 00:01:22.909 179 179 I provider@2.4-se: type=1400 audit(0.0:27): avc: denied { read write } for name="renderD128" dev="tmpfs" ino=8635 scontext=u:r:hal_camera_default:s0 tcontext=u:object_r:gpu_device:s0 tclass=chr_file permissive=1
01-01 00:01:22.909 179 179 I provider@2.4-se: type=1400 audit(0.0:28): avc: denied { open } for path="/dev/dri/renderD128" dev="tmpfs" ino=8635 scontext=u:r:hal_camera_default:s0 tcontext=u:object_r:gpu_device:s0 tclass=chr_file permissive=1
01-01 00:01:22.912 226 797 D NuPlayerDriver: notifyListener_l(0xa65b0000), (1, 0, 0, -1), loop setting(0, 0)
01-01 00:01:22.915 218 302 I CameraHardwareInterface: Opening camera 0
01-01 00:01:22.915 179 179 I CamDev@1.0-impl: Opening camera 0
01-01 00:01:22.915 179 179 D CameraHal: (a7bb54a8) + hardware/ti/dra7xx/camera/CameraProperties.cpp:67 initialize - ENTER
01-01 00:01:22.915 179 179 D CameraHal: (a7bb54a8) - hardware/ti/dra7xx/camera/CameraProperties.cpp:67 initialize - EXIT
01-01 00:01:22.915 179 179 D CameraHal: (a7bb54a8) + hardware/ti/dra7xx/camera/CameraParameters.cpp:152 getProperties - ENTER
01-01 00:01:22.915 179 179 D CameraHal: (a7bb54a8) - hardware/ti/dra7xx/camera/CameraParameters.cpp:163 getProperties - EXIT
01-01 00:01:22.915 179 179 E CameraHal: (a7bb54a8) hardware/ti/dra7xx/camera/CameraHal_Module.cpp:634 camera_device_open - CameraHal_Module: ******************* 1 *******************
01-01 00:01:22.915 179 179 I CameraHal: (a7bb54a8) hardware/ti/dra7xx/camera/CameraHal_Module.cpp:638 camera_device_open - camera_device open
01-01 00:01:22.915 179 179 D CameraHal: (a7bb54a8) + hardware/ti/dra7xx/camera/CameraProperties.cpp:130 camerasSupported - ENTER
01-01 00:01:22.916 179 179 D CameraHal: (a7bb54a8) - hardware/ti/dra7xx/camera/CameraProperties.cpp:130 camerasSupported - EXIT
01-01 00:01:22.916 179 179 D CameraHal: (a7bb54a8) + hardware/ti/dra7xx/camera/CameraParameters.cpp:152 getProperties - ENTER
01-01 00:01:22.916 179 179 D CameraHal: (a7bb54a8) - hardware/ti/dra7xx/camera/CameraParameters.cpp:163 getProperties - EXIT
01-01 00:01:22.916 179 179 E CameraHal: (a7bb54a8) hardware/ti/dra7xx/camera/CameraHal.cpp:131 getSocFamily - '/sys/board_properties/soc/family' Not Available
01-01 00:01:22.916 179 179 D CameraHal: (a7bb54a8) + hardware/ti/dra7xx/camera/CameraHal.cpp:3971 CameraHal - ENTER
01-01 00:01:22.916 179 179 D CameraHal: (a7bb54a8) - hardware/ti/dra7xx/camera/CameraHal.cpp:4047 CameraHal - EXIT
01-01 00:01:22.916 179 179 D CameraHal: (a7bb54a8) + hardware/ti/dra7xx/camera/CameraHal.cpp:4107 initialize - ENTER
01-01 00:01:22.916 179 179 D CameraHal: (a7bb54a8) hardware/ti/dra7xx/camera/CameraParameters.cpp:214 dump - ================================
01-01 00:01:22.916 179 179 D CameraHal: (a7bb54a8) hardware/ti/dra7xx/camera/CameraParameters.cpp:215 dump - Dumping properties for camera: 0
01-01 00:01:22.916 179 179 D CameraHal: (a7bb54a8) hardware/ti/dra7xx/camera/CameraParameters.cpp:220 dump - prop-antibanding-values = auto
01-01 00:01:22.916 179 179 D CameraHal: (a7bb54a8) hardware/ti/dra7xx/camera/CameraParameters.cpp:220 dump - prop-camera-name = USBCAMERA
01-01 00:01:22.916 179 179 D CameraHal: (a7bb54a8) hardware/ti/dra7xx/camera/CameraParameters.cpp:220 dump - prop-effect-values = none
01-01 00:01:22.916 179 179 D CameraHal: (a7bb54a8) hardware/ti/dra7xx/camera/CameraParameters.cpp:220 dump - prop-exposure-mode-values = auto
01-01 00:01:22.916 179 179 D CameraHal: (a7bb54a8) hardware/ti/dra7xx/camera/CameraParameters.cpp:220 dump - prop-facing = back
01-01 00:01:22.916 179 179 D CameraHal: (a7bb54a8) hardware/ti/dra7xx/camera/CameraParameters.cpp:220 dump - prop-flash-mode-values = off
01-01 00:01:22.916 179 179 D CameraHal: (a7bb54a8) hardware/ti/dra7xx/camera/CameraParameters.cpp:220 dump - prop-focal-length = 1
01-01 00:01:22.916 179 179 D CameraHal: (a7bb54a8) hardware/ti/dra7xx/camera/CameraParameters.cpp:220 dump - prop-focus-mode-default = fixed
01-01 00:01:22.916 179 179 D CameraHal: (a7bb54a8) hardware/ti/dra7xx/camera/CameraParameters.cpp:220 dump - prop-focus-mode-values = fixed
01-01 00:01:22.916 179 179 D CameraHal: (a7bb54a8) hardware/ti/dra7xx/camera/CameraParameters.cpp:220 dump - prop-framerate-range-default = 30000,30000
01-01 00:01:22.916 179 179 D CameraHal: (a7bb54a8) hardware/ti/dra7xx/camera/CameraParameters.cpp:220 dump - prop-framerate-range-values =
01-01 00:01:22.916 179 179 D CameraHal: (a7bb54a8) hardware/ti/dra7xx/camera/CameraParameters.cpp:220 dump - prop-horizontal-angle = 170
01-01 00:01:22.916 179 179 D CameraHal: (a7bb54a8) hardware/ti/dra7xx/camera/CameraParameters.cpp:220 dump - prop-ipp-values = ldc-nsf
01-01 00:01:22.916 179 179 D CameraHal: (a7bb54a8) hardware/ti/dra7xx/camera/CameraParameters.cpp:220 dump - prop-iso-mode-values = auto
01-01 00:01:22.916 179 179 D CameraHal: (a7bb54a8) hardware/ti/dra7xx/camera/CameraParameters.cpp:220 dump - prop-jpeg-quality-default = 90
01-01 00:01:22.916 179 179 D CameraHal: (a7bb54a8) hardware/ti/dra7xx/camera/CameraParameters.cpp:220 dump - prop-jpeg-thumbnail-quality-default = 50
01-01 00:01:22.916 179 179 D CameraHal: (a7bb54a8) hardware/ti/dra7xx/camera/CameraParameters.cpp:220 dump - prop-jpeg-thumbnail-size-default = 320x240
01-01 00:01:22.916 179 179 D CameraHal: (a7bb54a8) hardware/ti/dra7xx/camera/CameraParameters.cpp:220 dump - prop-jpeg-thumbnail-size-values = 0x0,320x240
01-01 00:01:22.916 179 179 D CameraHal: (a7bb54a8) hardware/ti/dra7xx/camera/CameraParameters.cpp:220 dump - prop-max-fd-hw-faces = 0
01-01 00:01:22.916 179 179 D CameraHal: (a7bb54a8) hardware/ti/dra7xx/camera/CameraParameters.cpp:220 dump - prop-orientation = 0
01-01 00:01:22.916 179 179 D CameraHal: (a7bb54a8) hardware/ti/dra7xx/camera/CameraParameters.cpp:220 dump - prop-picture-format-default = jpeg
01-01 00:01:22.916 179 179 D CameraHal: (a7bb54a8) hardware/ti/dra7xx/camera/CameraParameters.cpp:220 dump - prop-picture-format-values = jpeg
01-01 00:01:22.916 179 179 D CameraHal: (a7bb54a8) hardware/ti/dra7xx/camera/CameraParameters.cpp:220 dump - prop-picture-size-default = 1280x720
01-01 00:01:22.916 179 179 D CameraHal: (a7bb54a8) hardware/ti/dra7xx/camera/CameraParameters.cpp:220 dump - prop-picture-size-values = 1280x800,1280x720,752x480,640x480,600x400,352x288,320x240
01-01 00:01:22.916 179 179 D CameraHal: (a7bb54a8) hardware/ti/dra7xx/camera/CameraParameters.cpp:220 dump - prop-preview-format-default = yuv420sp
01-01 00:01:22.916 179 179 D CameraHal: (a7bb54a8) hardware/ti/dra7xx/camera/CameraParameters.cpp:220 dump - prop-preview-format-values = yuv420sp
01-01 00:01:22.916 179 179 D CameraHal: (a7bb54a8) hardware/ti/dra7xx/camera/CameraParameters.cpp:220 dump - prop-preview-frame-rate-default = 30
01-01 00:01:22.916 179 179 D CameraHal: (a7bb54a8) hardware/ti/dra7xx/camera/CameraParameters.cpp:220 dump - prop-preview-frame-rate-values =
01-01 00:01:22.916 179 179 D CameraHal: (a7bb54a8) hardware/ti/dra7xx/camera/CameraParameters.cpp:220 dump - prop-preview-size-default = 1280x720
01-01 00:01:22.916 179 179 D CameraHal: (a7bb54a8) hardware/ti/dra7xx/camera/CameraParameters.cpp:220 dump - prop-preview-size-values = 1280x800,1280x720,752x480,640x480,600x400,352x288,320x240
01-01 00:01:22.916 179 179 D CameraHal: (a7bb54a8) hardware/ti/dra7xx/camera/CameraParameters.cpp:220 dump - prop-preview-subsampled-size-values = 1280x800,1280x720,752x480,640x480,600x400,352x288,320x240
01-01 00:01:22.916 179 179 D CameraHal: (a7bb54a8) hardware/ti/dra7xx/camera/CameraParameters.cpp:220 dump - prop-required-preview-bufs = 8
01-01 00:01:22.916 179 179 D CameraHal: (a7bb54a8) hardware/ti/dra7xx/camera/CameraParameters.cpp:220 dump - prop-s3d-prv-frame-layout = none
01-01 00:01:22.916 179 179 D CameraHal: (a7bb54a8) hardware/ti/dra7xx/camera/CameraParameters.cpp:220 dump - prop-sensor-index = 0
01-01 00:01:22.916 179 179 D CameraHal: (a7bb54a8) hardware/ti/dra7xx/camera/CameraParameters.cpp:220 dump - prop-vertical-angle = 170
01-01 00:01:22.916 179 179 D CameraHal: (a7bb54a8) hardware/ti/dra7xx/camera/CameraParameters.cpp:220 dump - prop-vnf-default = false
01-01 00:01:22.916 179 179 D CameraHal: (a7bb54a8) hardware/ti/dra7xx/camera/CameraParameters.cpp:220 dump - prop-vstab-default = false
01-01 00:01:22.916 179 179 D CameraHal: (a7bb54a8) hardware/ti/dra7xx/camera/CameraParameters.cpp:220 dump - prop-zoom-default = 1
01-01 00:01:22.916 179 179 D CameraHal: (a7bb54a8) hardware/ti/dra7xx/camera/CameraParameters.cpp:220 dump - prop-zoom-ratios = 1
01-01 00:01:22.916 179 179 D CameraHal: (a7bb54a8) hardware/ti/dra7xx/camera/CameraParameters.cpp:220 dump - prop-zoom-stages = 1
01-01 00:01:22.916 179 179 D CameraHal: (a7bb54a8) hardware/ti/dra7xx/camera/CameraParameters.cpp:220 dump - prop-zoom-supported = false
01-01 00:01:22.917 179 179 D CameraHal: (a7bb54a8) hardware/ti/dra7xx/camera/CameraParameters.cpp:220 dump - sensor-orientation = 0
01-01 00:01:22.917 179 179 D CameraHal: (a7bb54a8) hardware/ti/dra7xx/camera/CameraParameters.cpp:223 dump - --------------------------------
01-01 00:01:22.917 179 179 D CameraHal: (a7bb54a8) hardware/ti/dra7xx/camera/CameraHal.cpp:4146 initialize - Sensor index= 0; Sensor name= USBCAMERA
01-01 00:01:22.917 179 179 D CameraHal: (a7bb54a8) + hardware/ti/dra7xx/camera/V4LCameraAdapter/V4LCameraAdapter.cpp:1208 V4LCameraAdapter_Factory - ENTER
01-01 00:01:22.917 179 179 D CameraHal: (a7bb54a8) + hardware/ti/dra7xx/camera/V4LCameraAdapter/V4LCameraAdapter.cpp:894 V4LCameraAdapter - ENTER
01-01 00:01:22.917 179 179 E CameraHal: Error while adapter initialization: video capture not supported.
01-01 00:01:22.917 179 179 E CameraHal: Error while checking driver: Not VPE
01-01 00:01:22.917 179 179 E CameraHal: Error while adapter initialization: video capture not supported.
01-01 00:01:22.917 179 179 E CameraHal: Found VPE M2M device /dev/video0!!!
01-01 00:01:22.917 179 179 D CameraHal: (a7bb54a8) - hardware/ti/dra7xx/camera/V4LCameraAdapter/V4LCameraAdapter.cpp:912 V4LCameraAdapter - EXIT
01-01 00:01:22.917 179 179 D CameraHal: (a7bb54a8) hardware/ti/dra7xx/camera/V4LCameraAdapter/V4LCameraAdapter.cpp:1212 V4LCameraAdapter_Factory - New V4L Camera adapter instance created for sensor 0
01-01 00:01:22.917 179 179 D CameraHal: (a7bb54a8) - hardware/ti/dra7xx/camera/V4LCameraAdapter/V4LCameraAdapter.cpp:1217 V4LCameraAdapter_Factory - EXIT
01-01 00:01:22.917 179 179 D CameraHal: (a7bb54a8) + hardware/ti/dra7xx/camera/V4LCameraAdapter/V4LCameraAdapter.cpp:305 initialize - ENTER
01-01 00:01:22.918 179 179 D CameraHal: (a7bb54a8) - hardware/ti/dra7xx/camera/V4LCameraAdapter/V4LCameraAdapter.cpp:361 initialize - EXIT
01-01 00:01:22.918 179 179 D CameraHal: (a7bb54a8) + hardware/ti/dra7xx/camera/BaseCameraAdapter.cpp:126 registerImageReleaseCallback - ENTER
01-01 00:01:22.918 179 179 D CameraHal: (a7bb54a8) - hardware/ti/dra7xx/camera/BaseCameraAdapter.cpp:131 registerImageReleaseCallback - EXIT
01-01 00:01:22.918 179 179 D CameraHal: (a7bb54a8) + hardware/ti/dra7xx/camera/BaseCameraAdapter.cpp:140 registerEndCaptureCallback - ENTER
01-01 00:01:22.918 179 179 D CameraHal: (a7bb54a8) - hardware/ti/dra7xx/camera/BaseCameraAdapter.cpp:145 registerEndCaptureCallback - EXIT
01-01 00:01:22.918 179 179 D CameraHal: (a7bb54a8) + hardware/ti/dra7xx/camera/AppCallbackNotifier.cpp:38 initialize - ENTER
01-01 00:01:22.918 179 179 D CameraHal: (a7bb54a8) - hardware/ti/dra7xx/camera/AppCallbackNotifier.cpp:70 initialize - EXIT
01-01 00:01:22.918 179 179 D CameraHal: (a7bb54a8) + hardware/ti/dra7xx/camera/AppCallbackNotifier.cpp:1257 setEventProvider - ENTER
01-01 00:01:22.918 179 179 D CameraHal: (a7bb54a8) + hardware/ti/dra7xx/camera/CameraHalUtilClasses.cpp:87 enableEventNotification - ENTER
01-01 00:01:22.918 179 179 D CameraHal: (a7bb54a8) + hardware/ti/dra7xx/camera/BaseCameraAdapter.cpp:176 enableMsgType - ENTER
01-01 00:01:22.918 179 179 V CameraHal: (a7bb54a8) hardware/ti/dra7xx/camera/BaseCameraAdapter.cpp:215 enableMsgType - Event message type id=0xffff subscription request
01-01 00:01:22.918 179 179 D CameraHal: (a7bb54a8) - hardware/ti/dra7xx/camera/BaseCameraAdapter.cpp:229 enableMsgType - EXIT
01-01 00:01:22.918 179 179 D CameraHal: (a7bb54a8) - hardware/ti/dra7xx/camera/CameraHalUtilClasses.cpp:97 enableEventNotification - EXIT
01-01 00:01:22.918 179 179 D CameraHal: (a7bb54a8) - hardware/ti/dra7xx/camera/AppCallbackNotifier.cpp:1272 setEventProvider - EXIT
01-01 00:01:22.918 179 179 D CameraHal: (a7bb54a8) + hardware/ti/dra7xx/camera/AppCallbackNotifier.cpp:1277 setFrameProvider - ENTER
01-01 00:01:22.918 179 179 D CameraHal: (a7bb54a8) + hardware/ti/dra7xx/camera/CameraHalUtilClasses.cpp:33 enableFrameNotification - ENTER
01-01 00:01:22.918 179 179 D CameraHal: (a7bb54a8) + hardware/ti/dra7xx/camera/BaseCameraAdapter.cpp:176 enableMsgType - ENTER
01-01 00:01:22.918 179 179 V CameraHal: (a7bb54a8) hardware/ti/dra7xx/camera/BaseCameraAdapter.cpp:183 enableMsgType - Frame message type id=0x8 subscription request
01-01 00:01:22.918 179 179 D CameraHal: (a7bb54a8) - hardware/ti/dra7xx/camera/BaseCameraAdapter.cpp:229 enableMsgType - EXIT
01-01 00:01:22.918 179 179 D CameraHal: (a7bb54a8) - hardware/ti/dra7xx/camera/CameraHalUtilClasses.cpp:43 enableFrameNotification - EXIT
01-01 00:01:22.918 179 179 D CameraHal: (a7bb54a8) + hardware/ti/dra7xx/camera/CameraHalUtilClasses.cpp:33 enableFrameNotification - ENTER
01-01 00:01:22.918 179 179 D CameraHal: (a7bb54a8) + hardware/ti/dra7xx/camera/BaseCameraAdapter.cpp:176 enableMsgType - ENTER
01-01 00:01:22.918 179 179 V CameraHal: (a7bb54a8) hardware/ti/dra7xx/camera/BaseCameraAdapter.cpp:183 enableMsgType - Frame message type id=0x100 subscription request
01-01 00:01:22.918 179 179 D CameraHal: (a7bb54a8) - hardware/ti/dra7xx/camera/BaseCameraAdapter.cpp:229 enableMsgType - EXIT
01-01 00:01:22.918 179 179 D CameraHal: (a7bb54a8) - hardware/ti/dra7xx/camera/CameraHalUtilClasses.cpp:43 enableFrameNotification - EXIT
01-01 00:01:22.918 179 179 D CameraHal: (a7bb54a8) - hardware/ti/dra7xx/camera/AppCallbackNotifier.cpp:1293 setFrameProvider - EXIT
01-01 00:01:22.918 179 179 D CameraHal: (a7bb54a8) + hardware/ti/dra7xx/camera/BaseCameraAdapter.cpp:154 setErrorHandler - ENTER
01-01 00:01:22.918 179 179 D CameraHal: (a7bb54a8) - hardware/ti/dra7xx/camera/BaseCameraAdapter.cpp:167 setErrorHandler - EXIT
01-01 00:01:22.919 179 179 D CameraHal: (a7bb54a8) + hardware/ti/dra7xx/camera/AppCallbackNotifier.cpp:1627 start - ENTER
01-01 00:01:22.919 179 179 D CameraHal: (a7bb54a8) hardware/ti/dra7xx/camera/AppCallbackNotifier.cpp:1656 start - --> AppCallbackNotifier NOTIFIER_STARTED
01-01 00:01:22.919 179 179 D CameraHal: (a7bb54a8) - hardware/ti/dra7xx/camera/AppCallbackNotifier.cpp:1658 start - EXIT
01-01 00:01:22.919 179 179 D CameraHal: (a7bb54a8) hardware/ti/dra7xx/camera/CameraHal.cpp:4215 initialize - Started AppCallbackNotifier..
01-01 00:01:22.919 179 179 D CameraHal: (a7bb54a8) + hardware/ti/dra7xx/camera/AppCallbackNotifier.cpp:100 setMeasurements - ENTER
01-01 00:01:22.919 179 179 D CameraHal: (a7bb54a8) - hardware/ti/dra7xx/camera/AppCallbackNotifier.cpp:109 setMeasurements - EXIT
01-01 00:01:22.919 179 179 D CameraHal: (a7bb54a8) + hardware/ti/dra7xx/camera/CameraHal.cpp:4509 initDefaultParameters - ENTER
01-01 00:01:22.919 179 179 D CameraHal: (a7bb54a8) + hardware/ti/dra7xx/camera/CameraHal.cpp:4438 insertSupportedParams - ENTER
01-01 00:01:22.919 179 179 D CameraHal: (a7bb54a8) - hardware/ti/dra7xx/camera/CameraHal.cpp:4494 insertSupportedParams - EXIT
01-01 00:01:22.919 179 179 D CameraHal: (a7bb54a8) + hardware/ti/dra7xx/camera/CameraHal.cpp:4388 parseResolution - ENTER
01-01 00:01:22.919 179 179 D CameraHal: (a7bb54a8) - hardware/ti/dra7xx/camera/CameraHal.cpp:4431 parseResolution - EXIT
01-01 00:01:22.919 179 179 D CameraHal: (a7bb54a8) + hardware/ti/dra7xx/camera/CameraHal.cpp:4388 parseResolution - ENTER
01-01 00:01:22.919 179 179 D CameraHal: (a7bb54a8) - hardware/ti/dra7xx/camera/CameraHal.cpp:4431 parseResolution - EXIT
01-01 00:01:22.919 179 179 D CameraHal: (a7bb54a8) + hardware/ti/dra7xx/camera/CameraHal.cpp:4388 parseResolution - ENTER
01-01 00:01:22.919 179 179 D CameraHal: (a7bb54a8) - hardware/ti/dra7xx/camera/CameraHal.cpp:4431 parseResolution - EXIT
01-01 00:01:22.919 179 179 D CameraHal: (a7bb54a8) - hardware/ti/dra7xx/camera/CameraHal.cpp:4612 initDefaultParameters - EXIT
01-01 00:01:22.920 179 179 D CameraHal: (a7bb54a8) + hardware/ti/dra7xx/camera/CameraHal.cpp:389 setParameters - ENTER
01-01 00:01:22.920 179 179 D CameraHal: (a7bb54a8) + hardware/ti/dra7xx/camera/CameraHal.cpp:2579 previewEnabled - ENTER
01-01 00:01:22.920 179 179 D CameraHal: (a7bb54a8) - hardware/ti/dra7xx/camera/CameraHal.cpp:2579 previewEnabled - EXIT
01-01 00:01:22.920 179 179 D CameraHal: (a7bb54a8) + hardware/ti/dra7xx/camera/CameraHal.cpp:4313 isParameterValid - ENTER
01-01 00:01:22.920 179 179 D CameraHal: (a7bb54a8) - hardware/ti/dra7xx/camera/CameraHal.cpp:4337 isParameterValid - EXIT
01-01 00:01:22.920 179 179 D CameraHal: (a7bb54a8) hardware/ti/dra7xx/camera/CameraHal.cpp:416 setParameters - PreviewFormat set yuv420sp
01-01 00:01:22.920 179 179 D CameraHal: (a7bb54a8) hardware/ti/dra7xx/camera/CameraHal.cpp:577 setParameters - Recording Hint is set to NULL
01-01 00:01:22.920 179 179 D CameraHal: (a7bb54a8) + hardware/ti/dra7xx/camera/CameraHal.cpp:2803 resetVideoModeParameters - ENTER
01-01 00:01:22.920 179 179 D CameraHal: (a7bb54a8) - hardware/ti/dra7xx/camera/CameraHal.cpp:2818 resetVideoModeParameters - EXIT
01-01 00:01:22.920 179 179 D CameraHal: (a7bb54a8) + hardware/ti/dra7xx/camera/CameraHal.cpp:4248 isResolutionValid - ENTER
01-01 00:01:22.920 179 179 D CameraHal: (a7bb54a8) + hardware/ti/dra7xx/camera/CameraHal.cpp:4313 isParameterValid - ENTER
01-01 00:01:22.920 179 179 D CameraHal: (a7bb54a8) - hardware/ti/dra7xx/camera/CameraHal.cpp:4337 isParameterValid - EXIT
01-01 00:01:22.920 179 179 D CameraHal: (a7bb54a8) - hardware/ti/dra7xx/camera/CameraHal.cpp:4264 isResolutionValid - EXIT
01-01 00:01:22.920 179 179 D CameraHal: (a7bb54a8) hardware/ti/dra7xx/camera/CameraHal.cpp:598 setParameters - Preview Resolution: 1280 x 720
01-01 00:01:22.920 179 179 D CameraHal: (a7bb54a8) + hardware/ti/dra7xx/camera/CameraHal.cpp:4313 isParameterValid - ENTER
01-01 00:01:22.920 179 179 D CameraHal: (a7bb54a8) - hardware/ti/dra7xx/camera/CameraHal.cpp:4337 isParameterValid - EXIT
01-01 00:01:22.920 179 179 D CameraHal: (a7bb54a8) hardware/ti/dra7xx/camera/CameraHal.cpp:602 setParameters - Focus mode set fixed
01-01 00:01:22.920 179 179 D CameraHal: (a7bb54a8) + hardware/ti/dra7xx/camera/CameraHal.cpp:4248 isResolutionValid - ENTER
01-01 00:01:22.920 179 179 D CameraHal: (a7bb54a8) + hardware/ti/dra7xx/camera/CameraHal.cpp:4313 isParameterValid - ENTER
01-01 00:01:22.920 179 179 D CameraHal: (a7bb54a8) - hardware/ti/dra7xx/camera/CameraHal.cpp:4337 isParameterValid - EXIT
01-01 00:01:22.920 179 179 D CameraHal: (a7bb54a8) - hardware/ti/dra7xx/camera/CameraHal.cpp:4264 isResolutionValid - EXIT
01-01 00:01:22.920 179 179 D CameraHal: (a7bb54a8) hardware/ti/dra7xx/camera/CameraHal.cpp:646 setParameters - Picture Size by App 1280 x 720
01-01 00:01:22.920 179 179 D CameraHal: (a7bb54a8) + hardware/ti/dra7xx/camera/CameraHal.cpp:4313 isParameterValid - ENTER
01-01 00:01:22.920 179 179 D CameraHal: (a7bb54a8) - hardware/ti/dra7xx/camera/CameraHal.cpp:4337 isParameterValid - EXIT
01-01 00:01:22.920 179 179 D CameraHal: (a7bb54a8) hardware/ti/dra7xx/camera/CameraHal.cpp:1005 setParameters - Jpeg quality set 90
01-01 00:01:22.920 179 179 D CameraHal: (a7bb54a8) hardware/ti/dra7xx/camera/CameraHal.cpp:1011 setParameters - Thumbnail width set 320
01-01 00:01:22.920 179 179 D CameraHal: (a7bb54a8) hardware/ti/dra7xx/camera/CameraHal.cpp:1017 setParameters - Thumbnail width set 240
01-01 00:01:22.920 179 179 D CameraHal: (a7bb54a8) hardware/ti/dra7xx/camera/CameraHal.cpp:1023 setParameters - Thumbnail quality set 50
01-01 00:01:22.920 179 179 D CameraHal: (a7bb54a8) hardware/ti/dra7xx/camera/CameraHal.cpp:1130 setParameters - Zoom set 1
01-01 00:01:22.921 179 179 D CameraHal: (a7bb54a8) hardware/ti/dra7xx/camera/CameraHal.cpp:1177 setParameters - External Gamma set false
01-01 00:01:22.921 179 179 D CameraHal: (a7bb54a8) hardware/ti/dra7xx/camera/CameraHal.cpp:1183 setParameters - NSF1 set true
01-01 00:01:22.921 179 179 D CameraHal: (a7bb54a8) hardware/ti/dra7xx/camera/CameraHal.cpp:1189 setParameters - NSF2 set true
01-01 00:01:22.921 179 179 D CameraHal: (a7bb54a8) hardware/ti/dra7xx/camera/CameraHal.cpp:1195 setParameters - Sharpening set true
01-01 00:01:22.921 179 179 D CameraHal: (a7bb54a8) hardware/ti/dra7xx/camera/CameraHal.cpp:1201 setParameters - Color Conversion set true
01-01 00:01:22.921 179 179 D CameraHal: (a7bb54a8) hardware/ti/dra7xx/camera/CameraHal.cpp:1207 setParameters - Green Inballance Correction set true
01-01 00:01:22.921 179 179 D CameraHal: (a7bb54a8) + hardware/ti/dra7xx/camera/V4LCameraAdapter/V4LCameraAdapter.cpp:450 setParameters - ENTER
01-01 00:01:22.921 179 179 D CameraHal: (a7bb54a8) hardware/ti/dra7xx/camera/V4LCameraAdapter/V4LCameraAdapter.cpp:456 setParameters - Width * Height 1280 x 720 format 0x56595559
01-01 00:01:22.921 179 179 D CameraHal: (a7bb54a8) + hardware/ti/dra7xx/camera/V4LCameraAdapter/V4LCameraAdapter.cpp:216 v4lSetFormat - ENTER
01-01 00:01:22.921 179 179 D CameraHal: (a7bb54a8) hardware/ti/dra7xx/camera/V4LCameraAdapter/V4LCameraAdapter.cpp:218 v4lSetFormat - Width * Height 1280 x 720 format 0x56595559
01-01 00:01:23.093 179 179 D CameraHal: (a7bb54a8) hardware/ti/dra7xx/camera/V4LCameraAdapter/V4LCameraAdapter.cpp:244 v4lSetFormat - VIDIOC_G_FMT : WxH = 1280x720
01-01 00:01:23.093 179 179 D CameraHal: (a7bb54a8) hardware/ti/dra7xx/camera/V4LCameraAdapter/V4LCameraAdapter.cpp:245 v4lSetFormat - ### Using: WxH = 1280x720 pixelformat=0x56595559
01-01 00:01:23.093 179 179 D CameraHal: (a7bb54a8) hardware/ti/dra7xx/camera/V4LCameraAdapter/V4LCameraAdapter.cpp:246 v4lSetFormat - ### Using: bytesperline=2560 sizeimage=1843200 colorspace=0x1
01-01 00:01:23.093 179 179 D CameraHal: (a7bb54a8) - hardware/ti/dra7xx/camera/V4LCameraAdapter/V4LCameraAdapter.cpp:247 v4lSetFormat - EXIT
01-01 00:01:23.093 179 179 D CameraHal: (a7bb54a8) hardware/ti/dra7xx/camera/V4LCameraAdapter/V4LCameraAdapter.cpp:465 setParameters - Current fps is 0 new fps is (30000,30000)
01-01 00:01:23.093 179 179 D CameraHal: (a7bb54a8) - hardware/ti/dra7xx/camera/V4LCameraAdapter/V4LCameraAdapter.cpp:476 setParameters - EXIT
01-01 00:01:23.093 179 179 D CameraHal: (a7bb54a8) - hardware/ti/dra7xx/camera/CameraHal.cpp:1350 setParameters - EXIT
01-01 00:01:23.093 179 179 D CameraHal: (a7bb54a8) - hardware/ti/dra7xx/camera/CameraHal.cpp:4227 initialize - EXIT
01-01 00:01:23.093 179 179 D CameraHal: (a7bb54a8) + hardware/ti/dra7xx/camera/CameraHal_Module.cpp:171 camera_set_callbacks - ENTER
01-01 00:01:23.093 179 179 D CameraHal: (a7bb54a8) + hardware/ti/dra7xx/camera/CameraHal.cpp:231 setCallbacks - ENTER
01-01 00:01:23.093 218 274 I CameraHardwareInterface: Destroying camera 0
01-01 00:01:23.093 179 179 D CameraHal: (a7bb54a8) + hardware/ti/dra7xx/camera/AppCallbackNotifier.cpp:84 setCallbacks - ENTER
01-01 00:01:23.093 179 179 D CameraHal: (a7bb54a8) - hardware/ti/dra7xx/camera/AppCallbackNotifier.cpp:93 setCallbacks - EXIT
01-01 00:01:23.093 179 179 D CameraHal: (a7bb54a8) - hardware/ti/dra7xx/camera/CameraHal.cpp:247 setCallbacks - EXIT
01-01 00:01:23.093 179 179 D CameraHal: (a7bb54a8) - hardware/ti/dra7xx/camera/CameraHal_Module.cpp:171 camera_set_callbacks - EXIT
01-01 00:01:23.093 179 179 D CameraHal: (a7bb54a8) + hardware/ti/dra7xx/camera/CameraHal_Module.cpp:185 camera_enable_msg_type - ENTER
01-01 00:01:23.093 179 179 D CameraHal: (a7bb54a8) + hardware/ti/dra7xx/camera/CameraHal.cpp:259 enableMsgType - ENTER
01-01 00:01:23.093 179 179 D CameraHal: (a7bb54a8) hardware/ti/dra7xx/camera/CameraHal.cpp:291 enableMsgType - Preview callback not enabled 409
01-01 00:01:23.093 179 179 D CameraHal: (a7bb54a8) - hardware/ti/dra7xx/camera/CameraHal.cpp:298 enableMsgType - EXIT
01-01 00:01:23.093 179 179 D CameraHal: (a7bb54a8) - hardware/ti/dra7xx/camera/CameraHal_Module.cpp:185 camera_enable_msg_type - EXIT
01-01 00:01:23.094 179 179 D CameraHal: (a7bb54a8) + hardware/ti/dra7xx/camera/CameraHal_Module.cpp:485 camera_get_parameters - ENTER
01-01 00:01:23.094 179 179 D CameraHal: (a7bb54a8) + hardware/ti/dra7xx/camera/CameraHal.cpp:3616 getParameters - ENTER
01-01 00:01:23.094 179 179 D CameraHal: (a7bb54a8) + hardware/ti/dra7xx/camera/V4LCameraAdapter/V4LCameraAdapter.cpp:483 getParameters - ENTER
01-01 00:01:23.094 179 179 D CameraHal: (a7bb54a8) - hardware/ti/dra7xx/camera/V4LCameraAdapter/V4LCameraAdapter.cpp:489 getParameters - EXIT
01-01 00:01:23.094 179 179 D CameraHal: (a7bb54a8) - hardware/ti/dra7xx/camera/CameraHal.cpp:3668 getParameters - EXIT
01-01 00:01:23.094 179 179 D CameraHal: (a7bb54a8) - hardware/ti/dra7xx/camera/CameraHal_Module.cpp:485 camera_get_parameters - EXIT
01-01 00:01:23.094 179 179 D CameraHal: (a7bb54a8) + hardware/ti/dra7xx/camera/CameraHal_Module.cpp:502 camera_put_parameters - ENTER
01-01 00:01:23.094 179 179 D CameraHal: (a7bb54a8) - hardware/ti/dra7xx/camera/CameraHal_Module.cpp:502 camera_put_parameters - EXIT
01-01 00:01:23.099 179 179 D CameraHal: (a7bb54a8) + hardware/ti/dra7xx/camera/CameraHal_Module.cpp:199 camera_disable_msg_type - ENTER
01-01 00:01:23.099 179 179 D CameraHal: (a7bb54a8) + hardware/ti/dra7xx/camera/CameraHal.cpp:310 disableMsgType - ENTER
01-01 00:01:23.100 179 179 D CameraHal: (a7bb54a8) hardware/ti/dra7xx/camera/CameraHal.cpp:319 disableMsgType - Disabling Preview Callback
01-01 00:01:23.100 179 179 D CameraHal: (a7bb54a8) + hardware/ti/dra7xx/camera/CameraHalUtilClasses.cpp:49 disableFrameNotification - ENTER
01-01 00:01:23.100 179 179 D CameraHal: (a7bb54a8) + hardware/ti/dra7xx/camera/BaseCameraAdapter.cpp:236 disableMsgType - ENTER
01-01 00:01:23.100 179 179 V CameraHal: (a7bb54a8) hardware/ti/dra7xx/camera/BaseCameraAdapter.cpp:243 disableMsgType - Frame message type id=0x1 remove subscription request
01-01 00:01:23.100 179 179 D CameraHal: (a7bb54a8) - hardware/ti/dra7xx/camera/BaseCameraAdapter.cpp:299 disableMsgType - EXIT
01-01 00:01:23.100 179 179 D CameraHal: (a7bb54a8) - hardware/ti/dra7xx/camera/CameraHalUtilClasses.cpp:56 disableFrameNotification - EXIT
01-01 00:01:23.100 179 179 D CameraHal: (a7bb54a8) + hardware/ti/dra7xx/camera/CameraHalUtilClasses.cpp:49 disableFrameNotification - ENTER
01-01 00:01:23.100 179 179 D CameraHal: (a7bb54a8) + hardware/ti/dra7xx/camera/BaseCameraAdapter.cpp:236 disableMsgType - ENTER
01-01 00:01:23.100 179 179 V CameraHal: (a7bb54a8) hardware/ti/dra7xx/camera/BaseCameraAdapter.cpp:243 disableMsgType - Frame message type id=0x200 remove subscription request
01-01 00:01:23.100 179 179 D CameraHal: (a7bb54a8) - hardware/ti/dra7xx/camera/BaseCameraAdapter.cpp:299 disableMsgType - EXIT
01-01 00:01:23.100 179 179 D CameraHal: (a7bb54a8) - hardware/ti/dra7xx/camera/CameraHalUtilClasses.cpp:56 disableFrameNotification - EXIT
01-01 00:01:23.100 179 179 D CameraHal: (a7bb54a8) + hardware/ti/dra7xx/camera/CameraHalUtilClasses.cpp:49 disableFrameNotification - ENTER
01-01 00:01:23.100 179 179 D CameraHal: (a7bb54a8) + hardware/ti/dra7xx/camera/BaseCameraAdapter.cpp:236 disableMsgType - ENTER
01-01 00:01:23.100 179 179 V CameraHal: (a7bb54a8) hardware/ti/dra7xx/camera/BaseCameraAdapter.cpp:243 disableMsgType - Frame message type id=0x100 remove subscription request
01-01 00:01:23.100 179 179 D CameraHal: (a7bb54a8) - hardware/ti/dra7xx/camera/BaseCameraAdapter.cpp:299 disableMsgType - EXIT
01-01 00:01:23.100 179 179 D CameraHal: (a7bb54a8) - hardware/ti/dra7xx/camera/CameraHalUtilClasses.cpp:56 disableFrameNotification - EXIT
01-01 00:01:23.100 179 179 D CameraHal: (a7bb54a8) - hardware/ti/dra7xx/camera/CameraHal.cpp:325 disableMsgType - EXIT
01-01 00:01:23.100 179 179 D CameraHal: (a7bb54a8) - hardware/ti/dra7xx/camera/CameraHal_Module.cpp:199 camera_disable_msg_type - EXIT
01-01 00:01:23.100 179 179 D CameraHal: (a7bb54a8) + hardware/ti/dra7xx/camera/CameraHal_Module.cpp:244 camera_stop_preview - ENTER
01-01 00:01:23.100 179 179 D CameraHal: (a7bb54a8) + hardware/ti/dra7xx/camera/CameraHal.cpp:2539 stopPreview - ENTER
01-01 00:01:23.100 179 179 D CameraHal: (a7bb54a8) + hardware/ti/dra7xx/camera/CameraHal.cpp:2579 previewEnabled - ENTER
01-01 00:01:23.101 179 179 D CameraHal: (a7bb54a8) - hardware/ti/dra7xx/camera/CameraHal.cpp:2579 previewEnabled - EXIT
01-01 00:01:23.101 179 179 D CameraHal: (a7bb54a8) - hardware/ti/dra7xx/camera/CameraHal.cpp:2543 stopPreview - EXIT
01-01 00:01:23.101 179 179 D CameraHal: (a7bb54a8) - hardware/ti/dra7xx/camera/CameraHal_Module.cpp:244 camera_stop_preview - EXIT
01-01 00:01:23.101 593 593 I ImsResolver: Initializing cache and binding.
01-01 00:01:23.102 179 179 D CameraHal: (a7bb54a8) + hardware/ti/dra7xx/camera/CameraHal_Module.cpp:419 camera_cancel_picture - ENTER
01-01 00:01:23.103 179 179 D CameraHal: (a7bb54a8) + hardware/ti/dra7xx/camera/CameraHal.cpp:3596 cancelPicture - ENTER
01-01 00:01:23.103 179 179 D CameraHal: (a7bb54a8) + hardware/ti/dra7xx/camera/CameraHal.cpp:1658 signalEndImageCapture - ENTER
01-01 00:01:23.103 179 179 D CameraHal: (a7bb54a8) + hardware/ti/dra7xx/camera/BaseCameraAdapter.cpp:410 sendCommand - ENTER
01-01 00:01:23.103 179 179 D CameraHal: (a7bb54a8) + hardware/ti/dra7xx/camera/BaseCameraAdapter.cpp:1903 setState - ENTER
01-01 00:01:23.103 179 179 D CameraHal: (a7bb54a8) - hardware/ti/dra7xx/camera/BaseCameraAdapter.cpp:2485 setState - EXIT
01-01 00:01:23.103 179 179 D CameraHal: (a7bb54a8) + hardware/ti/dra7xx/camera/BaseCameraAdapter.cpp:2595 rollbackState - ENTER
01-01 00:01:23.103 179 179 D CameraHal: (a7bb54a8) - hardware/ti/dra7xx/camera/BaseCameraAdapter.cpp:2601 rollbackState - EXIT
01-01 00:01:23.103 179 179 D CameraHal: (a7bb54a8) - hardware/ti/dra7xx/camera/BaseCameraAdapter.cpp:1124 sendCommand - EXIT
01-01 00:01:23.103 179 179 D CameraHal: (a7bb54a8) - hardware/ti/dra7xx/camera/CameraHal.cpp:1674 signalEndImageCapture - EXIT
01-01 00:01:23.103 179 179 D CameraHal: (a7bb54a8) - hardware/ti/dra7xx/camera/CameraHal.cpp:3596 cancelPicture - EXIT
01-01 00:01:23.103 179 179 D CameraHal: (a7bb54a8) - hardware/ti/dra7xx/camera/CameraHal_Module.cpp:419 camera_cancel_picture - EXIT
01-01 00:01:23.105 179 179 I CamDev@1.0-impl: Closing camera 0
01-01 00:01:23.105 179 179 D CameraHal: (a7bb54a8) + hardware/ti/dra7xx/camera/CameraHal_Module.cpp:580 camera_device_close - ENTER
01-01 00:01:23.105 179 179 D CameraHal: (a7bb54a8) + hardware/ti/dra7xx/camera/CameraHal.cpp:4058 ~CameraHal - ENTER
01-01 00:01:23.105 179 179 D CameraHal: (a7bb54a8) + hardware/ti/dra7xx/camera/CameraHal.cpp:4678 deinitialize - ENTER
01-01 00:01:23.105 179 179 D CameraHal: (a7bb54a8) - hardware/ti/dra7xx/camera/CameraHal.cpp:4691 deinitialize - EXIT
01-01 00:01:23.105 179 179 D CameraHal: (a7bb54a8) + hardware/ti/dra7xx/camera/AppCallbackNotifier.cpp:1172 ~AppCallbackNotifier - ENTER
01-01 00:01:23.105 179 179 D CameraHal: (a7bb54a8) + hardware/ti/dra7xx/camera/AppCallbackNotifier.cpp:1666 stop - ENTER
01-01 00:01:23.105 179 179 D CameraHal: (a7bb54a8) hardware/ti/dra7xx/camera/AppCallbackNotifier.cpp:1678 stop - --> AppCallbackNotifier NOTIFIER_STOPPED
01-01 00:01:23.105 179 179 D CameraHal: (a7bb54a8) - hardware/ti/dra7xx/camera/AppCallbackNotifier.cpp:1681 stop - EXIT
01-01 00:01:23.105 179 179 D CameraHal: (a7bb54a8) + hardware/ti/dra7xx/camera/CameraHalUtilClasses.cpp:49 disableFrameNotification - ENTER
01-01 00:01:23.105 179 179 D CameraHal: (a7bb54a8) + hardware/ti/dra7xx/camera/BaseCameraAdapter.cpp:236 disableMsgType - ENTER
01-01 00:01:23.105 179 179 V CameraHal: (a7bb54a8) hardware/ti/dra7xx/camera/BaseCameraAdapter.cpp:243 disableMsgType - Frame message type id=0xffff remove subscription request
01-01 00:01:23.105 179 179 D CameraHal: (a7bb54a8) - hardware/ti/dra7xx/camera/BaseCameraAdapter.cpp:299 disableMsgType - EXIT
01-01 00:01:23.105 179 179 D CameraHal: (a7bb54a8) - hardware/ti/dra7xx/camera/CameraHalUtilClasses.cpp:56 disableFrameNotification - EXIT
01-01 00:01:23.105 179 179 D CameraHal: (a7bb54a8) + hardware/ti/dra7xx/camera/CameraHalUtilClasses.cpp:103 disableEventNotification - ENTER
01-01 00:01:23.105 179 179 D CameraHal: (a7bb54a8) + hardware/ti/dra7xx/camera/BaseCameraAdapter.cpp:236 disableMsgType - ENTER
01-01 00:01:23.105 179 179 V CameraHal: (a7bb54a8) hardware/ti/dra7xx/camera/BaseCameraAdapter.cpp:284 disableMsgType - Event message type id=0xffff remove subscription request
01-01 00:01:23.105 179 179 D CameraHal: (a7bb54a8) - hardware/ti/dra7xx/camera/BaseCameraAdapter.cpp:299 disableMsgType - EXIT
01-01 00:01:23.105 179 179 D CameraHal: (a7bb54a8) - hardware/ti/dra7xx/camera/CameraHalUtilClasses.cpp:110 disableEventNotification - EXIT
01-01 00:01:23.105 179 799 D CameraHal: (a6085970) hardware/ti/dra7xx/camera/AppCallbackNotifier.cpp:152 notificationThread - Notification Thread received message
01-01 00:01:23.105 179 799 D CameraHal: (a6085970) hardware/ti/dra7xx/camera/AppCallbackNotifier.cpp:156 notificationThread - Notification Thread received message from Camera HAL
01-01 00:01:23.105 179 799 D CameraHal: (a6085970) + hardware/ti/dra7xx/camera/AppCallbackNotifier.cpp:1140 processMessage - ENTER
01-01 00:01:23.105 179 799 D CameraHal: (a6085970) hardware/ti/dra7xx/camera/AppCallbackNotifier.cpp:1142 processMessage - +Msg get...
01-01 00:01:23.105 179 799 D CameraHal: (a6085970) hardware/ti/dra7xx/camera/AppCallbackNotifier.cpp:1144 processMessage - -Msg get...
01-01 00:01:23.105 179 799 D CameraHal: (a6085970) hardware/ti/dra7xx/camera/AppCallbackNotifier.cpp:1151 processMessage - Received NOTIFIER_EXIT command from Camera HAL
01-01 00:01:23.105 179 799 D CameraHal: (a6085970) - hardware/ti/dra7xx/camera/AppCallbackNotifier.cpp:1163 processMessage - EXIT
01-01 00:01:23.105 179 799 D CameraHal: (a6085970) hardware/ti/dra7xx/camera/AppCallbackNotifier.cpp:159 notificationThread - Notification Thread exiting.
01-01 00:01:23.105 179 179 D CameraHal: (a7bb54a8) hardware/ti/dra7xx/camera/AppCallbackNotifier.cpp:1207 ~AppCallbackNotifier - Stopping Event Provider
01-01 00:01:23.105 179 179 D CameraHal: (a7bb54a8) hardware/ti/dra7xx/camera/AppCallbackNotifier.cpp:1215 ~AppCallbackNotifier - Stopping Frame Provider
01-01 00:01:23.105 179 179 D CameraHal: (a7bb54a8) + hardware/ti/dra7xx/camera/AppCallbackNotifier.cpp:1228 releaseSharedVideoBuffers - ENTER
01-01 00:01:23.105 179 179 D CameraHal: (a7bb54a8) - hardware/ti/dra7xx/camera/AppCallbackNotifier.cpp:1251 releaseSharedVideoBuffers - EXIT
01-01 00:01:23.105 179 179 D CameraHal: (a7bb54a8) - hardware/ti/dra7xx/camera/AppCallbackNotifier.cpp:1222 ~AppCallbackNotifier - EXIT
01-01 00:01:23.106 179 179 D CameraHal: (a7bb54a8) + hardware/ti/dra7xx/camera/V4LCameraAdapter/V4LCameraAdapter.cpp:917 ~V4LCameraAdapter - ENTER
01-01 00:01:23.106 179 179 D CameraHal: (a7bb54a8) - hardware/ti/dra7xx/camera/V4LCameraAdapter/V4LCameraAdapter.cpp:937 ~V4LCameraAdapter - EXIT
01-01 00:01:23.106 179 179 D CameraHal: (a7bb54a8) + hardware/ti/dra7xx/camera/BaseCameraAdapter.cpp:104 ~BaseCameraAdapter - ENTER
01-01 00:01:23.106 179 179 D CameraHal: (a7bb54a8) - hardware/ti/dra7xx/camera/BaseCameraAdapter.cpp:119 ~BaseCameraAdapter - EXIT
01-01 00:01:23.106 179 179 D CameraHal: (a7bb54a8) + hardware/ti/dra7xx/camera/CameraHal.cpp:1683 freeImageBufs - ENTER
01-01 00:01:23.106 179 179 D CameraHal: (a7bb54a8) - hardware/ti/dra7xx/camera/CameraHal.cpp:1683 freeImageBufs - EXIT
01-01 00:01:23.106 179 179 D CameraHal: (a7bb54a8) + hardware/ti/dra7xx/camera/CameraHal.cpp:1729 freeRawBufs - ENTER
01-01 00:01:23.106 179 179 D CameraHal: (a7bb54a8) - hardware/ti/dra7xx/camera/CameraHal.cpp:1741 freeRawBufs - EXIT
01-01 00:01:23.106 179 179 D CameraHal: (a7bb54a8) - hardware/ti/dra7xx/camera/CameraHal.cpp:4090 ~CameraHal - EXIT
01-01 00:01:23.106 179 179 D CameraHal: (a7bb54a8) - hardware/ti/dra7xx/camera/CameraHal_Module.cpp:580 camera_device_close - EXIT
01-01 00:01:23.107 218 302 I CameraService: disconnect: Disconnected client for camera 0 for PID 218
01-01 00:01:23.107 226 284 D NuPlayerDriver: reset(0xa65b00e0) at state 4
01-01 00:01:23.108 226 284 D NuPlayerDriver: notifyListener_l(0xa65b00e0), (8, 0, 0, -1), loop setting(0, 0)
01-01 00:01:23.108 226 791 D NuPlayerDriver: notifyResetComplete(0xa65b00e0)
01-01 00:01:23.109 226 226 D NuPlayerDriver: reset(0xa65b01c0) at state 4
01-01 00:01:23.109 226 226 D NuPlayerDriver: notifyListener_l(0xa65b01c0), (8, 0, 0, -1), loop setting(0, 0)
01-01 00:01:23.109 226 795 D NuPlayerDriver: notifyResetComplete(0xa65b01c0)
01-01 00:01:23.111 226 694 D NuPlayerDriver: reset(0xa65b0000) at state 4
01-01 00:01:23.111 226 694 D NuPlayerDriver: notifyListener_l(0xa65b0000), (8, 0, 0, -1), loop setting(0, 0)
01-01 00:01:23.111 226 797 D NuPlayerDriver: notifyResetComplete(0xa65b0000)
01-01 00:01:23.118 179 179 D CameraHal: (a7bb54a8) + hardware/ti/dra7xx/camera/CameraProperties.cpp:67 initialize - ENTER
01-01 00:01:23.118 179 179 D CameraHal: (a7bb54a8) - hardware/ti/dra7xx/camera/CameraProperties.cpp:67 initialize - EXIT
01-01 00:01:23.118 179 179 D CameraHal: (a7bb54a8) + hardware/ti/dra7xx/camera/CameraParameters.cpp:152 getProperties - ENTER
01-01 00:01:23.118 179 179 D CameraHal: (a7bb54a8) - hardware/ti/dra7xx/camera/CameraParameters.cpp:163 getProperties - EXIT
01-01 00:01:23.122 483 483 E Camera : str: 30000,30000
01-01 00:01:23.124 483 483 W LegacyMetadataMapper: No AWB modes supported (HAL bug); defaulting to AWB_MODE_AUTO only
01-01 00:01:23.218 319 332 W WallpaperManagerService: no current wallpaper -- first boot?
01-01 00:01:23.284 483 483 E BluetoothAdapter: Bluetooth binder is null
01-01 00:01:23.312 483 780 D OpenGLRenderer: profile bars disabled
01-01 00:01:23.312 483 780 D OpenGLRenderer: ambientRatio = 1.50
01-01 00:01:23.317 593 593 D PhoneSwitcherNetworkRequstListener: Registering NetworkFactory
01-01 00:01:23.318 319 437 D ConnectivityService: Got NetworkFactory Messenger for PhoneSwitcherNetworkRequstListener
01-01 00:01:23.322 483 483 D StatusBar: disable
01-01 00:01:23.336 319 437 D ConnectivityService: Got NetworkFactory Messenger for TelephonyNetworkFactory[0]
01-01 00:01:23.356 593 818 E ActivityThread: Failed to find provider info for com.android.contacts
01-01 00:01:23.356 593 818 W CallerInfoCache: cursor is null
01-01 00:01:23.361 593 593 D CarrierConfigLoader: CarrierConfigLoader has started
01-01 00:01:23.362 593 593 E BluetoothAdapter: Bluetooth binder is null
