01-01 00:00:29.200 319 319 I PackageManager: /system/app/Email changed; collecting certs
01-01 00:00:29.351 319 319 I PackageManager: /system/app/DeskClock changed; collecting certs
01-01 00:00:29.441 319 319 I PackageManager: /system/app/KeyChain changed; collecting certs
01-01 00:00:29.450 319 319 E PackageManager: Adding duplicate shared id: 1000 name=com.android.keychain
01-01 00:00:29.453 319 319 I PackageManager: /system/app/Gallery2 changed; collecting certs
01-01 00:00:29.643 319 319 I PackageManager: /system/app/LiveWallpapersPicker changed; collecting certs
01-01 00:00:29.667 319 319 I PackageManager: /system/app/LatinIME changed; collecting certs
01-01 00:00:30.204 319 319 W PackageManager: Failed to scan /system/app/LatinIME: Application package com.android.inputmethod.latin already installed. Skipping duplicate.
01-01 00:00:30.205 319 319 I PackageManager: /system/app/Music changed; collecting certs
01-01 00:00:30.242 319 319 I PackageManager: /system/app/NfcNci changed; collecting certs
01-01 00:00:30.253 319 319 E PackageManager: Adding duplicate shared id: 1027 name=com.android.nfc
01-01 00:00:30.256 319 319 I PackageManager: /system/app/OpenWnn changed; collecting certs
01-01 00:00:30.307 319 319 I PackageManager: /system/app/PacProcessor changed; collecting certs
01-01 00:00:30.312 319 319 I PackageManager: /system/app/PhotoTable changed; collecting certs
01-01 00:00:30.331 319 319 I PackageManager: /system/app/PicoTts changed; collecting certs
01-01 00:00:30.335 319 319 I PackageManager: /system/app/PrintRecommendationService changed; collecting certs
01-01 00:00:30.339 319 319 I PackageManager: /system/app/PrintSpooler changed; collecting certs
01-01 00:00:30.352 319 319 I PackageManager: /system/app/QuickSearchBox changed; collecting certs
01-01 00:00:30.366 319 319 I PackageManager: /system/app/SystemUpdater changed; collecting certs
01-01 00:00:30.371 319 319 I PackageManager: /system/app/UserDictionaryProvider changed; collecting certs
01-01 00:00:30.374 319 319 E PackageManager: Adding duplicate user id: 10000 name=com.android.providers.userdictionary
01-01 00:00:30.376 319 319 I PackageManager: /system/app/WAPPushManager changed; collecting certs
01-01 00:00:30.380 319 319 I PackageManager: /system/app/WallpaperBackup changed; collecting certs
01-01 00:00:30.383 319 319 E PackageManager: Adding duplicate shared id: 1000 name=com.android.wallpaperbackup
01-01 00:00:30.384 319 319 I PackageManager: /system/app/WallpaperPicker changed; collecting certs
01-01 00:00:30.391 319 319 I PackageManager: /system/app/webview changed; collecting certs
01-01 00:00:32.987 319 319 D PackageManager: No files in app dir /vendor/app
01-01 00:00:32.987 319 319 D PackageManager: No files in app dir /oem/app
01-01 00:00:32.988 319 319 D PackageManager: No files in app dir /data/app
01-01 00:00:32.988 319 319 D PackageManager: No files in app dir /data/app-private
01-01 00:00:33.003 319 319 I PackageManager: Time to scan packages: 10.663 seconds
01-01 00:00:33.012 319 319 V PackageManager: reconcileAppsData for null u0 0x3 migrateAppData=true
01-01 00:00:33.017 220 257 I SELinux : SELinux: Loaded file_contexts
01-01 00:00:33.025 220 257 W installd: Requested default storage /data/user_de/0/com.android.providers.telephony is not active; migrating from /data/data/com.android.providers.telephony
01-01 00:00:33.046 220 364 W installd: Requested default storage /data/user_de/0/com.android.defcontainer is not active; migrating from /data/data/com.android.defcontainer
01-01 00:00:33.057 220 364 W installd: Requested default storage /data/user_de/0/android is not active; migrating from /data/data/android
01-01 00:00:33.075 220 364 W installd: Requested default storage /data/user_de/0/com.android.providers.settings is not active; migrating from /data/data/com.android.providers.settings
01-01 00:00:33.085 220 364 W installd: Requested default storage /data/user_de/0/com.android.inputdevices is not active; migrating from /data/data/com.android.inputdevices
01-01 00:00:33.096 220 364 W installd: Requested default storage /data/user_de/0/android.ext.shared is not active; migrating from /data/data/android.ext.shared
01-01 00:00:33.106 220 364 W installd: Requested default storage /data/user_de/0/com.android.server.telecom is not active; migrating from /data/data/com.android.server.telecom
01-01 00:00:33.116 220 257 W installd: Requested default storage /data/user_de/0/android.ext.services is not active; migrating from /data/data/android.ext.services
01-01 00:00:33.128 220 364 W installd: Requested default storage /data/user_de/0/com.android.packageinstaller is not active; migrating from /data/data/com.android.packageinstaller
01-01 00:00:33.140 220 220 W installd: Requested default storage /data/user_de/0/com.android.proxyhandler is not active; migrating from /data/data/com.android.proxyhandler
01-01 00:00:33.159 220 257 W installd: Requested default storage /data/user_de/0/com.android.settings is not active; migrating from /data/data/com.android.settings
01-01 00:00:33.170 220 257 W installd: Requested default storage /data/user_de/0/com.android.phone is not active; migrating from /data/data/com.android.phone
01-01 00:00:33.179 220 257 W installd: Requested default storage /data/user_de/0/com.android.shell is not active; migrating from /data/data/com.android.shell
01-01 00:00:33.190 220 257 W installd: Requested default storage /data/user_de/0/com.android.location.fused is not active; migrating from /data/data/com.android.location.fused
01-01 00:00:33.200 220 257 W installd: Requested default storage /data/user_de/0/com.android.systemui is not active; migrating from /data/data/com.android.systemui
01-01 00:00:33.205 319 319 V PackageManager: reconcileAppsData finished 18 packages
01-01 00:00:33.208 319 365 D SystemServerInitThreadPool: Started executing prepareAppData
01-01 00:00:33.209 220 257 W installd: Ignoring /data/data/com.android.defcontainer/lib with unexpected GID 0 instead of 10011
01-01 00:00:33.211 220 257 W installd: Ignoring /data/user_de/0/com.android.defcontainer/lib with unexpected GID 0 instead of 10011
01-01 00:00:33.220 319 365 D SystemServerTimingAsync: AppDataFixup took to complete: 12ms
01-01 00:00:33.935 319 319 E PackageManager: There should probably be a verifier, but, none were found
01-01 00:00:33.937 319 319 D PackageManager: Ephemeral resolver not found with new action; try old one
01-01 00:00:33.937 319 319 D PackageManager: Ephemeral resolver NOT found; no matching intent filters
01-01 00:00:33.938 319 319 D PackageManager: Ephemeral installer not found with new action; try old one
01-01 00:00:33.938 319 319 D PackageManager: Clear ephemeral installer activity
01-01 00:00:33.946 319 365 W zygote : Long monitor contention with owner main (319) at boolean java.util.ArrayList.add(java.lang.Object)(ArrayList.java:467) waiters=0 in void com.android.server.pm.PackageManagerService.lambda$-com_android_server_pm_PackageManagerService_135613(java.util.List, int) for 721ms
01-01 00:00:34.002 319 319 I zygote : Explicit concurrent copying GC freed 12842(569KB) AllocSpace objects, 3(60KB) LOS objects, 44% free, 1932KB/3MB, paused 7.234ms total 59.744ms
01-01 00:00:34.004 319 319 D FallbackCategoryProvider: Found 1 fallback categories
01-01 00:00:34.006 319 319 D SystemServerTiming: StartPackageManagerService took to complete: 11867ms
01-01 00:00:34.006 319 319 I SystemServer: StartOtaDexOptService
01-01 00:00:34.007 319 319 D OTADexopt: No upgrade, skipping A/B artifacts check.
01-01 00:00:34.007 319 319 D SystemServerTiming: StartOtaDexOptService took to complete: 1ms
01-01 00:00:34.007 319 319 I SystemServer: StartUserManagerService
01-01 00:00:34.008 319 319 I SystemServiceManager: Starting com.android.server.pm.UserManagerService$LifeCycle
01-01 00:00:34.008 319 319 D SystemServerTiming: StartUserManagerService took to complete: 1ms
01-01 00:00:34.008 319 319 I SystemServer: InitAttributerCache
01-01 00:00:34.008 319 319 D SystemServerTiming: InitAttributerCache took to complete: 0ms
01-01 00:00:34.009 319 319 I SystemServer: SetSystemProcess
01-01 00:00:34.037 192 192 I lowmemorykiller: ActivityManager connected
01-01 00:00:34.041 319 319 D SystemServerTiming: SetSystemProcess took to complete: 32ms
01-01 00:00:34.042 319 368 I ServiceThread: Enabled StrictMode logging for android.anim looper.
01-01 00:00:34.043 319 319 I SystemServer: StartOverlayManagerService
01-01 00:00:34.048 319 319 D SystemServerTiming: StartOverlayManagerService took to complete: 5ms
01-01 00:00:34.048 319 319 I SystemServer: StartDropBoxManager
01-01 00:00:34.048 319 319 I SystemServiceManager: Starting com.android.server.DropBoxManagerService
01-01 00:00:34.050 319 369 D SystemServerInitThreadPool: Started executing Init OverlayManagerService
01-01 00:00:34.050 319 319 D SystemServerTiming: StartDropBoxManager took to complete: 2ms
01-01 00:00:34.050 319 319 I SystemServer: StartBatteryService
01-01 00:00:34.050 319 319 I SystemServiceManager: Starting com.android.server.BatteryService
01-01 00:00:34.051 319 370 D SystemServerInitThreadPool: Started executing StartSensorService
01-01 00:00:34.051 319 370 D SensorService: nuSensorService starting...
01-01 00:00:34.052 153 153 W /system/bin/hwservicemanager: getTransportFromManifest: Cannot find entry android.hardware.sensors@1.0::ISensors in either framework or device manifest, using default transport.
01-01 00:00:34.056 319 370 I SensorService: getService() unsuccessful, try again soon (remaining retry 9).
01-01 00:00:34.064 319 319 D SystemServerTiming: StartBatteryService took to complete: 14ms
01-01 00:00:34.064 319 319 I SystemServer: StartUsageService
01-01 00:00:34.077 319 319 I SystemServiceManager: Starting com.android.server.usage.UsageStatsService
01-01 00:00:34.092 319 369 D SystemServerInitThreadPool: Finished executing Init OverlayManagerService
01-01 00:00:34.145 319 319 W SystemServiceManager: Service com.android.server.usage.UsageStatsService took 61 ms in onStart
01-01 00:00:34.145 319 319 D SystemServerTiming: StartUsageService took to complete: 80ms
01-01 00:00:34.146 319 319 I SystemServer: StartWebViewUpdateService
01-01 00:00:34.156 153 153 W /system/bin/hwservicemanager: getTransportFromManifest: Cannot find entry android.hardware.sensors@1.0::ISensors in either framework or device manifest, using default transport.
01-01 00:00:34.157 319 370 I SensorService: getService() unsuccessful, try again soon (remaining retry 8).
01-01 00:00:34.157 319 319 I SystemServiceManager: Starting com.android.server.webkit.WebViewUpdateService
01-01 00:00:34.180 319 319 D SystemServerTiming: StartWebViewUpdateService took to complete: 34ms
01-01 00:00:34.181 319 319 I SystemServer: StartKeyAttestationApplicationIdProviderService
01-01 00:00:34.181 319 333 D SystemServerInitThreadPool: Started executing SecondaryZygotePreload
01-01 00:00:34.181 319 333 I SystemServer: SecondaryZygotePreload
01-01 00:00:34.193 319 319 D SystemServerTiming: StartKeyAttestationApplicationIdProviderService took to complete: 12ms
01-01 00:00:34.193 319 319 I SystemServer: StartKeyChainSystemService
01-01 00:00:34.193 319 333 I Zygote : Process: zygote socket zygote opened, supported ABIS: armeabi-v7a,armeabi
01-01 00:00:34.195 319 319 I SystemServiceManager: Starting com.android.server.security.KeyChainSystemService
01-01 00:00:34.195 319 319 D SystemServerTiming: StartKeyChainSystemService took to complete: 2ms
01-01 00:00:34.195 319 319 I SystemServer: StartSchedulingPolicyService
01-01 00:00:34.196 319 319 D SystemServerTiming: StartSchedulingPolicyService took to complete: 1ms
01-01 00:00:34.196 319 319 I SystemServer: StartTelecomLoaderService
01-01 00:00:34.197 319 319 I SystemServiceManager: Starting com.android.server.telecom.TelecomLoaderService
01-01 00:00:34.197 319 319 D SystemServerTiming: StartTelecomLoaderService took to complete: 1ms
01-01 00:00:34.197 319 319 I SystemServer: StartTelephonyRegistry
01-01 00:00:34.204 319 333 E SystemServer: Unable to preload default resources
01-01 00:00:34.204 319 333 D SystemServerTimingAsync: SecondaryZygotePreload took to complete: 23ms
01-01 00:00:34.204 319 333 D SystemServerInitThreadPool: Finished executing SecondaryZygotePreload
01-01 00:00:34.230 319 319 D SystemServerTiming: StartTelephonyRegistry took to complete: 33ms
01-01 00:00:34.230 319 319 I SystemServer: StartEntropyMixer
01-01 00:00:34.231 319 319 W EntropyMixer: No existing entropy file -- first boot?
01-01 00:00:34.232 319 319 I EntropyMixer: Writing entropy...
01-01 00:00:34.258 153 153 W /system/bin/hwservicemanager: getTransportFromManifest: Cannot find entry android.hardware.sensors@1.0::ISensors in either framework or device manifest, using default transport.
01-01 00:00:34.259 319 370 I SensorService: getService() unsuccessful, try again soon (remaining retry 7).
01-01 00:00:34.301 319 319 D SystemServerTiming: StartEntropyMixer took to complete: 71ms
01-01 00:00:34.301 319 319 I SystemServer: Camera Service Proxy
01-01 00:00:34.301 319 319 I SystemServer: StartCameraServiceProxy
01-01 00:00:34.302 319 319 I SystemServiceManager: Starting com.android.server.camera.CameraServiceProxy
01-01 00:00:34.310 319 371 I ServiceThread: Enabled StrictMode logging for CameraService_proxy looper.
01-01 00:00:34.311 319 319 D SystemServerTiming: StartCameraServiceProxy took to complete: 10ms
01-01 00:00:34.311 319 319 I SystemServer: StartAccountManagerService
01-01 00:00:34.315 319 319 I SystemServiceManager: Starting com.android.server.accounts.AccountManagerService$Lifecycle
01-01 00:00:34.342 319 319 D SystemServerTiming: StartAccountManagerService took to complete: 31ms
01-01 00:00:34.343 319 319 I SystemServer: StartContentService
01-01 00:00:34.345 319 319 I SystemServiceManager: Starting com.android.server.content.ContentService$Lifecycle
01-01 00:00:34.348 319 319 D SystemServerTiming: StartContentService took to complete: 5ms
01-01 00:00:34.348 319 319 I SystemServer: InstallSystemProviders
01-01 00:00:34.359 153 153 W /system/bin/hwservicemanager: getTransportFromManifest: Cannot find entry android.hardware.sensors@1.0::ISensors in either framework or device manifest, using default transport.
01-01 00:00:34.360 319 370 I SensorService: getService() unsuccessful, try again soon (remaining retry 6).
01-01 00:00:34.461 153 153 W /system/bin/hwservicemanager: getTransportFromManifest: Cannot find entry android.hardware.sensors@1.0::ISensors in either framework or device manifest, using default transport.
01-01 00:00:34.462 319 370 I SensorService: getService() unsuccessful, try again soon (remaining retry 5).
01-01 00:00:34.563 153 153 W /system/bin/hwservicemanager: getTransportFromManifest: Cannot find entry android.hardware.sensors@1.0::ISensors in either framework or device manifest, using default transport.
01-01 00:00:34.564 319 370 I SensorService: getService() unsuccessful, try again soon (remaining retry 4).
01-01 00:00:34.664 153 153 W /system/bin/hwservicemanager: getTransportFromManifest: Cannot find entry android.hardware.sensors@1.0::ISensors in either framework or device manifest, using default transport.
01-01 00:00:34.665 319 370 I SensorService: getService() unsuccessful, try again soon (remaining retry 3).
01-01 00:00:34.766 153 153 W /system/bin/hwservicemanager: getTransportFromManifest: Cannot find entry android.hardware.sensors@1.0::ISensors in either framework or device manifest, using default transport.
01-01 00:00:34.767 319 370 I SensorService: getService() unsuccessful, try again soon (remaining retry 2).
01-01 00:00:34.787 319 319 I SettingsState: No settings state /data/system/users/0/settings_system.xml
01-01 00:00:34.813 319 319 I SettingsState: No settings state /data/system/users/0/settings_secure.xml
01-01 00:00:34.815 319 319 D SettingsProvider: Generated and saved new ANDROID_ID [9a0e5e1d038759e0] for user 0
01-01 00:00:34.867 153 153 W /system/bin/hwservicemanager: getTransportFromManifest: Cannot find entry android.hardware.sensors@1.0::ISensors in either framework or device manifest, using default transport.
01-01 00:00:34.868 319 370 I SensorService: getService() unsuccessful, try again soon (remaining retry 1).
01-01 00:00:34.969 153 153 W /system/bin/hwservicemanager: getTransportFromManifest: Cannot find entry android.hardware.sensors@1.0::ISensors in either framework or device manifest, using default transport.
01-01 00:00:34.970 319 370 E SensorService: Cannot connect to ISensors hidl service!
01-01 00:00:34.971 319 370 I SensorService: Generated new HMAC key.
01-01 00:00:34.972 319 370 D SystemServerTimingAsync: StartSensorService took to complete: 921ms
01-01 00:00:34.972 319 370 D SystemServerInitThreadPool: Finished executing StartSensorService
01-01 00:00:34.973 220 257 W installd: Requested default storage /data/user_de/0/com.android.providers.blockednumber is not active; migrating from /data/data/com.android.providers.blockednumber
01-01 00:00:35.845 319 319 I SettingsState: No settings state /data/system/users/0/settings_global.xml
01-01 00:00:35.892 319 319 D SettingsProvider: Setting [] as Autofill Service for user 0
01-01 00:00:35.939 220 367 W installd: Requested default storage /data/user_de/0/com.android.bluetooth is not active; migrating from /data/data/com.android.bluetooth
01-01 00:00:35.974 319 319 I SettingsState: No settings state /data/system/users/0/settings_ssaid.xml
01-01 00:00:35.980 319 319 D SystemServerTiming: InstallSystemProviders took to complete: 1632ms
01-01 00:00:35.980 319 319 I SystemServer: StartVibratorService
01-01 00:00:35.981 153 153 W /system/bin/hwservicemanager: getTransportFromManifest: Cannot find entry android.hardware.vibrator@1.0::IVibrator in either framework or device manifest, using default transport.
01-01 00:00:35.990 319 319 W VibratorService: Tried to stop vibrating but there is no vibrator device.
01-01 00:00:35.990 319 319 W VibratorService: Unable to get max vibration amplitude, there is no vibrator device.
01-01 00:00:35.994 319 319 D SystemServerTiming: StartVibratorService took to complete: 14ms
01-01 00:00:35.994 319 319 I SystemServer: StartConsumerIrService
01-01 00:00:35.995 153 153 W /system/bin/hwservicemanager: getTransportFromManifest: Cannot find entry android.hardware.ir@1.0::IConsumerIr in either framework or device manifest, using default transport.
01-01 00:00:36.000 319 319 D SystemServerTiming: StartConsumerIrService took to complete: 6ms
01-01 00:00:36.000 319 319 I SystemServer: StartAlarmManagerService
01-01 00:00:36.001 319 319 I SystemServiceManager: Starting com.android.server.AlarmManagerService
01-01 00:00:36.003 319 365 D SystemServerTimingAsync: AppDataPrepare took to complete: 2783ms
01-01 00:00:36.003 319 365 I PackageManager: Deferred reconcileAppsData finished 71 packages
01-01 00:00:36.003 319 365 D SystemServerInitThreadPool: Finished executing prepareAppData
01-01 00:00:36.008 319 319 W AlarmManagerService: no wall clock RTC found
01-01 00:00:36.009 319 319 D AlarmManagerService: Kernel timezone updated to 0 minutes west of GMT
01-01 00:00:36.012 319 319 D SystemServerTiming: StartAlarmManagerService took to complete: 12ms
01-01 00:00:36.012 319 319 I SystemServer: InitWatchdog
01-01 00:00:36.013 319 319 D SystemServerTiming: InitWatchdog took to complete: 1ms
01-01 00:00:36.013 319 319 I SystemServer: StartInputManagerService
01-01 00:00:36.016 319 319 I InputManager: Initializing input manager, mUseDevInputEventForAudioJack=false
01-01 00:00:36.017 319 319 D SystemServerTiming: StartInputManagerService took to complete: 4ms
01-01 00:00:36.017 319 319 I SystemServer: StartWindowManagerService
01-01 00:00:36.096 319 343 I WindowManager: No existing display settings /data/system/display_settings.xml; starting empty
01-01 00:00:36.157 319 319 D SystemServerTiming: StartWindowManagerService took to complete: 140ms
01-01 00:00:36.157 319 319 I SystemServer: StartVrManagerService
01-01 00:00:36.157 319 369 D SystemServerInitThreadPool: Started executing StartHidlServices
01-01 00:00:36.157 319 369 I SystemServer: StartHidlServices
01-01 00:00:36.157 319 319 I SystemServiceManager: Starting com.android.server.vr.VrManagerService
01-01 00:00:36.160 153 153 W /system/bin/hwservicemanager: getTransportFromManifest: Cannot find entry android.hardware.vr@1.0::IVr in either framework or device manifest, using default transport.
01-01 00:00:36.161 319 369 D SystemServerTiming: StartHidlServices took to complete: 4ms
01-01 00:00:36.161 319 369 D SystemServerInitThreadPool: Finished executing StartHidlServices
01-01 00:00:36.162 319 319 W VrManagerService: init_native: Could not open IVr interface
01-01 00:00:36.163 319 319 D SystemServerTiming: StartVrManagerService took to complete: 6ms
01-01 00:00:36.163 319 319 I SystemServer: SetWindowManagerService
01-01 00:00:36.172 319 319 D SystemServerTiming: SetWindowManagerService took to complete: 9ms
01-01 00:00:36.172 319 319 I SystemServer: StartInputManager
01-01 00:00:36.172 319 319 I InputManager: Starting input manager
01-01 00:00:36.174 319 319 D SystemServerTiming: StartInputManager took to complete: 2ms
01-01 00:00:36.174 319 319 I SystemServer: DisplayManagerWindowManagerAndInputReady
01-01 00:00:36.175 319 319 D SystemServerTiming: DisplayManagerWindowManagerAndInputReady took to complete: 1ms
01-01 00:00:36.175 319 319 I SystemServer: No Bluetooth Service (Bluetooth Hardware Not Present)
01-01 00:00:36.175 319 319 I SystemServer: IpConnectivityMetrics
01-01 00:00:36.175 319 319 I SystemServiceManager: Starting com.android.server.connectivity.IpConnectivityMetrics
01-01 00:00:36.176 319 384 I EventHub: New device: id=1, fd=103, path='/dev/input/event2', name='LDC 3001 TouchScreen Controller', classes=0x14, configuration='/vendor/usr/idc/LDC_3001_TouchScreen_Controller.idc', keyLayout='', keyCharacterMap='', builtinKeyboard=false, wakeMechanism=EPOLLWAKEUP, usingClockIoctl=true
01-01 00:00:36.176 319 384 E EventHub: could not get driver version for /dev/input/mouse1, Not a typewriter
01-01 00:00:36.179 319 319 D SystemServerTiming: IpConnectivityMetrics took to complete: 4ms
01-01 00:00:36.179 319 319 I SystemServer: PinnerService
01-01 00:00:36.179 319 319 I SystemServiceManager: Starting com.android.server.PinnerService
01-01 00:00:36.180 319 319 D SystemServerTiming: PinnerService took to complete: 1ms
01-01 00:00:36.180 319 319 I SystemServer: StartInputMethodManagerLifecycle
01-01 00:00:36.180 319 319 I SystemServiceManager: Starting com.android.server.InputMethodManagerService$Lifecycle
01-01 00:00:36.231 319 319 D SystemServerTiming: StartInputMethodManagerLifecycle took to complete: 51ms
01-01 00:00:36.231 319 319 I SystemServer: StartAccessibilityManagerService
01-01 00:00:36.243 319 319 D SystemServerTiming: StartAccessibilityManagerService took to complete: 12ms
01-01 00:00:36.243 319 319 I SystemServer: MakeDisplayReady
01-01 00:00:36.245 319 384 D EventHub: No input device configuration file found for device 'gpio_keys'.
01-01 00:00:36.257 319 319 I ActivityManager: Config changes=5df8 {1.0 ?mcc?mnc [en_US] ldltr sw533dp w853dp h533dp 240dpi lrg land ?uimode ?night -touch -keyb/h/h -nav/h appBounds=Rect(0, 0 - 1280, 800) s.2}
01-01 00:00:36.261 319 319 I ActivityManager: Override config changes=40007dfc {1.0 ?mcc?mnc [en_US] ldltr sw533dp w853dp h533dp 240dpi lrg land ?uimode ?night -touch -keyb/h/h -nav/h appBounds=Rect(0, 0 - 1280, 800) s.2} for displayId=0
01-01 00:00:36.262 319 384 I EventHub: New device: id=2, fd=105, path='/dev/input/event0', name='gpio_keys', classes=0x1, configuration='', keyLayout='/system/usr/keylayout/Generic.kl', keyCharacterMap='/system/usr/keychars/Generic.kcm', builtinKeyboard=false, wakeMechanism=EPOLLWAKEUP, usingClockIoctl=true
01-01 00:00:36.268 319 334 I UsageStatsDatabase: Upgrading from version 0 to 3
01-01 00:00:36.268 319 334 I UsageStatsDatabase: Deleting all usage stats files
01-01 00:00:36.272 319 334 I UsageStatsService: User[0] Rollover scheduled @ 1970-01-02 00:00:36(86436261)
01-01 00:00:36.272 319 334 D UsageStatsService: Initializing defaults for system apps on user 0
01-01 00:00:36.273 319 319 I ActivityManager: Config changes=400 {1.0 ?mcc?mnc [en_US] ldltr sw533dp w805dp h509dp 240dpi lrg land ?uimode ?night -touch -keyb/h/h -nav/h appBounds=Rect(0, 0 - 1208, 800) s.3}
01-01 00:00:36.281 319 319 I ActivityManager: Override config changes=400 {1.0 ?mcc?mnc [en_US] ldltr sw533dp w805dp h509dp 240dpi lrg land ?uimode ?night -touch -keyb/h/h -nav/h appBounds=Rect(0, 0 - 1208, 800) s.3} for displayId=0
01-01 00:00:36.284 319 319 D SystemServerTiming: MakeDisplayReady took to complete: 41ms
01-01 00:00:36.285 319 319 I SystemServer: StartStorageManagerService
01-01 00:00:36.285 319 319 I SystemServiceManager: Starting com.android.server.StorageManagerService$Lifecycle
01-01 00:00:36.286 319 334 E AppIdleHistory: Unable to read app idle file for user 0
01-01 00:00:36.297 319 319 D SystemServerTiming: StartStorageManagerService took to complete: 12ms
01-01 00:00:36.297 319 319 I SystemServer: StartStorageStatsService
01-01 00:00:36.297 319 319 I SystemServiceManager: Starting com.android.server.usage.StorageStatsService$Lifecycle
01-01 00:00:36.300 319 385 D StorageManagerService: Thinking about init, mSystemReady=false, mDaemonConnected=true
01-01 00:00:36.300 319 385 D StorageManagerService: Thinking about reset, mSystemReady=false, mDaemonConnected=true
01-01 00:00:36.300 319 385 D StorageManagerService: Thinking about init, mSystemReady=false, mDaemonConnected=true
01-01 00:00:36.300 319 385 D StorageManagerService: Thinking about reset, mSystemReady=false, mDaemonConnected=true
01-01 00:00:36.301 319 385 D CryptdConnector: SND -> {1 cryptfs getfield SystemLocale}
01-01 00:00:36.302 319 319 D SystemServerTiming: StartStorageStatsService took to complete: 5ms
01-01 00:00:36.302 319 319 I SystemServer: StartUiModeManager
01-01 00:00:36.303 319 387 D CryptdConnector: RCV <- {200 1 -1}
01-01 00:00:36.303 319 319 I SystemServiceManager: Starting com.android.server.UiModeManagerService
01-01 00:00:36.305 319 385 W StorageManagerService: No primary storage mounted!
01-01 00:00:36.305 319 385 D VoldConnector: SND -> {1 asec list}
01-01 00:00:36.306 319 386 D VoldConnector: RCV <- {200 1 asec operation succeeded}
01-01 00:00:36.307 319 385 I PackageManager: No secure containers found
01-01 00:00:36.308 319 333 D SystemServerInitThreadPool: Started executing UiModeManager.onStart
01-01 00:00:36.309 319 333 I ActivityManager: Config changes=200 {1.0 ?mcc?mnc [en_US] ldltr sw533dp w805dp h509dp 240dpi lrg land car -touch -keyb/h/h -nav/h appBounds=Rect(0, 0 - 1208, 800) s.4}
01-01 00:00:36.313 319 319 D SystemServerTiming: StartUiModeManager took to complete: 11ms
01-01 00:00:36.314 319 319 I SystemServer: UpdatePackagesIfNeeded
01-01 00:00:36.320 319 384 E EventHub: could not get driver version for /dev/input/mouse0, Not a typewriter
01-01 00:00:36.440 319 384 D EventHub: No input device configuration file found for device 'Logitech USB Optical Mouse'.
01-01 00:00:36.440 319 384 I EventHub: New device: id=3, fd=104, path='/dev/input/event1', name='Logitech USB Optical Mouse', classes=0x80000008, configuration='', keyLayout='', keyCharacterMap='', builtinKeyboard=false, wakeMechanism=EPOLLWAKEUP, usingClockIoctl=true
01-01 00:00:36.440 319 384 E EventHub: could not get driver version for /dev/input/mice, Not a typewriter
01-01 00:00:36.671 319 384 I InputReader: Device added: id=-1, name='Virtual', sources=0x00000301
01-01 00:00:36.677 319 384 I InputReader: Device added: id=3, name='Logitech USB Optical Mouse', sources=0x00002002
01-01 00:00:36.677 319 384 I InputReader: Device added: id=2, name='gpio_keys', sources=0x00000101
01-01 00:00:36.678 319 384 I InputReader: Touch device 'LDC 3001 TouchScreen Controller' could not query the properties of its associated display. The device will be inoperable until the display size becomes available.
01-01 00:00:36.678 319 384 I InputReader: Device added: id=1, name='LDC 3001 TouchScreen Controller', sources=0x00001002
01-01 00:00:36.680 319 384 I InputReader: Reconfiguring input devices. changes=0x00000004
01-01 00:00:36.680 319 384 I InputReader: Device reconfigured: id=1, name='LDC 3001 TouchScreen Controller', size 1280x800, orientation 0, mode 1, display id 0
01-01 00:00:36.717 319 333 W zygote : Long monitor contention with owner StorageManagerService (385) at void com.android.server.pm.PackageManagerService.loadMediaPackages(android.util.ArrayMap, int[], boolean)(PackageManagerService.java:22792) waiters=0 in boolean com.android.server.pm.PackageManagerService.isProtectedBroadcast(java.lang.String) for 404ms
01-01 00:00:36.718 319 333 I ActivityManager: Override config changes=200 {1.0 ?mcc?mnc [en_US] ldltr sw533dp w805dp h509dp 240dpi lrg land car -touch -keyb/h/h -nav/h appBounds=Rect(0, 0 - 1208, 800) s.4} for displayId=0
01-01 00:00:36.718 319 385 W StorageManagerService: No primary storage defined yet; hacking together a stub
01-01 00:00:36.721 319 333 D SystemServerInitThreadPool: Finished executing UiModeManager.onStart
01-01 00:00:36.721 319 383 I ActivityManager: Config changes=8 {1.0 ?mcc?mnc [en_US] ldltr sw533dp w805dp h509dp 240dpi lrg land car finger -keyb/h/h -nav/h appBounds=Rect(0, 0 - 1208, 800) s.5}
01-01 00:00:36.724 319 385 W StorageManagerService: No primary storage defined yet; hacking together a stub
01-01 00:00:36.726 319 385 W StorageManagerService: No primary storage mounted!
01-01 00:00:36.726 319 385 D VoldConnector: SND -> {2 asec list}
01-01 00:00:36.726 319 383 I ActivityManager: Override config changes=8 {1.0 ?mcc?mnc [en_US] ldltr sw533dp w805dp h509dp 240dpi lrg land car finger -keyb/h/h -nav/h appBounds=Rect(0, 0 - 1208, 800) s.5} for displayId=0
01-01 00:00:36.726 319 386 D VoldConnector: RCV <- {200 2 asec operation succeeded}
01-01 00:00:36.791 319 319 I PackageManager.DexOptimizer: Running dexopt (dexoptNeeded=1) on: /system/app/CarLatinIME/CarLatinIME.apk pkg=com.android.inputmethod.latin isa=arm dexoptFlags=boot_complete,public target-filter=quicken oatDir=null sharedLibraries=null
01-01 00:00:36.837 388 388 I dex2oat : /system/bin/dex2oat --input-vdex-fd=-1 --output-vdex-fd=13 --compiler-filter=quicken --classpath-dir=/system/app/CarLatinIME
01-01 00:00:41.483 388 388 I dex2oat : dex2oat took 4.647s (1.835s cpu) (threads: 2) arena alloc=2296B (2296B) java alloc=1977KB (2024592B) native alloc=4MB (4415528B) free=2MB (2400216B)
01-01 00:00:41.548 319 319 I PackageManager.DexOptimizer: Running dexopt (dexoptNeeded=1) on: /system/priv-app/CarMessengerApp/CarMessengerApp.apk pkg=com.android.car.messenger isa=arm dexoptFlags=boot_complete,public target-filter=quicken oatDir=null sharedLibraries=null
01-01 00:00:41.587 392 392 I dex2oat : /system/bin/dex2oat --input-vdex-fd=-1 --output-vdex-fd=13 --compiler-filter=quicken --classpath-dir=/system/priv-app/CarMessengerApp
01-01 00:00:44.529 392 392 I dex2oat : dex2oat took 2.943s (860.974ms cpu) (threads: 2) arena alloc=2632B (2632B) java alloc=752KB (770208B) native alloc=2MB (2273232B) free=1876KB (1921072B)
01-01 00:00:44.544 319 319 I PackageManager.DexOptimizer: Running dexopt (dexoptNeeded=1) on: /system/priv-app/EmbeddedKitchenSinkApp/EmbeddedKitchenSinkApp.apk pkg=com.google.android.car.kitchensink isa=arm dexoptFlags=boot_complete,public target-filter=quicken oatDir=null sharedLibraries=null
01-01 00:00:44.584 395 395 I dex2oat : /system/bin/dex2oat --input-vdex-fd=-1 --output-vdex-fd=13 --compiler-filter=quicken --classpath-dir=/system/priv-app/EmbeddedKitchenSinkApp
01-01 00:00:49.115 395 395 I dex2oat : dex2oat took 4.532s (2.325s cpu) (threads: 2) arena alloc=2768B (2768B) java alloc=2MB (2552104B) native alloc=4MB (5167424B) free=2MB (2172608B)
01-01 00:00:49.156 319 319 I PackageManager.DexOptimizer: Running dexopt (dexoptNeeded=1) on: /system/priv-app/CarMediaApp/CarMediaApp.apk pkg=com.android.car.media isa=arm dexoptFlags=boot_complete,public target-filter=quicken oatDir=null sharedLibraries=null
01-01 00:00:49.194 398 398 I dex2oat : /system/bin/dex2oat --input-vdex-fd=-1 --output-vdex-fd=13 --compiler-filter=quicken --classpath-dir=/system/priv-app/CarMediaApp
01-01 00:00:52.125 398 398 I dex2oat : dex2oat took 2.931s (1.821s cpu) (threads: 2) arena alloc=2048B (2048B) java alloc=2018KB (2067312B) native alloc=4MB (4389384B) free=1857KB (1902072B)
01-01 00:00:52.140 319 319 I PackageManager.DexOptimizer: Running dexopt (dexoptNeeded=1) on: /system/priv-app/CarRadioApp/CarRadioApp.apk pkg=com.android.car.radio isa=arm dexoptFlags=boot_complete,public target-filter=quicken oatDir=null sharedLibraries=null
01-01 00:00:52.180 401 401 I dex2oat : /system/bin/dex2oat --input-vdex-fd=-1 --output-vdex-fd=13 --compiler-filter=quicken --classpath-dir=/system/priv-app/CarRadioApp
01-01 00:00:56.473 401 401 I dex2oat : dex2oat took 4.293s (2.061s cpu) (threads: 2) arena alloc=2048B (2048B) java alloc=2MB (2486616B) native alloc=4MB (4831104B) free=2MB (2508928B)
01-01 00:00:56.489 319 319 I PackageManager.DexOptimizer: Running dexopt (dexoptNeeded=1) on: /system/priv-app/CarTrustAgentService/CarTrustAgentService.apk pkg=com.android.car.trust isa=arm dexoptFlags=boot_complete,public target-filter=quicken oatDir=null sharedLibraries=null
01-01 00:00:56.528 404 404 I dex2oat : /system/bin/dex2oat --input-vdex-fd=-1 --output-vdex-fd=13 --compiler-filter=quicken --classpath-dir=/system/priv-app/CarTrustAgentService
01-01 00:00:57.359 404 404 I dex2oat : dex2oat took 831.867ms (885.245ms cpu) (threads: 2) arena alloc=3KB (3072B) java alloc=806KB (826080B) native alloc=2MB (2254704B) free=1894KB (1939600B)
01-01 00:00:57.412 319 319 I PackageManager.DexOptimizer: Running dexopt (dexoptNeeded=1) on: /system/app/CarMapsPlaceholder/CarMapsPlaceholder.apk pkg=com.android.car.mapsplaceholder isa=arm dexoptFlags=boot_complete,public target-filter=quicken oatDir=null sharedLibraries=null
01-01 00:00:57.452 407 407 I dex2oat : /system/bin/dex2oat --input-vdex-fd=-1 --output-vdex-fd=13 --compiler-filter=quicken --classpath-dir=/system/app/CarMapsPlaceholder
01-01 00:01:01.085 407 407 I dex2oat : dex2oat took 3.634s (1.714s cpu) (threads: 2) arena alloc=3KB (3576B) java alloc=1839KB (1883952B) native alloc=3MB (3891248B) free=2MB (2400208B)
01-01 00:01:01.138 319 319 I PackageManager.DexOptimizer: Running dexopt (dexoptNeeded=1) on: /system/app/SystemUpdater/SystemUpdater.apk pkg=com.android.car.systemupdater isa=arm dexoptFlags=boot_complete,public target-filter=quicken oatDir=null sharedLibraries=null
01-01 00:01:01.179 410 410 I dex2oat : /system/bin/dex2oat --input-vdex-fd=-1 --output-vdex-fd=13 --compiler-filter=quicken --classpath-dir=/system/app/SystemUpdater
01-01 00:01:01.355 410 410 I dex2oat : dex2oat took 177.340ms (101.394ms cpu) (threads: 2) arena alloc=5KB (5200B) java alloc=33KB (34080B) native alloc=1206KB (1235776B) free=1353KB (1385664B)
01-01 00:01:01.426 319 319 I PackageManager.DexOptimizer: Running dexopt (dexoptNeeded=1) on: /system/priv-app/CarHvacApp/CarHvacApp.apk pkg=com.android.car.hvac isa=arm dexoptFlags=boot_complete,public target-filter=quicken oatDir=null sharedLibraries=null
01-01 00:01:01.465 413 413 I dex2oat : /system/bin/dex2oat --input-vdex-fd=-1 --output-vdex-fd=13 --compiler-filter=quicken --classpath-dir=/system/priv-app/CarHvacApp
01-01 00:01:04.694 413 413 I dex2oat : dex2oat took 3.229s (1.784s cpu) (threads: 2) arena alloc=1616B (1616B) java alloc=1972KB (2020296B) native alloc=4MB (4371904B) free=2MB (2443840B)
01-01 00:01:04.726 319 319 I PackageManager.DexOptimizer: Running dexopt (dexoptNeeded=1) on: /system/priv-app/CarDialerApp/CarDialerApp.apk pkg=com.android.car.dialer isa=arm dexoptFlags=boot_complete,public target-filter=quicken oatDir=null sharedLibraries=null
01-01 00:01:04.767 416 416 I dex2oat : /system/bin/dex2oat --input-vdex-fd=-1 --output-vdex-fd=13 --compiler-filter=quicken --classpath-dir=/system/priv-app/CarDialerApp
01-01 00:01:08.677 416 416 I dex2oat : dex2oat took 3.911s (1.860s cpu) (threads: 2) arena alloc=3KB (3408B) java alloc=2023KB (2072224B) native alloc=4MB (4417696B) free=1829KB (1873760B)
01-01 00:01:08.728 319 319 I PackageManager.DexOptimizer: Running dexopt (dexoptNeeded=1) on: /system/priv-app/Stream/Stream.apk pkg=com.android.car.stream isa=arm dexoptFlags=boot_complete,public target-filter=quicken oatDir=null sharedLibraries=null
01-01 00:01:08.768 419 419 I dex2oat : /system/bin/dex2oat --input-vdex-fd=-1 --output-vdex-fd=13 --compiler-filter=quicken --classpath-dir=/system/priv-app/Stream
01-01 00:01:12.424 419 419 I dex2oat : dex2oat took 3.656s (1.862s cpu) (threads: 2) arena alloc=2576B (2576B) java alloc=2028KB (2077304B) native alloc=4MB (4602336B) free=2MB (2737696B)
01-01 00:01:12.460 319 319 I PackageManager.DexOptimizer: Running dexopt (dexoptNeeded=1) on: /system/priv-app/LocalMediaPlayer/LocalMediaPlayer.apk pkg=com.android.car.media.localmediaplayer isa=arm dexoptFlags=boot_complete,public target-filter=quicken oatDir=null sharedLibraries=null
01-01 00:01:12.499 422 422 I dex2oat : /system/bin/dex2oat --input-vdex-fd=-1 --output-vdex-fd=13 --compiler-filter=quicken --classpath-dir=/system/priv-app/LocalMediaPlayer
01-01 00:01:16.306 422 422 I dex2oat : dex2oat took 3.807s (2.025s cpu) (threads: 2) arena alloc=2696B (2696B) java alloc=2MB (2395752B) native alloc=4MB (4798360B) free=1970KB (2017384B)
01-01 00:01:16.510 319 319 D SystemServerTiming: UpdatePackagesIfNeeded took to complete: 40196ms
01-01 00:01:16.510 319 319 I SystemServer: PerformFstrimIfNeeded
01-01 00:01:16.511 319 319 D SystemServerTiming: PerformFstrimIfNeeded took to complete: 1ms
01-01 00:01:16.511 319 319 I SystemServer: StartLockSettingsService
01-01 00:01:16.511 319 319 I SystemServiceManager: Starting com.android.server.LockSettingsService$Lifecycle
01-01 00:01:16.531 319 319 D SystemServerTiming: StartLockSettingsService took to complete: 20ms
01-01 00:01:16.531 319 319 I SystemServer: StartDeviceIdleController
01-01 00:01:16.531 319 319 I SystemServiceManager: Starting com.android.server.DeviceIdleController
01-01 00:01:16.535 319 319 D SystemServerTiming: StartDeviceIdleController took to complete: 4ms
01-01 00:01:16.535 319 319 I SystemServer: StartDevicePolicyManager
01-01 00:01:16.535 319 319 I SystemServiceManager: Starting com.android.server.devicepolicy.DevicePolicyManagerService$Lifecycle
01-01 00:01:16.558 319 319 D SystemServerTiming: StartDevicePolicyManager took to complete: 23ms
01-01 00:01:16.558 319 319 I SystemServer: StartStatusBarManagerService
01-01 00:01:16.563 319 319 D SystemServerTiming: StartStatusBarManagerService took to complete: 5ms
01-01 00:01:16.563 319 319 I SystemServer: StartClipboardService
01-01 00:01:16.563 319 319 I SystemServiceManager: Starting com.android.server.clipboard.ClipboardService
01-01 00:01:16.565 319 319 D SystemServerTiming: StartClipboardService took to complete: 2ms
01-01 00:01:16.565 319 319 I SystemServer: StartNetworkManagementService
01-01 00:01:16.568 319 425 I NetworkManagement: onDaemonConnected()
01-01 00:01:16.571 319 319 D SystemServerTiming: StartNetworkManagementService took to complete: 6ms
01-01 00:01:16.571 319 319 I SystemServer: StartTextServicesManager
01-01 00:01:16.571 319 319 I SystemServiceManager: Starting com.android.server.TextServicesManagerService$Lifecycle
01-01 00:01:16.573 319 319 W TextServicesManagerService: no available spell checker services found
01-01 00:01:16.573 319 319 D SystemServerTiming: StartTextServicesManager took to complete: 2ms
01-01 00:01:16.574 319 319 I SystemServer: StartNetworkScoreService
01-01 00:01:16.575 319 319 D SystemServerTiming: StartNetworkScoreService took to complete: 1ms
01-01 00:01:16.575 319 319 I SystemServer: StartNetworkStatsService
01-01 00:01:16.594 319 319 D SystemServerTiming: StartNetworkStatsService took to complete: 19ms
01-01 00:01:16.594 319 319 I SystemServer: StartNetworkPolicyManagerService
01-01 00:01:16.601 319 428 I ServiceThread: Enabled StrictMode logging for NetworkPolicy.uid looper.
01-01 00:01:16.602 319 319 D SystemServerTiming: StartNetworkPolicyManagerService took to complete: 8ms
01-01 00:01:16.602 319 319 I SystemServer: StartWifi
01-01 00:01:16.649 319 319 I SystemServiceManager: Starting com.android.server.wifi.WifiService
01-01 00:01:16.744 319 319 D WifiApConfigStore: 2G band allowed channels are:1,6,11
01-01 00:01:16.744 319 319 E WifiApConfigStore: Error reading hotspot configuration java.io.FileNotFoundException: /data/misc/wifi/softap.conf (No such file or directory)
01-01 00:01:16.744 319 319 D WifiApConfigStore: Fallback to use default AP configuration
01-01 00:01:16.818 319 431 E IpManager.wlan0: ERROR Failed to disable IPv6: java.lang.IllegalStateException: command '1 interface ipv6 wlan0 disable' failed with '400 1 Failed to change IPv6 state (No such file or directory)'
01-01 00:01:16.818 170 243 D CommandListener: Clearing all IP addresses on wlan0
01-01 00:01:16.819 319 430 D WificondControl: tearing down interfaces in wificond
01-01 00:01:16.821 319 430 E HalDeviceManager: isSupported: called but mServiceManager is null!?
01-01 00:01:16.821 319 430 I WifiNative-wlan0: Vendor HAL not supported, Ignore stop...
01-01 00:01:16.826 319 319 D WifiController: isAirplaneModeOn = false, isWifiEnabled = false, isScanningAvailable = false
01-01 00:01:16.829 319 319 E SupplicantStaIfaceHal: Can't call setDebugParams, ISupplicant is null
01-01 00:01:16.830 319 319 W WifiDiags: no ring buffers found
01-01 00:01:16.830 319 319 W WifiDiags: Failed to start packet fate monitoring
01-01 00:01:16.830 319 319 I WifiService: Registering wifi
01-01 00:01:16.830 319 319 D SystemServerTiming: StartWifi took to complete: 228ms
01-01 00:01:16.831 319 319 I SystemServer: StartWifiScanning
01-01 00:01:16.834 319 319 I SystemServiceManager: Starting com.android.server.wifi.scanner.WifiScanningService
01-01 00:01:16.843 319 319 I WifiScanningService: Creating wifiscanner
01-01 00:01:16.845 319 319 I WifiScanningService: Publishing wifiscanner
01-01 00:01:16.846 319 319 D SystemServerTiming: StartWifiScanning took to complete: 15ms
01-01 00:01:16.846 319 319 I SystemServer: StartWifiRtt
01-01 00:01:16.848 319 319 I SystemServiceManager: Starting com.android.server.wifi.RttService
01-01 00:01:16.848 319 319 I RttService: Creating rttmanager
01-01 00:01:16.849 319 319 I RttService: Starting rttmanager
01-01 00:01:16.850 319 319 D SystemServerTiming: StartWifiRtt took to complete: 4ms
01-01 00:01:16.850 319 319 I SystemServer: No Wi-Fi Aware Service (Aware support Not Present)
01-01 00:01:16.850 319 319 I SystemServer: StartWifiP2P
01-01 00:01:16.850 319 319 I SystemServiceManager: Starting com.android.server.wifi.p2p.WifiP2pService
01-01 00:01:16.861 319 319 I WifiP2pService: Registering wifip2p
01-01 00:01:16.862 319 319 D SystemServerTiming: StartWifiP2P took to complete: 12ms
01-01 00:01:16.862 319 319 I SystemServer: StartEthernet
01-01 00:01:16.863 319 319 I SystemServiceManager: Starting com.android.server.ethernet.EthernetService
01-01 00:01:16.863 319 319 I EthernetServiceImpl: Creating EthernetConfigStore
01-01 00:01:16.864 319 319 E IpConfigStore: Error opening configuration file: java.io.FileNotFoundException: /data/misc/ethernet/ipconfig.txt (No such file or directory)
01-01 00:01:16.864 319 319 W EthernetConfigStore: No Ethernet configuration found. Using default.
01-01 00:01:16.864 319 319 I EthernetServiceImpl: Read stored IP configuration: IP assignment: DHCP
01-01 00:01:16.864 319 319 I EthernetServiceImpl: Proxy settings: NONE
01-01 00:01:16.870 319 319 I EthernetService: Registering service ethernet
01-01 00:01:16.871 319 319 D SystemServerTiming: StartEthernet took to complete: 9ms
01-01 00:01:16.871 319 319 I SystemServer: StartConnectivityService
01-01 00:01:16.881 319 319 D ConnectivityService: ConnectivityService starting up
01-01 00:01:16.883 319 319 D ConnectivityService: wifiOnly=false
01-01 00:01:16.883 319 319 E ConnectivityService: Ignoring protectedNetwork 10
01-01 00:01:16.883 319 319 E ConnectivityService: Ignoring protectedNetwork 11
01-01 00:01:16.883 319 319 E ConnectivityService: Ignoring protectedNetwork 12
01-01 00:01:16.883 319 319 E ConnectivityService: Ignoring protectedNetwork 14
01-01 00:01:16.883 319 319 E ConnectivityService: Ignoring protectedNetwork 15
01-01 00:01:16.893 319 319 D SystemServerTiming: StartConnectivityService took to complete: 22ms
01-01 00:01:16.893 319 319 I SystemServer: StartNsdService
01-01 00:01:16.894 319 319 D NsdService: Network service discovery enabled true
01-01 00:01:16.896 319 319 D SystemServerTiming: StartNsdService took to complete: 3ms
01-01 00:01:16.896 319 319 I SystemServer: StartUpdateLockService
01-01 00:01:16.898 319 319 D SystemServerTiming: StartUpdateLockService took to complete: 2ms
01-01 00:01:16.898 319 319 I SystemServer: WaitForAsecScan
01-01 00:01:16.898 319 319 D SystemServerTiming: WaitForAsecScan took to complete: 0ms
01-01 00:01:16.898 319 319 I SystemServer: StartNotificationManager
01-01 00:01:16.899 319 319 I SystemServiceManager: Starting com.android.server.notification.NotificationManagerService
01-01 00:01:16.929 319 319 D ConditionProviders.SCP: new ScheduleConditionProvider()
01-01 00:01:16.932 319 319 D ZenLog : set_zen_mode: off,init
01-01 00:01:16.939 319 319 D SystemServerTiming: StartNotificationManager took to complete: 41ms
01-01 00:01:16.939 319 319 I SystemServer: StartDeviceMonitor
01-01 00:01:16.939 319 319 I SystemServiceManager: Starting com.android.server.storage.DeviceStorageMonitorService
01-01 00:01:16.940 319 319 D SystemServerTiming: StartDeviceMonitor took to complete: 1ms
01-01 00:01:16.940 319 319 I SystemServer: StartLocationManagerService
01-01 00:01:16.943 319 319 D SystemServerTiming: StartLocationManagerService took to complete: 2ms
01-01 00:01:16.943 319 319 I SystemServer: StartCountryDetectorService
01-01 00:01:16.945 319 319 D SystemServerTiming: StartCountryDetectorService took to complete: 2ms
01-01 00:01:16.945 319 319 I SystemServer: StartSearchManagerService
01-01 00:01:16.946 319 319 I SystemServiceManager: Starting com.android.server.search.SearchManagerService$Lifecycle
01-01 00:01:16.948 319 319 D SystemServerTiming: StartSearchManagerService took to complete: 3ms
01-01 00:01:16.948 319 319 I SystemServer: StartWallpaperManagerService
01-01 00:01:16.948 319 319 I SystemServiceManager: Starting com.android.server.wallpaper.WallpaperManagerService$Lifecycle
01-01 00:01:16.950 319 319 I WallpaperManagerService: No static wallpaper imagery; defaults will be shown
01-01 00:01:16.950 319 319 W WallpaperManagerService: no current wallpaper -- first boot?
01-01 00:01:16.951 319 319 D SystemServerTiming: StartWallpaperManagerService took to complete: 3ms
01-01 00:01:16.951 319 319 I SystemServer: StartAudioService
01-01 00:01:16.951 319 319 I SystemServiceManager: Starting com.android.server.audio.AudioService$Lifecycle
01-01 00:01:16.962 217 217 D PermissionCache: checking android.permission.MODIFY_AUDIO_SETTINGS for uid=1000 => granted (848 us)
01-01 00:01:16.965 319 319 W TelecomManager: Telecom Service not found.
01-01 00:01:16.980 319 319 D SystemServerTiming: StartAudioService took to complete: 29ms
01-01 00:01:16.980 319 319 I SystemServer: StartDockObserver
01-01 00:01:16.980 319 319 I SystemServiceManager: Starting com.android.server.DockObserver
01-01 00:01:16.981 319 319 W DockObserver: This kernel does not have dock station support
01-01 00:01:16.982 319 319 D SystemServerTiming: StartDockObserver took to complete: 2ms
01-01 00:01:16.982 319 319 I SystemServer: StartWiredAccessoryManager
01-01 00:01:16.983 319 319 W WiredAccessoryManager: This kernel does not have wired headset support
01-01 00:01:16.983 319 319 W WiredAccessoryManager: This kernel does not have usb audio support
01-01 00:01:16.983 319 319 W WiredAccessoryManager: This kernel does not have HDMI audio support
01-01 00:01:16.983 319 319 D SystemServerTiming: StartWiredAccessoryManager took to complete: 1ms
01-01 00:01:16.983 319 319 I SystemServer: StartUsbService
01-01 00:01:16.983 319 319 I SystemServiceManager: Starting com.android.server.usb.UsbService$Lifecycle
01-01 00:01:16.993 319 319 E UsbDeviceManager: failed to write to /sys/class/android_usb/android0/f_rndis/ethaddr
01-01 00:01:17.013 319 319 E UsbDeviceManagerJNI: could not open /dev/usb_accessory
01-01 00:01:17.015 319 319 I system_server: Looking for service android.hidl.manager@1.0::IServiceManager/default
01-01 00:01:17.016 319 319 I system_server: Starting thread pool.
01-01 00:01:17.018 319 382 I UsbPortManager: Usb hal service started android.hardware.usb@1.0::IUsb default
01-01 00:01:17.018 319 319 I system_server: Looking for service android.hardware.usb@1.0::IUsb/default
01-01 00:01:17.018 153 153 W /system/bin/hwservicemanager: getTransportFromManifest: Cannot find entry android.hardware.usb@1.0::IUsb in either framework or device manifest, using default transport.
01-01 00:01:17.019 319 319 I system_server: Starting thread pool.
01-01 00:01:17.020 184 184 I android.hardware.usb@1.0-service: registering callback
01-01 00:01:17.020 184 447 E android.hardware.usb@1.0-service: creating thread
01-01 00:01:17.020 184 184 E android.hardware.usb@1.0-service: Failed to open /sys/class/dual_role_usb
01-01 00:01:17.024 319 319 D SystemServerTiming: StartUsbService took to complete: 41ms
01-01 00:01:17.025 319 319 I SystemServer: StartSerialService
01-01 00:01:17.025 319 319 D SystemServerTiming: StartSerialService took to complete: 0ms
01-01 00:01:17.025 319 319 I SystemServer: StartHardwarePropertiesManagerService
01-01 00:01:17.026 153 153 W /system/bin/hwservicemanager: getTransportFromManifest: Cannot find entry android.hardware.thermal@1.0::IThermal in either framework or device manifest, using default transport.
01-01 00:01:17.027 319 319 E HardwarePropertiesManagerService-JNI: Unable to get Thermal service.
