01-01 00:00:11.011 179 179 D CameraHal: (a7bb54a8) - hardware/ti/dra7xx/camera/V4LCameraAdapter/V4LCameraAdapter.cpp:247 v4lSetFormat - EXIT
01-01 00:00:11.011 179 179 D CameraHal: (a7bb54a8) hardware/ti/dra7xx/camera/V4LCameraAdapter/V4LCameraAdapter.cpp:465 setParameters - Current fps is 0 new fps is (30000,30000)
01-01 00:00:11.012 179 179 D CameraHal: (a7bb54a8) - hardware/ti/dra7xx/camera/V4LCameraAdapter/V4LCameraAdapter.cpp:476 setParameters - EXIT
01-01 00:00:11.012 179 179 D CameraHal: (a7bb54a8) - hardware/ti/dra7xx/camera/CameraHal.cpp:1350 setParameters - EXIT
01-01 00:00:11.012 179 179 D CameraHal: (a7bb54a8) - hardware/ti/dra7xx/camera/CameraHal.cpp:4227 initialize - EXIT
01-01 00:00:11.012 179 179 D CameraHal: (a7bb54a8) + hardware/ti/dra7xx/camera/CameraHal_Module.cpp:171 camera_set_callbacks - ENTER
01-01 00:00:11.012 179 179 D CameraHal: (a7bb54a8) + hardware/ti/dra7xx/camera/CameraHal.cpp:231 setCallbacks - ENTER
01-01 00:00:11.012 179 179 D CameraHal: (a7bb54a8) + hardware/ti/dra7xx/camera/AppCallbackNotifier.cpp:84 setCallbacks - ENTER
01-01 00:00:11.012 179 179 D CameraHal: (a7bb54a8) - hardware/ti/dra7xx/camera/AppCallbackNotifier.cpp:93 setCallbacks - EXIT
01-01 00:00:11.012 179 179 D CameraHal: (a7bb54a8) - hardware/ti/dra7xx/camera/CameraHal.cpp:247 setCallbacks - EXIT
01-01 00:00:11.012 179 179 D CameraHal: (a7bb54a8) - hardware/ti/dra7xx/camera/CameraHal_Module.cpp:171 camera_set_callbacks - EXIT
01-01 00:00:11.012 179 179 D CameraHal: (a7bb54a8) + hardware/ti/dra7xx/camera/CameraHal_Module.cpp:485 camera_get_parameters - ENTER
01-01 00:00:11.013 179 179 D CameraHal: (a7bb54a8) + hardware/ti/dra7xx/camera/CameraHal.cpp:3616 getParameters - ENTER
01-01 00:00:11.013 179 179 D CameraHal: (a7bb54a8) + hardware/ti/dra7xx/camera/V4LCameraAdapter/V4LCameraAdapter.cpp:483 getParameters - ENTER
01-01 00:00:11.013 179 179 D CameraHal: (a7bb54a8) - hardware/ti/dra7xx/camera/V4LCameraAdapter/V4LCameraAdapter.cpp:489 getParameters - EXIT
01-01 00:00:11.013 179 179 D CameraHal: (a7bb54a8) - hardware/ti/dra7xx/camera/CameraHal.cpp:3668 getParameters - EXIT
01-01 00:00:11.013 179 179 D CameraHal: (a7bb54a8) - hardware/ti/dra7xx/camera/CameraHal_Module.cpp:485 camera_get_parameters - EXIT
01-01 00:00:11.013 179 179 D CameraHal: (a7bb54a8) + hardware/ti/dra7xx/camera/CameraHal_Module.cpp:502 camera_put_parameters - ENTER
01-01 00:00:11.013 179 179 D CameraHal: (a7bb54a8) - hardware/ti/dra7xx/camera/CameraHal_Module.cpp:502 camera_put_parameters - EXIT
01-01 00:00:11.014 179 179 D CameraHal: (a7bb54a8) + hardware/ti/dra7xx/camera/CameraHal_Module.cpp:94 camera_set_preview_window - ENTER
01-01 00:00:11.014 179 179 D CameraHal: (a7bb54a8) + hardware/ti/dra7xx/camera/CameraHal.cpp:2059 setPreviewWindow - ENTER
01-01 00:00:11.014 179 179 D CameraHal: (a7bb54a8) + hardware/ti/dra7xx/camera/ANativeWindowDisplayAdapter.cpp:84 ANativeWindowDisplayAdapter - ENTER
01-01 00:00:11.014 179 179 D CameraHal: (a7bb54a8) - hardware/ti/dra7xx/camera/ANativeWindowDisplayAdapter.cpp:117 ANativeWindowDisplayAdapter - EXIT
01-01 00:00:11.014 179 179 D CameraHal: (a7bb54a8) + hardware/ti/dra7xx/camera/ANativeWindowDisplayAdapter.cpp:167 initialize - ENTER
01-01 00:00:11.014 179 179 D CameraHal: (a7bb54a8) - hardware/ti/dra7xx/camera/ANativeWindowDisplayAdapter.cpp:187 initialize - EXIT
01-01 00:00:11.014 179 179 D CameraHal: (a7bb54a8) + hardware/ti/dra7xx/camera/ANativeWindowDisplayAdapter.cpp:220 setFrameProvider - ENTER
01-01 00:00:11.014 179 179 D CameraHal: (a7bb54a8) - hardware/ti/dra7xx/camera/ANativeWindowDisplayAdapter.cpp:239 setFrameProvider - EXIT
01-01 00:00:11.014 179 179 D CameraHal: (a7bb54a8) + hardware/ti/dra7xx/camera/ANativeWindowDisplayAdapter.cpp:248 setErrorHandler - ENTER
01-01 00:00:11.014 179 179 D CameraHal: (a7bb54a8) - hardware/ti/dra7xx/camera/ANativeWindowDisplayAdapter.cpp:260 setErrorHandler - EXIT
01-01 00:00:11.014 179 179 D CameraHal: (a7bb54a8) + hardware/ti/dra7xx/camera/ANativeWindowDisplayAdapter.cpp:194 setPreviewWindow - ENTER
01-01 00:00:11.014 179 179 D CameraHal: (a7bb54a8) + hardware/ti/dra7xx/camera/ANativeWindowDisplayAdapter.cpp:437 destroy - ENTER
01-01 00:00:11.014 179 179 D CameraHal: (a7bb54a8) - hardware/ti/dra7xx/camera/ANativeWindowDisplayAdapter.cpp:448 destroy - EXIT
01-01 00:00:11.014 179 179 D CameraHal: (a7bb54a8) - hardware/ti/dra7xx/camera/ANativeWindowDisplayAdapter.cpp:213 setPreviewWindow - EXIT
01-01 00:00:11.015 179 179 D CameraHal: (a7bb54a8) - hardware/ti/dra7xx/camera/CameraHal.cpp:2142 setPreviewWindow - EXIT
01-01 00:00:11.015 179 179 D CameraHal: (a7bb54a8) - hardware/ti/dra7xx/camera/CameraHal_Module.cpp:94 camera_set_preview_window - EXIT
01-01 00:00:11.016 179 179 D CameraHal: (a7bb54a8) + hardware/ti/dra7xx/camera/CameraHal_Module.cpp:244 camera_stop_preview - ENTER
01-01 00:00:11.016 179 179 D CameraHal: (a7bb54a8) + hardware/ti/dra7xx/camera/CameraHal.cpp:2539 stopPreview - ENTER
01-01 00:00:11.016 179 179 D CameraHal: (a7bb54a8) + hardware/ti/dra7xx/camera/CameraHal.cpp:2579 previewEnabled - ENTER
01-01 00:00:11.016 179 179 D CameraHal: (a7bb54a8) - hardware/ti/dra7xx/camera/CameraHal.cpp:2579 previewEnabled - EXIT
01-01 00:00:11.016 179 179 D CameraHal: (a7bb54a8) - hardware/ti/dra7xx/camera/CameraHal.cpp:2543 stopPreview - EXIT
01-01 00:00:11.016 179 179 D CameraHal: (a7bb54a8) - hardware/ti/dra7xx/camera/CameraHal_Module.cpp:244 camera_stop_preview - EXIT
01-01 00:00:11.016 179 179 D CameraHal: (a7bb54a8) + hardware/ti/dra7xx/camera/CameraHal_Module.cpp:94 camera_set_preview_window - ENTER
01-01 00:00:11.016 179 179 D CameraHal: (a7bb54a8) + hardware/ti/dra7xx/camera/CameraHal.cpp:2059 setPreviewWindow - ENTER
01-01 00:00:11.016 179 179 D CameraHal: (a7bb54a8) hardware/ti/dra7xx/camera/CameraHal.cpp:2068 setPreviewWindow - NULL window passed, destroying display adapter
01-01 00:00:11.016 179 179 D CameraHal: (a7bb54a8) + hardware/ti/dra7xx/camera/ANativeWindowDisplayAdapter.cpp:125 ~ANativeWindowDisplayAdapter - ENTER
01-01 00:00:11.016 179 179 D CameraHal: (a7bb54a8) + hardware/ti/dra7xx/camera/CameraHalUtilClasses.cpp:49 disableFrameNotification - ENTER
01-01 00:00:11.016 179 179 D CameraHal: (a7bb54a8) + hardware/ti/dra7xx/camera/BaseCameraAdapter.cpp:236 disableMsgType - ENTER
01-01 00:00:11.016 179 179 V CameraHal: (a7bb54a8) hardware/ti/dra7xx/camera/BaseCameraAdapter.cpp:243 disableMsgType - Frame message type id=0xffff remove subscription request
01-01 00:00:11.016 179 179 D CameraHal: (a7bb54a8) - hardware/ti/dra7xx/camera/BaseCameraAdapter.cpp:299 disableMsgType - EXIT
01-01 00:00:11.016 179 179 D CameraHal: (a7bb54a8) - hardware/ti/dra7xx/camera/CameraHalUtilClasses.cpp:56 disableFrameNotification - EXIT
01-01 00:00:11.016 179 179 D CameraHal: (a7bb54a8) + hardware/ti/dra7xx/camera/ANativeWindowDisplayAdapter.cpp:437 destroy - ENTER
01-01 00:00:11.016 179 179 D CameraHal: (a7bb54a8) - hardware/ti/dra7xx/camera/ANativeWindowDisplayAdapter.cpp:448 destroy - EXIT
01-01 00:00:11.017 179 301 D CameraHal: (a5eff970) + hardware/ti/dra7xx/camera/ANativeWindowDisplayAdapter.cpp:877 displayThread - ENTER
01-01 00:00:11.017 179 301 D CameraHal: (a5eff970) + hardware/ti/dra7xx/camera/ANativeWindowDisplayAdapter.cpp:936 processHalMsg - ENTER
01-01 00:00:11.017 179 301 D CameraHal: (a5eff970) hardware/ti/dra7xx/camera/ANativeWindowDisplayAdapter.cpp:971 processHalMsg - Display thread received DISPLAY_EXIT command from Camera HAL.
01-01 00:00:11.017 179 301 D CameraHal: (a5eff970) hardware/ti/dra7xx/camera/ANativeWindowDisplayAdapter.cpp:972 processHalMsg - Stopping display thread...
01-01 00:00:11.017 179 301 D CameraHal: (a5eff970) hardware/ti/dra7xx/camera/ANativeWindowDisplayAdapter.cpp:992 processHalMsg - +Signalling display semaphore
01-01 00:00:11.018 179 301 D CameraHal: (a5eff970) hardware/ti/dra7xx/camera/ANativeWindowDisplayAdapter.cpp:997 processHalMsg - -Signalling display semaphore
01-01 00:00:11.018 179 301 D CameraHal: (a5eff970) - hardware/ti/dra7xx/camera/ANativeWindowDisplayAdapter.cpp:1001 processHalMsg - EXIT
01-01 00:00:11.018 179 301 D CameraHal: (a5eff970) - hardware/ti/dra7xx/camera/ANativeWindowDisplayAdapter.cpp:928 displayThread - EXIT
01-01 00:00:11.018 179 179 D CameraHal: (a7bb54a8) - hardware/ti/dra7xx/camera/ANativeWindowDisplayAdapter.cpp:161 ~ANativeWindowDisplayAdapter - EXIT
01-01 00:00:11.018 179 179 D CameraHal: (a7bb54a8) hardware/ti/dra7xx/camera/CameraHal.cpp:2074 setPreviewWindow - NULL ANativeWindow passed to setPreviewWindow
01-01 00:00:11.018 179 179 D CameraHal: (a7bb54a8) - hardware/ti/dra7xx/camera/CameraHal.cpp:2059 setPreviewWindow - EXIT
01-01 00:00:11.018 179 179 D CameraHal: (a7bb54a8) - hardware/ti/dra7xx/camera/CameraHal_Module.cpp:94 camera_set_preview_window - EXIT
01-01 00:00:11.018 179 179 I CamDev@1.0-impl: Closing camera 0
01-01 00:00:11.018 179 179 D CameraHal: (a7bb54a8) + hardware/ti/dra7xx/camera/CameraHal_Module.cpp:580 camera_device_close - ENTER
01-01 00:00:11.018 179 179 D CameraHal: (a7bb54a8) + hardware/ti/dra7xx/camera/CameraHal.cpp:4058 ~CameraHal - ENTER
01-01 00:00:11.018 179 179 D CameraHal: (a7bb54a8) + hardware/ti/dra7xx/camera/CameraHal.cpp:4678 deinitialize - ENTER
01-01 00:00:11.018 179 179 D CameraHal: (a7bb54a8) - hardware/ti/dra7xx/camera/CameraHal.cpp:4691 deinitialize - EXIT
01-01 00:00:11.018 179 179 D CameraHal: (a7bb54a8) + hardware/ti/dra7xx/camera/AppCallbackNotifier.cpp:1172 ~AppCallbackNotifier - ENTER
01-01 00:00:11.018 179 179 D CameraHal: (a7bb54a8) + hardware/ti/dra7xx/camera/AppCallbackNotifier.cpp:1666 stop - ENTER
01-01 00:00:11.018 179 179 D CameraHal: (a7bb54a8) hardware/ti/dra7xx/camera/AppCallbackNotifier.cpp:1678 stop - --> AppCallbackNotifier NOTIFIER_STOPPED
01-01 00:00:11.019 179 179 D CameraHal: (a7bb54a8) - hardware/ti/dra7xx/camera/AppCallbackNotifier.cpp:1681 stop - EXIT
01-01 00:00:11.019 179 179 D CameraHal: (a7bb54a8) + hardware/ti/dra7xx/camera/CameraHalUtilClasses.cpp:49 disableFrameNotification - ENTER
01-01 00:00:11.019 179 179 D CameraHal: (a7bb54a8) + hardware/ti/dra7xx/camera/BaseCameraAdapter.cpp:236 disableMsgType - ENTER
01-01 00:00:11.019 179 179 V CameraHal: (a7bb54a8) hardware/ti/dra7xx/camera/BaseCameraAdapter.cpp:243 disableMsgType - Frame message type id=0xffff remove subscription request
01-01 00:00:11.019 179 179 D CameraHal: (a7bb54a8) - hardware/ti/dra7xx/camera/BaseCameraAdapter.cpp:299 disableMsgType - EXIT
01-01 00:00:11.019 179 179 D CameraHal: (a7bb54a8) - hardware/ti/dra7xx/camera/CameraHalUtilClasses.cpp:56 disableFrameNotification - EXIT
01-01 00:00:11.019 179 179 D CameraHal: (a7bb54a8) + hardware/ti/dra7xx/camera/CameraHalUtilClasses.cpp:103 disableEventNotification - ENTER
01-01 00:00:11.019 179 179 D CameraHal: (a7bb54a8) + hardware/ti/dra7xx/camera/BaseCameraAdapter.cpp:236 disableMsgType - ENTER
01-01 00:00:11.019 179 179 V CameraHal: (a7bb54a8) hardware/ti/dra7xx/camera/BaseCameraAdapter.cpp:284 disableMsgType - Event message type id=0xffff remove subscription request
01-01 00:00:11.019 179 179 D CameraHal: (a7bb54a8) - hardware/ti/dra7xx/camera/BaseCameraAdapter.cpp:299 disableMsgType - EXIT
01-01 00:00:11.019 179 179 D CameraHal: (a7bb54a8) - hardware/ti/dra7xx/camera/CameraHalUtilClasses.cpp:110 disableEventNotification - EXIT
01-01 00:00:11.019 179 294 D CameraHal: (a6085970) hardware/ti/dra7xx/camera/AppCallbackNotifier.cpp:152 notificationThread - Notification Thread received message
01-01 00:00:11.019 179 294 D CameraHal: (a6085970) hardware/ti/dra7xx/camera/AppCallbackNotifier.cpp:156 notificationThread - Notification Thread received message from Camera HAL
01-01 00:00:11.019 179 294 D CameraHal: (a6085970) + hardware/ti/dra7xx/camera/AppCallbackNotifier.cpp:1140 processMessage - ENTER
01-01 00:00:11.019 179 294 D CameraHal: (a6085970) hardware/ti/dra7xx/camera/AppCallbackNotifier.cpp:1142 processMessage - +Msg get...
01-01 00:00:11.019 179 294 D CameraHal: (a6085970) hardware/ti/dra7xx/camera/AppCallbackNotifier.cpp:1144 processMessage - -Msg get...
01-01 00:00:11.019 179 294 D CameraHal: (a6085970) hardware/ti/dra7xx/camera/AppCallbackNotifier.cpp:1151 processMessage - Received NOTIFIER_EXIT command from Camera HAL
01-01 00:00:11.019 179 294 D CameraHal: (a6085970) - hardware/ti/dra7xx/camera/AppCallbackNotifier.cpp:1163 processMessage - EXIT
01-01 00:00:11.019 179 294 D CameraHal: (a6085970) hardware/ti/dra7xx/camera/AppCallbackNotifier.cpp:159 notificationThread - Notification Thread exiting.
01-01 00:00:11.020 179 179 D CameraHal: (a7bb54a8) hardware/ti/dra7xx/camera/AppCallbackNotifier.cpp:1207 ~AppCallbackNotifier - Stopping Event Provider
01-01 00:00:11.020 179 179 D CameraHal: (a7bb54a8) hardware/ti/dra7xx/camera/AppCallbackNotifier.cpp:1215 ~AppCallbackNotifier - Stopping Frame Provider
01-01 00:00:11.020 179 179 D CameraHal: (a7bb54a8) + hardware/ti/dra7xx/camera/AppCallbackNotifier.cpp:1228 releaseSharedVideoBuffers - ENTER
01-01 00:00:11.020 179 179 D CameraHal: (a7bb54a8) - hardware/ti/dra7xx/camera/AppCallbackNotifier.cpp:1251 releaseSharedVideoBuffers - EXIT
01-01 00:00:11.020 179 179 D CameraHal: (a7bb54a8) - hardware/ti/dra7xx/camera/AppCallbackNotifier.cpp:1222 ~AppCallbackNotifier - EXIT
01-01 00:00:11.020 179 179 D CameraHal: (a7bb54a8) + hardware/ti/dra7xx/camera/V4LCameraAdapter/V4LCameraAdapter.cpp:917 ~V4LCameraAdapter - ENTER
01-01 00:00:11.020 179 179 D CameraHal: (a7bb54a8) - hardware/ti/dra7xx/camera/V4LCameraAdapter/V4LCameraAdapter.cpp:937 ~V4LCameraAdapter - EXIT
01-01 00:00:11.020 179 179 D CameraHal: (a7bb54a8) + hardware/ti/dra7xx/camera/BaseCameraAdapter.cpp:104 ~BaseCameraAdapter - ENTER
01-01 00:00:11.020 179 179 D CameraHal: (a7bb54a8) - hardware/ti/dra7xx/camera/BaseCameraAdapter.cpp:119 ~BaseCameraAdapter - EXIT
01-01 00:00:11.020 179 179 D CameraHal: (a7bb54a8) + hardware/ti/dra7xx/camera/CameraHal.cpp:1683 freeImageBufs - ENTER
01-01 00:00:11.020 179 179 D CameraHal: (a7bb54a8) - hardware/ti/dra7xx/camera/CameraHal.cpp:1683 freeImageBufs - EXIT
01-01 00:00:11.020 179 179 D CameraHal: (a7bb54a8) + hardware/ti/dra7xx/camera/CameraHal.cpp:1729 freeRawBufs - ENTER
01-01 00:00:11.020 179 179 D CameraHal: (a7bb54a8) - hardware/ti/dra7xx/camera/CameraHal.cpp:1741 freeRawBufs - EXIT
01-01 00:00:11.020 179 179 D CameraHal: (a7bb54a8) - hardware/ti/dra7xx/camera/CameraHal.cpp:4090 ~CameraHal - EXIT
01-01 00:00:11.020 179 179 D CameraHal: (a7bb54a8) - hardware/ti/dra7xx/camera/CameraHal_Module.cpp:580 camera_device_close - EXIT
01-01 00:00:11.020 218 218 I CameraService: onDeviceStatusChanged: Status changed for cameraId=0, newStatus=1
01-01 00:00:11.020 218 218 E CameraService: onDeviceStatusChanged: State transition to the same status 0x1 not allowed
01-01 00:00:11.094 194 194 D SurfaceFlinger: shader cache generated - 24 shaders in 90.710579 ms
01-01 00:00:11.095 194 194 D SurfaceFlinger: Set power mode=2, type=0 flinger=0xb4fd2000
01-01 00:00:11.112 194 194 I ti_hwc : Setting up plane 33 and connecting connector 32 to crtc 34
01-01 00:00:11.264 227 307 E packagelistparser: Could not open: "/data/system/packages.list", error: "No such file or directory"
01-01 00:00:11.288 227 307 I /system/bin/storaged: storaged: Start
01-01 00:00:11.407 171 171 D AndroidRuntime: >>>>>> START com.android.internal.os.ZygoteInit uid 0 <<<<<<
01-01 00:00:11.471 171 171 I zygote : option[0]=-Xzygote
01-01 00:00:11.471 171 171 I zygote : option[1]=-Xstacktracefile:/data/anr/traces.txt
01-01 00:00:11.471 171 171 I zygote : option[2]=exit
01-01 00:00:11.471 171 171 I zygote : option[3]=vfprintf
01-01 00:00:11.471 171 171 I zygote : option[4]=sensitiveThread
01-01 00:00:11.471 171 171 I zygote : option[5]=-verbose:gc
01-01 00:00:11.471 171 171 I zygote : option[6]=-Xms4m
01-01 00:00:11.471 171 171 I zygote : option[7]=-Xmx16m
01-01 00:00:11.471 171 171 I zygote : option[8]=-Xusejit:true
01-01 00:00:11.471 171 171 I zygote : option[9]=-Xjitsaveprofilinginfo
01-01 00:00:11.471 171 171 I zygote : option[10]=-agentlib:jdwp=transport=dt_android_adb,suspend=n,server=y
01-01 00:00:11.471 171 171 I zygote : option[11]=-Xlockprofthreshold:500
01-01 00:00:11.471 171 171 I zygote : option[12]=-Ximage-compiler-option
01-01 00:00:11.471 171 171 I zygote : option[13]=--runtime-arg
01-01 00:00:11.471 171 171 I zygote : option[14]=-Ximage-compiler-option
01-01 00:00:11.471 171 171 I zygote : option[15]=-Xms64m
01-01 00:00:11.471 171 171 I zygote : option[16]=-Ximage-compiler-option
01-01 00:00:11.471 171 171 I zygote : option[17]=--runtime-arg
01-01 00:00:11.471 171 171 I zygote : option[18]=-Ximage-compiler-option
01-01 00:00:11.471 171 171 I zygote : option[19]=-Xmx64m
01-01 00:00:11.471 171 171 I zygote : option[20]=-Ximage-compiler-option
01-01 00:00:11.471 171 171 I zygote : option[21]=--image-classes=/system/etc/preloaded-classes
01-01 00:00:11.471 171 171 I zygote : option[22]=-Ximage-compiler-option
01-01 00:00:11.472 171 171 I zygote : option[23]=--compiled-classes=/system/etc/compiled-classes
01-01 00:00:11.472 171 171 I zygote : option[24]=-Xcompiler-option
01-01 00:00:11.472 171 171 I zygote : option[25]=--runtime-arg
01-01 00:00:11.472 171 171 I zygote : option[26]=-Xcompiler-option
01-01 00:00:11.472 171 171 I zygote : option[27]=-Xms64m
01-01 00:00:11.472 171 171 I zygote : option[28]=-Xcompiler-option
01-01 00:00:11.472 171 171 I zygote : option[29]=--runtime-arg
01-01 00:00:11.472 171 171 I zygote : option[30]=-Xcompiler-option
01-01 00:00:11.472 171 171 I zygote : option[31]=-Xmx512m
01-01 00:00:11.472 171 171 I zygote : option[32]=-Ximage-compiler-option
01-01 00:00:11.472 171 171 I zygote : option[33]=--instruction-set-variant=cortex-a15
01-01 00:00:11.472 171 171 I zygote : option[34]=-Xcompiler-option
01-01 00:00:11.472 171 171 I zygote : option[35]=--instruction-set-variant=cortex-a15
01-01 00:00:11.472 171 171 I zygote : option[36]=-Ximage-compiler-option
01-01 00:00:11.472 171 171 I zygote : option[37]=--instruction-set-features=default
01-01 00:00:11.472 171 171 I zygote : option[38]=-Xcompiler-option
01-01 00:00:11.472 171 171 I zygote : option[39]=--instruction-set-features=default
01-01 00:00:11.472 171 171 I zygote : option[40]=-Duser.locale=en-US
01-01 00:00:11.472 171 171 I zygote : option[41]=--cpu-abilist=armeabi-v7a,armeabi
01-01 00:00:11.472 171 171 I zygote : option[42]=-Xfingerprint:TI/full_jacinto6evm/jacinto6evm:8.0.0/OPR6.170623.013/rtrk12022048:userdebug/test-keys
01-01 00:00:11.994 306 311 I vndksupport: sphal namespace is not configured for this process. Loading /vendor/lib/egl/libEGL_POWERVR_SGX544_116.so from the current namespace instead.
01-01 00:00:11.996 306 311 D libEGL : loaded /vendor/lib/egl/libEGL_POWERVR_SGX544_116.so
01-01 00:00:12.003 306 311 I vndksupport: sphal namespace is not configured for this process. Loading /vendor/lib/egl/libGLESv1_CM_POWERVR_SGX544_116.so from the current namespace instead.
01-01 00:00:12.005 306 311 D libEGL : loaded /vendor/lib/egl/libGLESv1_CM_POWERVR_SGX544_116.so
01-01 00:00:12.050 306 311 I vndksupport: sphal namespace is not configured for this process. Loading /vendor/lib/egl/libGLESv2_POWERVR_SGX544_116.so from the current namespace instead.
01-01 00:00:12.051 306 311 D libEGL : loaded /vendor/lib/egl/libGLESv2_POWERVR_SGX544_116.so
01-01 00:00:12.089 171 171 I zygote : Pruning dalvik-cache since we are relocating an image and will need to recompile
01-01 00:00:12.089 171 171 I zygote : RelocateImage: /system/bin/patchoat --input-image-location=/system/framework/boot.art --output-image-file=/data/dalvik-cache/arm/system@framework@boot.art --instruction-set=arm --base-offset-delta=-2318336
01-01 00:00:12.101 306 311 I vndksupport: sphal namespace is not configured for this process. Loading /vendor/lib/hw/gralloc.jacinto6.so from the current namespace instead.
01-01 00:00:12.104 306 311 E IMGSRV : :0: PVRSRVOpenDCDevice: Error - 138 returned
01-01 00:00:12.108 306 311 I vndksupport: sphal namespace is not configured for this process. Loading /vendor/lib/hw/gralloc.jacinto6.so from the current namespace instead.
01-01 00:00:12.139 306 311 I vndksupport: sphal namespace is not configured for this process. Loading /vendor/lib/hw/gralloc.jacinto6.so from the current namespace instead.
01-01 00:00:12.144 306 311 D BootAnimation: BootAnimationShownTiming start time: 12144ms
01-01 00:00:17.930 171 171 I SamplingProfilerIntegration: Profiling disabled.
01-01 00:00:17.935 171 171 D Zygote : begin preload
01-01 00:00:17.938 171 171 I Zygote : Installing ICU cache reference pinning...
01-01 00:00:17.938 171 171 I Zygote : Preloading ICU data...
01-01 00:00:18.100 171 171 D Zygote32Timing: BeginIcuCachePinning took to complete: 162ms
01-01 00:00:18.100 171 171 I Zygote : Preloading classes...
01-01 00:00:18.889 171 171 E ActivityRecognitionHardware: activity_recognition HAL is deprecated. class_init is effectively a no-op
01-01 00:00:18.962 171 171 I zygote : Thread[1,tid=171,Native,Thread*=0xae85a000,peer=0x12c01c90,"main"] recursive attempt to load library "/system/lib/libmedia_jni.so"
01-01 00:00:18.965 171 171 D MtpDeviceJNI: register_android_mtp_MtpDevice
01-01 00:00:18.965 171 171 I zygote : Thread[1,tid=171,Native,Thread*=0xae85a000,peer=0x12c01c90,"main"] recursive attempt to load library "/system/lib/libmedia_jni.so"
01-01 00:00:18.965 171 171 I zygote : Thread[1,tid=171,Native,Thread*=0xae85a000,peer=0x12c01c90,"main"] recursive attempt to load library "/system/lib/libmedia_jni.so"
01-01 00:00:19.279 171 171 I System : Loaded time zone names for "" in 57ms (56ms in ICU)
01-01 00:00:19.303 171 171 I System : Loaded time zone names for "en_US" in 24ms (23ms in ICU)
01-01 00:00:19.333 171 171 I Zygote : ...preloaded 4570 classes in 1233ms.
01-01 00:00:19.333 171 171 I zygote : VMRuntime.preloadDexCaches starting
01-01 00:00:19.462 171 171 I zygote : VMRuntime.preloadDexCaches strings total=309078 before=2999 after=2999
01-01 00:00:19.462 171 171 I zygote : VMRuntime.preloadDexCaches types total=26597 before=2793 after=3420
01-01 00:00:19.462 171 171 I zygote : VMRuntime.preloadDexCaches fields total=124865 before=2165 after=1214
01-01 00:00:19.462 171 171 I zygote : VMRuntime.preloadDexCaches methods total=221540 before=87917 after=88016
01-01 00:00:19.462 171 171 I zygote : VMRuntime.preloadDexCaches finished
01-01 00:00:19.462 171 171 D Zygote32Timing: PreloadClasses took to complete: 1362ms
01-01 00:00:19.823 171 171 I Zygote : Preloading resources...
01-01 00:00:19.868 171 171 W Resources: Preloaded drawable resource #0x1080264 (android:drawable/dialog_background_material) that varies with configuration!!
01-01 00:00:19.877 171 171 W Resources: Preloaded color resource #0x10600de (android:color/material_grey_800) that varies with configuration!!
01-01 00:00:19.877 171 171 W Resources: Preloaded drawable resource #0x10802d1 (android:drawable/floating_popup_background_dark) that varies with configuration!!
01-01 00:00:19.971 171 171 I Zygote : ...preloaded 114 resources in 148ms.
01-01 00:00:19.977 171 171 W Resources: Preloaded color resource #0x1060036 (android:color/background_cache_hint_selector_material_dark) that varies with configuration!!
01-01 00:00:19.977 171 171 W Resources: Preloaded color resource #0x1060053 (android:color/btn_default_material_dark) that varies with configuration!!
01-01 00:00:19.979 171 171 I Zygote : ...preloaded 41 resources in 8ms.
01-01 00:00:19.979 171 171 D Zygote32Timing: PreloadResources took to complete: 517ms
01-01 00:00:19.979 171 171 I vndksupport: sphal namespace is not configured for this process. Loading /vendor/lib/egl/libEGL_POWERVR_SGX544_116.so from the current namespace instead.
01-01 00:00:19.982 171 171 D libEGL : loaded /vendor/lib/egl/libEGL_POWERVR_SGX544_116.so
01-01 00:00:19.988 171 171 I vndksupport: sphal namespace is not configured for this process. Loading /vendor/lib/egl/libGLESv1_CM_POWERVR_SGX544_116.so from the current namespace instead.
01-01 00:00:19.990 171 171 D libEGL : loaded /vendor/lib/egl/libGLESv1_CM_POWERVR_SGX544_116.so
01-01 00:00:20.027 171 171 I vndksupport: sphal namespace is not configured for this process. Loading /vendor/lib/egl/libGLESv2_POWERVR_SGX544_116.so from the current namespace instead.
01-01 00:00:20.028 171 171 D libEGL : loaded /vendor/lib/egl/libGLESv2_POWERVR_SGX544_116.so
01-01 00:00:20.066 171 171 I Zygote : Preloading shared libraries...
01-01 00:00:20.812 171 171 I Zygote : Uninstalled ICU cache reference pinning...
01-01 00:00:20.821 171 171 I Zygote : Installed AndroidKeyStoreProvider in 9ms.
01-01 00:00:20.834 171 171 I Zygote : Warmed up JCA providers in 13ms.
01-01 00:00:20.834 171 171 D Zygote : end preload
01-01 00:00:20.834 171 171 D Zygote32Timing: ZygotePreload took to complete: 2899ms
01-01 00:00:20.867 171 171 I zygote : Explicit concurrent copying GC freed 31992(1709KB) AllocSpace objects, 4(104KB) LOS objects, 75% free, 1052KB/4MB, paused 596us total 31.300ms
01-01 00:00:20.894 171 171 I zygote : Explicit concurrent copying GC freed 6053(221KB) AllocSpace objects, 0(0B) LOS objects, 75% free, 863KB/3MB, paused 187us total 20.073ms
01-01 00:00:20.895 171 171 D Zygote32Timing: PostZygoteInitGC took to complete: 61ms
01-01 00:00:20.895 171 171 D Zygote32Timing: ZygoteInit took to complete: 2966ms
01-01 00:00:20.920 171 171 I : seccomp disabled by setenforce 0
01-01 00:00:20.978 171 171 I Zygote : System server process 319 has been created
01-01 00:00:20.979 171 171 I Zygote : Accepting command socket connections
01-01 00:00:21.165 319 319 I SystemServer: InitBeforeStartServices
01-01 00:00:21.166 319 319 W SystemServer: System clock is before 1970; setting to 1970.
01-01 00:00:21.166 319 319 W SystemServer: Timezone not set; setting to GMT.
01-01 00:00:21.184 319 319 I SystemServer: Entered the Android system server!
01-01 00:00:21.625 319 319 D SystemServerTiming: InitBeforeStartServices took to complete: 459ms
01-01 00:00:21.625 319 319 I SystemServer: StartServices
01-01 00:00:21.625 319 319 I SystemServer: Reading configuration...
01-01 00:00:21.625 319 319 I SystemServer: ReadingSystemConfig
01-01 00:00:21.626 319 319 D SystemServerTiming: ReadingSystemConfig took to complete: 1ms
01-01 00:00:21.626 319 319 I SystemServer: StartInstaller
01-01 00:00:21.631 319 319 I SystemServiceManager: Starting com.android.server.pm.Installer
01-01 00:00:21.634 319 333 D SystemServerInitThreadPool: Started executing ReadingSystemConfig
01-01 00:00:21.646 319 319 D SystemServerTiming: StartInstaller took to complete: 20ms
01-01 00:00:21.646 319 319 I SystemServer: DeviceIdentifiersPolicyService
01-01 00:00:21.650 319 319 I SystemServiceManager: Starting com.android.server.os.DeviceIdentifiersPolicyService
01-01 00:00:21.651 319 319 D SystemServerTiming: DeviceIdentifiersPolicyService took to complete: 5ms
01-01 00:00:21.652 319 319 I SystemServer: StartActivityManager
01-01 00:00:21.656 319 319 I SystemServiceManager: Starting com.android.server.am.ActivityManagerService$Lifecycle
01-01 00:00:21.717 319 333 D SystemServerInitThreadPool: Finished executing ReadingSystemConfig
01-01 00:00:21.757 319 319 I ActivityManager: Memory class: 16
01-01 00:00:21.758 319 335 I ServiceThread: Enabled StrictMode logging for ActivityManager looper.
01-01 00:00:21.759 319 336 I ServiceThread: Enabled StrictMode logging for android.ui looper.
01-01 00:00:21.834 319 319 D BatteryStatsImpl: Reading daily items from /data/system/batterystats-daily.xml
01-01 00:00:21.974 153 153 W /system/bin/hwservicemanager: getTransportFromManifest: Cannot find entry android.hardware.memtrack@1.0::IMemtrack in either framework or device manifest, using default transport.
01-01 00:00:21.978 319 319 I vndksupport: sphal namespace is not configured for this process. Loading /vendor/lib/hw/memtrack.jacinto6.so from the current namespace instead.
01-01 00:00:21.980 319 319 I vndksupport: sphal namespace is not configured for this process. Loading /vendor/lib/hw/gralloc.jacinto6.so from the current namespace instead.
01-01 00:00:21.983 319 319 E IMGSRV : :0: PVRSRVOpenDCDevice: Error - 138 returned
01-01 00:00:21.993 319 319 I AppOps : No existing app ops /data/system/appops.xml; starting empty
01-01 00:00:22.027 319 319 I IntentFirewall: Read new rules (A:0 B:0 S:0)
01-01 00:00:22.037 319 343 I ServiceThread: Enabled StrictMode logging for android.display looper.
01-01 00:00:22.038 319 319 W system_server: failed to remove /acct/uid_0/pid_163: Device or resource busy
01-01 00:00:22.038 319 319 W system_server: failed to remove /acct/uid_0/pid_170: Device or resource busy
01-01 00:00:22.038 319 319 W system_server: failed to remove /acct/uid_0/pid_171: Device or resource busy
01-01 00:00:22.038 319 319 W system_server: failed to remove /acct/uid_0/pid_188: Device or resource busy
01-01 00:00:22.038 319 319 W system_server: failed to remove /acct/uid_0/pid_192: Device or resource busy
01-01 00:00:22.038 319 319 W system_server: failed to remove /acct/uid_0/pid_214: Device or resource busy
01-01 00:00:22.038 319 319 W system_server: failed to remove /acct/uid_0/pid_220: Device or resource busy
01-01 00:00:22.038 319 319 W system_server: failed to remove /acct/uid_0/pid_227: Device or resource busy
01-01 00:00:22.038 319 319 W system_server: failed to remove /acct/uid_0: Permission denied
01-01 00:00:22.038 319 319 W system_server: failed to remove /acct/uid_1000/pid_152: Device or resource busy
01-01 00:00:22.038 319 319 W system_server: failed to remove /acct/uid_1000/pid_153: Device or resource busy
01-01 00:00:22.038 319 319 W system_server: failed to remove /acct/uid_1000/pid_154: Device or resource busy
01-01 00:00:22.039 319 319 W system_server: failed to remove /acct/uid_1000/pid_162: Device or resource busy
01-01 00:00:22.039 319 319 W system_server: failed to remove /acct/uid_1000/pid_175: Device or resource busy
01-01 00:00:22.039 319 319 W system_server: failed to remove /acct/uid_1000/pid_182: Device or resource busy
01-01 00:00:22.039 319 319 W system_server: failed to remove /acct/uid_1000/pid_183: Device or resource busy
01-01 00:00:22.039 319 319 W system_server: failed to remove /acct/uid_1000/pid_184: Device or resource busy
01-01 00:00:22.039 319 319 W system_server: failed to remove /acct/uid_1000/pid_194: Device or resource busy
01-01 00:00:22.039 319 319 W system_server: failed to remove /acct/uid_1000/pid_215: Device or resource busy
01-01 00:00:22.039 319 319 W system_server: failed to remove /acct/uid_1000/pid_230: Device or resource busy
01-01 00:00:22.039 319 319 W system_server: failed to remove /acct/uid_1000: Permission denied
01-01 00:00:22.039 319 319 W system_server: failed to remove /acct/uid_1003/pid_306: Device or resource busy
01-01 00:00:22.039 319 319 W system_server: failed to remove /acct/uid_1003: Permission denied
01-01 00:00:22.039 319 319 W system_server: failed to remove /acct/uid_1010/pid_186: Device or resource busy
01-01 00:00:22.039 319 319 W system_server: failed to remove /acct/uid_1010/pid_228: Device or resource busy
01-01 00:00:22.039 319 319 W system_server: failed to remove /acct/uid_1010: Permission denied
01-01 00:00:22.040 319 319 W system_server: failed to remove /acct/uid_1013/pid_222: Device or resource busy
01-01 00:00:22.040 319 319 W system_server: failed to remove /acct/uid_1013/pid_225: Device or resource busy
01-01 00:00:22.040 319 319 W system_server: failed to remove /acct/uid_1013/pid_226: Device or resource busy
01-01 00:00:22.040 319 319 W system_server: failed to remove /acct/uid_1013: Permission denied
01-01 00:00:22.040 319 319 W system_server: failed to remove /acct/uid_1017/pid_221: Device or resource busy
01-01 00:00:22.040 319 319 W system_server: failed to remove /acct/uid_1017: Permission denied
01-01 00:00:22.040 319 319 W system_server: failed to remove /acct/uid_1019/pid_219: Device or resource busy
01-01 00:00:22.040 319 319 W system_server: failed to remove /acct/uid_1019: Permission denied
01-01 00:00:22.040 319 319 W system_server: failed to remove /acct/uid_1036/pid_151: Device or resource busy
01-01 00:00:22.040 319 319 W system_server: failed to remove /acct/uid_1036: Permission denied
01-01 00:00:22.041 319 319 W system_server: failed to remove /acct/uid_1040/pid_223: Device or resource busy
01-01 00:00:22.041 319 319 W system_server: failed to remove /acct/uid_1040: Permission denied
01-01 00:00:22.041 319 319 W system_server: failed to remove /acct/uid_1041/pid_176: Device or resource busy
01-01 00:00:22.041 319 319 W system_server: failed to remove /acct/uid_1041/pid_217: Device or resource busy
01-01 00:00:22.041 319 319 W system_server: failed to remove /acct/uid_1041: Permission denied
01-01 00:00:22.041 319 319 W system_server: failed to remove /acct/uid_1046/pid_229: Device or resource busy
01-01 00:00:22.041 319 319 W system_server: failed to remove /acct/uid_1046: Permission denied
01-01 00:00:22.041 319 319 W system_server: failed to remove /acct/uid_1047/pid_179: Device or resource busy
01-01 00:00:22.041 319 319 W system_server: failed to remove /acct/uid_1047/pid_218: Device or resource busy
01-01 00:00:22.041 319 319 W system_server: failed to remove /acct/uid_1047: Permission denied
01-01 00:00:22.041 319 319 W system_server: failed to remove /acct/uid_1054/pid_178: Device or resource busy
01-01 00:00:22.041 319 319 W system_server: failed to remove /acct/uid_1054: Permission denied
01-01 00:00:22.041 319 319 W system_server: failed to remove /acct/uid_1058/pid_246: Device or resource busy
01-01 00:00:22.042 319 319 W system_server: failed to remove /acct/uid_1058: Permission denied
01-01 00:00:22.042 319 319 W system_server: failed to remove /acct/uid_2000/pid_211: Device or resource busy
01-01 00:00:22.042 319 319 W system_server: failed to remove /acct/uid_2000: Permission denied
01-01 00:00:22.054 319 319 D AppOps : AppOpsService published
01-01 00:00:22.054 319 319 D SystemServerTiming: StartActivityManager took to complete: 402ms
01-01 00:00:22.054 319 319 I SystemServer: StartPowerManager
01-01 00:00:22.054 319 319 I SystemServiceManager: Starting com.android.server.power.PowerManagerService
01-01 00:00:22.059 319 345 I ServiceThread: Enabled StrictMode logging for PowerManagerService looper.
01-01 00:00:22.063 153 153 W /system/bin/hwservicemanager: getTransportFromManifest: Cannot find entry android.hardware.power@1.0::IPower in either framework or device manifest, using default transport.
01-01 00:00:22.068 319 319 I vndksupport: sphal namespace is not configured for this process. Loading /vendor/lib/hw/power.default.so from the current namespace instead.
01-01 00:00:22.071 319 319 I PowerManagerService-JNI: Loaded power HAL service
01-01 00:00:22.071 319 319 I libsuspend: Selected wakeup count
01-01 00:00:22.077 319 319 D SystemServerTiming: StartPowerManager took to complete: 23ms
01-01 00:00:22.077 319 319 I SystemServer: InitPowerManagement
01-01 00:00:22.088 319 319 D SystemServerTiming: InitPowerManagement took to complete: 11ms
01-01 00:00:22.088 319 319 I SystemServer: StartRecoverySystemService
01-01 00:00:22.089 319 319 I SystemServiceManager: Starting com.android.server.RecoverySystemService
01-01 00:00:22.091 319 319 D SystemServerTiming: StartRecoverySystemService took to complete: 3ms
01-01 00:00:22.094 319 319 V RescueParty: Disabled because of active USB connection
01-01 00:00:22.094 319 319 I SystemServer: StartLightsService
01-01 00:00:22.094 319 319 I SystemServiceManager: Starting com.android.server.lights.LightsService
01-01 00:00:22.101 319 319 D SystemServerTiming: StartLightsService took to complete: 7ms
01-01 00:00:22.101 319 319 I SystemServer: StartDisplayManager
01-01 00:00:22.101 319 319 I SystemServiceManager: Starting com.android.server.display.DisplayManagerService
01-01 00:00:22.117 319 319 D SystemServerTiming: StartDisplayManager took to complete: 16ms
01-01 00:00:22.117 319 319 I SystemServer: WaitForDisplay
01-01 00:00:22.117 319 319 I SystemServiceManager: Starting phase 100
01-01 00:00:22.133 319 343 I DisplayManagerService: Display device added: DisplayDeviceInfo{"Built-in Screen": uniqueId="local:0", 1280 x 800, modeId 1, defaultModeId 1, supportedModes [{id=1, width=1280, height=800, fps=60.000004}], colorMode 0, supportedColorModes [0], HdrCapabilities android.view.Display$HdrCapabilities@a69d6308, density 240, 150.0 x 150.0 dpi, appVsyncOff 7500000, presDeadline 12666666, touch INTERNAL, rotation 0, type BUILT_IN, state UNKNOWN, FLAG_DEFAULT_DISPLAY, FLAG_ROTATES_WITH_CONTENT, FLAG_SECURE, FLAG_SUPPORTS_PROTECTED_BUFFERS}
01-01 00:00:22.137 194 194 D SurfaceFlinger: Set power mode=2, type=0 flinger=0xb4fd2000
01-01 00:00:22.137 194 194 D SurfaceFlinger: Screen type=0 is already mode=2
01-01 00:00:22.138 153 153 W /system/bin/hwservicemanager: getTransportFromManifest: Cannot find entry android.hardware.light@2.0::ILight in either framework or device manifest, using default transport.
01-01 00:00:22.138 319 343 E LightsService: Unable to get ILight interface.
01-01 00:00:22.139 178 178 I android.hardwar: type=1400 audit(0.0:22): avc: denied { accept } for lport=33452 scontext=u:r:hal_vehicle_default:s0 tcontext=u:r:hal_vehicle_default:s0 tclass=tcp_socket permissive=1
01-01 00:00:22.139 319 319 D SystemServerTiming: WaitForDisplay took to complete: 22ms
01-01 00:00:22.139 319 343 I DisplayManagerService: Display device changed state: "Built-in Screen", ON
01-01 00:00:22.139 319 319 I SystemServer: StartPackageManagerService
01-01 00:00:22.263 319 319 W FileUtils: Failed to chmod(/data/system/packages.list): android.system.ErrnoException: chmod failed: ENOENT (No such file or directory)
01-01 00:00:22.324 319 319 D SELinuxMMAC: Using policy file /system/etc/selinux/plat_mac_permissions.xml
01-01 00:00:22.326 319 319 D SELinuxMMAC: Using policy file /vendor/etc/selinux/nonplat_mac_permissions.xml
01-01 00:00:22.337 319 319 I PackageManager: No settings file; creating initial state
01-01 00:00:22.340 319 319 W PackageManager: Wiping cache directory because the system partition changed.
01-01 00:00:22.341 319 319 D PackageManager: No files in app dir /vendor/overlay
01-01 00:00:22.352 319 319 W PackageManager: Failed to parse /system/framework/arm: Missing base APK in /system/framework/arm
01-01 00:00:22.353 319 319 W PackageManager: Failed to parse /system/framework/oat: Missing base APK in /system/framework/oat
01-01 00:00:22.429 319 319 I PackageManager: /system/framework/framework-res.apk changed; collecting certs
01-01 00:00:23.241 319 319 E PackageManager: Adding duplicate shared id: 1000 name=android
01-01 00:00:23.272 319 319 I PackageManager: /system/priv-app/BlockedNumberProvider changed; collecting certs
01-01 00:00:23.276 319 319 I PackageManager: New shared user android.uid.shared: id=10000
01-01 00:00:23.276 319 319 E PackageManager: Adding duplicate user id: 10000 name=com.android.providers.blockednumber
01-01 00:00:23.284 319 319 I PackageManager: /system/priv-app/BackupRestoreConfirmation changed; collecting certs
01-01 00:00:23.314 319 319 I PackageManager: /system/priv-app/CalendarProvider changed; collecting certs
01-01 00:00:23.321 319 319 I PackageManager: New shared user android.uid.calendar: id=10002
01-01 00:00:23.321 319 319 E PackageManager: Adding duplicate user id: 10002 name=com.android.providers.calendar
01-01 00:00:23.325 319 319 I PackageManager: /system/priv-app/CarDialerApp changed; collecting certs
01-01 00:00:23.418 319 319 I PackageManager: /system/priv-app/CarMediaApp changed; collecting certs
01-01 00:00:23.501 319 355 W PackageParser: No actions in intent filter at /system/priv-app/Contacts/Contacts.apk Binary XML file line #443
01-01 00:00:23.509 319 319 I PackageManager: New shared user com.android.car.media: id=10004
01-01 00:00:23.509 319 319 E PackageManager: Adding duplicate user id: 10004 name=com.android.car.media
01-01 00:00:23.512 319 319 I PackageManager: /system/priv-app/CarHvacApp changed; collecting certs
01-01 00:00:23.597 319 319 I PackageManager: /system/priv-app/CarService changed; collecting certs
01-01 00:00:23.605 319 319 E PackageManager: Adding duplicate shared id: 1000 name=com.android.car
01-01 00:00:23.607 319 319 I PackageManager: /system/priv-app/CarMessengerApp changed; collecting certs
01-01 00:00:23.633 319 319 I PackageManager: /system/priv-app/CarRadioApp changed; collecting certs
01-01 00:00:23.715 319 319 I PackageManager: /system/priv-app/CarTrustAgentService changed; collecting certs
01-01 00:00:23.741 319 319 I PackageManager: /system/priv-app/CarUsbHandler changed; collecting certs
01-01 00:00:23.748 319 319 I PackageManager: /system/priv-app/CtsShimPrivPrebuilt changed; collecting certs
01-01 00:00:23.754 319 319 I PackageManager: /system/priv-app/ContactsProvider changed; collecting certs
01-01 00:00:23.760 319 319 E PackageManager: Adding duplicate user id: 10000 name=com.android.providers.contacts
01-01 00:00:23.768 319 319 I PackageManager: /system/priv-app/DefaultContainerService changed; collecting certs
01-01 00:00:23.778 319 319 I PackageManager: /system/priv-app/DownloadProvider changed; collecting certs
01-01 00:00:23.797 319 319 I PackageManager: New shared user android.media: id=10012
01-01 00:00:23.797 319 319 E PackageManager: Adding duplicate user id: 10012 name=com.android.providers.downloads
01-01 00:00:23.800 319 319 I PackageManager: /system/priv-app/Contacts changed; collecting certs
01-01 00:00:24.463 319 319 I PackageManager: /system/priv-app/ExtServices changed; collecting certs
01-01 00:00:24.469 319 319 I PackageManager: /system/priv-app/EmbeddedKitchenSinkApp changed; collecting certs
01-01 00:00:24.758 319 319 E PackageManager: Adding duplicate shared id: 1000 name=com.google.android.car.kitchensink
01-01 00:00:24.761 319 319 I PackageManager: /system/priv-app/ExternalStorageProvider changed; collecting certs
01-01 00:00:24.768 319 319 I PackageManager: /system/priv-app/DocumentsUI changed; collecting certs
01-01 00:00:24.804 319 319 I PackageManager: /system/priv-app/FusedLocation changed; collecting certs
01-01 00:00:24.808 319 319 E PackageManager: Adding duplicate shared id: 1000 name=com.android.location.fused
01-01 00:00:24.810 319 319 I PackageManager: /system/priv-app/InputDevices changed; collecting certs
01-01 00:00:24.817 319 319 E PackageManager: Adding duplicate shared id: 1000 name=com.android.inputdevices
01-01 00:00:24.819 319 319 I PackageManager: /system/priv-app/Launcher3 changed; collecting certs
01-01 00:00:24.838 319 355 W PackageParser: Ignoring duplicate uses-permissions/uses-permissions-sdk-m: android.permission.INSTALL_GRANT_RUNTIME_PERMISSIONS in package: com.android.shell at: Binary XML file line #105
01-01 00:00:24.866 319 319 I PackageManager: /system/priv-app/LocalMediaPlayer changed; collecting certs
01-01 00:00:24.941 319 319 E PackageManager: Adding duplicate user id: 10004 name=com.android.car.media.localmediaplayer
01-01 00:00:24.944 319 319 I PackageManager: /system/priv-app/MmsService changed; collecting certs
01-01 00:00:24.948 319 319 E PackageManager: Adding duplicate shared id: 1001 name=com.android.mms.service
01-01 00:00:24.950 319 319 I PackageManager: /system/priv-app/MediaProvider changed; collecting certs
01-01 00:00:24.957 319 319 E PackageManager: Adding duplicate user id: 10012 name=com.android.providers.media
01-01 00:00:24.961 319 319 I PackageManager: /system/priv-app/ManagedProvisioning changed; collecting certs
01-01 00:00:25.114 319 319 I PackageManager: /system/priv-app/MtpDocumentsProvider changed; collecting certs
01-01 00:00:25.222 319 356 W PackageParser: Ignoring duplicate uses-permissions/uses-permissions-sdk-m: android.permission.CONFIGURE_WIFI_DISPLAY in package: com.android.systemui at: Binary XML file line #125
01-01 00:00:25.228 319 319 E PackageManager: Adding duplicate user id: 10012 name=com.android.mtp
01-01 00:00:25.231 319 319 I PackageManager: /system/priv-app/MusicFX changed; collecting certs
01-01 00:00:25.239 319 319 I PackageManager: /system/priv-app/OneTimeInitializer changed; collecting certs
01-01 00:00:25.244 319 319 I PackageManager: /system/priv-app/Provision changed; collecting certs
01-01 00:00:25.249 319 319 I PackageManager: /system/priv-app/PackageInstaller changed; collecting certs
01-01 00:00:25.515 319 319 I PackageManager: /system/priv-app/ProxyHandler changed; collecting certs
01-01 00:00:25.521 319 319 I PackageManager: /system/priv-app/SharedStorageBackup changed; collecting certs
01-01 00:00:25.526 319 319 I PackageManager: /system/priv-app/SettingsProvider changed; collecting certs
01-01 00:00:25.541 319 319 E PackageManager: Adding duplicate shared id: 1000 name=com.android.providers.settings
01-01 00:00:25.543 319 319 I PackageManager: /system/priv-app/Shell changed; collecting certs
01-01 00:00:25.552 319 319 E PackageManager: Adding duplicate shared id: 2000 name=com.android.shell
01-01 00:00:25.554 319 319 I PackageManager: /system/priv-app/StatementService changed; collecting certs
01-01 00:00:25.558 319 319 I PackageManager: /system/priv-app/Stream changed; collecting certs
01-01 00:00:25.637 319 319 I PackageManager: /system/priv-app/StorageManager changed; collecting certs
01-01 00:00:25.737 319 319 I PackageManager: /system/priv-app/SystemUI changed; collecting certs
01-01 00:00:26.014 319 319 I PackageManager: New shared user android.uid.systemui: id=10028
01-01 00:00:26.014 319 319 E PackageManager: Adding duplicate user id: 10028 name=com.android.systemui
01-01 00:00:26.017 319 319 I PackageManager: /system/priv-app/TeleService changed; collecting certs
01-01 00:00:26.196 319 319 E PackageManager: Adding duplicate shared id: 1001 name=com.android.phone
01-01 00:00:26.200 319 319 I PackageManager: /system/priv-app/Telecom changed; collecting certs
01-01 00:00:26.288 319 319 E PackageManager: Adding duplicate shared id: 1000 name=com.android.server.telecom
01-01 00:00:26.291 319 319 I PackageManager: /system/priv-app/VmsPublisherClientSample changed; collecting certs
01-01 00:00:26.295 319 319 E PackageManager: Adding duplicate shared id: 1000 name=com.google.android.car.vms.publisher
01-01 00:00:26.296 319 319 I PackageManager: /system/priv-app/TelephonyProvider changed; collecting certs
01-01 00:00:26.302 319 319 E PackageManager: Adding duplicate shared id: 1001 name=com.android.providers.telephony
01-01 00:00:26.305 319 319 I PackageManager: /system/priv-app/VmsSubscriberClientSample changed; collecting certs
01-01 00:00:26.325 319 319 E PackageManager: Adding duplicate shared id: 1000 name=com.google.android.car.vms.subscriber
01-01 00:00:26.327 319 319 I PackageManager: /system/priv-app/VpnDialogs changed; collecting certs
01-01 00:00:26.334 319 319 I PackageManager: /system/priv-app/WallpaperCropper changed; collecting certs
01-01 00:00:26.338 319 319 I PackageManager: /system/priv-app/Settings changed; collecting certs
01-01 00:00:27.559 319 319 E PackageManager: Adding duplicate shared id: 1000 name=com.android.settings
01-01 00:00:28.290 319 319 I PackageManager: /system/app/BasicDreams changed; collecting certs
01-01 00:00:28.301 319 319 I PackageManager: /system/app/Browser2 changed; collecting certs
01-01 00:00:28.307 319 319 I PackageManager: /system/app/BookmarkProvider changed; collecting certs
01-01 00:00:28.317 319 319 I PackageManager: /system/app/BluetoothMidiService changed; collecting certs
01-01 00:00:28.322 319 319 I PackageManager: /system/app/BuiltInPrintService changed; collecting certs
01-01 00:00:28.345 319 358 W PackageParser: Ignoring duplicate uses-permissions/uses-permissions-sdk-m: android.permission.READ_CONTACTS in package: com.android.bluetooth at: Binary XML file line #61
01-01 00:00:28.347 319 358 W PackageParser: No actions in intent filter at /system/app/Bluetooth/Bluetooth.apk Binary XML file line #218
01-01 00:00:28.354 319 319 I PackageManager: /system/app/CaptivePortalLogin changed; collecting certs
01-01 00:00:28.360 319 319 I PackageManager: /system/app/Bluetooth changed; collecting certs
01-01 00:00:28.388 319 319 E PackageManager: Adding duplicate shared id: 1002 name=com.android.bluetooth
01-01 00:00:28.395 319 319 I PackageManager: /system/app/Calendar changed; collecting certs
01-01 00:00:28.499 319 319 I PackageManager: /system/app/CarLatinIME changed; collecting certs
01-01 00:00:28.598 319 360 W PackageParser: Ignoring duplicate uses-permissions/uses-permissions-sdk-m: android.permission.WRITE_CONTACTS in package: com.android.email at: Binary XML file line #40
01-01 00:00:28.625 319 319 I PackageManager: /system/app/CarMapsPlaceholder changed; collecting certs
01-01 00:00:28.721 319 319 I PackageManager: /system/app/CompanionDeviceManager changed; collecting certs
01-01 00:00:28.725 319 319 I PackageManager: /system/app/Camera2 changed; collecting certs
01-01 00:00:29.057 319 319 I PackageManager: /system/app/CertInstaller changed; collecting certs
01-01 00:00:29.076 319 319 I PackageManager: /system/app/CtsShimPrebuilt changed; collecting certs
01-01 00:00:29.084 319 319 I PackageManager: /system/app/CarUiProvider changed; collecting certs
01-01 00:00:29.093 319 357 W PackageParser: Ignoring duplicate uses-permissions/uses-permissions-sdk-m: android.permission.CHANGE_WIFI_STATE in package: com.android.nfc at: Binary XML file line #47
01-01 00:00:29.093 319 357 W PackageParser: Ignoring duplicate uses-permissions/uses-permissions-sdk-m: android.permission.ACCESS_WIFI_STATE in package: com.android.nfc at: Binary XML file line #48
01-01 00:00:29.155 319 319 I PackageManager: /system/app/EasterEgg changed; collecting certs
01-01 00:00:29.164 319 319 I PackageManager: /system/app/DownloadProviderUi changed; collecting certs
01-01 00:00:29.175 319 319 E PackageManager: Adding duplicate user id: 10012 name=com.android.providers.downloads.ui
01-01 00:00:29.178 319 319 I PackageManager: /system/app/ExtShared changed; collecting certs
01-01 00:00:29.182 319 319 I PackageManager: /system/app/ExactCalculator changed; collecting certs
01-01 00:00:29.195 319 319 I PackageManager: /system/app/HTMLViewer changed; collecting certs
