01-01 00:01:55.311 179 1479 D CameraHal: (a5eff970) + hardware/ti/dra7xx/camera/CameraProperties.cpp:67 initialize - ENTER
01-01 00:01:55.311 179 1479 D CameraHal: (a5eff970) - hardware/ti/dra7xx/camera/CameraProperties.cpp:67 initialize - EXIT
01-01 00:01:55.311 179 1479 D CameraHal: (a5eff970) + hardware/ti/dra7xx/camera/CameraParameters.cpp:152 getProperties - ENTER
01-01 00:01:55.311 179 1479 D CameraHal: (a5eff970) - hardware/ti/dra7xx/camera/CameraParameters.cpp:163 getProperties - EXIT
01-01 00:01:55.313 1269 1269 E Camera : str: 30000,30000
01-01 00:01:55.316 1269 1269 W LegacyMetadataMapper: No AWB modes supported (HAL bug); defaulting to AWB_MODE_AUTO only
01-01 00:01:55.325 179 1479 D CameraHal: (a5eff970) + hardware/ti/dra7xx/camera/CameraProperties.cpp:67 initialize - ENTER
01-01 00:01:55.325 179 1479 D CameraHal: (a5eff970) - hardware/ti/dra7xx/camera/CameraProperties.cpp:67 initialize - EXIT
01-01 00:01:55.325 179 1479 D CameraHal: (a5eff970) + hardware/ti/dra7xx/camera/CameraParameters.cpp:152 getProperties - ENTER
01-01 00:01:55.325 179 1479 D CameraHal: (a5eff970) - hardware/ti/dra7xx/camera/CameraParameters.cpp:163 getProperties - EXIT
01-01 00:01:55.327 1269 1269 E Camera : str: 30000,30000
01-01 00:01:55.327 1269 1269 W LegacyMetadataMapper: No AWB modes supported (HAL bug); defaulting to AWB_MODE_AUTO only
01-01 00:01:55.341 1269 1269 W SoundPool: Use of stream types is deprecated for operations other than volume control
01-01 00:01:55.341 1269 1269 W SoundPool: See the documentation of SoundPool() for what to use instead with android.media.AudioAttributes to qualify your playback use case
01-01 00:01:55.344 1269 1269 I CAM_Profiler: [ 41.179ms][ui] GUARD: CaptureModule.init - STOP
01-01 00:01:55.344 1269 1269 I CAM_Profiler: [815.866ms][ui] GUARD: CameraActivity.onCreateTasks - [41.848ms] Init CurrentModule
01-01 00:01:55.348 1269 1269 V NFC : this device does not have NFC support
01-01 00:01:55.352 1269 1269 I CAM_Profiler: [823.855ms][ui] GUARD: CameraActivity.onCreateTasks - STOP
01-01 00:01:55.353 1269 1269 V CAM_QuickActivity: END onCreate: Activity = com.android.camera.CameraActivity@5a9d5d5
01-01 00:01:55.360 153 153 W /system/bin/hwservicemanager: getTransportFromManifest: Cannot find entry android.hardware.media.omx@1.0::IOmx in either framework or device manifest, using default transport.
01-01 00:01:55.361 1269 1503 I OMXClient: Treble IOmx obtained
01-01 00:01:55.361 229 562 I OMXMaster: makeComponentInstance(OMX.google.vorbis.decoder) in omx@1.0-service process
01-01 00:01:55.366 229 562 E OMXNodeInstance: getConfig(0xad2281e0:google.vorbis.decoder, ConfigAndroidVendorExtension(0x6f100004)) ERROR: Undefined(0x80001001)
01-01 00:01:55.374 175 175 W /system/bin/hw/android.hidl.allocator@1.0-service: ashmem_create_region(32768) returning hidl_memory(0xaf298820, 32768)
01-01 00:01:55.375 175 175 I chatty : uid=1000(system) allocator@1.0-s identical 1 line
01-01 00:01:55.376 175 175 W /system/bin/hw/android.hidl.allocator@1.0-service: ashmem_create_region(32768) returning hidl_memory(0xaf298820, 32768)
01-01 00:01:55.378 1269 1269 V CAM_QuickActivity: START onCreate: Activity = com.android.camera.PermissionsActivity@a9d318a
01-01 00:01:55.380 175 175 W /system/bin/hw/android.hidl.allocator@1.0-service: ashmem_create_region(32768) returning hidl_memory(0xaf298820, 32768)
01-01 00:01:55.389 175 175 I chatty : uid=1000(system) allocator@1.0-s identical 3 lines
01-01 00:01:55.390 175 175 W /system/bin/hw/android.hidl.allocator@1.0-service: ashmem_create_region(32768) returning hidl_memory(0xaf298820, 32768)
01-01 00:01:55.392 1269 1269 V CAM_QuickActivity: END onCreate: Activity = com.android.camera.PermissionsActivity@a9d318a
01-01 00:01:55.393 1269 1269 V CAM_QuickActivity: START onStart: Activity = com.android.camera.PermissionsActivity@a9d318a
01-01 00:01:55.393 1269 1269 V CAM_QuickActivity: END onStart: Activity = com.android.camera.PermissionsActivity@a9d318a
01-01 00:01:55.394 1269 1269 V CAM_QuickActivity: START onResume: Activity = com.android.camera.PermissionsActivity@a9d318a
01-01 00:01:55.395 1269 1269 V CAM_QuickActivity: onResume(): isKeyguardLocked() = false
01-01 00:01:55.395 1269 1269 V CAM_QuickActivity: onResume --> onResumeTasks()
01-01 00:01:55.396 1269 1269 V CAM_PermissionsActivity: requestPermissions count: 1
01-01 00:01:55.397 319 574 I ActivityManager: START u0 {act=android.content.pm.action.REQUEST_PERMISSIONS pkg=com.android.packageinstaller cmp=com.android.packageinstaller/.permission.ui.GrantPermissionsActivity (has extras)} from uid 10041
01-01 00:01:55.403 175 175 W /system/bin/hw/android.hidl.allocator@1.0-service: ashmem_create_region(32768) returning hidl_memory(0xaf298820, 32768)
01-01 00:01:55.405 175 175 I chatty : uid=1000(system) allocator@1.0-s identical 2 lines
01-01 00:01:55.408 175 175 W /system/bin/hw/android.hidl.allocator@1.0-service: ashmem_create_region(32768) returning hidl_memory(0xaf298820, 32768)
01-01 00:01:55.413 1269 1269 V CAM_QuickActivity: END onResume: Activity = com.android.camera.PermissionsActivity@a9d318a
01-01 00:01:55.422 153 153 W /system/bin/hwservicemanager: getTransportFromManifest: Cannot find entry android.hardware.media.omx@1.0::IOmx in either framework or device manifest, using default transport.
01-01 00:01:55.434 1269 1507 I OMXClient: Treble IOmx obtained
01-01 00:01:55.435 1269 1508 D OpenGLRenderer: HWUI GL Pipeline
01-01 00:01:55.435 229 541 I OMXMaster: makeComponentInstance(OMX.google.vorbis.decoder) in omx@1.0-service process
01-01 00:01:55.441 1269 1269 V CAM_QuickActivity: START onPause: Activity = com.android.camera.PermissionsActivity@a9d318a
01-01 00:01:55.442 1269 1269 V CAM_QuickActivity: onPause --> onPauseTasks()
01-01 00:01:55.442 1269 1269 V CAM_QuickActivity: END onPause: Activity = com.android.camera.PermissionsActivity@a9d318a
01-01 00:01:55.451 229 541 E OMXNodeInstance: getConfig(0xad2285a0:google.vorbis.decoder, ConfigAndroidVendorExtension(0x6f100004)) ERROR: Undefined(0x80001001)
01-01 00:01:55.462 175 175 W /system/bin/hw/android.hidl.allocator@1.0-service: ashmem_create_region(32768) returning hidl_memory(0xaf298820, 32768)
01-01 00:01:55.519 175 175 I chatty : uid=1000(system) allocator@1.0-s identical 10 lines
01-01 00:01:55.521 175 175 W /system/bin/hw/android.hidl.allocator@1.0-service: ashmem_create_region(32768) returning hidl_memory(0xaf298820, 32768)
01-01 00:01:55.522 1269 1508 I vndksupport: sphal namespace is not configured for this process. Loading /vendor/lib/hw/gralloc.jacinto6.so from the current namespace instead.
01-01 00:01:55.533 1269 1508 E IMGSRV : :0: PVRSRVOpenDCDevice: Error - 138 returned
01-01 00:01:55.566 1269 1508 I vndksupport: sphal namespace is not configured for this process. Loading /vendor/lib/hw/gralloc.jacinto6.so from the current namespace instead.
01-01 00:01:55.568 1269 1508 I OpenGLRenderer: Initialized EGL, version 1.4
01-01 00:01:55.568 1269 1508 D OpenGLRenderer: Swap behavior 1
01-01 00:01:55.568 1269 1508 W OpenGLRenderer: Failed to choose config with EGL_SWAP_BEHAVIOR_PRESERVED, retrying without...
01-01 00:01:55.568 1269 1508 D OpenGLRenderer: Swap behavior 0
01-01 00:01:55.619 1269 1501 V CAM_CameraDataAdapter: retrieved photo metadata, number of items: 0
01-01 00:01:55.619 1269 1501 V CAM_CameraDataAdapter: retrieved video metadata, number of items: 0
01-01 00:01:55.619 1269 1501 V CAM_CameraDataAdapter: sorting video/photo metadata
01-01 00:01:55.620 1269 1501 V CAM_CameraDataAdapter: sorted video/photo metadata
01-01 00:01:55.678 1269 1508 I vndksupport: sphal namespace is not configured for this process. Loading /vendor/lib/hw/gralloc.jacinto6.so from the current namespace instead.
01-01 00:01:55.717 1419 1424 I zygote : Do partial code cache collection, code=0B, data=0B
01-01 00:01:55.721 1419 1424 I zygote : After code cache collection, code=0B, data=0B
01-01 00:01:55.721 1419 1424 I zygote : Increasing code cache capacity to 128KB
01-01 00:01:55.729 1419 1424 I zygote : Do partial code cache collection, code=0B, data=0B
01-01 00:01:55.733 1419 1424 I zygote : After code cache collection, code=0B, data=0B
01-01 00:01:55.733 1419 1424 I zygote : Increasing code cache capacity to 256KB
01-01 00:01:55.733 1419 1424 I com.android.packageinstaller: Method exceeds compiler instruction limit: 25337 in void org.ccil.cowan.tagsoup.HTMLSchema.()
01-01 00:01:55.762 1269 1269 V CAM_CameraDataAdapter: new photos query return num items: 0
01-01 00:01:55.770 1269 1269 V CAM_QuickActivity: START onDestroy: Activity = com.android.camera.CameraActivity@5a9d5d5
01-01 00:01:55.784 1269 1269 V CAM_QuickActivity: END onDestroy: Activity = com.android.camera.CameraActivity@5a9d5d5
01-01 00:01:55.827 1269 1502 D CAM_MemoryQuery: timestamp=115422, availMem=1122, totalMem=1497, totalPSS=15, lastTrimLevel=0, largeMemoryClass=16, nativePSS=3, dalvikPSS=1, otherPSS=10,threshold=144, lowMemory=false
01-01 00:01:55.899 1419 1514 D OpenGLRenderer: HWUI GL Pipeline
01-01 00:01:55.948 1419 1514 I vndksupport: sphal namespace is not configured for this process. Loading /vendor/lib/hw/gralloc.jacinto6.so from the current namespace instead.
01-01 00:01:55.968 1419 1514 E IMGSRV : :0: PVRSRVOpenDCDevice: Error - 138 returned
01-01 00:01:55.973 1419 1514 I vndksupport: sphal namespace is not configured for this process. Loading /vendor/lib/hw/gralloc.jacinto6.so from the current namespace instead.
01-01 00:01:55.974 1419 1514 I OpenGLRenderer: Initialized EGL, version 1.4
01-01 00:01:55.974 1419 1514 D OpenGLRenderer: Swap behavior 1
01-01 00:01:55.974 1419 1514 W OpenGLRenderer: Failed to choose config with EGL_SWAP_BEHAVIOR_PRESERVED, retrying without...
01-01 00:01:55.974 1419 1514 D OpenGLRenderer: Swap behavior 0
01-01 00:01:56.030 1419 1514 I vndksupport: sphal namespace is not configured for this process. Loading /vendor/lib/hw/gralloc.jacinto6.so from the current namespace instead.
01-01 00:01:56.098 319 343 I ActivityManager: Displayed com.android.packageinstaller/.permission.ui.GrantPermissionsActivity: +650ms (total +1s600ms)
01-01 00:01:58.280 319 463 E TaskPersister: File error accessing recents directory (directory doesn't exist?).
01-01 00:02:02.497 217 276 W APM_AudioPolicyManager: getOutput() could not find output for stream 1, samplingRate 0,format 0, channels 3, flags 0
01-01 00:02:02.499 217 276 W APM_AudioPolicyManager: getOutput() could not find output for stream 1, samplingRate 0,format 0, channels 3, flags 0
01-01 00:02:02.502 217 276 W APM_AudioPolicyManager: getOutput() could not find output for stream 1, samplingRate 48000,format 1, channels 3, flags 4
01-01 00:02:02.502 319 444 E AudioTrack: Could not get audio output for session 65, stream type -1, usage 13, sample rate 48000, format 0x1, channel mask 0x3, flags 0x4
01-01 00:02:02.503 319 444 E SoundPool: Error creating AudioTrack
01-01 00:02:02.521 1269 1269 V CAM_PermissionsActivity: onPermissionsResult counts: 1:1
01-01 00:02:02.543 319 574 I ActivityManager: START u0 {cmp=com.android.camera2/com.android.camera.CameraActivity} from uid 10041
01-01 00:02:02.615 1269 1269 V CAM_QuickActivity: START onCreate: Activity = com.android.camera.CameraActivity@d59ede1
01-01 00:02:02.615 1269 1269 V CAM_Profiler: [ 0.000ms][ui] GUARD: CameraActivity.onCreateTasks - START
01-01 00:02:02.615 1269 1269 D CAM_LocationManager: Using legacy location provider.
01-01 00:02:02.620 1269 1269 W SoundPool: Use of stream types is deprecated for operations other than volume control
01-01 00:02:02.620 1269 1269 W SoundPool: See the documentation of SoundPool() for what to use instead with android.media.AudioAttributes to qualify your playback use case
01-01 00:02:02.620 1269 1269 I CAM_OneCamFtrCnfgCrtr: CaptureModule? true
01-01 00:02:02.623 1269 1269 V CAM_Profiler: [ 8.098ms][ui] GUARD: CameraActivity.onCreateTasks - [ 0.014ms] Glide.setup
01-01 00:02:02.626 1269 1269 V CAM_Profiler: [ 11.311ms][ui] GUARD: CameraActivity.onCreateTasks - [ 3.214ms] OneCameraManager.get
01-01 00:02:02.634 179 1479 D CameraHal: (a5eff970) + hardware/ti/dra7xx/camera/CameraProperties.cpp:67 initialize - ENTER
01-01 00:02:02.634 179 1479 D CameraHal: (a5eff970) - hardware/ti/dra7xx/camera/CameraProperties.cpp:67 initialize - EXIT
01-01 00:02:02.634 179 1479 D CameraHal: (a5eff970) + hardware/ti/dra7xx/camera/CameraParameters.cpp:152 getProperties - ENTER
01-01 00:02:02.634 179 1479 D CameraHal: (a5eff970) - hardware/ti/dra7xx/camera/CameraParameters.cpp:163 getProperties - EXIT
01-01 00:02:02.636 179 1479 D CameraHal: (a5eff970) + hardware/ti/dra7xx/camera/CameraProperties.cpp:67 initialize - ENTER
01-01 00:02:02.636 179 1479 D CameraHal: (a5eff970) - hardware/ti/dra7xx/camera/CameraProperties.cpp:67 initialize - EXIT
01-01 00:02:02.637 179 1479 D CameraHal: (a5eff970) + hardware/ti/dra7xx/camera/CameraParameters.cpp:152 getProperties - ENTER
01-01 00:02:02.637 179 1479 D CameraHal: (a5eff970) - hardware/ti/dra7xx/camera/CameraParameters.cpp:163 getProperties - EXIT
01-01 00:02:02.639 1269 1269 V CAM_Profiler: [ 24.167ms][ui] GUARD: CameraActivity.onCreateTasks - [ 3.288ms] computePictureSizes
01-01 00:02:02.681 153 153 W /system/bin/hwservicemanager: getTransportFromManifest: Cannot find entry android.hardware.media.omx@1.0::IOmx in either framework or device manifest, using default transport.
01-01 00:02:02.682 1269 1528 I OMXClient: Treble IOmx obtained
01-01 00:02:02.683 229 562 I OMXMaster: makeComponentInstance(OMX.google.vorbis.decoder) in omx@1.0-service process
01-01 00:02:02.687 229 562 E OMXNodeInstance: getConfig(0xad2285a0:google.vorbis.decoder, ConfigAndroidVendorExtension(0x6f100004)) ERROR: Undefined(0x80001001)
01-01 00:02:02.703 175 175 W /system/bin/hw/android.hidl.allocator@1.0-service: ashmem_create_region(32768) returning hidl_memory(0xaf298820, 32768)
01-01 00:02:02.714 175 175 I chatty : uid=1000(system) allocator@1.0-s identical 6 lines
01-01 00:02:02.715 175 175 W /system/bin/hw/android.hidl.allocator@1.0-service: ashmem_create_region(32768) returning hidl_memory(0xaf298820, 32768)
01-01 00:02:02.721 1269 1269 I CAM_Profiler: [106.326ms][ui] GUARD: CameraActivity.onCreateTasks - [80.229ms] setContentView()
01-01 00:02:02.734 175 175 W /system/bin/hw/android.hidl.allocator@1.0-service: ashmem_create_region(32768) returning hidl_memory(0xaf298820, 32768)
01-01 00:02:02.735 1269 1269 V CAM_Profiler: [119.952ms][ui] GUARD: CameraActivity.onCreateTasks - [13.626ms] Configure Camera UI
01-01 00:02:02.736 175 175 W /system/bin/hw/android.hidl.allocator@1.0-service: ashmem_create_region(32768) returning hidl_memory(0xaf298820, 32768)
01-01 00:02:02.738 175 175 W /system/bin/hw/android.hidl.allocator@1.0-service: ashmem_create_region(32768) returning hidl_memory(0xaf298820, 32768)
01-01 00:02:02.738 1269 1269 V CAM_CameraController: Closing camera
01-01 00:02:02.739 175 175 W /system/bin/hw/android.hidl.allocator@1.0-service: ashmem_create_region(32768) returning hidl_memory(0xaf298820, 32768)
01-01 00:02:02.739 1269 1460 W CAM2PORT_AndCamAgntImp: Releasing camera without any camera opened.
01-01 00:02:02.740 1269 1269 V CAM_ModulesInfo: EnableCaptureModule = true
01-01 00:02:02.740 1269 1269 V CAM_Profiler: [ 0.000ms][ui] GUARD: new CaptureModule - START
01-01 00:02:02.748 1269 1269 V CAM_Profiler: [ 7.148ms][ui] GUARD: new CaptureModule - STOP
01-01 00:02:02.748 1269 1269 V CAM_SettingsManager: listeners: [com.android.camera.app.CameraAppUI@8a649bd]
01-01 00:02:02.751 1269 1269 V CAM_SettingsManager: listeners: [com.android.camera.app.CameraAppUI@8a649bd, com.android.camera.ButtonManager@c060703]
01-01 00:02:02.751 1269 1269 V CAM_SettingsManager: listeners: [com.android.camera.app.CameraAppUI@8a649bd, com.android.camera.ButtonManager@c060703, com.android.camera.widget.IndicatorIconController@872c4b9]
01-01 00:02:02.752 1269 1269 V CAM_Profiler: [136.565ms][ui] GUARD: CameraActivity.onCreateTasks - [ 3.613ms] Init Current Module UI
01-01 00:02:02.753 1269 1269 V CAM_Profiler: [ 0.000ms][ui] GUARD: CaptureModule.init - START
01-01 00:02:02.753 1269 1269 D CAM_CaptureModule: init UseAutotransformUiLayout = false
01-01 00:02:02.771 1269 1269 D CAM_Camera2OneCamMgr: Getting First BACK Camera
01-01 00:02:02.773 179 1479 D CameraHal: (a5eff970) + hardware/ti/dra7xx/camera/CameraProperties.cpp:67 initialize - ENTER
01-01 00:02:02.774 179 1479 D CameraHal: (a5eff970) - hardware/ti/dra7xx/camera/CameraProperties.cpp:67 initialize - EXIT
01-01 00:02:02.774 179 1479 D CameraHal: (a5eff970) + hardware/ti/dra7xx/camera/CameraParameters.cpp:152 getProperties - ENTER
01-01 00:02:02.774 179 1479 D CameraHal: (a5eff970) - hardware/ti/dra7xx/camera/CameraParameters.cpp:163 getProperties - EXIT
01-01 00:02:02.778 1269 1269 E Camera : str: 30000,30000
01-01 00:02:02.779 1269 1269 W LegacyMetadataMapper: No AWB modes supported (HAL bug); defaulting to AWB_MODE_AUTO only
01-01 00:02:02.790 179 1479 D CameraHal: (a5eff970) + hardware/ti/dra7xx/camera/CameraProperties.cpp:67 initialize - ENTER
01-01 00:02:02.793 179 1479 D CameraHal: (a5eff970) - hardware/ti/dra7xx/camera/CameraProperties.cpp:67 initialize - EXIT
01-01 00:02:02.793 179 1479 D CameraHal: (a5eff970) + hardware/ti/dra7xx/camera/CameraParameters.cpp:152 getProperties - ENTER
01-01 00:02:02.793 179 1479 D CameraHal: (a5eff970) - hardware/ti/dra7xx/camera/CameraParameters.cpp:163 getProperties - EXIT
01-01 00:02:02.796 1269 1269 E Camera : str: 30000,30000
01-01 00:02:02.797 1269 1269 W LegacyMetadataMapper: No AWB modes supported (HAL bug); defaulting to AWB_MODE_AUTO only
01-01 00:02:02.812 1269 1269 W SoundPool: Use of stream types is deprecated for operations other than volume control
01-01 00:02:02.812 1269 1269 W SoundPool: See the documentation of SoundPool() for what to use instead with android.media.AudioAttributes to qualify your playback use case
01-01 00:02:02.815 1269 1269 I CAM_Profiler: [ 62.100ms][ui] GUARD: CaptureModule.init - STOP
01-01 00:02:02.815 1269 1269 I CAM_Profiler: [200.285ms][ui] GUARD: CameraActivity.onCreateTasks - [63.719ms] Init CurrentModule
01-01 00:02:02.820 1269 1269 I CAM_Profiler: [205.441ms][ui] GUARD: CameraActivity.onCreateTasks - STOP
01-01 00:02:02.821 1269 1269 V CAM_QuickActivity: END onCreate: Activity = com.android.camera.CameraActivity@d59ede1
01-01 00:02:02.822 1269 1269 V CAM_QuickActivity: START onStart: Activity = com.android.camera.CameraActivity@d59ede1
01-01 00:02:02.830 1269 1269 V CAM_QuickActivity: END onStart: Activity = com.android.camera.CameraActivity@d59ede1
01-01 00:02:02.831 1269 1269 V CAM_QuickActivity: START onResume: Activity = com.android.camera.CameraActivity@d59ede1
01-01 00:02:02.831 1269 1269 V CAM_QuickActivity: onResume(): isKeyguardLocked() = false
01-01 00:02:02.832 1269 1269 V CAM_QuickActivity: onResume --> onResumeTasks()
01-01 00:02:02.883 1269 1269 V CAM_QuickActivity: END onResume: Activity = com.android.camera.CameraActivity@d59ede1
01-01 00:02:02.916 153 153 W /system/bin/hwservicemanager: getTransportFromManifest: Cannot find entry android.hardware.media.omx@1.0::IOmx in either framework or device manifest, using default transport.
01-01 00:02:02.919 1269 1537 I OMXClient: Treble IOmx obtained
01-01 00:02:02.925 229 541 I OMXMaster: makeComponentInstance(OMX.google.vorbis.decoder) in omx@1.0-service process
01-01 00:02:02.946 153 153 W /system/bin/hwservicemanager: getTransportFromManifest: Cannot find entry android.hardware.media.omx@1.0::IOmx in either framework or device manifest, using default transport.
01-01 00:02:02.947 229 273 E OMXNodeInstance: getConfig(0xad2281e0:google.vorbis.decoder, ConfigAndroidVendorExtension(0x6f100004)) ERROR: Undefined(0x80001001)
01-01 00:02:02.953 1269 1539 I OMXClient: Treble IOmx obtained
01-01 00:02:02.957 229 541 I OMXMaster: makeComponentInstance(OMX.google.vorbis.decoder) in omx@1.0-service process
01-01 00:02:02.960 175 175 W /system/bin/hw/android.hidl.allocator@1.0-service: ashmem_create_region(32768) returning hidl_memory(0xaf298820, 32768)
01-01 00:02:02.961 229 562 E OMXNodeInstance: getConfig(0xad5a31a0:google.vorbis.decoder, ConfigAndroidVendorExtension(0x6f100004)) ERROR: Undefined(0x80001001)
01-01 00:02:02.961 175 175 W /system/bin/hw/android.hidl.allocator@1.0-service: ashmem_create_region(32768) returning hidl_memory(0xaf298820, 32768)
01-01 00:02:02.988 175 175 I chatty : uid=1000(system) allocator@1.0-s identical 13 lines
01-01 00:02:02.989 175 175 W /system/bin/hw/android.hidl.allocator@1.0-service: ashmem_create_region(32768) returning hidl_memory(0xaf298820, 32768)
01-01 00:02:03.021 194 194 D SurfaceFlinger: duplicate layer name: changing com.android.camera2/com.android.camera.CameraActivity to com.android.camera2/com.android.camera.CameraActivity#1
01-01 00:02:03.027 175 175 W /system/bin/hw/android.hidl.allocator@1.0-service: ashmem_create_region(32768) returning hidl_memory(0xaf298820, 32768)
01-01 00:02:03.066 175 175 I chatty : uid=1000(system) allocator@1.0-s identical 6 lines
01-01 00:02:03.067 175 175 W /system/bin/hw/android.hidl.allocator@1.0-service: ashmem_create_region(32768) returning hidl_memory(0xaf298820, 32768)
01-01 00:02:03.120 1269 1269 V CAM_TexViewHelper: onLayoutChange
01-01 00:02:03.122 1269 1269 V CAM_TexViewHelper: updateTransform
01-01 00:02:03.122 1269 1269 V CAM_TexViewHelper: setAspectRatio: 0.0
01-01 00:02:03.123 1269 1269 D CAM_CaptureModule: updatePreviewTransform: 1208 x 800
01-01 00:02:03.126 1269 1269 V CAM_TexViewHelper: setAspectRatio: NaN
01-01 00:02:03.126 1269 1269 V CAM_TexViewHelper: aspect ratio changed from: 0.0
01-01 00:02:03.167 1269 1501 V CAM_CameraDataAdapter: retrieved photo metadata, number of items: 0
01-01 00:02:03.188 1269 1501 V CAM_CameraDataAdapter: retrieved video metadata, number of items: 0
01-01 00:02:03.188 1269 1501 V CAM_CameraDataAdapter: sorting video/photo metadata
01-01 00:02:03.188 1269 1501 V CAM_CameraDataAdapter: sorted video/photo metadata
01-01 00:02:03.228 1269 1269 V CAM_TexViewHelper: updateTransform
01-01 00:02:03.228 1269 1269 V CAM_CameraAppUI: SurfaceTexture is available
01-01 00:02:03.228 1269 1269 D CAM_CaptureModule: onSurfaceTextureAvailable
01-01 00:02:03.228 1269 1269 D CAM_CaptureModule: updatePreviewTransform: 1208 x 800
01-01 00:02:03.230 1269 1269 V CAM_TexViewHelper: setAspectRatio: NaN
01-01 00:02:03.230 1269 1269 V CAM_TexViewHelper: aspect ratio changed from: NaN
01-01 00:02:03.231 1269 1269 I CAM_FocusRingView: Computing center via view bounds.
01-01 00:02:03.267 319 343 I ActivityManager: Displayed com.android.camera2/com.android.camera.CameraActivity: +687ms
01-01 00:02:03.321 1269 1502 D CAM_MemoryQuery: timestamp=122827, availMem=1114, totalMem=1497, totalPSS=22, lastTrimLevel=0, largeMemoryClass=16, nativePSS=5, dalvikPSS=1, otherPSS=15,threshold=144, lowMemory=false
01-01 00:02:03.390 1269 1269 V CAM_CameraDataAdapter: new photos query return num items: 0
01-01 00:02:03.643 1269 1269 V CAM_QuickActivity: START onStop: Activity = com.android.camera.PermissionsActivity@a9d318a
01-01 00:02:03.643 1269 1269 V CAM_QuickActivity: END onStop: Activity = com.android.camera.PermissionsActivity@a9d318a
01-01 00:02:03.643 1269 1269 V CAM_QuickActivity: START onDestroy: Activity = com.android.camera.PermissionsActivity@a9d318a
01-01 00:02:03.643 1269 1269 V CAM_PermissionsActivity: onDestroy: unregistering receivers
01-01 00:02:03.644 1269 1269 V CAM_QuickActivity: END onDestroy: Activity = com.android.camera.PermissionsActivity@a9d318a
01-01 00:02:04.743 217 276 W APM_AudioPolicyManager: getOutput() could not find output for stream 1, samplingRate 0,format 0, channels 3, flags 0
01-01 00:02:04.743 217 276 W APM_AudioPolicyManager: getOutput() could not find output for stream 1, samplingRate 0,format 0, channels 3, flags 0
01-01 00:02:04.744 217 276 W APM_AudioPolicyManager: getOutput() could not find output for stream 1, samplingRate 48000,format 1, channels 3, flags 4
01-01 00:02:04.744 319 444 E AudioTrack: Could not get audio output for session 73, stream type -1, usage 13, sample rate 48000, format 0x1, channel mask 0x3, flags 0x4
01-01 00:02:04.744 319 444 E SoundPool: Error creating AudioTrack
01-01 00:02:04.773 1269 1269 V CAM_Profiler: [ 0.000ms][ui] GUARD: CameraActivity.resume - START
01-01 00:02:04.773 1269 1269 V CAM_CameraActivity: Build info: full_jacinto6evm-userdebug 8.0.0 OPR6.170623.013 eng.rtrk.20171202.204823 test-keys
01-01 00:02:04.784 1269 1269 W OrientationEventListener: Cannot detect sensors. Not enabled
01-01 00:02:04.785 1269 1269 V CAM_Profiler: [ 0.000ms][ui] GUARD: CaptureModule.resume - START
01-01 00:02:04.785 1269 1269 V CAM_Profiler: [ 0.626ms][ui] GUARD: CaptureModule.resume - [ 0.033ms] getRemoteShutterListener.onModuleReady
01-01 00:02:04.787 1269 1269 V CAM_Profiler: [ 1.855ms][ui] GUARD: CaptureModule.resume - [ 0.211ms] initSurfaceTextureConsumer
01-01 00:02:04.787 1269 1501 V CAM_Profiler: [ 0.000ms] GUARD: CaptureModule.closeCamera() - START
01-01 00:02:04.788 1269 1269 V CAM_Profiler: [ 3.210ms][ui] GUARD: CaptureModule.resume - [ 0.027ms] mHeadingSensor.activate()
01-01 00:02:04.788 1269 1269 V CAM_Profiler: [ 3.210ms][ui] GUARD: CaptureModule.resume - STOP
01-01 00:02:04.788 1269 1269 V CAM_Profiler: [ 15.677ms][ui] GUARD: CameraActivity.resume - [ 3.820ms] mCurrentModule.resume
01-01 00:02:04.789 1269 1269 V CAM_Profiler: [ 16.600ms][ui] GUARD: CameraActivity.resume - [ 0.024ms] mPanoramaViewHelper.onResume()
01-01 00:02:04.789 1269 1269 V CAM_LcyLocProvider: starting location updates
01-01 00:02:04.796 1269 1501 V CAM_Profiler: [ 5.134ms] GUARD: CaptureModule.closeCamera() - [ 5.134ms] mCameraOpenCloseLock.acquire()
01-01 00:02:04.797 1269 1269 D CAM_LcyLocProvider: provider does not exist provider doesn't exist: network
01-01 00:02:04.798 1269 1269 D CAM_LcyLocProvider: provider does not exist provider doesn't exist: gps
01-01 00:02:04.798 1269 1269 D CAM_LcyLocProvider: startReceivingLocationUpdates
01-01 00:02:04.798 1269 1269 I CAM_Profiler: [ 25.590ms][ui] GUARD: CameraActivity.resume - STOP
01-01 00:02:04.804 1269 1501 I CAM_Profiler: [ 16.156ms] GUARD: CaptureModule.closeCamera() - STOP
01-01 00:02:04.805 1269 1269 V CAM_FocusController: configurePreviewDimensions(RectF(NaN, NaN, NaN, NaN))
01-01 00:02:04.805 1269 1269 I CAM_FocusRingView: Computing center via view bounds.
01-01 00:02:04.808 1269 1502 D CAM_Storage: External storage state=mounted
01-01 00:02:04.815 1269 1501 V CAM_Profiler: [ 0.000ms] GUARD: CaptureModule.openCameraAndStartPreview() - START
01-01 00:02:04.816 1269 1501 V CAM_Profiler: [ 11.821ms] GUARD: CaptureModule.openCameraAndStartPreview() - [11.821ms] Acquired mCameraOpenCloseLock
01-01 00:02:04.821 1269 1269 V CAM_CameraActivity: ignoring storage callback after activity pause
01-01 00:02:04.824 1269 1501 D CAM_Camera2OneCamMgr: Getting First BACK Camera
01-01 00:02:04.825 153 153 W /system/bin/hwservicemanager: getTransportFromManifest: Cannot find entry android.hardware.media.omx@1.0::IOmx in either framework or device manifest, using default transport.
01-01 00:02:04.826 1269 1547 I OMXClient: Treble IOmx obtained
01-01 00:02:04.826 229 541 I OMXMaster: makeComponentInstance(OMX.google.vorbis.decoder) in omx@1.0-service process
01-01 00:02:04.832 179 1479 D CameraHal: (a5eff970) + hardware/ti/dra7xx/camera/CameraProperties.cpp:67 initialize - ENTER
01-01 00:02:04.832 179 1479 D CameraHal: (a5eff970) - hardware/ti/dra7xx/camera/CameraProperties.cpp:67 initialize - EXIT
01-01 00:02:04.832 179 1479 D CameraHal: (a5eff970) + hardware/ti/dra7xx/camera/CameraParameters.cpp:152 getProperties - ENTER
01-01 00:02:04.832 179 1479 D CameraHal: (a5eff970) - hardware/ti/dra7xx/camera/CameraParameters.cpp:163 getProperties - EXIT
01-01 00:02:04.834 229 541 E OMXNodeInstance: getConfig(0xad2281e0:google.vorbis.decoder, ConfigAndroidVendorExtension(0x6f100004)) ERROR: Undefined(0x80001001)
01-01 00:02:04.837 175 175 W /system/bin/hw/android.hidl.allocator@1.0-service: ashmem_create_region(32768) returning hidl_memory(0xaf298820, 32768)
01-01 00:02:04.845 175 175 I chatty : uid=1000(system) allocator@1.0-s identical 6 lines
01-01 00:02:04.846 175 175 W /system/bin/hw/android.hidl.allocator@1.0-service: ashmem_create_region(32768) returning hidl_memory(0xaf298820, 32768)
01-01 00:02:04.855 1269 1501 E Camera : str: 30000,30000
01-01 00:02:04.856 1269 1501 W LegacyMetadataMapper: No AWB modes supported (HAL bug); defaulting to AWB_MODE_AUTO only
01-01 00:02:04.857 175 175 W /system/bin/hw/android.hidl.allocator@1.0-service: ashmem_create_region(32768) returning hidl_memory(0xaf298820, 32768)
01-01 00:02:04.858 175 175 I chatty : uid=1000(system) allocator@1.0-s identical 2 lines
01-01 00:02:04.859 175 175 W /system/bin/hw/android.hidl.allocator@1.0-service: ashmem_create_region(32768) returning hidl_memory(0xaf298820, 32768)
01-01 00:02:04.868 1269 1501 I CAM_OneCamera1Opnr: Opening Camera: CameraId{Api2='0',Api1:0}
01-01 00:02:04.868 1269 1501 V CAM_ActvCamDevTrckr: Tracking active camera: null
01-01 00:02:04.870 179 1479 D CameraHal: (a5eff970) + hardware/ti/dra7xx/camera/CameraProperties.cpp:67 initialize - ENTER
01-01 00:02:04.870 179 1479 D CameraHal: (a5eff970) - hardware/ti/dra7xx/camera/CameraProperties.cpp:67 initialize - EXIT
01-01 00:02:04.870 179 1479 D CameraHal: (a5eff970) + hardware/ti/dra7xx/camera/CameraParameters.cpp:152 getProperties - ENTER
01-01 00:02:04.870 179 1479 D CameraHal: (a5eff970) - hardware/ti/dra7xx/camera/CameraParameters.cpp:163 getProperties - EXIT
01-01 00:02:04.872 1269 1501 E Camera : str: 30000,30000
01-01 00:02:04.874 1269 1501 W LegacyMetadataMapper: No AWB modes supported (HAL bug); defaulting to AWB_MODE_AUTO only
01-01 00:02:04.884 1269 1501 I CameraManager: Using legacy camera HAL.
01-01 00:02:04.887 218 1492 I CameraService: CameraService::connect call (PID -1 "com.android.camera2", camera ID 0) for HAL version default and Camera API version 1
01-01 00:02:04.890 179 1479 D CameraHal: (a5eff970) + hardware/ti/dra7xx/camera/CameraProperties.cpp:67 initialize - ENTER
01-01 00:02:04.890 179 1479 D CameraHal: (a5eff970) - hardware/ti/dra7xx/camera/CameraProperties.cpp:67 initialize - EXIT
01-01 00:02:04.890 179 1479 D CameraHal: (a5eff970) + hardware/ti/dra7xx/camera/CameraParameters.cpp:152 getProperties - ENTER
01-01 00:02:04.890 179 1479 D CameraHal: (a5eff970) - hardware/ti/dra7xx/camera/CameraParameters.cpp:163 getProperties - EXIT
01-01 00:02:04.891 226 1440 D NuPlayerDriver: NuPlayerDriver(0xa7eb21c0) created, clientPid(218)
01-01 00:02:04.896 153 153 W /system/bin/hwservicemanager: getTransportFromManifest: Cannot find entry android.hardware.media.omx@1.0::IOmx in either framework or device manifest, using default transport.
01-01 00:02:04.918 226 1552 D NuPlayerDriver: notifyListener_l(0xa7eb21c0), (1, 0, 0, -1), loop setting(0, 0)
01-01 00:02:04.919 226 1440 D NuPlayerDriver: NuPlayerDriver(0xa65b0930) created, clientPid(218)
01-01 00:02:04.920 153 153 W /system/bin/hwservicemanager: getTransportFromManifest: Cannot find entry android.hardware.media.omx@1.0::IOmx in either framework or device manifest, using default transport.
01-01 00:02:04.934 226 1554 D NuPlayerDriver: notifyListener_l(0xa65b0930), (1, 0, 0, -1), loop setting(0, 0)
01-01 00:02:04.935 226 1440 D NuPlayerDriver: NuPlayerDriver(0xa65b0620) created, clientPid(218)
01-01 00:02:04.936 153 153 W /system/bin/hwservicemanager: getTransportFromManifest: Cannot find entry android.hardware.media.omx@1.0::IOmx in either framework or device manifest, using default transport.
01-01 00:02:04.950 226 1556 D NuPlayerDriver: notifyListener_l(0xa65b0620), (1, 0, 0, -1), loop setting(0, 0)
01-01 00:02:04.952 218 1492 I CameraHardwareInterface: Opening camera 0
01-01 00:02:04.952 179 1479 I CamDev@1.0-impl: Opening camera 0
01-01 00:02:04.952 179 1479 D CameraHal: (a5eff970) + hardware/ti/dra7xx/camera/CameraProperties.cpp:67 initialize - ENTER
01-01 00:02:04.952 179 1479 D CameraHal: (a5eff970) - hardware/ti/dra7xx/camera/CameraProperties.cpp:67 initialize - EXIT
01-01 00:02:04.952 179 1479 D CameraHal: (a5eff970) + hardware/ti/dra7xx/camera/CameraParameters.cpp:152 getProperties - ENTER
01-01 00:02:04.952 179 1479 D CameraHal: (a5eff970) - hardware/ti/dra7xx/camera/CameraParameters.cpp:163 getProperties - EXIT
01-01 00:02:04.952 179 1479 E CameraHal: (a5eff970) hardware/ti/dra7xx/camera/CameraHal_Module.cpp:634 camera_device_open - CameraHal_Module: ******************* 1 *******************
01-01 00:02:04.952 179 1479 I CameraHal: (a5eff970) hardware/ti/dra7xx/camera/CameraHal_Module.cpp:638 camera_device_open - camera_device open
01-01 00:02:04.952 179 1479 D CameraHal: (a5eff970) + hardware/ti/dra7xx/camera/CameraProperties.cpp:130 camerasSupported - ENTER
01-01 00:02:04.952 179 1479 D CameraHal: (a5eff970) - hardware/ti/dra7xx/camera/CameraProperties.cpp:130 camerasSupported - EXIT
01-01 00:02:04.952 179 1479 D CameraHal: (a5eff970) + hardware/ti/dra7xx/camera/CameraParameters.cpp:152 getProperties - ENTER
01-01 00:02:04.952 179 1479 D CameraHal: (a5eff970) - hardware/ti/dra7xx/camera/CameraParameters.cpp:163 getProperties - EXIT
01-01 00:02:04.953 179 1479 E CameraHal: (a5eff970) hardware/ti/dra7xx/camera/CameraHal.cpp:131 getSocFamily - '/sys/board_properties/soc/family' Not Available
01-01 00:02:04.953 179 1479 D CameraHal: (a5eff970) + hardware/ti/dra7xx/camera/CameraHal.cpp:3971 CameraHal - ENTER
01-01 00:02:04.953 179 1479 D CameraHal: (a5eff970) - hardware/ti/dra7xx/camera/CameraHal.cpp:4047 CameraHal - EXIT
01-01 00:02:04.953 179 1479 D CameraHal: (a5eff970) + hardware/ti/dra7xx/camera/CameraHal.cpp:4107 initialize - ENTER
01-01 00:02:04.953 179 1479 D CameraHal: (a5eff970) hardware/ti/dra7xx/camera/CameraParameters.cpp:214 dump - ================================
01-01 00:02:04.953 179 1479 D CameraHal: (a5eff970) hardware/ti/dra7xx/camera/CameraParameters.cpp:215 dump - Dumping properties for camera: 0
01-01 00:02:04.953 179 1479 D CameraHal: (a5eff970) hardware/ti/dra7xx/camera/CameraParameters.cpp:220 dump - prop-antibanding-values = auto
01-01 00:02:04.953 179 1479 D CameraHal: (a5eff970) hardware/ti/dra7xx/camera/CameraParameters.cpp:220 dump - prop-camera-name = USBCAMERA
01-01 00:02:04.953 179 1479 D CameraHal: (a5eff970) hardware/ti/dra7xx/camera/CameraParameters.cpp:220 dump - prop-effect-values = none
01-01 00:02:04.953 179 1479 D CameraHal: (a5eff970) hardware/ti/dra7xx/camera/CameraParameters.cpp:220 dump - prop-exposure-mode-values = auto
01-01 00:02:04.953 179 1479 D CameraHal: (a5eff970) hardware/ti/dra7xx/camera/CameraParameters.cpp:220 dump - prop-facing = back
01-01 00:02:04.953 179 1479 D CameraHal: (a5eff970) hardware/ti/dra7xx/camera/CameraParameters.cpp:220 dump - prop-flash-mode-values = off
01-01 00:02:04.953 179 1479 D CameraHal: (a5eff970) hardware/ti/dra7xx/camera/CameraParameters.cpp:220 dump - prop-focal-length = 1
01-01 00:02:04.953 179 1479 D CameraHal: (a5eff970) hardware/ti/dra7xx/camera/CameraParameters.cpp:220 dump - prop-focus-mode-default = fixed
01-01 00:02:04.953 179 1479 D CameraHal: (a5eff970) hardware/ti/dra7xx/camera/CameraParameters.cpp:220 dump - prop-focus-mode-values = fixed
01-01 00:02:04.953 179 1479 D CameraHal: (a5eff970) hardware/ti/dra7xx/camera/CameraParameters.cpp:220 dump - prop-framerate-range-default = 30000,30000
01-01 00:02:04.953 179 1479 D CameraHal: (a5eff970) hardware/ti/dra7xx/camera/CameraParameters.cpp:220 dump - prop-framerate-range-values =
01-01 00:02:04.953 179 1479 D CameraHal: (a5eff970) hardware/ti/dra7xx/camera/CameraParameters.cpp:220 dump - prop-horizontal-angle = 170
01-01 00:02:04.953 179 1479 D CameraHal: (a5eff970) hardware/ti/dra7xx/camera/CameraParameters.cpp:220 dump - prop-ipp-values = ldc-nsf
01-01 00:02:04.953 179 1479 D CameraHal: (a5eff970) hardware/ti/dra7xx/camera/CameraParameters.cpp:220 dump - prop-iso-mode-values = auto
01-01 00:02:04.953 179 1479 D CameraHal: (a5eff970) hardware/ti/dra7xx/camera/CameraParameters.cpp:220 dump - prop-jpeg-quality-default = 90
01-01 00:02:04.953 179 1479 D CameraHal: (a5eff970) hardware/ti/dra7xx/camera/CameraParameters.cpp:220 dump - prop-jpeg-thumbnail-quality-default = 50
01-01 00:02:04.953 179 1479 D CameraHal: (a5eff970) hardware/ti/dra7xx/camera/CameraParameters.cpp:220 dump - prop-jpeg-thumbnail-size-default = 320x240
01-01 00:02:04.953 179 1479 D CameraHal: (a5eff970) hardware/ti/dra7xx/camera/CameraParameters.cpp:220 dump - prop-jpeg-thumbnail-size-values = 0x0,320x240
01-01 00:02:04.953 179 1479 D CameraHal: (a5eff970) hardware/ti/dra7xx/camera/CameraParameters.cpp:220 dump - prop-max-fd-hw-faces = 0
01-01 00:02:04.953 179 1479 D CameraHal: (a5eff970) hardware/ti/dra7xx/camera/CameraParameters.cpp:220 dump - prop-orientation = 0
01-01 00:02:04.953 179 1479 D CameraHal: (a5eff970) hardware/ti/dra7xx/camera/CameraParameters.cpp:220 dump - prop-picture-format-default = jpeg
01-01 00:02:04.953 179 1479 D CameraHal: (a5eff970) hardware/ti/dra7xx/camera/CameraParameters.cpp:220 dump - prop-picture-format-values = jpeg
01-01 00:02:04.953 179 1479 D CameraHal: (a5eff970) hardware/ti/dra7xx/camera/CameraParameters.cpp:220 dump - prop-picture-size-default = 1280x720
01-01 00:02:04.953 179 1479 D CameraHal: (a5eff970) hardware/ti/dra7xx/camera/CameraParameters.cpp:220 dump - prop-picture-size-values = 1280x800,1280x720,752x480,640x480,600x400,352x288,320x240
01-01 00:02:04.953 179 1479 D CameraHal: (a5eff970) hardware/ti/dra7xx/camera/CameraParameters.cpp:220 dump - prop-preview-format-default = yuv420sp
01-01 00:02:04.953 179 1479 D CameraHal: (a5eff970) hardware/ti/dra7xx/camera/CameraParameters.cpp:220 dump - prop-preview-format-values = yuv420sp
01-01 00:02:04.953 179 1479 D CameraHal: (a5eff970) hardware/ti/dra7xx/camera/CameraParameters.cpp:220 dump - prop-preview-frame-rate-default = 30
01-01 00:02:04.953 179 1479 D CameraHal: (a5eff970) hardware/ti/dra7xx/camera/CameraParameters.cpp:220 dump - prop-preview-frame-rate-values =
01-01 00:02:04.953 179 1479 D CameraHal: (a5eff970) hardware/ti/dra7xx/camera/CameraParameters.cpp:220 dump - prop-preview-size-default = 1280x720
01-01 00:02:04.953 179 1479 D CameraHal: (a5eff970) hardware/ti/dra7xx/camera/CameraParameters.cpp:220 dump - prop-preview-size-values = 1280x800,1280x720,752x480,640x480,600x400,352x288,320x240
01-01 00:02:04.953 179 1479 D CameraHal: (a5eff970) hardware/ti/dra7xx/camera/CameraParameters.cpp:220 dump - prop-preview-subsampled-size-values = 1280x800,1280x720,752x480,640x480,600x400,352x288,320x240
01-01 00:02:04.953 179 1479 D CameraHal: (a5eff970) hardware/ti/dra7xx/camera/CameraParameters.cpp:220 dump - prop-required-preview-bufs = 8
01-01 00:02:04.953 179 1479 D CameraHal: (a5eff970) hardware/ti/dra7xx/camera/CameraParameters.cpp:220 dump - prop-s3d-prv-frame-layout = none
01-01 00:02:04.953 179 1479 D CameraHal: (a5eff970) hardware/ti/dra7xx/camera/CameraParameters.cpp:220 dump - prop-sensor-index = 0
01-01 00:02:04.954 179 1479 D CameraHal: (a5eff970) hardware/ti/dra7xx/camera/CameraParameters.cpp:220 dump - prop-vertical-angle = 170
01-01 00:02:04.954 179 1479 D CameraHal: (a5eff970) hardware/ti/dra7xx/camera/CameraParameters.cpp:220 dump - prop-vnf-default = false
01-01 00:02:04.954 179 1479 D CameraHal: (a5eff970) hardware/ti/dra7xx/camera/CameraParameters.cpp:220 dump - prop-vstab-default = false
01-01 00:02:04.954 179 1479 D CameraHal: (a5eff970) hardware/ti/dra7xx/camera/CameraParameters.cpp:220 dump - prop-zoom-default = 1
01-01 00:02:04.954 179 1479 D CameraHal: (a5eff970) hardware/ti/dra7xx/camera/CameraParameters.cpp:220 dump - prop-zoom-ratios = 1
01-01 00:02:04.954 179 1479 D CameraHal: (a5eff970) hardware/ti/dra7xx/camera/CameraParameters.cpp:220 dump - prop-zoom-stages = 1
01-01 00:02:04.954 179 1479 D CameraHal: (a5eff970) hardware/ti/dra7xx/camera/CameraParameters.cpp:220 dump - prop-zoom-supported = false
01-01 00:02:04.954 179 1479 D CameraHal: (a5eff970) hardware/ti/dra7xx/camera/CameraParameters.cpp:220 dump - sensor-orientation = 0
01-01 00:02:04.954 179 1479 D CameraHal: (a5eff970) hardware/ti/dra7xx/camera/CameraParameters.cpp:223 dump - --------------------------------
01-01 00:02:04.954 179 1479 D CameraHal: (a5eff970) hardware/ti/dra7xx/camera/CameraHal.cpp:4146 initialize - Sensor index= 0; Sensor name= USBCAMERA
01-01 00:02:04.954 179 1479 D CameraHal: (a5eff970) + hardware/ti/dra7xx/camera/V4LCameraAdapter/V4LCameraAdapter.cpp:1208 V4LCameraAdapter_Factory - ENTER
01-01 00:02:04.954 179 1479 D CameraHal: (a5eff970) + hardware/ti/dra7xx/camera/V4LCameraAdapter/V4LCameraAdapter.cpp:894 V4LCameraAdapter - ENTER
01-01 00:02:04.954 179 1479 E CameraHal: Error while adapter initialization: video capture not supported.
01-01 00:02:04.954 179 1479 E CameraHal: Error while checking driver: Not VPE
01-01 00:02:04.954 179 1479 E CameraHal: Error while adapter initialization: video capture not supported.
01-01 00:02:04.954 179 1479 E CameraHal: Found VPE M2M device /dev/video0!!!
01-01 00:02:04.954 179 1479 D CameraHal: (a5eff970) - hardware/ti/dra7xx/camera/V4LCameraAdapter/V4LCameraAdapter.cpp:912 V4LCameraAdapter - EXIT
01-01 00:02:04.954 179 1479 D CameraHal: (a5eff970) hardware/ti/dra7xx/camera/V4LCameraAdapter/V4LCameraAdapter.cpp:1212 V4LCameraAdapter_Factory - New V4L Camera adapter instance created for sensor 0
01-01 00:02:04.954 179 1479 D CameraHal: (a5eff970) - hardware/ti/dra7xx/camera/V4LCameraAdapter/V4LCameraAdapter.cpp:1217 V4LCameraAdapter_Factory - EXIT
01-01 00:02:04.954 179 1479 D CameraHal: (a5eff970) + hardware/ti/dra7xx/camera/V4LCameraAdapter/V4LCameraAdapter.cpp:305 initialize - ENTER
01-01 00:02:04.955 179 1479 D CameraHal: (a5eff970) - hardware/ti/dra7xx/camera/V4LCameraAdapter/V4LCameraAdapter.cpp:361 initialize - EXIT
01-01 00:02:04.955 179 1479 D CameraHal: (a5eff970) + hardware/ti/dra7xx/camera/BaseCameraAdapter.cpp:126 registerImageReleaseCallback - ENTER
01-01 00:02:04.955 179 1479 D CameraHal: (a5eff970) - hardware/ti/dra7xx/camera/BaseCameraAdapter.cpp:131 registerImageReleaseCallback - EXIT
01-01 00:02:04.955 179 1479 D CameraHal: (a5eff970) + hardware/ti/dra7xx/camera/BaseCameraAdapter.cpp:140 registerEndCaptureCallback - ENTER
01-01 00:02:04.955 179 1479 D CameraHal: (a5eff970) - hardware/ti/dra7xx/camera/BaseCameraAdapter.cpp:145 registerEndCaptureCallback - EXIT
01-01 00:02:04.955 179 1479 D CameraHal: (a5eff970) + hardware/ti/dra7xx/camera/AppCallbackNotifier.cpp:38 initialize - ENTER
01-01 00:02:04.955 179 1479 D CameraHal: (a5eff970) - hardware/ti/dra7xx/camera/AppCallbackNotifier.cpp:70 initialize - EXIT
01-01 00:02:04.955 179 1479 D CameraHal: (a5eff970) + hardware/ti/dra7xx/camera/AppCallbackNotifier.cpp:1257 setEventProvider - ENTER
01-01 00:02:04.955 179 1479 D CameraHal: (a5eff970) + hardware/ti/dra7xx/camera/CameraHalUtilClasses.cpp:87 enableEventNotification - ENTER
01-01 00:02:04.955 179 1479 D CameraHal: (a5eff970) + hardware/ti/dra7xx/camera/BaseCameraAdapter.cpp:176 enableMsgType - ENTER
01-01 00:02:04.955 179 1479 V CameraHal: (a5eff970) hardware/ti/dra7xx/camera/BaseCameraAdapter.cpp:215 enableMsgType - Event message type id=0xffff subscription request
01-01 00:02:04.955 179 1479 D CameraHal: (a5eff970) - hardware/ti/dra7xx/camera/BaseCameraAdapter.cpp:229 enableMsgType - EXIT
01-01 00:02:04.955 179 1479 D CameraHal: (a5eff970) - hardware/ti/dra7xx/camera/CameraHalUtilClasses.cpp:97 enableEventNotification - EXIT
01-01 00:02:04.955 179 1479 D CameraHal: (a5eff970) - hardware/ti/dra7xx/camera/AppCallbackNotifier.cpp:1272 setEventProvider - EXIT
01-01 00:02:04.955 179 1479 D CameraHal: (a5eff970) + hardware/ti/dra7xx/camera/AppCallbackNotifier.cpp:1277 setFrameProvider - ENTER
01-01 00:02:04.955 179 1479 D CameraHal: (a5eff970) + hardware/ti/dra7xx/camera/CameraHalUtilClasses.cpp:33 enableFrameNotification - ENTER
01-01 00:02:04.955 179 1479 D CameraHal: (a5eff970) + hardware/ti/dra7xx/camera/BaseCameraAdapter.cpp:176 enableMsgType - ENTER
01-01 00:02:04.955 179 1479 V CameraHal: (a5eff970) hardware/ti/dra7xx/camera/BaseCameraAdapter.cpp:183 enableMsgType - Frame message type id=0x8 subscription request
01-01 00:02:04.955 179 1479 D CameraHal: (a5eff970) - hardware/ti/dra7xx/camera/BaseCameraAdapter.cpp:229 enableMsgType - EXIT
01-01 00:02:04.955 179 1479 D CameraHal: (a5eff970) - hardware/ti/dra7xx/camera/CameraHalUtilClasses.cpp:43 enableFrameNotification - EXIT
01-01 00:02:04.955 179 1479 D CameraHal: (a5eff970) + hardware/ti/dra7xx/camera/CameraHalUtilClasses.cpp:33 enableFrameNotification - ENTER
01-01 00:02:04.955 179 1479 D CameraHal: (a5eff970) + hardware/ti/dra7xx/camera/BaseCameraAdapter.cpp:176 enableMsgType - ENTER
01-01 00:02:04.955 179 1479 V CameraHal: (a5eff970) hardware/ti/dra7xx/camera/BaseCameraAdapter.cpp:183 enableMsgType - Frame message type id=0x100 subscription request
01-01 00:02:04.955 179 1479 D CameraHal: (a5eff970) - hardware/ti/dra7xx/camera/BaseCameraAdapter.cpp:229 enableMsgType - EXIT
01-01 00:02:04.955 179 1479 D CameraHal: (a5eff970) - hardware/ti/dra7xx/camera/CameraHalUtilClasses.cpp:43 enableFrameNotification - EXIT
01-01 00:02:04.955 179 1479 D CameraHal: (a5eff970) - hardware/ti/dra7xx/camera/AppCallbackNotifier.cpp:1293 setFrameProvider - EXIT
01-01 00:02:04.955 179 1479 D CameraHal: (a5eff970) + hardware/ti/dra7xx/camera/BaseCameraAdapter.cpp:154 setErrorHandler - ENTER
01-01 00:02:04.955 179 1479 D CameraHal: (a5eff970) - hardware/ti/dra7xx/camera/BaseCameraAdapter.cpp:167 setErrorHandler - EXIT
01-01 00:02:04.955 179 1479 D CameraHal: (a5eff970) + hardware/ti/dra7xx/camera/AppCallbackNotifier.cpp:1627 start - ENTER
01-01 00:02:04.955 179 1479 D CameraHal: (a5eff970) hardware/ti/dra7xx/camera/AppCallbackNotifier.cpp:1656 start - --> AppCallbackNotifier NOTIFIER_STARTED
01-01 00:02:04.955 179 1479 D CameraHal: (a5eff970) - hardware/ti/dra7xx/camera/AppCallbackNotifier.cpp:1658 start - EXIT
01-01 00:02:04.955 179 1479 D CameraHal: (a5eff970) hardware/ti/dra7xx/camera/CameraHal.cpp:4215 initialize - Started AppCallbackNotifier..
01-01 00:02:04.955 179 1479 D CameraHal: (a5eff970) + hardware/ti/dra7xx/camera/AppCallbackNotifier.cpp:100 setMeasurements - ENTER
01-01 00:02:04.955 179 1479 D CameraHal: (a5eff970) - hardware/ti/dra7xx/camera/AppCallbackNotifier.cpp:109 setMeasurements - EXIT
01-01 00:02:04.955 179 1479 D CameraHal: (a5eff970) + hardware/ti/dra7xx/camera/CameraHal.cpp:4509 initDefaultParameters - ENTER
01-01 00:02:04.955 179 1479 D CameraHal: (a5eff970) + hardware/ti/dra7xx/camera/CameraHal.cpp:4438 insertSupportedParams - ENTER
01-01 00:02:04.956 179 1479 D CameraHal: (a5eff970) - hardware/ti/dra7xx/camera/CameraHal.cpp:4494 insertSupportedParams - EXIT
01-01 00:02:04.956 179 1479 D CameraHal: (a5eff970) + hardware/ti/dra7xx/camera/CameraHal.cpp:4388 parseResolution - ENTER
01-01 00:02:04.956 179 1479 D CameraHal: (a5eff970) - hardware/ti/dra7xx/camera/CameraHal.cpp:4431 parseResolution - EXIT
01-01 00:02:04.957 179 1479 D CameraHal: (a5eff970) + hardware/ti/dra7xx/camera/CameraHal.cpp:4388 parseResolution - ENTER
01-01 00:02:04.957 179 1479 D CameraHal: (a5eff970) - hardware/ti/dra7xx/camera/CameraHal.cpp:4431 parseResolution - EXIT
01-01 00:02:04.957 179 1479 D CameraHal: (a5eff970) + hardware/ti/dra7xx/camera/CameraHal.cpp:4388 parseResolution - ENTER
01-01 00:02:04.957 179 1479 D CameraHal: (a5eff970) - hardware/ti/dra7xx/camera/CameraHal.cpp:4431 parseResolution - EXIT
01-01 00:02:04.957 179 1479 D CameraHal: (a5eff970) - hardware/ti/dra7xx/camera/CameraHal.cpp:4612 initDefaultParameters - EXIT
01-01 00:02:04.957 179 1479 D CameraHal: (a5eff970) + hardware/ti/dra7xx/camera/CameraHal.cpp:389 setParameters - ENTER
01-01 00:02:04.957 179 1479 D CameraHal: (a5eff970) + hardware/ti/dra7xx/camera/CameraHal.cpp:2579 previewEnabled - ENTER
01-01 00:02:04.957 179 1479 D CameraHal: (a5eff970) - hardware/ti/dra7xx/camera/CameraHal.cpp:2579 previewEnabled - EXIT
01-01 00:02:04.957 179 1479 D CameraHal: (a5eff970) + hardware/ti/dra7xx/camera/CameraHal.cpp:4313 isParameterValid - ENTER
01-01 00:02:04.957 179 1479 D CameraHal: (a5eff970) - hardware/ti/dra7xx/camera/CameraHal.cpp:4337 isParameterValid - EXIT
01-01 00:02:04.957 179 1479 D CameraHal: (a5eff970) hardware/ti/dra7xx/camera/CameraHal.cpp:416 setParameters - PreviewFormat set yuv420sp
01-01 00:02:04.957 179 1479 D CameraHal: (a5eff970) hardware/ti/dra7xx/camera/CameraHal.cpp:577 setParameters - Recording Hint is set to NULL
01-01 00:02:04.957 179 1479 D CameraHal: (a5eff970) + hardware/ti/dra7xx/camera/CameraHal.cpp:2803 resetVideoModeParameters - ENTER
01-01 00:02:04.957 179 1479 D CameraHal: (a5eff970) - hardware/ti/dra7xx/camera/CameraHal.cpp:2818 resetVideoModeParameters - EXIT
01-01 00:02:04.957 179 1479 D CameraHal: (a5eff970) + hardware/ti/dra7xx/camera/CameraHal.cpp:4248 isResolutionValid - ENTER
01-01 00:02:04.957 179 1479 D CameraHal: (a5eff970) + hardware/ti/dra7xx/camera/CameraHal.cpp:4313 isParameterValid - ENTER
01-01 00:02:04.957 179 1479 D CameraHal: (a5eff970) - hardware/ti/dra7xx/camera/CameraHal.cpp:4337 isParameterValid - EXIT
01-01 00:02:04.957 179 1479 D CameraHal: (a5eff970) - hardware/ti/dra7xx/camera/CameraHal.cpp:4264 isResolutionValid - EXIT
01-01 00:02:04.957 179 1479 D CameraHal: (a5eff970) hardware/ti/dra7xx/camera/CameraHal.cpp:598 setParameters - Preview Resolution: 1280 x 720
01-01 00:02:04.957 179 1479 D CameraHal: (a5eff970) + hardware/ti/dra7xx/camera/CameraHal.cpp:4313 isParameterValid - ENTER
01-01 00:02:04.957 179 1479 D CameraHal: (a5eff970) - hardware/ti/dra7xx/camera/CameraHal.cpp:4337 isParameterValid - EXIT
01-01 00:02:04.957 179 1479 D CameraHal: (a5eff970) hardware/ti/dra7xx/camera/CameraHal.cpp:602 setParameters - Focus mode set fixed
01-01 00:02:04.957 179 1479 D CameraHal: (a5eff970) + hardware/ti/dra7xx/camera/CameraHal.cpp:4248 isResolutionValid - ENTER
01-01 00:02:04.957 179 1479 D CameraHal: (a5eff970) + hardware/ti/dra7xx/camera/CameraHal.cpp:4313 isParameterValid - ENTER
