01-01 00:01:33.712 1192 1192 I ContactsProvider: Locale has changed from null to [en_US]
01-01 00:01:33.712 1192 1192 I ContactsDatabaseHelper: Switching to locale [en_US] (ICU v58.2)
01-01 00:01:33.815 1192 1192 I ContactsDatabaseHelper: Locale change completed in 102ms
01-01 00:01:33.816 1192 1192 I ContactsDatabaseHelper: Switching to locale [en_US] (ICU v58.2)
01-01 00:01:33.833 1192 1210 I ContactDirectoryManager: deleted 0 stale rows which don't have any relevant directory
01-01 00:01:33.836 1192 1210 I ContactDirectoryManager: Discovered 0 contact directories in 76ms
01-01 00:01:33.838 1192 1210 I ContactsProvider: Locale has changed from null to [en_US]
01-01 00:01:33.874 1192 1210 I ContactsDatabaseHelper: Switching to locale [en_US] (ICU v58.2)
01-01 00:01:34.662 1192 1192 I ContactsDatabaseHelper: Locale change completed in 845ms
01-01 00:01:34.723 319 980 I PreBootBroadcaster: Pre-boot of {com.android.providers.media/com.android.providers.media.MediaUpgradeReceiver} for user 0
01-01 00:01:34.726 319 319 D ZenLog : disable_effects: 0|android|13|PreBootBroadcaster|1000,booleanState
01-01 00:01:34.758 1192 1210 I ContactsDatabaseHelper: Locale change completed in 884ms
01-01 00:01:34.779 982 982 I MediaUpgradeReceiver: ---> Start upgrade of media database external.db
01-01 00:01:34.827 1192 1210 I ContactsFTS: Rebuild contact search index in 22ms, 0 contacts
01-01 00:01:34.832 982 982 I MediaUpgradeReceiver: <--- Finished upgrade of media database external.db in 57ms
01-01 00:01:34.832 319 574 I PreBootBroadcaster: Pre-boot of {com.android.settings/com.android.settings.SettingsInitialize} for user 0
01-01 00:01:34.834 319 319 D ZenLog : disable_effects: 0|android|13|PreBootBroadcaster|1000,booleanState
01-01 00:01:34.839 319 980 D PackageManager: Ephemeral installer not found with new action; try old one
01-01 00:01:34.839 319 980 D PackageManager: Clear ephemeral installer activity
01-01 00:01:34.840 319 980 I ActivityManager: Sending BOOT_COMPLETE user #0
01-01 00:01:34.888 573 573 W CAR.SERVICE: Starting...
01-01 00:01:34.891 319 319 I Telecom : DefaultDialerCache: Refreshing default dialer for user 0: now null: DDC.oR@ABE
01-01 00:01:34.894 319 1227 E BootReceiver: Error reading /data/system/last-header.txt
01-01 00:01:34.894 319 1227 E BootReceiver: java.io.FileNotFoundException: /data/system/last-header.txt (No such file or directory)
01-01 00:01:34.894 319 1227 E BootReceiver: at java.io.FileInputStream.open0(Native Method)
01-01 00:01:34.894 319 1227 E BootReceiver: at java.io.FileInputStream.open(FileInputStream.java:200)
01-01 00:01:34.894 319 1227 E BootReceiver: at java.io.FileInputStream.(FileInputStream.java:150)
01-01 00:01:34.894 319 1227 E BootReceiver: at android.os.FileUtils.readTextFile(FileUtils.java:262)
01-01 00:01:34.894 319 1227 E BootReceiver: at com.android.server.BootReceiver.getPreviousBootHeaders(BootReceiver.java:144)
01-01 00:01:34.894 319 1227 E BootReceiver: at com.android.server.BootReceiver.getBootHeadersToLogAndUpdate(BootReceiver.java:166)
01-01 00:01:34.894 319 1227 E BootReceiver: at com.android.server.BootReceiver.logBootEvents(BootReceiver.java:186)
01-01 00:01:34.894 319 1227 E BootReceiver: at com.android.server.BootReceiver.-wrap2(Unknown Source:0)
01-01 00:01:34.894 319 1227 E BootReceiver: at com.android.server.BootReceiver$1.run(BootReceiver.java:116)
01-01 00:01:34.899 319 1227 I RecoverySystem: No recovery log file
01-01 00:01:34.899 319 1227 I BootReceiver: No existing last log timestamp file /data/system/log-files.xml; starting empty
01-01 00:01:34.904 593 593 D CarrierConfigLoader: mHandler: 13 phoneId: 0
01-01 00:01:34.909 1192 1210 I ContactsProvider: Upgrading aggregation algorithm
01-01 00:01:34.916 483 490 I zygote : Do partial code cache collection, code=121KB, data=93KB
01-01 00:01:34.917 483 490 I zygote : After code cache collection, code=121KB, data=93KB
01-01 00:01:34.917 483 490 I zygote : Increasing code cache capacity to 512KB
01-01 00:01:34.922 319 574 I ActivityManager: Start proc 1229:com.android.calendar/u0a37 for broadcast com.android.calendar/.UpgradeReceiver
01-01 00:01:34.925 319 1227 I BootReceiver: Copying audit failures to DropBox
01-01 00:01:34.926 319 1227 I BootReceiver: Checking for fsck errors
01-01 00:01:34.927 319 1227 I BootReceiver: fs_stat, partition:cache stat:0x1
01-01 00:01:34.927 319 1227 I BootReceiver: fs_stat, partition:userdata stat:0x1
01-01 00:01:34.931 1192 1210 I ContactAggregator: Marked all visible contacts for aggregation: 0 raw contacts, 2 ms
01-01 00:01:34.939 1192 1210 I ContactsProvider: Aggregation algorithm upgraded for 0 raw contacts in 30ms
01-01 00:01:34.989 178 178 I android.hardwar: type=1400 audit(0.0:51): avc: denied { accept } for lport=33452 scontext=u:r:hal_vehicle_default:s0 tcontext=u:r:hal_vehicle_default:s0 tclass=tcp_socket permissive=1
01-01 00:01:35.112 1229 1229 D ExtensionsFactory: No custom extensions.
01-01 00:01:35.117 319 574 D PackageManager: Ephemeral installer not found with new action; try old one
01-01 00:01:35.117 319 574 D PackageManager: Clear ephemeral installer activity
01-01 00:01:35.164 319 574 I ActivityManager: Start proc 1248:android.car.usb.handler/u0a9 for broadcast android.car.usb.handler/.BootUsbScanner
01-01 00:01:35.250 1248 1248 D UsbDeviceConnectionJNI: close
01-01 00:01:35.254 1229 1229 D AlertReceiver: onReceive: a=android.intent.action.BOOT_COMPLETED Intent { act=android.intent.action.BOOT_COMPLETED flg=0x9000010 cmp=com.android.calendar/.alerts.AlertReceiver (has extras) }
01-01 00:01:35.271 319 574 I ActivityManager: Start proc 1269:com.android.camera2/u0a41 for broadcast com.android.camera2/com.android.camera.DisableCameraReceiver
01-01 00:01:35.273 1229 1267 D AlertService: 0 Action = android.intent.action.BOOT_COMPLETED
01-01 00:01:35.276 1229 1267 D AlertService: Scheduling next alarm with AlarmScheduler. sEventReminderReceived: null
01-01 00:01:35.309 1229 1267 D AlarmScheduler: No events found starting within 1 week.
01-01 00:01:35.388 1269 1269 V CAM_Profiler: [ 0.000ms][ui] GUARD: CameraApp onCreate() - START
01-01 00:01:35.389 1269 1269 V CAM_Profiler: [ 0.000ms][ui] GUARD: FirstRunDetector getTimeOfFirstRun - START
01-01 00:01:35.410 1269 1269 I CAM_Profiler: [ 21.286ms][ui] GUARD: FirstRunDetector getTimeOfFirstRun - [21.286ms] PreferenceManager.getDefaultSharedPreferences
01-01 00:01:35.411 1269 1269 V CAM_Profiler: [ 21.969ms][ui] GUARD: FirstRunDetector getTimeOfFirstRun - [ 0.683ms] preferences.getLong
01-01 00:01:35.411 1269 1269 V CAM_Profiler: [ 22.554ms][ui] GUARD: FirstRunDetector getTimeOfFirstRun - [ 0.585ms] getSharedPreferences
01-01 00:01:35.413 1269 1269 V CAM_Profiler: [ 24.306ms][ui] GUARD: FirstRunDetector getTimeOfFirstRun - [ 1.752ms] preferences.edit()
01-01 00:01:35.413 1269 1269 I CAM_Profiler: [ 24.566ms][ui] GUARD: FirstRunDetector getTimeOfFirstRun - STOP
01-01 00:01:35.413 1269 1269 I CAM_Profiler: [ 27.082ms][ui] GUARD: CameraApp onCreate() - [27.082ms] initializeTimeOfFirstRun
01-01 00:01:35.414 1269 1269 V CAM_Profiler: [ 27.436ms][ui] GUARD: CameraApp onCreate() - [ 0.354ms] UsageStatistics.initialize
01-01 00:01:35.416 1269 1269 V CAM_Profiler: [ 29.168ms][ui] GUARD: CameraApp onCreate() - [ 1.732ms] clearNotifications
01-01 00:01:35.416 1269 1269 I CAM_Profiler: [ 29.168ms][ui] GUARD: CameraApp onCreate() - STOP
01-01 00:01:35.419 179 179 D CameraHal: (a7bb54a8) + hardware/ti/dra7xx/camera/CameraProperties.cpp:67 initialize - ENTER
01-01 00:01:35.420 179 179 D CameraHal: (a7bb54a8) - hardware/ti/dra7xx/camera/CameraProperties.cpp:67 initialize - EXIT
01-01 00:01:35.420 179 179 D CameraHal: (a7bb54a8) + hardware/ti/dra7xx/camera/CameraParameters.cpp:152 getProperties - ENTER
01-01 00:01:35.420 179 179 D CameraHal: (a7bb54a8) - hardware/ti/dra7xx/camera/CameraParameters.cpp:163 getProperties - EXIT
01-01 00:01:35.421 1269 1269 I CAM_DisableCamRcver: back camera found: 0
01-01 00:01:35.421 319 331 D PackageManager: Ephemeral installer not found with new action; try old one
01-01 00:01:35.421 319 331 D PackageManager: Clear ephemeral installer activity
01-01 00:01:35.454 319 331 I ActivityManager: Start proc 1292:com.android.car.messenger/u0a6 for broadcast com.android.car.messenger/.MessengerReceiver
01-01 00:01:35.521 933 1307 D OpenGLRenderer: HWUI GL Pipeline
01-01 00:01:35.547 319 574 I ActivityManager: Start proc 1311:com.android.contacts/u0a13 for broadcast com.android.contacts/.interactions.OnBootOrUpgradeReceiver
01-01 00:01:35.641 933 1307 I vndksupport: sphal namespace is not configured for this process. Loading /vendor/lib/hw/gralloc.jacinto6.so from the current namespace instead.
01-01 00:01:35.651 933 1307 E IMGSRV : :0: PVRSRVOpenDCDevice: Error - 138 returned
01-01 00:01:35.656 933 1307 I vndksupport: sphal namespace is not configured for this process. Loading /vendor/lib/hw/gralloc.jacinto6.so from the current namespace instead.
01-01 00:01:35.665 933 1307 I OpenGLRenderer: Initialized EGL, version 1.4
01-01 00:01:35.665 933 1307 D OpenGLRenderer: Swap behavior 1
01-01 00:01:35.665 933 1307 W OpenGLRenderer: Failed to choose config with EGL_SWAP_BEHAVIOR_PRESERVED, retrying without...
01-01 00:01:35.665 933 1307 D OpenGLRenderer: Swap behavior 0
01-01 00:01:35.669 319 980 I ActivityManager: Start proc 1328:com.svox.pico/u0a57 for service com.svox.pico/.PicoService
01-01 00:01:35.670 1292 1292 I TextToSpeech: Sucessfully bound to com.svox.pico
01-01 00:01:35.672 1292 1292 E BluetoothAdapter: Bluetooth binder is null
01-01 00:01:35.672 1292 1292 E MessengerService: BluetoothAdapter is null! Internal error?
01-01 00:01:35.691 194 194 D SurfaceFlinger: duplicate layer name: changing to #1
01-01 00:01:35.718 194 194 D SurfaceFlinger: duplicate layer name: changing to #2
01-01 00:01:35.748 194 194 D SurfaceFlinger: duplicate layer name: changing to #3
01-01 00:01:35.789 319 980 W Binder : Outgoing transactions from this process must be FLAG_ONEWAY
01-01 00:01:35.789 319 980 W Binder : java.lang.Throwable
01-01 00:01:35.789 319 980 W Binder : at android.os.BinderProxy.transact(Binder.java:736)
01-01 00:01:35.789 319 980 W Binder : at android.content.ContentProviderProxy.getType(ContentProviderNative.java:451)
01-01 00:01:35.789 319 980 W Binder : at com.android.server.am.ActivityManagerService.getProviderMimeType(ActivityManagerService.java:12097)
01-01 00:01:35.789 319 980 W Binder : at android.app.IActivityManager$Stub.onTransact(IActivityManager.java:1799)
01-01 00:01:35.789 319 980 W Binder : at com.android.server.am.ActivityManagerService.onTransact(ActivityManagerService.java:2935)
01-01 00:01:35.789 319 980 W Binder : at android.os.Binder.execTransact(Binder.java:674)
01-01 00:01:35.791 1328 1328 V SynthProxy: About to load libttspico.so, applyFilter=true
01-01 00:01:35.791 933 1307 I vndksupport: sphal namespace is not configured for this process. Loading /vendor/lib/hw/gralloc.jacinto6.so from the current namespace instead.
01-01 00:01:35.794 857 857 I AlarmClock: AlarmInitReceiver android.intent.action.BOOT_COMPLETED
01-01 00:01:35.810 857 1067 I AlarmClock: Fixing alarm instances
01-01 00:01:35.819 857 1067 V AlarmClock: AlarmInitReceiver finished
01-01 00:01:35.889 319 574 W ActivityManager: Slow operation: 57ms so far, now at startProcess: returned from zygote!
01-01 00:01:35.890 319 574 W ActivityManager: Slow operation: 58ms so far, now at startProcess: done updating battery stats
01-01 00:01:35.890 319 574 W ActivityManager: Slow operation: 58ms so far, now at startProcess: building log message
01-01 00:01:35.890 319 574 I ActivityManager: Start proc 1352:com.android.email/u0a49 for broadcast com.android.email/.service.EmailUpgradeBroadcastReceiver
01-01 00:01:35.890 319 574 W ActivityManager: Slow operation: 58ms so far, now at startProcess: starting to update pids map
01-01 00:01:35.890 319 574 W ActivityManager: Slow operation: 58ms so far, now at startProcess: done updating pids map
01-01 00:01:35.890 319 574 W ActivityManager: Slow operation: 58ms so far, now at startProcess: done starting proc!
01-01 00:01:36.002 1328 1328 I SVOX Pico Engine: loaded en-US successfully
01-01 00:01:36.005 1292 1292 I TextToSpeech: Connected to ComponentInfo{com.svox.pico/com.svox.pico.PicoService}
01-01 00:01:36.010 1292 1372 I TextToSpeech: Set up connection to ComponentInfo{com.svox.pico/com.svox.pico.PicoService}
01-01 00:01:36.105 319 574 W ActivityManager: Unable to start service Intent { act=com.android.email.EXCHANGE_INTENT pkg=com.android.exchange } U=0: not found
01-01 00:01:36.153 1352 1374 D ActivityThread: Loading provider com.android.email.provider;com.android.email.notifier: com.android.email.provider.EmailProvider
01-01 00:01:36.156 319 574 W ActivityManager: Unable to start service Intent { act=com.android.email.EXCHANGE_INTENT pkg=com.android.exchange } U=0: not found
01-01 00:01:36.157 1352 1375 D ActivityThread: Loading provider com.android.email.provider;com.android.email.notifier: com.android.email.provider.EmailProvider
01-01 00:01:36.158 319 574 W ActivityManager: Unable to start service Intent { act=com.android.email.EXCHANGE_INTENT pkg=com.android.exchange } U=0: not found
01-01 00:01:36.167 1352 1352 D ActivityThread: Loading provider com.android.email.provider;com.android.email.notifier: com.android.email.provider.EmailProvider
01-01 00:01:36.168 319 980 W ActivityManager: Unable to start service Intent { act=com.android.email.EXCHANGE_INTENT pkg=com.android.exchange } U=0: not found
01-01 00:01:36.817 319 574 W ActivityManager: Unable to start service Intent { act=com.android.mail.action.BACKUP_DATA_CHANGED pkg=com.android.email } U=0: not found
01-01 00:01:36.907 1352 1375 W zygote : Long monitor contention with owner main (1352) at int com.google.common.collect.RegularImmutableMap.size()(RegularImmutableMap.java:176) waiters=0 in com.android.mail.preferences.MailPrefs com.android.mail.preferences.MailPrefs.get(android.content.Context) for 738ms
01-01 00:01:36.913 1352 1374 W zygote : Long monitor contention with owner main (1352) at int com.google.common.collect.RegularImmutableMap.size()(RegularImmutableMap.java:176) waiters=1 in com.android.mail.preferences.MailPrefs com.android.mail.preferences.MailPrefs.get(android.content.Context) for 748ms
01-01 00:01:36.916 319 980 D PackageManager: Ephemeral installer not found with new action; try old one
01-01 00:01:36.916 319 980 D PackageManager: Clear ephemeral installer activity
01-01 00:01:36.918 319 980 W ActivityManager: Unable to start service Intent { act=com.android.email.EXCHANGE_INTENT pkg=com.android.exchange } U=0: not found
01-01 00:01:36.920 319 980 D PackageManager: Ephemeral installer not found with new action; try old one
01-01 00:01:36.920 319 980 D PackageManager: Clear ephemeral installer activity
01-01 00:01:36.920 319 980 W ActivityManager: Unable to start service Intent { cmp=com.android.email/.service.AttachmentService } U=0: not found
01-01 00:01:36.921 319 574 D PackageManager: Ephemeral installer not found with new action; try old one
01-01 00:01:36.921 319 574 D PackageManager: Clear ephemeral installer activity
01-01 00:01:36.923 319 574 D PackageManager: Ephemeral installer not found with new action; try old one
01-01 00:01:36.923 319 574 D PackageManager: Clear ephemeral installer activity
01-01 00:01:36.929 1352 1381 I Email : Observing account changes for notifications
01-01 00:01:36.929 319 574 W ActivityManager: Unable to start service Intent { cmp=com.android.email/.service.AttachmentService } U=0: not found
01-01 00:01:36.945 319 574 W ActivityManager: Unable to start service Intent { act=com.android.email.EXCHANGE_INTENT pkg=com.android.exchange } U=0: not found
01-01 00:01:36.947 319 331 D PackageManager: Ephemeral installer not found with new action; try old one
01-01 00:01:36.947 319 331 D PackageManager: Clear ephemeral installer activity
01-01 00:01:36.950 319 574 D PackageManager: Ephemeral installer not found with new action; try old one
01-01 00:01:36.950 319 574 D PackageManager: Clear ephemeral installer activity
01-01 00:01:36.971 319 980 I ActivityManager: Start proc 1384:com.android.gallery3d/u0a51 for broadcast com.android.gallery3d/com.android.camera.DisableCameraReceiver
01-01 00:01:36.971 319 331 W ActivityManager: Unable to start service Intent { cmp=com.android.email/.service.AttachmentService } U=0: not found
01-01 00:01:36.978 319 574 D PackageManager: Ephemeral installer not found with new action; try old one
01-01 00:01:36.978 319 574 D PackageManager: Clear ephemeral installer activity
01-01 00:01:36.982 319 574 W ActivityManager: Unable to start service Intent { cmp=com.android.email/.service.AttachmentService } U=0: not found
01-01 00:01:36.986 319 574 W ActivityManager: Unable to start service Intent { act=com.android.email.EXCHANGE_INTENT pkg=com.android.exchange } U=0: not found
01-01 00:01:36.987 1352 1383 I Email : Onetime initialization: 1
01-01 00:01:36.988 319 331 D PackageManager: Ephemeral installer not found with new action; try old one
01-01 00:01:36.988 319 331 D PackageManager: Clear ephemeral installer activity
01-01 00:01:36.989 1352 1383 I Email : Onetime initialization: 2
01-01 00:01:36.991 1352 1383 I Email : Onetime initialization: completed.
01-01 00:01:37.005 319 574 W ActivityManager: Unable to start service Intent { act=com.android.email.EXCHANGE_INTENT pkg=com.android.exchange } U=0: not found
01-01 00:01:37.006 319 574 D PackageManager: Ephemeral installer not found with new action; try old one
01-01 00:01:37.006 319 574 D PackageManager: Clear ephemeral installer activity
01-01 00:01:37.011 319 331 W ActivityManager: Unable to start service Intent { act=com.android.email.EXCHANGE_INTENT pkg=com.android.exchange } U=0: not found
01-01 00:01:37.013 319 331 W ActivityManager: Unable to start service Intent { act=com.android.email.EXCHANGE_INTENT pkg=com.android.exchange } U=0: not found
01-01 00:01:37.044 1352 1352 E ActivityThread: Service com.android.email.service.EmailBroadcastProcessorService has leaked ServiceConnection com.android.emailcommon.service.ServiceProxy$ProxyConnection@926c043 that was originally bound here
01-01 00:01:37.044 1352 1352 E ActivityThread: android.app.ServiceConnectionLeaked: Service com.android.email.service.EmailBroadcastProcessorService has leaked ServiceConnection com.android.emailcommon.service.ServiceProxy$ProxyConnection@926c043 that was originally bound here
01-01 00:01:37.044 1352 1352 E ActivityThread: at android.app.LoadedApk$ServiceDispatcher.(LoadedApk.java:1514)
01-01 00:01:37.044 1352 1352 E ActivityThread: at android.app.LoadedApk.getServiceDispatcher(LoadedApk.java:1406)
01-01 00:01:37.044 1352 1352 E ActivityThread: at android.app.ContextImpl.bindServiceCommon(ContextImpl.java:1589)
01-01 00:01:37.044 1352 1352 E ActivityThread: at android.app.ContextImpl.bindService(ContextImpl.java:1541)
01-01 00:01:37.044 1352 1352 E ActivityThread: at android.content.ContextWrapper.bindService(ContextWrapper.java:678)
01-01 00:01:37.044 1352 1352 E ActivityThread: at com.android.emailcommon.service.ServiceProxy.setTask(ServiceProxy.java:181)
01-01 00:01:37.044 1352 1352 E ActivityThread: at com.android.emailcommon.service.ServiceProxy.test(ServiceProxy.java:224)
01-01 00:01:37.044 1352 1352 E ActivityThread: at com.android.email.service.EmailServiceUtils.isServiceAvailable(EmailServiceUtils.java:160)
01-01 00:01:37.044 1352 1352 E ActivityThread: at com.android.email.provider.AccountReconciler.reconcileAccountsInternal(AccountReconciler.java:171)
01-01 00:01:37.044 1352 1352 E ActivityThread: at com.android.email.provider.AccountReconciler.reconcileAccounts(AccountReconciler.java:115)
01-01 00:01:37.044 1352 1352 E ActivityThread: at com.android.email.service.EmailBroadcastProcessorService.reconcileAndStartServices(EmailBroadcastProcessorService.java:305)
01-01 00:01:37.044 1352 1352 E ActivityThread: at com.android.email.service.EmailBroadcastProcessorService.onBootCompleted(EmailBroadcastProcessorService.java:295)
01-01 00:01:37.044 1352 1352 E ActivityThread: at com.android.email.service.EmailBroadcastProcessorService.onHandleIntent(EmailBroadcastProcessorService.java:130)
01-01 00:01:37.044 1352 1352 E ActivityThread: at android.app.IntentService$ServiceHandler.handleMessage(IntentService.java:68)
01-01 00:01:37.044 1352 1352 E ActivityThread: at android.os.Handler.dispatchMessage(Handler.java:105)
01-01 00:01:37.044 1352 1352 E ActivityThread: at android.os.Looper.loop(Looper.java:164)
01-01 00:01:37.044 1352 1352 E ActivityThread: at android.os.HandlerThread.run(HandlerThread.java:65)
01-01 00:01:37.045 319 574 W ActivityManager: Unbind failed: could not find connection for android.os.BinderProxy@163e1da
01-01 00:01:37.106 179 179 D CameraHal: (a7bb54a8) + hardware/ti/dra7xx/camera/CameraProperties.cpp:67 initialize - ENTER
01-01 00:01:37.106 179 179 D CameraHal: (a7bb54a8) - hardware/ti/dra7xx/camera/CameraProperties.cpp:67 initialize - EXIT
01-01 00:01:37.106 179 179 D CameraHal: (a7bb54a8) + hardware/ti/dra7xx/camera/CameraParameters.cpp:152 getProperties - ENTER
01-01 00:01:37.106 179 179 D CameraHal: (a7bb54a8) - hardware/ti/dra7xx/camera/CameraParameters.cpp:163 getProperties - EXIT
01-01 00:01:37.108 1384 1384 I G:DisableCameraReceiver: back camera found: 0
01-01 00:01:37.109 319 574 D PackageManager: Ephemeral installer not found with new action; try old one
01-01 00:01:37.109 319 574 D PackageManager: Clear ephemeral installer activity
01-01 00:01:37.129 319 574 I ActivityManager: Start proc 1400:com.android.onetimeinitializer/u0a20 for broadcast com.android.onetimeinitializer/.OneTimeInitializerReceiver
01-01 00:01:37.185 1400 1400 V OneTimeInitializerReceiver: OneTimeInitializerReceiver.onReceive
01-01 00:01:37.213 1400 1417 I OneTimeInitializer: Updating to version 1.
01-01 00:01:37.214 1400 1417 E ActivityThread: Failed to find provider info for com.android.launcher2.settings
01-01 00:01:37.242 319 574 I ActivityManager: Start proc 1419:com.android.packageinstaller/u0a22 for broadcast com.android.packageinstaller/.TemporaryFileManager
01-01 00:01:37.338 593 593 I VvmSimStateTracker: android.intent.action.BOOT_COMPLETED
01-01 00:01:37.505 319 574 I ActivityManager: Finished processing BOOT_COMPLETED for u0
01-01 00:01:37.612 982 1436 E SQLiteLog: (1) no such table: files
01-01 00:01:37.624 982 1436 I MediaScanner: forcing rescan of /system/media/audio/alarms/Alarm_Beep_01.ogg since build fingerprint changed
01-01 00:01:37.640 982 1436 I MediaScanner: forcing rescan of /system/media/audio/alarms/Alarm_Beep_02.ogg since build fingerprint changed
01-01 00:01:37.653 982 1436 I MediaScanner: forcing rescan of /system/media/audio/alarms/Alarm_Beep_03.ogg since build fingerprint changed
01-01 00:01:37.670 982 1436 I MediaScanner: forcing rescan of /system/media/audio/alarms/Alarm_Buzzer.ogg since build fingerprint changed
01-01 00:01:37.683 982 1436 W MediaScanner: forcing rescan of /system/media/audio/alarms/Alarm_Classic.oggsince ringtone setting didn't finish
01-01 00:01:37.702 982 1436 W MediaProvider: Missing volume for /system; assuming invalid
01-01 00:01:37.703 982 1436 W MediaProvider: Missing volume for /system/media; assuming invalid
01-01 00:01:37.705 982 1436 W MediaProvider: Missing volume for /system/media/audio; assuming invalid
01-01 00:01:37.707 982 1436 W MediaProvider: Missing volume for /system/media/audio/alarms; assuming invalid
01-01 00:01:39.070 982 1436 W MediaProvider: Missing volume for /system/media/audio/alarms/Alarm_Beep_01.ogg; assuming invalid
01-01 00:01:39.081 982 1436 W MediaProvider: Missing volume for /system/media/audio/alarms/Alarm_Beep_02.ogg; assuming invalid
01-01 00:01:39.086 226 801 E MetadataRetrieverClient: failed to extract an album art
01-01 00:01:39.090 982 1436 W MediaProvider: Missing volume for /system/media/audio/alarms/Alarm_Beep_03.ogg; assuming invalid
01-01 00:01:39.094 982 1436 W MediaProvider: Missing volume for /system/media/audio/alarms/Alarm_Buzzer.ogg; assuming invalid
01-01 00:01:39.117 982 1436 W MediaProvider: Missing volume for /system/media/audio/alarms/Alarm_Classic.ogg; assuming invalid
01-01 00:01:39.148 982 1436 I MediaScanner: forcing rescan of /system/media/audio/alarms/Alarm_Rooster_02.ogg since build fingerprint changed
01-01 00:01:39.163 982 1436 I MediaScanner: forcing rescan of /system/media/audio/alarms/Argon.ogg since build fingerprint changed
01-01 00:01:39.192 982 1436 I MediaScanner: forcing rescan of /system/media/audio/alarms/Barium.ogg since build fingerprint changed
01-01 00:01:39.214 982 1436 I MediaScanner: forcing rescan of /system/media/audio/alarms/Carbon.ogg since build fingerprint changed
01-01 00:01:39.242 982 1436 I MediaScanner: forcing rescan of /system/media/audio/alarms/Cesium.ogg since build fingerprint changed
01-01 00:01:39.260 982 1436 I MediaScanner: forcing rescan of /system/media/audio/alarms/Fermium.ogg since build fingerprint changed
01-01 00:01:39.287 982 1436 I MediaScanner: forcing rescan of /system/media/audio/alarms/Hassium.ogg since build fingerprint changed
01-01 00:01:39.318 982 1436 I MediaScanner: forcing rescan of /system/media/audio/alarms/Helium.ogg since build fingerprint changed
01-01 00:01:39.348 982 1436 I MediaScanner: forcing rescan of /system/media/audio/alarms/Krypton.ogg since build fingerprint changed
01-01 00:01:39.383 982 1436 I MediaScanner: forcing rescan of /system/media/audio/alarms/Neon.ogg since build fingerprint changed
01-01 00:01:39.417 982 1436 I MediaScanner: forcing rescan of /system/media/audio/alarms/Neptunium.ogg since build fingerprint changed
01-01 00:01:39.442 982 1436 I MediaScanner: forcing rescan of /system/media/audio/alarms/Nobelium.ogg since build fingerprint changed
01-01 00:01:39.472 982 1436 I MediaScanner: forcing rescan of /system/media/audio/alarms/Osmium.ogg since build fingerprint changed
01-01 00:01:39.490 982 1436 I MediaScanner: forcing rescan of /system/media/audio/alarms/Oxygen.ogg since build fingerprint changed
01-01 00:01:39.506 982 1436 I MediaScanner: forcing rescan of /system/media/audio/alarms/Platinum.ogg since build fingerprint changed
01-01 00:01:39.534 982 1436 I MediaScanner: forcing rescan of /system/media/audio/alarms/Plutonium.ogg since build fingerprint changed
01-01 00:01:39.561 982 1436 I MediaScanner: forcing rescan of /system/media/audio/alarms/Promethium.ogg since build fingerprint changed
01-01 00:01:39.588 982 1436 I MediaScanner: forcing rescan of /system/media/audio/alarms/Scandium.ogg since build fingerprint changed
01-01 00:01:39.611 982 1436 I MediaScanner: forcing rescan of /system/media/audio/notifications/Adara.ogg since build fingerprint changed
01-01 00:01:39.624 982 1436 I MediaScanner: forcing rescan of /system/media/audio/notifications/Aldebaran.ogg since build fingerprint changed
01-01 00:01:39.636 982 1436 I MediaScanner: forcing rescan of /system/media/audio/notifications/Altair.ogg since build fingerprint changed
01-01 00:01:39.662 982 1436 I MediaScanner: forcing rescan of /system/media/audio/notifications/Alya.ogg since build fingerprint changed
01-01 00:01:39.694 982 1436 I MediaScanner: forcing rescan of /system/media/audio/notifications/Antares.ogg since build fingerprint changed
01-01 00:01:39.708 982 1436 I MediaScanner: forcing rescan of /system/media/audio/notifications/Antimony.ogg since build fingerprint changed
01-01 00:01:39.724 982 1436 I MediaScanner: forcing rescan of /system/media/audio/notifications/Arcturus.ogg since build fingerprint changed
01-01 00:01:39.743 982 1436 I MediaScanner: forcing rescan of /system/media/audio/notifications/Argon.ogg since build fingerprint changed
01-01 00:01:39.762 982 1436 I MediaScanner: forcing rescan of /system/media/audio/notifications/Beat_Box_Android.ogg since build fingerprint changed
01-01 00:01:39.779 982 1436 I MediaScanner: forcing rescan of /system/media/audio/notifications/Bellatrix.ogg since build fingerprint changed
01-01 00:01:39.793 982 1436 I MediaScanner: forcing rescan of /system/media/audio/notifications/Beryllium.ogg since build fingerprint changed
01-01 00:01:39.832 982 1436 I MediaScanner: forcing rescan of /system/media/audio/notifications/Betelgeuse.ogg since build fingerprint changed
01-01 00:01:39.856 982 1436 I MediaScanner: forcing rescan of /system/media/audio/notifications/CaffeineSnake.ogg since build fingerprint changed
01-01 00:01:39.871 982 1436 I MediaScanner: forcing rescan of /system/media/audio/notifications/Canopus.ogg since build fingerprint changed
01-01 00:01:39.883 982 1436 I MediaScanner: forcing rescan of /system/media/audio/notifications/Capella.ogg since build fingerprint changed
01-01 00:01:39.897 982 1436 I MediaScanner: forcing rescan of /system/media/audio/notifications/Castor.ogg since build fingerprint changed
01-01 00:01:39.910 982 1436 I MediaScanner: forcing rescan of /system/media/audio/notifications/CetiAlpha.ogg since build fingerprint changed
01-01 00:01:39.925 982 1436 I MediaScanner: forcing rescan of /system/media/audio/notifications/Cobalt.ogg since build fingerprint changed
01-01 00:01:39.940 982 1436 I MediaScanner: forcing rescan of /system/media/audio/notifications/Cricket.ogg since build fingerprint changed
01-01 00:01:39.953 982 1436 I MediaScanner: forcing rescan of /system/media/audio/notifications/DearDeer.ogg since build fingerprint changed
01-01 00:01:39.967 982 1436 I MediaScanner: forcing rescan of /system/media/audio/notifications/Deneb.ogg since build fingerprint changed
01-01 00:01:39.981 982 1436 I MediaScanner: forcing rescan of /system/media/audio/notifications/Doink.ogg since build fingerprint changed
01-01 00:01:39.994 982 1436 I MediaScanner: forcing rescan of /system/media/audio/notifications/DontPanic.ogg since build fingerprint changed
01-01 00:01:40.008 982 1436 I MediaScanner: forcing rescan of /system/media/audio/notifications/Drip.ogg since build fingerprint changed
01-01 00:01:40.044 982 1436 I MediaScanner: forcing rescan of /system/media/audio/notifications/Electra.ogg since build fingerprint changed
01-01 00:01:40.066 982 1436 I MediaScanner: forcing rescan of /system/media/audio/notifications/F1_MissedCall.ogg since build fingerprint changed
01-01 00:01:40.079 982 1436 I MediaScanner: forcing rescan of /system/media/audio/notifications/F1_New_MMS.ogg since build fingerprint changed
01-01 00:01:40.099 982 1436 I MediaScanner: forcing rescan of /system/media/audio/notifications/F1_New_SMS.ogg since build fingerprint changed
01-01 00:01:40.151 982 1436 I MediaScanner: forcing rescan of /system/media/audio/notifications/Fluorine.ogg since build fingerprint changed
01-01 00:01:40.166 982 1436 I MediaScanner: forcing rescan of /system/media/audio/notifications/Fomalhaut.ogg since build fingerprint changed
01-01 00:01:40.181 982 1436 I MediaScanner: forcing rescan of /system/media/audio/notifications/Gallium.ogg since build fingerprint changed
01-01 00:01:40.194 982 1436 I MediaScanner: forcing rescan of /system/media/audio/notifications/Heaven.ogg since build fingerprint changed
01-01 00:01:40.210 982 1436 I MediaScanner: forcing rescan of /system/media/audio/notifications/Helium.ogg since build fingerprint changed
01-01 00:01:40.222 982 1436 I MediaScanner: forcing rescan of /system/media/audio/notifications/Highwire.ogg since build fingerprint changed
01-01 00:01:40.248 982 1436 I MediaScanner: forcing rescan of /system/media/audio/notifications/Hojus.ogg since build fingerprint changed
01-01 00:01:40.263 982 1436 I MediaScanner: forcing rescan of /system/media/audio/notifications/Iridium.ogg since build fingerprint changed
01-01 00:01:40.283 982 1436 I MediaScanner: forcing rescan of /system/media/audio/notifications/Krypton.ogg since build fingerprint changed
01-01 00:01:40.297 982 1436 I MediaScanner: forcing rescan of /system/media/audio/notifications/KzurbSonar.ogg since build fingerprint changed
01-01 00:01:40.310 982 1436 I MediaScanner: forcing rescan of /system/media/audio/notifications/Lalande.ogg since build fingerprint changed
01-01 00:01:40.325 982 1436 I MediaScanner: forcing rescan of /system/media/audio/notifications/Merope.ogg since build fingerprint changed
01-01 00:01:40.339 982 1436 I MediaScanner: forcing rescan of /system/media/audio/notifications/Mira.ogg since build fingerprint changed
01-01 00:01:40.368 982 1436 I MediaScanner: forcing rescan of /system/media/audio/notifications/OnTheHunt.ogg since build fingerprint changed
01-01 00:01:40.384 982 1436 I MediaScanner: forcing rescan of /system/media/audio/notifications/Palladium.ogg since build fingerprint changed
01-01 00:01:40.398 982 1436 I MediaScanner: forcing rescan of /system/media/audio/notifications/Plastic_Pipe.ogg since build fingerprint changed
01-01 00:01:40.410 982 1436 I MediaScanner: forcing rescan of /system/media/audio/notifications/Polaris.ogg since build fingerprint changed
01-01 00:01:40.424 982 1436 I MediaScanner: forcing rescan of /system/media/audio/notifications/Pollux.ogg since build fingerprint changed
01-01 00:01:40.439 982 1436 I MediaScanner: forcing rescan of /system/media/audio/notifications/Procyon.ogg since build fingerprint changed
01-01 00:01:40.454 982 1436 I MediaScanner: forcing rescan of /system/media/audio/notifications/Proxima.ogg since build fingerprint changed
01-01 00:01:40.468 982 1436 I MediaScanner: forcing rescan of /system/media/audio/notifications/Radon.ogg since build fingerprint changed
01-01 00:01:40.485 982 1436 I MediaScanner: forcing rescan of /system/media/audio/notifications/Rubidium.ogg since build fingerprint changed
01-01 00:01:40.505 982 1436 I MediaScanner: forcing rescan of /system/media/audio/notifications/Selenium.ogg since build fingerprint changed
01-01 00:01:40.521 982 1436 I MediaScanner: forcing rescan of /system/media/audio/notifications/Shaula.ogg since build fingerprint changed
01-01 00:01:40.545 982 1436 I MediaScanner: forcing rescan of /system/media/audio/notifications/Sirrah.ogg since build fingerprint changed
01-01 00:01:40.563 982 1436 I MediaScanner: forcing rescan of /system/media/audio/notifications/SpaceSeed.ogg since build fingerprint changed
01-01 00:01:40.579 982 1436 I MediaScanner: forcing rescan of /system/media/audio/notifications/Spica.ogg since build fingerprint changed
01-01 00:01:40.592 982 1436 I MediaScanner: forcing rescan of /system/media/audio/notifications/Strontium.ogg since build fingerprint changed
01-01 00:01:40.610 982 1436 I MediaScanner: forcing rescan of /system/media/audio/notifications/Syrma.ogg since build fingerprint changed
01-01 00:01:40.622 982 1436 I MediaScanner: forcing rescan of /system/media/audio/notifications/TaDa.ogg since build fingerprint changed
01-01 00:01:40.648 982 1436 I MediaScanner: forcing rescan of /system/media/audio/notifications/Talitha.ogg since build fingerprint changed
01-01 00:01:40.661 982 1436 I MediaScanner: forcing rescan of /system/media/audio/notifications/Tejat.ogg since build fingerprint changed
01-01 00:01:40.679 982 1436 I MediaScanner: forcing rescan of /system/media/audio/notifications/Thallium.ogg since build fingerprint changed
01-01 00:01:40.694 982 1436 I MediaScanner: forcing rescan of /system/media/audio/notifications/Tinkerbell.ogg since build fingerprint changed
01-01 00:01:40.708 982 1436 I MediaScanner: forcing rescan of /system/media/audio/notifications/Upsilon.ogg since build fingerprint changed
01-01 00:01:40.723 982 1436 I MediaScanner: forcing rescan of /system/media/audio/notifications/Vega.ogg since build fingerprint changed
01-01 00:01:40.739 982 1436 I MediaScanner: forcing rescan of /system/media/audio/notifications/Voila.ogg since build fingerprint changed
01-01 00:01:40.766 982 1436 I MediaScanner: forcing rescan of /system/media/audio/notifications/Xenon.ogg since build fingerprint changed
01-01 00:01:40.787 982 1436 I MediaScanner: forcing rescan of /system/media/audio/notifications/Zirconium.ogg since build fingerprint changed
01-01 00:01:40.803 982 1436 I MediaScanner: forcing rescan of /system/media/audio/notifications/arcturus.ogg since build fingerprint changed
01-01 00:01:40.815 982 1436 I MediaScanner: forcing rescan of /system/media/audio/notifications/moonbeam.ogg since build fingerprint changed
01-01 00:01:40.829 982 1436 W MediaScanner: forcing rescan of /system/media/audio/notifications/pixiedust.oggsince ringtone setting didn't finish
01-01 00:01:40.859 982 1436 W MediaProvider: Missing volume for /system/media/audio/notifications; assuming invalid
01-01 00:01:40.914 982 1436 W MediaProvider: Missing volume for /system/media/audio/alarms/Alarm_Rooster_02.ogg; assuming invalid
01-01 00:01:40.917 982 1436 W MediaProvider: Missing volume for /system/media/audio/alarms/Argon.ogg; assuming invalid
01-01 00:01:40.919 982 1436 W MediaProvider: Missing volume for /system/media/audio/alarms/Barium.ogg; assuming invalid
01-01 00:01:40.922 982 1436 W MediaProvider: Missing volume for /system/media/audio/alarms/Carbon.ogg; assuming invalid
01-01 00:01:40.931 982 1436 W MediaProvider: Missing volume for /system/media/audio/alarms/Cesium.ogg; assuming invalid
01-01 00:01:40.944 982 1436 W MediaProvider: Missing volume for /system/media/audio/alarms/Fermium.ogg; assuming invalid
01-01 00:01:40.951 982 1436 W MediaProvider: Missing volume for /system/media/audio/alarms/Hassium.ogg; assuming invalid
01-01 00:01:40.955 982 1436 W MediaProvider: Missing volume for /system/media/audio/alarms/Helium.ogg; assuming invalid
01-01 00:01:40.958 982 1436 W MediaProvider: Missing volume for /system/media/audio/alarms/Krypton.ogg; assuming invalid
01-01 00:01:40.961 982 1436 W MediaProvider: Missing volume for /system/media/audio/alarms/Neon.ogg; assuming invalid
01-01 00:01:40.964 982 1436 W MediaProvider: Missing volume for /system/media/audio/alarms/Neptunium.ogg; assuming invalid
01-01 00:01:40.967 982 1436 W MediaProvider: Missing volume for /system/media/audio/alarms/Nobelium.ogg; assuming invalid
01-01 00:01:40.970 982 1436 W MediaProvider: Missing volume for /system/media/audio/alarms/Osmium.ogg; assuming invalid
01-01 00:01:40.973 982 1436 W MediaProvider: Missing volume for /system/media/audio/alarms/Oxygen.ogg; assuming invalid
01-01 00:01:40.976 982 1436 W MediaProvider: Missing volume for /system/media/audio/alarms/Platinum.ogg; assuming invalid
01-01 00:01:40.979 982 1436 W MediaProvider: Missing volume for /system/media/audio/alarms/Plutonium.ogg; assuming invalid
01-01 00:01:40.982 982 1436 W MediaProvider: Missing volume for /system/media/audio/alarms/Promethium.ogg; assuming invalid
01-01 00:01:40.984 982 1436 W MediaProvider: Missing volume for /system/media/audio/alarms/Scandium.ogg; assuming invalid
01-01 00:01:40.994 982 1436 W MediaProvider: Missing volume for /system/media/audio/notifications/Adara.ogg; assuming invalid
01-01 00:01:40.998 982 1436 W MediaProvider: Missing volume for /system/media/audio/notifications/Aldebaran.ogg; assuming invalid
01-01 00:01:41.000 982 1436 W MediaProvider: Missing volume for /system/media/audio/notifications/Altair.ogg; assuming invalid
01-01 00:01:41.003 982 1436 W MediaProvider: Missing volume for /system/media/audio/notifications/Alya.ogg; assuming invalid
01-01 00:01:41.005 982 1436 W MediaProvider: Missing volume for /system/media/audio/notifications/Antares.ogg; assuming invalid
01-01 00:01:41.006 226 800 E MetadataRetrieverClient: failed to extract an album art
01-01 00:01:41.009 982 1436 W MediaProvider: Missing volume for /system/media/audio/notifications/Antimony.ogg; assuming invalid
01-01 00:01:41.014 982 1436 W MediaProvider: Missing volume for /system/media/audio/notifications/Arcturus.ogg; assuming invalid
01-01 00:01:41.017 982 1436 W MediaProvider: Missing volume for /system/media/audio/notifications/Argon.ogg; assuming invalid
01-01 00:01:41.020 982 1436 W MediaProvider: Missing volume for /system/media/audio/notifications/Beat_Box_Android.ogg; assuming invalid
01-01 00:01:41.024 982 1436 W MediaProvider: Missing volume for /system/media/audio/notifications/Bellatrix.ogg; assuming invalid
01-01 00:01:41.027 982 1436 W MediaProvider: Missing volume for /system/media/audio/notifications/Beryllium.ogg; assuming invalid
01-01 00:01:41.029 982 1436 W MediaProvider: Missing volume for /system/media/audio/notifications/Betelgeuse.ogg; assuming invalid
01-01 00:01:41.033 982 1436 W MediaProvider: Missing volume for /system/media/audio/notifications/CaffeineSnake.ogg; assuming invalid
01-01 00:01:41.036 982 1436 W MediaProvider: Missing volume for /system/media/audio/notifications/Canopus.ogg; assuming invalid
01-01 00:01:41.039 982 1436 W MediaProvider: Missing volume for /system/media/audio/notifications/Capella.ogg; assuming invalid
01-01 00:01:41.041 982 1436 W MediaProvider: Missing volume for /system/media/audio/notifications/Castor.ogg; assuming invalid
01-01 00:01:41.044 982 1436 W MediaProvider: Missing volume for /system/media/audio/notifications/CetiAlpha.ogg; assuming invalid
01-01 00:01:41.047 982 1436 W MediaProvider: Missing volume for /system/media/audio/notifications/Cobalt.ogg; assuming invalid
01-01 00:01:41.050 982 1436 W MediaProvider: Missing volume for /system/media/audio/notifications/Cricket.ogg; assuming invalid
01-01 00:01:41.052 982 1436 W MediaProvider: Missing volume for /system/media/audio/notifications/DearDeer.ogg; assuming invalid
01-01 00:01:41.054 982 1436 W MediaProvider: Missing volume for /system/media/audio/notifications/Deneb.ogg; assuming invalid
01-01 00:01:41.056 982 1436 W MediaProvider: Missing volume for /system/media/audio/notifications/Doink.ogg; assuming invalid
01-01 00:01:41.058 982 1436 W MediaProvider: Missing volume for /system/media/audio/notifications/DontPanic.ogg; assuming invalid
01-01 00:01:41.060 982 1436 W MediaProvider: Missing volume for /system/media/audio/notifications/Drip.ogg; assuming invalid
01-01 00:01:41.062 982 1436 W MediaProvider: Missing volume for /system/media/audio/notifications/Electra.ogg; assuming invalid
01-01 00:01:41.064 982 1436 W MediaProvider: Missing volume for /system/media/audio/notifications/F1_MissedCall.ogg; assuming invalid
01-01 00:01:41.067 982 1436 W MediaProvider: Missing volume for /system/media/audio/notifications/F1_New_MMS.ogg; assuming invalid
01-01 00:01:41.074 982 1436 W MediaProvider: Missing volume for /system/media/audio/notifications/F1_New_SMS.ogg; assuming invalid
01-01 00:01:41.078 982 1436 W MediaProvider: Missing volume for /system/media/audio/notifications/Fluorine.ogg; assuming invalid
01-01 00:01:41.081 982 1436 W MediaProvider: Missing volume for /system/media/audio/notifications/Fomalhaut.ogg; assuming invalid
01-01 00:01:41.084 982 1436 W MediaProvider: Missing volume for /system/media/audio/notifications/Gallium.ogg; assuming invalid
01-01 00:01:41.088 982 1436 W MediaProvider: Missing volume for /system/media/audio/notifications/Heaven.ogg; assuming invalid
01-01 00:01:41.091 982 1436 W MediaProvider: Missing volume for /system/media/audio/notifications/Helium.ogg; assuming invalid
01-01 00:01:41.093 982 1436 W MediaProvider: Missing volume for /system/media/audio/notifications/Highwire.ogg; assuming invalid
01-01 00:01:41.096 982 1436 W MediaProvider: Missing volume for /system/media/audio/notifications/Hojus.ogg; assuming invalid
01-01 00:01:41.099 982 1436 W MediaProvider: Missing volume for /system/media/audio/notifications/Iridium.ogg; assuming invalid
01-01 00:01:41.102 982 1436 W MediaProvider: Missing volume for /system/media/audio/notifications/Krypton.ogg; assuming invalid
01-01 00:01:41.104 982 1436 W MediaProvider: Missing volume for /system/media/audio/notifications/KzurbSonar.ogg; assuming invalid
01-01 00:01:41.106 982 1436 W MediaProvider: Missing volume for /system/media/audio/notifications/Lalande.ogg; assuming invalid
01-01 00:01:41.109 982 1436 W MediaProvider: Missing volume for /system/media/audio/notifications/Merope.ogg; assuming invalid
01-01 00:01:41.112 982 1436 W MediaProvider: Missing volume for /system/media/audio/notifications/Mira.ogg; assuming invalid
01-01 00:01:41.114 982 1436 W MediaProvider: Missing volume for /system/media/audio/notifications/OnTheHunt.ogg; assuming invalid
01-01 00:01:41.116 982 1436 W MediaProvider: Missing volume for /system/media/audio/notifications/Palladium.ogg; assuming invalid
01-01 00:01:41.119 982 1436 W MediaProvider: Missing volume for /system/media/audio/notifications/Plastic_Pipe.ogg; assuming invalid
01-01 00:01:41.122 982 1436 W MediaProvider: Missing volume for /system/media/audio/notifications/Polaris.ogg; assuming invalid
01-01 00:01:41.127 982 1436 W MediaProvider: Missing volume for /system/media/audio/notifications/Pollux.ogg; assuming invalid
01-01 00:01:41.139 982 988 I zygote : Do partial code cache collection, code=30KB, data=29KB
01-01 00:01:41.142 982 988 I zygote : After code cache collection, code=30KB, data=29KB
01-01 00:01:41.142 982 988 I zygote : Increasing code cache capacity to 128KB
01-01 00:01:41.142 982 1436 W MediaProvider: Missing volume for /system/media/audio/notifications/Procyon.ogg; assuming invalid
01-01 00:01:41.147 982 1436 W MediaProvider: Missing volume for /system/media/audio/notifications/Proxima.ogg; assuming invalid
01-01 00:01:41.150 982 1436 W MediaProvider: Missing volume for /system/media/audio/notifications/Radon.ogg; assuming invalid
01-01 00:01:41.155 982 1436 W MediaProvider: Missing volume for /system/media/audio/notifications/Rubidium.ogg; assuming invalid
01-01 00:01:41.159 982 1436 W MediaProvider: Missing volume for /system/media/audio/notifications/Selenium.ogg; assuming invalid
01-01 00:01:41.161 982 1436 W MediaProvider: Missing volume for /system/media/audio/notifications/Shaula.ogg; assuming invalid
01-01 00:01:41.164 982 1436 W MediaProvider: Missing volume for /system/media/audio/notifications/Sirrah.ogg; assuming invalid
01-01 00:01:41.165 226 800 E MetadataRetrieverClient: failed to extract an album art
01-01 00:01:41.167 982 1436 W MediaProvider: Missing volume for /system/media/audio/notifications/SpaceSeed.ogg; assuming invalid
01-01 00:01:41.170 982 1436 W MediaProvider: Missing volume for /system/media/audio/notifications/Spica.ogg; assuming invalid
01-01 00:01:41.172 982 1436 W MediaProvider: Missing volume for /system/media/audio/notifications/Strontium.ogg; assuming invalid
01-01 00:01:41.175 982 1436 W MediaProvider: Missing volume for /system/media/audio/notifications/Syrma.ogg; assuming invalid
01-01 00:01:41.177 982 1436 W MediaProvider: Missing volume for /system/media/audio/notifications/TaDa.ogg; assuming invalid
01-01 00:01:41.180 982 1436 W MediaProvider: Missing volume for /system/media/audio/notifications/Talitha.ogg; assuming invalid
01-01 00:01:41.182 982 1436 W MediaProvider: Missing volume for /system/media/audio/notifications/Tejat.ogg; assuming invalid
01-01 00:01:41.185 982 1436 W MediaProvider: Missing volume for /system/media/audio/notifications/Thallium.ogg; assuming invalid
01-01 00:01:41.187 982 1436 W MediaProvider: Missing volume for /system/media/audio/notifications/Tinkerbell.ogg; assuming invalid
01-01 00:01:41.190 982 1436 W MediaProvider: Missing volume for /system/media/audio/notifications/Upsilon.ogg; assuming invalid
01-01 00:01:41.192 982 1436 W MediaProvider: Missing volume for /system/media/audio/notifications/Vega.ogg; assuming invalid
01-01 00:01:41.194 982 1436 W MediaProvider: Missing volume for /system/media/audio/notifications/Voila.ogg; assuming invalid
01-01 00:01:41.197 982 1436 W MediaProvider: Missing volume for /system/media/audio/notifications/Xenon.ogg; assuming invalid
01-01 00:01:41.200 982 1436 W MediaProvider: Missing volume for /system/media/audio/notifications/Zirconium.ogg; assuming invalid
01-01 00:01:41.202 982 1436 W MediaProvider: Missing volume for /system/media/audio/notifications/arcturus.ogg; assuming invalid
01-01 00:01:41.211 982 1436 E SQLiteDatabase: Error inserting title_key parent=10 is_music=false title=Arcturus _size=7908 duration=1000 bucket_id=-1608219629 is_alarm=false album_artist=null media_type=2 storage_id=0 is_notification=true track=2 bucket_display_name=notifications _data=/system/media/audio/notifications/arcturus.ogg is_drm=false _display_name=arcturus.ogg composer=null format=47362 is_ringtone=false artist_id=2 is_podcast=false date_added=101 date_modified=1512244732 mime_type=application/ogg album_id=2
01-01 00:01:41.211 982 1436 E SQLiteDatabase: android.database.sqlite.SQLiteConstraintException: UNIQUE constraint failed: files._data (code 2067)
01-01 00:01:41.211 982 1436 E SQLiteDatabase: at android.database.sqlite.SQLiteConnection.nativeExecuteForLastInsertedRowId(Native Method)
01-01 00:01:41.211 982 1436 E SQLiteDatabase: at android.database.sqlite.SQLiteConnection.executeForLastInsertedRowId(SQLiteConnection.java:782)
01-01 00:01:41.211 982 1436 E SQLiteDatabase: at android.database.sqlite.SQLiteSession.executeForLastInsertedRowId(SQLiteSession.java:788)
01-01 00:01:41.211 982 1436 E SQLiteDatabase: at android.database.sqlite.SQLiteStatement.executeInsert(SQLiteStatement.java:86)
01-01 00:01:41.211 982 1436 E SQLiteDatabase: at android.database.sqlite.SQLiteDatabase.insertWithOnConflict(SQLiteDatabase.java:1474)
01-01 00:01:41.211 982 1436 E SQLiteDatabase: at android.database.sqlite.SQLiteDatabase.insert(SQLiteDatabase.java:1343)
01-01 00:01:41.211 982 1436 E SQLiteDatabase: at com.android.providers.media.MediaProvider.insertFile(MediaProvider.java:2260)
01-01 00:01:41.211 982 1436 E SQLiteDatabase: at com.android.providers.media.MediaProvider.insertInternal(MediaProvider.java:2493)
01-01 00:01:41.211 982 1436 E SQLiteDatabase: at com.android.providers.media.MediaProvider.bulkInsert(MediaProvider.java:1866)
01-01 00:01:41.211 982 1436 E SQLiteDatabase: at android.content.ContentProvider$Transport.bulkInsert(ContentProvider.java:282)
01-01 00:01:41.211 982 1436 E SQLiteDatabase: at android.content.ContentProviderClient.bulkInsert(ContentProviderClient.java:290)
