01-01 00:00:10.695 179 179 D CameraHal: (a7bb54a8) - hardware/ti/dra7xx/camera/BaseCameraAdapter.cpp:229 enableMsgType - EXIT
01-01 00:00:10.695 179 179 D CameraHal: (a7bb54a8) - hardware/ti/dra7xx/camera/CameraHalUtilClasses.cpp:97 enableEventNotification - EXIT
01-01 00:00:10.695 179 179 D CameraHal: (a7bb54a8) - hardware/ti/dra7xx/camera/AppCallbackNotifier.cpp:1272 setEventProvider - EXIT
01-01 00:00:10.695 179 179 D CameraHal: (a7bb54a8) + hardware/ti/dra7xx/camera/AppCallbackNotifier.cpp:1277 setFrameProvider - ENTER
01-01 00:00:10.695 179 179 D CameraHal: (a7bb54a8) + hardware/ti/dra7xx/camera/CameraHalUtilClasses.cpp:33 enableFrameNotification - ENTER
01-01 00:00:10.695 179 179 D CameraHal: (a7bb54a8) + hardware/ti/dra7xx/camera/BaseCameraAdapter.cpp:176 enableMsgType - ENTER
01-01 00:00:10.695 179 179 V CameraHal: (a7bb54a8) hardware/ti/dra7xx/camera/BaseCameraAdapter.cpp:183 enableMsgType - Frame message type id=0x8 subscription request
01-01 00:00:10.695 179 179 D CameraHal: (a7bb54a8) - hardware/ti/dra7xx/camera/BaseCameraAdapter.cpp:229 enableMsgType - EXIT
01-01 00:00:10.695 179 179 D CameraHal: (a7bb54a8) - hardware/ti/dra7xx/camera/CameraHalUtilClasses.cpp:43 enableFrameNotification - EXIT
01-01 00:00:10.695 179 179 D CameraHal: (a7bb54a8) + hardware/ti/dra7xx/camera/CameraHalUtilClasses.cpp:33 enableFrameNotification - ENTER
01-01 00:00:10.695 179 179 D CameraHal: (a7bb54a8) + hardware/ti/dra7xx/camera/BaseCameraAdapter.cpp:176 enableMsgType - ENTER
01-01 00:00:10.695 179 179 V CameraHal: (a7bb54a8) hardware/ti/dra7xx/camera/BaseCameraAdapter.cpp:183 enableMsgType - Frame message type id=0x100 subscription request
01-01 00:00:10.695 179 179 D CameraHal: (a7bb54a8) - hardware/ti/dra7xx/camera/BaseCameraAdapter.cpp:229 enableMsgType - EXIT
01-01 00:00:10.695 179 179 D CameraHal: (a7bb54a8) - hardware/ti/dra7xx/camera/CameraHalUtilClasses.cpp:43 enableFrameNotification - EXIT
01-01 00:00:10.695 179 179 D CameraHal: (a7bb54a8) - hardware/ti/dra7xx/camera/AppCallbackNotifier.cpp:1293 setFrameProvider - EXIT
01-01 00:00:10.695 179 179 D CameraHal: (a7bb54a8) + hardware/ti/dra7xx/camera/BaseCameraAdapter.cpp:154 setErrorHandler - ENTER
01-01 00:00:10.695 179 179 D CameraHal: (a7bb54a8) - hardware/ti/dra7xx/camera/BaseCameraAdapter.cpp:167 setErrorHandler - EXIT
01-01 00:00:10.695 179 179 D CameraHal: (a7bb54a8) + hardware/ti/dra7xx/camera/AppCallbackNotifier.cpp:1627 start - ENTER
01-01 00:00:10.695 179 179 D CameraHal: (a7bb54a8) hardware/ti/dra7xx/camera/AppCallbackNotifier.cpp:1656 start - --> AppCallbackNotifier NOTIFIER_STARTED
01-01 00:00:10.696 179 179 D CameraHal: (a7bb54a8) - hardware/ti/dra7xx/camera/AppCallbackNotifier.cpp:1658 start - EXIT
01-01 00:00:10.696 179 179 D CameraHal: (a7bb54a8) hardware/ti/dra7xx/camera/CameraHal.cpp:4215 initialize - Started AppCallbackNotifier..
01-01 00:00:10.696 179 179 D CameraHal: (a7bb54a8) + hardware/ti/dra7xx/camera/AppCallbackNotifier.cpp:100 setMeasurements - ENTER
01-01 00:00:10.696 179 179 D CameraHal: (a7bb54a8) - hardware/ti/dra7xx/camera/AppCallbackNotifier.cpp:109 setMeasurements - EXIT
01-01 00:00:10.696 179 179 D CameraHal: (a7bb54a8) + hardware/ti/dra7xx/camera/CameraHal.cpp:4509 initDefaultParameters - ENTER
01-01 00:00:10.696 179 179 D CameraHal: (a7bb54a8) + hardware/ti/dra7xx/camera/CameraHal.cpp:4438 insertSupportedParams - ENTER
01-01 00:00:10.696 179 179 D CameraHal: (a7bb54a8) - hardware/ti/dra7xx/camera/CameraHal.cpp:4494 insertSupportedParams - EXIT
01-01 00:00:10.696 179 179 D CameraHal: (a7bb54a8) + hardware/ti/dra7xx/camera/CameraHal.cpp:4388 parseResolution - ENTER
01-01 00:00:10.696 179 179 D CameraHal: (a7bb54a8) - hardware/ti/dra7xx/camera/CameraHal.cpp:4431 parseResolution - EXIT
01-01 00:00:10.696 179 179 D CameraHal: (a7bb54a8) + hardware/ti/dra7xx/camera/CameraHal.cpp:4388 parseResolution - ENTER
01-01 00:00:10.696 179 179 D CameraHal: (a7bb54a8) - hardware/ti/dra7xx/camera/CameraHal.cpp:4431 parseResolution - EXIT
01-01 00:00:10.696 179 179 D CameraHal: (a7bb54a8) + hardware/ti/dra7xx/camera/CameraHal.cpp:4388 parseResolution - ENTER
01-01 00:00:10.696 179 179 D CameraHal: (a7bb54a8) - hardware/ti/dra7xx/camera/CameraHal.cpp:4431 parseResolution - EXIT
01-01 00:00:10.696 179 179 D CameraHal: (a7bb54a8) - hardware/ti/dra7xx/camera/CameraHal.cpp:4612 initDefaultParameters - EXIT
01-01 00:00:10.696 179 179 D CameraHal: (a7bb54a8) + hardware/ti/dra7xx/camera/CameraHal.cpp:389 setParameters - ENTER
01-01 00:00:10.696 179 179 D CameraHal: (a7bb54a8) + hardware/ti/dra7xx/camera/CameraHal.cpp:2579 previewEnabled - ENTER
01-01 00:00:10.697 179 179 D CameraHal: (a7bb54a8) - hardware/ti/dra7xx/camera/CameraHal.cpp:2579 previewEnabled - EXIT
01-01 00:00:10.697 179 179 D CameraHal: (a7bb54a8) + hardware/ti/dra7xx/camera/CameraHal.cpp:4313 isParameterValid - ENTER
01-01 00:00:10.697 179 179 D CameraHal: (a7bb54a8) - hardware/ti/dra7xx/camera/CameraHal.cpp:4337 isParameterValid - EXIT
01-01 00:00:10.697 179 179 D CameraHal: (a7bb54a8) hardware/ti/dra7xx/camera/CameraHal.cpp:416 setParameters - PreviewFormat set yuv420sp
01-01 00:00:10.697 179 179 D CameraHal: (a7bb54a8) hardware/ti/dra7xx/camera/CameraHal.cpp:577 setParameters - Recording Hint is set to NULL
01-01 00:00:10.697 179 179 D CameraHal: (a7bb54a8) + hardware/ti/dra7xx/camera/CameraHal.cpp:2803 resetVideoModeParameters - ENTER
01-01 00:00:10.697 179 179 D CameraHal: (a7bb54a8) - hardware/ti/dra7xx/camera/CameraHal.cpp:2818 resetVideoModeParameters - EXIT
01-01 00:00:10.697 179 179 D CameraHal: (a7bb54a8) + hardware/ti/dra7xx/camera/CameraHal.cpp:4248 isResolutionValid - ENTER
01-01 00:00:10.697 179 179 D CameraHal: (a7bb54a8) + hardware/ti/dra7xx/camera/CameraHal.cpp:4313 isParameterValid - ENTER
01-01 00:00:10.697 179 179 D CameraHal: (a7bb54a8) - hardware/ti/dra7xx/camera/CameraHal.cpp:4337 isParameterValid - EXIT
01-01 00:00:10.697 179 179 D CameraHal: (a7bb54a8) - hardware/ti/dra7xx/camera/CameraHal.cpp:4264 isResolutionValid - EXIT
01-01 00:00:10.697 179 179 D CameraHal: (a7bb54a8) hardware/ti/dra7xx/camera/CameraHal.cpp:598 setParameters - Preview Resolution: 1280 x 720
01-01 00:00:10.697 179 179 D CameraHal: (a7bb54a8) + hardware/ti/dra7xx/camera/CameraHal.cpp:4313 isParameterValid - ENTER
01-01 00:00:10.697 179 179 D CameraHal: (a7bb54a8) - hardware/ti/dra7xx/camera/CameraHal.cpp:4337 isParameterValid - EXIT
01-01 00:00:10.697 179 179 D CameraHal: (a7bb54a8) hardware/ti/dra7xx/camera/CameraHal.cpp:602 setParameters - Focus mode set fixed
01-01 00:00:10.697 179 179 D CameraHal: (a7bb54a8) + hardware/ti/dra7xx/camera/CameraHal.cpp:4248 isResolutionValid - ENTER
01-01 00:00:10.697 179 179 D CameraHal: (a7bb54a8) + hardware/ti/dra7xx/camera/CameraHal.cpp:4313 isParameterValid - ENTER
01-01 00:00:10.697 179 179 D CameraHal: (a7bb54a8) - hardware/ti/dra7xx/camera/CameraHal.cpp:4337 isParameterValid - EXIT
01-01 00:00:10.697 179 179 D CameraHal: (a7bb54a8) - hardware/ti/dra7xx/camera/CameraHal.cpp:4264 isResolutionValid - EXIT
01-01 00:00:10.697 179 179 D CameraHal: (a7bb54a8) hardware/ti/dra7xx/camera/CameraHal.cpp:646 setParameters - Picture Size by App 1280 x 720
01-01 00:00:10.697 179 179 D CameraHal: (a7bb54a8) + hardware/ti/dra7xx/camera/CameraHal.cpp:4313 isParameterValid - ENTER
01-01 00:00:10.697 179 179 D CameraHal: (a7bb54a8) - hardware/ti/dra7xx/camera/CameraHal.cpp:4337 isParameterValid - EXIT
01-01 00:00:10.697 179 179 D CameraHal: (a7bb54a8) hardware/ti/dra7xx/camera/CameraHal.cpp:1005 setParameters - Jpeg quality set 90
01-01 00:00:10.697 179 179 D CameraHal: (a7bb54a8) hardware/ti/dra7xx/camera/CameraHal.cpp:1011 setParameters - Thumbnail width set 320
01-01 00:00:10.697 179 179 D CameraHal: (a7bb54a8) hardware/ti/dra7xx/camera/CameraHal.cpp:1017 setParameters - Thumbnail width set 240
01-01 00:00:10.697 179 179 D CameraHal: (a7bb54a8) hardware/ti/dra7xx/camera/CameraHal.cpp:1023 setParameters - Thumbnail quality set 50
01-01 00:00:10.697 179 179 D CameraHal: (a7bb54a8) hardware/ti/dra7xx/camera/CameraHal.cpp:1130 setParameters - Zoom set 1
01-01 00:00:10.697 179 179 D CameraHal: (a7bb54a8) hardware/ti/dra7xx/camera/CameraHal.cpp:1177 setParameters - External Gamma set false
01-01 00:00:10.697 179 179 D CameraHal: (a7bb54a8) hardware/ti/dra7xx/camera/CameraHal.cpp:1183 setParameters - NSF1 set true
01-01 00:00:10.697 179 179 D CameraHal: (a7bb54a8) hardware/ti/dra7xx/camera/CameraHal.cpp:1189 setParameters - NSF2 set true
01-01 00:00:10.697 179 179 D CameraHal: (a7bb54a8) hardware/ti/dra7xx/camera/CameraHal.cpp:1195 setParameters - Sharpening set true
01-01 00:00:10.698 179 179 D CameraHal: (a7bb54a8) hardware/ti/dra7xx/camera/CameraHal.cpp:1201 setParameters - Color Conversion set true
01-01 00:00:10.698 179 179 D CameraHal: (a7bb54a8) hardware/ti/dra7xx/camera/CameraHal.cpp:1207 setParameters - Green Inballance Correction set true
01-01 00:00:10.698 179 179 D CameraHal: (a7bb54a8) + hardware/ti/dra7xx/camera/V4LCameraAdapter/V4LCameraAdapter.cpp:450 setParameters - ENTER
01-01 00:00:10.698 179 179 D CameraHal: (a7bb54a8) hardware/ti/dra7xx/camera/V4LCameraAdapter/V4LCameraAdapter.cpp:456 setParameters - Width * Height 1280 x 720 format 0x56595559
01-01 00:00:10.698 179 179 D CameraHal: (a7bb54a8) + hardware/ti/dra7xx/camera/V4LCameraAdapter/V4LCameraAdapter.cpp:216 v4lSetFormat - ENTER
01-01 00:00:10.698 179 179 D CameraHal: (a7bb54a8) hardware/ti/dra7xx/camera/V4LCameraAdapter/V4LCameraAdapter.cpp:218 v4lSetFormat - Width * Height 1280 x 720 format 0x56595559
01-01 00:00:10.788 194 194 I vndksupport: sphal namespace is not configured for this process. Loading /vendor/lib/egl/libGLESv1_CM_POWERVR_SGX544_116.so from the current namespace instead.
01-01 00:00:10.790 194 194 D libEGL : loaded /vendor/lib/egl/libGLESv1_CM_POWERVR_SGX544_116.so
01-01 00:00:10.795 226 226 W BatteryNotifier: batterystats service unavailable!
01-01 00:00:10.837 194 194 I vndksupport: sphal namespace is not configured for this process. Loading /vendor/lib/egl/libGLESv2_POWERVR_SGX544_116.so from the current namespace instead.
01-01 00:00:10.838 194 194 D libEGL : loaded /vendor/lib/egl/libGLESv2_POWERVR_SGX544_116.so
01-01 00:00:10.846 176 265 I audio_hw_primary: adev_open() audio_hw_if
01-01 00:00:10.847 176 265 I audio_hw_primary: Media card is hw:0
01-01 00:00:10.847 176 265 I audio_hw_primary: Bluetooth SCO card is hw:0
01-01 00:00:10.847 176 265 E audio_route: Unable to open the mixer, aborting.
01-01 00:00:10.847 176 265 E audio_hw_primary: Unable to initialize audio routes
01-01 00:00:10.847 176 265 E DevicesFactoryHAL: loadAudioInterface couldn't open audio hw device in audio.primary (Invalid argument)
01-01 00:00:10.847 217 217 E AudioFlinger: loadHwModule() error -19 loading module primary
01-01 00:00:10.847 217 217 W APM_AudioPolicyManager: could not open HW module primary
01-01 00:00:10.881 229 229 D OMX_CORE_WRAPPER: TIOMX_Init
01-01 00:00:10.881 229 229 D OMX_CORE_WRAPPER: TIOMX_ComponentNameEnum
01-01 00:00:10.881 229 229 I chatty : uid=1046(mediacodec) omx@1.0-service identical 1 line
01-01 00:00:10.881 229 229 D OMX_CORE_WRAPPER: TIOMX_ComponentNameEnum
01-01 00:00:10.883 179 179 D CameraHal: (a7bb54a8) hardware/ti/dra7xx/camera/V4LCameraAdapter/V4LCameraAdapter.cpp:244 v4lSetFormat - VIDIOC_G_FMT : WxH = 1280x720
01-01 00:00:10.883 179 179 D CameraHal: (a7bb54a8) hardware/ti/dra7xx/camera/V4LCameraAdapter/V4LCameraAdapter.cpp:245 v4lSetFormat - ### Using: WxH = 1280x720 pixelformat=0x56595559
01-01 00:00:10.883 179 179 D CameraHal: (a7bb54a8) hardware/ti/dra7xx/camera/V4LCameraAdapter/V4LCameraAdapter.cpp:246 v4lSetFormat - ### Using: bytesperline=2560 sizeimage=1843200 colorspace=0x1
01-01 00:00:10.883 179 179 D CameraHal: (a7bb54a8) - hardware/ti/dra7xx/camera/V4LCameraAdapter/V4LCameraAdapter.cpp:247 v4lSetFormat - EXIT
01-01 00:00:10.883 179 179 D CameraHal: (a7bb54a8) hardware/ti/dra7xx/camera/V4LCameraAdapter/V4LCameraAdapter.cpp:465 setParameters - Current fps is 0 new fps is (30000,30000)
01-01 00:00:10.883 179 179 D CameraHal: (a7bb54a8) - hardware/ti/dra7xx/camera/V4LCameraAdapter/V4LCameraAdapter.cpp:476 setParameters - EXIT
01-01 00:00:10.884 179 179 D CameraHal: (a7bb54a8) - hardware/ti/dra7xx/camera/CameraHal.cpp:1350 setParameters - EXIT
01-01 00:00:10.884 179 179 D CameraHal: (a7bb54a8) - hardware/ti/dra7xx/camera/CameraHal.cpp:4227 initialize - EXIT
01-01 00:00:10.884 179 179 D CameraHal: (a7bb54a8) + hardware/ti/dra7xx/camera/CameraHal_Module.cpp:171 camera_set_callbacks - ENTER
01-01 00:00:10.884 179 179 D CameraHal: (a7bb54a8) + hardware/ti/dra7xx/camera/CameraHal.cpp:231 setCallbacks - ENTER
01-01 00:00:10.884 179 179 D CameraHal: (a7bb54a8) + hardware/ti/dra7xx/camera/AppCallbackNotifier.cpp:84 setCallbacks - ENTER
01-01 00:00:10.884 179 179 D CameraHal: (a7bb54a8) - hardware/ti/dra7xx/camera/AppCallbackNotifier.cpp:93 setCallbacks - EXIT
01-01 00:00:10.884 179 179 D CameraHal: (a7bb54a8) - hardware/ti/dra7xx/camera/CameraHal.cpp:247 setCallbacks - EXIT
01-01 00:00:10.884 179 179 D CameraHal: (a7bb54a8) - hardware/ti/dra7xx/camera/CameraHal_Module.cpp:171 camera_set_callbacks - EXIT
01-01 00:00:10.887 194 194 I vndksupport: sphal namespace is not configured for this process. Loading /vendor/lib/hw/gralloc.jacinto6.so from the current namespace instead.
01-01 00:00:10.894 194 194 E IMGSRV : :0: PVRSRVOpenDCDevice: Error - 138 returned
01-01 00:00:10.900 179 179 D CameraHal: (a7bb54a8) + hardware/ti/dra7xx/camera/CameraHal_Module.cpp:485 camera_get_parameters - ENTER
01-01 00:00:10.900 179 179 D CameraHal: (a7bb54a8) + hardware/ti/dra7xx/camera/CameraHal.cpp:3616 getParameters - ENTER
01-01 00:00:10.900 179 179 D CameraHal: (a7bb54a8) + hardware/ti/dra7xx/camera/V4LCameraAdapter/V4LCameraAdapter.cpp:483 getParameters - ENTER
01-01 00:00:10.900 179 179 D CameraHal: (a7bb54a8) - hardware/ti/dra7xx/camera/V4LCameraAdapter/V4LCameraAdapter.cpp:489 getParameters - EXIT
01-01 00:00:10.900 179 179 D CameraHal: (a7bb54a8) - hardware/ti/dra7xx/camera/CameraHal.cpp:3668 getParameters - EXIT
01-01 00:00:10.900 179 179 D CameraHal: (a7bb54a8) - hardware/ti/dra7xx/camera/CameraHal_Module.cpp:485 camera_get_parameters - EXIT
01-01 00:00:10.900 179 179 D CameraHal: (a7bb54a8) + hardware/ti/dra7xx/camera/CameraHal_Module.cpp:502 camera_put_parameters - ENTER
01-01 00:00:10.900 179 179 D CameraHal: (a7bb54a8) - hardware/ti/dra7xx/camera/CameraHal_Module.cpp:502 camera_put_parameters - EXIT
01-01 00:00:10.902 194 194 I vndksupport: sphal namespace is not configured for this process. Loading /vendor/lib/hw/gralloc.jacinto6.so from the current namespace instead.
01-01 00:00:10.907 229 229 W AString : ctor got NULL, using empty string instead
01-01 00:00:10.909 194 194 I vndksupport: sphal namespace is not configured for this process. Loading /vendor/lib/hw/gralloc.jacinto6.so from the current namespace instead.
01-01 00:00:10.910 179 179 I CamDev@1.0-impl: Closing camera 0
01-01 00:00:10.910 179 179 D CameraHal: (a7bb54a8) + hardware/ti/dra7xx/camera/CameraHal_Module.cpp:580 camera_device_close - ENTER
01-01 00:00:10.910 179 179 D CameraHal: (a7bb54a8) + hardware/ti/dra7xx/camera/CameraHal.cpp:4058 ~CameraHal - ENTER
01-01 00:00:10.910 179 179 D CameraHal: (a7bb54a8) + hardware/ti/dra7xx/camera/CameraHal.cpp:4678 deinitialize - ENTER
01-01 00:00:10.910 179 179 D CameraHal: (a7bb54a8) - hardware/ti/dra7xx/camera/CameraHal.cpp:4691 deinitialize - EXIT
01-01 00:00:10.910 179 179 D CameraHal: (a7bb54a8) + hardware/ti/dra7xx/camera/AppCallbackNotifier.cpp:1172 ~AppCallbackNotifier - ENTER
01-01 00:00:10.910 179 179 D CameraHal: (a7bb54a8) + hardware/ti/dra7xx/camera/AppCallbackNotifier.cpp:1666 stop - ENTER
01-01 00:00:10.910 179 179 D CameraHal: (a7bb54a8) hardware/ti/dra7xx/camera/AppCallbackNotifier.cpp:1678 stop - --> AppCallbackNotifier NOTIFIER_STOPPED
01-01 00:00:10.910 179 179 D CameraHal: (a7bb54a8) - hardware/ti/dra7xx/camera/AppCallbackNotifier.cpp:1681 stop - EXIT
01-01 00:00:10.910 179 179 D CameraHal: (a7bb54a8) + hardware/ti/dra7xx/camera/CameraHalUtilClasses.cpp:49 disableFrameNotification - ENTER
01-01 00:00:10.910 179 179 D CameraHal: (a7bb54a8) + hardware/ti/dra7xx/camera/BaseCameraAdapter.cpp:236 disableMsgType - ENTER
01-01 00:00:10.910 179 179 V CameraHal: (a7bb54a8) hardware/ti/dra7xx/camera/BaseCameraAdapter.cpp:243 disableMsgType - Frame message type id=0xffff remove subscription request
01-01 00:00:10.910 179 179 D CameraHal: (a7bb54a8) - hardware/ti/dra7xx/camera/BaseCameraAdapter.cpp:299 disableMsgType - EXIT
01-01 00:00:10.910 179 179 D CameraHal: (a7bb54a8) - hardware/ti/dra7xx/camera/CameraHalUtilClasses.cpp:56 disableFrameNotification - EXIT
01-01 00:00:10.910 179 179 D CameraHal: (a7bb54a8) + hardware/ti/dra7xx/camera/CameraHalUtilClasses.cpp:103 disableEventNotification - ENTER
01-01 00:00:10.910 179 179 D CameraHal: (a7bb54a8) + hardware/ti/dra7xx/camera/BaseCameraAdapter.cpp:236 disableMsgType - ENTER
01-01 00:00:10.910 179 179 V CameraHal: (a7bb54a8) hardware/ti/dra7xx/camera/BaseCameraAdapter.cpp:284 disableMsgType - Event message type id=0xffff remove subscription request
01-01 00:00:10.910 179 179 D CameraHal: (a7bb54a8) - hardware/ti/dra7xx/camera/BaseCameraAdapter.cpp:299 disableMsgType - EXIT
01-01 00:00:10.910 179 179 D CameraHal: (a7bb54a8) - hardware/ti/dra7xx/camera/CameraHalUtilClasses.cpp:110 disableEventNotification - EXIT
01-01 00:00:10.911 194 194 I vndksupport: sphal namespace is not configured for this process. Loading /vendor/lib/hw/hwcomposer.jacinto6.so from the current namespace instead.
01-01 00:00:10.914 194 194 I ti_hwc : Open omapdrm drm device (21)
01-01 00:00:10.917 194 194 I vndksupport: sphal namespace is not configured for this process. Loading /vendor/lib/hw/gralloc.jacinto6.so from the current namespace instead.
01-01 00:00:10.918 194 194 I ti_hwc : Set drm fd (21) to gralloc
01-01 00:00:10.918 194 194 I ti_hwc : Number of available overlays: 4
01-01 00:00:10.918 194 194 I ti_hwc : Display 0 - Overlay 0: plane_id: 33 crtc_id: 34
01-01 00:00:10.918 194 194 I ti_hwc : Display 0 - Overlay 1: plane_id: 39 crtc_id: 34
01-01 00:00:10.918 194 194 I ti_hwc : Display 0 - Overlay 2: plane_id: 40 crtc_id: 34
01-01 00:00:10.918 194 194 D ti_hwc : Transforming FB (1280x800) => (1280x800) rot0
01-01 00:00:10.918 194 194 E ti_hwc : plane id: 33
01-01 00:00:10.918 194 194 I ti_hwc : Expecting h/w vsync for jacinto6evm
01-01 00:00:10.918 194 194 I ti_hwc : Initializing hw vsync thread
01-01 00:00:10.918 194 194 I ti_hwc : clone region is set to (0,0) to (1280,800)
01-01 00:00:10.918 194 194 I ti_hwc : open_device(rgb_order=1 nv12_only=0)
01-01 00:00:10.918 194 194 I ti_hwc : loading blitter module
01-01 00:00:10.919 194 194 E ti_hwc : blitter module not found
01-01 00:00:10.919 194 194 I SurfaceFlinger: Using composer version 1.1
01-01 00:00:10.919 194 194 I SurfaceFlinger: EGL information:
01-01 00:00:10.919 194 194 I SurfaceFlinger: vendor : Android
01-01 00:00:10.919 194 194 I SurfaceFlinger: version : 1.4 Android META-EGL
01-01 00:00:10.919 194 194 I SurfaceFlinger: extensions: EGL_KHR_get_all_proc_addresses EGL_ANDROID_presentation_time EGL_KHR_swap_buffers_with_damage EGL_ANDROID_get_native_client_buffer EGL_ANDROID_front_buffer_auto_refresh EGL_ANDROID_get_frame_timestamps EGL_KHR_image EGL_KHR_image_base EGL_KHR_gl_texture_2D_image EGL_KHR_gl_texture_cubemap_image EGL_KHR_gl_renderbuffer_image EGL_KHR_fence_sync EGL_KHR_create_context EGL_KHR_surfaceless_context EGL_ANDROID_image_native_buffer EGL_KHR_wait_sync EGL_ANDROID_recordable EGL_IMG_context_priority
01-01 00:00:10.919 194 194 I SurfaceFlinger: Client API: OpenGL_ES
01-01 00:00:10.919 194 194 I SurfaceFlinger: EGLSurface: 8-8-8-8, config=0xf
01-01 00:00:10.920 179 283 D CameraHal: (a6085970) hardware/ti/dra7xx/camera/AppCallbackNotifier.cpp:152 notificationThread - Notification Thread received message
01-01 00:00:10.920 179 283 D CameraHal: (a6085970) hardware/ti/dra7xx/camera/AppCallbackNotifier.cpp:156 notificationThread - Notification Thread received message from Camera HAL
01-01 00:00:10.920 179 283 D CameraHal: (a6085970) + hardware/ti/dra7xx/camera/AppCallbackNotifier.cpp:1140 processMessage - ENTER
01-01 00:00:10.920 179 283 D CameraHal: (a6085970) hardware/ti/dra7xx/camera/AppCallbackNotifier.cpp:1142 processMessage - +Msg get...
01-01 00:00:10.920 179 283 D CameraHal: (a6085970) hardware/ti/dra7xx/camera/AppCallbackNotifier.cpp:1144 processMessage - -Msg get...
01-01 00:00:10.920 179 283 D CameraHal: (a6085970) hardware/ti/dra7xx/camera/AppCallbackNotifier.cpp:1151 processMessage - Received NOTIFIER_EXIT command from Camera HAL
01-01 00:00:10.920 179 283 D CameraHal: (a6085970) - hardware/ti/dra7xx/camera/AppCallbackNotifier.cpp:1163 processMessage - EXIT
01-01 00:00:10.920 179 283 D CameraHal: (a6085970) hardware/ti/dra7xx/camera/AppCallbackNotifier.cpp:159 notificationThread - Notification Thread exiting.
01-01 00:00:10.920 179 179 D CameraHal: (a7bb54a8) hardware/ti/dra7xx/camera/AppCallbackNotifier.cpp:1207 ~AppCallbackNotifier - Stopping Event Provider
01-01 00:00:10.920 179 179 D CameraHal: (a7bb54a8) hardware/ti/dra7xx/camera/AppCallbackNotifier.cpp:1215 ~AppCallbackNotifier - Stopping Frame Provider
01-01 00:00:10.920 179 179 D CameraHal: (a7bb54a8) + hardware/ti/dra7xx/camera/AppCallbackNotifier.cpp:1228 releaseSharedVideoBuffers - ENTER
01-01 00:00:10.920 179 179 D CameraHal: (a7bb54a8) - hardware/ti/dra7xx/camera/AppCallbackNotifier.cpp:1251 releaseSharedVideoBuffers - EXIT
01-01 00:00:10.920 179 179 D CameraHal: (a7bb54a8) - hardware/ti/dra7xx/camera/AppCallbackNotifier.cpp:1222 ~AppCallbackNotifier - EXIT
01-01 00:00:10.920 179 179 D CameraHal: (a7bb54a8) + hardware/ti/dra7xx/camera/V4LCameraAdapter/V4LCameraAdapter.cpp:917 ~V4LCameraAdapter - ENTER
01-01 00:00:10.920 179 179 D CameraHal: (a7bb54a8) - hardware/ti/dra7xx/camera/V4LCameraAdapter/V4LCameraAdapter.cpp:937 ~V4LCameraAdapter - EXIT
01-01 00:00:10.920 179 179 D CameraHal: (a7bb54a8) + hardware/ti/dra7xx/camera/BaseCameraAdapter.cpp:104 ~BaseCameraAdapter - ENTER
01-01 00:00:10.920 179 179 D CameraHal: (a7bb54a8) - hardware/ti/dra7xx/camera/BaseCameraAdapter.cpp:119 ~BaseCameraAdapter - EXIT
01-01 00:00:10.920 179 179 D CameraHal: (a7bb54a8) + hardware/ti/dra7xx/camera/CameraHal.cpp:1683 freeImageBufs - ENTER
01-01 00:00:10.920 179 179 D CameraHal: (a7bb54a8) - hardware/ti/dra7xx/camera/CameraHal.cpp:1683 freeImageBufs - EXIT
01-01 00:00:10.920 179 179 D CameraHal: (a7bb54a8) + hardware/ti/dra7xx/camera/CameraHal.cpp:1729 freeRawBufs - ENTER
01-01 00:00:10.920 179 179 D CameraHal: (a7bb54a8) - hardware/ti/dra7xx/camera/CameraHal.cpp:1741 freeRawBufs - EXIT
01-01 00:00:10.920 179 179 D CameraHal: (a7bb54a8) - hardware/ti/dra7xx/camera/CameraHal.cpp:4090 ~CameraHal - EXIT
01-01 00:00:10.920 179 179 D CameraHal: (a7bb54a8) - hardware/ti/dra7xx/camera/CameraHal_Module.cpp:580 camera_device_close - EXIT
01-01 00:00:10.922 217 217 I bt_a2dp_hw: adev_open: adev_open in A2dp_hw module
01-01 00:00:10.922 217 217 I AudioFlinger: loadHwModule() Loaded a2dp audio interface, handle 10
01-01 00:00:10.928 229 229 E MediaCodecsXmlParser: addTypeFromAttributes: updating non-existing type
01-01 00:00:10.928 229 229 W MediaCodecsXmlParser: unable to open media codecs configuration xml file: /data/misc/media/media_codecs_profiling_results.xml
01-01 00:00:10.930 218 218 I CameraProviderManager: Camera provider legacy/0 ready with 1 camera devices
01-01 00:00:10.930 218 274 W CameraProviderManager: addProviderLocked: Camera provider HAL with name 'legacy/0' already registered
01-01 00:00:10.933 194 194 I SurfaceFlinger: OpenGL ES informations:
01-01 00:00:10.933 194 194 I SurfaceFlinger: vendor : Imagination Technologies
01-01 00:00:10.933 194 194 I SurfaceFlinger: renderer : PowerVR SGX 544MP
01-01 00:00:10.933 194 194 I SurfaceFlinger: version : OpenGL ES 2.0 build 1.14@4081762
01-01 00:00:10.933 194 194 I SurfaceFlinger: extensions: GL_EXT_debug_marker GL_OES_rgb8_rgba8 GL_OES_depth24 GL_OES_vertex_half_float GL_OES_texture_float GL_OES_texture_half_float GL_OES_element_index_uint GL_OES_mapbuffer GL_OES_fragment_precision_high GL_OES_compressed_ETC1_RGB8_texture GL_OES_fbo_render_mipmap GL_OES_EGL_image GL_OES_EGL_image_external GL_OES_required_internalformat GL_OES_depth_texture GL_OES_get_program_binary GL_OES_packed_depth_stencil GL_OES_standard_derivatives GL_OES_vertex_array_object GL_OES_egl_sync GL_OES_texture_npot GL_OES_surfaceless_context GL_EXT_discard_framebuffer GL_EXT_blend_minmax GL_EXT_multi_draw_arrays GL_EXT_multisampled_render_to_texture GL_EXT_shader_texture_lod GL_EXT_texture_format_BGRA8888 GL_EXT_occlusion_query_boolean GL_EXT_texture_rg GL_EXT_draw_buffers GL_EXT_shader_framebuffer_fetch GL_IMG_shader_binary GL_IMG_texture_compression_pvrtc GL_IMG_texture_compression_pvrtc2 GL_IMG_texture_npot GL_IMG_texture_format_BGRA8888 GL_IMG_read_format GL_IMG_program_binary GL_IMG_uniform_buffer_object GL_IMG_
01-01 00:00:10.933 194 194 I SurfaceFlinger: GL_MAX_TEXTURE_SIZE = 4096
01-01 00:00:10.933 194 194 I SurfaceFlinger: GL_MAX_VIEWPORT_DIMS = 4096
01-01 00:00:10.933 229 229 I ServiceManagement: Removing namespace from process name android.hardware.media.omx@1.0-service to omx@1.0-service.
01-01 00:00:10.934 229 229 I /vendor/bin/hw/android.hardware.media.omx@1.0-service: Treble OMX service created.
01-01 00:00:10.942 176 265 E DevicesFactoryHAL: loadAudioInterface couldn't load audio hw module audio.usb (No such file or directory)
01-01 00:00:10.943 194 291 D ti_hwc : Opened directory /sys/devices/platform/omapdrm.0/drm/card0
01-01 00:00:10.943 194 291 D ti_hwc : EXTCON HDMI STATE: 0
01-01 00:00:10.960 217 217 E AudioFlinger: loadHwModule() error -22 loading module usb
01-01 00:00:10.960 217 217 W APM_AudioPolicyManager: could not open HW module usb
01-01 00:00:10.960 176 265 I vndksupport: sphal namespace is not configured for this process. Loading /vendor/lib/hw/audio.r_submix.default.so from the current namespace instead.
01-01 00:00:10.965 218 218 I CameraHardwareInterface: Opening camera 0
01-01 00:00:10.966 179 179 I CamDev@1.0-impl: Opening camera 0
01-01 00:00:10.966 179 179 D CameraHal: (a7bb54a8) + hardware/ti/dra7xx/camera/CameraProperties.cpp:67 initialize - ENTER
01-01 00:00:10.966 179 179 D CameraHal: (a7bb54a8) - hardware/ti/dra7xx/camera/CameraProperties.cpp:67 initialize - EXIT
01-01 00:00:10.966 179 179 D CameraHal: (a7bb54a8) + hardware/ti/dra7xx/camera/CameraParameters.cpp:152 getProperties - ENTER
01-01 00:00:10.966 179 179 D CameraHal: (a7bb54a8) - hardware/ti/dra7xx/camera/CameraParameters.cpp:163 getProperties - EXIT
01-01 00:00:10.966 179 179 E CameraHal: (a7bb54a8) hardware/ti/dra7xx/camera/CameraHal_Module.cpp:634 camera_device_open - CameraHal_Module: ******************* 1 *******************
01-01 00:00:10.966 179 179 I CameraHal: (a7bb54a8) hardware/ti/dra7xx/camera/CameraHal_Module.cpp:638 camera_device_open - camera_device open
01-01 00:00:10.966 179 179 D CameraHal: (a7bb54a8) + hardware/ti/dra7xx/camera/CameraProperties.cpp:130 camerasSupported - ENTER
01-01 00:00:10.966 179 179 D CameraHal: (a7bb54a8) - hardware/ti/dra7xx/camera/CameraProperties.cpp:130 camerasSupported - EXIT
01-01 00:00:10.966 179 179 D CameraHal: (a7bb54a8) + hardware/ti/dra7xx/camera/CameraParameters.cpp:152 getProperties - ENTER
01-01 00:00:10.966 179 179 D CameraHal: (a7bb54a8) - hardware/ti/dra7xx/camera/CameraParameters.cpp:163 getProperties - EXIT
01-01 00:00:10.966 179 179 E CameraHal: (a7bb54a8) hardware/ti/dra7xx/camera/CameraHal.cpp:131 getSocFamily - '/sys/board_properties/soc/family' Not Available
01-01 00:00:10.966 179 179 D CameraHal: (a7bb54a8) + hardware/ti/dra7xx/camera/CameraHal.cpp:3971 CameraHal - ENTER
01-01 00:00:10.966 179 179 D CameraHal: (a7bb54a8) - hardware/ti/dra7xx/camera/CameraHal.cpp:4047 CameraHal - EXIT
01-01 00:00:10.966 179 179 D CameraHal: (a7bb54a8) + hardware/ti/dra7xx/camera/CameraHal.cpp:4107 initialize - ENTER
01-01 00:00:10.966 179 179 D CameraHal: (a7bb54a8) hardware/ti/dra7xx/camera/CameraParameters.cpp:214 dump - ================================
01-01 00:00:10.967 179 179 D CameraHal: (a7bb54a8) hardware/ti/dra7xx/camera/CameraParameters.cpp:215 dump - Dumping properties for camera: 0
01-01 00:00:10.967 179 179 D CameraHal: (a7bb54a8) hardware/ti/dra7xx/camera/CameraParameters.cpp:220 dump - prop-antibanding-values = auto
01-01 00:00:10.967 179 179 D CameraHal: (a7bb54a8) hardware/ti/dra7xx/camera/CameraParameters.cpp:220 dump - prop-camera-name = USBCAMERA
01-01 00:00:10.967 179 179 D CameraHal: (a7bb54a8) hardware/ti/dra7xx/camera/CameraParameters.cpp:220 dump - prop-effect-values = none
01-01 00:00:10.967 179 179 D CameraHal: (a7bb54a8) hardware/ti/dra7xx/camera/CameraParameters.cpp:220 dump - prop-exposure-mode-values = auto
01-01 00:00:10.967 179 179 D CameraHal: (a7bb54a8) hardware/ti/dra7xx/camera/CameraParameters.cpp:220 dump - prop-facing = back
01-01 00:00:10.967 179 179 D CameraHal: (a7bb54a8) hardware/ti/dra7xx/camera/CameraParameters.cpp:220 dump - prop-flash-mode-values = off
01-01 00:00:10.967 179 179 D CameraHal: (a7bb54a8) hardware/ti/dra7xx/camera/CameraParameters.cpp:220 dump - prop-focal-length = 1
01-01 00:00:10.967 179 179 D CameraHal: (a7bb54a8) hardware/ti/dra7xx/camera/CameraParameters.cpp:220 dump - prop-focus-mode-default = fixed
01-01 00:00:10.967 179 179 D CameraHal: (a7bb54a8) hardware/ti/dra7xx/camera/CameraParameters.cpp:220 dump - prop-focus-mode-values = fixed
01-01 00:00:10.967 179 179 D CameraHal: (a7bb54a8) hardware/ti/dra7xx/camera/CameraParameters.cpp:220 dump - prop-framerate-range-default = 30000,30000
01-01 00:00:10.967 179 179 D CameraHal: (a7bb54a8) hardware/ti/dra7xx/camera/CameraParameters.cpp:220 dump - prop-framerate-range-values =
01-01 00:00:10.967 179 179 D CameraHal: (a7bb54a8) hardware/ti/dra7xx/camera/CameraParameters.cpp:220 dump - prop-horizontal-angle = 170
01-01 00:00:10.967 179 179 D CameraHal: (a7bb54a8) hardware/ti/dra7xx/camera/CameraParameters.cpp:220 dump - prop-ipp-values = ldc-nsf
01-01 00:00:10.967 179 179 D CameraHal: (a7bb54a8) hardware/ti/dra7xx/camera/CameraParameters.cpp:220 dump - prop-iso-mode-values = auto
01-01 00:00:10.968 179 179 D CameraHal: (a7bb54a8) hardware/ti/dra7xx/camera/CameraParameters.cpp:220 dump - prop-jpeg-quality-default = 90
01-01 00:00:10.968 179 179 D CameraHal: (a7bb54a8) hardware/ti/dra7xx/camera/CameraParameters.cpp:220 dump - prop-jpeg-thumbnail-quality-default = 50
01-01 00:00:10.968 179 179 D CameraHal: (a7bb54a8) hardware/ti/dra7xx/camera/CameraParameters.cpp:220 dump - prop-jpeg-thumbnail-size-default = 320x240
01-01 00:00:10.968 179 179 D CameraHal: (a7bb54a8) hardware/ti/dra7xx/camera/CameraParameters.cpp:220 dump - prop-jpeg-thumbnail-size-values = 0x0,320x240
01-01 00:00:10.968 179 179 D CameraHal: (a7bb54a8) hardware/ti/dra7xx/camera/CameraParameters.cpp:220 dump - prop-max-fd-hw-faces = 0
01-01 00:00:10.968 179 179 D CameraHal: (a7bb54a8) hardware/ti/dra7xx/camera/CameraParameters.cpp:220 dump - prop-orientation = 0
01-01 00:00:10.968 179 179 D CameraHal: (a7bb54a8) hardware/ti/dra7xx/camera/CameraParameters.cpp:220 dump - prop-picture-format-default = jpeg
01-01 00:00:10.968 179 179 D CameraHal: (a7bb54a8) hardware/ti/dra7xx/camera/CameraParameters.cpp:220 dump - prop-picture-format-values = jpeg
01-01 00:00:10.968 179 179 D CameraHal: (a7bb54a8) hardware/ti/dra7xx/camera/CameraParameters.cpp:220 dump - prop-picture-size-default = 1280x720
01-01 00:00:10.968 179 179 D CameraHal: (a7bb54a8) hardware/ti/dra7xx/camera/CameraParameters.cpp:220 dump - prop-picture-size-values = 1280x800,1280x720,752x480,640x480,600x400,352x288,320x240
01-01 00:00:10.968 179 179 D CameraHal: (a7bb54a8) hardware/ti/dra7xx/camera/CameraParameters.cpp:220 dump - prop-preview-format-default = yuv420sp
01-01 00:00:10.968 179 179 D CameraHal: (a7bb54a8) hardware/ti/dra7xx/camera/CameraParameters.cpp:220 dump - prop-preview-format-values = yuv420sp
01-01 00:00:10.968 179 179 D CameraHal: (a7bb54a8) hardware/ti/dra7xx/camera/CameraParameters.cpp:220 dump - prop-preview-frame-rate-default = 30
01-01 00:00:10.968 179 179 D CameraHal: (a7bb54a8) hardware/ti/dra7xx/camera/CameraParameters.cpp:220 dump - prop-preview-frame-rate-values =
01-01 00:00:10.968 179 179 D CameraHal: (a7bb54a8) hardware/ti/dra7xx/camera/CameraParameters.cpp:220 dump - prop-preview-size-default = 1280x720
01-01 00:00:10.968 179 179 D CameraHal: (a7bb54a8) hardware/ti/dra7xx/camera/CameraParameters.cpp:220 dump - prop-preview-size-values = 1280x800,1280x720,752x480,640x480,600x400,352x288,320x240
01-01 00:00:10.968 179 179 D CameraHal: (a7bb54a8) hardware/ti/dra7xx/camera/CameraParameters.cpp:220 dump - prop-preview-subsampled-size-values = 1280x800,1280x720,752x480,640x480,600x400,352x288,320x240
01-01 00:00:10.968 179 179 D CameraHal: (a7bb54a8) hardware/ti/dra7xx/camera/CameraParameters.cpp:220 dump - prop-required-preview-bufs = 8
01-01 00:00:10.968 179 179 D CameraHal: (a7bb54a8) hardware/ti/dra7xx/camera/CameraParameters.cpp:220 dump - prop-s3d-prv-frame-layout = none
01-01 00:00:10.968 179 179 D CameraHal: (a7bb54a8) hardware/ti/dra7xx/camera/CameraParameters.cpp:220 dump - prop-sensor-index = 0
01-01 00:00:10.968 179 179 D CameraHal: (a7bb54a8) hardware/ti/dra7xx/camera/CameraParameters.cpp:220 dump - prop-vertical-angle = 170
01-01 00:00:10.968 179 179 D CameraHal: (a7bb54a8) hardware/ti/dra7xx/camera/CameraParameters.cpp:220 dump - prop-vnf-default = false
01-01 00:00:10.968 179 179 D CameraHal: (a7bb54a8) hardware/ti/dra7xx/camera/CameraParameters.cpp:220 dump - prop-vstab-default = false
01-01 00:00:10.968 179 179 D CameraHal: (a7bb54a8) hardware/ti/dra7xx/camera/CameraParameters.cpp:220 dump - prop-zoom-default = 1
01-01 00:00:10.968 179 179 D CameraHal: (a7bb54a8) hardware/ti/dra7xx/camera/CameraParameters.cpp:220 dump - prop-zoom-ratios = 1
01-01 00:00:10.968 179 179 D CameraHal: (a7bb54a8) hardware/ti/dra7xx/camera/CameraParameters.cpp:220 dump - prop-zoom-stages = 1
01-01 00:00:10.968 179 179 D CameraHal: (a7bb54a8) hardware/ti/dra7xx/camera/CameraParameters.cpp:220 dump - prop-zoom-supported = false
01-01 00:00:10.969 179 179 D CameraHal: (a7bb54a8) hardware/ti/dra7xx/camera/CameraParameters.cpp:220 dump - sensor-orientation = 0
01-01 00:00:10.969 179 179 D CameraHal: (a7bb54a8) hardware/ti/dra7xx/camera/CameraParameters.cpp:223 dump - --------------------------------
01-01 00:00:10.969 179 179 D CameraHal: (a7bb54a8) hardware/ti/dra7xx/camera/CameraHal.cpp:4146 initialize - Sensor index= 0; Sensor name= USBCAMERA
01-01 00:00:10.969 179 179 D CameraHal: (a7bb54a8) + hardware/ti/dra7xx/camera/V4LCameraAdapter/V4LCameraAdapter.cpp:1208 V4LCameraAdapter_Factory - ENTER
01-01 00:00:10.969 179 179 D CameraHal: (a7bb54a8) + hardware/ti/dra7xx/camera/V4LCameraAdapter/V4LCameraAdapter.cpp:894 V4LCameraAdapter - ENTER
01-01 00:00:10.969 179 179 E CameraHal: Error while adapter initialization: video capture not supported.
01-01 00:00:10.969 179 179 E CameraHal: Error while checking driver: Not VPE
01-01 00:00:10.969 179 179 E CameraHal: Error while adapter initialization: video capture not supported.
01-01 00:00:10.969 179 179 E CameraHal: Found VPE M2M device /dev/video0!!!
01-01 00:00:10.969 179 179 D CameraHal: (a7bb54a8) - hardware/ti/dra7xx/camera/V4LCameraAdapter/V4LCameraAdapter.cpp:912 V4LCameraAdapter - EXIT
01-01 00:00:10.969 179 179 D CameraHal: (a7bb54a8) hardware/ti/dra7xx/camera/V4LCameraAdapter/V4LCameraAdapter.cpp:1212 V4LCameraAdapter_Factory - New V4L Camera adapter instance created for sensor 0
01-01 00:00:10.969 179 179 D CameraHal: (a7bb54a8) - hardware/ti/dra7xx/camera/V4LCameraAdapter/V4LCameraAdapter.cpp:1217 V4LCameraAdapter_Factory - EXIT
01-01 00:00:10.969 179 179 D CameraHal: (a7bb54a8) + hardware/ti/dra7xx/camera/V4LCameraAdapter/V4LCameraAdapter.cpp:305 initialize - ENTER
01-01 00:00:10.971 194 194 I vndksupport: sphal namespace is not configured for this process. Loading /vendor/lib/hw/gralloc.jacinto6.so from the current namespace instead.
01-01 00:00:10.974 179 179 D CameraHal: (a7bb54a8) - hardware/ti/dra7xx/camera/V4LCameraAdapter/V4LCameraAdapter.cpp:361 initialize - EXIT
01-01 00:00:10.974 179 179 D CameraHal: (a7bb54a8) + hardware/ti/dra7xx/camera/BaseCameraAdapter.cpp:126 registerImageReleaseCallback - ENTER
01-01 00:00:10.974 179 179 D CameraHal: (a7bb54a8) - hardware/ti/dra7xx/camera/BaseCameraAdapter.cpp:131 registerImageReleaseCallback - EXIT
01-01 00:00:10.974 179 179 D CameraHal: (a7bb54a8) + hardware/ti/dra7xx/camera/BaseCameraAdapter.cpp:140 registerEndCaptureCallback - ENTER
01-01 00:00:10.974 179 179 D CameraHal: (a7bb54a8) - hardware/ti/dra7xx/camera/BaseCameraAdapter.cpp:145 registerEndCaptureCallback - EXIT
01-01 00:00:10.974 179 179 D CameraHal: (a7bb54a8) + hardware/ti/dra7xx/camera/AppCallbackNotifier.cpp:38 initialize - ENTER
01-01 00:00:10.974 179 179 D CameraHal: (a7bb54a8) - hardware/ti/dra7xx/camera/AppCallbackNotifier.cpp:70 initialize - EXIT
01-01 00:00:10.974 179 179 D CameraHal: (a7bb54a8) + hardware/ti/dra7xx/camera/AppCallbackNotifier.cpp:1257 setEventProvider - ENTER
01-01 00:00:10.974 179 179 D CameraHal: (a7bb54a8) + hardware/ti/dra7xx/camera/CameraHalUtilClasses.cpp:87 enableEventNotification - ENTER
01-01 00:00:10.974 179 179 D CameraHal: (a7bb54a8) + hardware/ti/dra7xx/camera/BaseCameraAdapter.cpp:176 enableMsgType - ENTER
01-01 00:00:10.974 179 179 V CameraHal: (a7bb54a8) hardware/ti/dra7xx/camera/BaseCameraAdapter.cpp:215 enableMsgType - Event message type id=0xffff subscription request
01-01 00:00:10.974 179 179 D CameraHal: (a7bb54a8) - hardware/ti/dra7xx/camera/BaseCameraAdapter.cpp:229 enableMsgType - EXIT
01-01 00:00:10.974 179 179 D CameraHal: (a7bb54a8) - hardware/ti/dra7xx/camera/CameraHalUtilClasses.cpp:97 enableEventNotification - EXIT
01-01 00:00:10.974 179 179 D CameraHal: (a7bb54a8) - hardware/ti/dra7xx/camera/AppCallbackNotifier.cpp:1272 setEventProvider - EXIT
01-01 00:00:10.974 179 179 D CameraHal: (a7bb54a8) + hardware/ti/dra7xx/camera/AppCallbackNotifier.cpp:1277 setFrameProvider - ENTER
01-01 00:00:10.974 179 179 D CameraHal: (a7bb54a8) + hardware/ti/dra7xx/camera/CameraHalUtilClasses.cpp:33 enableFrameNotification - ENTER
01-01 00:00:10.974 179 179 D CameraHal: (a7bb54a8) + hardware/ti/dra7xx/camera/BaseCameraAdapter.cpp:176 enableMsgType - ENTER
01-01 00:00:10.974 179 179 V CameraHal: (a7bb54a8) hardware/ti/dra7xx/camera/BaseCameraAdapter.cpp:183 enableMsgType - Frame message type id=0x8 subscription request
01-01 00:00:10.974 179 179 D CameraHal: (a7bb54a8) - hardware/ti/dra7xx/camera/BaseCameraAdapter.cpp:229 enableMsgType - EXIT
01-01 00:00:10.974 179 179 D CameraHal: (a7bb54a8) - hardware/ti/dra7xx/camera/CameraHalUtilClasses.cpp:43 enableFrameNotification - EXIT
01-01 00:00:10.974 179 179 D CameraHal: (a7bb54a8) + hardware/ti/dra7xx/camera/CameraHalUtilClasses.cpp:33 enableFrameNotification - ENTER
01-01 00:00:10.974 179 179 D CameraHal: (a7bb54a8) + hardware/ti/dra7xx/camera/BaseCameraAdapter.cpp:176 enableMsgType - ENTER
01-01 00:00:10.974 179 179 V CameraHal: (a7bb54a8) hardware/ti/dra7xx/camera/BaseCameraAdapter.cpp:183 enableMsgType - Frame message type id=0x100 subscription request
01-01 00:00:10.974 179 179 D CameraHal: (a7bb54a8) - hardware/ti/dra7xx/camera/BaseCameraAdapter.cpp:229 enableMsgType - EXIT
01-01 00:00:10.974 179 179 D CameraHal: (a7bb54a8) - hardware/ti/dra7xx/camera/CameraHalUtilClasses.cpp:43 enableFrameNotification - EXIT
01-01 00:00:10.974 179 179 D CameraHal: (a7bb54a8) - hardware/ti/dra7xx/camera/AppCallbackNotifier.cpp:1293 setFrameProvider - EXIT
01-01 00:00:10.974 179 179 D CameraHal: (a7bb54a8) + hardware/ti/dra7xx/camera/BaseCameraAdapter.cpp:154 setErrorHandler - ENTER
01-01 00:00:10.974 179 179 D CameraHal: (a7bb54a8) - hardware/ti/dra7xx/camera/BaseCameraAdapter.cpp:167 setErrorHandler - EXIT
01-01 00:00:10.974 179 179 D CameraHal: (a7bb54a8) + hardware/ti/dra7xx/camera/AppCallbackNotifier.cpp:1627 start - ENTER
01-01 00:00:10.974 179 179 D CameraHal: (a7bb54a8) hardware/ti/dra7xx/camera/AppCallbackNotifier.cpp:1656 start - --> AppCallbackNotifier NOTIFIER_STARTED
01-01 00:00:10.974 179 179 D CameraHal: (a7bb54a8) - hardware/ti/dra7xx/camera/AppCallbackNotifier.cpp:1658 start - EXIT
01-01 00:00:10.974 179 179 D CameraHal: (a7bb54a8) hardware/ti/dra7xx/camera/CameraHal.cpp:4215 initialize - Started AppCallbackNotifier..
01-01 00:00:10.974 179 179 D CameraHal: (a7bb54a8) + hardware/ti/dra7xx/camera/AppCallbackNotifier.cpp:100 setMeasurements - ENTER
01-01 00:00:10.974 179 179 D CameraHal: (a7bb54a8) - hardware/ti/dra7xx/camera/AppCallbackNotifier.cpp:109 setMeasurements - EXIT
01-01 00:00:10.974 179 179 D CameraHal: (a7bb54a8) + hardware/ti/dra7xx/camera/CameraHal.cpp:4509 initDefaultParameters - ENTER
01-01 00:00:10.974 179 179 D CameraHal: (a7bb54a8) + hardware/ti/dra7xx/camera/CameraHal.cpp:4438 insertSupportedParams - ENTER
01-01 00:00:10.975 179 179 D CameraHal: (a7bb54a8) - hardware/ti/dra7xx/camera/CameraHal.cpp:4494 insertSupportedParams - EXIT
01-01 00:00:10.975 179 179 D CameraHal: (a7bb54a8) + hardware/ti/dra7xx/camera/CameraHal.cpp:4388 parseResolution - ENTER
01-01 00:00:10.975 179 179 D CameraHal: (a7bb54a8) - hardware/ti/dra7xx/camera/CameraHal.cpp:4431 parseResolution - EXIT
01-01 00:00:10.975 179 179 D CameraHal: (a7bb54a8) + hardware/ti/dra7xx/camera/CameraHal.cpp:4388 parseResolution - ENTER
01-01 00:00:10.975 179 179 D CameraHal: (a7bb54a8) - hardware/ti/dra7xx/camera/CameraHal.cpp:4431 parseResolution - EXIT
01-01 00:00:10.975 179 179 D CameraHal: (a7bb54a8) + hardware/ti/dra7xx/camera/CameraHal.cpp:4388 parseResolution - ENTER
01-01 00:00:10.975 179 179 D CameraHal: (a7bb54a8) - hardware/ti/dra7xx/camera/CameraHal.cpp:4431 parseResolution - EXIT
01-01 00:00:10.975 179 179 D CameraHal: (a7bb54a8) - hardware/ti/dra7xx/camera/CameraHal.cpp:4612 initDefaultParameters - EXIT
01-01 00:00:10.975 179 179 D CameraHal: (a7bb54a8) + hardware/ti/dra7xx/camera/CameraHal.cpp:389 setParameters - ENTER
01-01 00:00:10.975 179 179 D CameraHal: (a7bb54a8) + hardware/ti/dra7xx/camera/CameraHal.cpp:2579 previewEnabled - ENTER
01-01 00:00:10.975 179 179 D CameraHal: (a7bb54a8) - hardware/ti/dra7xx/camera/CameraHal.cpp:2579 previewEnabled - EXIT
01-01 00:00:10.975 179 179 D CameraHal: (a7bb54a8) + hardware/ti/dra7xx/camera/CameraHal.cpp:4313 isParameterValid - ENTER
01-01 00:00:10.975 179 179 D CameraHal: (a7bb54a8) - hardware/ti/dra7xx/camera/CameraHal.cpp:4337 isParameterValid - EXIT
01-01 00:00:10.975 179 179 D CameraHal: (a7bb54a8) hardware/ti/dra7xx/camera/CameraHal.cpp:416 setParameters - PreviewFormat set yuv420sp
01-01 00:00:10.975 179 179 D CameraHal: (a7bb54a8) hardware/ti/dra7xx/camera/CameraHal.cpp:577 setParameters - Recording Hint is set to NULL
01-01 00:00:10.975 179 179 D CameraHal: (a7bb54a8) + hardware/ti/dra7xx/camera/CameraHal.cpp:2803 resetVideoModeParameters - ENTER
01-01 00:00:10.975 179 179 D CameraHal: (a7bb54a8) - hardware/ti/dra7xx/camera/CameraHal.cpp:2818 resetVideoModeParameters - EXIT
01-01 00:00:10.975 179 179 D CameraHal: (a7bb54a8) + hardware/ti/dra7xx/camera/CameraHal.cpp:4248 isResolutionValid - ENTER
01-01 00:00:10.975 179 179 D CameraHal: (a7bb54a8) + hardware/ti/dra7xx/camera/CameraHal.cpp:4313 isParameterValid - ENTER
01-01 00:00:10.975 179 179 D CameraHal: (a7bb54a8) - hardware/ti/dra7xx/camera/CameraHal.cpp:4337 isParameterValid - EXIT
01-01 00:00:10.975 179 179 D CameraHal: (a7bb54a8) - hardware/ti/dra7xx/camera/CameraHal.cpp:4264 isResolutionValid - EXIT
01-01 00:00:10.975 179 179 D CameraHal: (a7bb54a8) hardware/ti/dra7xx/camera/CameraHal.cpp:598 setParameters - Preview Resolution: 1280 x 720
01-01 00:00:10.975 179 179 D CameraHal: (a7bb54a8) + hardware/ti/dra7xx/camera/CameraHal.cpp:4313 isParameterValid - ENTER
01-01 00:00:10.976 179 179 D CameraHal: (a7bb54a8) - hardware/ti/dra7xx/camera/CameraHal.cpp:4337 isParameterValid - EXIT
01-01 00:00:10.976 179 179 D CameraHal: (a7bb54a8) hardware/ti/dra7xx/camera/CameraHal.cpp:602 setParameters - Focus mode set fixed
01-01 00:00:10.976 179 179 D CameraHal: (a7bb54a8) + hardware/ti/dra7xx/camera/CameraHal.cpp:4248 isResolutionValid - ENTER
01-01 00:00:10.976 179 179 D CameraHal: (a7bb54a8) + hardware/ti/dra7xx/camera/CameraHal.cpp:4313 isParameterValid - ENTER
01-01 00:00:10.976 179 179 D CameraHal: (a7bb54a8) - hardware/ti/dra7xx/camera/CameraHal.cpp:4337 isParameterValid - EXIT
01-01 00:00:10.976 179 179 D CameraHal: (a7bb54a8) - hardware/ti/dra7xx/camera/CameraHal.cpp:4264 isResolutionValid - EXIT
01-01 00:00:10.976 179 179 D CameraHal: (a7bb54a8) hardware/ti/dra7xx/camera/CameraHal.cpp:646 setParameters - Picture Size by App 1280 x 720
01-01 00:00:10.976 179 179 D CameraHal: (a7bb54a8) + hardware/ti/dra7xx/camera/CameraHal.cpp:4313 isParameterValid - ENTER
01-01 00:00:10.976 179 179 D CameraHal: (a7bb54a8) - hardware/ti/dra7xx/camera/CameraHal.cpp:4337 isParameterValid - EXIT
01-01 00:00:10.976 179 179 D CameraHal: (a7bb54a8) hardware/ti/dra7xx/camera/CameraHal.cpp:1005 setParameters - Jpeg quality set 90
01-01 00:00:10.976 179 179 D CameraHal: (a7bb54a8) hardware/ti/dra7xx/camera/CameraHal.cpp:1011 setParameters - Thumbnail width set 320
01-01 00:00:10.976 179 179 D CameraHal: (a7bb54a8) hardware/ti/dra7xx/camera/CameraHal.cpp:1017 setParameters - Thumbnail width set 240
01-01 00:00:10.976 179 179 D CameraHal: (a7bb54a8) hardware/ti/dra7xx/camera/CameraHal.cpp:1023 setParameters - Thumbnail quality set 50
01-01 00:00:10.976 179 179 D CameraHal: (a7bb54a8) hardware/ti/dra7xx/camera/CameraHal.cpp:1130 setParameters - Zoom set 1
01-01 00:00:10.976 179 179 D CameraHal: (a7bb54a8) hardware/ti/dra7xx/camera/CameraHal.cpp:1177 setParameters - External Gamma set false
01-01 00:00:10.976 179 179 D CameraHal: (a7bb54a8) hardware/ti/dra7xx/camera/CameraHal.cpp:1183 setParameters - NSF1 set true
01-01 00:00:10.976 179 179 D CameraHal: (a7bb54a8) hardware/ti/dra7xx/camera/CameraHal.cpp:1189 setParameters - NSF2 set true
01-01 00:00:10.976 179 179 D CameraHal: (a7bb54a8) hardware/ti/dra7xx/camera/CameraHal.cpp:1195 setParameters - Sharpening set true
01-01 00:00:10.976 179 179 D CameraHal: (a7bb54a8) hardware/ti/dra7xx/camera/CameraHal.cpp:1201 setParameters - Color Conversion set true
01-01 00:00:10.976 179 179 D CameraHal: (a7bb54a8) hardware/ti/dra7xx/camera/CameraHal.cpp:1207 setParameters - Green Inballance Correction set true
01-01 00:00:10.976 179 179 D CameraHal: (a7bb54a8) + hardware/ti/dra7xx/camera/V4LCameraAdapter/V4LCameraAdapter.cpp:450 setParameters - ENTER
01-01 00:00:10.976 179 179 D CameraHal: (a7bb54a8) hardware/ti/dra7xx/camera/V4LCameraAdapter/V4LCameraAdapter.cpp:456 setParameters - Width * Height 1280 x 720 format 0x56595559
01-01 00:00:10.976 179 179 D CameraHal: (a7bb54a8) + hardware/ti/dra7xx/camera/V4LCameraAdapter/V4LCameraAdapter.cpp:216 v4lSetFormat - ENTER
01-01 00:00:10.976 179 179 D CameraHal: (a7bb54a8) hardware/ti/dra7xx/camera/V4LCameraAdapter/V4LCameraAdapter.cpp:218 v4lSetFormat - Width * Height 1280 x 720 format 0x56595559
01-01 00:00:10.986 176 265 I r_submix: adev_open(name=audio_hw_if)
01-01 00:00:10.987 176 176 I r_submix: adev_init_check()
01-01 00:00:10.987 176 176 W DeviceHAL: Device 0xb39a8f00 set_master_mute: Function not implemented
01-01 00:00:10.988 217 217 I AudioFlinger: loadHwModule() Loaded r_submix audio interface, handle 18
01-01 00:00:10.988 176 176 D r_submix: adev_open_input_stream(addr=0)
01-01 00:00:10.988 176 176 D r_submix: submix_audio_device_create_pipe_l(addr=0, idx=9)
01-01 00:00:10.988 176 176 D r_submix: now using address 0 for route 9
01-01 00:00:10.990 217 298 I AudioFlinger: AudioFlinger's thread 0xafd9a5c0 tid=298 ready to run
01-01 00:00:10.990 217 217 W APM_AudioPolicyManager: Output device 00000002 unreachable
01-01 00:00:10.990 217 217 W APM_AudioPolicyManager: Input device 80000004 unreachable
01-01 00:00:10.990 217 217 E APM_AudioPolicyManager: Default device 00000002 is unreachable
01-01 00:00:10.990 217 217 E APM_AudioPolicyManager: Failed to open primary output
01-01 00:00:10.991 176 176 D r_submix: adev_close_input_stream()
01-01 00:00:10.991 176 176 D r_submix: submix_audio_device_release_pipe_l(idx=9) addr=0
01-01 00:00:10.991 176 176 D r_submix: submix_audio_device_destroy_pipe_l(): pipe destroyed
01-01 00:00:10.993 217 217 I RadioService: RadioService
01-01 00:00:10.993 217 217 I RadioService: onFirstRef
01-01 00:00:10.994 153 153 W /system/bin/hwservicemanager: getTransportFromManifest: Cannot find entry android.hardware.broadcastradio@1.0::IBroadcastRadioFactory in either framework or device manifest, using default transport.
01-01 00:00:10.995 176 296 I BroadcastRadio: onFirstRef mClassId 0
01-01 00:00:10.995 176 296 I BroadcastRadio: onFirstRef RADIO_HARDWARE_MODULE_ID radio fm
01-01 00:00:10.995 176 296 E BroadcastRadio: couldn't load radio module radio.fm (No such file or directory)
01-01 00:00:10.996 217 217 E RadioService: could not read implementation properties
01-01 00:00:10.997 153 153 W /system/bin/hwservicemanager: getTransportFromManifest: Cannot find entry android.hardware.soundtrigger@2.0::ISoundTriggerHw in either framework or device manifest, using default transport.
01-01 00:00:10.998 217 217 I SoundTriggerHalHidl: getProperties res implementor
01-01 00:00:10.998 217 217 I SoundTriggerHalHidl: getProperties ret -19
01-01 00:00:10.998 217 217 E SoundTriggerHwService: could not read implementation properties
01-01 00:00:11.011 179 179 D CameraHal: (a7bb54a8) hardware/ti/dra7xx/camera/V4LCameraAdapter/V4LCameraAdapter.cpp:244 v4lSetFormat - VIDIOC_G_FMT : WxH = 1280x720
01-01 00:00:11.011 179 179 D CameraHal: (a7bb54a8) hardware/ti/dra7xx/camera/V4LCameraAdapter/V4LCameraAdapter.cpp:245 v4lSetFormat - ### Using: WxH = 1280x720 pixelformat=0x56595559
01-01 00:00:11.011 179 179 D CameraHal: (a7bb54a8) hardware/ti/dra7xx/camera/V4LCameraAdapter/V4LCameraAdapter.cpp:246 v4lSetFormat - ### Using: bytesperline=2560 sizeimage=1843200 colorspace=0x1
