01-01 00:01:19.162 153 153 W /system/bin/hwservicemanager: getTransportFromManifest: Cannot find entry android.hardware.media.omx@1.0::IOmx in either framework or device manifest, using default transport.
01-01 00:01:19.162 226 284 I OMXClient: Treble IOmx obtained
01-01 00:01:19.162 229 541 I OMXMaster: makeComponentInstance(OMX.TI.DUCATI1.VIDEO.DECODER) in omx@1.0-service process
01-01 00:01:19.163 229 541 D OMX_CORE_WRAPPER: TIOMX_GetHandle
01-01 00:01:19.163 229 541 I vndksupport: sphal namespace is not configured for this process. Loading /vendor/lib/hw/gralloc.jacinto6.so from the current namespace instead.
01-01 00:01:19.171 319 319 I ActivityManager: Loaded persisted task ids for user 0
01-01 00:01:19.185 229 541 E OMXNodeInstance: getExtensionIndex(0xad2280c0:TI.DUCATI1.DECODER, OMX.google.android.index.configureVideoTunnelMode) ERROR: UnsupportedIndex(0x8000101a)
01-01 00:01:19.185 229 541 W OMXNodeInstance: [0xad2280c0:TI.DUCATI1.DECODER] component does not support metadata mode; using fallback
01-01 00:01:19.185 229 541 D OMX_CORE_WRAPPER: TIOMX_FreeHandle
01-01 00:01:19.199 319 319 I ActivityManager: Start proc 606:com.android.settings:CryptKeeper/1000 for activity com.android.settings/.CryptKeeper
01-01 00:01:19.205 153 153 W /system/bin/hwservicemanager: getTransportFromManifest: Cannot find entry android.hardware.media.omx@1.0::IOmx in either framework or device manifest, using default transport.
01-01 00:01:19.207 319 319 D SystemServerTiming: ActivityManagerStartApps took to complete: 162ms
01-01 00:01:19.207 319 319 D SystemServerTiming: PhaseActivityManagerReady took to complete: 660ms
01-01 00:01:19.208 319 319 D SystemServerInitThreadPool: Shutdown successful
01-01 00:01:19.208 319 319 D SystemServerTiming: StartServices took to complete: 57583ms
01-01 00:01:19.209 226 284 I OMXClient: Treble IOmx obtained
01-01 00:01:19.210 319 493 W zygote : Long monitor contention with owner main (319) at void com.android.server.am.ActivityManagerService.systemReady(java.lang.Runnable, android.util.BootTimingsTraceLog)(ActivityManagerService.java:14138) waiters=1 in void com.android.server.am.ActivityManagerService.serviceDoneExecuting(android.os.IBinder, int, int, int) for 110ms
01-01 00:01:19.210 229 541 I OMXMaster: makeComponentInstance(OMX.TI.DUCATI1.VIDEO.DECODER) in omx@1.0-service process
01-01 00:01:19.210 229 541 D OMX_CORE_WRAPPER: TIOMX_GetHandle
01-01 00:01:19.211 229 541 I vndksupport: sphal namespace is not configured for this process. Loading /vendor/lib/hw/gralloc.jacinto6.so from the current namespace instead.
01-01 00:01:19.214 319 319 I SystemServer: Enabled StrictMode for system server main thread.
01-01 00:01:19.220 319 336 W Looper : Dispatch took 113ms on android.ui, h=Handler (com.android.server.am.ActivityManagerService$UiHandler) {ddb0196} cb=null msg=53
01-01 00:01:19.221 319 574 W ActivityManager: No pending application record for pid 563 (IApplicationThread android.app.IApplicationThread$Stub$Proxy@bf9117); dropping process
01-01 00:01:19.241 319 319 D ConditionProviders.SCP: onConnected
01-01 00:01:19.243 229 273 E OMXNodeInstance: getExtensionIndex(0xad2280c0:TI.DUCATI1.DECODER, OMX.google.android.index.configureVideoTunnelMode) ERROR: UnsupportedIndex(0x8000101a)
01-01 00:01:19.243 229 273 W OMXNodeInstance: [0xad2280c0:TI.DUCATI1.DECODER] component does not support metadata mode; using fallback
01-01 00:01:19.243 229 273 D OMX_CORE_WRAPPER: TIOMX_FreeHandle
01-01 00:01:19.245 483 483 V SystemUIService: Starting SystemUI services for user 0.
01-01 00:01:19.253 153 153 W /system/bin/hwservicemanager: getTransportFromManifest: Cannot find entry android.hardware.media.omx@1.0::IOmx in either framework or device manifest, using default transport.
01-01 00:01:19.253 226 284 I OMXClient: Treble IOmx obtained
01-01 00:01:19.254 229 273 I OMXMaster: makeComponentInstance(OMX.TI.DUCATI1.VIDEO.H264E) in omx@1.0-service process
01-01 00:01:19.254 229 273 D OMX_CORE_WRAPPER: TIOMX_GetHandle
01-01 00:01:19.258 229 273 D OMX_H264_ENCODERUTILS: Initialize Audio Port Params
01-01 00:01:19.259 229 273 D OMX_H264_ENCODERUTILS: Initialize Video Port Params
01-01 00:01:19.259 229 273 D OMX_H264_ENCODERUTILS: Initialize Image Port Params
01-01 00:01:19.259 229 273 D OMX_H264_ENCODERUTILS: Initialize Other Port Params
01-01 00:01:19.259 229 273 D OMX_H264_ENCODERUTILS: Initialize Component Port Params
01-01 00:01:19.260 229 273 D OMX_H264_ENCODERUTILS: Update the default Port Params
01-01 00:01:19.260 229 273 D OMX_H264_ENCODERUTILS: SetH264AlgDefaultCreationParams
01-01 00:01:19.260 229 273 D OMX_H264_ENCODERUTILS: SetH264AlgDefaultDynamicParams
01-01 00:01:19.275 229 278 E OMX_H264_ENCODER: Failed check: OMX_ErrorNone == eError
01-01 00:01:19.275 229 278 E OMX_H264_ENCODER: Returning error: eError
01-01 00:01:19.277 229 278 D OMX_H264_ENCODER: In Default: Call to BASE GetConfig
01-01 00:01:19.277 229 278 E OMX_H264_ENCODER: Failed check: OMX_ErrorNone == eError
01-01 00:01:19.277 229 278 E OMX_H264_ENCODER: Returning error: eError
01-01 00:01:19.277 229 278 E OMXNodeInstance: getConfig(0xad228120:TI.DUCATI1.H264E, ConfigAndroidIntraRefresh(0x6f60000a)) ERROR: UnsupportedIndex(0x8000101a)
01-01 00:01:19.278 229 278 D OMX_CORE_WRAPPER: TIOMX_FreeHandle
01-01 00:01:19.278 229 278 D OMX_H264_ENCODER: Call BaseComponent Deinit
01-01 00:01:19.281 229 278 D OMX_H264_ENCODER: DeInitialize DerToBase.PortProperties
01-01 00:01:19.281 229 278 D OMX_H264_ENCODER: Call Engine_Close
01-01 00:01:19.282 229 278 D OMX_H264_ENCODER: At the End of Component DeInit
01-01 00:01:19.293 153 153 W /system/bin/hwservicemanager: getTransportFromManifest: Cannot find entry android.hardware.media.omx@1.0::IOmx in either framework or device manifest, using default transport.
01-01 00:01:19.294 226 284 I OMXClient: Treble IOmx obtained
01-01 00:01:19.294 229 273 I OMXMaster: makeComponentInstance(OMX.google.mpeg4.decoder) in omx@1.0-service process
01-01 00:01:19.302 229 278 E OMXNodeInstance: getExtensionIndex(0xad228360:google.mpeg4.decoder, OMX.google.android.index.configureVideoTunnelMode) ERROR: UnsupportedIndex(0x8000101a)
01-01 00:01:19.302 229 278 E OMXNodeInstance: getExtensionIndex(0xad228360:google.mpeg4.decoder, OMX.google.android.index.enableAndroidNativeBuffers) ERROR: UnsupportedIndex(0x8000101a)
01-01 00:01:19.312 153 153 W /system/bin/hwservicemanager: getTransportFromManifest: Cannot find entry android.hardware.media.omx@1.0::IOmx in either framework or device manifest, using default transport.
01-01 00:01:19.313 226 284 I OMXClient: Treble IOmx obtained
01-01 00:01:19.313 229 273 I OMXMaster: makeComponentInstance(OMX.google.h263.decoder) in omx@1.0-service process
01-01 00:01:19.317 229 278 E OMXNodeInstance: getExtensionIndex(0xad228420:google.h263.decoder, OMX.google.android.index.configureVideoTunnelMode) ERROR: UnsupportedIndex(0x8000101a)
01-01 00:01:19.317 229 278 E OMXNodeInstance: getExtensionIndex(0xad228420:google.h263.decoder, OMX.google.android.index.enableAndroidNativeBuffers) ERROR: UnsupportedIndex(0x8000101a)
01-01 00:01:19.322 153 153 W /system/bin/hwservicemanager: getTransportFromManifest: Cannot find entry android.hardware.media.omx@1.0::IOmx in either framework or device manifest, using default transport.
01-01 00:01:19.323 226 284 I OMXClient: Treble IOmx obtained
01-01 00:01:19.323 229 273 I OMXMaster: makeComponentInstance(OMX.google.h264.decoder) in omx@1.0-service process
01-01 00:01:19.339 229 273 E OMXNodeInstance: getExtensionIndex(0xad228120:google.h264.decoder, OMX.google.android.index.configureVideoTunnelMode) ERROR: UnsupportedIndex(0x8000101a)
01-01 00:01:19.339 229 273 E OMXNodeInstance: getExtensionIndex(0xad228120:google.h264.decoder, OMX.google.android.index.enableAndroidNativeBuffers) ERROR: UnsupportedIndex(0x8000101a)
01-01 00:01:19.353 319 574 W ActivityManager: Slow operation: 76ms so far, now at attachApplicationLocked: after mServices.attachApplicationLocked
01-01 00:01:19.354 319 574 W ActivityManager: Slow operation: 76ms so far, now at attachApplicationLocked: after updateOomAdjLocked
01-01 00:01:19.359 319 319 D RttService: SCAN_AVAILABLE : 1
01-01 00:01:19.359 153 153 W /system/bin/hwservicemanager: getTransportFromManifest: Cannot find entry android.hardware.media.omx@1.0::IOmx in either framework or device manifest, using default transport.
01-01 00:01:19.359 319 434 I WifiScanningService: wifi driver unloaded
01-01 00:01:19.359 319 435 D RttService: DefaultState got{ when=0 what=160513 target=com.android.internal.util.StateMachine$SmHandler }
01-01 00:01:19.360 226 284 I OMXClient: Treble IOmx obtained
01-01 00:01:19.361 229 541 I OMXMaster: makeComponentInstance(OMX.google.hevc.decoder) in omx@1.0-service process
01-01 00:01:19.365 194 330 D PermissionCache: checking android.permission.READ_FRAME_BUFFER for uid=1000 => granted (916 us)
01-01 00:01:19.399 229 541 E OMXNodeInstance: getExtensionIndex(0xad2281e0:google.hevc.decoder, OMX.google.android.index.configureVideoTunnelMode) ERROR: UnsupportedIndex(0x8000101a)
01-01 00:01:19.399 229 541 E OMXNodeInstance: getExtensionIndex(0xad2281e0:google.hevc.decoder, OMX.google.android.index.enableAndroidNativeBuffers) ERROR: UnsupportedIndex(0x8000101a)
01-01 00:01:19.402 153 153 W /system/bin/hwservicemanager: getTransportFromManifest: Cannot find entry android.hardware.media.omx@1.0::IOmx in either framework or device manifest, using default transport.
01-01 00:01:19.410 226 284 I OMXClient: Treble IOmx obtained
01-01 00:01:19.411 229 541 I OMXMaster: makeComponentInstance(OMX.google.vp8.decoder) in omx@1.0-service process
01-01 00:01:19.412 319 331 W ActivityManager: Slow operation: 55ms so far, now at attachApplicationLocked: after mServices.attachApplicationLocked
01-01 00:01:19.413 319 319 D ZenLog : set_zen_mode: off,cleanUpZenRules
01-01 00:01:19.415 319 319 D ConditionProviders: Subscribing to condition://android/schedule?days=1.2.3.4.5&start=22.0&end=7.0&exitAtAlarm=false with ComponentInfo{android/com.android.server.notification.ScheduleConditionProvider}
01-01 00:01:19.415 319 319 D ZenLog : subscribe: condition://android/schedule?days=1.2.3.4.5&start=22.0&end=7.0&exitAtAlarm=false,ok
01-01 00:01:19.415 319 319 D ConditionProviders: Subscribing to condition://android/schedule?days=6.7&start=23.30&end=10.0&exitAtAlarm=false with ComponentInfo{android/com.android.server.notification.ScheduleConditionProvider}
01-01 00:01:19.415 319 319 D ZenLog : subscribe: condition://android/schedule?days=6.7&start=23.30&end=10.0&exitAtAlarm=false,ok
01-01 00:01:19.416 319 319 D ConditionProviders: Subscribing to condition://android/event?userId=-10000&calendar=&reply=1 with ComponentInfo{android/com.android.server.notification.EventConditionProvider}
01-01 00:01:19.416 319 319 D ZenLog : subscribe: condition://android/event?userId=-10000&calendar=&reply=1,ok
01-01 00:01:19.469 483 483 V MediaRouter: Adding route: RouteInfo{ name=Tablet, description=null, status=null, category=RouteCategory{ name=System types=ROUTE_TYPE_LIVE_AUDIO ROUTE_TYPE_LIVE_VIDEO groupable=false }, supportedTypes=ROUTE_TYPE_LIVE_AUDIO ROUTE_TYPE_LIVE_VIDEO , presentationDisplay=null }
01-01 00:01:19.473 573 573 I CAR.SERVICE: Service onCreate
01-01 00:01:19.480 229 541 E OMXNodeInstance: getExtensionIndex(0xad2281e0:google.vp8.decoder, OMX.google.android.index.configureVideoTunnelMode) ERROR: UnsupportedIndex(0x8000101a)
01-01 00:01:19.481 229 541 E OMXNodeInstance: getExtensionIndex(0xad2281e0:google.vp8.decoder, OMX.google.android.index.enableAndroidNativeBuffers) ERROR: UnsupportedIndex(0x8000101a)
01-01 00:01:19.483 573 573 I com.android.car: Looking for service android.hardware.automotive.vehicle@2.0::IVehicle/default
01-01 00:01:19.484 153 153 E SELinux : avc: denied { find } for interface=android.hardware.automotive.vehicle::IVehicle pid=573 scontext=u:r:system_app:s0 tcontext=u:object_r:default_android_hwservice:s0 tclass=hwservice_manager
01-01 00:01:19.484 153 153 W /system/bin/hwservicemanager: getTransportFromManifest: Cannot find entry android.hardware.automotive.vehicle@2.0::IVehicle in either framework or device manifest, using default transport.
01-01 00:01:19.487 153 153 W /system/bin/hwservicemanager: getTransportFromManifest: Cannot find entry android.hardware.media.omx@1.0::IOmx in either framework or device manifest, using default transport.
01-01 00:01:19.490 226 284 I OMXClient: Treble IOmx obtained
01-01 00:01:19.492 229 541 I OMXMaster: makeComponentInstance(OMX.google.vp9.decoder) in omx@1.0-service process
01-01 00:01:19.494 573 573 I com.android.car: Starting thread pool.
01-01 00:01:19.497 483 483 V MediaRouter: Selecting route: RouteInfo{ name=Tablet, description=null, status=null, category=RouteCategory{ name=System types=ROUTE_TYPE_LIVE_AUDIO ROUTE_TYPE_LIVE_VIDEO groupable=false }, supportedTypes=ROUTE_TYPE_LIVE_AUDIO ROUTE_TYPE_LIVE_VIDEO , presentationDisplay=null }
01-01 00:01:19.502 573 573 I CAR.SERVICE: Connected to android.hardware.automotive.vehicle@2.0::IVehicle
01-01 00:01:19.507 229 541 E OMXNodeInstance: getExtensionIndex(0xad2281e0:google.vp9.decoder, OMX.google.android.index.configureVideoTunnelMode) ERROR: UnsupportedIndex(0x8000101a)
01-01 00:01:19.507 229 541 E OMXNodeInstance: getExtensionIndex(0xad2281e0:google.vp9.decoder, OMX.google.android.index.enableAndroidNativeBuffers) ERROR: UnsupportedIndex(0x8000101a)
01-01 00:01:19.510 153 153 W /system/bin/hwservicemanager: getTransportFromManifest: Cannot find entry android.hardware.media.omx@1.0::IOmx in either framework or device manifest, using default transport.
01-01 00:01:19.515 226 284 I OMXClient: Treble IOmx obtained
01-01 00:01:19.516 229 541 I OMXMaster: makeComponentInstance(OMX.google.h263.encoder) in omx@1.0-service process
01-01 00:01:19.534 229 541 I SoftMPEG4Encoder: Construct SoftMPEG4Encoder
01-01 00:01:19.539 226 284 W OMXUtils: do not know color format 0x7f000789 = 2130708361
01-01 00:01:19.539 229 273 E OMXNodeInstance: getConfig(0xad2281e0:google.h263.encoder, ConfigAndroidIntraRefresh(0x6f60000a)) ERROR: Undefined(0x80001001)
01-01 00:01:19.549 153 153 W /system/bin/hwservicemanager: getTransportFromManifest: Cannot find entry android.hardware.media.omx@1.0::IOmx in either framework or device manifest, using default transport.
01-01 00:01:19.551 226 284 I OMXClient: Treble IOmx obtained
01-01 00:01:19.551 229 273 I OMXMaster: makeComponentInstance(OMX.google.h264.encoder) in omx@1.0-service process
01-01 00:01:19.584 606 606 D CryptKeeper: Disabling component ComponentInfo{com.android.settings/com.android.settings.CryptKeeper}
01-01 00:01:19.585 319 331 D PackageManager: Ephemeral installer not found with new action; try old one
01-01 00:01:19.585 226 284 W OMXUtils: do not know color format 0x7f000789 = 2130708361
01-01 00:01:19.585 319 331 D PackageManager: Clear ephemeral installer activity
01-01 00:01:19.586 319 493 I WindowManager: Screen frozen for +226ms due to AppWindowToken{920da2b token=Token{d406c3b ActivityRecord{adf82ca u0 com.android.settings/.CryptKeeper t1}}}
01-01 00:01:19.597 153 153 W /system/bin/hwservicemanager: getTransportFromManifest: Cannot find entry android.hardware.media.omx@1.0::IOmx in either framework or device manifest, using default transport.
01-01 00:01:19.603 483 483 W SoundPool: Use of stream types is deprecated for operations other than volume control
01-01 00:01:19.604 483 483 W SoundPool: See the documentation of SoundPool() for what to use instead with android.media.AudioAttributes to qualify your playback use case
01-01 00:01:19.604 226 284 I OMXClient: Treble IOmx obtained
01-01 00:01:19.604 229 541 I OMXMaster: makeComponentInstance(OMX.google.mpeg4.encoder) in omx@1.0-service process
01-01 00:01:19.615 229 541 I SoftMPEG4Encoder: Construct SoftMPEG4Encoder
01-01 00:01:19.616 319 331 I ActivityManager: START u0 {act=android.intent.action.MAIN cat=[android.intent.category.HOME] flg=0x10000100 cmp=com.android.settings/.FallbackHome} from uid 0
01-01 00:01:19.618 226 284 W OMXUtils: do not know color format 0x7f000789 = 2130708361
01-01 00:01:19.618 229 273 E OMXNodeInstance: getConfig(0xad2282a0:google.mpeg4.encoder, ConfigAndroidIntraRefresh(0x6f60000a)) ERROR: Undefined(0x80001001)
01-01 00:01:19.626 153 153 W /system/bin/hwservicemanager: getTransportFromManifest: Cannot find entry android.hardware.media.omx@1.0::IOmx in either framework or device manifest, using default transport.
01-01 00:01:19.631 226 284 I OMXClient: Treble IOmx obtained
01-01 00:01:19.631 229 273 I OMXMaster: makeComponentInstance(OMX.google.vp8.encoder) in omx@1.0-service process
01-01 00:01:19.648 319 331 I ActivityManager: Start proc 671:com.android.settings/1000 for activity com.android.settings/.FallbackHome
01-01 00:01:19.653 573 573 E BluetoothAdapter: Bluetooth binder is null
01-01 00:01:19.653 573 573 W BTDevConnectionPolicy: No Bluetooth Adapter Available
01-01 00:01:19.653 178 654 I automotive.vehicle@2.0-impl: getAllPropConfigs called
01-01 00:01:19.670 178 654 I automotive.vehicle@2.0-impl: SubscriptionManager::addOrUpdateSubscription, callback: 0xb5b39000
01-01 00:01:19.670 178 654 I automotive.vehicle@2.0-impl: Creating new client and linking to death recipient, cookie: 0xffffffffb5b4c000
01-01 00:01:19.670 178 654 I automotive.vehicle@2.0-impl: SubscriptionManager::addOrUpdateSubscription, prop: 0x11400a01
01-01 00:01:19.670 178 654 I automotive.vehicle@2.0-impl: addOrUpdateSubscription opts.propId: 0x11400a01
01-01 00:01:19.670 178 654 I DefaultVehicleHal_v2_0: subscribe propId: 0x11400a01, sampleRate: 0.000000
01-01 00:01:19.677 178 654 E automotive.vehicle@2.0-impl: Failed to get value: config not found, property: 0x11400904
01-01 00:01:19.679 178 654 I automotive.vehicle@2.0-impl: SubscriptionManager::addOrUpdateSubscription, callback: 0xb5b39060
01-01 00:01:19.679 178 654 I automotive.vehicle@2.0-impl: SubscriptionManager::addOrUpdateSubscription, prop: 0x16200b02
01-01 00:01:19.680 178 654 I automotive.vehicle@2.0-impl: addOrUpdateSubscription opts.propId: 0x16200b02
01-01 00:01:19.680 178 654 I DefaultVehicleHal_v2_0: subscribe propId: 0x16200b02, sampleRate: 0.000000
01-01 00:01:19.683 178 654 I automotive.vehicle@2.0-impl: SubscriptionManager::addOrUpdateSubscription, callback: 0xb5b39060
01-01 00:01:19.683 178 654 I automotive.vehicle@2.0-impl: SubscriptionManager::addOrUpdateSubscription, prop: 0x12400500
01-01 00:01:19.683 178 654 I automotive.vehicle@2.0-impl: addOrUpdateSubscription opts.propId: 0x12400500
01-01 00:01:19.684 178 654 I DefaultVehicleHal_v2_0: subscribe propId: 0x12400500, sampleRate: 0.000000
01-01 00:01:19.684 178 654 I automotive.vehicle@2.0-impl: SubscriptionManager::addOrUpdateSubscription, callback: 0xb5b39060
01-01 00:01:19.684 178 654 I automotive.vehicle@2.0-impl: SubscriptionManager::addOrUpdateSubscription, prop: 0x12200510
01-01 00:01:19.684 178 654 I automotive.vehicle@2.0-impl: addOrUpdateSubscription opts.propId: 0x12200510
01-01 00:01:19.684 178 654 I DefaultVehicleHal_v2_0: subscribe propId: 0x12200510, sampleRate: 0.000000
01-01 00:01:19.685 178 654 I automotive.vehicle@2.0-impl: SubscriptionManager::addOrUpdateSubscription, callback: 0xb5b39060
01-01 00:01:19.685 178 654 I automotive.vehicle@2.0-impl: SubscriptionManager::addOrUpdateSubscription, prop: 0x12400501
01-01 00:01:19.685 178 654 I automotive.vehicle@2.0-impl: addOrUpdateSubscription opts.propId: 0x12400501
01-01 00:01:19.685 178 654 I DefaultVehicleHal_v2_0: subscribe propId: 0x12400501, sampleRate: 0.000000
01-01 00:01:19.685 178 654 W automotive.vehicle@2.0-impl: Sample rate 0.000000 is lower than min 1.000000. Setting sampling rate to min.
01-01 00:01:19.685 178 654 I automotive.vehicle@2.0-impl: SubscriptionManager::addOrUpdateSubscription, callback: 0xb5b39060
01-01 00:01:19.685 178 654 I automotive.vehicle@2.0-impl: SubscriptionManager::addOrUpdateSubscription, prop: 0x11600703
01-01 00:01:19.685 178 654 I automotive.vehicle@2.0-impl: addOrUpdateSubscription opts.propId: 0x11600703
01-01 00:01:19.685 178 654 I DefaultVehicleHal_v2_0: subscribe propId: 0x11600703, sampleRate: 1.000000
01-01 00:01:19.685 178 654 I automotive.vehicle@2.0-impl: SubscriptionManager::addOrUpdateSubscription, callback: 0xb5b39060
01-01 00:01:19.685 178 654 I automotive.vehicle@2.0-impl: SubscriptionManager::addOrUpdateSubscription, prop: 0x12600503
01-01 00:01:19.686 178 654 I automotive.vehicle@2.0-impl: addOrUpdateSubscription opts.propId: 0x12600503
01-01 00:01:19.686 178 654 I DefaultVehicleHal_v2_0: subscribe propId: 0x12600503, sampleRate: 0.000000
01-01 00:01:19.686 178 654 I automotive.vehicle@2.0-impl: SubscriptionManager::addOrUpdateSubscription, callback: 0xb5b39060
01-01 00:01:19.686 178 654 I automotive.vehicle@2.0-impl: SubscriptionManager::addOrUpdateSubscription, prop: 0x13200504
01-01 00:01:19.686 178 654 I automotive.vehicle@2.0-impl: addOrUpdateSubscription opts.propId: 0x13200504
01-01 00:01:19.686 178 654 I DefaultVehicleHal_v2_0: subscribe propId: 0x13200504, sampleRate: 0.000000
01-01 00:01:19.686 178 654 I automotive.vehicle@2.0-impl: SubscriptionManager::addOrUpdateSubscription, callback: 0xb5b39060
01-01 00:01:19.686 178 654 I automotive.vehicle@2.0-impl: SubscriptionManager::addOrUpdateSubscription, prop: 0x12200505
01-01 00:01:19.686 178 654 I automotive.vehicle@2.0-impl: addOrUpdateSubscription opts.propId: 0x12200505
01-01 00:01:19.686 178 654 I DefaultVehicleHal_v2_0: subscribe propId: 0x12200505, sampleRate: 0.000000
01-01 00:01:19.687 178 654 I automotive.vehicle@2.0-impl: SubscriptionManager::addOrUpdateSubscription, callback: 0xb5b39060
01-01 00:01:19.687 178 654 I automotive.vehicle@2.0-impl: SubscriptionManager::addOrUpdateSubscription, prop: 0x12200508
01-01 00:01:19.687 178 654 I automotive.vehicle@2.0-impl: addOrUpdateSubscription opts.propId: 0x12200508
01-01 00:01:19.687 178 654 I DefaultVehicleHal_v2_0: subscribe propId: 0x12200508, sampleRate: 0.000000
01-01 00:01:19.687 178 654 I automotive.vehicle@2.0-impl: SubscriptionManager::addOrUpdateSubscription, callback: 0xb5b39060
01-01 00:01:19.687 178 654 I automotive.vehicle@2.0-impl: SubscriptionManager::addOrUpdateSubscription, prop: 0x1220050a
01-01 00:01:19.687 178 654 I automotive.vehicle@2.0-impl: addOrUpdateSubscription opts.propId: 0x1220050a
01-01 00:01:19.687 178 654 I DefaultVehicleHal_v2_0: subscribe propId: 0x1220050a, sampleRate: 0.000000
01-01 00:01:19.688 573 573 E CAR.HAL : Cannot subscribe to property: 568329830
01-01 00:01:19.694 573 573 W CAR.POWER: Vehicle hal does not support power state yet.
01-01 00:01:19.698 573 573 I CAR.SENSOR: initial driving status: 0x0
01-01 00:01:19.698 573 573 I CAR.SENSOR: initial daynight: 0
01-01 00:01:19.702 573 573 W CAR.INPUT: Hal does not support key input.
01-01 00:01:19.718 573 679 I CAR.POWER: Power state change:PowerState state:3, param:0
01-01 00:01:19.718 573 679 I CAR.POWER: on display
01-01 00:01:19.734 194 194 D SurfaceFlinger: duplicate layer name: changing ScreenshotSurface to ScreenshotSurface#1
01-01 00:01:19.783 319 493 W ActivityManager: Slow operation: 53ms so far, now at attachApplicationLocked: after mServices.attachApplicationLocked
01-01 00:01:19.840 178 654 I automotive.vehicle@2.0-impl: SubscriptionManager::addOrUpdateSubscription, callback: 0xb5b39060
01-01 00:01:19.840 178 654 I automotive.vehicle@2.0-impl: SubscriptionManager::addOrUpdateSubscription, prop: 0x11400404
01-01 00:01:19.840 178 654 I automotive.vehicle@2.0-impl: addOrUpdateSubscription opts.propId: 0x11400404
01-01 00:01:19.840 178 654 I DefaultVehicleHal_v2_0: subscribe propId: 0x11400404, sampleRate: 0.000000
01-01 00:01:19.872 532 532 D AndroidRuntime: >>>>>> START com.android.internal.os.WebViewZygoteInit uid 1053 <<<<<<
01-01 00:01:19.878 532 532 I /system/bin/webview_zygote32: option[0]=-Xzygote
01-01 00:01:19.878 532 532 I /system/bin/webview_zygote32: option[1]=-Xstacktracefile:/data/anr/traces.txt
01-01 00:01:19.878 532 532 I /system/bin/webview_zygote32: option[2]=exit
01-01 00:01:19.878 532 532 I /system/bin/webview_zygote32: option[3]=vfprintf
01-01 00:01:19.878 532 532 I /system/bin/webview_zygote32: option[4]=sensitiveThread
01-01 00:01:19.878 532 532 I /system/bin/webview_zygote32: option[5]=-verbose:gc
01-01 00:01:19.879 532 532 I /system/bin/webview_zygote32: option[6]=-Xms4m
01-01 00:01:19.879 532 532 I /system/bin/webview_zygote32: option[7]=-Xmx16m
01-01 00:01:19.879 532 532 I /system/bin/webview_zygote32: option[8]=-Xusejit:true
01-01 00:01:19.879 532 532 I /system/bin/webview_zygote32: option[9]=-Xjitsaveprofilinginfo
01-01 00:01:19.879 532 532 I /system/bin/webview_zygote32: option[10]=-agentlib:jdwp=transport=dt_android_adb,suspend=n,server=y
01-01 00:01:19.879 532 532 I /system/bin/webview_zygote32: option[11]=-Xlockprofthreshold:500
01-01 00:01:19.879 532 532 I /system/bin/webview_zygote32: option[12]=-Ximage-compiler-option
01-01 00:01:19.879 532 532 I /system/bin/webview_zygote32: option[13]=--runtime-arg
01-01 00:01:19.879 532 532 I /system/bin/webview_zygote32: option[14]=-Ximage-compiler-option
01-01 00:01:19.879 532 532 I /system/bin/webview_zygote32: option[15]=-Xms64m
01-01 00:01:19.879 532 532 I /system/bin/webview_zygote32: option[16]=-Ximage-compiler-option
01-01 00:01:19.879 532 532 I /system/bin/webview_zygote32: option[17]=--runtime-arg
01-01 00:01:19.879 532 532 I /system/bin/webview_zygote32: option[18]=-Ximage-compiler-option
01-01 00:01:19.879 532 532 I /system/bin/webview_zygote32: option[19]=-Xmx64m
01-01 00:01:19.879 532 532 I /system/bin/webview_zygote32: option[20]=-Ximage-compiler-option
01-01 00:01:19.879 532 532 I /system/bin/webview_zygote32: option[21]=--image-classes=/system/etc/preloaded-classes
01-01 00:01:19.879 532 532 I /system/bin/webview_zygote32: option[22]=-Ximage-compiler-option
01-01 00:01:19.879 532 532 I /system/bin/webview_zygote32: option[23]=--compiled-classes=/system/etc/compiled-classes
01-01 00:01:19.879 532 532 I /system/bin/webview_zygote32: option[24]=-Xcompiler-option
01-01 00:01:19.879 532 532 I /system/bin/webview_zygote32: option[25]=--runtime-arg
01-01 00:01:19.879 532 532 I /system/bin/webview_zygote32: option[26]=-Xcompiler-option
01-01 00:01:19.879 532 532 I /system/bin/webview_zygote32: option[27]=-Xms64m
01-01 00:01:19.879 532 532 I /system/bin/webview_zygote32: option[28]=-Xcompiler-option
01-01 00:01:19.879 532 532 I /system/bin/webview_zygote32: option[29]=--runtime-arg
01-01 00:01:19.879 532 532 I /system/bin/webview_zygote32: option[30]=-Xcompiler-option
01-01 00:01:19.879 532 532 I /system/bin/webview_zygote32: option[31]=-Xmx512m
01-01 00:01:19.879 532 532 I /system/bin/webview_zygote32: option[32]=-Ximage-compiler-option
01-01 00:01:19.879 532 532 I /system/bin/webview_zygote32: option[33]=--instruction-set-variant=cortex-a15
01-01 00:01:19.879 532 532 I /system/bin/webview_zygote32: option[34]=-Xcompiler-option
01-01 00:01:19.879 532 532 I /system/bin/webview_zygote32: option[35]=--instruction-set-variant=cortex-a15
01-01 00:01:19.879 532 532 I /system/bin/webview_zygote32: option[36]=-Ximage-compiler-option
01-01 00:01:19.879 532 532 I /system/bin/webview_zygote32: option[37]=--instruction-set-features=default
01-01 00:01:19.879 532 532 I /system/bin/webview_zygote32: option[38]=-Xcompiler-option
01-01 00:01:19.879 532 532 I /system/bin/webview_zygote32: option[39]=--instruction-set-features=default
01-01 00:01:19.879 532 532 I /system/bin/webview_zygote32: option[40]=-Duser.locale=en-US
01-01 00:01:19.879 532 532 I /system/bin/webview_zygote32: option[41]=--cpu-abilist=armeabi-v7a,armeabi
01-01 00:01:19.879 532 532 I /system/bin/webview_zygote32: option[42]=-Xfingerprint:TI/full_jacinto6evm/jacinto6evm:8.0.0/OPR6.170623.013/rtrk12022048:userdebug/test-keys
01-01 00:01:19.929 178 178 I android.hardwar: type=1400 audit(0.0:24): avc: denied { accept } for lport=33452 scontext=u:r:hal_vehicle_default:s0 tcontext=u:r:hal_vehicle_default:s0 tclass=tcp_socket permissive=1
01-01 00:01:19.958 226 284 W OMXUtils: do not know color format 0x7f000789 = 2130708361
01-01 00:01:19.958 229 541 E OMXNodeInstance: getConfig(0xad2282a0:google.vp8.encoder, ConfigAndroidIntraRefresh(0x6f60000a)) ERROR: Undefined(0x80001001)
01-01 00:01:19.962 153 153 W /system/bin/hwservicemanager: getTransportFromManifest: Cannot find entry android.hardware.media.omx@1.0::IOmx in either framework or device manifest, using default transport.
01-01 00:01:19.964 226 284 I OMXClient: Treble IOmx obtained
01-01 00:01:19.965 229 541 I OMXMaster: makeComponentInstance(OMX.google.vp9.encoder) in omx@1.0-service process
01-01 00:01:19.971 226 284 W OMXUtils: do not know color format 0x7f000789 = 2130708361
01-01 00:01:19.972 229 273 E OMXNodeInstance: getConfig(0xad2282a0:google.vp9.encoder, ConfigAndroidIntraRefresh(0x6f60000a)) ERROR: Undefined(0x80001001)
01-01 00:01:19.976 153 153 W /system/bin/hwservicemanager: getTransportFromManifest: Cannot find entry android.hardware.media.omx@1.0::IOmx in either framework or device manifest, using default transport.
01-01 00:01:19.978 226 284 I OMXClient: Treble IOmx obtained
01-01 00:01:19.985 153 153 W /system/bin/hwservicemanager: getTransportFromManifest: Cannot find entry android.hardware.media.omx@1.0::IOmx in either framework or device manifest, using default transport.
01-01 00:01:19.992 573 573 W CAR.AUDIO: Audio routing policy did not cover logical stream 10
01-01 00:01:20.001 226 284 I OMXClient: Treble IOmx obtained
01-01 00:01:20.001 226 284 W MediaCodecList: unable to open media codecs configuration xml file: /data/misc/media/media_codecs_profiling_results.xml
01-01 00:01:20.002 573 573 E CAR.AUDIO: setupDynamicRouting, no output device available, ignore
01-01 00:01:20.002 573 573 W CAR.AUDIO: Vehicle HAL did not implement VehicleProperty.AUDIO_ROUTING_POLICY
01-01 00:01:20.004 153 153 W /system/bin/hwservicemanager: getTransportFromManifest: Cannot find entry android.hardware.media.omx@1.0::IOmx in either framework or device manifest, using default transport.
01-01 00:01:20.007 319 496 I OMXClient: Treble IOmx obtained
01-01 00:01:20.013 217 217 D PermissionCache: checking android.permission.MODIFY_AUDIO_ROUTING for uid=1000 => granted (2383 us)
01-01 00:01:20.016 178 654 I automotive.vehicle@2.0-impl: SubscriptionManager::addOrUpdateSubscription, callback: 0xb5b39060
01-01 00:01:20.016 178 654 I automotive.vehicle@2.0-impl: SubscriptionManager::addOrUpdateSubscription, prop: 0x11200407
01-01 00:01:20.016 178 654 I automotive.vehicle@2.0-impl: addOrUpdateSubscription opts.propId: 0x11200407
01-01 00:01:20.016 178 654 I DefaultVehicleHal_v2_0: subscribe propId: 0x11200407, sampleRate: 0.000000
01-01 00:01:20.017 573 573 D CAR.CLUSTER: bindInstrumentClusterRendererService, component: android.car.cluster.loggingrenderer/.LoggingClusterRenderingService
01-01 00:01:20.017 229 273 I OMXMaster: makeComponentInstance(OMX.google.vorbis.decoder) in omx@1.0-service process
01-01 00:01:20.017 573 573 W ContextImpl: Calling a method in the system process without a qualified user: android.app.ContextImpl.bindService:1540 android.content.ContextWrapper.bindService:678 com.android.car.cluster.InstrumentClusterService.bindInstrumentClusterRendererService:191 com.android.car.cluster.InstrumentClusterService.init:109 com.android.car.ICarImpl.init:159
01-01 00:01:20.018 319 574 W ActivityManager: Unable to start service Intent { cmp=android.car.cluster.loggingrenderer/.LoggingClusterRenderingService } U=0: not found
01-01 00:01:20.020 573 679 I CAR.SYS : Media unmute
01-01 00:01:20.020 319 574 I MediaFocusControl: AudioFocus abandonAudioFocus() from uid/pid 1000/573 clientId=android.media.AudioManager@8b5a289com.android.car.CarAudioService$MediaMuteAudioFocusListener@bd2228e
01-01 00:01:20.030 229 541 E OMXNodeInstance: getConfig(0xad2282a0:google.vorbis.decoder, ConfigAndroidVendorExtension(0x6f100004)) ERROR: Undefined(0x80001001)
01-01 00:01:20.045 175 175 W /system/bin/hw/android.hidl.allocator@1.0-service: ashmem_create_region(32768) returning hidl_memory(0xaf298820, 32768)
01-01 00:01:20.049 153 153 W /system/bin/hwservicemanager: getTransportFromManifest: Cannot find entry android.hardware.media.omx@1.0::IOmx in either framework or device manifest, using default transport.
01-01 00:01:20.052 483 695 I OMXClient: Treble IOmx obtained
01-01 00:01:20.053 229 273 I OMXMaster: makeComponentInstance(OMX.google.vorbis.decoder) in omx@1.0-service process
01-01 00:01:20.053 178 654 I automotive.vehicle@2.0-impl: SubscriptionManager::addOrUpdateSubscription, callback: 0xb5b39060
01-01 00:01:20.053 178 654 I automotive.vehicle@2.0-impl: SubscriptionManager::addOrUpdateSubscription, prop: 0x11400409
01-01 00:01:20.053 178 654 I automotive.vehicle@2.0-impl: addOrUpdateSubscription opts.propId: 0x11400409
01-01 00:01:20.053 178 654 I DefaultVehicleHal_v2_0: subscribe propId: 0x11400409, sampleRate: 0.000000
01-01 00:01:20.057 229 273 E OMXNodeInstance: getConfig(0xad2281e0:google.vorbis.decoder, ConfigAndroidVendorExtension(0x6f100004)) ERROR: Undefined(0x80001001)
01-01 00:01:20.059 175 175 W /system/bin/hw/android.hidl.allocator@1.0-service: ashmem_create_region(32768) returning hidl_memory(0xaf298820, 32768)
01-01 00:01:20.065 573 573 D CarUserService: onCreate()
01-01 00:01:20.065 466 466 D CarLatinIME: Car Service connected
01-01 00:01:20.079 573 573 D CarUserService: onBind()
01-01 00:01:20.080 573 573 D CarUserService: createBluetoothUserService
01-01 00:01:20.081 573 573 E BluetoothAdapter: Bluetooth binder is null
01-01 00:01:20.081 573 573 D CarBluetoothUsrSvc: setupProfileProxy()
01-01 00:01:20.081 573 573 D CarBluetoothUsrSvc: Null BT Adapter
01-01 00:01:20.379 671 710 D OpenGLRenderer: HWUI GL Pipeline
01-01 00:01:20.389 175 175 W /system/bin/hw/android.hidl.allocator@1.0-service: ashmem_create_region(32768) returning hidl_memory(0xaf298820, 32768)
01-01 00:01:20.421 175 175 I chatty : uid=1000(system) allocator@1.0-s identical 16 lines
01-01 00:01:20.421 175 175 W /system/bin/hw/android.hidl.allocator@1.0-service: ashmem_create_region(32768) returning hidl_memory(0xaf298820, 32768)
01-01 00:01:20.429 671 710 I vndksupport: sphal namespace is not configured for this process. Loading /vendor/lib/hw/gralloc.jacinto6.so from the current namespace instead.
01-01 00:01:20.445 175 175 W /system/bin/hw/android.hidl.allocator@1.0-service: ashmem_create_region(32768) returning hidl_memory(0xaf298820, 32768)
01-01 00:01:20.445 671 710 E IMGSRV : :0: PVRSRVOpenDCDevice: Error - 138 returned
01-01 00:01:20.449 671 710 I vndksupport: sphal namespace is not configured for this process. Loading /vendor/lib/hw/gralloc.jacinto6.so from the current namespace instead.
01-01 00:01:20.450 671 710 I OpenGLRenderer: Initialized EGL, version 1.4
01-01 00:01:20.450 671 710 D OpenGLRenderer: Swap behavior 1
01-01 00:01:20.451 671 710 W OpenGLRenderer: Failed to choose config with EGL_SWAP_BEHAVIOR_PRESERVED, retrying without...
01-01 00:01:20.451 671 710 D OpenGLRenderer: Swap behavior 0
01-01 00:01:20.456 175 175 W /system/bin/hw/android.hidl.allocator@1.0-service: ashmem_create_region(32768) returning hidl_memory(0xaf298820, 32768)
01-01 00:01:20.456 175 175 I chatty : uid=1000(system) allocator@1.0-s identical 1 line
01-01 00:01:20.457 175 175 W /system/bin/hw/android.hidl.allocator@1.0-service: ashmem_create_region(32768) returning hidl_memory(0xaf298820, 32768)
01-01 00:01:20.481 319 319 I AccountsDb: Creating DE database for user 0
01-01 00:01:20.552 671 710 I vndksupport: sphal namespace is not configured for this process. Loading /vendor/lib/hw/gralloc.jacinto6.so from the current namespace instead.
01-01 00:01:20.557 153 153 W /system/bin/hwservicemanager: getTransportFromManifest: Cannot find entry android.hardware.media.omx@1.0::IOmx in either framework or device manifest, using default transport.
01-01 00:01:20.558 319 716 I OMXClient: Treble IOmx obtained
01-01 00:01:20.559 229 273 I OMXMaster: makeComponentInstance(OMX.google.vorbis.decoder) in omx@1.0-service process
01-01 00:01:20.562 229 273 E OMXNodeInstance: getConfig(0xad2281e0:google.vorbis.decoder, ConfigAndroidVendorExtension(0x6f100004)) ERROR: Undefined(0x80001001)
01-01 00:01:20.566 153 153 W /system/bin/hwservicemanager: getTransportFromManifest: Cannot find entry android.hardware.media.omx@1.0::IOmx in either framework or device manifest, using default transport.
01-01 00:01:20.566 483 718 I OMXClient: Treble IOmx obtained
01-01 00:01:20.567 229 273 I OMXMaster: makeComponentInstance(OMX.google.vorbis.decoder) in omx@1.0-service process
01-01 00:01:20.569 229 273 E OMXNodeInstance: getConfig(0xad5a3560:google.vorbis.decoder, ConfigAndroidVendorExtension(0x6f100004)) ERROR: Undefined(0x80001001)
01-01 00:01:20.570 175 175 W /system/bin/hw/android.hidl.allocator@1.0-service: ashmem_create_region(32768) returning hidl_memory(0xaf298820, 32768)
01-01 00:01:20.577 175 175 I chatty : uid=1000(system) allocator@1.0-s identical 6 lines
01-01 00:01:20.578 175 175 W /system/bin/hw/android.hidl.allocator@1.0-service: ashmem_create_region(32768) returning hidl_memory(0xaf298820, 32768)
01-01 00:01:20.584 319 335 W KeyguardServiceDelegate: onScreenTurningOn(): no keyguard service!
01-01 00:01:20.589 319 343 I ActivityManager: Displayed com.android.settings/.FallbackHome: +961ms (total +1s393ms)
01-01 00:01:20.592 319 384 I InputReader: Reconfiguring input devices. changes=0x00000004
01-01 00:01:20.595 319 368 I WindowManager: Screen frozen for +863ms due to Window{95d03b2 u0 com.android.settings/com.android.settings.FallbackHome}
01-01 00:01:20.605 175 175 W /system/bin/hw/android.hidl.allocator@1.0-service: ashmem_create_region(32768) returning hidl_memory(0xaf298820, 32768)
01-01 00:01:20.663 175 175 I chatty : uid=1000(system) allocator@1.0-s identical 14 lines
01-01 00:01:20.663 175 175 W /system/bin/hw/android.hidl.allocator@1.0-service: ashmem_create_region(32768) returning hidl_memory(0xaf298820, 32768)
01-01 00:01:20.670 483 483 I vol.Events: writeEvent collection_started
01-01 00:01:20.680 153 153 W /system/bin/hwservicemanager: getTransportFromManifest: Cannot find entry android.hardware.media.omx@1.0::IOmx in either framework or device manifest, using default transport.
01-01 00:01:20.684 319 725 I OMXClient: Treble IOmx obtained
01-01 00:01:20.685 229 541 I OMXMaster: makeComponentInstance(OMX.google.vorbis.decoder) in omx@1.0-service process
01-01 00:01:20.696 229 541 E OMXNodeInstance: getConfig(0xad2282a0:google.vorbis.decoder, ConfigAndroidVendorExtension(0x6f100004)) ERROR: Undefined(0x80001001)
01-01 00:01:20.698 175 175 W /system/bin/hw/android.hidl.allocator@1.0-service: ashmem_create_region(32768) returning hidl_memory(0xaf298820, 32768)
01-01 00:01:20.699 175 175 I chatty : uid=1000(system) allocator@1.0-s identical 2 lines
01-01 00:01:20.708 175 175 W /system/bin/hw/android.hidl.allocator@1.0-service: ashmem_create_region(32768) returning hidl_memory(0xaf298820, 32768)
01-01 00:01:20.709 483 726 I vol.Events: writeEvent external_ringer_mode_changed normal
01-01 00:01:20.710 483 726 I vol.Events: writeEvent internal_ringer_mode_changed normal
01-01 00:01:20.713 175 175 W /system/bin/hw/android.hidl.allocator@1.0-service: ashmem_create_region(32768) returning hidl_memory(0xaf298820, 32768)
01-01 00:01:20.732 175 175 I chatty : uid=1000(system) allocator@1.0-s identical 6 lines
01-01 00:01:20.733 175 175 W /system/bin/hw/android.hidl.allocator@1.0-service: ashmem_create_region(32768) returning hidl_memory(0xaf298820, 32768)
01-01 00:01:20.779 319 319 W ContextImpl: Calling a method in the system process without a qualified user: android.app.ContextImpl.startService:1460 com.android.server.content.SyncManager$13.run:659 android.os.Handler.handleCallback:789 android.os.Handler.dispatchMessage:98 android.os.Looper.loop:164
01-01 00:01:20.792 153 153 W /system/bin/hwservicemanager: getTransportFromManifest: Cannot find entry android.hardware.media.omx@1.0::IOmx in either framework or device manifest, using default transport.
01-01 00:01:20.807 483 741 I OMXClient: Treble IOmx obtained
01-01 00:01:20.808 229 541 I OMXMaster: makeComponentInstance(OMX.google.vorbis.decoder) in omx@1.0-service process
01-01 00:01:20.812 229 273 E OMXNodeInstance: getConfig(0xad2282a0:google.vorbis.decoder, ConfigAndroidVendorExtension(0x6f100004)) ERROR: Undefined(0x80001001)
01-01 00:01:20.814 175 175 W /system/bin/hw/android.hidl.allocator@1.0-service: ashmem_create_region(32768) returning hidl_memory(0xaf298820, 32768)
01-01 00:01:20.819 175 175 I chatty : uid=1000(system) allocator@1.0-s identical 6 lines
01-01 00:01:20.819 175 175 W /system/bin/hw/android.hidl.allocator@1.0-service: ashmem_create_region(32768) returning hidl_memory(0xaf298820, 32768)
01-01 00:01:20.820 153 153 W /system/bin/hwservicemanager: getTransportFromManifest: Cannot find entry android.hardware.media.omx@1.0::IOmx in either framework or device manifest, using default transport.
01-01 00:01:20.825 319 744 I OMXClient: Treble IOmx obtained
01-01 00:01:20.827 229 273 I OMXMaster: makeComponentInstance(OMX.google.vorbis.decoder) in omx@1.0-service process
01-01 00:01:20.830 229 273 E OMXNodeInstance: getConfig(0xad2281e0:google.vorbis.decoder, ConfigAndroidVendorExtension(0x6f100004)) ERROR: Undefined(0x80001001)
01-01 00:01:20.838 175 175 W /system/bin/hw/android.hidl.allocator@1.0-service: ashmem_create_region(32768) returning hidl_memory(0xaf298820, 32768)
01-01 00:01:20.896 175 175 I chatty : uid=1000(system) allocator@1.0-s identical 14 lines
01-01 00:01:20.897 175 175 W /system/bin/hw/android.hidl.allocator@1.0-service: ashmem_create_region(32768) returning hidl_memory(0xaf298820, 32768)
01-01 00:01:20.951 153 153 W /system/bin/hwservicemanager: getTransportFromManifest: Cannot find entry android.hardware.media.omx@1.0::IOmx in either framework or device manifest, using default transport.
01-01 00:01:20.953 319 750 I OMXClient: Treble IOmx obtained
01-01 00:01:20.954 229 562 I OMXMaster: makeComponentInstance(OMX.google.vorbis.decoder) in omx@1.0-service process
01-01 00:01:20.958 319 319 E BluetoothAdapter: Bluetooth binder is null
01-01 00:01:20.960 229 562 E OMXNodeInstance: getConfig(0xad2281e0:google.vorbis.decoder, ConfigAndroidVendorExtension(0x6f100004)) ERROR: Undefined(0x80001001)
01-01 00:01:20.963 175 175 W /system/bin/hw/android.hidl.allocator@1.0-service: ashmem_create_region(32768) returning hidl_memory(0xaf298820, 32768)
01-01 00:01:20.969 319 753 I Telecom : BluetoothRouteManager: getBluetoothAudioConnectedDevice: no headset service available.
01-01 00:01:20.972 319 319 I Telecom : SystemStateProvider: Registering car mode receiver: android.content.IntentFilter@a641441: TS.init@AAA
01-01 00:01:20.989 175 175 I chatty : uid=1000(system) allocator@1.0-s identical 10 lines
01-01 00:01:20.989 175 175 W /system/bin/hw/android.hidl.allocator@1.0-service: ashmem_create_region(32768) returning hidl_memory(0xaf298820, 32768)
01-01 00:01:20.992 319 754 I Telecom : Logging.Events: Non-call EVENT: AUDIO_ROUTE, Entering state QuiescentEarpieceRoute
01-01 00:01:21.012 319 755 I Telecom : CallAudioModeStateMachine: Message received: null.: TS.init->CAMSM.pM_1@AAA
01-01 00:01:21.025 319 319 I Telecom : MissedCallNotifierImpl: Boot not yet complete -- call log db may not be available. Deferring loading until boot complete.: TS.init@AAA
01-01 00:01:21.033 319 319 E BluetoothAdapter: Bluetooth binder is null
01-01 00:01:21.049 153 153 W /system/bin/hwservicemanager: getTransportFromManifest: Cannot find entry android.hardware.media.omx@1.0::IOmx in either framework or device manifest, using default transport.
01-01 00:01:21.050 319 756 I OMXClient: Treble IOmx obtained
01-01 00:01:21.054 229 562 I OMXMaster: makeComponentInstance(OMX.google.vorbis.decoder) in omx@1.0-service process
01-01 00:01:21.057 229 562 E OMXNodeInstance: getConfig(0xad2281e0:google.vorbis.decoder, ConfigAndroidVendorExtension(0x6f100004)) ERROR: Undefined(0x80001001)
01-01 00:01:21.059 175 175 W /system/bin/hw/android.hidl.allocator@1.0-service: ashmem_create_region(32768) returning hidl_memory(0xaf298820, 32768)
01-01 00:01:21.061 319 319 I Telecom : Class: TelecomSystem.INSTANCE being set
01-01 00:01:21.061 319 319 E BluetoothAdapter: Bluetooth binder is null
01-01 00:01:21.062 175 175 W /system/bin/hw/android.hidl.allocator@1.0-service: ashmem_create_region(32768) returning hidl_memory(0xaf298820, 32768)
01-01 00:01:21.063 175 175 I chatty : uid=1000(system) allocator@1.0-s identical 1 line
01-01 00:01:21.063 175 175 W /system/bin/hw/android.hidl.allocator@1.0-service: ashmem_create_region(32768) returning hidl_memory(0xaf298820, 32768)
01-01 00:01:21.068 220 257 D installd: Found storage mount /dev/fuse at /mnt/runtime/default/emulated
01-01 00:01:21.069 175 175 W /system/bin/hw/android.hidl.allocator@1.0-service: ashmem_create_region(32768) returning hidl_memory(0xaf298820, 32768)
01-01 00:01:21.085 175 175 I chatty : uid=1000(system) allocator@1.0-s identical 6 lines
01-01 00:01:21.085 175 175 W /system/bin/hw/android.hidl.allocator@1.0-service: ashmem_create_region(32768) returning hidl_memory(0xaf298820, 32768)
01-01 00:01:21.147 319 319 V WiredAccessoryManager: init()
01-01 00:01:21.188 319 319 D ConditionProviders.SCP: onSubscribe condition://android/schedule?days=1.2.3.4.5&start=22.0&end=7.0&exitAtAlarm=false
01-01 00:01:21.189 319 319 D ConditionProviders.SCP: setRegistered true
01-01 00:01:21.189 319 319 D ConditionProviders.SCP: notifyCondition condition://android/schedule?days=1.2.3.4.5&start=22.0&end=7.0&exitAtAlarm=false STATE_TRUE reason=meetsSchedule
01-01 00:01:21.191 319 319 D ConditionProviders.SCP: Scheduling evaluate for Thu Jan 01 07:00:00 GMT+00:00 1970 (25200000), in +6h58m38s811ms, now=Thu Jan 01 00:01:21 GMT+00:00 1970 (81189)
01-01 00:01:21.191 319 319 D ConditionProviders.SCP: onSubscribe condition://android/schedule?days=6.7&start=23.30&end=10.0&exitAtAlarm=false
01-01 00:01:21.202 319 603 I zygote : Waiting for a blocking GC Alloc
01-01 00:01:21.207 319 319 D ConditionProviders.SCP: notifyCondition condition://android/schedule?days=6.7&start=23.30&end=10.0&exitAtAlarm=false STATE_FALSE reason=!meetsSchedule
01-01 00:01:21.207 319 319 D ConditionProviders.SCP: notifyCondition condition://android/schedule?days=1.2.3.4.5&start=22.0&end=7.0&exitAtAlarm=false STATE_TRUE reason=meetsSchedule
01-01 00:01:21.208 319 319 D ConditionProviders.SCP: Scheduling evaluate for Thu Jan 01 07:00:00 GMT+00:00 1970 (25200000), in +6h58m38s800ms, now=Thu Jan 01 00:01:21 GMT+00:00 1970 (81200)
01-01 00:01:21.210 319 334 I zygote : Waiting for a blocking GC Alloc
01-01 00:01:21.211 319 443 I zygote : Waiting for a blocking GC Alloc
01-01 00:01:21.218 319 771 I zygote : Waiting for a blocking GC Alloc
01-01 00:01:21.274 319 603 I zygote : WaitForGcToComplete blocked for 72.388ms for cause Alloc
01-01 00:01:21.274 319 603 I zygote : Starting a blocking GC Alloc
01-01 00:01:21.274 319 334 I zygote : WaitForGcToComplete blocked for 64.629ms for cause Alloc
01-01 00:01:21.274 319 334 I zygote : Starting a blocking GC Alloc
01-01 00:01:21.275 319 443 I zygote : WaitForGcToComplete blocked for 64.067ms for cause Alloc
01-01 00:01:21.275 319 443 I zygote : Starting a blocking GC Alloc
01-01 00:01:21.276 319 771 I zygote : WaitForGcToComplete blocked for 57.412ms for cause Alloc
01-01 00:01:21.276 319 771 I zygote : Starting a blocking GC Alloc
01-01 00:01:21.276 319 334 I SyncManager: Got SyncJobService instance.
01-01 00:01:21.277 483 726 I vol.Events: writeEvent level_changed STREAM_VOICE_CALL 4
01-01 00:01:21.281 483 726 I vol.Events: writeEvent level_changed STREAM_SYSTEM 5
01-01 00:01:21.284 483 726 I vol.Events: writeEvent level_changed STREAM_RING 5
01-01 00:01:21.284 319 443 E ActivityThread: Failed to find provider info for com.android.calendar
01-01 00:01:21.285 319 443 E ActivityThread: Failed to find provider info for com.android.calendar
01-01 00:01:21.285 483 726 I vol.Events: writeEvent level_changed STREAM_MUSIC 11
01-01 00:01:21.287 483 726 I vol.Events: writeEvent level_changed STREAM_ALARM 6
01-01 00:01:21.289 483 726 I vol.Events: writeEvent level_changed STREAM_BLUETOOTH_SCO 7
01-01 00:01:21.314 319 319 I Telecom : WiredHeadsetManager: ACTION_HEADSET_PLUG event, plugged in: false, : WHC.oADA@AAE
01-01 00:01:21.324 319 319 I Telecom : PhoneAccountRegistrar: SimCallManager queried, returning: null: TSI.gSCM@AAM
01-01 00:01:21.325 319 319 D ZenLog : disable_effects: -1|android|32|null|1000,booleanState
01-01 00:01:21.326 319 319 D ZenLog : disable_effects: -1|android|26|null|1000,booleanState
