01-01 00:00:06.786 0 152 I SELinux : SELinux: Loaded service_contexts from:
01-01 00:00:06.790 0 152 I SELinux : /plat_service_contexts
01-01 00:00:06.790 0 152 I SELinux : /nonplat_service_contexts
01-01 00:00:06.807 0 154 I SELinux : SELinux: Loaded service_contexts from:
01-01 00:00:06.812 0 154 I SELinux : /vndservice_contexts
01-01 00:00:00.729 151 151 W auditd : type=2000 audit(0.0:1): initialized
01-01 00:00:03.999 151 151 I auditd : type=1403 audit(0.0:2): policy loaded auid=4294967295 ses=4294967295
01-01 00:00:05.509 136 136 I modprobe: type=1400 audit(0.0:3): avc: denied { module_load } for path="/vendor/lib/modules/wlcore.ko" dev="mmcblk0p11" ino=176 scontext=u:r:modprobe:s0 tcontext=u:object_r:vendor_file:s0 tclass=system permissive=1
01-01 00:00:06.809 151 151 I logd : type=1400 audit(0.0:4): avc: denied { search } for name="/" dev="mmcblk0p17" ino=2 scontext=u:r:logd:s0 tcontext=u:object_r:unlabeled:s0 tclass=dir permissive=1
01-01 00:00:06.919 153 153 E hwservicemanager: BINDER_SET_INHERIT_FIFO_PRIO failed with error -1
01-01 00:00:06.995 153 153 W /system/bin/hwservicemanager: getTransportFromManifest: Cannot find entry android.hardware.keymaster@3.0::IKeymasterDevice in either framework or device manifest, using default transport.
01-01 00:00:07.030 162 162 I android.hardware.keymaster@3.0-impl: Fetching keymaster device name default
01-01 00:00:07.072 162 162 I android.hardware.keymaster@3.0-impl: Found keymaster0 module Keymaster OpenSSL HAL, version 2
01-01 00:00:07.072 162 162 I android.hardware.keymaster@3.0-impl: Keymaster0 module is software-only. Using SoftKeymasterDevice instead.
01-01 00:00:07.080 162 162 I ServiceManagement: Removing namespace from process name android.hardware.keymaster@3.0-service to keymaster@3.0-s.
01-01 00:00:07.081 162 162 I android.hardware.keymaster@3.0-service: Registration complete for android.hardware.keymaster@3.0::IKeymasterDevice/default. --------- beginning of system
01-01 00:00:07.107 163 163 I vold : Vold 3.0 (the awakening) firing up
01-01 00:00:07.107 163 163 V vold : Detected support for: ext4 vfat
01-01 00:00:07.126 163 168 D vold : e4crypt_init_user0
01-01 00:00:07.126 163 168 D vold : e4crypt_prepare_user_storage for volume null, user 0, serial 0, flags 1
01-01 00:00:07.126 163 168 D vold : Preparing: /data/system/users/0
01-01 00:00:07.126 163 168 D vold : Preparing: /data/misc/profiles/cur/0
01-01 00:00:07.127 163 168 D vold : Preparing: /data/system_de/0
01-01 00:00:07.127 163 168 D vold : Preparing: /data/misc_de/0
01-01 00:00:07.127 163 168 D vold : Preparing: /data/user_de/0
01-01 00:00:07.127 163 168 D vold : e4crypt_unlock_user_key 0 serial=0 token_present=0
01-01 00:00:07.128 163 168 E vold : Failed to chmod /data/system_ce/0: No such file or directory
01-01 00:00:07.128 163 168 E vold : Failed to chmod /data/misc_ce/0: No such file or directory
01-01 00:00:07.128 163 168 E vold : Failed to chmod /data/media/0: No such file or directory
01-01 00:00:07.220 169 169 I /system/bin/tzdatacheck: timezone distro dir /data/misc/zoneinfo/current does not exist. No action required.
01-01 00:00:07.405 170 170 I Netd : Netd 1.0 starting
01-01 00:00:07.405 170 170 D TetherController: Setting IP forward enable = 0
01-01 00:00:07.863 175 175 I ServiceManagement: Removing namespace from process name android.hidl.allocator@1.0-service to allocator@1.0-s.
01-01 00:00:07.887 192 192 I lowmemorykiller: Using in-kernel low memory killer interface
01-01 00:00:07.967 182 182 I ServiceManagement: Removing namespace from process name android.hardware.configstore@1.0-service to configstore@1.0.
01-01 00:00:07.969 190 190 I pvrsrvinit: type=1400 audit(0.0:5): avc: denied { module_load } for path="/vendor/lib/modules/pvrsrvkm.ko" dev="mmcblk0p11" ino=167 scontext=u:r:pvr:s0 tcontext=u:object_r:vendor_file:s0 tclass=system permissive=1
01-01 00:00:07.989 178 178 I android.hardwar: type=1400 audit(0.0:6): avc: denied { create } for scontext=u:r:hal_vehicle_default:s0 tcontext=u:r:hal_vehicle_default:s0 tclass=tcp_socket permissive=1
01-01 00:00:07.989 178 178 I android.hardwar: type=1400 audit(0.0:7): avc: denied { bind } for scontext=u:r:hal_vehicle_default:s0 tcontext=u:r:hal_vehicle_default:s0 tclass=tcp_socket permissive=1
01-01 00:00:07.989 178 178 I android.hardwar: type=1400 audit(0.0:8): avc: denied { node_bind } for src=33452 scontext=u:r:hal_vehicle_default:s0 tcontext=u:object_r:node:s0 tclass=tcp_socket permissive=1
01-01 00:00:07.989 178 178 I android.hardwar: type=1400 audit(0.0:9): avc: denied { listen } for lport=33452 scontext=u:r:hal_vehicle_default:s0 tcontext=u:r:hal_vehicle_default:s0 tclass=tcp_socket permissive=1
01-01 00:00:07.989 178 178 I android.hardwar: type=1400 audit(0.0:10): avc: denied { accept } for lport=33452 scontext=u:r:hal_vehicle_default:s0 tcontext=u:r:hal_vehicle_default:s0 tclass=tcp_socket permissive=1
01-01 00:00:07.989 184 184 I ServiceManagement: Removing namespace from process name android.hardware.usb@1.0-service to usb@1.0-service.
01-01 00:00:07.991 153 153 W /system/bin/hwservicemanager: getTransportFromManifest: Cannot find entry android.hardware.health@1.0::IHealth in either framework or device manifest, using default transport.
01-01 00:00:07.994 184 184 I android.hardware.usb@1.0-service: USB HAL Ready.
01-01 00:00:07.994 178 178 I automotive.vehicle@2.0-service: registerEmulator, emulator: 0xb6214810
01-01 00:00:07.994 178 178 I automotive.vehicle@2.0-impl: VehicleHalManager::init
01-01 00:00:07.995 178 178 I automotive.vehicle@2.0-service: Registering as service...
01-01 00:00:07.995 178 178 I ServiceManagement: Removing namespace from process name android.hardware.automotive.vehicle@2.0-service to vehicle@2.0-ser.
01-01 00:00:07.996 153 153 E SELinux : avc: denied { add } for interface=android.hardware.automotive.vehicle::IVehicle pid=178 scontext=u:r:hal_vehicle_default:s0 tcontext=u:object_r:default_android_hwservice:s0 tclass=hwservice_manager
01-01 00:00:07.998 153 153 E SELinux : avc: denied { add } for interface=android.hidl.base::IBase pid=178 scontext=u:r:hal_vehicle_default:s0 tcontext=u:object_r:hidl_base_hwservice:s0 tclass=hwservice_manager
01-01 00:00:07.998 178 178 I automotive.vehicle@2.0-service: Ready
01-01 00:00:08.050 170 170 I Netd : Creating child chains: 638.6ms
01-01 00:00:08.050 170 170 I Netd : Setting up OEM hooks: 0.2ms
01-01 00:00:08.069 179 179 I android.hardwar: type=1400 audit(0.0:11): avc: denied { read write } for name="vndbinder" dev="tmpfs" ino=5426 scontext=u:r:hal_camera_default:s0 tcontext=u:object_r:vndbinder_device:s0 tclass=chr_file permissive=1
01-01 00:00:08.069 179 179 I android.hardwar: type=1400 audit(0.0:12): avc: denied { open } for path="/dev/vndbinder" dev="tmpfs" ino=5426 scontext=u:r:hal_camera_default:s0 tcontext=u:object_r:vndbinder_device:s0 tclass=chr_file permissive=1
01-01 00:00:08.069 179 179 I android.hardwar: type=1400 audit(0.0:13): avc: denied { ioctl } for path="/dev/vndbinder" dev="tmpfs" ino=5426 ioctlcmd=6209 scontext=u:r:hal_camera_default:s0 tcontext=u:object_r:vndbinder_device:s0 tclass=chr_file permissive=1
01-01 00:00:08.072 179 179 I android.hardware.camera.provider@2.4-service: Camera provider Service is starting.
01-01 00:00:08.077 170 170 I Netd : Setting up FirewallController hooks: 26.3ms
01-01 00:00:08.091 170 170 I Netd : Setting up NatController hooks: 14.6ms
01-01 00:00:08.095 170 170 I Netd : Setting up BandwidthController hooks: 3.9ms
01-01 00:00:08.095 170 170 I Netd : Setting up IdletimerController hooks: 0.0ms
01-01 00:00:08.106 170 170 I Netd : Disabling bandwidth control: 10.2ms
01-01 00:00:08.159 170 170 E Netd : cannot find interface dummy0
01-01 00:00:08.159 170 170 I Netd : Initializing RouteController: 53.8ms
01-01 00:00:08.163 170 170 E Netd : Unable to create netlink socket: Protocol not supported
01-01 00:00:08.164 170 170 W Netd : Unable to open qlog quota socket, check if xt_quota2 can send via UeventHandler
01-01 00:00:08.164 170 170 D MDnsDS : MDnsSdListener::Hander starting up
01-01 00:00:08.166 170 170 I Netd : Registering NetdNativeService: 1.2ms
01-01 00:00:08.166 170 237 D MDnsDS : MDnsSdListener starting to monitor
01-01 00:00:08.166 170 237 D MDnsDS : Going to poll with pollCount 1
01-01 00:00:08.360 170 170 I Netd : Starting CommandListener: 194.4ms
01-01 00:00:08.360 170 170 I Netd : Netd started in 955ms
01-01 00:00:08.699 178 178 I android.hardwar: type=1400 audit(0.0:14): avc: denied { accept } for lport=33452 scontext=u:r:hal_vehicle_default:s0 tcontext=u:r:hal_vehicle_default:s0 tclass=tcp_socket permissive=1
01-01 00:00:08.779 179 179 I vndksupport: sphal namespace is not configured for this process. Loading /vendor/lib/hw/camera.jacinto6.so from the current namespace instead.
01-01 00:00:08.842 183 183 I vndksupport: sphal namespace is not configured for this process. Loading /vendor/lib/hw/gralloc.jacinto6.so from the current namespace instead.
01-01 00:00:08.858 176 176 I ServiceManagement: Removing namespace from process name android.hardware.audio@2.0-service to audio@2.0-servi.
01-01 00:00:08.863 176 176 I audiohalservice: Registration complete for android.hardware.audio@2.0::IDevicesFactory/default.
01-01 00:00:08.869 153 153 W /system/bin/hwservicemanager: getTransportFromManifest: Cannot find entry android.hardware.audio.effect@2.0::IEffectsFactory in either framework or device manifest, using default transport.
01-01 00:00:08.911 222 222 I mediaserver: ServiceManager: 0xb0b97520
01-01 00:00:08.964 176 176 I audiohalservice: Registration complete for android.hardware.audio.effect@2.0::IEffectsFactory/default.
01-01 00:00:08.968 153 153 W /system/bin/hwservicemanager: getTransportFromManifest: Cannot find entry android.hardware.soundtrigger@2.0::ISoundTriggerHw in either framework or device manifest, using default transport.
01-01 00:00:08.977 176 176 E SoundTriggerHalImpl: couldn't load sound trigger module sound_trigger.primary (No such file or directory)
01-01 00:00:08.981 176 176 I audiohalservice: Registration complete for android.hardware.soundtrigger@2.0::ISoundTriggerHw/default.
01-01 00:00:08.981 153 153 W /system/bin/hwservicemanager: getTransportFromManifest: Cannot find entry android.hardware.broadcastradio@1.0::IBroadcastRadioFactory in either framework or device manifest, using default transport.
01-01 00:00:09.008 176 176 I audiohalservice: Registration complete for android.hardware.broadcastradio@1.0::IBroadcastRadioFactory/default.
01-01 00:00:09.012 246 246 I /system/bin/tombstoned: tombstoned successfully initialized
01-01 00:00:09.034 183 183 E IMGSRV : :0: PVRSRVOpenDCDevice: Error - 138 returned
01-01 00:00:09.041 186 186 I android.hardware.wifi@1.0-service: Wifi Hal is starting up...
01-01 00:00:09.042 186 186 I ServiceManagement: Removing namespace from process name android.hardware.wifi@1.0-service to wifi@1.0-servic.
01-01 00:00:09.046 183 183 I ServiceManagement: Removing namespace from process name android.hardware.graphics.allocator@2.0-service to allocator@2.0-s.
01-01 00:00:09.049 183 183 I android.hardware.graphics.allocator@2.0-service: Registration complete for android.hardware.graphics.allocator@2.0::IAllocator/default.
01-01 00:00:09.094 220 220 I installd: installd firing up
01-01 00:00:09.094 220 220 E cutils : Failed to read /data/.layout_version: No such file or directory
01-01 00:00:09.094 220 220 D installd: Assuming that device has multi-user storage layout; upgrade no longer supported
01-01 00:00:09.095 220 220 D installd: Upgrading to /data/misc/user directories
01-01 00:00:09.105 228 228 I wificond: wificond is starting up...
01-01 00:00:09.121 230 230 I gatekeeperd: Starting gatekeeperd...
01-01 00:00:09.123 153 153 W /system/bin/hwservicemanager: getTransportFromManifest: Cannot find entry android.hardware.gatekeeper@1.0::IGatekeeper in either framework or device manifest, using default transport.
01-01 00:00:09.124 230 230 W gatekeeperd: falling back to software GateKeeper
01-01 00:00:09.124 230 230 I gatekeeperd: cold boot: clearing state
01-01 00:00:09.150 153 153 W /system/bin/hwservicemanager: getTransportFromManifest: Cannot find entry android.hardware.keymaster@3.0::IKeymasterDevice in either framework or device manifest, using default transport.
01-01 00:00:09.259 179 179 I android.hardwar: type=1400 audit(0.0:15): avc: denied { read } for name="/" dev="tmpfs" ino=8391 scontext=u:r:hal_camera_default:s0 tcontext=u:object_r:device:s0 tclass=dir permissive=1
01-01 00:00:09.259 179 179 I android.hardwar: type=1400 audit(0.0:16): avc: denied { open } for path="/dev" dev="tmpfs" ino=8391 scontext=u:r:hal_camera_default:s0 tcontext=u:object_r:device:s0 tclass=dir permissive=1
01-01 00:00:09.261 179 179 D CameraHal: (a7bb54a8) + hardware/ti/dra7xx/camera/CameraProperties.cpp:48 CameraProperties - ENTER
01-01 00:00:09.261 179 179 D CameraHal: (a7bb54a8) - hardware/ti/dra7xx/camera/CameraProperties.cpp:53 CameraProperties - EXIT
01-01 00:00:09.261 179 179 D CameraHal: (a7bb54a8) + hardware/ti/dra7xx/camera/CameraProperties.cpp:130 camerasSupported - ENTER
01-01 00:00:09.261 179 179 D CameraHal: (a7bb54a8) - hardware/ti/dra7xx/camera/CameraProperties.cpp:130 camerasSupported - EXIT
01-01 00:00:09.261 179 179 I CamProvider@2.4-impl: Loaded "TI OMAP CameraHal Module" camera module
01-01 00:00:09.261 179 179 I CamProvider@2.4-impl: setUpVendorTags: No vendor tags defined for this device.
01-01 00:00:09.261 179 179 D CameraHal: (a7bb54a8) + hardware/ti/dra7xx/camera/CameraProperties.cpp:130 camerasSupported - ENTER
01-01 00:00:09.261 179 179 D CameraHal: (a7bb54a8) - hardware/ti/dra7xx/camera/CameraProperties.cpp:130 camerasSupported - EXIT
01-01 00:00:09.261 179 179 D CameraHal: (a7bb54a8) + hardware/ti/dra7xx/camera/CameraProperties.cpp:67 initialize - ENTER
01-01 00:00:09.261 179 179 D CameraHal: (a7bb54a8) + hardware/ti/dra7xx/camera/CameraProperties.cpp:93 loadProperties - ENTER
01-01 00:00:09.261 179 179 D CameraHal: (a7bb54a8) + hardware/ti/dra7xx/camera/BaseCameraAdapter.cpp:2690 CameraAdapter_Capabilities - ENTER
01-01 00:00:09.261 179 179 D CameraHal: (a7bb54a8) + hardware/ti/dra7xx/camera/V4LCameraAdapter/V4LCameraAdapter.cpp:1236 V4LCameraAdapter_Capabilities - ENTER
01-01 00:00:09.262 179 179 D CameraHal: (a7bb54a8) hardware/ti/dra7xx/camera/V4LCameraAdapter/V4LCameraAdapter.cpp:1198 detectVideoDevice - Video device list::dev_list[0]= /dev/video1
01-01 00:00:09.262 179 179 D CameraHal: (a7bb54a8) hardware/ti/dra7xx/camera/V4LCameraAdapter/V4LCameraAdapter.cpp:1198 detectVideoDevice - Video device list::dev_list[1]= /dev/video10
01-01 00:00:09.262 179 179 D CameraHal: (a7bb54a8) hardware/ti/dra7xx/camera/V4LCameraAdapter/V4LCameraAdapter.cpp:1198 detectVideoDevice - Video device list::dev_list[2]= /dev/video11
01-01 00:00:09.262 179 179 D CameraHal: (a7bb54a8) hardware/ti/dra7xx/camera/V4LCameraAdapter/V4LCameraAdapter.cpp:1198 detectVideoDevice - Video device list::dev_list[3]= /dev/video0
01-01 00:00:09.262 179 179 D CameraHal: (a7bb54a8) hardware/ti/dra7xx/camera/V4LCameraAdapter/V4LCameraAdapter.cpp:1258 V4LCameraAdapter_Capabilities - Opening device[0] = /dev/video0..
01-01 00:00:09.262 179 179 E CameraHal: (a7bb54a8) hardware/ti/dra7xx/camera/V4LCameraAdapter/V4LCameraAdapter.cpp:1273 V4LCameraAdapter_Capabilities - Error while adapter initialization: video capture not supported.
01-01 00:00:09.262 179 179 D CameraHal: (a7bb54a8) hardware/ti/dra7xx/camera/V4LCameraAdapter/V4LCameraAdapter.cpp:1258 V4LCameraAdapter_Capabilities - Opening device[1] = /dev/video1..
01-01 00:00:09.344 179 179 D CameraHal: (a7bb54a8) hardware/ti/dra7xx/camera/V4LCameraAdapter/V4LCapabilities.cpp:263 getCaps - fmtDesc[0].description::pixelformat::flags== (Y/CbCr 4:2:0::842094158::0)
01-01 00:00:09.344 179 179 D CameraHal: (a7bb54a8) hardware/ti/dra7xx/camera/V4LCameraAdapter/V4LCapabilities.cpp:263 getCaps - fmtDesc[1].description::pixelformat::flags== (UYVY 4:2:2::1498831189::0)
01-01 00:00:09.344 179 179 D CameraHal: (a7bb54a8) hardware/ti/dra7xx/camera/V4LCameraAdapter/V4LCapabilities.cpp:263 getCaps - fmtDesc[2].description::pixelformat::flags== (YUYV 4:2:2::1448695129::0)
01-01 00:00:09.344 179 179 D CameraHal: (a7bb54a8) hardware/ti/dra7xx/camera/V4LCameraAdapter/V4LCapabilities.cpp:263 getCaps - fmtDesc[3].description::pixelformat::flags== (VYUY 4:2:2::1498765654::0)
01-01 00:00:09.344 179 179 D CameraHal: (a7bb54a8) hardware/ti/dra7xx/camera/V4LCameraAdapter/V4LCapabilities.cpp:263 getCaps - fmtDesc[4].description::pixelformat::flags== (YVYU 4:2:2::1431918169::0)
01-01 00:00:09.344 179 179 D CameraHal: (a7bb54a8) hardware/ti/dra7xx/camera/V4LCameraAdapter/V4LCapabilities.cpp:263 getCaps - fmtDesc[5].description::pixelformat::flags== (24-bit RGB 8-8-8::859981650::0)
01-01 00:00:09.344 179 179 D CameraHal: (a7bb54a8) hardware/ti/dra7xx/camera/V4LCameraAdapter/V4LCapabilities.cpp:263 getCaps - fmtDesc[6].description::pixelformat::flags== (32-bit A/XRGB 8-8-8-8::876758866::0)
01-01 00:00:09.344 179 179 D CameraHal: (a7bb54a8) hardware/ti/dra7xx/camera/V4LCameraAdapter/V4LCapabilities.cpp:263 getCaps - fmtDesc[7].description::pixelformat::flags== (24-bit BGR 8-8-8::861030210::0)
01-01 00:00:09.344 179 179 D CameraHal: (a7bb54a8) hardware/ti/dra7xx/camera/V4LCameraAdapter/V4LCapabilities.cpp:263 getCaps - fmtDesc[8].description::pixelformat::flags== (32-bit BGRA/X 8-8-8-8::877807426::0)
01-01 00:00:09.344 179 179 D CameraHal: (a7bb54a8) hardware/ti/dra7xx/camera/V4LCameraAdapter/V4LCapabilities.cpp:281 getCaps - frmSizeEnum.index[0].width x height == (1280 x 800)
01-01 00:00:09.344 179 179 D CameraHal: (a7bb54a8) hardware/ti/dra7xx/camera/V4LCameraAdapter/V4LCapabilities.cpp:281 getCaps - frmSizeEnum.index[1].width x height == (1280 x 720)
01-01 00:00:09.344 179 179 D CameraHal: (a7bb54a8) hardware/ti/dra7xx/camera/V4LCameraAdapter/V4LCapabilities.cpp:281 getCaps - frmSizeEnum.index[2].width x height == (752 x 480)
01-01 00:00:09.344 179 179 D CameraHal: (a7bb54a8) hardware/ti/dra7xx/camera/V4LCameraAdapter/V4LCapabilities.cpp:281 getCaps - frmSizeEnum.index[3].width x height == (640 x 480)
01-01 00:00:09.344 179 179 D CameraHal: (a7bb54a8) hardware/ti/dra7xx/camera/V4LCameraAdapter/V4LCapabilities.cpp:281 getCaps - frmSizeEnum.index[4].width x height == (600 x 400)
01-01 00:00:09.344 179 179 D CameraHal: (a7bb54a8) hardware/ti/dra7xx/camera/V4LCameraAdapter/V4LCapabilities.cpp:281 getCaps - frmSizeEnum.index[5].width x height == (352 x 288)
01-01 00:00:09.344 179 179 D CameraHal: (a7bb54a8) hardware/ti/dra7xx/camera/V4LCameraAdapter/V4LCapabilities.cpp:281 getCaps - frmSizeEnum.index[6].width x height == (320 x 240)
01-01 00:00:09.344 179 179 D CameraHal: (a7bb54a8) hardware/ti/dra7xx/camera/V4LCameraAdapter/V4LCapabilities.cpp:309 getCaps - W x H = 1280 x 800
01-01 00:00:09.345 179 179 D CameraHal: (a7bb54a8) hardware/ti/dra7xx/camera/V4LCameraAdapter/V4LCapabilities.cpp:309 getCaps - W x H = 1280 x 720
01-01 00:00:09.345 179 179 D CameraHal: (a7bb54a8) hardware/ti/dra7xx/camera/V4LCameraAdapter/V4LCapabilities.cpp:309 getCaps - W x H = 752 x 480
01-01 00:00:09.345 179 179 D CameraHal: (a7bb54a8) hardware/ti/dra7xx/camera/V4LCameraAdapter/V4LCapabilities.cpp:309 getCaps - W x H = 640 x 480
01-01 00:00:09.345 179 179 D CameraHal: (a7bb54a8) hardware/ti/dra7xx/camera/V4LCameraAdapter/V4LCapabilities.cpp:309 getCaps - W x H = 600 x 400
01-01 00:00:09.345 179 179 D CameraHal: (a7bb54a8) hardware/ti/dra7xx/camera/V4LCameraAdapter/V4LCapabilities.cpp:309 getCaps - W x H = 352 x 288
01-01 00:00:09.345 179 179 D CameraHal: (a7bb54a8) hardware/ti/dra7xx/camera/V4LCameraAdapter/V4LCapabilities.cpp:309 getCaps - W x H = 320 x 240
01-01 00:00:09.345 179 179 E CameraHal: (a7bb54a8) hardware/ti/dra7xx/camera/V4LCameraAdapter/V4LCapabilities.cpp:339 getCaps - Error while getting capabilities: V4L2_FRMIVAL_TYPE_CONTINUOUS & V4L2_FRMIVAL_TYPE_STEPWISE are not supported.
01-01 00:00:09.345 179 179 D CameraHal: (a7bb54a8) + hardware/ti/dra7xx/camera/V4LCameraAdapter/V4LCapabilities.cpp:187 insertCapabilities - ENTER
01-01 00:00:09.345 179 179 D CameraHal: (a7bb54a8) + hardware/ti/dra7xx/camera/V4LCameraAdapter/V4LCapabilities.cpp:65 insertDefaults - ENTER
01-01 00:00:09.345 179 179 D CameraHal: (a7bb54a8) - hardware/ti/dra7xx/camera/V4LCameraAdapter/V4LCapabilities.cpp:106 insertDefaults - EXIT
01-01 00:00:09.345 179 179 D CameraHal: (a7bb54a8) - hardware/ti/dra7xx/camera/V4LCameraAdapter/V4LCapabilities.cpp:213 insertCapabilities - EXIT
01-01 00:00:09.345 179 179 D CameraHal: (a7bb54a8) hardware/ti/dra7xx/camera/V4LCameraAdapter/V4LCameraAdapter.cpp:1297 V4LCameraAdapter_Capabilities - Number of V4L cameras detected =1
01-01 00:00:09.345 179 179 E CameraHal: (a7bb54a8) hardware/ti/dra7xx/camera/V4LCameraAdapter/V4LCameraAdapter.cpp:1299 V4LCameraAdapter_Capabilities - Camera device path 0 is /dev/video1
01-01 00:00:09.345 179 179 D CameraHal: (a7bb54a8) - hardware/ti/dra7xx/camera/V4LCameraAdapter/V4LCameraAdapter.cpp:1301 V4LCameraAdapter_Capabilities - EXIT
01-01 00:00:09.345 179 179 E CameraHal: (a7bb54a8) hardware/ti/dra7xx/camera/BaseCameraAdapter.cpp:2713 CameraAdapter_Capabilities - supportedCameras= 1
01-01 00:00:09.345 179 179 D CameraHal: (a7bb54a8) - hardware/ti/dra7xx/camera/BaseCameraAdapter.cpp:2714 CameraAdapter_Capabilities - EXIT
01-01 00:00:09.345 179 179 I CameraHal: (a7bb54a8) hardware/ti/dra7xx/camera/CameraProperties.cpp:114 loadProperties - num_cameras = 1
01-01 00:00:09.345 179 179 D CameraHal: (a7bb54a8) hardware/ti/dra7xx/camera/CameraParameters.cpp:214 dump - ================================
01-01 00:00:09.345 179 179 D CameraHal: (a7bb54a8) hardware/ti/dra7xx/camera/CameraParameters.cpp:215 dump - Dumping properties for camera: 0
01-01 00:00:09.345 179 179 D CameraHal: (a7bb54a8) hardware/ti/dra7xx/camera/CameraParameters.cpp:220 dump - prop-antibanding-values = auto
01-01 00:00:09.345 179 179 D CameraHal: (a7bb54a8) hardware/ti/dra7xx/camera/CameraParameters.cpp:220 dump - prop-camera-name = USBCAMERA
01-01 00:00:09.345 179 179 D CameraHal: (a7bb54a8) hardware/ti/dra7xx/camera/CameraParameters.cpp:220 dump - prop-effect-values = none
01-01 00:00:09.345 179 179 D CameraHal: (a7bb54a8) hardware/ti/dra7xx/camera/CameraParameters.cpp:220 dump - prop-exposure-mode-values = auto
01-01 00:00:09.345 179 179 D CameraHal: (a7bb54a8) hardware/ti/dra7xx/camera/CameraParameters.cpp:220 dump - prop-facing = back
01-01 00:00:09.345 179 179 D CameraHal: (a7bb54a8) hardware/ti/dra7xx/camera/CameraParameters.cpp:220 dump - prop-flash-mode-values = off
01-01 00:00:09.345 179 179 D CameraHal: (a7bb54a8) hardware/ti/dra7xx/camera/CameraParameters.cpp:220 dump - prop-focal-length = 1
01-01 00:00:09.345 179 179 D CameraHal: (a7bb54a8) hardware/ti/dra7xx/camera/CameraParameters.cpp:220 dump - prop-focus-mode-default = fixed
01-01 00:00:09.345 179 179 D CameraHal: (a7bb54a8) hardware/ti/dra7xx/camera/CameraParameters.cpp:220 dump - prop-focus-mode-values = fixed
01-01 00:00:09.345 179 179 D CameraHal: (a7bb54a8) hardware/ti/dra7xx/camera/CameraParameters.cpp:220 dump - prop-framerate-range-default = 30000,30000
01-01 00:00:09.345 179 179 D CameraHal: (a7bb54a8) hardware/ti/dra7xx/camera/CameraParameters.cpp:220 dump - prop-framerate-range-values =
01-01 00:00:09.345 179 179 D CameraHal: (a7bb54a8) hardware/ti/dra7xx/camera/CameraParameters.cpp:220 dump - prop-horizontal-angle = 170
01-01 00:00:09.345 179 179 D CameraHal: (a7bb54a8) hardware/ti/dra7xx/camera/CameraParameters.cpp:220 dump - prop-ipp-values = ldc-nsf
01-01 00:00:09.345 179 179 D CameraHal: (a7bb54a8) hardware/ti/dra7xx/camera/CameraParameters.cpp:220 dump - prop-iso-mode-values = auto
01-01 00:00:09.346 179 179 D CameraHal: (a7bb54a8) hardware/ti/dra7xx/camera/CameraParameters.cpp:220 dump - prop-jpeg-quality-default = 90
01-01 00:00:09.346 179 179 D CameraHal: (a7bb54a8) hardware/ti/dra7xx/camera/CameraParameters.cpp:220 dump - prop-jpeg-thumbnail-quality-default = 50
01-01 00:00:09.346 179 179 D CameraHal: (a7bb54a8) hardware/ti/dra7xx/camera/CameraParameters.cpp:220 dump - prop-jpeg-thumbnail-size-default = 320x240
01-01 00:00:09.346 179 179 D CameraHal: (a7bb54a8) hardware/ti/dra7xx/camera/CameraParameters.cpp:220 dump - prop-jpeg-thumbnail-size-values = 0x0,320x240
01-01 00:00:09.346 179 179 D CameraHal: (a7bb54a8) hardware/ti/dra7xx/camera/CameraParameters.cpp:220 dump - prop-max-fd-hw-faces = 0
01-01 00:00:09.346 179 179 D CameraHal: (a7bb54a8) hardware/ti/dra7xx/camera/CameraParameters.cpp:220 dump - prop-orientation = 0
01-01 00:00:09.346 179 179 D CameraHal: (a7bb54a8) hardware/ti/dra7xx/camera/CameraParameters.cpp:220 dump - prop-picture-format-default = jpeg
01-01 00:00:09.346 179 179 D CameraHal: (a7bb54a8) hardware/ti/dra7xx/camera/CameraParameters.cpp:220 dump - prop-picture-format-values = jpeg
01-01 00:00:09.346 179 179 D CameraHal: (a7bb54a8) hardware/ti/dra7xx/camera/CameraParameters.cpp:220 dump - prop-picture-size-default = 1280x720
01-01 00:00:09.346 179 179 D CameraHal: (a7bb54a8) hardware/ti/dra7xx/camera/CameraParameters.cpp:220 dump - prop-picture-size-values = 1280x800,1280x720,752x480,640x480,600x400,352x288,320x240
01-01 00:00:09.346 179 179 D CameraHal: (a7bb54a8) hardware/ti/dra7xx/camera/CameraParameters.cpp:220 dump - prop-preview-format-default = yuv420sp
01-01 00:00:09.346 179 179 D CameraHal: (a7bb54a8) hardware/ti/dra7xx/camera/CameraParameters.cpp:220 dump - prop-preview-format-values = yuv420sp
01-01 00:00:09.346 179 179 D CameraHal: (a7bb54a8) hardware/ti/dra7xx/camera/CameraParameters.cpp:220 dump - prop-preview-frame-rate-default = 30
01-01 00:00:09.346 179 179 D CameraHal: (a7bb54a8) hardware/ti/dra7xx/camera/CameraParameters.cpp:220 dump - prop-preview-frame-rate-values =
01-01 00:00:09.346 179 179 D CameraHal: (a7bb54a8) hardware/ti/dra7xx/camera/CameraParameters.cpp:220 dump - prop-preview-size-default = 1280x720
01-01 00:00:09.346 179 179 D CameraHal: (a7bb54a8) hardware/ti/dra7xx/camera/CameraParameters.cpp:220 dump - prop-preview-size-values = 1280x800,1280x720,752x480,640x480,600x400,352x288,320x240
01-01 00:00:09.346 179 179 D CameraHal: (a7bb54a8) hardware/ti/dra7xx/camera/CameraParameters.cpp:220 dump - prop-preview-subsampled-size-values = 1280x800,1280x720,752x480,640x480,600x400,352x288,320x240
01-01 00:00:09.346 179 179 D CameraHal: (a7bb54a8) hardware/ti/dra7xx/camera/CameraParameters.cpp:220 dump - prop-required-preview-bufs = 8
01-01 00:00:09.346 179 179 D CameraHal: (a7bb54a8) hardware/ti/dra7xx/camera/CameraParameters.cpp:220 dump - prop-s3d-prv-frame-layout = none
01-01 00:00:09.346 179 179 D CameraHal: (a7bb54a8) hardware/ti/dra7xx/camera/CameraParameters.cpp:220 dump - prop-sensor-index = 0
01-01 00:00:09.346 179 179 D CameraHal: (a7bb54a8) hardware/ti/dra7xx/camera/CameraParameters.cpp:220 dump - prop-vertical-angle = 170
01-01 00:00:09.346 179 179 D CameraHal: (a7bb54a8) hardware/ti/dra7xx/camera/CameraParameters.cpp:220 dump - prop-vnf-default = false
01-01 00:00:09.346 179 179 D CameraHal: (a7bb54a8) hardware/ti/dra7xx/camera/CameraParameters.cpp:220 dump - prop-vstab-default = false
01-01 00:00:09.346 179 179 D CameraHal: (a7bb54a8) hardware/ti/dra7xx/camera/CameraParameters.cpp:220 dump - prop-zoom-default = 1
01-01 00:00:09.346 179 179 D CameraHal: (a7bb54a8) hardware/ti/dra7xx/camera/CameraParameters.cpp:220 dump - prop-zoom-ratios = 1
01-01 00:00:09.346 179 179 D CameraHal: (a7bb54a8) hardware/ti/dra7xx/camera/CameraParameters.cpp:220 dump - prop-zoom-stages = 1
01-01 00:00:09.346 179 179 D CameraHal: (a7bb54a8) hardware/ti/dra7xx/camera/CameraParameters.cpp:220 dump - prop-zoom-supported = false
01-01 00:00:09.346 179 179 D CameraHal: (a7bb54a8) hardware/ti/dra7xx/camera/CameraParameters.cpp:220 dump - sensor-orientation = 0
01-01 00:00:09.346 179 179 D CameraHal: (a7bb54a8) hardware/ti/dra7xx/camera/CameraParameters.cpp:223 dump - --------------------------------
01-01 00:00:09.346 179 179 V CameraHal: (a7bb54a8) hardware/ti/dra7xx/camera/CameraProperties.cpp:122 loadProperties - mCamerasSupported = 1
01-01 00:00:09.346 179 179 D CameraHal: (a7bb54a8) - hardware/ti/dra7xx/camera/CameraProperties.cpp:123 loadProperties - EXIT
01-01 00:00:09.346 179 179 D CameraHal: (a7bb54a8) - hardware/ti/dra7xx/camera/CameraProperties.cpp:82 initialize - EXIT
01-01 00:00:09.346 179 179 D CameraHal: (a7bb54a8) + hardware/ti/dra7xx/camera/CameraParameters.cpp:152 getProperties - ENTER
01-01 00:00:09.346 179 179 D CameraHal: (a7bb54a8) - hardware/ti/dra7xx/camera/CameraParameters.cpp:163 getProperties - EXIT
01-01 00:00:09.347 179 179 I ServiceManagement: Removing namespace from process name android.hardware.camera.provider@2.4-service to provider@2.4-se.
01-01 00:00:09.352 179 179 I android.hardware.camera.provider@2.4-service: Registration complete for android.hardware.camera.provider@2.4::ICameraProvider/legacy/0.
01-01 00:00:09.353 153 153 W /system/bin/hwservicemanager: getTransportFromManifest: Cannot find entry android.hardware.configstore@1.0::ISurfaceFlingerConfigs in either framework or device manifest, using default transport.
01-01 00:00:09.381 194 194 I /system/bin/surfaceflinger: android::hardware::configstore::V1_0::ISurfaceFlingerConfigs::maxFrameBufferAcquiredBuffers retrieved: 2 (default)
01-01 00:00:09.390 153 153 W /system/bin/hwservicemanager: getTransportFromManifest: Cannot find entry android.hardware.configstore@1.0::ISurfaceFlingerConfigs in either framework or device manifest, using default transport.
01-01 00:00:09.391 194 194 I /system/bin/surfaceflinger: android::hardware::configstore::V1_0::ISurfaceFlingerConfigs::startGraphicsAllocatorService retrieved: 0
01-01 00:00:09.431 194 194 I SurfaceFlinger: SurfaceFlinger is starting
01-01 00:00:09.432 153 153 W /system/bin/hwservicemanager: getTransportFromManifest: Cannot find entry android.hardware.configstore@1.0::ISurfaceFlingerConfigs in either framework or device manifest, using default transport.
01-01 00:00:09.433 194 194 I /system/bin/surfaceflinger: android::hardware::configstore::V1_0::ISurfaceFlingerConfigs::vsyncEventPhaseOffsetNs retrieved: 7500000
01-01 00:00:09.433 153 153 W /system/bin/hwservicemanager: getTransportFromManifest: Cannot find entry android.hardware.configstore@1.0::ISurfaceFlingerConfigs in either framework or device manifest, using default transport.
01-01 00:00:09.434 194 194 I /system/bin/surfaceflinger: android::hardware::configstore::V1_0::ISurfaceFlingerConfigs::vsyncSfEventPhaseOffsetNs retrieved: 5000000
01-01 00:00:09.435 153 153 W /system/bin/hwservicemanager: getTransportFromManifest: Cannot find entry android.hardware.configstore@1.0::ISurfaceFlingerConfigs in either framework or device manifest, using default transport.
01-01 00:00:09.435 194 194 I /system/bin/surfaceflinger: android::hardware::configstore::V1_0::ISurfaceFlingerConfigs::maxVirtualDisplaySize retrieved: 0 (default)
01-01 00:00:09.436 153 153 W /system/bin/hwservicemanager: getTransportFromManifest: Cannot find entry android.hardware.configstore@1.0::ISurfaceFlingerConfigs in either framework or device manifest, using default transport.
01-01 00:00:09.437 194 194 I /system/bin/surfaceflinger: android::hardware::configstore::V1_0::ISurfaceFlingerConfigs::hasSyncFramework retrieved: 1
01-01 00:00:09.437 153 153 W /system/bin/hwservicemanager: getTransportFromManifest: Cannot find entry android.hardware.configstore@1.0::ISurfaceFlingerConfigs in either framework or device manifest, using default transport.
01-01 00:00:09.438 194 194 I /system/bin/surfaceflinger: android::hardware::configstore::V1_0::ISurfaceFlingerConfigs::useContextPriority retrieved: 0 (default)
01-01 00:00:09.438 153 153 W /system/bin/hwservicemanager: getTransportFromManifest: Cannot find entry android.hardware.configstore@1.0::ISurfaceFlingerConfigs in either framework or device manifest, using default transport.
01-01 00:00:09.439 194 194 I /system/bin/surfaceflinger: android::hardware::configstore::V1_0::ISurfaceFlingerConfigs::presentTimeOffsetFromVSyncNs retrieved: 0
01-01 00:00:09.441 153 153 W /system/bin/hwservicemanager: getTransportFromManifest: Cannot find entry android.hardware.configstore@1.0::ISurfaceFlingerConfigs in either framework or device manifest, using default transport.
01-01 00:00:09.442 194 194 I /system/bin/surfaceflinger: android::hardware::configstore::V1_0::ISurfaceFlingerConfigs::useHwcForRGBtoYUV retrieved: 0
01-01 00:00:09.442 194 194 I /system/bin/surfaceflinger: android::hardware::configstore::V1_0::ISurfaceFlingerConfigs::maxFrameBufferAcquiredBuffers retrieved: 2 (default)
01-01 00:00:09.442 194 194 I SurfaceFlinger: Enabling HWC virtual displays
01-01 00:00:09.442 194 194 I SurfaceFlinger: Disabling Triple Buffering
01-01 00:00:09.442 194 194 I SurfaceFlinger: SurfaceFlinger's main thread ready to run. Initializing graphics H/W...
01-01 00:00:09.841 194 194 I vndksupport: sphal namespace is not configured for this process. Loading /vendor/lib/egl/libEGL_POWERVR_SGX544_116.so from the current namespace instead.
01-01 00:00:09.999 178 178 I android.hardwar: type=1400 audit(0.0:17): avc: denied { accept } for lport=33452 scontext=u:r:hal_vehicle_default:s0 tcontext=u:r:hal_vehicle_default:s0 tclass=tcp_socket permissive=1
01-01 00:00:10.502 194 194 D libEGL : loaded /vendor/lib/egl/libEGL_POWERVR_SGX544_116.so
01-01 00:00:10.505 217 217 I FastMixerState: sMaxFastTracks = 8
01-01 00:00:10.518 217 217 I audioserver: ServiceManager: 0xb0597520
01-01 00:00:10.518 217 217 W BatteryNotifier: batterystats service unavailable!
01-01 00:00:10.521 153 153 W /system/bin/hwservicemanager: getTransportFromManifest: Cannot find entry android.hardware.audio.effect@2.0::IEffectsFactory in either framework or device manifest, using default transport.
01-01 00:00:10.522 217 217 I AudioFlinger: Using default 3000 mSec as standby time.
01-01 00:00:10.607 225 225 I mediametrics: ServiceManager: 0xa6c175a0
01-01 00:00:10.607 225 225 D MediaAnalyticsService: MediaAnalyticsService created
01-01 00:00:10.607 225 225 D MediaAnalyticsService: MediaAnalyticsService::newSummarizerSet
01-01 00:00:10.609 229 229 I /vendor/bin/hw/android.hardware.media.omx@1.0-service: mediacodecservice starting
01-01 00:00:10.611 218 218 I cameraserver: ServiceManager: 0xb4f17560
01-01 00:00:10.611 218 218 I CameraService: CameraService started (pid=218)
01-01 00:00:10.627 223 223 V MediaUtils: physMem: 1570508800
01-01 00:00:10.627 223 223 V MediaUtils: requested limit: 314101760
01-01 00:00:10.627 223 223 V MediaUtils: actual limit: 314101760
01-01 00:00:10.627 223 223 V MediaUtils: original limits: 4294967295/4294967295
01-01 00:00:10.627 223 223 V MediaUtils: new limits: 314101760/4294967295
01-01 00:00:10.627 223 223 I vndksupport: sphal namespace is not configured for this process. Loading libutils.so from the current namespace instead.
01-01 00:00:10.628 217 217 E APM::Serializer: deserialize: Could not parse /odm/etc/audio_policy_configuration.xml document.
01-01 00:00:10.672 218 218 I CameraService: CameraService process starting
01-01 00:00:10.672 218 218 W BatteryNotifier: batterystats service unavailable!
01-01 00:00:10.674 218 218 W BatteryNotifier: batterystats service unavailable!
01-01 00:00:10.676 223 223 W /system/bin/mediaextractor: Could not read additional policy file '/vendor/etc/seccomp_policy/mediaextractor.policy'
01-01 00:00:10.676 223 223 W /system/bin/mediaextractor: libminijail[223]: allowing syscall: clock_gettime
01-01 00:00:10.677 223 223 W /system/bin/mediaextractor: libminijail[223]: allowing syscall: connect
01-01 00:00:10.677 223 223 W /system/bin/mediaextractor: libminijail[223]: allowing syscall: fcntl64
01-01 00:00:10.677 223 223 W /system/bin/mediaextractor: libminijail[223]: allowing syscall: socket
01-01 00:00:10.677 223 223 W /system/bin/mediaextractor: libminijail[223]: allowing syscall: writev
01-01 00:00:10.677 223 223 W /system/bin/mediaextractor: libminijail[223]: logging seccomp filter failures
01-01 00:00:10.678 229 229 W /vendor/bin/hw/android.hardware.media.omx@1.0-service: Could not read additional policy file '/vendor/etc/seccomp_policy/mediacodec.policy'
01-01 00:00:10.679 229 229 W /vendor/bin/hw/android.hardware.media.omx@1.0-service: libminijail[229]: allowing syscall: clock_gettime
01-01 00:00:10.679 229 229 W /vendor/bin/hw/android.hardware.media.omx@1.0-service: libminijail[229]: allowing syscall: connect
01-01 00:00:10.679 229 229 W /vendor/bin/hw/android.hardware.media.omx@1.0-service: libminijail[229]: allowing syscall: fcntl64
01-01 00:00:10.679 229 229 W /vendor/bin/hw/android.hardware.media.omx@1.0-service: libminijail[229]: allowing syscall: socket
01-01 00:00:10.679 229 229 W /vendor/bin/hw/android.hardware.media.omx@1.0-service: libminijail[229]: allowing syscall: writev
01-01 00:00:10.680 229 229 W /vendor/bin/hw/android.hardware.media.omx@1.0-service: libminijail[229]: logging seccomp filter failures
01-01 00:00:10.681 229 229 I ServiceManagement: Removing namespace from process name android.hardware.media.omx@1.0-service to omx@1.0-service.
01-01 00:00:10.684 176 265 I vndksupport: sphal namespace is not configured for this process. Loading /vendor/lib/hw/audio.primary.jacinto6.so from the current namespace instead.
01-01 00:00:10.687 218 218 I CameraProviderManager: Connecting to new camera provider: legacy/0, isRemote? 1
01-01 00:00:10.687 218 218 I CameraProviderManager: Enumerating new camera device: device@1.0/legacy/0
01-01 00:00:10.687 179 179 D CameraHal: (a7bb54a8) + hardware/ti/dra7xx/camera/CameraProperties.cpp:130 camerasSupported - ENTER
01-01 00:00:10.687 179 179 D CameraHal: (a7bb54a8) - hardware/ti/dra7xx/camera/CameraProperties.cpp:130 camerasSupported - EXIT
01-01 00:00:10.689 179 179 I provider@2.4-se: type=1400 audit(0.0:18): avc: denied { read } for name="/" dev="tmpfs" ino=8391 scontext=u:r:hal_camera_default:s0 tcontext=u:object_r:device:s0 tclass=dir permissive=1
01-01 00:00:10.689 179 179 I provider@2.4-se: type=1400 audit(0.0:19): avc: denied { open } for path="/dev" dev="tmpfs" ino=8391 scontext=u:r:hal_camera_default:s0 tcontext=u:object_r:device:s0 tclass=dir permissive=1
01-01 00:00:10.689 179 179 I provider@2.4-se: type=1400 audit(0.0:20): avc: denied { read write } for name="renderD128" dev="tmpfs" ino=8635 scontext=u:r:hal_camera_default:s0 tcontext=u:object_r:gpu_device:s0 tclass=chr_file permissive=1
01-01 00:00:10.689 179 179 I provider@2.4-se: type=1400 audit(0.0:21): avc: denied { open } for path="/dev/dri/renderD128" dev="tmpfs" ino=8635 scontext=u:r:hal_camera_default:s0 tcontext=u:object_r:gpu_device:s0 tclass=chr_file permissive=1
01-01 00:00:10.690 226 226 I mediaserver: ServiceManager: 0xa7e975c0
01-01 00:00:10.691 179 179 I CamDev@1.0-impl: Opening camera 0
01-01 00:00:10.691 179 179 D CameraHal: (a7bb54a8) + hardware/ti/dra7xx/camera/CameraProperties.cpp:67 initialize - ENTER
01-01 00:00:10.691 179 179 D CameraHal: (a7bb54a8) - hardware/ti/dra7xx/camera/CameraProperties.cpp:67 initialize - EXIT
01-01 00:00:10.691 179 179 D CameraHal: (a7bb54a8) + hardware/ti/dra7xx/camera/CameraParameters.cpp:152 getProperties - ENTER
01-01 00:00:10.691 179 179 D CameraHal: (a7bb54a8) - hardware/ti/dra7xx/camera/CameraParameters.cpp:163 getProperties - EXIT
01-01 00:00:10.691 179 179 E CameraHal: (a7bb54a8) hardware/ti/dra7xx/camera/CameraHal_Module.cpp:634 camera_device_open - CameraHal_Module: ******************* 1 *******************
01-01 00:00:10.691 179 179 I CameraHal: (a7bb54a8) hardware/ti/dra7xx/camera/CameraHal_Module.cpp:638 camera_device_open - camera_device open
01-01 00:00:10.691 179 179 D CameraHal: (a7bb54a8) + hardware/ti/dra7xx/camera/CameraProperties.cpp:130 camerasSupported - ENTER
01-01 00:00:10.691 179 179 D CameraHal: (a7bb54a8) - hardware/ti/dra7xx/camera/CameraProperties.cpp:130 camerasSupported - EXIT
01-01 00:00:10.691 179 179 D CameraHal: (a7bb54a8) + hardware/ti/dra7xx/camera/CameraParameters.cpp:152 getProperties - ENTER
01-01 00:00:10.691 179 179 D CameraHal: (a7bb54a8) - hardware/ti/dra7xx/camera/CameraParameters.cpp:163 getProperties - EXIT
01-01 00:00:10.691 179 179 E CameraHal: (a7bb54a8) hardware/ti/dra7xx/camera/CameraHal.cpp:131 getSocFamily - '/sys/board_properties/soc/family' Not Available
01-01 00:00:10.691 179 179 D CameraHal: (a7bb54a8) + hardware/ti/dra7xx/camera/CameraHal.cpp:3971 CameraHal - ENTER
01-01 00:00:10.691 179 179 D CameraHal: (a7bb54a8) - hardware/ti/dra7xx/camera/CameraHal.cpp:4047 CameraHal - EXIT
01-01 00:00:10.691 179 179 D CameraHal: (a7bb54a8) + hardware/ti/dra7xx/camera/CameraHal.cpp:4107 initialize - ENTER
01-01 00:00:10.691 179 179 D CameraHal: (a7bb54a8) hardware/ti/dra7xx/camera/CameraParameters.cpp:214 dump - ================================
01-01 00:00:10.691 179 179 D CameraHal: (a7bb54a8) hardware/ti/dra7xx/camera/CameraParameters.cpp:215 dump - Dumping properties for camera: 0
01-01 00:00:10.691 179 179 D CameraHal: (a7bb54a8) hardware/ti/dra7xx/camera/CameraParameters.cpp:220 dump - prop-antibanding-values = auto
01-01 00:00:10.691 179 179 D CameraHal: (a7bb54a8) hardware/ti/dra7xx/camera/CameraParameters.cpp:220 dump - prop-camera-name = USBCAMERA
01-01 00:00:10.691 179 179 D CameraHal: (a7bb54a8) hardware/ti/dra7xx/camera/CameraParameters.cpp:220 dump - prop-effect-values = none
01-01 00:00:10.691 179 179 D CameraHal: (a7bb54a8) hardware/ti/dra7xx/camera/CameraParameters.cpp:220 dump - prop-exposure-mode-values = auto
01-01 00:00:10.691 179 179 D CameraHal: (a7bb54a8) hardware/ti/dra7xx/camera/CameraParameters.cpp:220 dump - prop-facing = back
01-01 00:00:10.691 179 179 D CameraHal: (a7bb54a8) hardware/ti/dra7xx/camera/CameraParameters.cpp:220 dump - prop-flash-mode-values = off
01-01 00:00:10.691 179 179 D CameraHal: (a7bb54a8) hardware/ti/dra7xx/camera/CameraParameters.cpp:220 dump - prop-focal-length = 1
01-01 00:00:10.691 179 179 D CameraHal: (a7bb54a8) hardware/ti/dra7xx/camera/CameraParameters.cpp:220 dump - prop-focus-mode-default = fixed
01-01 00:00:10.692 179 179 D CameraHal: (a7bb54a8) hardware/ti/dra7xx/camera/CameraParameters.cpp:220 dump - prop-focus-mode-values = fixed
01-01 00:00:10.692 179 179 D CameraHal: (a7bb54a8) hardware/ti/dra7xx/camera/CameraParameters.cpp:220 dump - prop-framerate-range-default = 30000,30000
01-01 00:00:10.692 179 179 D CameraHal: (a7bb54a8) hardware/ti/dra7xx/camera/CameraParameters.cpp:220 dump - prop-framerate-range-values =
01-01 00:00:10.692 179 179 D CameraHal: (a7bb54a8) hardware/ti/dra7xx/camera/CameraParameters.cpp:220 dump - prop-horizontal-angle = 170
01-01 00:00:10.692 179 179 D CameraHal: (a7bb54a8) hardware/ti/dra7xx/camera/CameraParameters.cpp:220 dump - prop-ipp-values = ldc-nsf
01-01 00:00:10.692 179 179 D CameraHal: (a7bb54a8) hardware/ti/dra7xx/camera/CameraParameters.cpp:220 dump - prop-iso-mode-values = auto
01-01 00:00:10.692 179 179 D CameraHal: (a7bb54a8) hardware/ti/dra7xx/camera/CameraParameters.cpp:220 dump - prop-jpeg-quality-default = 90
01-01 00:00:10.692 179 179 D CameraHal: (a7bb54a8) hardware/ti/dra7xx/camera/CameraParameters.cpp:220 dump - prop-jpeg-thumbnail-quality-default = 50
01-01 00:00:10.692 179 179 D CameraHal: (a7bb54a8) hardware/ti/dra7xx/camera/CameraParameters.cpp:220 dump - prop-jpeg-thumbnail-size-default = 320x240
01-01 00:00:10.692 179 179 D CameraHal: (a7bb54a8) hardware/ti/dra7xx/camera/CameraParameters.cpp:220 dump - prop-jpeg-thumbnail-size-values = 0x0,320x240
01-01 00:00:10.692 179 179 D CameraHal: (a7bb54a8) hardware/ti/dra7xx/camera/CameraParameters.cpp:220 dump - prop-max-fd-hw-faces = 0
01-01 00:00:10.692 179 179 D CameraHal: (a7bb54a8) hardware/ti/dra7xx/camera/CameraParameters.cpp:220 dump - prop-orientation = 0
01-01 00:00:10.692 179 179 D CameraHal: (a7bb54a8) hardware/ti/dra7xx/camera/CameraParameters.cpp:220 dump - prop-picture-format-default = jpeg
01-01 00:00:10.692 179 179 D CameraHal: (a7bb54a8) hardware/ti/dra7xx/camera/CameraParameters.cpp:220 dump - prop-picture-format-values = jpeg
01-01 00:00:10.692 179 179 D CameraHal: (a7bb54a8) hardware/ti/dra7xx/camera/CameraParameters.cpp:220 dump - prop-picture-size-default = 1280x720
01-01 00:00:10.692 179 179 D CameraHal: (a7bb54a8) hardware/ti/dra7xx/camera/CameraParameters.cpp:220 dump - prop-picture-size-values = 1280x800,1280x720,752x480,640x480,600x400,352x288,320x240
01-01 00:00:10.692 179 179 D CameraHal: (a7bb54a8) hardware/ti/dra7xx/camera/CameraParameters.cpp:220 dump - prop-preview-format-default = yuv420sp
01-01 00:00:10.692 179 179 D CameraHal: (a7bb54a8) hardware/ti/dra7xx/camera/CameraParameters.cpp:220 dump - prop-preview-format-values = yuv420sp
01-01 00:00:10.692 179 179 D CameraHal: (a7bb54a8) hardware/ti/dra7xx/camera/CameraParameters.cpp:220 dump - prop-preview-frame-rate-default = 30
01-01 00:00:10.692 179 179 D CameraHal: (a7bb54a8) hardware/ti/dra7xx/camera/CameraParameters.cpp:220 dump - prop-preview-frame-rate-values =
01-01 00:00:10.692 179 179 D CameraHal: (a7bb54a8) hardware/ti/dra7xx/camera/CameraParameters.cpp:220 dump - prop-preview-size-default = 1280x720
01-01 00:00:10.692 179 179 D CameraHal: (a7bb54a8) hardware/ti/dra7xx/camera/CameraParameters.cpp:220 dump - prop-preview-size-values = 1280x800,1280x720,752x480,640x480,600x400,352x288,320x240
01-01 00:00:10.692 179 179 D CameraHal: (a7bb54a8) hardware/ti/dra7xx/camera/CameraParameters.cpp:220 dump - prop-preview-subsampled-size-values = 1280x800,1280x720,752x480,640x480,600x400,352x288,320x240
01-01 00:00:10.692 179 179 D CameraHal: (a7bb54a8) hardware/ti/dra7xx/camera/CameraParameters.cpp:220 dump - prop-required-preview-bufs = 8
01-01 00:00:10.692 179 179 D CameraHal: (a7bb54a8) hardware/ti/dra7xx/camera/CameraParameters.cpp:220 dump - prop-s3d-prv-frame-layout = none
01-01 00:00:10.692 179 179 D CameraHal: (a7bb54a8) hardware/ti/dra7xx/camera/CameraParameters.cpp:220 dump - prop-sensor-index = 0
01-01 00:00:10.692 179 179 D CameraHal: (a7bb54a8) hardware/ti/dra7xx/camera/CameraParameters.cpp:220 dump - prop-vertical-angle = 170
01-01 00:00:10.692 179 179 D CameraHal: (a7bb54a8) hardware/ti/dra7xx/camera/CameraParameters.cpp:220 dump - prop-vnf-default = false
01-01 00:00:10.692 179 179 D CameraHal: (a7bb54a8) hardware/ti/dra7xx/camera/CameraParameters.cpp:220 dump - prop-vstab-default = false
01-01 00:00:10.692 179 179 D CameraHal: (a7bb54a8) hardware/ti/dra7xx/camera/CameraParameters.cpp:220 dump - prop-zoom-default = 1
01-01 00:00:10.692 179 179 D CameraHal: (a7bb54a8) hardware/ti/dra7xx/camera/CameraParameters.cpp:220 dump - prop-zoom-ratios = 1
01-01 00:00:10.692 179 179 D CameraHal: (a7bb54a8) hardware/ti/dra7xx/camera/CameraParameters.cpp:220 dump - prop-zoom-stages = 1
01-01 00:00:10.692 179 179 D CameraHal: (a7bb54a8) hardware/ti/dra7xx/camera/CameraParameters.cpp:220 dump - prop-zoom-supported = false
01-01 00:00:10.692 179 179 D CameraHal: (a7bb54a8) hardware/ti/dra7xx/camera/CameraParameters.cpp:220 dump - sensor-orientation = 0
01-01 00:00:10.692 179 179 D CameraHal: (a7bb54a8) hardware/ti/dra7xx/camera/CameraParameters.cpp:223 dump - --------------------------------
01-01 00:00:10.692 179 179 D CameraHal: (a7bb54a8) hardware/ti/dra7xx/camera/CameraHal.cpp:4146 initialize - Sensor index= 0; Sensor name= USBCAMERA
01-01 00:00:10.692 179 179 D CameraHal: (a7bb54a8) + hardware/ti/dra7xx/camera/V4LCameraAdapter/V4LCameraAdapter.cpp:1208 V4LCameraAdapter_Factory - ENTER
01-01 00:00:10.694 179 179 D CameraHal: (a7bb54a8) + hardware/ti/dra7xx/camera/V4LCameraAdapter/V4LCameraAdapter.cpp:894 V4LCameraAdapter - ENTER
01-01 00:00:10.694 179 179 E CameraHal: Error while adapter initialization: video capture not supported.
01-01 00:00:10.694 179 179 E CameraHal: Error while checking driver: Not VPE
01-01 00:00:10.694 179 179 E CameraHal: Error while adapter initialization: video capture not supported.
01-01 00:00:10.694 179 179 E CameraHal: Found VPE M2M device /dev/video0!!!
01-01 00:00:10.694 179 179 D CameraHal: (a7bb54a8) - hardware/ti/dra7xx/camera/V4LCameraAdapter/V4LCameraAdapter.cpp:912 V4LCameraAdapter - EXIT
01-01 00:00:10.694 179 179 D CameraHal: (a7bb54a8) hardware/ti/dra7xx/camera/V4LCameraAdapter/V4LCameraAdapter.cpp:1212 V4LCameraAdapter_Factory - New V4L Camera adapter instance created for sensor 0
01-01 00:00:10.694 179 179 D CameraHal: (a7bb54a8) - hardware/ti/dra7xx/camera/V4LCameraAdapter/V4LCameraAdapter.cpp:1217 V4LCameraAdapter_Factory - EXIT
01-01 00:00:10.694 179 179 D CameraHal: (a7bb54a8) + hardware/ti/dra7xx/camera/V4LCameraAdapter/V4LCameraAdapter.cpp:305 initialize - ENTER
01-01 00:00:10.695 179 179 D CameraHal: (a7bb54a8) - hardware/ti/dra7xx/camera/V4LCameraAdapter/V4LCameraAdapter.cpp:361 initialize - EXIT
01-01 00:00:10.695 179 179 D CameraHal: (a7bb54a8) + hardware/ti/dra7xx/camera/BaseCameraAdapter.cpp:126 registerImageReleaseCallback - ENTER
01-01 00:00:10.695 179 179 D CameraHal: (a7bb54a8) - hardware/ti/dra7xx/camera/BaseCameraAdapter.cpp:131 registerImageReleaseCallback - EXIT
01-01 00:00:10.695 179 179 D CameraHal: (a7bb54a8) + hardware/ti/dra7xx/camera/BaseCameraAdapter.cpp:140 registerEndCaptureCallback - ENTER
01-01 00:00:10.695 179 179 D CameraHal: (a7bb54a8) - hardware/ti/dra7xx/camera/BaseCameraAdapter.cpp:145 registerEndCaptureCallback - EXIT
01-01 00:00:10.695 179 179 D CameraHal: (a7bb54a8) + hardware/ti/dra7xx/camera/AppCallbackNotifier.cpp:38 initialize - ENTER
01-01 00:00:10.695 179 179 D CameraHal: (a7bb54a8) - hardware/ti/dra7xx/camera/AppCallbackNotifier.cpp:70 initialize - EXIT
01-01 00:00:10.695 179 179 D CameraHal: (a7bb54a8) + hardware/ti/dra7xx/camera/AppCallbackNotifier.cpp:1257 setEventProvider - ENTER
01-01 00:00:10.695 179 179 D CameraHal: (a7bb54a8) + hardware/ti/dra7xx/camera/CameraHalUtilClasses.cpp:87 enableEventNotification - ENTER
01-01 00:00:10.695 179 179 D CameraHal: (a7bb54a8) + hardware/ti/dra7xx/camera/BaseCameraAdapter.cpp:176 enableMsgType - ENTER
01-01 00:00:10.695 179 179 V CameraHal: (a7bb54a8) hardware/ti/dra7xx/camera/BaseCameraAdapter.cpp:215 enableMsgType - Event message type id=0xffff subscription request
