01-01 00:02:23.940 176 1495 D CameraHal: (aa77f970) - hardware/ti/dra7xx/camera/BaseCameraAdapter.cpp:1735 cancelAutoFocus - EXIT
01-01 00:02:23.940 176 1495 D CameraHal: (aa77f970) + hardware/ti/dra7xx/camera/BaseCameraAdapter.cpp:2580 commitState - ENTER
01-01 00:02:23.940 176 1495 D CameraHal: (aa77f970) - hardware/ti/dra7xx/camera/BaseCameraAdapter.cpp:2586 commitState - EXIT
01-01 00:02:23.940 176 1495 D CameraHal: (aa77f970) - hardware/ti/dra7xx/camera/BaseCameraAdapter.cpp:1124 sendCommand - EXIT
01-01 00:02:23.940 176 1495 D CameraHal: (aa77f970) - hardware/ti/dra7xx/camera/CameraHal.cpp:3041 cancelAutoFocus - EXIT
01-01 00:02:23.940 176 1495 D CameraHal: (aa77f970) - hardware/ti/dra7xx/camera/CameraHal_Module.cpp:369 camera_cancel_auto_focus - EXIT
01-01 00:02:23.940 176 1587 D CameraHal: (a7982970) + hardware/ti/dra7xx/camera/V4LCameraAdapter/V4LCameraAdapter.cpp:767 GetFrame - ENTER
01-01 00:02:23.941 176 1495 D CameraHal: (aa77f970) + hardware/ti/dra7xx/camera/CameraHal_Module.cpp:485 camera_get_parameters - ENTER
01-01 00:02:23.941 176 1495 D CameraHal: (aa77f970) + hardware/ti/dra7xx/camera/CameraHal.cpp:3616 getParameters - ENTER
01-01 00:02:23.941 176 1495 D CameraHal: (aa77f970) + hardware/ti/dra7xx/camera/V4LCameraAdapter/V4LCameraAdapter.cpp:483 getParameters - ENTER
01-01 00:02:23.941 176 1495 D CameraHal: (aa77f970) - hardware/ti/dra7xx/camera/V4LCameraAdapter/V4LCameraAdapter.cpp:489 getParameters - EXIT
01-01 00:02:23.941 176 1495 D CameraHal: (aa77f970) - hardware/ti/dra7xx/camera/CameraHal.cpp:3668 getParameters - EXIT
01-01 00:02:23.941 176 1495 D CameraHal: (aa77f970) - hardware/ti/dra7xx/camera/CameraHal_Module.cpp:485 camera_get_parameters - EXIT
01-01 00:02:23.941 176 1495 D CameraHal: (aa77f970) + hardware/ti/dra7xx/camera/CameraHal_Module.cpp:502 camera_put_parameters - ENTER
01-01 00:02:23.941 176 1495 D CameraHal: (aa77f970) - hardware/ti/dra7xx/camera/CameraHal_Module.cpp:502 camera_put_parameters - EXIT
01-01 00:02:23.970 176 1587 D CameraHal: (a7982970) - hardware/ti/dra7xx/camera/V4LCameraAdapter/V4LCameraAdapter.cpp:809 GetFrame - EXIT
01-01 00:02:23.970 176 1587 D CameraHal: (a7982970) hardware/ti/dra7xx/camera/V4LCameraAdapter/V4LCameraAdapter.cpp:1092 previewThread - GOT IN frame with ID=1
01-01 00:02:23.970 176 1587 D CameraHal: (a7982970) + hardware/ti/dra7xx/camera/V4LCameraAdapter/V4LCameraAdapter.cpp:954 convertYUV422ToNV12Tiler - ENTER
01-01 00:02:23.984 176 1587 D CameraHal: (a7982970) - hardware/ti/dra7xx/camera/V4LCameraAdapter/V4LCameraAdapter.cpp:1027 convertYUV422ToNV12Tiler - EXIT
01-01 00:02:23.984 176 1587 V CameraHal: (a7982970) hardware/ti/dra7xx/camera/V4LCameraAdapter/V4LCameraAdapter.cpp:1116 previewThread - ##...index= 1.;camera buffer= 0xaab7d080; mapped= 0xa9ebe000.
01-01 00:02:23.984 176 1587 D CameraHal: (a7982970) + hardware/ti/dra7xx/camera/BaseCameraAdapter.cpp:1416 setInitFrameRefCount - ENTER
01-01 00:02:23.984 176 1587 D CameraHal: (a7982970) + hardware/ti/dra7xx/camera/BaseCameraAdapter.cpp:1559 setFrameRefCountByType - ENTER
01-01 00:02:23.984 176 1587 D CameraHal: (a7982970) - hardware/ti/dra7xx/camera/BaseCameraAdapter.cpp:1603 setFrameRefCountByType - EXIT
01-01 00:02:23.984 176 1587 D CameraHal: (a7982970) - hardware/ti/dra7xx/camera/BaseCameraAdapter.cpp:1469 setInitFrameRefCount - EXIT
01-01 00:02:23.984 176 1587 D CameraHal: (a7982970) + hardware/ti/dra7xx/camera/BaseCameraAdapter.cpp:1489 getFrameRefCountByType - ENTER
01-01 00:02:23.984 176 1587 D CameraHal: (a7982970) - hardware/ti/dra7xx/camera/BaseCameraAdapter.cpp:1551 getFrameRefCountByType - EXIT
01-01 00:02:23.984 176 1587 V CameraHal: (a7982970) hardware/ti/dra7xx/camera/BaseCameraAdapter.cpp:1390 __sendFrameToSubscribers - Type of Frame: 0x1 address: 0xaab7d080 refCount start 1
01-01 00:02:23.984 176 1587 I CameraHal: (a7982970) hardware/ti/dra7xx/camera/CameraHalCommon.cpp:113 PPM - PPM: Standby to first shot: Sensor Change completed - :363.776 ms : 143984 ms
01-01 00:02:23.984 176 1587 D CameraHal: (a7982970) hardware/ti/dra7xx/camera/ANativeWindowDisplayAdapter.cpp:1067 PostFrame - offset = 0 left = 0 top = 0 right = 1280 bottom = 800
01-01 00:02:23.985 1275 1575 I CameraDeviceState: Legacy camera service transitioning to state CAPTURING
01-01 00:02:23.986 176 1587 D CameraHal: (a7982970) + hardware/ti/dra7xx/camera/V4LCameraAdapter/V4LCameraAdapter.cpp:767 GetFrame - ENTER
01-01 00:02:23.987 176 1582 V CameraHal: (aa5ff970) hardware/ti/dra7xx/camera/ANativeWindowDisplayAdapter.cpp:1214 handleFrameReturn - handleFrameReturn: found graphic buffer 6 of 7
01-01 00:02:23.987 176 1582 D CameraHal: (aa5ff970) + hardware/ti/dra7xx/camera/BaseCameraAdapter.cpp:1489 getFrameRefCountByType - ENTER
01-01 00:02:23.987 176 1582 D CameraHal: (aa5ff970) - hardware/ti/dra7xx/camera/BaseCameraAdapter.cpp:1551 getFrameRefCountByType - EXIT
01-01 00:02:23.987 176 1582 D CameraHal: (aa5ff970) + hardware/ti/dra7xx/camera/BaseCameraAdapter.cpp:1559 setFrameRefCountByType - ENTER
01-01 00:02:23.987 176 1582 D CameraHal: (aa5ff970) - hardware/ti/dra7xx/camera/BaseCameraAdapter.cpp:1603 setFrameRefCountByType - EXIT
01-01 00:02:23.987 176 1582 V CameraHal: (aa5ff970) hardware/ti/dra7xx/camera/BaseCameraAdapter.cpp:378 returnFrame - REFCOUNT 0xaab7d300 0
01-01 00:02:23.987 176 1582 V CameraHal: (aa5ff970) hardware/ti/dra7xx/camera/CameraHal.cpp:4722 camera_buffer_get_omx_ptr - buffer_type 2 opaque 0xaab11400
01-01 00:02:23.987 176 1582 V CameraHal: (aa5ff970) hardware/ti/dra7xx/camera/CameraHal.cpp:4726 camera_buffer_get_omx_ptr - anw aab1d410
01-01 00:02:23.987 176 1582 V CameraHal: (aa5ff970) hardware/ti/dra7xx/camera/CameraHal.cpp:4722 camera_buffer_get_omx_ptr - buffer_type 2 opaque 0xaab11400
01-01 00:02:23.987 176 1582 V CameraHal: (aa5ff970) hardware/ti/dra7xx/camera/CameraHal.cpp:4726 camera_buffer_get_omx_ptr - anw aab1d410
01-01 00:02:23.987 176 1582 D CameraHal: (aa5ff970) + hardware/ti/dra7xx/camera/V4LCameraAdapter/V4LCameraAdapter.cpp:370 fillThisBuffer - ENTER
01-01 00:02:23.987 176 1582 D CameraHal: (aa5ff970) hardware/ti/dra7xx/camera/V4LCameraAdapter/V4LCameraAdapter.cpp:411 fillThisBuffer - Will return buffer to V4L with id=6
01-01 00:02:23.991 176 1582 D CameraHal: (aa5ff970) - hardware/ti/dra7xx/camera/V4LCameraAdapter/V4LCameraAdapter.cpp:421 fillThisBuffer - EXIT
01-01 00:02:23.994 1275 1275 D CAM_CaptureModule: onSurfaceTextureUpdated --> updatePreviewTransform
01-01 00:02:23.994 1275 1275 D CAM_CaptureModule: updatePreviewTransform: 1208 x 800
01-01 00:02:23.997 1275 1275 V CAM_TexViewHelper: setAspectRatio: 1.6
01-01 00:02:23.997 1275 1275 V CAM_TexViewHelper: aspect ratio changed from: NaN
01-01 00:02:23.997 1275 1275 V CAM_CameraAppUI: hiding cover via onSurfaceTextureUpdated
01-01 00:02:23.997 1275 1275 D CameraPerformanceTracker: First preview frame received
01-01 00:02:24.003 176 1587 D CameraHal: (a7982970) - hardware/ti/dra7xx/camera/V4LCameraAdapter/V4LCameraAdapter.cpp:809 GetFrame - EXIT
01-01 00:02:24.003 176 1587 D CameraHal: (a7982970) hardware/ti/dra7xx/camera/V4LCameraAdapter/V4LCameraAdapter.cpp:1092 previewThread - GOT IN frame with ID=2
01-01 00:02:24.003 176 1587 D CameraHal: (a7982970) + hardware/ti/dra7xx/camera/V4LCameraAdapter/V4LCameraAdapter.cpp:954 convertYUV422ToNV12Tiler - ENTER
01-01 00:02:24.021 176 1587 D CameraHal: (a7982970) - hardware/ti/dra7xx/camera/V4LCameraAdapter/V4LCameraAdapter.cpp:1027 convertYUV422ToNV12Tiler - EXIT
01-01 00:02:24.021 176 1587 V CameraHal: (a7982970) hardware/ti/dra7xx/camera/V4LCameraAdapter/V4LCameraAdapter.cpp:1116 previewThread - ##...index= 2.;camera buffer= 0xaab7d100; mapped= 0xa9d47000.
01-01 00:02:24.021 176 1587 D CameraHal: (a7982970) + hardware/ti/dra7xx/camera/BaseCameraAdapter.cpp:1416 setInitFrameRefCount - ENTER
01-01 00:02:24.021 176 1587 D CameraHal: (a7982970) + hardware/ti/dra7xx/camera/BaseCameraAdapter.cpp:1559 setFrameRefCountByType - ENTER
01-01 00:02:24.021 176 1587 D CameraHal: (a7982970) - hardware/ti/dra7xx/camera/BaseCameraAdapter.cpp:1603 setFrameRefCountByType - EXIT
01-01 00:02:24.021 176 1587 D CameraHal: (a7982970) - hardware/ti/dra7xx/camera/BaseCameraAdapter.cpp:1469 setInitFrameRefCount - EXIT
01-01 00:02:24.021 176 1587 D CameraHal: (a7982970) + hardware/ti/dra7xx/camera/BaseCameraAdapter.cpp:1489 getFrameRefCountByType - ENTER
01-01 00:02:24.021 176 1587 D CameraHal: (a7982970) - hardware/ti/dra7xx/camera/BaseCameraAdapter.cpp:1551 getFrameRefCountByType - EXIT
01-01 00:02:24.021 176 1587 V CameraHal: (a7982970) hardware/ti/dra7xx/camera/BaseCameraAdapter.cpp:1390 __sendFrameToSubscribers - Type of Frame: 0x1 address: 0xaab7d100 refCount start 1
01-01 00:02:24.024 176 1587 D CameraHal: (a7982970) + hardware/ti/dra7xx/camera/V4LCameraAdapter/V4LCameraAdapter.cpp:767 GetFrame - ENTER
01-01 00:02:24.024 176 1582 V CameraHal: (aa5ff970) hardware/ti/dra7xx/camera/ANativeWindowDisplayAdapter.cpp:1214 handleFrameReturn - handleFrameReturn: found graphic buffer 7 of 7
01-01 00:02:24.025 176 1582 D CameraHal: (aa5ff970) + hardware/ti/dra7xx/camera/BaseCameraAdapter.cpp:1489 getFrameRefCountByType - ENTER
01-01 00:02:24.025 176 1582 D CameraHal: (aa5ff970) - hardware/ti/dra7xx/camera/BaseCameraAdapter.cpp:1551 getFrameRefCountByType - EXIT
01-01 00:02:24.025 176 1582 D CameraHal: (aa5ff970) + hardware/ti/dra7xx/camera/BaseCameraAdapter.cpp:1559 setFrameRefCountByType - ENTER
01-01 00:02:24.025 176 1582 D CameraHal: (aa5ff970) - hardware/ti/dra7xx/camera/BaseCameraAdapter.cpp:1603 setFrameRefCountByType - EXIT
01-01 00:02:24.025 176 1582 V CameraHal: (aa5ff970) hardware/ti/dra7xx/camera/BaseCameraAdapter.cpp:378 returnFrame - REFCOUNT 0xaab7d380 0
01-01 00:02:24.025 176 1582 V CameraHal: (aa5ff970) hardware/ti/dra7xx/camera/CameraHal.cpp:4722 camera_buffer_get_omx_ptr - buffer_type 2 opaque 0xaab11448
01-01 00:02:24.025 176 1582 V CameraHal: (aa5ff970) hardware/ti/dra7xx/camera/CameraHal.cpp:4726 camera_buffer_get_omx_ptr - anw aab1d460
01-01 00:02:24.025 176 1582 V CameraHal: (aa5ff970) hardware/ti/dra7xx/camera/CameraHal.cpp:4722 camera_buffer_get_omx_ptr - buffer_type 2 opaque 0xaab11448
01-01 00:02:24.025 176 1582 V CameraHal: (aa5ff970) hardware/ti/dra7xx/camera/CameraHal.cpp:4726 camera_buffer_get_omx_ptr - anw aab1d460
01-01 00:02:24.025 176 1582 D CameraHal: (aa5ff970) + hardware/ti/dra7xx/camera/V4LCameraAdapter/V4LCameraAdapter.cpp:370 fillThisBuffer - ENTER
01-01 00:02:24.025 176 1582 D CameraHal: (aa5ff970) hardware/ti/dra7xx/camera/V4LCameraAdapter/V4LCameraAdapter.cpp:411 fillThisBuffer - Will return buffer to V4L with id=7
01-01 00:02:24.030 176 1582 D CameraHal: (aa5ff970) - hardware/ti/dra7xx/camera/V4LCameraAdapter/V4LCameraAdapter.cpp:421 fillThisBuffer - EXIT
01-01 00:02:24.038 176 1587 D CameraHal: (a7982970) - hardware/ti/dra7xx/camera/V4LCameraAdapter/V4LCameraAdapter.cpp:809 GetFrame - EXIT
01-01 00:02:24.038 176 1587 D CameraHal: (a7982970) hardware/ti/dra7xx/camera/V4LCameraAdapter/V4LCameraAdapter.cpp:1092 previewThread - GOT IN frame with ID=3
01-01 00:02:24.038 176 1587 D CameraHal: (a7982970) + hardware/ti/dra7xx/camera/V4LCameraAdapter/V4LCameraAdapter.cpp:954 convertYUV422ToNV12Tiler - ENTER
01-01 00:02:24.043 1275 1275 V CAM_FocusController: configurePreviewDimensions(RectF(0.0, 23.0, 1208.0, 778.0))
01-01 00:02:24.044 1275 1275 I CAM_FocusRingView: Computing center via preview size.
01-01 00:02:24.045 1275 1275 V CAM_CaptureModule: AF status is state:INACTIVE
01-01 00:02:24.068 176 1587 D CameraHal: (a7982970) - hardware/ti/dra7xx/camera/V4LCameraAdapter/V4LCameraAdapter.cpp:1027 convertYUV422ToNV12Tiler - EXIT
01-01 00:02:24.068 176 1587 V CameraHal: (a7982970) hardware/ti/dra7xx/camera/V4LCameraAdapter/V4LCameraAdapter.cpp:1116 previewThread - ##...index= 3.;camera buffer= 0xaab7d180; mapped= 0xa9bd0000.
01-01 00:02:24.068 176 1587 D CameraHal: (a7982970) + hardware/ti/dra7xx/camera/BaseCameraAdapter.cpp:1416 setInitFrameRefCount - ENTER
01-01 00:02:24.068 176 1587 D CameraHal: (a7982970) + hardware/ti/dra7xx/camera/BaseCameraAdapter.cpp:1559 setFrameRefCountByType - ENTER
01-01 00:02:24.068 176 1587 D CameraHal: (a7982970) - hardware/ti/dra7xx/camera/BaseCameraAdapter.cpp:1603 setFrameRefCountByType - EXIT
01-01 00:02:24.068 176 1587 D CameraHal: (a7982970) - hardware/ti/dra7xx/camera/BaseCameraAdapter.cpp:1469 setInitFrameRefCount - EXIT
01-01 00:02:24.068 176 1587 D CameraHal: (a7982970) + hardware/ti/dra7xx/camera/BaseCameraAdapter.cpp:1489 getFrameRefCountByType - ENTER
01-01 00:02:24.068 176 1587 D CameraHal: (a7982970) - hardware/ti/dra7xx/camera/BaseCameraAdapter.cpp:1551 getFrameRefCountByType - EXIT
01-01 00:02:24.068 176 1587 V CameraHal: (a7982970) hardware/ti/dra7xx/camera/BaseCameraAdapter.cpp:1390 __sendFrameToSubscribers - Type of Frame: 0x1 address: 0xaab7d180 refCount start 1
01-01 00:02:24.074 176 1587 D CameraHal: (a7982970) + hardware/ti/dra7xx/camera/V4LCameraAdapter/V4LCameraAdapter.cpp:767 GetFrame - ENTER
01-01 00:02:24.074 176 1582 V CameraHal: (aa5ff970) hardware/ti/dra7xx/camera/ANativeWindowDisplayAdapter.cpp:1214 handleFrameReturn - handleFrameReturn: found graphic buffer 1 of 7
01-01 00:02:24.074 176 1582 D CameraHal: (aa5ff970) + hardware/ti/dra7xx/camera/BaseCameraAdapter.cpp:1489 getFrameRefCountByType - ENTER
01-01 00:02:24.074 176 1582 D CameraHal: (aa5ff970) - hardware/ti/dra7xx/camera/BaseCameraAdapter.cpp:1551 getFrameRefCountByType - EXIT
01-01 00:02:24.074 176 1582 D CameraHal: (aa5ff970) + hardware/ti/dra7xx/camera/BaseCameraAdapter.cpp:1559 setFrameRefCountByType - ENTER
01-01 00:02:24.074 176 1582 D CameraHal: (aa5ff970) - hardware/ti/dra7xx/camera/BaseCameraAdapter.cpp:1603 setFrameRefCountByType - EXIT
01-01 00:02:24.074 176 1582 V CameraHal: (aa5ff970) hardware/ti/dra7xx/camera/BaseCameraAdapter.cpp:378 returnFrame - REFCOUNT 0xaab7d080 0
01-01 00:02:24.074 176 1582 V CameraHal: (aa5ff970) hardware/ti/dra7xx/camera/CameraHal.cpp:4722 camera_buffer_get_omx_ptr - buffer_type 2 opaque 0xaab111c0
01-01 00:02:24.074 176 1582 V CameraHal: (aa5ff970) hardware/ti/dra7xx/camera/CameraHal.cpp:4726 camera_buffer_get_omx_ptr - anw aab1d230
01-01 00:02:24.074 176 1582 V CameraHal: (aa5ff970) hardware/ti/dra7xx/camera/CameraHal.cpp:4722 camera_buffer_get_omx_ptr - buffer_type 2 opaque 0xaab111c0
01-01 00:02:24.074 176 1582 V CameraHal: (aa5ff970) hardware/ti/dra7xx/camera/CameraHal.cpp:4726 camera_buffer_get_omx_ptr - anw aab1d230
01-01 00:02:24.074 176 1582 D CameraHal: (aa5ff970) + hardware/ti/dra7xx/camera/V4LCameraAdapter/V4LCameraAdapter.cpp:370 fillThisBuffer - ENTER
01-01 00:02:24.074 176 1582 D CameraHal: (aa5ff970) hardware/ti/dra7xx/camera/V4LCameraAdapter/V4LCameraAdapter.cpp:411 fillThisBuffer - Will return buffer to V4L with id=1
01-01 00:02:24.078 176 1587 D CameraHal: (a7982970) - hardware/ti/dra7xx/camera/V4LCameraAdapter/V4LCameraAdapter.cpp:809 GetFrame - EXIT
01-01 00:02:24.078 176 1587 D CameraHal: (a7982970) hardware/ti/dra7xx/camera/V4LCameraAdapter/V4LCameraAdapter.cpp:1092 previewThread - GOT IN frame with ID=4
01-01 00:02:24.078 176 1587 D CameraHal: (a7982970) + hardware/ti/dra7xx/camera/V4LCameraAdapter/V4LCameraAdapter.cpp:954 convertYUV422ToNV12Tiler - ENTER
01-01 00:02:24.078 176 1582 D CameraHal: (aa5ff970) - hardware/ti/dra7xx/camera/V4LCameraAdapter/V4LCameraAdapter.cpp:421 fillThisBuffer - EXIT
01-01 00:02:24.078 176 1587 D CameraHal: (a7982970) + hardware/ti/dra7xx/camera/V4LCameraAdapter/V4LCameraAdapter.cpp:954 convertYUV422ToNV12Tiler - ENTER
01-01 00:02:24.109 176 1587 D CameraHal: (a7982970) - hardware/ti/dra7xx/camera/V4LCameraAdapter/V4LCameraAdapter.cpp:1027 convertYUV422ToNV12Tiler - EXIT
01-01 00:02:24.109 176 1587 V CameraHal: (a7982970) hardware/ti/dra7xx/camera/V4LCameraAdapter/V4LCameraAdapter.cpp:1116 previewThread - ##...index= 4.;camera buffer= 0xaab7d200; mapped= 0xa9a59000.
01-01 00:02:24.109 176 1587 D CameraHal: (a7982970) + hardware/ti/dra7xx/camera/BaseCameraAdapter.cpp:1416 setInitFrameRefCount - ENTER
01-01 00:02:24.109 176 1587 D CameraHal: (a7982970) + hardware/ti/dra7xx/camera/BaseCameraAdapter.cpp:1559 setFrameRefCountByType - ENTER
01-01 00:02:24.109 176 1587 D CameraHal: (a7982970) - hardware/ti/dra7xx/camera/BaseCameraAdapter.cpp:1603 setFrameRefCountByType - EXIT
01-01 00:02:24.109 176 1587 D CameraHal: (a7982970) - hardware/ti/dra7xx/camera/BaseCameraAdapter.cpp:1469 setInitFrameRefCount - EXIT
01-01 00:02:24.109 176 1587 D CameraHal: (a7982970) + hardware/ti/dra7xx/camera/BaseCameraAdapter.cpp:1489 getFrameRefCountByType - ENTER
01-01 00:02:24.109 176 1587 D CameraHal: (a7982970) - hardware/ti/dra7xx/camera/BaseCameraAdapter.cpp:1551 getFrameRefCountByType - EXIT
01-01 00:02:24.109 176 1587 V CameraHal: (a7982970) hardware/ti/dra7xx/camera/BaseCameraAdapter.cpp:1390 __sendFrameToSubscribers - Type of Frame: 0x1 address: 0xaab7d200 refCount start 1
01-01 00:02:24.114 176 1582 V CameraHal: (aa5ff970) hardware/ti/dra7xx/camera/ANativeWindowDisplayAdapter.cpp:1214 handleFrameReturn - handleFrameReturn: found graphic buffer 2 of 7
01-01 00:02:24.114 176 1582 D CameraHal: (aa5ff970) + hardware/ti/dra7xx/camera/BaseCameraAdapter.cpp:1489 getFrameRefCountByType - ENTER
01-01 00:02:24.114 176 1582 D CameraHal: (aa5ff970) - hardware/ti/dra7xx/camera/BaseCameraAdapter.cpp:1551 getFrameRefCountByType - EXIT
01-01 00:02:24.114 176 1582 D CameraHal: (aa5ff970) + hardware/ti/dra7xx/camera/BaseCameraAdapter.cpp:1559 setFrameRefCountByType - ENTER
01-01 00:02:24.114 176 1582 D CameraHal: (aa5ff970) - hardware/ti/dra7xx/camera/BaseCameraAdapter.cpp:1603 setFrameRefCountByType - EXIT
01-01 00:02:24.114 176 1582 V CameraHal: (aa5ff970) hardware/ti/dra7xx/camera/BaseCameraAdapter.cpp:378 returnFrame - REFCOUNT 0xaab7d100 0
01-01 00:02:24.114 176 1582 V CameraHal: (aa5ff970) hardware/ti/dra7xx/camera/CameraHal.cpp:4722 camera_buffer_get_omx_ptr - buffer_type 2 opaque 0xaab11250
01-01 00:02:24.114 176 1582 V CameraHal: (aa5ff970) hardware/ti/dra7xx/camera/CameraHal.cpp:4726 camera_buffer_get_omx_ptr - anw aab1d280
01-01 00:02:24.114 176 1582 V CameraHal: (aa5ff970) hardware/ti/dra7xx/camera/CameraHal.cpp:4722 camera_buffer_get_omx_ptr - buffer_type 2 opaque 0xaab11250
01-01 00:02:24.114 176 1582 V CameraHal: (aa5ff970) hardware/ti/dra7xx/camera/CameraHal.cpp:4726 camera_buffer_get_omx_ptr - anw aab1d280
01-01 00:02:24.114 176 1582 D CameraHal: (aa5ff970) + hardware/ti/dra7xx/camera/V4LCameraAdapter/V4LCameraAdapter.cpp:370 fillThisBuffer - ENTER
01-01 00:02:24.114 176 1582 D CameraHal: (aa5ff970) hardware/ti/dra7xx/camera/V4LCameraAdapter/V4LCameraAdapter.cpp:411 fillThisBuffer - Will return buffer to V4L with id=2
01-01 00:02:24.114 176 1582 D CameraHal: (aa5ff970) - hardware/ti/dra7xx/camera/V4LCameraAdapter/V4LCameraAdapter.cpp:421 fillThisBuffer - EXIT
01-01 00:02:24.118 176 1587 D CameraHal: (a7982970) + hardware/ti/dra7xx/camera/V4LCameraAdapter/V4LCameraAdapter.cpp:767 GetFrame - ENTER
01-01 00:02:24.118 176 1587 D CameraHal: (a7982970) - hardware/ti/dra7xx/camera/V4LCameraAdapter/V4LCameraAdapter.cpp:809 GetFrame - EXIT
01-01 00:02:24.118 176 1587 D CameraHal: (a7982970) hardware/ti/dra7xx/camera/V4LCameraAdapter/V4LCameraAdapter.cpp:1092 previewThread - GOT IN frame with ID=5
01-01 00:02:24.118 176 1587 D CameraHal: (a7982970) + hardware/ti/dra7xx/camera/V4LCameraAdapter/V4LCameraAdapter.cpp:954 convertYUV422ToNV12Tiler - ENTER
01-01 00:02:24.141 176 1587 D CameraHal: (a7982970) - hardware/ti/dra7xx/camera/V4LCameraAdapter/V4LCameraAdapter.cpp:1027 convertYUV422ToNV12Tiler - EXIT
01-01 00:02:24.141 176 1587 V CameraHal: (a7982970) hardware/ti/dra7xx/camera/V4LCameraAdapter/V4LCameraAdapter.cpp:1116 previewThread - ##...index= 5.;camera buffer= 0xaab7d280; mapped= 0xa98e2000.
01-01 00:02:24.141 176 1587 D CameraHal: (a7982970) + hardware/ti/dra7xx/camera/BaseCameraAdapter.cpp:1416 setInitFrameRefCount - ENTER
01-01 00:02:24.141 176 1587 D CameraHal: (a7982970) + hardware/ti/dra7xx/camera/BaseCameraAdapter.cpp:1559 setFrameRefCountByType - ENTER
01-01 00:02:24.141 176 1587 D CameraHal: (a7982970) - hardware/ti/dra7xx/camera/BaseCameraAdapter.cpp:1603 setFrameRefCountByType - EXIT
01-01 00:02:24.141 176 1587 D CameraHal: (a7982970) - hardware/ti/dra7xx/camera/BaseCameraAdapter.cpp:1469 setInitFrameRefCount - EXIT
01-01 00:02:24.141 176 1587 D CameraHal: (a7982970) + hardware/ti/dra7xx/camera/BaseCameraAdapter.cpp:1489 getFrameRefCountByType - ENTER
01-01 00:02:24.141 176 1587 D CameraHal: (a7982970) - hardware/ti/dra7xx/camera/BaseCameraAdapter.cpp:1551 getFrameRefCountByType - EXIT
01-01 00:02:24.142 176 1587 V CameraHal: (a7982970) hardware/ti/dra7xx/camera/BaseCameraAdapter.cpp:1390 __sendFrameToSubscribers - Type of Frame: 0x1 address: 0xaab7d280 refCount start 1
01-01 00:02:24.145 176 1587 D CameraHal: (a7982970) + hardware/ti/dra7xx/camera/V4LCameraAdapter/V4LCameraAdapter.cpp:767 GetFrame - ENTER
01-01 00:02:24.145 176 1582 V CameraHal: (aa5ff970) hardware/ti/dra7xx/camera/ANativeWindowDisplayAdapter.cpp:1214 handleFrameReturn - handleFrameReturn: found graphic buffer 3 of 7
01-01 00:02:24.145 176 1582 D CameraHal: (aa5ff970) + hardware/ti/dra7xx/camera/BaseCameraAdapter.cpp:1489 getFrameRefCountByType - ENTER
01-01 00:02:24.145 176 1582 D CameraHal: (aa5ff970) - hardware/ti/dra7xx/camera/BaseCameraAdapter.cpp:1551 getFrameRefCountByType - EXIT
01-01 00:02:24.145 176 1582 D CameraHal: (aa5ff970) + hardware/ti/dra7xx/camera/BaseCameraAdapter.cpp:1559 setFrameRefCountByType - ENTER
01-01 00:02:24.145 176 1582 D CameraHal: (aa5ff970) - hardware/ti/dra7xx/camera/BaseCameraAdapter.cpp:1603 setFrameRefCountByType - EXIT
01-01 00:02:24.145 176 1582 V CameraHal: (aa5ff970) hardware/ti/dra7xx/camera/BaseCameraAdapter.cpp:378 returnFrame - REFCOUNT 0xaab7d180 0
01-01 00:02:24.145 176 1582 V CameraHal: (aa5ff970) hardware/ti/dra7xx/camera/CameraHal.cpp:4722 camera_buffer_get_omx_ptr - buffer_type 2 opaque 0xaab11370
01-01 00:02:24.145 176 1582 V CameraHal: (aa5ff970) hardware/ti/dra7xx/camera/CameraHal.cpp:4726 camera_buffer_get_omx_ptr - anw aab1d2d0
01-01 00:02:24.145 176 1582 V CameraHal: (aa5ff970) hardware/ti/dra7xx/camera/CameraHal.cpp:4722 camera_buffer_get_omx_ptr - buffer_type 2 opaque 0xaab11370
01-01 00:02:24.145 176 1582 V CameraHal: (aa5ff970) hardware/ti/dra7xx/camera/CameraHal.cpp:4726 camera_buffer_get_omx_ptr - anw aab1d2d0
01-01 00:02:24.145 176 1582 D CameraHal: (aa5ff970) + hardware/ti/dra7xx/camera/V4LCameraAdapter/V4LCameraAdapter.cpp:370 fillThisBuffer - ENTER
01-01 00:02:24.146 176 1582 D CameraHal: (aa5ff970) hardware/ti/dra7xx/camera/V4LCameraAdapter/V4LCameraAdapter.cpp:411 fillThisBuffer - Will return buffer to V4L with id=3
01-01 00:02:24.146 176 1582 D CameraHal: (aa5ff970) - hardware/ti/dra7xx/camera/V4LCameraAdapter/V4LCameraAdapter.cpp:421 fillThisBuffer - EXIT
01-01 00:02:24.146 176 1587 D CameraHal: (a7982970) - hardware/ti/dra7xx/camera/V4LCameraAdapter/V4LCameraAdapter.cpp:809 GetFrame - EXIT
01-01 00:02:24.146 176 1587 D CameraHal: (a7982970) hardware/ti/dra7xx/camera/V4LCameraAdapter/V4LCameraAdapter.cpp:1092 previewThread - GOT IN frame with ID=0
01-01 00:02:24.146 176 1587 D CameraHal: (a7982970) + hardware/ti/dra7xx/camera/V4LCameraAdapter/V4LCameraAdapter.cpp:954 convertYUV422ToNV12Tiler - ENTER --------- beginning of crash
01-01 00:02:24.171 176 1587 F libc : Fatal signal 11 (SIGSEGV), code 2, fault addr 0xaa1ac000 in tid 1587 (CameraPreviewTh)
01-01 00:02:24.229 1590 1590 I crash_dump32: obtaining output fd from tombstoned
01-01 00:02:24.232 253 253 I /system/bin/tombstoned: received crash request for pid 176
01-01 00:02:24.233 1590 1590 I crash_dump32: performing dump of process 176 (target tid = 1587)
01-01 00:02:24.233 1590 1590 F DEBUG : *** *** *** *** *** *** *** *** *** *** *** *** *** *** *** ***
01-01 00:02:24.234 1590 1590 F DEBUG : Build fingerprint: 'TI/full_jacinto6evm/jacinto6evm:8.0.0/OPR6.170623.013/rtrk12022048:userdebug/test-keys'
01-01 00:02:24.234 1590 1590 F DEBUG : Revision: '0'
01-01 00:02:24.234 1590 1590 F DEBUG : ABI: 'arm'
01-01 00:02:24.234 1590 1590 F DEBUG : pid: 176, tid: 1587, name: CameraPreviewTh >>> /vendor/bin/hw/android.hardware.camera.provider@2.4-service <<<
01-01 00:02:24.234 1590 1590 F DEBUG : signal 11 (SIGSEGV), code 2 (SEGV_ACCERR), fault addr 0xaa1ac000
01-01 00:02:24.234 1590 1590 F DEBUG : r0 00000000 r1 00000000 r2 0000031e r3 00000000
01-01 00:02:24.234 1590 1590 F DEBUG : r4 aab27000 r5 aa1abff1 r6 00000010 r7 a95f2600
01-01 00:02:24.234 1590 1590 F DEBUG : r8 aab271dc r9 aa12eb00 sl 00000500 fp 00000320
01-01 00:02:24.234 1590 1590 F DEBUG : ip a7982358 sp a7982850 lr aaea7299 pc aaed26c4 cpsr 60000030
01-01 00:02:24.257 1590 1590 F DEBUG :
01-01 00:02:24.257 1590 1590 F DEBUG : backtrace:
01-01 00:02:24.257 1590 1590 F DEBUG : #00 pc 000446c4 /vendor/lib/hw/camera.jacinto6.so (_ZN2Ti6Camera16V4LCameraAdapter13previewThreadEv+739)
01-01 00:02:24.257 1590 1590 F DEBUG : #01 pc 0004578d /vendor/lib/hw/camera.jacinto6.so (_ZN2Ti6Camera16V4LCameraAdapter13PreviewThread10threadLoopEv+4)
01-01 00:02:24.257 1590 1590 F DEBUG : #02 pc 0000d41f /system/lib/libutils.so (_ZN7android6Thread11_threadLoopEPv+274)
01-01 00:02:24.257 1590 1590 F DEBUG : #03 pc 00047dbf /system/lib/libc.so (_ZL15__pthread_startPv+22)
01-01 00:02:24.257 1590 1590 F DEBUG : #04 pc 0001af7f /system/lib/libc.so (__start_thread+32)
01-01 00:02:24.549 328 491 W NativeCrashListener: Couldn't find ProcessRecord for pid 176
01-01 00:02:24.551 253 253 E /system/bin/tombstoned: Tombstone written to: /data/tombstones//tombstone_00
01-01 00:02:24.554 328 348 I BootReceiver: Copying /data/tombstones/tombstone_00 to DropBox (SYSTEM_TOMBSTONE)
01-01 00:02:24.622 224 290 I CameraProviderManager: Camera provider 'legacy/0' has died; removing it
01-01 00:02:24.622 224 290 I CameraService: onDeviceStatusChanged: Status changed for cameraId=0, newStatus=0
01-01 00:02:24.623 224 290 I CameraService: onDeviceStatusChanged: Client for camera ID 0 evicted due to device status change from HAL
01-01 00:02:24.624 1275 1560 E Camera : Error 2
01-01 00:02:24.624 1275 1560 I RequestThread-0: Flushing all pending requests.
01-01 00:02:24.624 1275 1560 I RequestQueue: Repeating capture request cancelled.
01-01 00:02:24.624 1275 1560 W RequestHolder: Capture failed for request: 0
01-01 00:02:24.624 1275 1560 I CameraDeviceState: Legacy camera service transitioning to state ERROR
01-01 00:02:24.625 1275 1546 E RequestQueue: cancel failed: no repeating request exists for request id: 0
01-01 00:02:24.632 1275 1573 I CameraDeviceState: Legacy camera service transitioning to state IDLE
01-01 00:02:24.632 1275 1573 E CameraDeviceState: Cannot call idle while in state: 0
01-01 00:02:24.636 224 290 F /system/bin/cameraserver: Status.cpp:149] Failed HIDL return status not checked: Status(EX_TRANSACTION_FAILED): 'DEAD_OBJECT: '
01-01 00:02:24.637 224 290 F libc : Fatal signal 6 (SIGABRT), code -6 in tid 290 (HwBinder:224_1)
01-01 00:02:24.642 328 472 E TaskPersister: File error accessing recents directory (directory doesn't exist?).
01-01 00:02:24.665 1595 1595 I android.hardware.camera.provider@2.4-service: Camera provider Service is starting.
01-01 00:02:24.682 1595 1595 I vndksupport: sphal namespace is not configured for this process. Loading /vendor/lib/hw/camera.jacinto6.so from the current namespace instead.
01-01 00:02:24.731 1599 1599 I crash_dump32: obtaining output fd from tombstoned
01-01 00:02:24.732 253 253 I /system/bin/tombstoned: received crash request for pid 224
01-01 00:02:24.733 1599 1599 I crash_dump32: performing dump of process 224 (target tid = 290)
01-01 00:02:24.739 1595 1595 D CameraHal: (ad1cc4a8) + hardware/ti/dra7xx/camera/CameraProperties.cpp:48 CameraProperties - ENTER
01-01 00:02:24.739 1595 1595 D CameraHal: (ad1cc4a8) - hardware/ti/dra7xx/camera/CameraProperties.cpp:53 CameraProperties - EXIT
01-01 00:02:24.739 1595 1595 D CameraHal: (ad1cc4a8) + hardware/ti/dra7xx/camera/CameraProperties.cpp:130 camerasSupported - ENTER
01-01 00:02:24.739 1595 1595 D CameraHal: (ad1cc4a8) - hardware/ti/dra7xx/camera/CameraProperties.cpp:130 camerasSupported - EXIT
01-01 00:02:24.739 1595 1595 I CamProvider@2.4-impl: Loaded "TI OMAP CameraHal Module" camera module
01-01 00:02:24.739 1595 1595 I CamProvider@2.4-impl: setUpVendorTags: No vendor tags defined for this device.
01-01 00:02:24.739 1595 1595 D CameraHal: (ad1cc4a8) + hardware/ti/dra7xx/camera/CameraProperties.cpp:130 camerasSupported - ENTER
01-01 00:02:24.739 1595 1595 D CameraHal: (ad1cc4a8) - hardware/ti/dra7xx/camera/CameraProperties.cpp:130 camerasSupported - EXIT
01-01 00:02:24.739 1595 1595 D CameraHal: (ad1cc4a8) + hardware/ti/dra7xx/camera/CameraProperties.cpp:67 initialize - ENTER
01-01 00:02:24.739 1595 1595 D CameraHal: (ad1cc4a8) + hardware/ti/dra7xx/camera/CameraProperties.cpp:93 loadProperties - ENTER
01-01 00:02:24.739 1595 1595 D CameraHal: (ad1cc4a8) + hardware/ti/dra7xx/camera/BaseCameraAdapter.cpp:2690 CameraAdapter_Capabilities - ENTER
01-01 00:02:24.739 1595 1595 D CameraHal: (ad1cc4a8) + hardware/ti/dra7xx/camera/V4LCameraAdapter/V4LCameraAdapter.cpp:1236 V4LCameraAdapter_Capabilities - ENTER
01-01 00:02:24.739 1595 1595 D CameraHal: (ad1cc4a8) hardware/ti/dra7xx/camera/V4LCameraAdapter/V4LCameraAdapter.cpp:1198 detectVideoDevice - Video device list::dev_list[0]= /dev/video1
01-01 00:02:24.739 1595 1595 D CameraHal: (ad1cc4a8) hardware/ti/dra7xx/camera/V4LCameraAdapter/V4LCameraAdapter.cpp:1198 detectVideoDevice - Video device list::dev_list[1]= /dev/video10
01-01 00:02:24.739 1595 1595 D CameraHal: (ad1cc4a8) hardware/ti/dra7xx/camera/V4LCameraAdapter/V4LCameraAdapter.cpp:1198 detectVideoDevice - Video device list::dev_list[2]= /dev/video11
01-01 00:02:24.739 1595 1595 D CameraHal: (ad1cc4a8) hardware/ti/dra7xx/camera/V4LCameraAdapter/V4LCameraAdapter.cpp:1198 detectVideoDevice - Video device list::dev_list[3]= /dev/video0
01-01 00:02:24.739 1595 1595 D CameraHal: (ad1cc4a8) hardware/ti/dra7xx/camera/V4LCameraAdapter/V4LCameraAdapter.cpp:1258 V4LCameraAdapter_Capabilities - Opening device[0] = /dev/video0..
01-01 00:02:24.739 1595 1595 E CameraHal: (ad1cc4a8) hardware/ti/dra7xx/camera/V4LCameraAdapter/V4LCameraAdapter.cpp:1273 V4LCameraAdapter_Capabilities - Error while adapter initialization: video capture not supported.
01-01 00:02:24.740 1595 1595 D CameraHal: (ad1cc4a8) hardware/ti/dra7xx/camera/V4LCameraAdapter/V4LCameraAdapter.cpp:1258 V4LCameraAdapter_Capabilities - Opening device[1] = /dev/video1..
01-01 00:02:24.740 1595 1595 D CameraHal: (ad1cc4a8) hardware/ti/dra7xx/camera/V4LCameraAdapter/V4LCapabilities.cpp:263 getCaps - fmtDesc[0].description::pixelformat::flags== (Y/CbCr 4:2:0::842094158::0)
01-01 00:02:24.740 1595 1595 D CameraHal: (ad1cc4a8) hardware/ti/dra7xx/camera/V4LCameraAdapter/V4LCapabilities.cpp:263 getCaps - fmtDesc[1].description::pixelformat::flags== (UYVY 4:2:2::1498831189::0)
01-01 00:02:24.740 1595 1595 D CameraHal: (ad1cc4a8) hardware/ti/dra7xx/camera/V4LCameraAdapter/V4LCapabilities.cpp:263 getCaps - fmtDesc[2].description::pixelformat::flags== (YUYV 4:2:2::1448695129::0)
01-01 00:02:24.740 1595 1595 D CameraHal: (ad1cc4a8) hardware/ti/dra7xx/camera/V4LCameraAdapter/V4LCapabilities.cpp:263 getCaps - fmtDesc[3].description::pixelformat::flags== (VYUY 4:2:2::1498765654::0)
01-01 00:02:24.740 1595 1595 D CameraHal: (ad1cc4a8) hardware/ti/dra7xx/camera/V4LCameraAdapter/V4LCapabilities.cpp:263 getCaps - fmtDesc[4].description::pixelformat::flags== (YVYU 4:2:2::1431918169::0)
01-01 00:02:24.740 1595 1595 D CameraHal: (ad1cc4a8) hardware/ti/dra7xx/camera/V4LCameraAdapter/V4LCapabilities.cpp:263 getCaps - fmtDesc[5].description::pixelformat::flags== (24-bit RGB 8-8-8::859981650::0)
01-01 00:02:24.740 1595 1595 D CameraHal: (ad1cc4a8) hardware/ti/dra7xx/camera/V4LCameraAdapter/V4LCapabilities.cpp:263 getCaps - fmtDesc[6].description::pixelformat::flags== (32-bit A/XRGB 8-8-8-8::876758866::0)
01-01 00:02:24.740 1595 1595 D CameraHal: (ad1cc4a8) hardware/ti/dra7xx/camera/V4LCameraAdapter/V4LCapabilities.cpp:263 getCaps - fmtDesc[7].description::pixelformat::flags== (24-bit BGR 8-8-8::861030210::0)
01-01 00:02:24.740 1595 1595 D CameraHal: (ad1cc4a8) hardware/ti/dra7xx/camera/V4LCameraAdapter/V4LCapabilities.cpp:263 getCaps - fmtDesc[8].description::pixelformat::flags== (32-bit BGRA/X 8-8-8-8::877807426::0)
01-01 00:02:24.740 1595 1595 D CameraHal: (ad1cc4a8) hardware/ti/dra7xx/camera/V4LCameraAdapter/V4LCapabilities.cpp:281 getCaps - frmSizeEnum.index[0].width x height == (1280 x 800)
01-01 00:02:24.740 1595 1595 D CameraHal: (ad1cc4a8) hardware/ti/dra7xx/camera/V4LCameraAdapter/V4LCapabilities.cpp:281 getCaps - frmSizeEnum.index[1].width x height == (1280 x 720)
01-01 00:02:24.740 1595 1595 D CameraHal: (ad1cc4a8) hardware/ti/dra7xx/camera/V4LCameraAdapter/V4LCapabilities.cpp:281 getCaps - frmSizeEnum.index[2].width x height == (752 x 480)
01-01 00:02:24.740 1595 1595 D CameraHal: (ad1cc4a8) hardware/ti/dra7xx/camera/V4LCameraAdapter/V4LCapabilities.cpp:281 getCaps - frmSizeEnum.index[3].width x height == (640 x 480)
01-01 00:02:24.740 1595 1595 D CameraHal: (ad1cc4a8) hardware/ti/dra7xx/camera/V4LCameraAdapter/V4LCapabilities.cpp:281 getCaps - frmSizeEnum.index[4].width x height == (600 x 400)
01-01 00:02:24.740 1595 1595 D CameraHal: (ad1cc4a8) hardware/ti/dra7xx/camera/V4LCameraAdapter/V4LCapabilities.cpp:281 getCaps - frmSizeEnum.index[5].width x height == (352 x 288)
01-01 00:02:24.740 1595 1595 D CameraHal: (ad1cc4a8) hardware/ti/dra7xx/camera/V4LCameraAdapter/V4LCapabilities.cpp:281 getCaps - frmSizeEnum.index[6].width x height == (320 x 240)
01-01 00:02:24.740 1595 1595 D CameraHal: (ad1cc4a8) hardware/ti/dra7xx/camera/V4LCameraAdapter/V4LCapabilities.cpp:309 getCaps - W x H = 1280 x 800
01-01 00:02:24.740 1595 1595 D CameraHal: (ad1cc4a8) hardware/ti/dra7xx/camera/V4LCameraAdapter/V4LCapabilities.cpp:309 getCaps - W x H = 1280 x 720
01-01 00:02:24.740 1595 1595 D CameraHal: (ad1cc4a8) hardware/ti/dra7xx/camera/V4LCameraAdapter/V4LCapabilities.cpp:309 getCaps - W x H = 752 x 480
01-01 00:02:24.740 1595 1595 D CameraHal: (ad1cc4a8) hardware/ti/dra7xx/camera/V4LCameraAdapter/V4LCapabilities.cpp:309 getCaps - W x H = 640 x 480
01-01 00:02:24.740 1595 1595 D CameraHal: (ad1cc4a8) hardware/ti/dra7xx/camera/V4LCameraAdapter/V4LCapabilities.cpp:309 getCaps - W x H = 600 x 400
01-01 00:02:24.740 1595 1595 D CameraHal: (ad1cc4a8) hardware/ti/dra7xx/camera/V4LCameraAdapter/V4LCapabilities.cpp:309 getCaps - W x H = 352 x 288
01-01 00:02:24.740 1595 1595 D CameraHal: (ad1cc4a8) hardware/ti/dra7xx/camera/V4LCameraAdapter/V4LCapabilities.cpp:309 getCaps - W x H = 320 x 240
01-01 00:02:24.740 1595 1595 E CameraHal: (ad1cc4a8) hardware/ti/dra7xx/camera/V4LCameraAdapter/V4LCapabilities.cpp:339 getCaps - Error while getting capabilities: V4L2_FRMIVAL_TYPE_CONTINUOUS & V4L2_FRMIVAL_TYPE_STEPWISE are not supported.
01-01 00:02:24.740 1595 1595 D CameraHal: (ad1cc4a8) + hardware/ti/dra7xx/camera/V4LCameraAdapter/V4LCapabilities.cpp:187 insertCapabilities - ENTER
01-01 00:02:24.740 1595 1595 D CameraHal: (ad1cc4a8) + hardware/ti/dra7xx/camera/V4LCameraAdapter/V4LCapabilities.cpp:65 insertDefaults - ENTER
01-01 00:02:24.741 1595 1595 D CameraHal: (ad1cc4a8) - hardware/ti/dra7xx/camera/V4LCameraAdapter/V4LCapabilities.cpp:106 insertDefaults - EXIT
01-01 00:02:24.741 1595 1595 D CameraHal: (ad1cc4a8) - hardware/ti/dra7xx/camera/V4LCameraAdapter/V4LCapabilities.cpp:213 insertCapabilities - EXIT
01-01 00:02:24.741 1595 1595 D CameraHal: (ad1cc4a8) hardware/ti/dra7xx/camera/V4LCameraAdapter/V4LCameraAdapter.cpp:1297 V4LCameraAdapter_Capabilities - Number of V4L cameras detected =1
01-01 00:02:24.741 1595 1595 E CameraHal: (ad1cc4a8) hardware/ti/dra7xx/camera/V4LCameraAdapter/V4LCameraAdapter.cpp:1299 V4LCameraAdapter_Capabilities - Camera device path 0 is /dev/video1
01-01 00:02:24.741 1595 1595 D CameraHal: (ad1cc4a8) - hardware/ti/dra7xx/camera/V4LCameraAdapter/V4LCameraAdapter.cpp:1301 V4LCameraAdapter_Capabilities - EXIT
01-01 00:02:24.741 1595 1595 E CameraHal: (ad1cc4a8) hardware/ti/dra7xx/camera/BaseCameraAdapter.cpp:2713 CameraAdapter_Capabilities - supportedCameras= 1
01-01 00:02:24.741 1595 1595 D CameraHal: (ad1cc4a8) - hardware/ti/dra7xx/camera/BaseCameraAdapter.cpp:2714 CameraAdapter_Capabilities - EXIT
01-01 00:02:24.741 1595 1595 I CameraHal: (ad1cc4a8) hardware/ti/dra7xx/camera/CameraProperties.cpp:114 loadProperties - num_cameras = 1
01-01 00:02:24.741 1595 1595 D CameraHal: (ad1cc4a8) hardware/ti/dra7xx/camera/CameraParameters.cpp:214 dump - ================================
01-01 00:02:24.741 1595 1595 D CameraHal: (ad1cc4a8) hardware/ti/dra7xx/camera/CameraParameters.cpp:215 dump - Dumping properties for camera: 0
01-01 00:02:24.741 1595 1595 D CameraHal: (ad1cc4a8) hardware/ti/dra7xx/camera/CameraParameters.cpp:220 dump - prop-antibanding-values = auto
01-01 00:02:24.741 1595 1595 D CameraHal: (ad1cc4a8) hardware/ti/dra7xx/camera/CameraParameters.cpp:220 dump - prop-camera-name = USBCAMERA
01-01 00:02:24.741 1595 1595 D CameraHal: (ad1cc4a8) hardware/ti/dra7xx/camera/CameraParameters.cpp:220 dump - prop-effect-values = none
01-01 00:02:24.741 1595 1595 D CameraHal: (ad1cc4a8) hardware/ti/dra7xx/camera/CameraParameters.cpp:220 dump - prop-exposure-mode-values = auto
01-01 00:02:24.741 1595 1595 D CameraHal: (ad1cc4a8) hardware/ti/dra7xx/camera/CameraParameters.cpp:220 dump - prop-facing = back
01-01 00:02:24.741 1595 1595 D CameraHal: (ad1cc4a8) hardware/ti/dra7xx/camera/CameraParameters.cpp:220 dump - prop-flash-mode-values = off
01-01 00:02:24.741 1595 1595 D CameraHal: (ad1cc4a8) hardware/ti/dra7xx/camera/CameraParameters.cpp:220 dump - prop-focal-length = 1
01-01 00:02:24.741 1595 1595 D CameraHal: (ad1cc4a8) hardware/ti/dra7xx/camera/CameraParameters.cpp:220 dump - prop-focus-mode-default = fixed
01-01 00:02:24.741 1595 1595 D CameraHal: (ad1cc4a8) hardware/ti/dra7xx/camera/CameraParameters.cpp:220 dump - prop-focus-mode-values = fixed
01-01 00:02:24.741 1595 1595 D CameraHal: (ad1cc4a8) hardware/ti/dra7xx/camera/CameraParameters.cpp:220 dump - prop-framerate-range-default = 30000,30000
01-01 00:02:24.741 1595 1595 D CameraHal: (ad1cc4a8) hardware/ti/dra7xx/camera/CameraParameters.cpp:220 dump - prop-framerate-range-values =
01-01 00:02:24.741 1595 1595 D CameraHal: (ad1cc4a8) hardware/ti/dra7xx/camera/CameraParameters.cpp:220 dump - prop-horizontal-angle = 170
01-01 00:02:24.741 1595 1595 D CameraHal: (ad1cc4a8) hardware/ti/dra7xx/camera/CameraParameters.cpp:220 dump - prop-ipp-values = ldc-nsf
01-01 00:02:24.741 1595 1595 D CameraHal: (ad1cc4a8) hardware/ti/dra7xx/camera/CameraParameters.cpp:220 dump - prop-iso-mode-values = auto
01-01 00:02:24.741 1595 1595 D CameraHal: (ad1cc4a8) hardware/ti/dra7xx/camera/CameraParameters.cpp:220 dump - prop-jpeg-quality-default = 90
01-01 00:02:24.741 1595 1595 D CameraHal: (ad1cc4a8) hardware/ti/dra7xx/camera/CameraParameters.cpp:220 dump - prop-jpeg-thumbnail-quality-default = 50
01-01 00:02:24.741 1595 1595 D CameraHal: (ad1cc4a8) hardware/ti/dra7xx/camera/CameraParameters.cpp:220 dump - prop-jpeg-thumbnail-size-default = 320x240
01-01 00:02:24.741 1595 1595 D CameraHal: (ad1cc4a8) hardware/ti/dra7xx/camera/CameraParameters.cpp:220 dump - prop-jpeg-thumbnail-size-values = 0x0,320x240
01-01 00:02:24.741 1595 1595 D CameraHal: (ad1cc4a8) hardware/ti/dra7xx/camera/CameraParameters.cpp:220 dump - prop-max-fd-hw-faces = 0
01-01 00:02:24.741 1595 1595 D CameraHal: (ad1cc4a8) hardware/ti/dra7xx/camera/CameraParameters.cpp:220 dump - prop-orientation = 0
01-01 00:02:24.741 1595 1595 D CameraHal: (ad1cc4a8) hardware/ti/dra7xx/camera/CameraParameters.cpp:220 dump - prop-picture-format-default = jpeg
01-01 00:02:24.741 1595 1595 D CameraHal: (ad1cc4a8) hardware/ti/dra7xx/camera/CameraParameters.cpp:220 dump - prop-picture-format-values = jpeg
01-01 00:02:24.741 1595 1595 D CameraHal: (ad1cc4a8) hardware/ti/dra7xx/camera/CameraParameters.cpp:220 dump - prop-picture-size-default = 1280x720
01-01 00:02:24.741 1595 1595 D CameraHal: (ad1cc4a8) hardware/ti/dra7xx/camera/CameraParameters.cpp:220 dump - prop-picture-size-values = 1280x800,1280x720,752x480,640x480,600x400,352x288,320x240
01-01 00:02:24.741 1595 1595 D CameraHal: (ad1cc4a8) hardware/ti/dra7xx/camera/CameraParameters.cpp:220 dump - prop-preview-format-default = yuv420sp
01-01 00:02:24.741 1595 1595 D CameraHal: (ad1cc4a8) hardware/ti/dra7xx/camera/CameraParameters.cpp:220 dump - prop-preview-format-values = yuv420sp
01-01 00:02:24.741 1595 1595 D CameraHal: (ad1cc4a8) hardware/ti/dra7xx/camera/CameraParameters.cpp:220 dump - prop-preview-frame-rate-default = 30
01-01 00:02:24.742 1595 1595 D CameraHal: (ad1cc4a8) hardware/ti/dra7xx/camera/CameraParameters.cpp:220 dump - prop-preview-frame-rate-values =
01-01 00:02:24.742 1595 1595 D CameraHal: (ad1cc4a8) hardware/ti/dra7xx/camera/CameraParameters.cpp:220 dump - prop-preview-size-default = 1280x720
01-01 00:02:24.742 1595 1595 D CameraHal: (ad1cc4a8) hardware/ti/dra7xx/camera/CameraParameters.cpp:220 dump - prop-preview-size-values = 1280x800,1280x720,752x480,640x480,600x400,352x288,320x240
01-01 00:02:24.742 1595 1595 D CameraHal: (ad1cc4a8) hardware/ti/dra7xx/camera/CameraParameters.cpp:220 dump - prop-preview-subsampled-size-values = 1280x800,1280x720,752x480,640x480,600x400,352x288,320x240
01-01 00:02:24.742 1595 1595 D CameraHal: (ad1cc4a8) hardware/ti/dra7xx/camera/CameraParameters.cpp:220 dump - prop-required-preview-bufs = 8
01-01 00:02:24.742 1595 1595 D CameraHal: (ad1cc4a8) hardware/ti/dra7xx/camera/CameraParameters.cpp:220 dump - prop-s3d-prv-frame-layout = none
01-01 00:02:24.742 1595 1595 D CameraHal: (ad1cc4a8) hardware/ti/dra7xx/camera/CameraParameters.cpp:220 dump - prop-sensor-index = 0
01-01 00:02:24.742 1595 1595 D CameraHal: (ad1cc4a8) hardware/ti/dra7xx/camera/CameraParameters.cpp:220 dump - prop-vertical-angle = 170
01-01 00:02:24.742 1595 1595 D CameraHal: (ad1cc4a8) hardware/ti/dra7xx/camera/CameraParameters.cpp:220 dump - prop-vnf-default = false
01-01 00:02:24.742 1595 1595 D CameraHal: (ad1cc4a8) hardware/ti/dra7xx/camera/CameraParameters.cpp:220 dump - prop-vstab-default = false
01-01 00:02:24.742 1595 1595 D CameraHal: (ad1cc4a8) hardware/ti/dra7xx/camera/CameraParameters.cpp:220 dump - prop-zoom-default = 1
01-01 00:02:24.742 1595 1595 D CameraHal: (ad1cc4a8) hardware/ti/dra7xx/camera/CameraParameters.cpp:220 dump - prop-zoom-ratios = 1
01-01 00:02:24.742 1595 1595 D CameraHal: (ad1cc4a8) hardware/ti/dra7xx/camera/CameraParameters.cpp:220 dump - prop-zoom-stages = 1
01-01 00:02:24.742 1595 1595 D CameraHal: (ad1cc4a8) hardware/ti/dra7xx/camera/CameraParameters.cpp:220 dump - prop-zoom-supported = false
01-01 00:02:24.742 1595 1595 D CameraHal: (ad1cc4a8) hardware/ti/dra7xx/camera/CameraParameters.cpp:220 dump - sensor-orientation = 0
01-01 00:02:24.742 1595 1595 D CameraHal: (ad1cc4a8) hardware/ti/dra7xx/camera/CameraParameters.cpp:223 dump - --------------------------------
01-01 00:02:24.742 1595 1595 V CameraHal: (ad1cc4a8) hardware/ti/dra7xx/camera/CameraProperties.cpp:122 loadProperties - mCamerasSupported = 1
01-01 00:02:24.742 1595 1595 D CameraHal: (ad1cc4a8) - hardware/ti/dra7xx/camera/CameraProperties.cpp:123 loadProperties - EXIT
01-01 00:02:24.742 1595 1595 D CameraHal: (ad1cc4a8) - hardware/ti/dra7xx/camera/CameraProperties.cpp:82 initialize - EXIT
01-01 00:02:24.742 1595 1595 D CameraHal: (ad1cc4a8) + hardware/ti/dra7xx/camera/CameraParameters.cpp:152 getProperties - ENTER
01-01 00:02:24.742 1595 1595 D CameraHal: (ad1cc4a8) - hardware/ti/dra7xx/camera/CameraParameters.cpp:163 getProperties - EXIT
01-01 00:02:24.745 1595 1595 I ServiceManagement: Removing namespace from process name android.hardware.camera.provider@2.4-service to provider@2.4-se.
01-01 00:02:24.749 1599 1599 F DEBUG : *** *** *** *** *** *** *** *** *** *** *** *** *** *** *** ***
01-01 00:02:24.749 1599 1599 F DEBUG : Build fingerprint: 'TI/full_jacinto6evm/jacinto6evm:8.0.0/OPR6.170623.013/rtrk12022048:userdebug/test-keys'
01-01 00:02:24.749 1599 1599 F DEBUG : Revision: '0'
01-01 00:02:24.749 1599 1599 F DEBUG : ABI: 'arm'
01-01 00:02:24.749 1599 1599 F DEBUG : pid: 224, tid: 290, name: HwBinder:224_1 >>> /system/bin/cameraserver <<<
01-01 00:02:24.749 1599 1599 F DEBUG : signal 6 (SIGABRT), code -6 (SI_TKILL), fault addr --------
01-01 00:02:24.754 1599 1599 F DEBUG : Abort message: 'Status.cpp:149] Failed HIDL return status not checked: Status(EX_TRANSACTION_FAILED): 'DEAD_OBJECT: ''
01-01 00:02:24.754 1599 1599 F DEBUG : r0 00000000 r1 00000122 r2 00000006 r3 00000008
01-01 00:02:24.754 1599 1599 F DEBUG : r4 000000e0 r5 00000122 r6 a80035a8 r7 0000010c
01-01 00:02:24.754 1599 1599 F DEBUG : r8 00000000 r9 a824f720 sl a82321c5 fp a82321c5
01-01 00:02:24.754 1599 1599 F DEBUG : ip 00000000 sp a8003598 lr a85293c7 pc a8559a9c cpsr 200f0010
01-01 00:02:24.760 1595 1595 I android.hardware.camera.provider@2.4-service: Registration complete for android.hardware.camera.provider@2.4::ICameraProvider/legacy/0.
01-01 00:02:24.825 1599 1599 F DEBUG :
01-01 00:02:24.825 1599 1599 F DEBUG : backtrace:
01-01 00:02:24.825 1599 1599 F DEBUG : #00 pc 0004aa9c /system/lib/libc.so (tgkill+12)
01-01 00:02:24.825 1599 1599 F DEBUG : #01 pc 0001a3c3 /system/lib/libc.so (abort+54)
01-01 00:02:24.825 1599 1599 F DEBUG : #02 pc 0000755f /system/lib/libbase.so (_ZN7android4base14DefaultAborterEPKc+6)
01-01 00:02:24.825 1599 1599 F DEBUG : #03 pc 00007e35 /system/lib/libbase.so (_ZN7android4base10LogMessageD2Ev+456)
01-01 00:02:24.825 1599 1599 F DEBUG : #04 pc 00015943 /system/lib/libhidlbase.so (_ZN7android8hardware7details13return_statusD1Ev+182)
01-01 00:02:24.825 1599 1599 F DEBUG : #05 pc 000a917d /system/lib/libcameraservice.so (_ZN7android23CameraHardwareInterface14disableMsgTypeEi+32)
01-01 00:02:24.825 1599 1599 F DEBUG : #06 pc 00088835 /system/lib/libcameraservice.so (_ZN7android12CameraClient10disconnectEv+128)
01-01 00:02:24.825 1599 1599 F DEBUG : #07 pc 00088a41 /system/lib/libcameraservice.so (_ZThn16_N7android12CameraClient10disconnectEv+4)
01-01 00:02:24.825 1599 1599 F DEBUG : #08 pc 000715c3 /system/lib/libcameraservice.so (_ZN7android13CameraService21onDeviceStatusChangedERKNS_7String8ENS_8hardware6camera6common4V1_018CameraDeviceStatusE+490)
01-01 00:02:24.826 1599 1599 F DEBUG : #09 pc 00083123 /system/lib/libcameraservice.so (_ZN7android21CameraProviderManager14removeProviderERKNSt3__112basic_stringIcNS1_11char_traitsIcEENS1_9allocatorIcEEEE+442)
01-01 00:02:24.826 1599 1599 F DEBUG : #10 pc 00084489 /system/lib/libcameraservice.so (_ZTv0_n16_N7android21CameraProviderManager12ProviderInfo11serviceDiedEyRKNS_2wpINS_4hidl4base4V1_05IBaseEEE+12)
01-01 00:02:24.826 1599 1599 F DEBUG : #11 pc 0002ebcf /system/lib/libhidltransport.so (_ZN7android8hardware27hidl_binder_death_recipient10binderDiedERKNS_2wpINS0_7IBinderEEE+58)
01-01 00:02:24.826 1599 1599 F DEBUG : #12 pc 0000e86b /system/lib/libhwbinder.so (_ZN7android8hardware10BpHwBinder14reportOneDeathERKNS1_8ObituaryE+78)
01-01 00:02:24.826 1599 1599 F DEBUG : #13 pc 0000e7ef /system/lib/libhwbinder.so (_ZN7android8hardware10BpHwBinder12sendObituaryEv+100)
01-01 00:02:24.826 1599 1599 F DEBUG : #14 pc 00010535 /system/lib/libhwbinder.so (_ZN7android8hardware14IPCThreadState14executeCommandEi+648)
01-01 00:02:24.826 1599 1599 F DEBUG : #15 pc 000101b1 /system/lib/libhwbinder.so (_ZN7android8hardware14IPCThreadState20getAndExecuteCommandEv+112)
01-01 00:02:24.826 1599 1599 F DEBUG : #16 pc 0001073f /system/lib/libhwbinder.so (_ZN7android8hardware14IPCThreadState14joinThreadPoolEb+38)
01-01 00:02:24.826 1599 1599 F DEBUG : #17 pc 00016e69 /system/lib/libhwbinder.so (_ZN7android8hardware10PoolThread10threadLoopEv+12)
01-01 00:02:24.826 1599 1599 F DEBUG : #18 pc 0000d39d /system/lib/libutils.so (_ZN7android6Thread11_threadLoopEPv+144)
01-01 00:02:24.826 1599 1599 F DEBUG : #19 pc 00047dbf /system/lib/libc.so (_ZL15__pthread_startPv+22)
01-01 00:02:24.826 1599 1599 F DEBUG : #20 pc 0001af7f /system/lib/libc.so (__start_thread+32)
01-01 00:02:25.017 328 491 W NativeCrashListener: Couldn't find ProcessRecord for pid 224
01-01 00:02:25.017 253 253 E /system/bin/tombstoned: Tombstone written to: /data/tombstones//tombstone_01
01-01 00:02:25.020 328 348 I BootReceiver: Copying /data/tombstones/tombstone_01 to DropBox (SYSTEM_TOMBSTONE)
01-01 00:02:25.080 1388 1401 W CameraBase: Camera service died!
01-01 00:02:25.081 1275 1290 W CameraBase: Camera service died!
01-01 00:02:25.081 152 152 I ServiceManager: service 'media.camera' died
01-01 00:02:25.081 1275 1290 W CameraBase: mediaserver's remote binder Camera object died
01-01 00:02:25.081 1275 1560 E Camera : Error 100
01-01 00:02:25.081 1275 1560 E RequestThread-0: Received error 100 from the Camera1 ErrorCallback
01-01 00:02:25.082 233 1442 D NuPlayerDriver: reset(0xb3b322a0) at state 4
01-01 00:02:25.082 233 1442 D NuPlayerDriver: notifyListener_l(0xb3b322a0), (8, 0, 0, -1), loop setting(0, 0)
01-01 00:02:25.089 233 1446 D NuPlayerDriver: reset(0xb2230690) at state 4
01-01 00:02:25.089 233 1446 D NuPlayerDriver: notifyListener_l(0xb2230690), (8, 0, 0, -1), loop setting(0, 0)
01-01 00:02:25.089 233 1568 D NuPlayerDriver: notifyResetComplete(0xb2230690)
01-01 00:02:25.089 233 1562 D NuPlayerDriver: notifyResetComplete(0xb3b322a0)
01-01 00:02:25.090 233 1442 D NuPlayerDriver: reset(0xb3b321c0) at state 4
01-01 00:02:25.090 233 1442 D NuPlayerDriver: notifyListener_l(0xb3b321c0), (8, 0, 0, -1), loop setting(0, 0)
01-01 00:02:25.090 233 1566 D NuPlayerDriver: notifyResetComplete(0xb3b321c0)
01-01 00:02:25.141 328 338 I zygote : Background concurrent copying GC freed 8832(993KB) AllocSpace objects, 33(3MB) LOS objects, 42% free, 4MB/8MB, paused 337us total 111.242ms
01-01 00:02:25.455 1606 1606 I cameraserver: ServiceManager: 0xb2897560
01-01 00:02:25.455 1606 1606 I CameraService: CameraService started (pid=1606)
01-01 00:02:25.455 1606 1606 I CameraService: CameraService process starting
