01-01 00:02:17.007 173 173 I chatty : uid=1000(system) allocator@1.0-s identical 6 lines
01-01 00:02:17.007 173 173 W /system/bin/hw/android.hidl.allocator@1.0-service: ashmem_create_region(32768) returning hidl_memory(0xb4b98820, 32768)
01-01 00:02:17.021 1275 1522 I vndksupport: sphal namespace is not configured for this process. Loading /vendor/lib/hw/gralloc.jacinto6.so from the current namespace instead.
01-01 00:02:17.029 1275 1522 E IMGSRV : :0: PVRSRVOpenDCDevice: Error - 138 returned
01-01 00:02:17.061 173 173 W /system/bin/hw/android.hidl.allocator@1.0-service: ashmem_create_region(32768) returning hidl_memory(0xb4b98820, 32768)
01-01 00:02:17.070 178 178 E hw-IPCThreadState: binder thread pool (1 threads) starved for 115 ms
01-01 00:02:17.073 173 173 W /system/bin/hw/android.hidl.allocator@1.0-service: ashmem_create_region(32768) returning hidl_memory(0xb4b98820, 32768)
01-01 00:02:17.074 1422 1427 I zygote : After code cache collection, code=0B, data=472B
01-01 00:02:17.074 1422 1427 I zygote : Increasing code cache capacity to 128KB
01-01 00:02:17.075 173 173 W /system/bin/hw/android.hidl.allocator@1.0-service: ashmem_create_region(32768) returning hidl_memory(0xb4b98820, 32768)
01-01 00:02:17.075 173 173 W /system/bin/hw/android.hidl.allocator@1.0-service: ashmem_create_region(32768) returning hidl_memory(0xb4b98820, 32768)
01-01 00:02:17.128 1275 1522 I vndksupport: sphal namespace is not configured for this process. Loading /vendor/lib/hw/gralloc.jacinto6.so from the current namespace instead.
01-01 00:02:17.129 1275 1522 I OpenGLRenderer: Initialized EGL, version 1.4
01-01 00:02:17.129 1275 1522 D OpenGLRenderer: Swap behavior 1
01-01 00:02:17.129 1275 1522 W OpenGLRenderer: Failed to choose config with EGL_SWAP_BEHAVIOR_PRESERVED, retrying without...
01-01 00:02:17.129 1275 1522 D OpenGLRenderer: Swap behavior 0
01-01 00:02:17.173 1275 1516 V CAM_CameraDataAdapter: retrieved photo metadata, number of items: 0
01-01 00:02:17.173 1275 1516 V CAM_CameraDataAdapter: retrieved video metadata, number of items: 0
01-01 00:02:17.173 1275 1516 V CAM_CameraDataAdapter: sorting video/photo metadata
01-01 00:02:17.177 1275 1516 V CAM_CameraDataAdapter: sorted video/photo metadata
01-01 00:02:17.236 1422 1433 I zygote : Background concurrent copying GC freed 1149(136KB) AllocSpace objects, 1(20KB) LOS objects, 66% free, 772KB/2MB, paused 245us total 111.185ms
01-01 00:02:17.239 1422 1526 D OpenGLRenderer: HWUI GL Pipeline
01-01 00:02:17.240 178 178 E hw-IPCThreadState: binder thread pool (1 threads) starved for 170 ms
01-01 00:02:17.302 1422 1526 I vndksupport: sphal namespace is not configured for this process. Loading /vendor/lib/hw/gralloc.jacinto6.so from the current namespace instead.
01-01 00:02:17.312 1422 1526 E IMGSRV : :0: PVRSRVOpenDCDevice: Error - 138 returned
01-01 00:02:17.316 1422 1526 I vndksupport: sphal namespace is not configured for this process. Loading /vendor/lib/hw/gralloc.jacinto6.so from the current namespace instead.
01-01 00:02:17.317 1422 1526 I OpenGLRenderer: Initialized EGL, version 1.4
01-01 00:02:17.317 1422 1526 D OpenGLRenderer: Swap behavior 1
01-01 00:02:17.317 1422 1526 W OpenGLRenderer: Failed to choose config with EGL_SWAP_BEHAVIOR_PRESERVED, retrying without...
01-01 00:02:17.317 1422 1526 D OpenGLRenderer: Swap behavior 0
01-01 00:02:17.322 1275 1517 D CAM_MemoryQuery: timestamp=136853, availMem=1133, totalMem=1497, totalPSS=14, lastTrimLevel=0, largeMemoryClass=16, nativePSS=3, dalvikPSS=1, otherPSS=9,threshold=144, lowMemory=false
01-01 00:02:17.370 1275 1522 I vndksupport: sphal namespace is not configured for this process. Loading /vendor/lib/hw/gralloc.jacinto6.so from the current namespace instead.
01-01 00:02:17.413 1275 1275 V CAM_CameraDataAdapter: new photos query return num items: 0
01-01 00:02:17.430 1275 1275 V CAM_QuickActivity: START onDestroy: Activity = com.android.camera.CameraActivity@3f39598
01-01 00:02:17.433 1275 1275 V CAM_QuickActivity: END onDestroy: Activity = com.android.camera.CameraActivity@3f39598
01-01 00:02:17.467 1422 1526 I vndksupport: sphal namespace is not configured for this process. Loading /vendor/lib/hw/gralloc.jacinto6.so from the current namespace instead.
01-01 00:02:17.546 328 351 I ActivityManager: Displayed com.android.packageinstaller/.permission.ui.GrantPermissionsActivity: +610ms (total +1s491ms)
01-01 00:02:19.652 328 472 E TaskPersister: File error accessing recents directory (directory doesn't exist?).
01-01 00:02:20.923 222 222 W APM_AudioPolicyManager: getOutput() could not find output for stream 1, samplingRate 0,format 0, channels 3, flags 0
01-01 00:02:20.923 222 222 W APM_AudioPolicyManager: getOutput() could not find output for stream 1, samplingRate 0,format 0, channels 3, flags 0
01-01 00:02:20.924 222 222 W APM_AudioPolicyManager: getOutput() could not find output for stream 1, samplingRate 48000,format 1, channels 3, flags 4
01-01 00:02:20.924 328 458 E AudioTrack: Could not get audio output for session 65, stream type -1, usage 13, sample rate 48000, format 0x1, channel mask 0x3, flags 0x4
01-01 00:02:20.926 328 458 E SoundPool: Error creating AudioTrack
01-01 00:02:20.954 1275 1275 V CAM_PermissionsActivity: onPermissionsResult counts: 1:1
01-01 00:02:20.978 328 733 I ActivityManager: START u0 {cmp=com.android.camera2/com.android.camera.CameraActivity} from uid 10042
01-01 00:02:21.020 1422 1526 D OpenGLRenderer: endAllActiveAnimators on 0x95164a00 (RippleDrawable) with handle 0x942644f0
01-01 00:02:21.052 1275 1275 V CAM_QuickActivity: START onCreate: Activity = com.android.camera.CameraActivity@e2b70bd
01-01 00:02:21.052 1275 1275 V CAM_Profiler: [ 0.000ms][ui] GUARD: CameraActivity.onCreateTasks - START
01-01 00:02:21.052 1275 1275 D CAM_LocationManager: Using legacy location provider.
01-01 00:02:21.057 1275 1275 W SoundPool: Use of stream types is deprecated for operations other than volume control
01-01 00:02:21.057 1275 1275 W SoundPool: See the documentation of SoundPool() for what to use instead with android.media.AudioAttributes to qualify your playback use case
01-01 00:02:21.057 1275 1275 I CAM_OneCamFtrCnfgCrtr: CaptureModule? true
01-01 00:02:21.062 1275 1275 V CAM_Profiler: [ 6.334ms][ui] GUARD: CameraActivity.onCreateTasks - [ 0.013ms] Glide.setup
01-01 00:02:21.063 1275 1275 V CAM_Profiler: [ 10.577ms][ui] GUARD: CameraActivity.onCreateTasks - [ 4.244ms] OneCameraManager.get
01-01 00:02:21.070 176 1495 D CameraHal: (aa77f970) + hardware/ti/dra7xx/camera/CameraProperties.cpp:67 initialize - ENTER
01-01 00:02:21.070 176 1495 D CameraHal: (aa77f970) - hardware/ti/dra7xx/camera/CameraProperties.cpp:67 initialize - EXIT
01-01 00:02:21.070 176 1495 D CameraHal: (aa77f970) + hardware/ti/dra7xx/camera/CameraParameters.cpp:152 getProperties - ENTER
01-01 00:02:21.070 176 1495 D CameraHal: (aa77f970) - hardware/ti/dra7xx/camera/CameraParameters.cpp:163 getProperties - EXIT
01-01 00:02:21.072 176 1495 D CameraHal: (aa77f970) + hardware/ti/dra7xx/camera/CameraProperties.cpp:67 initialize - ENTER
01-01 00:02:21.072 176 1495 D CameraHal: (aa77f970) - hardware/ti/dra7xx/camera/CameraProperties.cpp:67 initialize - EXIT
01-01 00:02:21.072 176 1495 D CameraHal: (aa77f970) + hardware/ti/dra7xx/camera/CameraParameters.cpp:152 getProperties - ENTER
01-01 00:02:21.072 176 1495 D CameraHal: (aa77f970) - hardware/ti/dra7xx/camera/CameraParameters.cpp:163 getProperties - EXIT
01-01 00:02:21.087 1275 1275 V CAM_Profiler: [ 27.559ms][ui] GUARD: CameraActivity.onCreateTasks - [ 7.764ms] computePictureSizes
01-01 00:02:21.101 153 153 W /system/bin/hwservicemanager: getTransportFromManifest: Cannot find entry android.hardware.media.omx@1.0::IOmx in either framework or device manifest, using default transport.
01-01 00:02:21.104 1275 1541 I OMXClient: Treble IOmx obtained
01-01 00:02:21.107 237 535 I OMXMaster: makeComponentInstance(OMX.google.vorbis.decoder) in omx@1.0-service process
01-01 00:02:21.117 237 574 E OMXNodeInstance: getConfig(0xac1a3560:google.vorbis.decoder, ConfigAndroidVendorExtension(0x6f100004)) ERROR: Undefined(0x80001001)
01-01 00:02:21.121 173 173 W /system/bin/hw/android.hidl.allocator@1.0-service: ashmem_create_region(32768) returning hidl_memory(0xb4b98820, 32768)
01-01 00:02:21.179 173 173 I chatty : uid=1000(system) allocator@1.0-s identical 10 lines
01-01 00:02:21.180 173 173 W /system/bin/hw/android.hidl.allocator@1.0-service: ashmem_create_region(32768) returning hidl_memory(0xb4b98820, 32768)
01-01 00:02:21.182 1275 1275 I CAM_Profiler: [129.325ms][ui] GUARD: CameraActivity.onCreateTasks - [92.923ms] setContentView()
01-01 00:02:21.196 1275 1275 V CAM_Profiler: [140.002ms][ui] GUARD: CameraActivity.onCreateTasks - [10.676ms] Configure Camera UI
01-01 00:02:21.198 1275 1275 V CAM_CameraController: Closing camera
01-01 00:02:21.198 1275 1477 W CAM2PORT_AndCamAgntImp: Releasing camera without any camera opened.
01-01 00:02:21.198 1275 1275 V CAM_ModulesInfo: EnableCaptureModule = true
01-01 00:02:21.199 1275 1275 V CAM_Profiler: [ 0.000ms][ui] GUARD: new CaptureModule - START
01-01 00:02:21.201 1275 1275 V CAM_Profiler: [ 2.480ms][ui] GUARD: new CaptureModule - STOP
01-01 00:02:21.202 1275 1275 V CAM_SettingsManager: listeners: [com.android.camera.app.CameraAppUI@e2133a6]
01-01 00:02:21.203 1275 1275 V CAM_SettingsManager: listeners: [com.android.camera.app.CameraAppUI@e2133a6, com.android.camera.ButtonManager@3982194]
01-01 00:02:21.203 1275 1275 V CAM_SettingsManager: listeners: [com.android.camera.app.CameraAppUI@e2133a6, com.android.camera.ButtonManager@3982194, com.android.camera.widget.IndicatorIconController@91ce432]
01-01 00:02:21.203 1275 1275 V CAM_Profiler: [151.064ms][ui] GUARD: CameraActivity.onCreateTasks - [ 1.692ms] Init Current Module UI
01-01 00:02:21.203 1275 1275 V CAM_Profiler: [ 0.000ms][ui] GUARD: CaptureModule.init - START
01-01 00:02:21.204 1275 1275 D CAM_CaptureModule: init UseAutotransformUiLayout = false
01-01 00:02:21.206 1275 1275 D CAM_Camera2OneCamMgr: Getting First BACK Camera
01-01 00:02:21.208 176 1495 D CameraHal: (aa77f970) + hardware/ti/dra7xx/camera/CameraProperties.cpp:67 initialize - ENTER
01-01 00:02:21.208 176 1495 D CameraHal: (aa77f970) - hardware/ti/dra7xx/camera/CameraProperties.cpp:67 initialize - EXIT
01-01 00:02:21.208 176 1495 D CameraHal: (aa77f970) + hardware/ti/dra7xx/camera/CameraParameters.cpp:152 getProperties - ENTER
01-01 00:02:21.208 176 1495 D CameraHal: (aa77f970) - hardware/ti/dra7xx/camera/CameraParameters.cpp:163 getProperties - EXIT
01-01 00:02:21.209 1275 1275 E Camera : str: 30000,30000
01-01 00:02:21.213 1275 1275 W LegacyMetadataMapper: No AWB modes supported (HAL bug); defaulting to AWB_MODE_AUTO only
01-01 00:02:21.218 176 1495 D CameraHal: (aa77f970) + hardware/ti/dra7xx/camera/CameraProperties.cpp:67 initialize - ENTER
01-01 00:02:21.218 176 1495 D CameraHal: (aa77f970) - hardware/ti/dra7xx/camera/CameraProperties.cpp:67 initialize - EXIT
01-01 00:02:21.218 176 1495 D CameraHal: (aa77f970) + hardware/ti/dra7xx/camera/CameraParameters.cpp:152 getProperties - ENTER
01-01 00:02:21.218 176 1495 D CameraHal: (aa77f970) - hardware/ti/dra7xx/camera/CameraParameters.cpp:163 getProperties - EXIT
01-01 00:02:21.219 1275 1275 E Camera : str: 30000,30000
01-01 00:02:21.220 1275 1275 W LegacyMetadataMapper: No AWB modes supported (HAL bug); defaulting to AWB_MODE_AUTO only
01-01 00:02:21.230 1275 1275 W SoundPool: Use of stream types is deprecated for operations other than volume control
01-01 00:02:21.230 1275 1275 W SoundPool: See the documentation of SoundPool() for what to use instead with android.media.AudioAttributes to qualify your playback use case
01-01 00:02:21.233 1275 1275 I CAM_Profiler: [ 29.490ms][ui] GUARD: CaptureModule.init - STOP
01-01 00:02:21.233 1275 1275 I CAM_Profiler: [181.184ms][ui] GUARD: CameraActivity.onCreateTasks - [30.120ms] Init CurrentModule
01-01 00:02:21.241 1275 1275 I CAM_Profiler: [188.386ms][ui] GUARD: CameraActivity.onCreateTasks - STOP
01-01 00:02:21.241 1275 1275 V CAM_QuickActivity: END onCreate: Activity = com.android.camera.CameraActivity@e2b70bd
01-01 00:02:21.249 1275 1275 V CAM_QuickActivity: START onStart: Activity = com.android.camera.CameraActivity@e2b70bd
01-01 00:02:21.278 1275 1275 V CAM_QuickActivity: END onStart: Activity = com.android.camera.CameraActivity@e2b70bd
01-01 00:02:21.280 1275 1275 V CAM_QuickActivity: START onResume: Activity = com.android.camera.CameraActivity@e2b70bd
01-01 00:02:21.280 1275 1275 V CAM_QuickActivity: onResume(): isKeyguardLocked() = false
01-01 00:02:21.280 1275 1275 V CAM_QuickActivity: onResume --> onResumeTasks()
01-01 00:02:21.299 153 153 W /system/bin/hwservicemanager: getTransportFromManifest: Cannot find entry android.hardware.media.omx@1.0::IOmx in either framework or device manifest, using default transport.
01-01 00:02:21.301 1275 1549 I OMXClient: Treble IOmx obtained
01-01 00:02:21.303 237 574 I OMXMaster: makeComponentInstance(OMX.google.vorbis.decoder) in omx@1.0-service process
01-01 00:02:21.306 237 574 E OMXNodeInstance: getConfig(0xac1a35c0:google.vorbis.decoder, ConfigAndroidVendorExtension(0x6f100004)) ERROR: Undefined(0x80001001)
01-01 00:02:21.310 173 173 W /system/bin/hw/android.hidl.allocator@1.0-service: ashmem_create_region(32768) returning hidl_memory(0xb4b98820, 32768)
01-01 00:02:21.324 173 173 I chatty : uid=1000(system) allocator@1.0-s identical 6 lines
01-01 00:02:21.325 173 173 W /system/bin/hw/android.hidl.allocator@1.0-service: ashmem_create_region(32768) returning hidl_memory(0xb4b98820, 32768)
01-01 00:02:21.336 1275 1275 V CAM_QuickActivity: END onResume: Activity = com.android.camera.CameraActivity@e2b70bd
01-01 00:02:21.377 153 153 W /system/bin/hwservicemanager: getTransportFromManifest: Cannot find entry android.hardware.media.omx@1.0::IOmx in either framework or device manifest, using default transport.
01-01 00:02:21.389 1275 1552 I OMXClient: Treble IOmx obtained
01-01 00:02:21.392 237 535 I OMXMaster: makeComponentInstance(OMX.google.vorbis.decoder) in omx@1.0-service process
01-01 00:02:21.409 237 574 E OMXNodeInstance: getConfig(0xac1a3380:google.vorbis.decoder, ConfigAndroidVendorExtension(0x6f100004)) ERROR: Undefined(0x80001001)
01-01 00:02:21.437 173 173 W /system/bin/hw/android.hidl.allocator@1.0-service: ashmem_create_region(32768) returning hidl_memory(0xb4b98820, 32768)
01-01 00:02:21.445 173 173 I chatty : uid=1000(system) allocator@1.0-s identical 6 lines
01-01 00:02:21.448 173 173 W /system/bin/hw/android.hidl.allocator@1.0-service: ashmem_create_region(32768) returning hidl_memory(0xb4b98820, 32768)
01-01 00:02:21.457 184 184 D SurfaceFlinger: duplicate layer name: changing com.android.camera2/com.android.camera.CameraActivity to com.android.camera2/com.android.camera.CameraActivity#1
01-01 00:02:21.465 173 173 W /system/bin/hw/android.hidl.allocator@1.0-service: ashmem_create_region(32768) returning hidl_memory(0xb4b98820, 32768)
01-01 00:02:21.525 173 173 I chatty : uid=1000(system) allocator@1.0-s identical 6 lines
01-01 00:02:21.528 173 173 W /system/bin/hw/android.hidl.allocator@1.0-service: ashmem_create_region(32768) returning hidl_memory(0xb4b98820, 32768)
01-01 00:02:21.535 1275 1516 V CAM_CameraDataAdapter: retrieved photo metadata, number of items: 0
01-01 00:02:21.550 1275 1516 V CAM_CameraDataAdapter: retrieved video metadata, number of items: 0
01-01 00:02:21.550 1275 1516 V CAM_CameraDataAdapter: sorting video/photo metadata
01-01 00:02:21.550 1275 1516 V CAM_CameraDataAdapter: sorted video/photo metadata
01-01 00:02:21.574 1275 1275 V CAM_TexViewHelper: onLayoutChange
01-01 00:02:21.577 1275 1275 V CAM_TexViewHelper: updateTransform
01-01 00:02:21.577 1275 1275 V CAM_TexViewHelper: setAspectRatio: 0.0
01-01 00:02:21.577 1275 1275 D CAM_CaptureModule: updatePreviewTransform: 1208 x 800
01-01 00:02:21.581 1275 1275 V CAM_TexViewHelper: setAspectRatio: NaN
01-01 00:02:21.581 1275 1275 V CAM_TexViewHelper: aspect ratio changed from: 0.0
01-01 00:02:21.622 1275 1287 I zygote : Background concurrent copying GC freed 13320(1168KB) AllocSpace objects, 1(20KB) LOS objects, 49% free, 1701KB/3MB, paused 230us total 386.387ms
01-01 00:02:21.706 1275 1275 V CAM_TexViewHelper: updateTransform
01-01 00:02:21.706 1275 1275 V CAM_CameraAppUI: SurfaceTexture is available
01-01 00:02:21.706 1275 1275 D CAM_CaptureModule: onSurfaceTextureAvailable
01-01 00:02:21.706 1275 1275 D CAM_CaptureModule: updatePreviewTransform: 1208 x 800
01-01 00:02:21.713 1275 1275 V CAM_TexViewHelper: setAspectRatio: NaN
01-01 00:02:21.713 1275 1275 V CAM_TexViewHelper: aspect ratio changed from: NaN
01-01 00:02:21.713 1275 1275 I CAM_FocusRingView: Computing center via view bounds.
01-01 00:02:21.747 1275 1517 D CAM_MemoryQuery: timestamp=141245, availMem=1120, totalMem=1497, totalPSS=23, lastTrimLevel=0, largeMemoryClass=16, nativePSS=6, dalvikPSS=1, otherPSS=15,threshold=144, lowMemory=false
01-01 00:02:21.756 328 351 I ActivityManager: Displayed com.android.camera2/com.android.camera.CameraActivity: +703ms
01-01 00:02:21.822 1275 1275 V CAM_CameraDataAdapter: new photos query return num items: 0
01-01 00:02:22.094 1275 1275 V CAM_QuickActivity: START onStop: Activity = com.android.camera.PermissionsActivity@6fdee11
01-01 00:02:22.095 1275 1275 V CAM_QuickActivity: END onStop: Activity = com.android.camera.PermissionsActivity@6fdee11
01-01 00:02:22.095 1275 1275 V CAM_QuickActivity: START onDestroy: Activity = com.android.camera.PermissionsActivity@6fdee11
01-01 00:02:22.095 1275 1275 V CAM_PermissionsActivity: onDestroy: unregistering receivers
01-01 00:02:22.095 1275 1275 V CAM_QuickActivity: END onDestroy: Activity = com.android.camera.PermissionsActivity@6fdee11
01-01 00:02:23.035 222 222 W APM_AudioPolicyManager: getOutput() could not find output for stream 1, samplingRate 0,format 0, channels 3, flags 0
01-01 00:02:23.035 222 222 W APM_AudioPolicyManager: getOutput() could not find output for stream 1, samplingRate 0,format 0, channels 3, flags 0
01-01 00:02:23.035 222 222 W APM_AudioPolicyManager: getOutput() could not find output for stream 1, samplingRate 48000,format 1, channels 3, flags 4
01-01 00:02:23.035 328 458 E AudioTrack: Could not get audio output for session 73, stream type -1, usage 13, sample rate 48000, format 0x1, channel mask 0x3, flags 0x4
01-01 00:02:23.037 328 458 E SoundPool: Error creating AudioTrack
01-01 00:02:23.062 1275 1275 V CAM_Profiler: [ 0.000ms][ui] GUARD: CameraActivity.resume - START
01-01 00:02:23.062 1275 1275 V CAM_CameraActivity: Build info: full_jacinto6evm-userdebug 8.0.0 OPR6.170623.013 eng.rtrk.20171202.204823 test-keys
01-01 00:02:23.067 1275 1275 W OrientationEventListener: Cannot detect sensors. Not enabled
01-01 00:02:23.067 1275 1275 V CAM_Profiler: [ 0.000ms][ui] GUARD: CaptureModule.resume - START
01-01 00:02:23.068 1275 1275 V CAM_Profiler: [ 0.620ms][ui] GUARD: CaptureModule.resume - [ 0.030ms] getRemoteShutterListener.onModuleReady
01-01 00:02:23.069 1275 1275 V CAM_Profiler: [ 1.733ms][ui] GUARD: CaptureModule.resume - [ 0.246ms] initSurfaceTextureConsumer
01-01 00:02:23.070 1275 1516 V CAM_Profiler: [ 0.000ms] GUARD: CaptureModule.closeCamera() - START
01-01 00:02:23.070 1275 1516 V CAM_Profiler: [ 0.348ms] GUARD: CaptureModule.closeCamera() - [ 0.348ms] mCameraOpenCloseLock.acquire()
01-01 00:02:23.070 1275 1275 V CAM_Profiler: [ 2.755ms][ui] GUARD: CaptureModule.resume - [ 0.023ms] mHeadingSensor.activate()
01-01 00:02:23.070 1275 1275 V CAM_Profiler: [ 2.755ms][ui] GUARD: CaptureModule.resume - STOP
01-01 00:02:23.070 1275 1516 V CAM_Profiler: [ 0.603ms] GUARD: CaptureModule.closeCamera() - STOP
01-01 00:02:23.071 1275 1516 V CAM_Profiler: [ 0.000ms] GUARD: CaptureModule.openCameraAndStartPreview() - START
01-01 00:02:23.071 1275 1275 V CAM_Profiler: [ 8.955ms][ui] GUARD: CameraActivity.resume - [ 3.305ms] mCurrentModule.resume
01-01 00:02:23.071 1275 1516 V CAM_Profiler: [ 0.203ms] GUARD: CaptureModule.openCameraAndStartPreview() - [ 0.203ms] Acquired mCameraOpenCloseLock
01-01 00:02:23.072 1275 1275 V CAM_Profiler: [ 9.799ms][ui] GUARD: CameraActivity.resume - [ 0.023ms] mPanoramaViewHelper.onResume()
01-01 00:02:23.072 1275 1275 V CAM_LcyLocProvider: starting location updates
01-01 00:02:23.075 1275 1516 D CAM_Camera2OneCamMgr: Getting First BACK Camera
01-01 00:02:23.077 176 1495 D CameraHal: (aa77f970) + hardware/ti/dra7xx/camera/CameraProperties.cpp:67 initialize - ENTER
01-01 00:02:23.077 176 1495 D CameraHal: (aa77f970) - hardware/ti/dra7xx/camera/CameraProperties.cpp:67 initialize - EXIT
01-01 00:02:23.077 176 1495 D CameraHal: (aa77f970) + hardware/ti/dra7xx/camera/CameraParameters.cpp:152 getProperties - ENTER
01-01 00:02:23.077 176 1495 D CameraHal: (aa77f970) - hardware/ti/dra7xx/camera/CameraParameters.cpp:163 getProperties - EXIT
01-01 00:02:23.077 1275 1275 D CAM_LcyLocProvider: provider does not exist provider doesn't exist: network
01-01 00:02:23.078 1275 1275 D CAM_LcyLocProvider: provider does not exist provider doesn't exist: gps
01-01 00:02:23.078 1275 1275 D CAM_LcyLocProvider: startReceivingLocationUpdates
01-01 00:02:23.079 1275 1275 I CAM_Profiler: [ 16.954ms][ui] GUARD: CameraActivity.resume - STOP
01-01 00:02:23.087 1275 1275 V CAM_FocusController: configurePreviewDimensions(RectF(NaN, NaN, NaN, NaN))
01-01 00:02:23.087 1275 1275 I CAM_FocusRingView: Computing center via view bounds.
01-01 00:02:23.092 1275 1517 D CAM_Storage: External storage state=mounted
01-01 00:02:23.101 1275 1275 V CAM_CameraActivity: ignoring storage callback after activity pause
01-01 00:02:23.116 1275 1516 E Camera : str: 30000,30000
01-01 00:02:23.118 1275 1516 W LegacyMetadataMapper: No AWB modes supported (HAL bug); defaulting to AWB_MODE_AUTO only
01-01 00:02:23.126 1275 1516 I CAM_OneCamera1Opnr: Opening Camera: CameraId{Api2='0',Api1:0}
01-01 00:02:23.126 1275 1516 V CAM_ActvCamDevTrckr: Tracking active camera: null
01-01 00:02:23.128 176 1495 D CameraHal: (aa77f970) + hardware/ti/dra7xx/camera/CameraProperties.cpp:67 initialize - ENTER
01-01 00:02:23.128 176 1495 D CameraHal: (aa77f970) - hardware/ti/dra7xx/camera/CameraProperties.cpp:67 initialize - EXIT
01-01 00:02:23.128 176 1495 D CameraHal: (aa77f970) + hardware/ti/dra7xx/camera/CameraParameters.cpp:152 getProperties - ENTER
01-01 00:02:23.128 176 1495 D CameraHal: (aa77f970) - hardware/ti/dra7xx/camera/CameraParameters.cpp:163 getProperties - EXIT
01-01 00:02:23.130 1275 1516 E Camera : str: 30000,30000
01-01 00:02:23.131 1275 1516 W LegacyMetadataMapper: No AWB modes supported (HAL bug); defaulting to AWB_MODE_AUTO only
01-01 00:02:23.139 153 153 W /system/bin/hwservicemanager: getTransportFromManifest: Cannot find entry android.hardware.media.omx@1.0::IOmx in either framework or device manifest, using default transport.
01-01 00:02:23.139 1275 1516 I CameraManager: Using legacy camera HAL.
01-01 00:02:23.142 224 320 I CameraService: CameraService::connect call (PID -1 "com.android.camera2", camera ID 0) for HAL version default and Camera API version 1
01-01 00:02:23.144 176 1495 D CameraHal: (aa77f970) + hardware/ti/dra7xx/camera/CameraProperties.cpp:67 initialize - ENTER
01-01 00:02:23.144 176 1495 D CameraHal: (aa77f970) - hardware/ti/dra7xx/camera/CameraProperties.cpp:67 initialize - EXIT
01-01 00:02:23.144 176 1495 D CameraHal: (aa77f970) + hardware/ti/dra7xx/camera/CameraParameters.cpp:152 getProperties - ENTER
01-01 00:02:23.144 176 1495 D CameraHal: (aa77f970) - hardware/ti/dra7xx/camera/CameraParameters.cpp:163 getProperties - EXIT
01-01 00:02:23.145 233 1443 D NuPlayerDriver: NuPlayerDriver(0xb3b322a0) created, clientPid(224)
01-01 00:02:23.148 153 153 W /system/bin/hwservicemanager: getTransportFromManifest: Cannot find entry android.hardware.media.omx@1.0::IOmx in either framework or device manifest, using default transport.
01-01 00:02:23.151 1275 1559 I OMXClient: Treble IOmx obtained
01-01 00:02:23.153 237 574 I OMXMaster: makeComponentInstance(OMX.google.vorbis.decoder) in omx@1.0-service process
01-01 00:02:23.160 237 535 E OMXNodeInstance: getConfig(0xac1a3380:google.vorbis.decoder, ConfigAndroidVendorExtension(0x6f100004)) ERROR: Undefined(0x80001001)
01-01 00:02:23.164 173 173 W /system/bin/hw/android.hidl.allocator@1.0-service: ashmem_create_region(32768) returning hidl_memory(0xb4b98820, 32768)
01-01 00:02:23.172 173 173 I chatty : uid=1000(system) allocator@1.0-s identical 6 lines
01-01 00:02:23.173 173 173 W /system/bin/hw/android.hidl.allocator@1.0-service: ashmem_create_region(32768) returning hidl_memory(0xb4b98820, 32768)
01-01 00:02:23.174 233 1562 D NuPlayerDriver: notifyListener_l(0xb3b322a0), (1, 0, 0, -1), loop setting(0, 0)
01-01 00:02:23.175 233 1443 D NuPlayerDriver: NuPlayerDriver(0xb3b321c0) created, clientPid(224)
01-01 00:02:23.176 153 153 W /system/bin/hwservicemanager: getTransportFromManifest: Cannot find entry android.hardware.media.omx@1.0::IOmx in either framework or device manifest, using default transport.
01-01 00:02:23.190 173 173 W /system/bin/hw/android.hidl.allocator@1.0-service: ashmem_create_region(32768) returning hidl_memory(0xb4b98820, 32768)
01-01 00:02:23.194 173 173 I chatty : uid=1000(system) allocator@1.0-s identical 2 lines
01-01 00:02:23.195 173 173 W /system/bin/hw/android.hidl.allocator@1.0-service: ashmem_create_region(32768) returning hidl_memory(0xb4b98820, 32768)
01-01 00:02:23.205 233 1566 D NuPlayerDriver: notifyListener_l(0xb3b321c0), (1, 0, 0, -1), loop setting(0, 0)
01-01 00:02:23.207 233 1443 D NuPlayerDriver: NuPlayerDriver(0xb2230690) created, clientPid(224)
01-01 00:02:23.209 153 153 W /system/bin/hwservicemanager: getTransportFromManifest: Cannot find entry android.hardware.media.omx@1.0::IOmx in either framework or device manifest, using default transport.
01-01 00:02:23.236 233 1568 D NuPlayerDriver: notifyListener_l(0xb2230690), (1, 0, 0, -1), loop setting(0, 0)
01-01 00:02:23.237 224 320 I CameraHardwareInterface: Opening camera 0
01-01 00:02:23.238 176 1495 I CamDev@1.0-impl: Opening camera 0
01-01 00:02:23.238 176 1495 D CameraHal: (aa77f970) + hardware/ti/dra7xx/camera/CameraProperties.cpp:67 initialize - ENTER
01-01 00:02:23.238 176 1495 D CameraHal: (aa77f970) - hardware/ti/dra7xx/camera/CameraProperties.cpp:67 initialize - EXIT
01-01 00:02:23.238 176 1495 D CameraHal: (aa77f970) + hardware/ti/dra7xx/camera/CameraParameters.cpp:152 getProperties - ENTER
01-01 00:02:23.238 176 1495 D CameraHal: (aa77f970) - hardware/ti/dra7xx/camera/CameraParameters.cpp:163 getProperties - EXIT
01-01 00:02:23.238 176 1495 E CameraHal: (aa77f970) hardware/ti/dra7xx/camera/CameraHal_Module.cpp:634 camera_device_open - CameraHal_Module: ******************* 1 *******************
01-01 00:02:23.238 176 1495 I CameraHal: (aa77f970) hardware/ti/dra7xx/camera/CameraHal_Module.cpp:638 camera_device_open - camera_device open
01-01 00:02:23.238 176 1495 D CameraHal: (aa77f970) + hardware/ti/dra7xx/camera/CameraProperties.cpp:130 camerasSupported - ENTER
01-01 00:02:23.238 176 1495 D CameraHal: (aa77f970) - hardware/ti/dra7xx/camera/CameraProperties.cpp:130 camerasSupported - EXIT
01-01 00:02:23.238 176 1495 D CameraHal: (aa77f970) + hardware/ti/dra7xx/camera/CameraParameters.cpp:152 getProperties - ENTER
01-01 00:02:23.238 176 1495 D CameraHal: (aa77f970) - hardware/ti/dra7xx/camera/CameraParameters.cpp:163 getProperties - EXIT
01-01 00:02:23.238 176 1495 E CameraHal: (aa77f970) hardware/ti/dra7xx/camera/CameraHal.cpp:131 getSocFamily - '/sys/board_properties/soc/family' Not Available
01-01 00:02:23.238 176 1495 D CameraHal: (aa77f970) + hardware/ti/dra7xx/camera/CameraHal.cpp:3971 CameraHal - ENTER
01-01 00:02:23.238 176 1495 D CameraHal: (aa77f970) - hardware/ti/dra7xx/camera/CameraHal.cpp:4047 CameraHal - EXIT
01-01 00:02:23.238 176 1495 D CameraHal: (aa77f970) + hardware/ti/dra7xx/camera/CameraHal.cpp:4107 initialize - ENTER
01-01 00:02:23.238 176 1495 D CameraHal: (aa77f970) hardware/ti/dra7xx/camera/CameraParameters.cpp:214 dump - ================================
01-01 00:02:23.238 176 1495 D CameraHal: (aa77f970) hardware/ti/dra7xx/camera/CameraParameters.cpp:215 dump - Dumping properties for camera: 0
01-01 00:02:23.238 176 1495 D CameraHal: (aa77f970) hardware/ti/dra7xx/camera/CameraParameters.cpp:220 dump - prop-antibanding-values = auto
01-01 00:02:23.238 176 1495 D CameraHal: (aa77f970) hardware/ti/dra7xx/camera/CameraParameters.cpp:220 dump - prop-camera-name = USBCAMERA
01-01 00:02:23.238 176 1495 D CameraHal: (aa77f970) hardware/ti/dra7xx/camera/CameraParameters.cpp:220 dump - prop-effect-values = none
01-01 00:02:23.238 176 1495 D CameraHal: (aa77f970) hardware/ti/dra7xx/camera/CameraParameters.cpp:220 dump - prop-exposure-mode-values = auto
01-01 00:02:23.238 176 1495 D CameraHal: (aa77f970) hardware/ti/dra7xx/camera/CameraParameters.cpp:220 dump - prop-facing = back
01-01 00:02:23.238 176 1495 D CameraHal: (aa77f970) hardware/ti/dra7xx/camera/CameraParameters.cpp:220 dump - prop-flash-mode-values = off
01-01 00:02:23.238 176 1495 D CameraHal: (aa77f970) hardware/ti/dra7xx/camera/CameraParameters.cpp:220 dump - prop-focal-length = 1
01-01 00:02:23.238 176 1495 D CameraHal: (aa77f970) hardware/ti/dra7xx/camera/CameraParameters.cpp:220 dump - prop-focus-mode-default = fixed
01-01 00:02:23.238 176 1495 D CameraHal: (aa77f970) hardware/ti/dra7xx/camera/CameraParameters.cpp:220 dump - prop-focus-mode-values = fixed
01-01 00:02:23.238 176 1495 D CameraHal: (aa77f970) hardware/ti/dra7xx/camera/CameraParameters.cpp:220 dump - prop-framerate-range-default = 30000,30000
01-01 00:02:23.238 176 1495 D CameraHal: (aa77f970) hardware/ti/dra7xx/camera/CameraParameters.cpp:220 dump - prop-framerate-range-values =
01-01 00:02:23.238 176 1495 D CameraHal: (aa77f970) hardware/ti/dra7xx/camera/CameraParameters.cpp:220 dump - prop-horizontal-angle = 170
01-01 00:02:23.238 176 1495 D CameraHal: (aa77f970) hardware/ti/dra7xx/camera/CameraParameters.cpp:220 dump - prop-ipp-values = ldc-nsf
01-01 00:02:23.239 176 1495 D CameraHal: (aa77f970) hardware/ti/dra7xx/camera/CameraParameters.cpp:220 dump - prop-iso-mode-values = auto
01-01 00:02:23.239 176 1495 D CameraHal: (aa77f970) hardware/ti/dra7xx/camera/CameraParameters.cpp:220 dump - prop-jpeg-quality-default = 90
01-01 00:02:23.239 176 1495 D CameraHal: (aa77f970) hardware/ti/dra7xx/camera/CameraParameters.cpp:220 dump - prop-jpeg-thumbnail-quality-default = 50
01-01 00:02:23.239 176 1495 D CameraHal: (aa77f970) hardware/ti/dra7xx/camera/CameraParameters.cpp:220 dump - prop-jpeg-thumbnail-size-default = 320x240
01-01 00:02:23.239 176 1495 D CameraHal: (aa77f970) hardware/ti/dra7xx/camera/CameraParameters.cpp:220 dump - prop-jpeg-thumbnail-size-values = 0x0,320x240
01-01 00:02:23.239 176 1495 D CameraHal: (aa77f970) hardware/ti/dra7xx/camera/CameraParameters.cpp:220 dump - prop-max-fd-hw-faces = 0
01-01 00:02:23.239 176 1495 D CameraHal: (aa77f970) hardware/ti/dra7xx/camera/CameraParameters.cpp:220 dump - prop-orientation = 0
01-01 00:02:23.239 176 1495 D CameraHal: (aa77f970) hardware/ti/dra7xx/camera/CameraParameters.cpp:220 dump - prop-picture-format-default = jpeg
01-01 00:02:23.239 176 1495 D CameraHal: (aa77f970) hardware/ti/dra7xx/camera/CameraParameters.cpp:220 dump - prop-picture-format-values = jpeg
01-01 00:02:23.239 176 1495 D CameraHal: (aa77f970) hardware/ti/dra7xx/camera/CameraParameters.cpp:220 dump - prop-picture-size-default = 1280x720
01-01 00:02:23.239 176 1495 D CameraHal: (aa77f970) hardware/ti/dra7xx/camera/CameraParameters.cpp:220 dump - prop-picture-size-values = 1280x800,1280x720,752x480,640x480,600x400,352x288,320x240
01-01 00:02:23.239 176 1495 D CameraHal: (aa77f970) hardware/ti/dra7xx/camera/CameraParameters.cpp:220 dump - prop-preview-format-default = yuv420sp
01-01 00:02:23.239 176 1495 D CameraHal: (aa77f970) hardware/ti/dra7xx/camera/CameraParameters.cpp:220 dump - prop-preview-format-values = yuv420sp
01-01 00:02:23.239 176 1495 D CameraHal: (aa77f970) hardware/ti/dra7xx/camera/CameraParameters.cpp:220 dump - prop-preview-frame-rate-default = 30
01-01 00:02:23.239 176 1495 D CameraHal: (aa77f970) hardware/ti/dra7xx/camera/CameraParameters.cpp:220 dump - prop-preview-frame-rate-values =
01-01 00:02:23.239 176 1495 D CameraHal: (aa77f970) hardware/ti/dra7xx/camera/CameraParameters.cpp:220 dump - prop-preview-size-default = 1280x720
01-01 00:02:23.239 176 1495 D CameraHal: (aa77f970) hardware/ti/dra7xx/camera/CameraParameters.cpp:220 dump - prop-preview-size-values = 1280x800,1280x720,752x480,640x480,600x400,352x288,320x240
01-01 00:02:23.239 176 1495 D CameraHal: (aa77f970) hardware/ti/dra7xx/camera/CameraParameters.cpp:220 dump - prop-preview-subsampled-size-values = 1280x800,1280x720,752x480,640x480,600x400,352x288,320x240
01-01 00:02:23.239 176 1495 D CameraHal: (aa77f970) hardware/ti/dra7xx/camera/CameraParameters.cpp:220 dump - prop-required-preview-bufs = 8
01-01 00:02:23.239 176 1495 D CameraHal: (aa77f970) hardware/ti/dra7xx/camera/CameraParameters.cpp:220 dump - prop-s3d-prv-frame-layout = none
01-01 00:02:23.239 176 1495 D CameraHal: (aa77f970) hardware/ti/dra7xx/camera/CameraParameters.cpp:220 dump - prop-sensor-index = 0
01-01 00:02:23.239 176 1495 D CameraHal: (aa77f970) hardware/ti/dra7xx/camera/CameraParameters.cpp:220 dump - prop-vertical-angle = 170
01-01 00:02:23.239 176 1495 D CameraHal: (aa77f970) hardware/ti/dra7xx/camera/CameraParameters.cpp:220 dump - prop-vnf-default = false
01-01 00:02:23.239 176 1495 D CameraHal: (aa77f970) hardware/ti/dra7xx/camera/CameraParameters.cpp:220 dump - prop-vstab-default = false
01-01 00:02:23.239 176 1495 D CameraHal: (aa77f970) hardware/ti/dra7xx/camera/CameraParameters.cpp:220 dump - prop-zoom-default = 1
01-01 00:02:23.239 176 1495 D CameraHal: (aa77f970) hardware/ti/dra7xx/camera/CameraParameters.cpp:220 dump - prop-zoom-ratios = 1
01-01 00:02:23.239 176 1495 D CameraHal: (aa77f970) hardware/ti/dra7xx/camera/CameraParameters.cpp:220 dump - prop-zoom-stages = 1
01-01 00:02:23.239 176 1495 D CameraHal: (aa77f970) hardware/ti/dra7xx/camera/CameraParameters.cpp:220 dump - prop-zoom-supported = false
01-01 00:02:23.239 176 1495 D CameraHal: (aa77f970) hardware/ti/dra7xx/camera/CameraParameters.cpp:220 dump - sensor-orientation = 0
01-01 00:02:23.239 176 1495 D CameraHal: (aa77f970) hardware/ti/dra7xx/camera/CameraParameters.cpp:223 dump - --------------------------------
01-01 00:02:23.239 176 1495 D CameraHal: (aa77f970) hardware/ti/dra7xx/camera/CameraHal.cpp:4146 initialize - Sensor index= 0; Sensor name= USBCAMERA
01-01 00:02:23.239 176 1495 D CameraHal: (aa77f970) + hardware/ti/dra7xx/camera/V4LCameraAdapter/V4LCameraAdapter.cpp:1208 V4LCameraAdapter_Factory - ENTER
01-01 00:02:23.239 176 1495 D CameraHal: (aa77f970) + hardware/ti/dra7xx/camera/V4LCameraAdapter/V4LCameraAdapter.cpp:894 V4LCameraAdapter - ENTER
01-01 00:02:23.251 176 1495 E CameraHal: Error while adapter initialization: video capture not supported.
01-01 00:02:23.251 176 1495 E CameraHal: Error while checking driver: Not VPE
01-01 00:02:23.251 176 1495 E CameraHal: Error while adapter initialization: video capture not supported.
01-01 00:02:23.251 176 1495 E CameraHal: Found VPE M2M device /dev/video0!!!
01-01 00:02:23.251 176 1495 D CameraHal: (aa77f970) - hardware/ti/dra7xx/camera/V4LCameraAdapter/V4LCameraAdapter.cpp:912 V4LCameraAdapter - EXIT
01-01 00:02:23.251 176 1495 D CameraHal: (aa77f970) hardware/ti/dra7xx/camera/V4LCameraAdapter/V4LCameraAdapter.cpp:1212 V4LCameraAdapter_Factory - New V4L Camera adapter instance created for sensor 0
01-01 00:02:23.251 176 1495 D CameraHal: (aa77f970) - hardware/ti/dra7xx/camera/V4LCameraAdapter/V4LCameraAdapter.cpp:1217 V4LCameraAdapter_Factory - EXIT
01-01 00:02:23.251 176 1495 D CameraHal: (aa77f970) + hardware/ti/dra7xx/camera/V4LCameraAdapter/V4LCameraAdapter.cpp:305 initialize - ENTER
01-01 00:02:23.251 176 1495 D CameraHal: (aa77f970) - hardware/ti/dra7xx/camera/V4LCameraAdapter/V4LCameraAdapter.cpp:361 initialize - EXIT
01-01 00:02:23.251 176 1495 D CameraHal: (aa77f970) + hardware/ti/dra7xx/camera/BaseCameraAdapter.cpp:126 registerImageReleaseCallback - ENTER
01-01 00:02:23.251 176 1495 D CameraHal: (aa77f970) - hardware/ti/dra7xx/camera/BaseCameraAdapter.cpp:131 registerImageReleaseCallback - EXIT
01-01 00:02:23.251 176 1495 D CameraHal: (aa77f970) + hardware/ti/dra7xx/camera/BaseCameraAdapter.cpp:140 registerEndCaptureCallback - ENTER
01-01 00:02:23.251 176 1495 D CameraHal: (aa77f970) - hardware/ti/dra7xx/camera/BaseCameraAdapter.cpp:145 registerEndCaptureCallback - EXIT
01-01 00:02:23.251 176 1495 D CameraHal: (aa77f970) + hardware/ti/dra7xx/camera/AppCallbackNotifier.cpp:38 initialize - ENTER
01-01 00:02:23.252 176 1495 D CameraHal: (aa77f970) - hardware/ti/dra7xx/camera/AppCallbackNotifier.cpp:70 initialize - EXIT
01-01 00:02:23.252 176 1495 D CameraHal: (aa77f970) + hardware/ti/dra7xx/camera/AppCallbackNotifier.cpp:1257 setEventProvider - ENTER
01-01 00:02:23.252 176 1495 D CameraHal: (aa77f970) + hardware/ti/dra7xx/camera/CameraHalUtilClasses.cpp:87 enableEventNotification - ENTER
01-01 00:02:23.252 176 1495 D CameraHal: (aa77f970) + hardware/ti/dra7xx/camera/BaseCameraAdapter.cpp:176 enableMsgType - ENTER
01-01 00:02:23.252 176 1495 V CameraHal: (aa77f970) hardware/ti/dra7xx/camera/BaseCameraAdapter.cpp:215 enableMsgType - Event message type id=0xffff subscription request
01-01 00:02:23.252 176 1495 D CameraHal: (aa77f970) - hardware/ti/dra7xx/camera/BaseCameraAdapter.cpp:229 enableMsgType - EXIT
01-01 00:02:23.252 176 1495 D CameraHal: (aa77f970) - hardware/ti/dra7xx/camera/CameraHalUtilClasses.cpp:97 enableEventNotification - EXIT
01-01 00:02:23.252 176 1495 D CameraHal: (aa77f970) - hardware/ti/dra7xx/camera/AppCallbackNotifier.cpp:1272 setEventProvider - EXIT
01-01 00:02:23.252 176 1495 D CameraHal: (aa77f970) + hardware/ti/dra7xx/camera/AppCallbackNotifier.cpp:1277 setFrameProvider - ENTER
01-01 00:02:23.252 176 1495 D CameraHal: (aa77f970) + hardware/ti/dra7xx/camera/CameraHalUtilClasses.cpp:33 enableFrameNotification - ENTER
01-01 00:02:23.252 176 1495 D CameraHal: (aa77f970) + hardware/ti/dra7xx/camera/BaseCameraAdapter.cpp:176 enableMsgType - ENTER
01-01 00:02:23.252 176 1495 V CameraHal: (aa77f970) hardware/ti/dra7xx/camera/BaseCameraAdapter.cpp:183 enableMsgType - Frame message type id=0x8 subscription request
01-01 00:02:23.252 176 1495 D CameraHal: (aa77f970) - hardware/ti/dra7xx/camera/BaseCameraAdapter.cpp:229 enableMsgType - EXIT
01-01 00:02:23.252 176 1495 D CameraHal: (aa77f970) - hardware/ti/dra7xx/camera/CameraHalUtilClasses.cpp:43 enableFrameNotification - EXIT
01-01 00:02:23.252 176 1495 D CameraHal: (aa77f970) + hardware/ti/dra7xx/camera/CameraHalUtilClasses.cpp:33 enableFrameNotification - ENTER
01-01 00:02:23.252 176 1495 D CameraHal: (aa77f970) + hardware/ti/dra7xx/camera/BaseCameraAdapter.cpp:176 enableMsgType - ENTER
01-01 00:02:23.252 176 1495 V CameraHal: (aa77f970) hardware/ti/dra7xx/camera/BaseCameraAdapter.cpp:183 enableMsgType - Frame message type id=0x100 subscription request
01-01 00:02:23.252 176 1495 D CameraHal: (aa77f970) - hardware/ti/dra7xx/camera/BaseCameraAdapter.cpp:229 enableMsgType - EXIT
01-01 00:02:23.252 176 1495 D CameraHal: (aa77f970) - hardware/ti/dra7xx/camera/CameraHalUtilClasses.cpp:43 enableFrameNotification - EXIT
01-01 00:02:23.252 176 1495 D CameraHal: (aa77f970) - hardware/ti/dra7xx/camera/AppCallbackNotifier.cpp:1293 setFrameProvider - EXIT
01-01 00:02:23.252 176 1495 D CameraHal: (aa77f970) + hardware/ti/dra7xx/camera/BaseCameraAdapter.cpp:154 setErrorHandler - ENTER
01-01 00:02:23.252 176 1495 D CameraHal: (aa77f970) - hardware/ti/dra7xx/camera/BaseCameraAdapter.cpp:167 setErrorHandler - EXIT
01-01 00:02:23.256 176 1495 D CameraHal: (aa77f970) + hardware/ti/dra7xx/camera/AppCallbackNotifier.cpp:1627 start - ENTER
01-01 00:02:23.256 176 1495 D CameraHal: (aa77f970) hardware/ti/dra7xx/camera/AppCallbackNotifier.cpp:1656 start - --> AppCallbackNotifier NOTIFIER_STARTED
01-01 00:02:23.256 176 1495 D CameraHal: (aa77f970) - hardware/ti/dra7xx/camera/AppCallbackNotifier.cpp:1658 start - EXIT
01-01 00:02:23.256 176 1495 D CameraHal: (aa77f970) hardware/ti/dra7xx/camera/CameraHal.cpp:4215 initialize - Started AppCallbackNotifier..
01-01 00:02:23.256 176 1495 D CameraHal: (aa77f970) + hardware/ti/dra7xx/camera/AppCallbackNotifier.cpp:100 setMeasurements - ENTER
01-01 00:02:23.256 176 1495 D CameraHal: (aa77f970) - hardware/ti/dra7xx/camera/AppCallbackNotifier.cpp:109 setMeasurements - EXIT
01-01 00:02:23.256 176 1495 D CameraHal: (aa77f970) + hardware/ti/dra7xx/camera/CameraHal.cpp:4509 initDefaultParameters - ENTER
01-01 00:02:23.256 176 1495 D CameraHal: (aa77f970) + hardware/ti/dra7xx/camera/CameraHal.cpp:4438 insertSupportedParams - ENTER
01-01 00:02:23.256 176 1495 D CameraHal: (aa77f970) - hardware/ti/dra7xx/camera/CameraHal.cpp:4494 insertSupportedParams - EXIT
01-01 00:02:23.256 176 1495 D CameraHal: (aa77f970) + hardware/ti/dra7xx/camera/CameraHal.cpp:4388 parseResolution - ENTER
01-01 00:02:23.256 176 1495 D CameraHal: (aa77f970) - hardware/ti/dra7xx/camera/CameraHal.cpp:4431 parseResolution - EXIT
01-01 00:02:23.256 176 1495 D CameraHal: (aa77f970) + hardware/ti/dra7xx/camera/CameraHal.cpp:4388 parseResolution - ENTER
01-01 00:02:23.256 176 1495 D CameraHal: (aa77f970) - hardware/ti/dra7xx/camera/CameraHal.cpp:4431 parseResolution - EXIT
01-01 00:02:23.256 176 1495 D CameraHal: (aa77f970) + hardware/ti/dra7xx/camera/CameraHal.cpp:4388 parseResolution - ENTER
01-01 00:02:23.256 176 1495 D CameraHal: (aa77f970) - hardware/ti/dra7xx/camera/CameraHal.cpp:4431 parseResolution - EXIT
01-01 00:02:23.258 176 1495 D CameraHal: (aa77f970) - hardware/ti/dra7xx/camera/CameraHal.cpp:4611 initDefaultParameters - EXIT
01-01 00:02:23.258 176 1495 D CameraHal: (aa77f970) + hardware/ti/dra7xx/camera/CameraHal.cpp:389 setParameters - ENTER
01-01 00:02:23.258 176 1495 D CameraHal: (aa77f970) + hardware/ti/dra7xx/camera/CameraHal.cpp:2579 previewEnabled - ENTER
01-01 00:02:23.258 176 1495 D CameraHal: (aa77f970) - hardware/ti/dra7xx/camera/CameraHal.cpp:2579 previewEnabled - EXIT
01-01 00:02:23.258 176 1495 D CameraHal: (aa77f970) + hardware/ti/dra7xx/camera/CameraHal.cpp:4313 isParameterValid - ENTER
01-01 00:02:23.258 176 1495 D CameraHal: (aa77f970) - hardware/ti/dra7xx/camera/CameraHal.cpp:4337 isParameterValid - EXIT
01-01 00:02:23.258 176 1495 D CameraHal: (aa77f970) hardware/ti/dra7xx/camera/CameraHal.cpp:416 setParameters - PreviewFormat set yuv420sp
01-01 00:02:23.258 176 1495 D CameraHal: (aa77f970) hardware/ti/dra7xx/camera/CameraHal.cpp:577 setParameters - Recording Hint is set to NULL
01-01 00:02:23.258 176 1495 D CameraHal: (aa77f970) + hardware/ti/dra7xx/camera/CameraHal.cpp:2803 resetVideoModeParameters - ENTER
01-01 00:02:23.258 176 1495 D CameraHal: (aa77f970) - hardware/ti/dra7xx/camera/CameraHal.cpp:2818 resetVideoModeParameters - EXIT
01-01 00:02:23.258 176 1495 D CameraHal: (aa77f970) + hardware/ti/dra7xx/camera/CameraHal.cpp:4248 isResolutionValid - ENTER
01-01 00:02:23.258 176 1495 D CameraHal: (aa77f970) + hardware/ti/dra7xx/camera/CameraHal.cpp:4313 isParameterValid - ENTER
01-01 00:02:23.258 176 1495 D CameraHal: (aa77f970) - hardware/ti/dra7xx/camera/CameraHal.cpp:4337 isParameterValid - EXIT
01-01 00:02:23.258 176 1495 D CameraHal: (aa77f970) - hardware/ti/dra7xx/camera/CameraHal.cpp:4264 isResolutionValid - EXIT
01-01 00:02:23.258 176 1495 D CameraHal: (aa77f970) hardware/ti/dra7xx/camera/CameraHal.cpp:598 setParameters - Preview Resolution: 1280 x 720
01-01 00:02:23.258 176 1495 D CameraHal: (aa77f970) + hardware/ti/dra7xx/camera/CameraHal.cpp:4313 isParameterValid - ENTER
01-01 00:02:23.258 176 1495 D CameraHal: (aa77f970) - hardware/ti/dra7xx/camera/CameraHal.cpp:4337 isParameterValid - EXIT
01-01 00:02:23.258 176 1495 D CameraHal: (aa77f970) hardware/ti/dra7xx/camera/CameraHal.cpp:602 setParameters - Focus mode set fixed
01-01 00:02:23.258 176 1495 D CameraHal: (aa77f970) + hardware/ti/dra7xx/camera/CameraHal.cpp:4248 isResolutionValid - ENTER
01-01 00:02:23.258 176 1495 D CameraHal: (aa77f970) + hardware/ti/dra7xx/camera/CameraHal.cpp:4313 isParameterValid - ENTER
01-01 00:02:23.258 176 1495 D CameraHal: (aa77f970) - hardware/ti/dra7xx/camera/CameraHal.cpp:4337 isParameterValid - EXIT
01-01 00:02:23.258 176 1495 D CameraHal: (aa77f970) - hardware/ti/dra7xx/camera/CameraHal.cpp:4264 isResolutionValid - EXIT
01-01 00:02:23.258 176 1495 D CameraHal: (aa77f970) hardware/ti/dra7xx/camera/CameraHal.cpp:646 setParameters - Picture Size by App 1280 x 720
01-01 00:02:23.258 176 1495 D CameraHal: (aa77f970) + hardware/ti/dra7xx/camera/CameraHal.cpp:4313 isParameterValid - ENTER
01-01 00:02:23.258 176 1495 D CameraHal: (aa77f970) - hardware/ti/dra7xx/camera/CameraHal.cpp:4337 isParameterValid - EXIT
01-01 00:02:23.259 176 1495 D CameraHal: (aa77f970) hardware/ti/dra7xx/camera/CameraHal.cpp:1005 setParameters - Jpeg quality set 90
01-01 00:02:23.259 176 1495 D CameraHal: (aa77f970) hardware/ti/dra7xx/camera/CameraHal.cpp:1011 setParameters - Thumbnail width set 320
01-01 00:02:23.259 176 1495 D CameraHal: (aa77f970) hardware/ti/dra7xx/camera/CameraHal.cpp:1017 setParameters - Thumbnail width set 240
01-01 00:02:23.259 176 1495 D CameraHal: (aa77f970) hardware/ti/dra7xx/camera/CameraHal.cpp:1023 setParameters - Thumbnail quality set 50
01-01 00:02:23.259 176 1495 D CameraHal: (aa77f970) hardware/ti/dra7xx/camera/CameraHal.cpp:1130 setParameters - Zoom set 1
01-01 00:02:23.259 176 1495 D CameraHal: (aa77f970) hardware/ti/dra7xx/camera/CameraHal.cpp:1177 setParameters - External Gamma set false
01-01 00:02:23.259 176 1495 D CameraHal: (aa77f970) hardware/ti/dra7xx/camera/CameraHal.cpp:1183 setParameters - NSF1 set true
01-01 00:02:23.259 176 1495 D CameraHal: (aa77f970) hardware/ti/dra7xx/camera/CameraHal.cpp:1189 setParameters - NSF2 set true
01-01 00:02:23.259 176 1495 D CameraHal: (aa77f970) hardware/ti/dra7xx/camera/CameraHal.cpp:1195 setParameters - Sharpening set true
01-01 00:02:23.259 176 1495 D CameraHal: (aa77f970) hardware/ti/dra7xx/camera/CameraHal.cpp:1201 setParameters - Color Conversion set true
01-01 00:02:23.259 176 1495 D CameraHal: (aa77f970) hardware/ti/dra7xx/camera/CameraHal.cpp:1207 setParameters - Green Inballance Correction set true
01-01 00:02:23.259 176 1495 D CameraHal: (aa77f970) + hardware/ti/dra7xx/camera/V4LCameraAdapter/V4LCameraAdapter.cpp:450 setParameters - ENTER
01-01 00:02:23.259 176 1495 D CameraHal: (aa77f970) hardware/ti/dra7xx/camera/V4LCameraAdapter/V4LCameraAdapter.cpp:456 setParameters - Width * Height 1280 x 720 format 0x56595559
01-01 00:02:23.259 176 1495 D CameraHal: (aa77f970) + hardware/ti/dra7xx/camera/V4LCameraAdapter/V4LCameraAdapter.cpp:216 v4lSetFormat - ENTER
01-01 00:02:23.259 176 1495 D CameraHal: (aa77f970) hardware/ti/dra7xx/camera/V4LCameraAdapter/V4LCameraAdapter.cpp:218 v4lSetFormat - Width * Height 1280 x 720 format 0x56595559
01-01 00:02:23.276 176 1495 D CameraHal: (aa77f970) hardware/ti/dra7xx/camera/V4LCameraAdapter/V4LCameraAdapter.cpp:244 v4lSetFormat - VIDIOC_G_FMT : WxH = 1280x720
01-01 00:02:23.276 176 1495 D CameraHal: (aa77f970) hardware/ti/dra7xx/camera/V4LCameraAdapter/V4LCameraAdapter.cpp:245 v4lSetFormat - ### Using: WxH = 1280x720 pixelformat=0x56595559
01-01 00:02:23.276 176 1495 D CameraHal: (aa77f970) hardware/ti/dra7xx/camera/V4LCameraAdapter/V4LCameraAdapter.cpp:246 v4lSetFormat - ### Using: bytesperline=2560 sizeimage=1843200 colorspace=0x1
01-01 00:02:23.276 176 1495 D CameraHal: (aa77f970) - hardware/ti/dra7xx/camera/V4LCameraAdapter/V4LCameraAdapter.cpp:247 v4lSetFormat - EXIT
01-01 00:02:23.276 176 1495 D CameraHal: (aa77f970) hardware/ti/dra7xx/camera/V4LCameraAdapter/V4LCameraAdapter.cpp:465 setParameters - Current fps is 0 new fps is (30000,30000)
01-01 00:02:23.276 176 1495 D CameraHal: (aa77f970) - hardware/ti/dra7xx/camera/V4LCameraAdapter/V4LCameraAdapter.cpp:476 setParameters - EXIT
01-01 00:02:23.276 176 1495 D CameraHal: (aa77f970) - hardware/ti/dra7xx/camera/CameraHal.cpp:1350 setParameters - EXIT
01-01 00:02:23.277 176 1495 D CameraHal: (aa77f970) - hardware/ti/dra7xx/camera/CameraHal.cpp:4227 initialize - EXIT
01-01 00:02:23.277 176 1495 D CameraHal: (aa77f970) + hardware/ti/dra7xx/camera/CameraHal_Module.cpp:171 camera_set_callbacks - ENTER
01-01 00:02:23.277 176 1495 D CameraHal: (aa77f970) + hardware/ti/dra7xx/camera/CameraHal.cpp:231 setCallbacks - ENTER
01-01 00:02:23.277 176 1495 D CameraHal: (aa77f970) + hardware/ti/dra7xx/camera/AppCallbackNotifier.cpp:84 setCallbacks - ENTER
01-01 00:02:23.277 176 1495 D CameraHal: (aa77f970) - hardware/ti/dra7xx/camera/AppCallbackNotifier.cpp:93 setCallbacks - EXIT
01-01 00:02:23.277 176 1495 D CameraHal: (aa77f970) - hardware/ti/dra7xx/camera/CameraHal.cpp:247 setCallbacks - EXIT
01-01 00:02:23.277 176 1495 D CameraHal: (aa77f970) - hardware/ti/dra7xx/camera/CameraHal_Module.cpp:171 camera_set_callbacks - EXIT
01-01 00:02:23.277 224 290 I CameraHardwareInterface: Destroying camera 0
01-01 00:02:23.293 176 1495 D CameraHal: (aa77f970) + hardware/ti/dra7xx/camera/CameraHal_Module.cpp:185 camera_enable_msg_type - ENTER
01-01 00:02:23.293 176 1495 D CameraHal: (aa77f970) + hardware/ti/dra7xx/camera/CameraHal.cpp:259 enableMsgType - ENTER
01-01 00:02:23.293 176 1495 D CameraHal: (aa77f970) hardware/ti/dra7xx/camera/CameraHal.cpp:291 enableMsgType - Preview callback not enabled 409
01-01 00:02:23.293 176 1495 D CameraHal: (aa77f970) - hardware/ti/dra7xx/camera/CameraHal.cpp:298 enableMsgType - EXIT
01-01 00:02:23.293 176 1495 D CameraHal: (aa77f970) - hardware/ti/dra7xx/camera/CameraHal_Module.cpp:185 camera_enable_msg_type - EXIT
01-01 00:02:23.294 176 1495 D CameraHal: (aa77f970) + hardware/ti/dra7xx/camera/CameraHal_Module.cpp:485 camera_get_parameters - ENTER
01-01 00:02:23.294 176 1495 D CameraHal: (aa77f970) + hardware/ti/dra7xx/camera/CameraHal.cpp:3616 getParameters - ENTER
