01-01 00:02:29.730 1595 1635 D CameraHal: (a8cc3970) - hardware/ti/dra7xx/camera/BaseCameraAdapter.cpp:1603 setFrameRefCountByType - EXIT
01-01 00:02:29.731 1595 1635 D CameraHal: (a8cc3970) - hardware/ti/dra7xx/camera/BaseCameraAdapter.cpp:1469 setInitFrameRefCount - EXIT
01-01 00:02:29.731 1595 1635 D CameraHal: (a8cc3970) + hardware/ti/dra7xx/camera/BaseCameraAdapter.cpp:1489 getFrameRefCountByType - ENTER
01-01 00:02:29.731 1595 1635 D CameraHal: (a8cc3970) - hardware/ti/dra7xx/camera/BaseCameraAdapter.cpp:1551 getFrameRefCountByType - EXIT
01-01 00:02:29.731 1595 1635 V CameraHal: (a8cc3970) hardware/ti/dra7xx/camera/BaseCameraAdapter.cpp:1390 __sendFrameToSubscribers - Type of Frame: 0x1 address: 0xac743a80 refCount start 1
01-01 00:02:29.731 1595 1635 D CameraHal: (a8cc3970) + hardware/ti/dra7xx/camera/V4LCameraAdapter/V4LCameraAdapter.cpp:767 GetFrame - ENTER
01-01 00:02:29.735 1595 1629 V CameraHal: (ab57f970) hardware/ti/dra7xx/camera/ANativeWindowDisplayAdapter.cpp:1214 handleFrameReturn - handleFrameReturn: found graphic buffer 3 of 7
01-01 00:02:29.735 1595 1629 D CameraHal: (ab57f970) + hardware/ti/dra7xx/camera/BaseCameraAdapter.cpp:1489 getFrameRefCountByType - ENTER
01-01 00:02:29.736 1595 1629 D CameraHal: (ab57f970) - hardware/ti/dra7xx/camera/BaseCameraAdapter.cpp:1551 getFrameRefCountByType - EXIT
01-01 00:02:29.736 1595 1629 D CameraHal: (ab57f970) + hardware/ti/dra7xx/camera/BaseCameraAdapter.cpp:1559 setFrameRefCountByType - ENTER
01-01 00:02:29.736 1595 1629 D CameraHal: (ab57f970) - hardware/ti/dra7xx/camera/BaseCameraAdapter.cpp:1603 setFrameRefCountByType - EXIT
01-01 00:02:29.736 1595 1629 V CameraHal: (ab57f970) hardware/ti/dra7xx/camera/BaseCameraAdapter.cpp:378 returnFrame - REFCOUNT 0xac743980 0
01-01 00:02:29.736 1595 1629 V CameraHal: (ab57f970) hardware/ti/dra7xx/camera/CameraHal.cpp:4722 camera_buffer_get_omx_ptr - buffer_type 2 opaque 0xac714eb0
01-01 00:02:29.736 1595 1629 V CameraHal: (ab57f970) hardware/ti/dra7xx/camera/CameraHal.cpp:4726 camera_buffer_get_omx_ptr - anw ac72cbe0
01-01 00:02:29.736 1595 1629 V CameraHal: (ab57f970) hardware/ti/dra7xx/camera/CameraHal.cpp:4722 camera_buffer_get_omx_ptr - buffer_type 2 opaque 0xac714eb0
01-01 00:02:29.736 1595 1629 V CameraHal: (ab57f970) hardware/ti/dra7xx/camera/CameraHal.cpp:4726 camera_buffer_get_omx_ptr - anw ac72cbe0
01-01 00:02:29.736 1595 1629 D CameraHal: (ab57f970) + hardware/ti/dra7xx/camera/V4LCameraAdapter/V4LCameraAdapter.cpp:370 fillThisBuffer - ENTER
01-01 00:02:29.736 1595 1629 D CameraHal: (ab57f970) hardware/ti/dra7xx/camera/V4LCameraAdapter/V4LCameraAdapter.cpp:411 fillThisBuffer - Will return buffer to V4L with id=3
01-01 00:02:29.737 1595 1629 D CameraHal: (ab57f970) - hardware/ti/dra7xx/camera/V4LCameraAdapter/V4LCameraAdapter.cpp:421 fillThisBuffer - EXIT
01-01 00:02:29.747 1595 1635 D CameraHal: (a8cc3970) - hardware/ti/dra7xx/camera/V4LCameraAdapter/V4LCameraAdapter.cpp:809 GetFrame - EXIT
01-01 00:02:29.747 1595 1635 D CameraHal: (a8cc3970) hardware/ti/dra7xx/camera/V4LCameraAdapter/V4LCameraAdapter.cpp:1092 previewThread - GOT IN frame with ID=6
01-01 00:02:29.747 1595 1635 D CameraHal: (a8cc3970) + hardware/ti/dra7xx/camera/V4LCameraAdapter/V4LCameraAdapter.cpp:954 convertYUV422ToNV12Tiler - ENTER
01-01 00:02:29.764 1595 1635 D CameraHal: (a8cc3970) - hardware/ti/dra7xx/camera/V4LCameraAdapter/V4LCameraAdapter.cpp:1027 convertYUV422ToNV12Tiler - EXIT
01-01 00:02:29.764 1595 1635 V CameraHal: (a8cc3970) hardware/ti/dra7xx/camera/V4LCameraAdapter/V4LCameraAdapter.cpp:1116 previewThread - ##...index= 6.;camera buffer= 0xac743b00; mapped= 0xaa7f6000.
01-01 00:02:29.764 1595 1635 D CameraHal: (a8cc3970) + hardware/ti/dra7xx/camera/BaseCameraAdapter.cpp:1416 setInitFrameRefCount - ENTER
01-01 00:02:29.764 1595 1635 D CameraHal: (a8cc3970) + hardware/ti/dra7xx/camera/BaseCameraAdapter.cpp:1559 setFrameRefCountByType - ENTER
01-01 00:02:29.764 1595 1635 D CameraHal: (a8cc3970) - hardware/ti/dra7xx/camera/BaseCameraAdapter.cpp:1603 setFrameRefCountByType - EXIT
01-01 00:02:29.764 1595 1635 D CameraHal: (a8cc3970) - hardware/ti/dra7xx/camera/BaseCameraAdapter.cpp:1469 setInitFrameRefCount - EXIT
01-01 00:02:29.764 1595 1635 D CameraHal: (a8cc3970) + hardware/ti/dra7xx/camera/BaseCameraAdapter.cpp:1489 getFrameRefCountByType - ENTER
01-01 00:02:29.764 1595 1635 D CameraHal: (a8cc3970) - hardware/ti/dra7xx/camera/BaseCameraAdapter.cpp:1551 getFrameRefCountByType - EXIT
01-01 00:02:29.764 1595 1635 V CameraHal: (a8cc3970) hardware/ti/dra7xx/camera/BaseCameraAdapter.cpp:1390 __sendFrameToSubscribers - Type of Frame: 0x1 address: 0xac743b00 refCount start 1
01-01 00:02:29.765 1595 1635 D CameraHal: (a8cc3970) + hardware/ti/dra7xx/camera/V4LCameraAdapter/V4LCameraAdapter.cpp:767 GetFrame - ENTER
01-01 00:02:29.767 1595 1629 V CameraHal: (ab57f970) hardware/ti/dra7xx/camera/ANativeWindowDisplayAdapter.cpp:1214 handleFrameReturn - handleFrameReturn: found graphic buffer 4 of 7
01-01 00:02:29.767 1595 1629 D CameraHal: (ab57f970) + hardware/ti/dra7xx/camera/BaseCameraAdapter.cpp:1489 getFrameRefCountByType - ENTER
01-01 00:02:29.767 1595 1629 D CameraHal: (ab57f970) - hardware/ti/dra7xx/camera/BaseCameraAdapter.cpp:1551 getFrameRefCountByType - EXIT
01-01 00:02:29.767 1595 1629 D CameraHal: (ab57f970) + hardware/ti/dra7xx/camera/BaseCameraAdapter.cpp:1559 setFrameRefCountByType - ENTER
01-01 00:02:29.767 1595 1629 D CameraHal: (ab57f970) - hardware/ti/dra7xx/camera/BaseCameraAdapter.cpp:1603 setFrameRefCountByType - EXIT
01-01 00:02:29.767 1595 1629 V CameraHal: (ab57f970) hardware/ti/dra7xx/camera/BaseCameraAdapter.cpp:378 returnFrame - REFCOUNT 0xac743a00 0
01-01 00:02:29.767 1595 1629 V CameraHal: (ab57f970) hardware/ti/dra7xx/camera/CameraHal.cpp:4722 camera_buffer_get_omx_ptr - buffer_type 2 opaque 0xac714ef8
01-01 00:02:29.767 1595 1629 V CameraHal: (ab57f970) hardware/ti/dra7xx/camera/CameraHal.cpp:4726 camera_buffer_get_omx_ptr - anw ac72cc30
01-01 00:02:29.767 1595 1629 V CameraHal: (ab57f970) hardware/ti/dra7xx/camera/CameraHal.cpp:4722 camera_buffer_get_omx_ptr - buffer_type 2 opaque 0xac714ef8
01-01 00:02:29.767 1595 1629 V CameraHal: (ab57f970) hardware/ti/dra7xx/camera/CameraHal.cpp:4726 camera_buffer_get_omx_ptr - anw ac72cc30
01-01 00:02:29.767 1595 1629 D CameraHal: (ab57f970) + hardware/ti/dra7xx/camera/V4LCameraAdapter/V4LCameraAdapter.cpp:370 fillThisBuffer - ENTER
01-01 00:02:29.767 1595 1629 D CameraHal: (ab57f970) hardware/ti/dra7xx/camera/V4LCameraAdapter/V4LCameraAdapter.cpp:411 fillThisBuffer - Will return buffer to V4L with id=4
01-01 00:02:29.770 1595 1629 D CameraHal: (ab57f970) - hardware/ti/dra7xx/camera/V4LCameraAdapter/V4LCameraAdapter.cpp:421 fillThisBuffer - EXIT
01-01 00:02:29.781 1595 1635 D CameraHal: (a8cc3970) - hardware/ti/dra7xx/camera/V4LCameraAdapter/V4LCameraAdapter.cpp:809 GetFrame - EXIT
01-01 00:02:29.781 1595 1635 D CameraHal: (a8cc3970) hardware/ti/dra7xx/camera/V4LCameraAdapter/V4LCameraAdapter.cpp:1092 previewThread - GOT IN frame with ID=7
01-01 00:02:29.781 1595 1635 D CameraHal: (a8cc3970) + hardware/ti/dra7xx/camera/V4LCameraAdapter/V4LCameraAdapter.cpp:954 convertYUV422ToNV12Tiler - ENTER
01-01 00:02:29.797 1595 1635 D CameraHal: (a8cc3970) - hardware/ti/dra7xx/camera/V4LCameraAdapter/V4LCameraAdapter.cpp:1027 convertYUV422ToNV12Tiler - EXIT
01-01 00:02:29.797 1595 1635 V CameraHal: (a8cc3970) hardware/ti/dra7xx/camera/V4LCameraAdapter/V4LCameraAdapter.cpp:1116 previewThread - ##...index= 7.;camera buffer= 0xac743b80; mapped= 0xaa6a4000.
01-01 00:02:29.797 1595 1635 D CameraHal: (a8cc3970) + hardware/ti/dra7xx/camera/BaseCameraAdapter.cpp:1416 setInitFrameRefCount - ENTER
01-01 00:02:29.797 1595 1635 D CameraHal: (a8cc3970) + hardware/ti/dra7xx/camera/BaseCameraAdapter.cpp:1559 setFrameRefCountByType - ENTER
01-01 00:02:29.797 1595 1635 D CameraHal: (a8cc3970) - hardware/ti/dra7xx/camera/BaseCameraAdapter.cpp:1603 setFrameRefCountByType - EXIT
01-01 00:02:29.797 1595 1635 D CameraHal: (a8cc3970) - hardware/ti/dra7xx/camera/BaseCameraAdapter.cpp:1469 setInitFrameRefCount - EXIT
01-01 00:02:29.797 1595 1635 D CameraHal: (a8cc3970) + hardware/ti/dra7xx/camera/BaseCameraAdapter.cpp:1489 getFrameRefCountByType - ENTER
01-01 00:02:29.797 1595 1635 D CameraHal: (a8cc3970) - hardware/ti/dra7xx/camera/BaseCameraAdapter.cpp:1551 getFrameRefCountByType - EXIT
01-01 00:02:29.797 1595 1635 V CameraHal: (a8cc3970) hardware/ti/dra7xx/camera/BaseCameraAdapter.cpp:1390 __sendFrameToSubscribers - Type of Frame: 0x1 address: 0xac743b80 refCount start 1
01-01 00:02:29.798 1595 1635 D CameraHal: (a8cc3970) + hardware/ti/dra7xx/camera/V4LCameraAdapter/V4LCameraAdapter.cpp:767 GetFrame - ENTER
01-01 00:02:29.803 1595 1629 V CameraHal: (ab57f970) hardware/ti/dra7xx/camera/ANativeWindowDisplayAdapter.cpp:1214 handleFrameReturn - handleFrameReturn: found graphic buffer 5 of 7
01-01 00:02:29.803 1595 1629 D CameraHal: (ab57f970) + hardware/ti/dra7xx/camera/BaseCameraAdapter.cpp:1489 getFrameRefCountByType - ENTER
01-01 00:02:29.803 1595 1629 D CameraHal: (ab57f970) - hardware/ti/dra7xx/camera/BaseCameraAdapter.cpp:1551 getFrameRefCountByType - EXIT
01-01 00:02:29.803 1595 1629 D CameraHal: (ab57f970) + hardware/ti/dra7xx/camera/BaseCameraAdapter.cpp:1559 setFrameRefCountByType - ENTER
01-01 00:02:29.803 1595 1629 D CameraHal: (ab57f970) - hardware/ti/dra7xx/camera/BaseCameraAdapter.cpp:1603 setFrameRefCountByType - EXIT
01-01 00:02:29.803 1595 1629 V CameraHal: (ab57f970) hardware/ti/dra7xx/camera/BaseCameraAdapter.cpp:378 returnFrame - REFCOUNT 0xac743a80 0
01-01 00:02:29.803 1595 1629 V CameraHal: (ab57f970) hardware/ti/dra7xx/camera/CameraHal.cpp:4722 camera_buffer_get_omx_ptr - buffer_type 2 opaque 0xac714d60
01-01 00:02:29.803 1595 1629 V CameraHal: (ab57f970) hardware/ti/dra7xx/camera/CameraHal.cpp:4726 camera_buffer_get_omx_ptr - anw ac72ccd0
01-01 00:02:29.803 1595 1629 V CameraHal: (ab57f970) hardware/ti/dra7xx/camera/CameraHal.cpp:4722 camera_buffer_get_omx_ptr - buffer_type 2 opaque 0xac714d60
01-01 00:02:29.803 1595 1629 V CameraHal: (ab57f970) hardware/ti/dra7xx/camera/CameraHal.cpp:4726 camera_buffer_get_omx_ptr - anw ac72ccd0
01-01 00:02:29.803 1595 1629 D CameraHal: (ab57f970) + hardware/ti/dra7xx/camera/V4LCameraAdapter/V4LCameraAdapter.cpp:370 fillThisBuffer - ENTER
01-01 00:02:29.803 1595 1629 D CameraHal: (ab57f970) hardware/ti/dra7xx/camera/V4LCameraAdapter/V4LCameraAdapter.cpp:411 fillThisBuffer - Will return buffer to V4L with id=5
01-01 00:02:29.803 1595 1629 D CameraHal: (ab57f970) - hardware/ti/dra7xx/camera/V4LCameraAdapter/V4LCameraAdapter.cpp:421 fillThisBuffer - EXIT
01-01 00:02:29.814 1595 1635 D CameraHal: (a8cc3970) - hardware/ti/dra7xx/camera/V4LCameraAdapter/V4LCameraAdapter.cpp:809 GetFrame - EXIT
01-01 00:02:29.814 1595 1635 D CameraHal: (a8cc3970) hardware/ti/dra7xx/camera/V4LCameraAdapter/V4LCameraAdapter.cpp:1092 previewThread - GOT IN frame with ID=0
01-01 00:02:29.814 1595 1635 D CameraHal: (a8cc3970) + hardware/ti/dra7xx/camera/V4LCameraAdapter/V4LCameraAdapter.cpp:954 convertYUV422ToNV12Tiler - ENTER
01-01 00:02:29.827 1595 1635 D CameraHal: (a8cc3970) - hardware/ti/dra7xx/camera/V4LCameraAdapter/V4LCameraAdapter.cpp:1027 convertYUV422ToNV12Tiler - EXIT
01-01 00:02:29.827 1595 1635 V CameraHal: (a8cc3970) hardware/ti/dra7xx/camera/V4LCameraAdapter/V4LCameraAdapter.cpp:1116 previewThread - ##...index= 0.;camera buffer= 0xac743800; mapped= 0xaafe2000.
01-01 00:02:29.827 1595 1635 D CameraHal: (a8cc3970) + hardware/ti/dra7xx/camera/BaseCameraAdapter.cpp:1416 setInitFrameRefCount - ENTER
01-01 00:02:29.827 1595 1635 D CameraHal: (a8cc3970) + hardware/ti/dra7xx/camera/BaseCameraAdapter.cpp:1559 setFrameRefCountByType - ENTER
01-01 00:02:29.827 1595 1635 D CameraHal: (a8cc3970) - hardware/ti/dra7xx/camera/BaseCameraAdapter.cpp:1603 setFrameRefCountByType - EXIT
01-01 00:02:29.827 1595 1635 D CameraHal: (a8cc3970) - hardware/ti/dra7xx/camera/BaseCameraAdapter.cpp:1469 setInitFrameRefCount - EXIT
01-01 00:02:29.827 1595 1635 D CameraHal: (a8cc3970) + hardware/ti/dra7xx/camera/BaseCameraAdapter.cpp:1489 getFrameRefCountByType - ENTER
01-01 00:02:29.827 1595 1635 D CameraHal: (a8cc3970) - hardware/ti/dra7xx/camera/BaseCameraAdapter.cpp:1551 getFrameRefCountByType - EXIT
01-01 00:02:29.827 1595 1635 V CameraHal: (a8cc3970) hardware/ti/dra7xx/camera/BaseCameraAdapter.cpp:1390 __sendFrameToSubscribers - Type of Frame: 0x1 address: 0xac743800 refCount start 1
01-01 00:02:29.829 1595 1635 D CameraHal: (a8cc3970) + hardware/ti/dra7xx/camera/V4LCameraAdapter/V4LCameraAdapter.cpp:767 GetFrame - ENTER
01-01 00:02:29.831 1595 1629 V CameraHal: (ab57f970) hardware/ti/dra7xx/camera/ANativeWindowDisplayAdapter.cpp:1214 handleFrameReturn - handleFrameReturn: found graphic buffer 6 of 7
01-01 00:02:29.831 1595 1629 D CameraHal: (ab57f970) + hardware/ti/dra7xx/camera/BaseCameraAdapter.cpp:1489 getFrameRefCountByType - ENTER
01-01 00:02:29.831 1595 1629 D CameraHal: (ab57f970) - hardware/ti/dra7xx/camera/BaseCameraAdapter.cpp:1551 getFrameRefCountByType - EXIT
01-01 00:02:29.831 1595 1629 D CameraHal: (ab57f970) + hardware/ti/dra7xx/camera/BaseCameraAdapter.cpp:1559 setFrameRefCountByType - ENTER
01-01 00:02:29.831 1595 1629 D CameraHal: (ab57f970) - hardware/ti/dra7xx/camera/BaseCameraAdapter.cpp:1603 setFrameRefCountByType - EXIT
01-01 00:02:29.831 1595 1629 V CameraHal: (ab57f970) hardware/ti/dra7xx/camera/BaseCameraAdapter.cpp:378 returnFrame - REFCOUNT 0xac743b00 0
01-01 00:02:29.831 1595 1629 V CameraHal: (ab57f970) hardware/ti/dra7xx/camera/CameraHal.cpp:4722 camera_buffer_get_omx_ptr - buffer_type 2 opaque 0xac714f40
01-01 00:02:29.831 1595 1629 V CameraHal: (ab57f970) hardware/ti/dra7xx/camera/CameraHal.cpp:4726 camera_buffer_get_omx_ptr - anw ac72cd20
01-01 00:02:29.831 1595 1629 E CameraHal: (ab57f970) hardware/ti/dra7xx/camera/BaseCameraAdapter.cpp:392 returnFrame - Buffer already with Ducati!! 0xac743b00
01-01 00:02:29.831 1595 1629 E CameraHal: (ab57f970) hardware/ti/dra7xx/camera/BaseCameraAdapter.cpp:393 returnFrame - 0xac72caf0
01-01 00:02:29.831 1595 1629 E CameraHal: (ab57f970) hardware/ti/dra7xx/camera/BaseCameraAdapter.cpp:393 returnFrame - 0xac72cb40
01-01 00:02:29.831 1595 1629 E CameraHal: (ab57f970) hardware/ti/dra7xx/camera/BaseCameraAdapter.cpp:393 returnFrame - 0xac72cb90
01-01 00:02:29.831 1595 1629 E CameraHal: (ab57f970) hardware/ti/dra7xx/camera/BaseCameraAdapter.cpp:393 returnFrame - 0xac72cbe0
01-01 00:02:29.831 1595 1629 E CameraHal: (ab57f970) hardware/ti/dra7xx/camera/BaseCameraAdapter.cpp:393 returnFrame - 0xac72cc30
01-01 00:02:29.831 1595 1629 E CameraHal: (ab57f970) hardware/ti/dra7xx/camera/BaseCameraAdapter.cpp:393 returnFrame - 0xac72ccd0
01-01 00:02:29.831 1595 1629 E CameraHal: (ab57f970) hardware/ti/dra7xx/camera/BaseCameraAdapter.cpp:393 returnFrame - 0xac72cd20
01-01 00:02:29.831 1595 1629 E CameraHal: (ab57f970) hardware/ti/dra7xx/camera/BaseCameraAdapter.cpp:393 returnFrame - 0xac72cd70
01-01 00:02:29.831 1595 1629 V CameraHal: (ab57f970) hardware/ti/dra7xx/camera/CameraHal.cpp:4722 camera_buffer_get_omx_ptr - buffer_type 2 opaque 0xac714f40
01-01 00:02:29.831 1595 1629 V CameraHal: (ab57f970) hardware/ti/dra7xx/camera/CameraHal.cpp:4726 camera_buffer_get_omx_ptr - anw ac72cd20
01-01 00:02:29.831 1595 1629 D CameraHal: (ab57f970) + hardware/ti/dra7xx/camera/V4LCameraAdapter/V4LCameraAdapter.cpp:370 fillThisBuffer - ENTER
01-01 00:02:29.831 1595 1629 D CameraHal: (ab57f970) hardware/ti/dra7xx/camera/V4LCameraAdapter/V4LCameraAdapter.cpp:411 fillThisBuffer - Will return buffer to V4L with id=6
01-01 00:02:29.831 1595 1629 D CameraHal: (ab57f970) - hardware/ti/dra7xx/camera/V4LCameraAdapter/V4LCameraAdapter.cpp:421 fillThisBuffer - EXIT
01-01 00:02:29.847 1595 1635 D CameraHal: (a8cc3970) - hardware/ti/dra7xx/camera/V4LCameraAdapter/V4LCameraAdapter.cpp:809 GetFrame - EXIT
01-01 00:02:29.847 1595 1635 D CameraHal: (a8cc3970) hardware/ti/dra7xx/camera/V4LCameraAdapter/V4LCameraAdapter.cpp:1092 previewThread - GOT IN frame with ID=1
01-01 00:02:29.847 1595 1635 D CameraHal: (a8cc3970) + hardware/ti/dra7xx/camera/V4LCameraAdapter/V4LCameraAdapter.cpp:954 convertYUV422ToNV12Tiler - ENTER
01-01 00:02:29.860 1595 1635 D CameraHal: (a8cc3970) - hardware/ti/dra7xx/camera/V4LCameraAdapter/V4LCameraAdapter.cpp:1027 convertYUV422ToNV12Tiler - EXIT
01-01 00:02:29.860 1595 1635 V CameraHal: (a8cc3970) hardware/ti/dra7xx/camera/V4LCameraAdapter/V4LCameraAdapter.cpp:1116 previewThread - ##...index= 1.;camera buffer= 0xac743880; mapped= 0xaae90000.
01-01 00:02:29.860 1595 1635 D CameraHal: (a8cc3970) + hardware/ti/dra7xx/camera/BaseCameraAdapter.cpp:1416 setInitFrameRefCount - ENTER
01-01 00:02:29.860 1595 1635 D CameraHal: (a8cc3970) + hardware/ti/dra7xx/camera/BaseCameraAdapter.cpp:1559 setFrameRefCountByType - ENTER
01-01 00:02:29.861 1595 1635 D CameraHal: (a8cc3970) - hardware/ti/dra7xx/camera/BaseCameraAdapter.cpp:1603 setFrameRefCountByType - EXIT
01-01 00:02:29.861 1595 1635 D CameraHal: (a8cc3970) - hardware/ti/dra7xx/camera/BaseCameraAdapter.cpp:1469 setInitFrameRefCount - EXIT
01-01 00:02:29.861 1595 1635 D CameraHal: (a8cc3970) + hardware/ti/dra7xx/camera/BaseCameraAdapter.cpp:1489 getFrameRefCountByType - ENTER
01-01 00:02:29.861 1595 1635 D CameraHal: (a8cc3970) - hardware/ti/dra7xx/camera/BaseCameraAdapter.cpp:1551 getFrameRefCountByType - EXIT
01-01 00:02:29.861 1595 1635 V CameraHal: (a8cc3970) hardware/ti/dra7xx/camera/BaseCameraAdapter.cpp:1390 __sendFrameToSubscribers - Type of Frame: 0x1 address: 0xac743880 refCount start 1
01-01 00:02:29.861 1595 1635 D CameraHal: (a8cc3970) + hardware/ti/dra7xx/camera/V4LCameraAdapter/V4LCameraAdapter.cpp:767 GetFrame - ENTER
01-01 00:02:29.864 1595 1629 V CameraHal: (ab57f970) hardware/ti/dra7xx/camera/ANativeWindowDisplayAdapter.cpp:1214 handleFrameReturn - handleFrameReturn: found graphic buffer 7 of 7
01-01 00:02:29.864 1595 1629 D CameraHal: (ab57f970) + hardware/ti/dra7xx/camera/BaseCameraAdapter.cpp:1489 getFrameRefCountByType - ENTER
01-01 00:02:29.864 1595 1629 D CameraHal: (ab57f970) - hardware/ti/dra7xx/camera/BaseCameraAdapter.cpp:1551 getFrameRefCountByType - EXIT
01-01 00:02:29.864 1595 1629 D CameraHal: (ab57f970) + hardware/ti/dra7xx/camera/BaseCameraAdapter.cpp:1559 setFrameRefCountByType - ENTER
01-01 00:02:29.864 1595 1629 D CameraHal: (ab57f970) - hardware/ti/dra7xx/camera/BaseCameraAdapter.cpp:1603 setFrameRefCountByType - EXIT
01-01 00:02:29.864 1595 1629 V CameraHal: (ab57f970) hardware/ti/dra7xx/camera/BaseCameraAdapter.cpp:378 returnFrame - REFCOUNT 0xac743b80 0
01-01 00:02:29.864 1595 1629 V CameraHal: (ab57f970) hardware/ti/dra7xx/camera/CameraHal.cpp:4722 camera_buffer_get_omx_ptr - buffer_type 2 opaque 0xac714fe8
01-01 00:02:29.864 1595 1629 V CameraHal: (ab57f970) hardware/ti/dra7xx/camera/CameraHal.cpp:4726 camera_buffer_get_omx_ptr - anw ac72cd70
01-01 00:02:29.864 1595 1629 E CameraHal: (ab57f970) hardware/ti/dra7xx/camera/BaseCameraAdapter.cpp:392 returnFrame - Buffer already with Ducati!! 0xac743b80
01-01 00:02:29.864 1595 1629 E CameraHal: (ab57f970) hardware/ti/dra7xx/camera/BaseCameraAdapter.cpp:393 returnFrame - 0xac72caf0
01-01 00:02:29.864 1595 1629 E CameraHal: (ab57f970) hardware/ti/dra7xx/camera/BaseCameraAdapter.cpp:393 returnFrame - 0xac72cb40
01-01 00:02:29.864 1595 1629 E CameraHal: (ab57f970) hardware/ti/dra7xx/camera/BaseCameraAdapter.cpp:393 returnFrame - 0xac72cb90
01-01 00:02:29.864 1595 1629 E CameraHal: (ab57f970) hardware/ti/dra7xx/camera/BaseCameraAdapter.cpp:393 returnFrame - 0xac72cbe0
01-01 00:02:29.864 1595 1629 E CameraHal: (ab57f970) hardware/ti/dra7xx/camera/BaseCameraAdapter.cpp:393 returnFrame - 0xac72cc30
01-01 00:02:29.864 1595 1629 E CameraHal: (ab57f970) hardware/ti/dra7xx/camera/BaseCameraAdapter.cpp:393 returnFrame - 0xac72ccd0
01-01 00:02:29.864 1595 1629 E CameraHal: (ab57f970) hardware/ti/dra7xx/camera/BaseCameraAdapter.cpp:393 returnFrame - 0xac72cd20
01-01 00:02:29.864 1595 1629 E CameraHal: (ab57f970) hardware/ti/dra7xx/camera/BaseCameraAdapter.cpp:393 returnFrame - 0xac72cd70
01-01 00:02:29.864 1595 1629 V CameraHal: (ab57f970) hardware/ti/dra7xx/camera/CameraHal.cpp:4722 camera_buffer_get_omx_ptr - buffer_type 2 opaque 0xac714fe8
01-01 00:02:29.864 1595 1629 V CameraHal: (ab57f970) hardware/ti/dra7xx/camera/CameraHal.cpp:4726 camera_buffer_get_omx_ptr - anw ac72cd70
01-01 00:02:29.864 1595 1629 D CameraHal: (ab57f970) + hardware/ti/dra7xx/camera/V4LCameraAdapter/V4LCameraAdapter.cpp:370 fillThisBuffer - ENTER
01-01 00:02:29.864 1595 1629 D CameraHal: (ab57f970) hardware/ti/dra7xx/camera/V4LCameraAdapter/V4LCameraAdapter.cpp:411 fillThisBuffer - Will return buffer to V4L with id=7
01-01 00:02:29.864 1595 1629 D CameraHal: (ab57f970) - hardware/ti/dra7xx/camera/V4LCameraAdapter/V4LCameraAdapter.cpp:421 fillThisBuffer - EXIT
01-01 00:02:29.881 1595 1635 D CameraHal: (a8cc3970) - hardware/ti/dra7xx/camera/V4LCameraAdapter/V4LCameraAdapter.cpp:809 GetFrame - EXIT
01-01 00:02:29.881 1595 1635 D CameraHal: (a8cc3970) hardware/ti/dra7xx/camera/V4LCameraAdapter/V4LCameraAdapter.cpp:1092 previewThread - GOT IN frame with ID=2
01-01 00:02:29.881 1595 1635 D CameraHal: (a8cc3970) + hardware/ti/dra7xx/camera/V4LCameraAdapter/V4LCameraAdapter.cpp:954 convertYUV422ToNV12Tiler - ENTER
01-01 00:02:29.894 1595 1635 D CameraHal: (a8cc3970) - hardware/ti/dra7xx/camera/V4LCameraAdapter/V4LCameraAdapter.cpp:1027 convertYUV422ToNV12Tiler - EXIT
01-01 00:02:29.895 1595 1635 V CameraHal: (a8cc3970) hardware/ti/dra7xx/camera/V4LCameraAdapter/V4LCameraAdapter.cpp:1116 previewThread - ##...index= 2.;camera buffer= 0xac743900; mapped= 0xaad3e000.
01-01 00:02:29.895 1595 1635 D CameraHal: (a8cc3970) + hardware/ti/dra7xx/camera/BaseCameraAdapter.cpp:1416 setInitFrameRefCount - ENTER
01-01 00:02:29.895 1595 1635 D CameraHal: (a8cc3970) + hardware/ti/dra7xx/camera/BaseCameraAdapter.cpp:1559 setFrameRefCountByType - ENTER
01-01 00:02:29.895 1595 1635 D CameraHal: (a8cc3970) - hardware/ti/dra7xx/camera/BaseCameraAdapter.cpp:1603 setFrameRefCountByType - EXIT
01-01 00:02:29.895 1595 1635 D CameraHal: (a8cc3970) - hardware/ti/dra7xx/camera/BaseCameraAdapter.cpp:1469 setInitFrameRefCount - EXIT
01-01 00:02:29.895 1595 1635 D CameraHal: (a8cc3970) + hardware/ti/dra7xx/camera/BaseCameraAdapter.cpp:1489 getFrameRefCountByType - ENTER
01-01 00:02:29.895 1595 1635 D CameraHal: (a8cc3970) - hardware/ti/dra7xx/camera/BaseCameraAdapter.cpp:1551 getFrameRefCountByType - EXIT
01-01 00:02:29.895 1595 1635 V CameraHal: (a8cc3970) hardware/ti/dra7xx/camera/BaseCameraAdapter.cpp:1390 __sendFrameToSubscribers - Type of Frame: 0x1 address: 0xac743900 refCount start 1
01-01 00:02:29.898 1595 1635 D CameraHal: (a8cc3970) + hardware/ti/dra7xx/camera/V4LCameraAdapter/V4LCameraAdapter.cpp:767 GetFrame - ENTER
01-01 00:02:29.899 1595 1629 V CameraHal: (ab57f970) hardware/ti/dra7xx/camera/ANativeWindowDisplayAdapter.cpp:1214 handleFrameReturn - handleFrameReturn: found graphic buffer 0 of 7
01-01 00:02:29.899 1595 1629 D CameraHal: (ab57f970) + hardware/ti/dra7xx/camera/BaseCameraAdapter.cpp:1489 getFrameRefCountByType - ENTER
01-01 00:02:29.899 1595 1629 D CameraHal: (ab57f970) - hardware/ti/dra7xx/camera/BaseCameraAdapter.cpp:1551 getFrameRefCountByType - EXIT
01-01 00:02:29.899 1595 1629 D CameraHal: (ab57f970) + hardware/ti/dra7xx/camera/BaseCameraAdapter.cpp:1559 setFrameRefCountByType - ENTER
01-01 00:02:29.899 1595 1629 D CameraHal: (ab57f970) - hardware/ti/dra7xx/camera/BaseCameraAdapter.cpp:1603 setFrameRefCountByType - EXIT
01-01 00:02:29.899 1595 1629 V CameraHal: (ab57f970) hardware/ti/dra7xx/camera/BaseCameraAdapter.cpp:378 returnFrame - REFCOUNT 0xac743800 0
01-01 00:02:29.899 1595 1629 V CameraHal: (ab57f970) hardware/ti/dra7xx/camera/CameraHal.cpp:4722 camera_buffer_get_omx_ptr - buffer_type 2 opaque 0xac714c58
01-01 00:02:29.899 1595 1629 V CameraHal: (ab57f970) hardware/ti/dra7xx/camera/CameraHal.cpp:4726 camera_buffer_get_omx_ptr - anw ac72caf0
01-01 00:02:29.899 1595 1629 E CameraHal: (ab57f970) hardware/ti/dra7xx/camera/BaseCameraAdapter.cpp:392 returnFrame - Buffer already with Ducati!! 0xac743800
01-01 00:02:29.899 1595 1629 E CameraHal: (ab57f970) hardware/ti/dra7xx/camera/BaseCameraAdapter.cpp:393 returnFrame - 0xac72caf0
01-01 00:02:29.899 1595 1629 E CameraHal: (ab57f970) hardware/ti/dra7xx/camera/BaseCameraAdapter.cpp:393 returnFrame - 0xac72cb40
01-01 00:02:29.899 1595 1629 E CameraHal: (ab57f970) hardware/ti/dra7xx/camera/BaseCameraAdapter.cpp:393 returnFrame - 0xac72cb90
01-01 00:02:29.899 1595 1629 E CameraHal: (ab57f970) hardware/ti/dra7xx/camera/BaseCameraAdapter.cpp:393 returnFrame - 0xac72cbe0
01-01 00:02:29.899 1595 1629 E CameraHal: (ab57f970) hardware/ti/dra7xx/camera/BaseCameraAdapter.cpp:393 returnFrame - 0xac72cc30
01-01 00:02:29.899 1595 1629 E CameraHal: (ab57f970) hardware/ti/dra7xx/camera/BaseCameraAdapter.cpp:393 returnFrame - 0xac72ccd0
01-01 00:02:29.899 1595 1629 E CameraHal: (ab57f970) hardware/ti/dra7xx/camera/BaseCameraAdapter.cpp:393 returnFrame - 0xac72cd20
01-01 00:02:29.899 1595 1629 E CameraHal: (ab57f970) hardware/ti/dra7xx/camera/BaseCameraAdapter.cpp:393 returnFrame - 0xac72cd70
01-01 00:02:29.899 1595 1629 V CameraHal: (ab57f970) hardware/ti/dra7xx/camera/CameraHal.cpp:4722 camera_buffer_get_omx_ptr - buffer_type 2 opaque 0xac714c58
01-01 00:02:29.899 1595 1629 V CameraHal: (ab57f970) hardware/ti/dra7xx/camera/CameraHal.cpp:4726 camera_buffer_get_omx_ptr - anw ac72caf0
01-01 00:02:29.899 1595 1629 D CameraHal: (ab57f970) + hardware/ti/dra7xx/camera/V4LCameraAdapter/V4LCameraAdapter.cpp:370 fillThisBuffer - ENTER
01-01 00:02:29.899 1595 1629 D CameraHal: (ab57f970) hardware/ti/dra7xx/camera/V4LCameraAdapter/V4LCameraAdapter.cpp:411 fillThisBuffer - Will return buffer to V4L with id=0
01-01 00:02:29.900 1595 1629 D CameraHal: (ab57f970) - hardware/ti/dra7xx/camera/V4LCameraAdapter/V4LCameraAdapter.cpp:421 fillThisBuffer - EXIT
01-01 00:02:29.914 1595 1635 D CameraHal: (a8cc3970) - hardware/ti/dra7xx/camera/V4LCameraAdapter/V4LCameraAdapter.cpp:809 GetFrame - EXIT
01-01 00:02:29.914 1595 1635 D CameraHal: (a8cc3970) hardware/ti/dra7xx/camera/V4LCameraAdapter/V4LCameraAdapter.cpp:1092 previewThread - GOT IN frame with ID=3
01-01 00:02:29.914 1595 1635 D CameraHal: (a8cc3970) + hardware/ti/dra7xx/camera/V4LCameraAdapter/V4LCameraAdapter.cpp:954 convertYUV422ToNV12Tiler - ENTER
01-01 00:02:29.932 1595 1635 D CameraHal: (a8cc3970) - hardware/ti/dra7xx/camera/V4LCameraAdapter/V4LCameraAdapter.cpp:1027 convertYUV422ToNV12Tiler - EXIT
01-01 00:02:29.932 1595 1635 V CameraHal: (a8cc3970) hardware/ti/dra7xx/camera/V4LCameraAdapter/V4LCameraAdapter.cpp:1116 previewThread - ##...index= 3.;camera buffer= 0xac743980; mapped= 0xaabec000.
01-01 00:02:29.932 1595 1635 D CameraHal: (a8cc3970) + hardware/ti/dra7xx/camera/BaseCameraAdapter.cpp:1416 setInitFrameRefCount - ENTER
01-01 00:02:29.933 1595 1635 D CameraHal: (a8cc3970) + hardware/ti/dra7xx/camera/BaseCameraAdapter.cpp:1559 setFrameRefCountByType - ENTER
01-01 00:02:29.933 1595 1635 D CameraHal: (a8cc3970) - hardware/ti/dra7xx/camera/BaseCameraAdapter.cpp:1603 setFrameRefCountByType - EXIT
01-01 00:02:29.933 1595 1635 D CameraHal: (a8cc3970) - hardware/ti/dra7xx/camera/BaseCameraAdapter.cpp:1469 setInitFrameRefCount - EXIT
01-01 00:02:29.933 1595 1635 D CameraHal: (a8cc3970) + hardware/ti/dra7xx/camera/BaseCameraAdapter.cpp:1489 getFrameRefCountByType - ENTER
01-01 00:02:29.933 1595 1635 D CameraHal: (a8cc3970) - hardware/ti/dra7xx/camera/BaseCameraAdapter.cpp:1551 getFrameRefCountByType - EXIT
01-01 00:02:29.933 1595 1635 V CameraHal: (a8cc3970) hardware/ti/dra7xx/camera/BaseCameraAdapter.cpp:1390 __sendFrameToSubscribers - Type of Frame: 0x1 address: 0xac743980 refCount start 1
01-01 00:02:29.935 1595 1629 V CameraHal: (ab57f970) hardware/ti/dra7xx/camera/ANativeWindowDisplayAdapter.cpp:1214 handleFrameReturn - handleFrameReturn: found graphic buffer 1 of 7
01-01 00:02:29.935 1595 1629 D CameraHal: (ab57f970) + hardware/ti/dra7xx/camera/BaseCameraAdapter.cpp:1489 getFrameRefCountByType - ENTER
01-01 00:02:29.935 1595 1629 D CameraHal: (ab57f970) - hardware/ti/dra7xx/camera/BaseCameraAdapter.cpp:1551 getFrameRefCountByType - EXIT
01-01 00:02:29.935 1595 1629 D CameraHal: (ab57f970) + hardware/ti/dra7xx/camera/BaseCameraAdapter.cpp:1559 setFrameRefCountByType - ENTER
01-01 00:02:29.935 1595 1629 D CameraHal: (ab57f970) - hardware/ti/dra7xx/camera/BaseCameraAdapter.cpp:1603 setFrameRefCountByType - EXIT
01-01 00:02:29.935 1595 1629 V CameraHal: (ab57f970) hardware/ti/dra7xx/camera/BaseCameraAdapter.cpp:378 returnFrame - REFCOUNT 0xac743880 0
01-01 00:02:29.935 1595 1629 V CameraHal: (ab57f970) hardware/ti/dra7xx/camera/CameraHal.cpp:4722 camera_buffer_get_omx_ptr - buffer_type 2 opaque 0xac714ce8
01-01 00:02:29.935 1595 1629 V CameraHal: (ab57f970) hardware/ti/dra7xx/camera/CameraHal.cpp:4726 camera_buffer_get_omx_ptr - anw ac72cb40
01-01 00:02:29.935 1595 1629 E CameraHal: (ab57f970) hardware/ti/dra7xx/camera/BaseCameraAdapter.cpp:392 returnFrame - Buffer already with Ducati!! 0xac743880
01-01 00:02:29.935 1595 1629 E CameraHal: (ab57f970) hardware/ti/dra7xx/camera/BaseCameraAdapter.cpp:393 returnFrame - 0xac72caf0
01-01 00:02:29.935 1595 1629 E CameraHal: (ab57f970) hardware/ti/dra7xx/camera/BaseCameraAdapter.cpp:393 returnFrame - 0xac72cb40
01-01 00:02:29.935 1595 1629 E CameraHal: (ab57f970) hardware/ti/dra7xx/camera/BaseCameraAdapter.cpp:393 returnFrame - 0xac72cb90
01-01 00:02:29.935 1595 1629 E CameraHal: (ab57f970) hardware/ti/dra7xx/camera/BaseCameraAdapter.cpp:393 returnFrame - 0xac72cbe0
01-01 00:02:29.935 1595 1629 E CameraHal: (ab57f970) hardware/ti/dra7xx/camera/BaseCameraAdapter.cpp:393 returnFrame - 0xac72cc30
01-01 00:02:29.935 1595 1629 E CameraHal: (ab57f970) hardware/ti/dra7xx/camera/BaseCameraAdapter.cpp:393 returnFrame - 0xac72ccd0
01-01 00:02:29.935 1595 1629 E CameraHal: (ab57f970) hardware/ti/dra7xx/camera/BaseCameraAdapter.cpp:393 returnFrame - 0xac72cd20
01-01 00:02:29.935 1595 1629 E CameraHal: (ab57f970) hardware/ti/dra7xx/camera/BaseCameraAdapter.cpp:393 returnFrame - 0xac72cd70
01-01 00:02:29.935 1595 1629 V CameraHal: (ab57f970) hardware/ti/dra7xx/camera/CameraHal.cpp:4722 camera_buffer_get_omx_ptr - buffer_type 2 opaque 0xac714ce8
01-01 00:02:29.935 1595 1629 V CameraHal: (ab57f970) hardware/ti/dra7xx/camera/CameraHal.cpp:4726 camera_buffer_get_omx_ptr - anw ac72cb40
01-01 00:02:29.935 1595 1629 D CameraHal: (ab57f970) + hardware/ti/dra7xx/camera/V4LCameraAdapter/V4LCameraAdapter.cpp:370 fillThisBuffer - ENTER
01-01 00:02:29.935 1595 1629 D CameraHal: (ab57f970) hardware/ti/dra7xx/camera/V4LCameraAdapter/V4LCameraAdapter.cpp:411 fillThisBuffer - Will return buffer to V4L with id=1
01-01 00:02:29.935 1595 1629 D CameraHal: (ab57f970) - hardware/ti/dra7xx/camera/V4LCameraAdapter/V4LCameraAdapter.cpp:421 fillThisBuffer - EXIT
01-01 00:02:29.935 1595 1635 D CameraHal: (a8cc3970) + hardware/ti/dra7xx/camera/V4LCameraAdapter/V4LCameraAdapter.cpp:767 GetFrame - ENTER
01-01 00:02:29.947 1595 1635 D CameraHal: (a8cc3970) - hardware/ti/dra7xx/camera/V4LCameraAdapter/V4LCameraAdapter.cpp:809 GetFrame - EXIT
01-01 00:02:29.947 1595 1635 D CameraHal: (a8cc3970) hardware/ti/dra7xx/camera/V4LCameraAdapter/V4LCameraAdapter.cpp:1092 previewThread - GOT IN frame with ID=4
01-01 00:02:29.947 1595 1635 D CameraHal: (a8cc3970) + hardware/ti/dra7xx/camera/V4LCameraAdapter/V4LCameraAdapter.cpp:954 convertYUV422ToNV12Tiler - ENTER
01-01 00:02:29.974 1595 1635 D CameraHal: (a8cc3970) - hardware/ti/dra7xx/camera/V4LCameraAdapter/V4LCameraAdapter.cpp:1027 convertYUV422ToNV12Tiler - EXIT
01-01 00:02:29.974 1595 1635 V CameraHal: (a8cc3970) hardware/ti/dra7xx/camera/V4LCameraAdapter/V4LCameraAdapter.cpp:1116 previewThread - ##...index= 4.;camera buffer= 0xac743a00; mapped= 0xaaa9a000.
01-01 00:02:29.974 1595 1635 D CameraHal: (a8cc3970) + hardware/ti/dra7xx/camera/BaseCameraAdapter.cpp:1416 setInitFrameRefCount - ENTER
01-01 00:02:29.974 1595 1635 D CameraHal: (a8cc3970) + hardware/ti/dra7xx/camera/BaseCameraAdapter.cpp:1559 setFrameRefCountByType - ENTER
01-01 00:02:29.975 1595 1635 D CameraHal: (a8cc3970) - hardware/ti/dra7xx/camera/BaseCameraAdapter.cpp:1603 setFrameRefCountByType - EXIT
01-01 00:02:29.975 1595 1635 D CameraHal: (a8cc3970) - hardware/ti/dra7xx/camera/BaseCameraAdapter.cpp:1469 setInitFrameRefCount - EXIT
01-01 00:02:29.975 1595 1635 D CameraHal: (a8cc3970) + hardware/ti/dra7xx/camera/BaseCameraAdapter.cpp:1489 getFrameRefCountByType - ENTER
01-01 00:02:29.975 1595 1635 D CameraHal: (a8cc3970) - hardware/ti/dra7xx/camera/BaseCameraAdapter.cpp:1551 getFrameRefCountByType - EXIT
01-01 00:02:29.975 1595 1635 V CameraHal: (a8cc3970) hardware/ti/dra7xx/camera/BaseCameraAdapter.cpp:1390 __sendFrameToSubscribers - Type of Frame: 0x1 address: 0xac743a00 refCount start 1
01-01 00:02:29.976 1595 1635 D CameraHal: (a8cc3970) + hardware/ti/dra7xx/camera/V4LCameraAdapter/V4LCameraAdapter.cpp:767 GetFrame - ENTER
01-01 00:02:29.978 1595 1629 V CameraHal: (ab57f970) hardware/ti/dra7xx/camera/ANativeWindowDisplayAdapter.cpp:1214 handleFrameReturn - handleFrameReturn: found graphic buffer 2 of 7
01-01 00:02:29.978 1595 1629 D CameraHal: (ab57f970) + hardware/ti/dra7xx/camera/BaseCameraAdapter.cpp:1489 getFrameRefCountByType - ENTER
01-01 00:02:29.978 1595 1629 D CameraHal: (ab57f970) - hardware/ti/dra7xx/camera/BaseCameraAdapter.cpp:1551 getFrameRefCountByType - EXIT
01-01 00:02:29.978 1595 1629 D CameraHal: (ab57f970) + hardware/ti/dra7xx/camera/BaseCameraAdapter.cpp:1559 setFrameRefCountByType - ENTER
01-01 00:02:29.978 1595 1629 D CameraHal: (ab57f970) - hardware/ti/dra7xx/camera/BaseCameraAdapter.cpp:1603 setFrameRefCountByType - EXIT
01-01 00:02:29.978 1595 1629 V CameraHal: (ab57f970) hardware/ti/dra7xx/camera/BaseCameraAdapter.cpp:378 returnFrame - REFCOUNT 0xac743900 0
01-01 00:02:29.978 1595 1629 V CameraHal: (ab57f970) hardware/ti/dra7xx/camera/CameraHal.cpp:4722 camera_buffer_get_omx_ptr - buffer_type 2 opaque 0xac714d78
01-01 00:02:29.978 1595 1629 V CameraHal: (ab57f970) hardware/ti/dra7xx/camera/CameraHal.cpp:4726 camera_buffer_get_omx_ptr - anw ac72cb90
01-01 00:02:29.978 1595 1629 E CameraHal: (ab57f970) hardware/ti/dra7xx/camera/BaseCameraAdapter.cpp:392 returnFrame - Buffer already with Ducati!! 0xac743900
01-01 00:02:29.978 1595 1629 E CameraHal: (ab57f970) hardware/ti/dra7xx/camera/BaseCameraAdapter.cpp:393 returnFrame - 0xac72caf0
01-01 00:02:29.978 1595 1629 E CameraHal: (ab57f970) hardware/ti/dra7xx/camera/BaseCameraAdapter.cpp:393 returnFrame - 0xac72cb40
01-01 00:02:29.978 1595 1629 E CameraHal: (ab57f970) hardware/ti/dra7xx/camera/BaseCameraAdapter.cpp:393 returnFrame - 0xac72cb90
01-01 00:02:29.978 1595 1629 E CameraHal: (ab57f970) hardware/ti/dra7xx/camera/BaseCameraAdapter.cpp:393 returnFrame - 0xac72cbe0
01-01 00:02:29.978 1595 1629 E CameraHal: (ab57f970) hardware/ti/dra7xx/camera/BaseCameraAdapter.cpp:393 returnFrame - 0xac72cc30
01-01 00:02:29.978 1595 1629 E CameraHal: (ab57f970) hardware/ti/dra7xx/camera/BaseCameraAdapter.cpp:393 returnFrame - 0xac72ccd0
01-01 00:02:29.978 1595 1629 E CameraHal: (ab57f970) hardware/ti/dra7xx/camera/BaseCameraAdapter.cpp:393 returnFrame - 0xac72cd20
01-01 00:02:29.978 1595 1629 E CameraHal: (ab57f970) hardware/ti/dra7xx/camera/BaseCameraAdapter.cpp:393 returnFrame - 0xac72cd70
01-01 00:02:29.978 1595 1629 V CameraHal: (ab57f970) hardware/ti/dra7xx/camera/CameraHal.cpp:4722 camera_buffer_get_omx_ptr - buffer_type 2 opaque 0xac714d78
01-01 00:02:29.978 1595 1629 V CameraHal: (ab57f970) hardware/ti/dra7xx/camera/CameraHal.cpp:4726 camera_buffer_get_omx_ptr - anw ac72cb90
01-01 00:02:29.978 1595 1629 D CameraHal: (ab57f970) + hardware/ti/dra7xx/camera/V4LCameraAdapter/V4LCameraAdapter.cpp:370 fillThisBuffer - ENTER
01-01 00:02:29.978 1595 1629 D CameraHal: (ab57f970) hardware/ti/dra7xx/camera/V4LCameraAdapter/V4LCameraAdapter.cpp:411 fillThisBuffer - Will return buffer to V4L with id=2
01-01 00:02:29.978 1595 1629 D CameraHal: (ab57f970) - hardware/ti/dra7xx/camera/V4LCameraAdapter/V4LCameraAdapter.cpp:421 fillThisBuffer - EXIT
01-01 00:02:29.981 1595 1635 D CameraHal: (a8cc3970) - hardware/ti/dra7xx/camera/V4LCameraAdapter/V4LCameraAdapter.cpp:809 GetFrame - EXIT
01-01 00:02:29.981 1595 1635 D CameraHal: (a8cc3970) hardware/ti/dra7xx/camera/V4LCameraAdapter/V4LCameraAdapter.cpp:1092 previewThread - GOT IN frame with ID=5
01-01 00:02:29.981 1595 1635 D CameraHal: (a8cc3970) + hardware/ti/dra7xx/camera/V4LCameraAdapter/V4LCameraAdapter.cpp:954 convertYUV422ToNV12Tiler - ENTER
01-01 00:02:30.011 1595 1635 D CameraHal: (a8cc3970) - hardware/ti/dra7xx/camera/V4LCameraAdapter/V4LCameraAdapter.cpp:1027 convertYUV422ToNV12Tiler - EXIT
01-01 00:02:30.011 1595 1635 V CameraHal: (a8cc3970) hardware/ti/dra7xx/camera/V4LCameraAdapter/V4LCameraAdapter.cpp:1116 previewThread - ##...index= 5.;camera buffer= 0xac743a80; mapped= 0xaa948000.
01-01 00:02:30.011 1595 1635 D CameraHal: (a8cc3970) + hardware/ti/dra7xx/camera/BaseCameraAdapter.cpp:1416 setInitFrameRefCount - ENTER
01-01 00:02:30.011 1595 1635 D CameraHal: (a8cc3970) + hardware/ti/dra7xx/camera/BaseCameraAdapter.cpp:1559 setFrameRefCountByType - ENTER
01-01 00:02:30.011 1595 1635 D CameraHal: (a8cc3970) - hardware/ti/dra7xx/camera/BaseCameraAdapter.cpp:1603 setFrameRefCountByType - EXIT
01-01 00:02:30.011 1595 1635 D CameraHal: (a8cc3970) - hardware/ti/dra7xx/camera/BaseCameraAdapter.cpp:1469 setInitFrameRefCount - EXIT
01-01 00:02:30.011 1595 1635 D CameraHal: (a8cc3970) + hardware/ti/dra7xx/camera/BaseCameraAdapter.cpp:1489 getFrameRefCountByType - ENTER
01-01 00:02:30.011 1595 1635 D CameraHal: (a8cc3970) - hardware/ti/dra7xx/camera/BaseCameraAdapter.cpp:1551 getFrameRefCountByType - EXIT
01-01 00:02:30.011 1595 1635 V CameraHal: (a8cc3970) hardware/ti/dra7xx/camera/BaseCameraAdapter.cpp:1390 __sendFrameToSubscribers - Type of Frame: 0x1 address: 0xac743a80 refCount start 1
01-01 00:02:30.014 1595 1635 D CameraHal: (a8cc3970) + hardware/ti/dra7xx/camera/V4LCameraAdapter/V4LCameraAdapter.cpp:767 GetFrame - ENTER
01-01 00:02:30.014 1595 1629 V CameraHal: (ab57f970) hardware/ti/dra7xx/camera/ANativeWindowDisplayAdapter.cpp:1214 handleFrameReturn - handleFrameReturn: found graphic buffer 3 of 7
01-01 00:02:30.014 1595 1629 D CameraHal: (ab57f970) + hardware/ti/dra7xx/camera/BaseCameraAdapter.cpp:1489 getFrameRefCountByType - ENTER
01-01 00:02:30.014 1595 1629 D CameraHal: (ab57f970) - hardware/ti/dra7xx/camera/BaseCameraAdapter.cpp:1551 getFrameRefCountByType - EXIT
01-01 00:02:30.014 1595 1629 D CameraHal: (ab57f970) + hardware/ti/dra7xx/camera/BaseCameraAdapter.cpp:1559 setFrameRefCountByType - ENTER
01-01 00:02:30.014 1595 1629 D CameraHal: (ab57f970) - hardware/ti/dra7xx/camera/BaseCameraAdapter.cpp:1603 setFrameRefCountByType - EXIT
01-01 00:02:30.014 1595 1629 V CameraHal: (ab57f970) hardware/ti/dra7xx/camera/BaseCameraAdapter.cpp:378 returnFrame - REFCOUNT 0xac743980 0
01-01 00:02:30.014 1595 1629 V CameraHal: (ab57f970) hardware/ti/dra7xx/camera/CameraHal.cpp:4722 camera_buffer_get_omx_ptr - buffer_type 2 opaque 0xac714eb0
01-01 00:02:30.014 1595 1629 V CameraHal: (ab57f970) hardware/ti/dra7xx/camera/CameraHal.cpp:4726 camera_buffer_get_omx_ptr - anw ac72cbe0
01-01 00:02:30.014 1595 1629 E CameraHal: (ab57f970) hardware/ti/dra7xx/camera/BaseCameraAdapter.cpp:392 returnFrame - Buffer already with Ducati!! 0xac743980
01-01 00:02:30.014 1595 1629 E CameraHal: (ab57f970) hardware/ti/dra7xx/camera/BaseCameraAdapter.cpp:393 returnFrame - 0xac72caf0
01-01 00:02:30.015 1595 1629 E CameraHal: (ab57f970) hardware/ti/dra7xx/camera/BaseCameraAdapter.cpp:393 returnFrame - 0xac72cb40
01-01 00:02:30.015 1595 1629 E CameraHal: (ab57f970) hardware/ti/dra7xx/camera/BaseCameraAdapter.cpp:393 returnFrame - 0xac72cb90
01-01 00:02:30.015 1595 1629 E CameraHal: (ab57f970) hardware/ti/dra7xx/camera/BaseCameraAdapter.cpp:393 returnFrame - 0xac72cbe0
01-01 00:02:30.015 1595 1629 E CameraHal: (ab57f970) hardware/ti/dra7xx/camera/BaseCameraAdapter.cpp:393 returnFrame - 0xac72cc30
01-01 00:02:30.015 1595 1629 E CameraHal: (ab57f970) hardware/ti/dra7xx/camera/BaseCameraAdapter.cpp:393 returnFrame - 0xac72ccd0
01-01 00:02:30.015 1595 1629 E CameraHal: (ab57f970) hardware/ti/dra7xx/camera/BaseCameraAdapter.cpp:393 returnFrame - 0xac72cd20
01-01 00:02:30.015 1595 1629 E CameraHal: (ab57f970) hardware/ti/dra7xx/camera/BaseCameraAdapter.cpp:393 returnFrame - 0xac72cd70
01-01 00:02:30.015 1595 1629 V CameraHal: (ab57f970) hardware/ti/dra7xx/camera/CameraHal.cpp:4722 camera_buffer_get_omx_ptr - buffer_type 2 opaque 0xac714eb0
01-01 00:02:30.015 1595 1629 V CameraHal: (ab57f970) hardware/ti/dra7xx/camera/CameraHal.cpp:4726 camera_buffer_get_omx_ptr - anw ac72cbe0
01-01 00:02:30.015 1595 1629 D CameraHal: (ab57f970) + hardware/ti/dra7xx/camera/V4LCameraAdapter/V4LCameraAdapter.cpp:370 fillThisBuffer - ENTER
01-01 00:02:30.015 1595 1629 D CameraHal: (ab57f970) hardware/ti/dra7xx/camera/V4LCameraAdapter/V4LCameraAdapter.cpp:411 fillThisBuffer - Will return buffer to V4L with id=3
01-01 00:02:30.016 1595 1629 D CameraHal: (ab57f970) - hardware/ti/dra7xx/camera/V4LCameraAdapter/V4LCameraAdapter.cpp:421 fillThisBuffer - EXIT
01-01 00:02:30.020 1595 1635 D CameraHal: (a8cc3970) - hardware/ti/dra7xx/camera/V4LCameraAdapter/V4LCameraAdapter.cpp:809 GetFrame - EXIT
01-01 00:02:30.020 1595 1635 D CameraHal: (a8cc3970) hardware/ti/dra7xx/camera/V4LCameraAdapter/V4LCameraAdapter.cpp:1092 previewThread - GOT IN frame with ID=6
01-01 00:02:30.020 1595 1635 D CameraHal: (a8cc3970) + hardware/ti/dra7xx/camera/V4LCameraAdapter/V4LCameraAdapter.cpp:954 convertYUV422ToNV12Tiler - ENTER
01-01 00:02:30.045 1595 1635 D CameraHal: (a8cc3970) - hardware/ti/dra7xx/camera/V4LCameraAdapter/V4LCameraAdapter.cpp:1027 convertYUV422ToNV12Tiler - EXIT
01-01 00:02:30.045 1595 1635 V CameraHal: (a8cc3970) hardware/ti/dra7xx/camera/V4LCameraAdapter/V4LCameraAdapter.cpp:1116 previewThread - ##...index= 6.;camera buffer= 0xac743b00; mapped= 0xaa7f6000.
01-01 00:02:30.045 1595 1635 D CameraHal: (a8cc3970) + hardware/ti/dra7xx/camera/BaseCameraAdapter.cpp:1416 setInitFrameRefCount - ENTER
01-01 00:02:30.045 1595 1635 D CameraHal: (a8cc3970) + hardware/ti/dra7xx/camera/BaseCameraAdapter.cpp:1559 setFrameRefCountByType - ENTER
01-01 00:02:30.045 1595 1635 D CameraHal: (a8cc3970) - hardware/ti/dra7xx/camera/BaseCameraAdapter.cpp:1603 setFrameRefCountByType - EXIT
01-01 00:02:30.045 1595 1635 D CameraHal: (a8cc3970) - hardware/ti/dra7xx/camera/BaseCameraAdapter.cpp:1469 setInitFrameRefCount - EXIT
01-01 00:02:30.045 1595 1635 D CameraHal: (a8cc3970) + hardware/ti/dra7xx/camera/BaseCameraAdapter.cpp:1489 getFrameRefCountByType - ENTER
01-01 00:02:30.045 1595 1635 D CameraHal: (a8cc3970) - hardware/ti/dra7xx/camera/BaseCameraAdapter.cpp:1551 getFrameRefCountByType - EXIT
01-01 00:02:30.045 1595 1635 V CameraHal: (a8cc3970) hardware/ti/dra7xx/camera/BaseCameraAdapter.cpp:1390 __sendFrameToSubscribers - Type of Frame: 0x1 address: 0xac743b00 refCount start 1
01-01 00:02:30.047 1595 1629 V CameraHal: (ab57f970) hardware/ti/dra7xx/camera/ANativeWindowDisplayAdapter.cpp:1214 handleFrameReturn - handleFrameReturn: found graphic buffer 4 of 7
01-01 00:02:30.047 1595 1629 D CameraHal: (ab57f970) + hardware/ti/dra7xx/camera/BaseCameraAdapter.cpp:1489 getFrameRefCountByType - ENTER
01-01 00:02:30.047 1595 1629 D CameraHal: (ab57f970) - hardware/ti/dra7xx/camera/BaseCameraAdapter.cpp:1551 getFrameRefCountByType - EXIT
01-01 00:02:30.047 1595 1629 D CameraHal: (ab57f970) + hardware/ti/dra7xx/camera/BaseCameraAdapter.cpp:1559 setFrameRefCountByType - ENTER
01-01 00:02:30.047 1595 1629 D CameraHal: (ab57f970) - hardware/ti/dra7xx/camera/BaseCameraAdapter.cpp:1603 setFrameRefCountByType - EXIT
01-01 00:02:30.047 1595 1629 V CameraHal: (ab57f970) hardware/ti/dra7xx/camera/BaseCameraAdapter.cpp:378 returnFrame - REFCOUNT 0xac743a00 0
01-01 00:02:30.047 1595 1629 V CameraHal: (ab57f970) hardware/ti/dra7xx/camera/CameraHal.cpp:4722 camera_buffer_get_omx_ptr - buffer_type 2 opaque 0xac714ef8
01-01 00:02:30.047 1595 1629 V CameraHal: (ab57f970) hardware/ti/dra7xx/camera/CameraHal.cpp:4726 camera_buffer_get_omx_ptr - anw ac72cc30
01-01 00:02:30.047 1595 1629 E CameraHal: (ab57f970) hardware/ti/dra7xx/camera/BaseCameraAdapter.cpp:392 returnFrame - Buffer already with Ducati!! 0xac743a00
01-01 00:02:30.047 1595 1629 E CameraHal: (ab57f970) hardware/ti/dra7xx/camera/BaseCameraAdapter.cpp:393 returnFrame - 0xac72caf0
01-01 00:02:30.047 1595 1629 E CameraHal: (ab57f970) hardware/ti/dra7xx/camera/BaseCameraAdapter.cpp:393 returnFrame - 0xac72cb40
01-01 00:02:30.047 1595 1629 E CameraHal: (ab57f970) hardware/ti/dra7xx/camera/BaseCameraAdapter.cpp:393 returnFrame - 0xac72cb90
01-01 00:02:30.047 1595 1629 E CameraHal: (ab57f970) hardware/ti/dra7xx/camera/BaseCameraAdapter.cpp:393 returnFrame - 0xac72cbe0
01-01 00:02:30.047 1595 1629 E CameraHal: (ab57f970) hardware/ti/dra7xx/camera/BaseCameraAdapter.cpp:393 returnFrame - 0xac72cc30
01-01 00:02:30.047 1595 1629 E CameraHal: (ab57f970) hardware/ti/dra7xx/camera/BaseCameraAdapter.cpp:393 returnFrame - 0xac72ccd0
01-01 00:02:30.047 1595 1629 E CameraHal: (ab57f970) hardware/ti/dra7xx/camera/BaseCameraAdapter.cpp:393 returnFrame - 0xac72cd20
01-01 00:02:30.047 1595 1629 E CameraHal: (ab57f970) hardware/ti/dra7xx/camera/BaseCameraAdapter.cpp:393 returnFrame - 0xac72cd70
01-01 00:02:30.047 1595 1629 V CameraHal: (ab57f970) hardware/ti/dra7xx/camera/CameraHal.cpp:4722 camera_buffer_get_omx_ptr - buffer_type 2 opaque 0xac714ef8
01-01 00:02:30.047 1595 1629 V CameraHal: (ab57f970) hardware/ti/dra7xx/camera/CameraHal.cpp:4726 camera_buffer_get_omx_ptr - anw ac72cc30
01-01 00:02:30.047 1595 1629 D CameraHal: (ab57f970) + hardware/ti/dra7xx/camera/V4LCameraAdapter/V4LCameraAdapter.cpp:370 fillThisBuffer - ENTER
01-01 00:02:30.047 1595 1629 D CameraHal: (ab57f970) hardware/ti/dra7xx/camera/V4LCameraAdapter/V4LCameraAdapter.cpp:411 fillThisBuffer - Will return buffer to V4L with id=4
01-01 00:02:30.047 1595 1629 D CameraHal: (ab57f970) - hardware/ti/dra7xx/camera/V4LCameraAdapter/V4LCameraAdapter.cpp:421 fillThisBuffer - EXIT
01-01 00:02:30.047 1595 1635 D CameraHal: (a8cc3970) + hardware/ti/dra7xx/camera/V4LCameraAdapter/V4LCameraAdapter.cpp:767 GetFrame - ENTER
01-01 00:02:30.048 1595 1635 D CameraHal: (a8cc3970) - hardware/ti/dra7xx/camera/V4LCameraAdapter/V4LCameraAdapter.cpp:809 GetFrame - EXIT
01-01 00:02:30.048 1595 1635 D CameraHal: (a8cc3970) hardware/ti/dra7xx/camera/V4LCameraAdapter/V4LCameraAdapter.cpp:1092 previewThread - GOT IN frame with ID=7
01-01 00:02:30.048 1595 1635 D CameraHal: (a8cc3970) + hardware/ti/dra7xx/camera/V4LCameraAdapter/V4LCameraAdapter.cpp:954 convertYUV422ToNV12Tiler - ENTER
01-01 00:02:30.074 1595 1635 D CameraHal: (a8cc3970) - hardware/ti/dra7xx/camera/V4LCameraAdapter/V4LCameraAdapter.cpp:1027 convertYUV422ToNV12Tiler - EXIT
01-01 00:02:30.074 1595 1635 V CameraHal: (a8cc3970) hardware/ti/dra7xx/camera/V4LCameraAdapter/V4LCameraAdapter.cpp:1116 previewThread - ##...index= 7.;camera buffer= 0xac743b80; mapped= 0xaa6a4000.
01-01 00:02:30.075 1595 1635 D CameraHal: (a8cc3970) + hardware/ti/dra7xx/camera/BaseCameraAdapter.cpp:1416 setInitFrameRefCount - ENTER
01-01 00:02:30.075 1595 1635 D CameraHal: (a8cc3970) + hardware/ti/dra7xx/camera/BaseCameraAdapter.cpp:1559 setFrameRefCountByType - ENTER
01-01 00:02:30.075 1595 1635 D CameraHal: (a8cc3970) - hardware/ti/dra7xx/camera/BaseCameraAdapter.cpp:1603 setFrameRefCountByType - EXIT
01-01 00:02:30.075 1595 1635 D CameraHal: (a8cc3970) - hardware/ti/dra7xx/camera/BaseCameraAdapter.cpp:1469 setInitFrameRefCount - EXIT
01-01 00:02:30.075 1595 1635 D CameraHal: (a8cc3970) + hardware/ti/dra7xx/camera/BaseCameraAdapter.cpp:1489 getFrameRefCountByType - ENTER
01-01 00:02:30.075 1595 1635 D CameraHal: (a8cc3970) - hardware/ti/dra7xx/camera/BaseCameraAdapter.cpp:1551 getFrameRefCountByType - EXIT
01-01 00:02:30.075 1595 1635 V CameraHal: (a8cc3970) hardware/ti/dra7xx/camera/BaseCameraAdapter.cpp:1390 __sendFrameToSubscribers - Type of Frame: 0x1 address: 0xac743b80 refCount start 1
01-01 00:02:30.077 1595 1629 V CameraHal: (ab57f970) hardware/ti/dra7xx/camera/ANativeWindowDisplayAdapter.cpp:1214 handleFrameReturn - handleFrameReturn: found graphic buffer 5 of 7
01-01 00:02:30.077 1595 1629 D CameraHal: (ab57f970) + hardware/ti/dra7xx/camera/BaseCameraAdapter.cpp:1489 getFrameRefCountByType - ENTER
01-01 00:02:30.077 1595 1629 D CameraHal: (ab57f970) - hardware/ti/dra7xx/camera/BaseCameraAdapter.cpp:1551 getFrameRefCountByType - EXIT
01-01 00:02:30.077 1595 1629 D CameraHal: (ab57f970) + hardware/ti/dra7xx/camera/BaseCameraAdapter.cpp:1559 setFrameRefCountByType - ENTER
01-01 00:02:30.077 1595 1629 D CameraHal: (ab57f970) - hardware/ti/dra7xx/camera/BaseCameraAdapter.cpp:1603 setFrameRefCountByType - EXIT
01-01 00:02:30.077 1595 1629 V CameraHal: (ab57f970) hardware/ti/dra7xx/camera/BaseCameraAdapter.cpp:378 returnFrame - REFCOUNT 0xac743a80 0
01-01 00:02:30.077 1595 1629 V CameraHal: (ab57f970) hardware/ti/dra7xx/camera/CameraHal.cpp:4722 camera_buffer_get_omx_ptr - buffer_type 2 opaque 0xac714d60
01-01 00:02:30.077 1595 1629 V CameraHal: (ab57f970) hardware/ti/dra7xx/camera/CameraHal.cpp:4726 camera_buffer_get_omx_ptr - anw ac72ccd0
01-01 00:02:30.077 1595 1629 E CameraHal: (ab57f970) hardware/ti/dra7xx/camera/BaseCameraAdapter.cpp:392 returnFrame - Buffer already with Ducati!! 0xac743a80
01-01 00:02:30.077 1595 1629 E CameraHal: (ab57f970) hardware/ti/dra7xx/camera/BaseCameraAdapter.cpp:393 returnFrame - 0xac72caf0
01-01 00:02:30.077 1595 1629 E CameraHal: (ab57f970) hardware/ti/dra7xx/camera/BaseCameraAdapter.cpp:393 returnFrame - 0xac72cb40
01-01 00:02:30.077 1595 1629 E CameraHal: (ab57f970) hardware/ti/dra7xx/camera/BaseCameraAdapter.cpp:393 returnFrame - 0xac72cb90
