01-01 00:01:08.382 328 328 D RttService: SCAN_AVAILABLE : 1
01-01 00:01:08.382 328 448 I WifiScanningService: wifi driver unloaded
01-01 00:01:08.382 328 449 D RttService: DefaultState got{ when=0 what=160513 target=com.android.internal.util.StateMachine$SmHandler }
01-01 00:01:08.382 328 328 D ZenLog : set_zen_mode: off,cleanUpZenRules
01-01 00:01:08.385 328 328 D ConditionProviders: Subscribing to condition://android/schedule?days=1.2.3.4.5&start=22.0&end=7.0&exitAtAlarm=false with ComponentInfo{android/com.android.server.notification.ScheduleConditionProvider}
01-01 00:01:08.385 328 328 D ZenLog : subscribe: condition://android/schedule?days=1.2.3.4.5&start=22.0&end=7.0&exitAtAlarm=false,ok
01-01 00:01:08.385 328 328 D ConditionProviders: Subscribing to condition://android/schedule?days=6.7&start=23.30&end=10.0&exitAtAlarm=false with ComponentInfo{android/com.android.server.notification.ScheduleConditionProvider}
01-01 00:01:08.385 328 328 D ZenLog : subscribe: condition://android/schedule?days=6.7&start=23.30&end=10.0&exitAtAlarm=false,ok
01-01 00:01:08.385 328 328 D ConditionProviders: Subscribing to condition://android/event?userId=-10000&calendar=&reply=1 with ComponentInfo{android/com.android.server.notification.EventConditionProvider}
01-01 00:01:08.385 328 328 D ZenLog : subscribe: condition://android/event?userId=-10000&calendar=&reply=1,ok
01-01 00:01:08.394 578 578 I CAR.SERVICE: Service onCreate
01-01 00:01:08.402 328 340 I zygote : Waiting for a blocking GC Alloc
01-01 00:01:08.403 578 578 I com.android.car: Looking for service android.hardware.automotive.vehicle@2.0::IVehicle/default
01-01 00:01:08.406 153 153 E SELinux : avc: denied { find } for interface=android.hardware.automotive.vehicle::IVehicle pid=578 scontext=u:r:system_app:s0 tcontext=u:object_r:default_android_hwservice:s0 tclass=hwservice_manager
01-01 00:01:08.407 153 153 W /system/bin/hwservicemanager: getTransportFromManifest: Cannot find entry android.hardware.automotive.vehicle@2.0::IVehicle in either framework or device manifest, using default transport.
01-01 00:01:08.408 328 512 I zygote : Waiting for a blocking GC Alloc
01-01 00:01:08.409 578 578 I com.android.car: Starting thread pool.
01-01 00:01:08.411 578 578 I CAR.SERVICE: Connected to android.hardware.automotive.vehicle@2.0::IVehicle
01-01 00:01:08.411 237 574 E OMXNodeInstance: getExtensionIndex(0xac1a35c0:google.mpeg4.decoder, OMX.google.android.index.configureVideoTunnelMode) ERROR: UnsupportedIndex(0x8000101a)
01-01 00:01:08.412 237 574 E OMXNodeInstance: getExtensionIndex(0xac1a35c0:google.mpeg4.decoder, OMX.google.android.index.enableAndroidNativeBuffers) ERROR: UnsupportedIndex(0x8000101a)
01-01 00:01:08.418 328 339 I zygote : Waiting for a blocking GC Alloc
01-01 00:01:08.420 153 153 W /system/bin/hwservicemanager: getTransportFromManifest: Cannot find entry android.hardware.media.omx@1.0::IOmx in either framework or device manifest, using default transport.
01-01 00:01:08.421 233 306 I OMXClient: Treble IOmx obtained
01-01 00:01:08.421 237 535 I OMXMaster: makeComponentInstance(OMX.google.h263.decoder) in omx@1.0-service process
01-01 00:01:08.425 237 535 E OMXNodeInstance: getExtensionIndex(0xac1a3260:google.h263.decoder, OMX.google.android.index.configureVideoTunnelMode) ERROR: UnsupportedIndex(0x8000101a)
01-01 00:01:08.426 237 535 E OMXNodeInstance: getExtensionIndex(0xac1a3260:google.h263.decoder, OMX.google.android.index.enableAndroidNativeBuffers) ERROR: UnsupportedIndex(0x8000101a)
01-01 00:01:08.431 153 153 W /system/bin/hwservicemanager: getTransportFromManifest: Cannot find entry android.hardware.media.omx@1.0::IOmx in either framework or device manifest, using default transport.
01-01 00:01:08.432 233 306 I OMXClient: Treble IOmx obtained
01-01 00:01:08.432 237 574 I OMXMaster: makeComponentInstance(OMX.google.h264.decoder) in omx@1.0-service process
01-01 00:01:08.438 328 579 I zygote : Waiting for a blocking GC Alloc
01-01 00:01:08.445 237 574 E OMXNodeInstance: getExtensionIndex(0xac1a35c0:google.h264.decoder, OMX.google.android.index.configureVideoTunnelMode) ERROR: UnsupportedIndex(0x8000101a)
01-01 00:01:08.445 237 574 E OMXNodeInstance: getExtensionIndex(0xac1a35c0:google.h264.decoder, OMX.google.android.index.enableAndroidNativeBuffers) ERROR: UnsupportedIndex(0x8000101a)
01-01 00:01:08.448 153 153 W /system/bin/hwservicemanager: getTransportFromManifest: Cannot find entry android.hardware.media.omx@1.0::IOmx in either framework or device manifest, using default transport.
01-01 00:01:08.449 233 306 I OMXClient: Treble IOmx obtained
01-01 00:01:08.449 237 289 I OMXMaster: makeComponentInstance(OMX.google.hevc.decoder) in omx@1.0-service process
01-01 00:01:08.451 328 587 I zygote : Waiting for a blocking GC Alloc
01-01 00:01:08.468 237 289 E OMXNodeInstance: getExtensionIndex(0xac1a30e0:google.hevc.decoder, OMX.google.android.index.configureVideoTunnelMode) ERROR: UnsupportedIndex(0x8000101a)
01-01 00:01:08.468 237 289 E OMXNodeInstance: getExtensionIndex(0xac1a30e0:google.hevc.decoder, OMX.google.android.index.enableAndroidNativeBuffers) ERROR: UnsupportedIndex(0x8000101a)
01-01 00:01:08.479 153 153 W /system/bin/hwservicemanager: getTransportFromManifest: Cannot find entry android.hardware.media.omx@1.0::IOmx in either framework or device manifest, using default transport.
01-01 00:01:08.481 233 306 I OMXClient: Treble IOmx obtained
01-01 00:01:08.481 237 289 I OMXMaster: makeComponentInstance(OMX.google.vp8.decoder) in omx@1.0-service process
01-01 00:01:08.490 237 289 E OMXNodeInstance: getExtensionIndex(0xac1a30e0:google.vp8.decoder, OMX.google.android.index.configureVideoTunnelMode) ERROR: UnsupportedIndex(0x8000101a)
01-01 00:01:08.490 237 289 E OMXNodeInstance: getExtensionIndex(0xac1a30e0:google.vp8.decoder, OMX.google.android.index.enableAndroidNativeBuffers) ERROR: UnsupportedIndex(0x8000101a)
01-01 00:01:08.501 153 153 W /system/bin/hwservicemanager: getTransportFromManifest: Cannot find entry android.hardware.media.omx@1.0::IOmx in either framework or device manifest, using default transport.
01-01 00:01:08.503 233 306 I OMXClient: Treble IOmx obtained
01-01 00:01:08.503 237 289 I OMXMaster: makeComponentInstance(OMX.google.vp9.decoder) in omx@1.0-service process
01-01 00:01:08.507 237 574 E OMXNodeInstance: getExtensionIndex(0xac1a30e0:google.vp9.decoder, OMX.google.android.index.configureVideoTunnelMode) ERROR: UnsupportedIndex(0x8000101a)
01-01 00:01:08.508 237 574 E OMXNodeInstance: getExtensionIndex(0xac1a30e0:google.vp9.decoder, OMX.google.android.index.enableAndroidNativeBuffers) ERROR: UnsupportedIndex(0x8000101a)
01-01 00:01:08.512 153 153 W /system/bin/hwservicemanager: getTransportFromManifest: Cannot find entry android.hardware.media.omx@1.0::IOmx in either framework or device manifest, using default transport.
01-01 00:01:08.514 233 306 I OMXClient: Treble IOmx obtained
01-01 00:01:08.514 237 574 I OMXMaster: makeComponentInstance(OMX.google.h263.encoder) in omx@1.0-service process
01-01 00:01:08.521 237 574 I SoftMPEG4Encoder: Construct SoftMPEG4Encoder
01-01 00:01:08.524 233 306 W OMXUtils: do not know color format 0x7f000789 = 2130708361
01-01 00:01:08.524 513 513 D AndroidRuntime: >>>>>> START com.android.internal.os.WebViewZygoteInit uid 1053 <<<<<<
01-01 00:01:08.525 237 574 E OMXNodeInstance: getConfig(0xac1a30e0:google.h263.encoder, ConfigAndroidIntraRefresh(0x6f60000a)) ERROR: Undefined(0x80001001)
01-01 00:01:08.528 153 153 W /system/bin/hwservicemanager: getTransportFromManifest: Cannot find entry android.hardware.media.omx@1.0::IOmx in either framework or device manifest, using default transport.
01-01 00:01:08.529 233 306 I OMXClient: Treble IOmx obtained
01-01 00:01:08.529 237 535 I OMXMaster: makeComponentInstance(OMX.google.h264.encoder) in omx@1.0-service process
01-01 00:01:08.532 328 338 I zygote : Background concurrent copying GC freed 24953(2MB) AllocSpace objects, 8(176KB) LOS objects, 42% free, 3MB/6MB, paused 6.596ms total 146.676ms
01-01 00:01:08.533 328 340 I zygote : WaitForGcToComplete blocked for 130.777ms for cause Alloc
01-01 00:01:08.533 328 340 I zygote : Starting a blocking GC Alloc
01-01 00:01:08.533 328 512 I zygote : WaitForGcToComplete blocked for 124.934ms for cause Alloc
01-01 00:01:08.533 328 512 I zygote : Starting a blocking GC Alloc
01-01 00:01:08.533 328 339 I zygote : WaitForGcToComplete blocked for 114.768ms for cause Alloc
01-01 00:01:08.533 328 339 I zygote : Starting a blocking GC Alloc
01-01 00:01:08.533 328 579 I zygote : WaitForGcToComplete blocked for 95.547ms for cause Alloc
01-01 00:01:08.533 328 579 I zygote : Starting a blocking GC Alloc
01-01 00:01:08.541 328 587 I zygote : WaitForGcToComplete blocked for 89.276ms for cause Alloc
01-01 00:01:08.541 328 587 I zygote : Starting a blocking GC Alloc
01-01 00:01:08.541 513 513 I /system/bin/webview_zygote32: option[0]=-Xzygote
01-01 00:01:08.541 513 513 I /system/bin/webview_zygote32: option[1]=-Xstacktracefile:/data/anr/traces.txt
01-01 00:01:08.541 513 513 I /system/bin/webview_zygote32: option[2]=exit
01-01 00:01:08.541 513 513 I /system/bin/webview_zygote32: option[3]=vfprintf
01-01 00:01:08.541 513 513 I /system/bin/webview_zygote32: option[4]=sensitiveThread
01-01 00:01:08.541 513 513 I /system/bin/webview_zygote32: option[5]=-verbose:gc
01-01 00:01:08.541 513 513 I /system/bin/webview_zygote32: option[6]=-Xms4m
01-01 00:01:08.541 513 513 I /system/bin/webview_zygote32: option[7]=-Xmx16m
01-01 00:01:08.541 513 513 I /system/bin/webview_zygote32: option[8]=-Xusejit:true
01-01 00:01:08.541 513 513 I /system/bin/webview_zygote32: option[9]=-Xjitsaveprofilinginfo
01-01 00:01:08.541 513 513 I /system/bin/webview_zygote32: option[10]=-agentlib:jdwp=transport=dt_android_adb,suspend=n,server=y
01-01 00:01:08.541 513 513 I /system/bin/webview_zygote32: option[11]=-Xlockprofthreshold:500
01-01 00:01:08.542 513 513 I /system/bin/webview_zygote32: option[12]=-Ximage-compiler-option
01-01 00:01:08.542 513 513 I /system/bin/webview_zygote32: option[13]=--runtime-arg
01-01 00:01:08.542 513 513 I /system/bin/webview_zygote32: option[14]=-Ximage-compiler-option
01-01 00:01:08.542 513 513 I /system/bin/webview_zygote32: option[15]=-Xms64m
01-01 00:01:08.542 513 513 I /system/bin/webview_zygote32: option[16]=-Ximage-compiler-option
01-01 00:01:08.542 513 513 I /system/bin/webview_zygote32: option[17]=--runtime-arg
01-01 00:01:08.542 513 513 I /system/bin/webview_zygote32: option[18]=-Ximage-compiler-option
01-01 00:01:08.542 513 513 I /system/bin/webview_zygote32: option[19]=-Xmx64m
01-01 00:01:08.542 513 513 I /system/bin/webview_zygote32: option[20]=-Ximage-compiler-option
01-01 00:01:08.543 513 513 I /system/bin/webview_zygote32: option[21]=--image-classes=/system/etc/preloaded-classes
01-01 00:01:08.543 513 513 I /system/bin/webview_zygote32: option[22]=-Ximage-compiler-option
01-01 00:01:08.543 513 513 I /system/bin/webview_zygote32: option[23]=--compiled-classes=/system/etc/compiled-classes
01-01 00:01:08.543 513 513 I /system/bin/webview_zygote32: option[24]=-Xcompiler-option
01-01 00:01:08.543 513 513 I /system/bin/webview_zygote32: option[25]=--runtime-arg
01-01 00:01:08.543 513 513 I /system/bin/webview_zygote32: option[26]=-Xcompiler-option
01-01 00:01:08.543 513 513 I /system/bin/webview_zygote32: option[27]=-Xms64m
01-01 00:01:08.544 513 513 I /system/bin/webview_zygote32: option[28]=-Xcompiler-option
01-01 00:01:08.544 513 513 I /system/bin/webview_zygote32: option[29]=--runtime-arg
01-01 00:01:08.544 513 513 I /system/bin/webview_zygote32: option[30]=-Xcompiler-option
01-01 00:01:08.544 513 513 I /system/bin/webview_zygote32: option[31]=-Xmx512m
01-01 00:01:08.544 513 513 I /system/bin/webview_zygote32: option[32]=-Ximage-compiler-option
01-01 00:01:08.544 513 513 I /system/bin/webview_zygote32: option[33]=--instruction-set-variant=cortex-a15
01-01 00:01:08.544 513 513 I /system/bin/webview_zygote32: option[34]=-Xcompiler-option
01-01 00:01:08.544 513 513 I /system/bin/webview_zygote32: option[35]=--instruction-set-variant=cortex-a15
01-01 00:01:08.544 513 513 I /system/bin/webview_zygote32: option[36]=-Ximage-compiler-option
01-01 00:01:08.544 513 513 I /system/bin/webview_zygote32: option[37]=--instruction-set-features=default
01-01 00:01:08.544 513 513 I /system/bin/webview_zygote32: option[38]=-Xcompiler-option
01-01 00:01:08.544 513 513 I /system/bin/webview_zygote32: option[39]=--instruction-set-features=default
01-01 00:01:08.544 513 513 I /system/bin/webview_zygote32: option[40]=-Duser.locale=en-US
01-01 00:01:08.544 513 513 I /system/bin/webview_zygote32: option[41]=--cpu-abilist=armeabi-v7a,armeabi
01-01 00:01:08.544 513 513 I /system/bin/webview_zygote32: option[42]=-Xfingerprint:TI/full_jacinto6evm/jacinto6evm:8.0.0/OPR6.170623.013/rtrk12022048:userdebug/test-keys
01-01 00:01:08.563 233 306 W OMXUtils: do not know color format 0x7f000789 = 2130708361
01-01 00:01:08.565 495 495 V MediaRouter: Adding route: RouteInfo{ name=Tablet, description=null, status=null, category=RouteCategory{ name=System types=ROUTE_TYPE_LIVE_AUDIO ROUTE_TYPE_LIVE_VIDEO groupable=false }, supportedTypes=ROUTE_TYPE_LIVE_AUDIO ROUTE_TYPE_LIVE_VIDEO , presentationDisplay=null }
01-01 00:01:08.574 153 153 W /system/bin/hwservicemanager: getTransportFromManifest: Cannot find entry android.hardware.media.omx@1.0::IOmx in either framework or device manifest, using default transport.
01-01 00:01:08.575 233 306 I OMXClient: Treble IOmx obtained
01-01 00:01:08.575 237 535 I OMXMaster: makeComponentInstance(OMX.google.mpeg4.encoder) in omx@1.0-service process
01-01 00:01:08.577 237 535 I SoftMPEG4Encoder: Construct SoftMPEG4Encoder
01-01 00:01:08.583 233 306 W OMXUtils: do not know color format 0x7f000789 = 2130708361
01-01 00:01:08.584 237 535 E OMXNodeInstance: getConfig(0xac1a3560:google.mpeg4.encoder, ConfigAndroidIntraRefresh(0x6f60000a)) ERROR: Undefined(0x80001001)
01-01 00:01:08.586 153 153 W /system/bin/hwservicemanager: getTransportFromManifest: Cannot find entry android.hardware.media.omx@1.0::IOmx in either framework or device manifest, using default transport.
01-01 00:01:08.587 233 306 I OMXClient: Treble IOmx obtained
01-01 00:01:08.588 237 574 I OMXMaster: makeComponentInstance(OMX.google.vp8.encoder) in omx@1.0-service process
01-01 00:01:08.604 578 578 E BluetoothAdapter: Bluetooth binder is null
01-01 00:01:08.604 578 578 W BTDevConnectionPolicy: No Bluetooth Adapter Available
01-01 00:01:08.604 175 652 I automotive.vehicle@2.0-impl: getAllPropConfigs called
01-01 00:01:08.625 175 652 I automotive.vehicle@2.0-impl: SubscriptionManager::addOrUpdateSubscription, callback: 0xa7fb9000
01-01 00:01:08.625 175 652 I automotive.vehicle@2.0-impl: Creating new client and linking to death recipient, cookie: 0xffffffffa7fcc000
01-01 00:01:08.625 175 652 I automotive.vehicle@2.0-impl: SubscriptionManager::addOrUpdateSubscription, prop: 0x11400a01
01-01 00:01:08.626 175 652 I automotive.vehicle@2.0-impl: addOrUpdateSubscription opts.propId: 0x11400a01
01-01 00:01:08.626 175 652 I DefaultVehicleHal_v2_0: subscribe propId: 0x11400a01, sampleRate: 0.000000
01-01 00:01:08.631 495 495 V MediaRouter: Selecting route: RouteInfo{ name=Tablet, description=null, status=null, category=RouteCategory{ name=System types=ROUTE_TYPE_LIVE_AUDIO ROUTE_TYPE_LIVE_VIDEO groupable=false }, supportedTypes=ROUTE_TYPE_LIVE_AUDIO ROUTE_TYPE_LIVE_VIDEO , presentationDisplay=null }
01-01 00:01:08.632 175 652 E automotive.vehicle@2.0-impl: Failed to get value: config not found, property: 0x11400904
01-01 00:01:08.639 233 306 W OMXUtils: do not know color format 0x7f000789 = 2130708361
01-01 00:01:08.639 237 535 E OMXNodeInstance: getConfig(0xac1a3200:google.vp8.encoder, ConfigAndroidIntraRefresh(0x6f60000a)) ERROR: Undefined(0x80001001)
01-01 00:01:08.639 175 652 I automotive.vehicle@2.0-impl: SubscriptionManager::addOrUpdateSubscription, callback: 0xa7fb9060
01-01 00:01:08.639 175 652 I automotive.vehicle@2.0-impl: SubscriptionManager::addOrUpdateSubscription, prop: 0x16200b02
01-01 00:01:08.639 175 652 I automotive.vehicle@2.0-impl: addOrUpdateSubscription opts.propId: 0x16200b02
01-01 00:01:08.639 175 652 I DefaultVehicleHal_v2_0: subscribe propId: 0x16200b02, sampleRate: 0.000000
01-01 00:01:08.643 175 652 I automotive.vehicle@2.0-impl: SubscriptionManager::addOrUpdateSubscription, callback: 0xa7fb9060
01-01 00:01:08.643 175 652 I automotive.vehicle@2.0-impl: SubscriptionManager::addOrUpdateSubscription, prop: 0x12400500
01-01 00:01:08.643 175 652 I automotive.vehicle@2.0-impl: addOrUpdateSubscription opts.propId: 0x12400500
01-01 00:01:08.643 175 652 I DefaultVehicleHal_v2_0: subscribe propId: 0x12400500, sampleRate: 0.000000
01-01 00:01:08.644 175 652 I automotive.vehicle@2.0-impl: SubscriptionManager::addOrUpdateSubscription, callback: 0xa7fb9060
01-01 00:01:08.644 175 652 I automotive.vehicle@2.0-impl: SubscriptionManager::addOrUpdateSubscription, prop: 0x12200510
01-01 00:01:08.644 175 652 I automotive.vehicle@2.0-impl: addOrUpdateSubscription opts.propId: 0x12200510
01-01 00:01:08.644 175 652 I DefaultVehicleHal_v2_0: subscribe propId: 0x12200510, sampleRate: 0.000000
01-01 00:01:08.645 175 652 I automotive.vehicle@2.0-impl: SubscriptionManager::addOrUpdateSubscription, callback: 0xa7fb9060
01-01 00:01:08.645 175 652 I automotive.vehicle@2.0-impl: SubscriptionManager::addOrUpdateSubscription, prop: 0x12400501
01-01 00:01:08.645 175 652 I automotive.vehicle@2.0-impl: addOrUpdateSubscription opts.propId: 0x12400501
01-01 00:01:08.645 175 652 I DefaultVehicleHal_v2_0: subscribe propId: 0x12400501, sampleRate: 0.000000
01-01 00:01:08.645 175 652 W automotive.vehicle@2.0-impl: Sample rate 0.000000 is lower than min 1.000000. Setting sampling rate to min.
01-01 00:01:08.645 175 652 I automotive.vehicle@2.0-impl: SubscriptionManager::addOrUpdateSubscription, callback: 0xa7fb9060
01-01 00:01:08.645 175 652 I automotive.vehicle@2.0-impl: SubscriptionManager::addOrUpdateSubscription, prop: 0x11600703
01-01 00:01:08.645 175 652 I automotive.vehicle@2.0-impl: addOrUpdateSubscription opts.propId: 0x11600703
01-01 00:01:08.645 175 652 I DefaultVehicleHal_v2_0: subscribe propId: 0x11600703, sampleRate: 1.000000
01-01 00:01:08.645 153 153 W /system/bin/hwservicemanager: getTransportFromManifest: Cannot find entry android.hardware.media.omx@1.0::IOmx in either framework or device manifest, using default transport.
01-01 00:01:08.646 175 652 I automotive.vehicle@2.0-impl: SubscriptionManager::addOrUpdateSubscription, callback: 0xa7fb9060
01-01 00:01:08.646 175 652 I automotive.vehicle@2.0-impl: SubscriptionManager::addOrUpdateSubscription, prop: 0x12600503
01-01 00:01:08.646 175 652 I automotive.vehicle@2.0-impl: addOrUpdateSubscription opts.propId: 0x12600503
01-01 00:01:08.646 175 652 I DefaultVehicleHal_v2_0: subscribe propId: 0x12600503, sampleRate: 0.000000
01-01 00:01:08.646 233 306 I OMXClient: Treble IOmx obtained
01-01 00:01:08.646 237 574 I OMXMaster: makeComponentInstance(OMX.google.vp9.encoder) in omx@1.0-service process
01-01 00:01:08.647 175 652 I automotive.vehicle@2.0-impl: SubscriptionManager::addOrUpdateSubscription, callback: 0xa7fb9060
01-01 00:01:08.647 175 652 I automotive.vehicle@2.0-impl: SubscriptionManager::addOrUpdateSubscription, prop: 0x13200504
01-01 00:01:08.647 175 652 I automotive.vehicle@2.0-impl: addOrUpdateSubscription opts.propId: 0x13200504
01-01 00:01:08.647 175 652 I DefaultVehicleHal_v2_0: subscribe propId: 0x13200504, sampleRate: 0.000000
01-01 00:01:08.647 175 652 I automotive.vehicle@2.0-impl: SubscriptionManager::addOrUpdateSubscription, callback: 0xa7fb9060
01-01 00:01:08.647 175 652 I automotive.vehicle@2.0-impl: SubscriptionManager::addOrUpdateSubscription, prop: 0x12200505
01-01 00:01:08.647 175 652 I automotive.vehicle@2.0-impl: addOrUpdateSubscription opts.propId: 0x12200505
01-01 00:01:08.647 175 652 I DefaultVehicleHal_v2_0: subscribe propId: 0x12200505, sampleRate: 0.000000
01-01 00:01:08.648 175 652 I automotive.vehicle@2.0-impl: SubscriptionManager::addOrUpdateSubscription, callback: 0xa7fb9060
01-01 00:01:08.648 175 652 I automotive.vehicle@2.0-impl: SubscriptionManager::addOrUpdateSubscription, prop: 0x12200508
01-01 00:01:08.648 175 652 I automotive.vehicle@2.0-impl: addOrUpdateSubscription opts.propId: 0x12200508
01-01 00:01:08.648 175 652 I DefaultVehicleHal_v2_0: subscribe propId: 0x12200508, sampleRate: 0.000000
01-01 00:01:08.648 175 652 I automotive.vehicle@2.0-impl: SubscriptionManager::addOrUpdateSubscription, callback: 0xa7fb9060
01-01 00:01:08.648 175 652 I automotive.vehicle@2.0-impl: SubscriptionManager::addOrUpdateSubscription, prop: 0x1220050a
01-01 00:01:08.648 175 652 I automotive.vehicle@2.0-impl: addOrUpdateSubscription opts.propId: 0x1220050a
01-01 00:01:08.648 175 652 I DefaultVehicleHal_v2_0: subscribe propId: 0x1220050a, sampleRate: 0.000000
01-01 00:01:08.649 578 578 E CAR.HAL : Cannot subscribe to property: 568329830
01-01 00:01:08.650 578 578 W CAR.POWER: Vehicle hal does not support power state yet.
01-01 00:01:08.651 578 679 I CAR.POWER: Power state change:PowerState state:3, param:0
01-01 00:01:08.654 578 679 I CAR.POWER: on display
01-01 00:01:08.658 578 578 I CAR.SENSOR: initial driving status: 0x0
01-01 00:01:08.659 578 578 I CAR.SENSOR: initial daynight: 0
01-01 00:01:08.660 578 578 W CAR.INPUT: Hal does not support key input.
01-01 00:01:08.662 233 306 W OMXUtils: do not know color format 0x7f000789 = 2130708361
01-01 00:01:08.664 237 574 E OMXNodeInstance: getConfig(0xac1a35c0:google.vp9.encoder, ConfigAndroidIntraRefresh(0x6f60000a)) ERROR: Undefined(0x80001001)
01-01 00:01:08.673 153 153 W /system/bin/hwservicemanager: getTransportFromManifest: Cannot find entry android.hardware.media.omx@1.0::IOmx in either framework or device manifest, using default transport.
01-01 00:01:08.676 233 306 I OMXClient: Treble IOmx obtained
01-01 00:01:08.679 153 153 W /system/bin/hwservicemanager: getTransportFromManifest: Cannot find entry android.hardware.media.omx@1.0::IOmx in either framework or device manifest, using default transport.
01-01 00:01:08.685 233 306 I OMXClient: Treble IOmx obtained
01-01 00:01:08.685 233 306 W MediaCodecList: unable to open media codecs configuration xml file: /data/misc/media/media_codecs_profiling_results.xml
01-01 00:01:08.694 153 153 W /system/bin/hwservicemanager: getTransportFromManifest: Cannot find entry android.hardware.media.omx@1.0::IOmx in either framework or device manifest, using default transport.
01-01 00:01:08.695 606 606 D CryptKeeper: Disabling component ComponentInfo{com.android.settings/com.android.settings.CryptKeeper}
01-01 00:01:08.696 328 340 D PackageManager: Ephemeral installer not found with new action; try old one
01-01 00:01:08.696 328 340 D PackageManager: Clear ephemeral installer activity
01-01 00:01:08.697 328 340 I WindowManager: Screen frozen for +633ms due to AppWindowToken{f2aa43a token=Token{dfc7bd7 ActivityRecord{721df56 u0 com.android.settings/.CryptKeeper t1}}}
01-01 00:01:08.701 328 501 I OMXClient: Treble IOmx obtained
01-01 00:01:08.703 237 574 I OMXMaster: makeComponentInstance(OMX.google.vorbis.decoder) in omx@1.0-service process
01-01 00:01:08.722 237 677 E OMXNodeInstance: getConfig(0xac1a35c0:google.vorbis.decoder, ConfigAndroidVendorExtension(0x6f100004)) ERROR: Undefined(0x80001001)
01-01 00:01:08.726 328 339 I ActivityManager: START u0 {act=android.intent.action.MAIN cat=[android.intent.category.HOME] flg=0x10000100 cmp=com.android.settings/.FallbackHome} from uid 0
01-01 00:01:08.734 173 173 W /system/bin/hw/android.hidl.allocator@1.0-service: ashmem_create_region(32768) returning hidl_memory(0xb4b98820, 32768)
01-01 00:01:08.769 328 328 I AccountsDb: Creating DE database for user 0
01-01 00:01:08.785 173 173 W /system/bin/hw/android.hidl.allocator@1.0-service: ashmem_create_region(32768) returning hidl_memory(0xb4b98820, 32768)
01-01 00:01:08.809 328 339 W ActivityManager: Slow operation: 79ms so far, now at startProcess: returned from zygote!
01-01 00:01:08.809 328 339 W ActivityManager: Slow operation: 79ms so far, now at startProcess: done updating battery stats
01-01 00:01:08.809 328 339 W ActivityManager: Slow operation: 79ms so far, now at startProcess: building log message
01-01 00:01:08.809 328 339 I ActivityManager: Start proc 689:com.android.settings/1000 for activity com.android.settings/.FallbackHome
01-01 00:01:08.809 328 339 W ActivityManager: Slow operation: 79ms so far, now at startProcess: starting to update pids map
01-01 00:01:08.809 328 339 W ActivityManager: Slow operation: 79ms so far, now at startProcess: done updating pids map
01-01 00:01:08.809 328 339 W ActivityManager: Slow operation: 79ms so far, now at startProcess: done starting proc!
01-01 00:01:08.849 173 173 I chatty : uid=1000(system) allocator@1.0-s identical 9 lines
01-01 00:01:08.849 173 173 W /system/bin/hw/android.hidl.allocator@1.0-service: ashmem_create_region(32768) returning hidl_memory(0xb4b98820, 32768)
01-01 00:01:08.855 495 495 W SoundPool: Use of stream types is deprecated for operations other than volume control
01-01 00:01:08.856 495 495 W SoundPool: See the documentation of SoundPool() for what to use instead with android.media.AudioAttributes to qualify your playback use case
01-01 00:01:08.864 578 578 W CAR.AUDIO: Audio routing policy did not cover logical stream 10
01-01 00:01:08.871 578 578 E CAR.AUDIO: setupDynamicRouting, no output device available, ignore
01-01 00:01:08.872 578 578 W CAR.AUDIO: Vehicle HAL did not implement VehicleProperty.AUDIO_ROUTING_POLICY
01-01 00:01:08.883 222 222 D PermissionCache: checking android.permission.MODIFY_AUDIO_ROUTING for uid=1000 => granted (550 us)
01-01 00:01:08.892 175 652 I automotive.vehicle@2.0-impl: SubscriptionManager::addOrUpdateSubscription, callback: 0xa7fb9060
01-01 00:01:08.892 175 652 I automotive.vehicle@2.0-impl: SubscriptionManager::addOrUpdateSubscription, prop: 0x11200407
01-01 00:01:08.892 175 652 I automotive.vehicle@2.0-impl: addOrUpdateSubscription opts.propId: 0x11200407
01-01 00:01:08.892 175 652 I DefaultVehicleHal_v2_0: subscribe propId: 0x11200407, sampleRate: 0.000000
01-01 00:01:08.901 578 578 D CAR.CLUSTER: bindInstrumentClusterRendererService, component: android.car.cluster.loggingrenderer/.LoggingClusterRenderingService
01-01 00:01:08.906 578 578 W ContextImpl: Calling a method in the system process without a qualified user: android.app.ContextImpl.bindService:1540 android.content.ContextWrapper.bindService:678 com.android.car.cluster.InstrumentClusterService.bindInstrumentClusterRendererService:191 com.android.car.cluster.InstrumentClusterService.init:109 com.android.car.ICarImpl.init:159
01-01 00:01:08.917 328 587 W ActivityManager: Unable to start service Intent { cmp=android.car.cluster.loggingrenderer/.LoggingClusterRenderingService } U=0: not found
01-01 00:01:08.927 578 679 I CAR.SYS : Media unmute
01-01 00:01:08.927 328 339 I MediaFocusControl: AudioFocus abandonAudioFocus() from uid/pid 1000/578 clientId=android.media.AudioManager@daaf4fcom.android.car.CarAudioService$MediaMuteAudioFocusListener@4a0e6dc
01-01 00:01:08.934 153 153 W /system/bin/hwservicemanager: getTransportFromManifest: Cannot find entry android.hardware.media.omx@1.0::IOmx in either framework or device manifest, using default transport.
01-01 00:01:08.936 153 153 W /system/bin/hwservicemanager: getTransportFromManifest: Cannot find entry android.hardware.media.omx@1.0::IOmx in either framework or device manifest, using default transport.
01-01 00:01:08.937 328 701 I OMXClient: Treble IOmx obtained
01-01 00:01:08.938 237 574 I OMXMaster: makeComponentInstance(OMX.google.vorbis.decoder) in omx@1.0-service process
01-01 00:01:08.944 237 677 E OMXNodeInstance: getConfig(0xac1a35c0:google.vorbis.decoder, ConfigAndroidVendorExtension(0x6f100004)) ERROR: Undefined(0x80001001)
01-01 00:01:08.952 175 652 I automotive.vehicle@2.0-impl: SubscriptionManager::addOrUpdateSubscription, callback: 0xa7fb9060
01-01 00:01:08.953 175 652 I automotive.vehicle@2.0-impl: SubscriptionManager::addOrUpdateSubscription, prop: 0x11400409
01-01 00:01:08.953 175 652 I automotive.vehicle@2.0-impl: addOrUpdateSubscription opts.propId: 0x11400409
01-01 00:01:08.953 175 652 I DefaultVehicleHal_v2_0: subscribe propId: 0x11400409, sampleRate: 0.000000
01-01 00:01:08.954 173 173 W /system/bin/hw/android.hidl.allocator@1.0-service: ashmem_create_region(32768) returning hidl_memory(0xb4b98820, 32768)
01-01 00:01:08.955 173 173 I chatty : uid=1000(system) allocator@1.0-s identical 1 line
01-01 00:01:08.956 173 173 W /system/bin/hw/android.hidl.allocator@1.0-service: ashmem_create_region(32768) returning hidl_memory(0xb4b98820, 32768)
01-01 00:01:08.958 495 700 I OMXClient: Treble IOmx obtained
01-01 00:01:08.958 173 173 W /system/bin/hw/android.hidl.allocator@1.0-service: ashmem_create_region(32768) returning hidl_memory(0xb4b98820, 32768)
01-01 00:01:08.960 237 574 I OMXMaster: makeComponentInstance(OMX.google.vorbis.decoder) in omx@1.0-service process
01-01 00:01:08.971 237 574 E OMXNodeInstance: getConfig(0xac1a3620:google.vorbis.decoder, ConfigAndroidVendorExtension(0x6f100004)) ERROR: Undefined(0x80001001)
01-01 00:01:08.975 173 173 W /system/bin/hw/android.hidl.allocator@1.0-service: ashmem_create_region(32768) returning hidl_memory(0xb4b98820, 32768)
01-01 00:01:09.090 328 328 W ContextImpl: Calling a method in the system process without a qualified user: android.app.ContextImpl.startService:1460 com.android.server.content.SyncManager$13.run:659 android.os.Handler.handleCallback:789 android.os.Handler.dispatchMessage:98 android.os.Looper.loop:164
01-01 00:01:09.057 173 173 I chatty : uid=1000(system) allocator@1.0-s identical 18 lines
01-01 00:01:09.058 173 173 W /system/bin/hw/android.hidl.allocator@1.0-service: ashmem_create_region(32768) returning hidl_memory(0xb4b98820, 32768)
01-01 00:01:09.098 175 652 I automotive.vehicle@2.0-impl: SubscriptionManager::addOrUpdateSubscription, callback: 0xa7fb9060
01-01 00:01:09.099 175 652 I automotive.vehicle@2.0-impl: SubscriptionManager::addOrUpdateSubscription, prop: 0x11400404
01-01 00:01:09.099 175 652 I automotive.vehicle@2.0-impl: addOrUpdateSubscription opts.propId: 0x11400404
01-01 00:01:09.099 175 652 I DefaultVehicleHal_v2_0: subscribe propId: 0x11400404, sampleRate: 0.000000
01-01 00:01:09.116 328 579 W ActivityManager: Slow operation: 77ms so far, now at attachApplicationLocked: after mServices.attachApplicationLocked
01-01 00:01:09.128 578 578 D CarUserService: onCreate()
01-01 00:01:09.128 475 475 D CarLatinIME: Car Service connected
01-01 00:01:09.130 578 578 D CarUserService: onBind()
01-01 00:01:09.142 578 578 D CarUserService: createBluetoothUserService
01-01 00:01:09.145 578 578 E BluetoothAdapter: Bluetooth binder is null
01-01 00:01:09.145 578 578 D CarBluetoothUsrSvc: setupProfileProxy()
01-01 00:01:09.145 578 578 D CarBluetoothUsrSvc: Null BT Adapter
01-01 00:01:09.249 153 153 W /system/bin/hwservicemanager: getTransportFromManifest: Cannot find entry android.hardware.media.omx@1.0::IOmx in either framework or device manifest, using default transport.
01-01 00:01:09.253 328 735 I OMXClient: Treble IOmx obtained
01-01 00:01:09.255 237 574 I OMXMaster: makeComponentInstance(OMX.google.vorbis.decoder) in omx@1.0-service process
01-01 00:01:09.260 237 574 E OMXNodeInstance: getConfig(0xac1a3620:google.vorbis.decoder, ConfigAndroidVendorExtension(0x6f100004)) ERROR: Undefined(0x80001001)
01-01 00:01:09.266 689 736 D OpenGLRenderer: HWUI GL Pipeline
01-01 00:01:09.270 173 173 W /system/bin/hw/android.hidl.allocator@1.0-service: ashmem_create_region(32768) returning hidl_memory(0xb4b98820, 32768)
01-01 00:01:09.270 173 173 W /system/bin/hw/android.hidl.allocator@1.0-service: ashmem_create_region(32768) returning hidl_memory(0xb4b98820, 32768)
01-01 00:01:09.273 153 153 W /system/bin/hwservicemanager: getTransportFromManifest: Cannot find entry android.hardware.media.omx@1.0::IOmx in either framework or device manifest, using default transport.
01-01 00:01:09.277 495 743 I OMXClient: Treble IOmx obtained
01-01 00:01:09.277 173 173 W /system/bin/hw/android.hidl.allocator@1.0-service: ashmem_create_region(32768) returning hidl_memory(0xb4b98820, 32768)
01-01 00:01:09.278 173 173 W /system/bin/hw/android.hidl.allocator@1.0-service: ashmem_create_region(32768) returning hidl_memory(0xb4b98820, 32768)
01-01 00:01:09.280 237 677 I OMXMaster: makeComponentInstance(OMX.google.vorbis.decoder) in omx@1.0-service process
01-01 00:01:09.282 173 173 W /system/bin/hw/android.hidl.allocator@1.0-service: ashmem_create_region(32768) returning hidl_memory(0xb4b98820, 32768)
01-01 00:01:09.283 173 173 W /system/bin/hw/android.hidl.allocator@1.0-service: ashmem_create_region(32768) returning hidl_memory(0xb4b98820, 32768)
01-01 00:01:09.283 237 677 E OMXNodeInstance: getConfig(0xac1a35c0:google.vorbis.decoder, ConfigAndroidVendorExtension(0x6f100004)) ERROR: Undefined(0x80001001)
01-01 00:01:09.284 173 173 W /system/bin/hw/android.hidl.allocator@1.0-service: ashmem_create_region(32768) returning hidl_memory(0xb4b98820, 32768)
01-01 00:01:09.284 173 173 I chatty : uid=1000(system) allocator@1.0-s identical 1 line
01-01 00:01:09.313 173 173 W /system/bin/hw/android.hidl.allocator@1.0-service: ashmem_create_region(32768) returning hidl_memory(0xb4b98820, 32768)
01-01 00:01:09.314 495 495 I vol.Events: writeEvent collection_started
01-01 00:01:09.314 173 173 W /system/bin/hw/android.hidl.allocator@1.0-service: ashmem_create_region(32768) returning hidl_memory(0xb4b98820, 32768)
01-01 00:01:09.322 173 173 I chatty : uid=1000(system) allocator@1.0-s identical 1 line
01-01 00:01:09.328 173 173 W /system/bin/hw/android.hidl.allocator@1.0-service: ashmem_create_region(32768) returning hidl_memory(0xb4b98820, 32768)
01-01 00:01:09.333 689 736 I vndksupport: sphal namespace is not configured for this process. Loading /vendor/lib/hw/gralloc.jacinto6.so from the current namespace instead.
01-01 00:01:09.341 689 736 E IMGSRV : :0: PVRSRVOpenDCDevice: Error - 138 returned
01-01 00:01:09.342 495 746 I vol.Events: writeEvent external_ringer_mode_changed normal
01-01 00:01:09.342 495 746 I vol.Events: writeEvent internal_ringer_mode_changed normal
01-01 00:01:09.345 689 736 I vndksupport: sphal namespace is not configured for this process. Loading /vendor/lib/hw/gralloc.jacinto6.so from the current namespace instead.
01-01 00:01:09.346 689 736 I OpenGLRenderer: Initialized EGL, version 1.4
01-01 00:01:09.346 689 736 D OpenGLRenderer: Swap behavior 1
01-01 00:01:09.346 689 736 W OpenGLRenderer: Failed to choose config with EGL_SWAP_BEHAVIOR_PRESERVED, retrying without...
01-01 00:01:09.346 689 736 D OpenGLRenderer: Swap behavior 0
01-01 00:01:09.350 173 173 W /system/bin/hw/android.hidl.allocator@1.0-service: ashmem_create_region(32768) returning hidl_memory(0xb4b98820, 32768)
01-01 00:01:09.403 173 173 I chatty : uid=1000(system) allocator@1.0-s identical 10 lines
01-01 00:01:09.403 173 173 W /system/bin/hw/android.hidl.allocator@1.0-service: ashmem_create_region(32768) returning hidl_memory(0xb4b98820, 32768)
01-01 00:01:09.442 689 736 I vndksupport: sphal namespace is not configured for this process. Loading /vendor/lib/hw/gralloc.jacinto6.so from the current namespace instead.
01-01 00:01:09.489 328 351 I ActivityManager: Displayed com.android.settings/.FallbackHome: +754ms (total +1s597ms)
01-01 00:01:09.491 328 343 W KeyguardServiceDelegate: onScreenTurningOn(): no keyguard service!
01-01 00:01:09.493 328 399 I InputReader: Reconfiguring input devices. changes=0x00000004
01-01 00:01:09.497 328 376 I WindowManager: Screen frozen for +454ms due to Window{ee25ced u0 com.android.settings/com.android.settings.FallbackHome}
01-01 00:01:09.524 153 153 W /system/bin/hwservicemanager: getTransportFromManifest: Cannot find entry android.hardware.media.omx@1.0::IOmx in either framework or device manifest, using default transport.
01-01 00:01:09.526 495 753 I OMXClient: Treble IOmx obtained
01-01 00:01:09.527 328 328 E BluetoothAdapter: Bluetooth binder is null
01-01 00:01:09.534 237 677 I OMXMaster: makeComponentInstance(OMX.google.vorbis.decoder) in omx@1.0-service process
01-01 00:01:09.541 237 677 E OMXNodeInstance: getConfig(0xac1a3620:google.vorbis.decoder, ConfigAndroidVendorExtension(0x6f100004)) ERROR: Undefined(0x80001001)
01-01 00:01:09.544 173 173 W /system/bin/hw/android.hidl.allocator@1.0-service: ashmem_create_region(32768) returning hidl_memory(0xb4b98820, 32768)
01-01 00:01:09.554 328 328 I Telecom : SystemStateProvider: Registering car mode receiver: android.content.IntentFilter@3895b00: TS.init@AAA
01-01 00:01:09.557 328 755 I Telecom : BluetoothRouteManager: getBluetoothAudioConnectedDevice: no headset service available.
01-01 00:01:09.560 173 173 I chatty : uid=1000(system) allocator@1.0-s identical 6 lines
01-01 00:01:09.560 173 173 W /system/bin/hw/android.hidl.allocator@1.0-service: ashmem_create_region(32768) returning hidl_memory(0xb4b98820, 32768)
01-01 00:01:09.566 153 153 W /system/bin/hwservicemanager: getTransportFromManifest: Cannot find entry android.hardware.media.omx@1.0::IOmx in either framework or device manifest, using default transport.
01-01 00:01:09.568 328 754 I OMXClient: Treble IOmx obtained
01-01 00:01:09.568 237 535 I OMXMaster: makeComponentInstance(OMX.google.vorbis.decoder) in omx@1.0-service process
01-01 00:01:09.571 237 574 E OMXNodeInstance: getConfig(0xac1a35c0:google.vorbis.decoder, ConfigAndroidVendorExtension(0x6f100004)) ERROR: Undefined(0x80001001)
01-01 00:01:09.574 173 173 W /system/bin/hw/android.hidl.allocator@1.0-service: ashmem_create_region(32768) returning hidl_memory(0xb4b98820, 32768)
01-01 00:01:09.605 328 758 I Telecom : Logging.Events: Non-call EVENT: AUDIO_ROUTE, Entering state QuiescentEarpieceRoute
01-01 00:01:09.624 328 761 I Telecom : CallAudioModeStateMachine: Message received: null.: TS.init->CAMSM.pM_1@AAA
01-01 00:01:09.636 328 328 I Telecom : MissedCallNotifierImpl: Boot not yet complete -- call log db may not be available. Deferring loading until boot complete.: TS.init@AAA
01-01 00:01:09.620 173 173 I chatty : uid=1000(system) allocator@1.0-s identical 14 lines
01-01 00:01:09.620 173 173 W /system/bin/hw/android.hidl.allocator@1.0-service: ashmem_create_region(32768) returning hidl_memory(0xb4b98820, 32768)
01-01 00:01:09.638 328 328 E BluetoothAdapter: Bluetooth binder is null
01-01 00:01:09.654 328 328 I Telecom : Class: TelecomSystem.INSTANCE being set
01-01 00:01:09.655 328 328 E BluetoothAdapter: Bluetooth binder is null
01-01 00:01:09.659 228 390 D installd: Found storage mount /dev/fuse at /mnt/runtime/default/emulated
01-01 00:01:09.671 153 153 W /system/bin/hwservicemanager: getTransportFromManifest: Cannot find entry android.hardware.media.omx@1.0::IOmx in either framework or device manifest, using default transport.
01-01 00:01:09.672 328 769 I OMXClient: Treble IOmx obtained
01-01 00:01:09.673 237 574 I OMXMaster: makeComponentInstance(OMX.google.vorbis.decoder) in omx@1.0-service process
01-01 00:01:09.676 237 574 E OMXNodeInstance: getConfig(0xac1a35c0:google.vorbis.decoder, ConfigAndroidVendorExtension(0x6f100004)) ERROR: Undefined(0x80001001)
01-01 00:01:09.682 173 173 W /system/bin/hw/android.hidl.allocator@1.0-service: ashmem_create_region(32768) returning hidl_memory(0xb4b98820, 32768)
01-01 00:01:09.738 328 328 V WiredAccessoryManager: init()
01-01 00:01:09.719 173 173 I chatty : uid=1000(system) allocator@1.0-s identical 10 lines
01-01 00:01:09.719 173 173 W /system/bin/hw/android.hidl.allocator@1.0-service: ashmem_create_region(32768) returning hidl_memory(0xb4b98820, 32768)
01-01 00:01:09.796 153 153 W /system/bin/hwservicemanager: getTransportFromManifest: Cannot find entry android.hardware.media.omx@1.0::IOmx in either framework or device manifest, using default transport.
01-01 00:01:09.798 328 776 I OMXClient: Treble IOmx obtained
01-01 00:01:09.802 237 574 I OMXMaster: makeComponentInstance(OMX.google.vorbis.decoder) in omx@1.0-service process
01-01 00:01:09.805 328 328 D ConditionProviders.SCP: onSubscribe condition://android/schedule?days=1.2.3.4.5&start=22.0&end=7.0&exitAtAlarm=false
01-01 00:01:09.807 237 677 E OMXNodeInstance: getConfig(0xac1a35c0:google.vorbis.decoder, ConfigAndroidVendorExtension(0x6f100004)) ERROR: Undefined(0x80001001)
01-01 00:01:09.808 328 328 D ConditionProviders.SCP: setRegistered true
01-01 00:01:09.809 328 328 D ConditionProviders.SCP: notifyCondition condition://android/schedule?days=1.2.3.4.5&start=22.0&end=7.0&exitAtAlarm=false STATE_TRUE reason=meetsSchedule
01-01 00:01:09.810 173 173 W /system/bin/hw/android.hidl.allocator@1.0-service: ashmem_create_region(32768) returning hidl_memory(0xb4b98820, 32768)
01-01 00:01:09.811 328 328 D ConditionProviders.SCP: Scheduling evaluate for Thu Jan 01 07:00:00 GMT+00:00 1970 (25200000), in +6h58m50s192ms, now=Thu Jan 01 00:01:09 GMT+00:00 1970 (69808)
01-01 00:01:09.812 328 328 D ConditionProviders.SCP: onSubscribe condition://android/schedule?days=6.7&start=23.30&end=10.0&exitAtAlarm=false
01-01 00:01:09.813 328 328 D ConditionProviders.SCP: notifyCondition condition://android/schedule?days=6.7&start=23.30&end=10.0&exitAtAlarm=false STATE_FALSE reason=!meetsSchedule
01-01 00:01:09.813 328 328 D ConditionProviders.SCP: notifyCondition condition://android/schedule?days=1.2.3.4.5&start=22.0&end=7.0&exitAtAlarm=false STATE_TRUE reason=meetsSchedule
01-01 00:01:09.815 328 328 D ConditionProviders.SCP: Scheduling evaluate for Thu Jan 01 07:00:00 GMT+00:00 1970 (25200000), in +6h58m50s187ms, now=Thu Jan 01 00:01:09 GMT+00:00 1970 (69813)
01-01 00:01:09.879 328 342 I SyncManager: Got SyncJobService instance.
01-01 00:01:09.900 328 457 E ActivityThread: Failed to find provider info for com.android.calendar
01-01 00:01:09.834 173 173 I chatty : uid=1000(system) allocator@1.0-s identical 10 lines
01-01 00:01:09.834 173 173 W /system/bin/hw/android.hidl.allocator@1.0-service: ashmem_create_region(32768) returning hidl_memory(0xb4b98820, 32768)
01-01 00:01:09.952 495 746 I vol.Events: writeEvent level_changed STREAM_VOICE_CALL 4
01-01 00:01:09.955 495 746 I vol.Events: writeEvent level_changed STREAM_SYSTEM 5
01-01 00:01:09.957 495 746 I vol.Events: writeEvent level_changed STREAM_RING 5
01-01 00:01:09.959 495 746 I vol.Events: writeEvent level_changed STREAM_MUSIC 11
01-01 00:01:09.963 495 746 I vol.Events: writeEvent level_changed STREAM_ALARM 6
01-01 00:01:09.966 495 746 I vol.Events: writeEvent level_changed STREAM_BLUETOOTH_SCO 7
01-01 00:01:09.907 328 457 E ActivityThread: Failed to find provider info for com.android.calendar
01-01 00:01:10.418 328 328 I Telecom : WiredHeadsetManager: ACTION_HEADSET_PLUG event, plugged in: false, : WHC.oADA@AAE
01-01 00:01:10.429 328 328 I Telecom : PhoneAccountRegistrar: SimCallManager queried, returning: null: TSI.gSCM@AAM
01-01 00:01:10.431 495 785 D OpenGLRenderer: HWUI GL Pipeline
01-01 00:01:10.433 328 328 D ZenLog : disable_effects: -1|android|32|null|1000,booleanState
01-01 00:01:10.434 328 328 D ZenLog : disable_effects: -1|android|26|null|1000,booleanState
01-01 00:01:10.439 328 328 D ZenLog : config: conditionChanged,ZenModeConfig[user=0,allowCalls=true,allowRepeatCallers=false,allowMessages=false,allowCallsFrom=contacts,allowMessagesFrom=contacts,allowReminders=true,allowEvents=true,allowWhenScreenOff=true,allowWhenScreenOn=true,automaticRules={9363e9d401c64d93b1445cfc98b08302=ZenRule[enabled=false,snoozing=false,name=Weeknight,zenMode=ZEN_MODE_ALARMS,conditionId=condition://android/schedule?days=1.2.3.4.5&start=22.0&end=7.0&exitAtAlarm=false,condition=Condition[id=condition://android/schedule?days=1.2.3.4.5&start=22.0&end=7.0&exitAtAlarm=false,summary=...,line1=...,line2=...,icon=0,state=STATE_TRUE,flags=2],component=ComponentInfo{android/com.android.server.notification.ScheduleConditionProvider},id=9363e9d401c64d93b1445cfc98b08302,creationTime=65952,enabler=null], d8fb1b8846754a80b8845d5e78ab771b=ZenRule[enabled=false,snoozing=false,name=Weekend,zenMode=ZEN_MODE_ALARMS,conditionId=condition://android/schedule?days=6.7&start=23.30&end=10.0&exitAtAlarm=false,condition=null,component=ComponentInfo{android/com.android.server.notification.ScheduleConditionProvider},id=d8fb1b8846754a80b8845d5e78ab771b,creationTime=65952,enabler=null], 1cd0acf66fab4ca499dfff968aa38851=ZenRule[enabled=false,snoozing=false,name=Event,zenMode=ZEN_MODE_ALARMS,conditionId=condition://android/event?userId=-10000&calendar=&reply=1,condition=null,component=ComponentInfo{android/com.android.server.notification.EventConditionProvider},id=1cd0acf66fab4ca499dfff968aa38851,creationTime=65953,enabler=null]},manualRule=null],Diff[automaticRule[9363e9d401c64d93b1445cfc98b08302].condition:null->Condition[id=condition://android/schedule?days=1.2.3.4.5&start=22.0&end=7.0&exitAtAlarm=false,summary=...,line1=...,line2=...,icon=0,state=STATE_TRUE,flags=2]]
01-01 00:01:10.441 328 328 D ZenLog : config: conditionChanged,ZenModeConfig[user=0,allowCalls=true,allowRepeatCallers=false,allowMessages=false,allowCallsFrom=contacts,allowMessagesFrom=contacts,allowReminders=true,allowEvents=true,allowWhenScreenOff=true,allowWhenScreenOn=true,automaticRules={9363e9d401c64d93b1445cfc98b08302=ZenRule[enabled=false,snoozing=false,name=Weeknight,zenMode=ZEN_MODE_ALARMS,conditionId=condition://android/schedule?days=1.2.3.4.5&start=22.0&end=7.0&exitAtAlarm=false,condition=Condition[id=condition://android/schedule?days=1.2.3.4.5&start=22.0&end=7.0&exitAtAlarm=false,summary=...,line1=...,line2=...,icon=0,state=STATE_TRUE,flags=2],component=ComponentInfo{android/com.android.server.notification.ScheduleConditionProvider},id=9363e9d401c64d93b1445cfc98b08302,creationTime=65952,enabler=null], d8fb1b8846754a80b8845d5e78ab771b=ZenRule[enabled=false,snoozing=false,name=Weekend,zenMode=ZEN_MODE_ALARMS,conditionId=condition://android/schedule?days=6.7&start=23.30&end=10.0&exitAtAlarm=false,condition=Condition[id=condition://android/schedule?days=6.7&start=23.30&end=10.0&exitAtAlarm=false,summary=...,line1=...,line2=...,icon=0,state=STATE_FALSE,flags=2],component=ComponentInfo{android/com.android.server.notification.ScheduleConditionProvider},id=d8fb1b8846754a80b8845d5e78ab771b,creationTime=65952,enabler=null], 1cd0acf66fab4ca499dfff968aa38851=ZenRule[enabled=false,snoozing=false,name=Event,zenMode=ZEN_MODE_ALARMS,conditionId=condition://android/event?userId=-10000&calendar=&reply=1,condition=null,component=ComponentInfo{android/com.android.server.notification.EventConditionProvider},id=1cd0acf66fab4ca499dfff968aa38851,creationTime=65953,enabler=null]},manualRule=null],Diff[automaticRule[d8fb1b8846754a80b8845d5e78ab771b].condition:null->Condition[id=condition://android/schedule?days=6.7&start=23.30&end=10.0&exitAtAlarm=false,summary=...,line1=...,line2=...,icon=0,state=STATE_FALSE,flags=2]]
01-01 00:01:10.444 328 328 D ZenLog : config: conditionChanged,ZenModeConfig[user=0,allowCalls=true,allowRepeatCallers=false,allowMessages=false,allowCallsFrom=contacts,allowMessagesFrom=contacts,allowReminders=true,allowEvents=true,allowWhenScreenOff=true,allowWhenScreenOn=true,automaticRules={9363e9d401c64d93b1445cfc98b08302=ZenRule[enabled=false,snoozing=false,name=Weeknight,zenMode=ZEN_MODE_ALARMS,conditionId=condition://android/schedule?days=1.2.3.4.5&start=22.0&end=7.0&exitAtAlarm=false,condition=Condition[id=condition://android/schedule?days=1.2.3.4.5&start=22.0&end=7.0&exitAtAlarm=false,summary=...,line1=...,line2=...,icon=0,state=STATE_TRUE,flags=2],component=ComponentInfo{android/com.android.server.notification.ScheduleConditionProvider},id=9363e9d401c64d93b1445cfc98b08302,creationTime=65952,enabler=null], d8fb1b8846754a80b8845d5e78ab771b=ZenRule[enabled=false,snoozing=false,name=Weekend,zenMode=ZEN_MODE_ALARMS,conditionId=condition://android/schedule?days=6.7&start=23.30&end=10.0&exitAtAlarm=false,condition=Condition[id=condition://android/schedule?days=6.7&start=23.30&end=10.0&exitAtAlarm=false,summary=...,line1=...,line2=...,icon=0,state=STATE_FALSE,flags=2],component=ComponentInfo{android/com.android.server.notification.ScheduleConditionProvider},id=d8fb1b8846754a80b8845d5e78ab771b,creationTime=65952,enabler=null], 1cd0acf66fab4ca499dfff968aa38851=ZenRule[enabled=false,snoozing=false,name=Event,zenMode=ZEN_MODE_ALARMS,conditionId=condition://android/event?userId=-10000&calendar=&reply=1,condition=Condition[id=condition://android/event?userId=-10000&calendar=&reply=1,summary=...,line1=...,line2=...,icon=0,state=STATE_FALSE,flags=2],component=ComponentInfo{android/com.android.server.notification.EventConditionProvider},id=1cd0acf66fab4ca499dfff968aa38851,creationTime=65953,enabler=null]},manualRule=null],Diff[automaticRule[1cd0acf66fab4ca499dfff968aa38851].condition:null->Condition[id=condition://android/event?userId=-10000&calendar=&reply=1,summary=...,line1=...,line2=...,icon=0,state=STATE_FALSE,flags=2]]
01-01 00:01:10.446 328 328 I FusedLocation: engine started (com.android.location.fused)
01-01 00:01:10.446 328 328 D ZenLog : set_zen_mode: off,conditionChanged
01-01 00:01:10.476 495 495 D NetworkController.WifiSignalController: Registered score cache
01-01 00:01:10.532 495 495 D StatusBar: disable
01-01 00:01:10.456 328 328 I chatty : uid=1000 system_server identical 1 line
01-01 00:01:10.503 328 328 D ZenLog : set_zen_mode: off,conditionChanged
01-01 00:01:10.533 328 512 I StatusBarManagerService: registerStatusBar bar=com.android.internal.statusbar.IStatusBar$Stub$Proxy@907d126
01-01 00:01:10.659 592 592 D TelephonyProvider: dbh.onCreate:+ db=SQLiteDatabase: /data/user_de/0/com.android.providers.telephony/databases/telephony.db
01-01 00:01:10.659 592 592 D TelephonyProvider: dbh.createSimInfoTable:+
01-01 00:01:10.663 592 592 D TelephonyProvider: dbh.createSimInfoTable:-
01-01 00:01:10.663 592 592 D TelephonyProvider: dbh.createCarriersTable: carriers
01-01 00:01:10.665 592 592 D TelephonyProvider: dbh.createCarriersTable:-
