01-01 00:02:30.077 1595 1629 E CameraHal: (ab57f970) hardware/ti/dra7xx/camera/BaseCameraAdapter.cpp:393 returnFrame - 0xac72cbe0
01-01 00:02:30.077 1595 1629 E CameraHal: (ab57f970) hardware/ti/dra7xx/camera/BaseCameraAdapter.cpp:393 returnFrame - 0xac72cc30
01-01 00:02:30.077 1595 1629 E CameraHal: (ab57f970) hardware/ti/dra7xx/camera/BaseCameraAdapter.cpp:393 returnFrame - 0xac72ccd0
01-01 00:02:30.077 1595 1629 E CameraHal: (ab57f970) hardware/ti/dra7xx/camera/BaseCameraAdapter.cpp:393 returnFrame - 0xac72cd20
01-01 00:02:30.077 1595 1629 E CameraHal: (ab57f970) hardware/ti/dra7xx/camera/BaseCameraAdapter.cpp:393 returnFrame - 0xac72cd70
01-01 00:02:30.077 1595 1629 V CameraHal: (ab57f970) hardware/ti/dra7xx/camera/CameraHal.cpp:4722 camera_buffer_get_omx_ptr - buffer_type 2 opaque 0xac714d60
01-01 00:02:30.077 1595 1629 V CameraHal: (ab57f970) hardware/ti/dra7xx/camera/CameraHal.cpp:4726 camera_buffer_get_omx_ptr - anw ac72ccd0
01-01 00:02:30.077 1595 1629 D CameraHal: (ab57f970) + hardware/ti/dra7xx/camera/V4LCameraAdapter/V4LCameraAdapter.cpp:370 fillThisBuffer - ENTER
01-01 00:02:30.077 1595 1629 D CameraHal: (ab57f970) hardware/ti/dra7xx/camera/V4LCameraAdapter/V4LCameraAdapter.cpp:411 fillThisBuffer - Will return buffer to V4L with id=5
01-01 00:02:30.077 1595 1629 D CameraHal: (ab57f970) - hardware/ti/dra7xx/camera/V4LCameraAdapter/V4LCameraAdapter.cpp:421 fillThisBuffer - EXIT
01-01 00:02:30.078 1595 1635 D CameraHal: (a8cc3970) + hardware/ti/dra7xx/camera/V4LCameraAdapter/V4LCameraAdapter.cpp:767 GetFrame - ENTER
01-01 00:02:30.081 1595 1635 D CameraHal: (a8cc3970) - hardware/ti/dra7xx/camera/V4LCameraAdapter/V4LCameraAdapter.cpp:809 GetFrame - EXIT
01-01 00:02:30.083 1595 1635 D CameraHal: (a8cc3970) hardware/ti/dra7xx/camera/V4LCameraAdapter/V4LCameraAdapter.cpp:1092 previewThread - GOT IN frame with ID=0
01-01 00:02:30.083 1595 1635 D CameraHal: (a8cc3970) + hardware/ti/dra7xx/camera/V4LCameraAdapter/V4LCameraAdapter.cpp:954 convertYUV422ToNV12Tiler - ENTER
01-01 00:02:30.102 1595 1610 D CameraHal: (ab8ff970) + hardware/ti/dra7xx/camera/CameraHal_Module.cpp:485 camera_get_parameters - ENTER
01-01 00:02:30.102 1595 1610 D CameraHal: (ab8ff970) + hardware/ti/dra7xx/camera/CameraHal.cpp:3616 getParameters - ENTER
01-01 00:02:30.102 1595 1610 D CameraHal: (ab8ff970) + hardware/ti/dra7xx/camera/V4LCameraAdapter/V4LCameraAdapter.cpp:483 getParameters - ENTER
01-01 00:02:30.103 1595 1610 D CameraHal: (ab8ff970) - hardware/ti/dra7xx/camera/V4LCameraAdapter/V4LCameraAdapter.cpp:489 getParameters - EXIT
01-01 00:02:30.103 1595 1610 D CameraHal: (ab8ff970) + hardware/ti/dra7xx/camera/CameraHal.cpp:4710 resetPreviewRes - ENTER
01-01 00:02:30.103 1595 1610 D CameraHal: (ab8ff970) - hardware/ti/dra7xx/camera/CameraHal.cpp:4716 resetPreviewRes - EXIT
01-01 00:02:30.103 1595 1610 D CameraHal: (ab8ff970) - hardware/ti/dra7xx/camera/CameraHal.cpp:3668 getParameters - EXIT
01-01 00:02:30.103 1595 1610 D CameraHal: (ab8ff970) - hardware/ti/dra7xx/camera/CameraHal_Module.cpp:485 camera_get_parameters - EXIT
01-01 00:02:30.103 1595 1610 D CameraHal: (ab8ff970) + hardware/ti/dra7xx/camera/CameraHal_Module.cpp:502 camera_put_parameters - ENTER
01-01 00:02:30.103 1595 1610 D CameraHal: (ab8ff970) - hardware/ti/dra7xx/camera/CameraHal_Module.cpp:502 camera_put_parameters - EXIT
01-01 00:02:30.111 1595 1610 D CameraHal: (ab8ff970) + hardware/ti/dra7xx/camera/CameraHal_Module.cpp:469 camera_set_parameters - ENTER
01-01 00:02:30.111 1595 1610 D CameraHal: (ab8ff970) + hardware/ti/dra7xx/camera/CameraHal.cpp:366 setParameters - ENTER
01-01 00:02:30.111 1595 1610 D CameraHal: (ab8ff970) + hardware/ti/dra7xx/camera/CameraHal.cpp:389 setParameters - ENTER
01-01 00:02:30.111 1595 1610 D CameraHal: (ab8ff970) + hardware/ti/dra7xx/camera/CameraHal.cpp:2579 previewEnabled - ENTER
01-01 00:02:30.111 1595 1610 D CameraHal: (ab8ff970) - hardware/ti/dra7xx/camera/CameraHal.cpp:2579 previewEnabled - EXIT
01-01 00:02:30.111 1595 1610 D CameraHal: (ab8ff970) hardware/ti/dra7xx/camera/CameraHal.cpp:553 setParameters - Recording Hint is set to true
01-01 00:02:30.111 1595 1610 V CameraHal: (ab8ff970) hardware/ti/dra7xx/camera/CameraHal.cpp:556 setParameters - Video Resolution: 1280 x 720
01-01 00:02:30.111 1595 1610 D CameraHal: (ab8ff970) + hardware/ti/dra7xx/camera/CameraHal.cpp:2710 setVideoModeParameters - ENTER
01-01 00:02:30.112 1595 1610 D CameraHal: (ab8ff970) - hardware/ti/dra7xx/camera/CameraHal.cpp:2783 setVideoModeParameters - EXIT
01-01 00:02:30.112 1595 1610 D CameraHal: (ab8ff970) + hardware/ti/dra7xx/camera/CameraHal.cpp:4248 isResolutionValid - ENTER
01-01 00:02:30.112 1595 1610 D CameraHal: (ab8ff970) + hardware/ti/dra7xx/camera/CameraHal.cpp:4313 isParameterValid - ENTER
01-01 00:02:30.112 1595 1610 D CameraHal: (ab8ff970) - hardware/ti/dra7xx/camera/CameraHal.cpp:4337 isParameterValid - EXIT
01-01 00:02:30.112 1595 1610 D CameraHal: (ab8ff970) - hardware/ti/dra7xx/camera/CameraHal.cpp:4264 isResolutionValid - EXIT
01-01 00:02:30.112 1595 1610 D CameraHal: (ab8ff970) hardware/ti/dra7xx/camera/CameraHal.cpp:598 setParameters - Preview Resolution: 1280 x 720
01-01 00:02:30.112 1595 1610 D CameraHal: (ab8ff970) + hardware/ti/dra7xx/camera/CameraHal.cpp:4313 isParameterValid - ENTER
01-01 00:02:30.112 1595 1610 D CameraHal: (ab8ff970) - hardware/ti/dra7xx/camera/CameraHal.cpp:4337 isParameterValid - EXIT
01-01 00:02:30.112 1595 1610 D CameraHal: (ab8ff970) hardware/ti/dra7xx/camera/CameraHal.cpp:602 setParameters - Focus mode set fixed
01-01 00:02:30.112 1595 1610 D CameraHal: (ab8ff970) + hardware/ti/dra7xx/camera/CameraHal.cpp:4248 isResolutionValid - ENTER
01-01 00:02:30.112 1595 1610 D CameraHal: (ab8ff970) + hardware/ti/dra7xx/camera/CameraHal.cpp:4313 isParameterValid - ENTER
01-01 00:02:30.112 1595 1610 D CameraHal: (ab8ff970) - hardware/ti/dra7xx/camera/CameraHal.cpp:4337 isParameterValid - EXIT
01-01 00:02:30.112 1595 1610 D CameraHal: (ab8ff970) - hardware/ti/dra7xx/camera/CameraHal.cpp:4264 isResolutionValid - EXIT
01-01 00:02:30.112 1595 1610 D CameraHal: (ab8ff970) hardware/ti/dra7xx/camera/CameraHal.cpp:646 setParameters - Picture Size by App 1280 x 720
01-01 00:02:30.112 1595 1610 D CameraHal: (ab8ff970) + hardware/ti/dra7xx/camera/CameraHal.cpp:4313 isParameterValid - ENTER
01-01 00:02:30.112 1595 1610 D CameraHal: (ab8ff970) - hardware/ti/dra7xx/camera/CameraHal.cpp:4337 isParameterValid - EXIT
01-01 00:02:30.112 1595 1610 D CameraHal: (ab8ff970) hardware/ti/dra7xx/camera/CameraHal.cpp:960 setParameters - Exposure compensation set 0
01-01 00:02:30.112 1595 1610 D CameraHal: (ab8ff970) hardware/ti/dra7xx/camera/CameraHal.cpp:999 setParameters - Rotation set 0
01-01 00:02:30.112 1595 1610 D CameraHal: (ab8ff970) hardware/ti/dra7xx/camera/CameraHal.cpp:1005 setParameters - Jpeg quality set 95
01-01 00:02:30.112 1595 1610 D CameraHal: (ab8ff970) hardware/ti/dra7xx/camera/CameraHal.cpp:1011 setParameters - Thumbnail width set 320
01-01 00:02:30.112 1595 1610 D CameraHal: (ab8ff970) hardware/ti/dra7xx/camera/CameraHal.cpp:1017 setParameters - Thumbnail width set 240
01-01 00:02:30.112 1595 1610 D CameraHal: (ab8ff970) hardware/ti/dra7xx/camera/CameraHal.cpp:1023 setParameters - Thumbnail quality set 50
01-01 00:02:30.112 1595 1610 D CameraHal: (ab8ff970) hardware/ti/dra7xx/camera/CameraHal.cpp:1130 setParameters - Zoom set 1
01-01 00:02:30.112 1595 1610 D CameraHal: (ab8ff970) hardware/ti/dra7xx/camera/CameraHal.cpp:1177 setParameters - External Gamma set false
01-01 00:02:30.112 1595 1610 D CameraHal: (ab8ff970) hardware/ti/dra7xx/camera/CameraHal.cpp:1183 setParameters - NSF1 set true
01-01 00:02:30.112 1595 1610 D CameraHal: (ab8ff970) hardware/ti/dra7xx/camera/CameraHal.cpp:1189 setParameters - NSF2 set true
01-01 00:02:30.112 1595 1610 D CameraHal: (ab8ff970) hardware/ti/dra7xx/camera/CameraHal.cpp:1195 setParameters - Sharpening set true
01-01 00:02:30.112 1595 1610 D CameraHal: (ab8ff970) hardware/ti/dra7xx/camera/CameraHal.cpp:1201 setParameters - Color Conversion set true
01-01 00:02:30.112 1595 1610 D CameraHal: (ab8ff970) hardware/ti/dra7xx/camera/CameraHal.cpp:1207 setParameters - Green Inballance Correction set true
01-01 00:02:30.116 1595 1635 D CameraHal: (a8cc3970) - hardware/ti/dra7xx/camera/V4LCameraAdapter/V4LCameraAdapter.cpp:1027 convertYUV422ToNV12Tiler - EXIT
01-01 00:02:30.116 1595 1635 V CameraHal: (a8cc3970) hardware/ti/dra7xx/camera/V4LCameraAdapter/V4LCameraAdapter.cpp:1116 previewThread - ##...index= 0.;camera buffer= 0xac743800; mapped= 0xaafe2000.
01-01 00:02:30.116 1595 1635 D CameraHal: (a8cc3970) + hardware/ti/dra7xx/camera/BaseCameraAdapter.cpp:1416 setInitFrameRefCount - ENTER
01-01 00:02:30.116 1595 1635 D CameraHal: (a8cc3970) + hardware/ti/dra7xx/camera/BaseCameraAdapter.cpp:1559 setFrameRefCountByType - ENTER
01-01 00:02:30.116 1595 1635 D CameraHal: (a8cc3970) - hardware/ti/dra7xx/camera/BaseCameraAdapter.cpp:1603 setFrameRefCountByType - EXIT
01-01 00:02:30.116 1595 1635 D CameraHal: (a8cc3970) - hardware/ti/dra7xx/camera/BaseCameraAdapter.cpp:1469 setInitFrameRefCount - EXIT
01-01 00:02:30.116 1595 1635 D CameraHal: (a8cc3970) + hardware/ti/dra7xx/camera/BaseCameraAdapter.cpp:1489 getFrameRefCountByType - ENTER
01-01 00:02:30.117 1595 1635 D CameraHal: (a8cc3970) - hardware/ti/dra7xx/camera/BaseCameraAdapter.cpp:1551 getFrameRefCountByType - EXIT
01-01 00:02:30.117 1595 1635 V CameraHal: (a8cc3970) hardware/ti/dra7xx/camera/BaseCameraAdapter.cpp:1390 __sendFrameToSubscribers - Type of Frame: 0x1 address: 0xac743800 refCount start 1
01-01 00:02:30.118 1595 1629 V CameraHal: (ab57f970) hardware/ti/dra7xx/camera/ANativeWindowDisplayAdapter.cpp:1214 handleFrameReturn - handleFrameReturn: found graphic buffer 6 of 7
01-01 00:02:30.118 1595 1629 D CameraHal: (ab57f970) + hardware/ti/dra7xx/camera/BaseCameraAdapter.cpp:1489 getFrameRefCountByType - ENTER
01-01 00:02:30.118 1595 1629 D CameraHal: (ab57f970) - hardware/ti/dra7xx/camera/BaseCameraAdapter.cpp:1551 getFrameRefCountByType - EXIT
01-01 00:02:30.118 1595 1629 D CameraHal: (ab57f970) + hardware/ti/dra7xx/camera/BaseCameraAdapter.cpp:1559 setFrameRefCountByType - ENTER
01-01 00:02:30.118 1595 1629 D CameraHal: (ab57f970) - hardware/ti/dra7xx/camera/BaseCameraAdapter.cpp:1603 setFrameRefCountByType - EXIT
01-01 00:02:30.118 1595 1629 V CameraHal: (ab57f970) hardware/ti/dra7xx/camera/BaseCameraAdapter.cpp:378 returnFrame - REFCOUNT 0xac743b00 0
01-01 00:02:30.118 1595 1629 V CameraHal: (ab57f970) hardware/ti/dra7xx/camera/CameraHal.cpp:4722 camera_buffer_get_omx_ptr - buffer_type 2 opaque 0xac714f40
01-01 00:02:30.118 1595 1629 V CameraHal: (ab57f970) hardware/ti/dra7xx/camera/CameraHal.cpp:4726 camera_buffer_get_omx_ptr - anw ac72cd20
01-01 00:02:30.118 1595 1629 E CameraHal: (ab57f970) hardware/ti/dra7xx/camera/BaseCameraAdapter.cpp:392 returnFrame - Buffer already with Ducati!! 0xac743b00
01-01 00:02:30.118 1595 1629 E CameraHal: (ab57f970) hardware/ti/dra7xx/camera/BaseCameraAdapter.cpp:393 returnFrame - 0xac72caf0
01-01 00:02:30.118 1595 1629 E CameraHal: (ab57f970) hardware/ti/dra7xx/camera/BaseCameraAdapter.cpp:393 returnFrame - 0xac72cb40
01-01 00:02:30.118 1595 1629 E CameraHal: (ab57f970) hardware/ti/dra7xx/camera/BaseCameraAdapter.cpp:393 returnFrame - 0xac72cb90
01-01 00:02:30.118 1595 1629 E CameraHal: (ab57f970) hardware/ti/dra7xx/camera/BaseCameraAdapter.cpp:393 returnFrame - 0xac72cbe0
01-01 00:02:30.118 1595 1629 E CameraHal: (ab57f970) hardware/ti/dra7xx/camera/BaseCameraAdapter.cpp:393 returnFrame - 0xac72cc30
01-01 00:02:30.118 1595 1629 E CameraHal: (ab57f970) hardware/ti/dra7xx/camera/BaseCameraAdapter.cpp:393 returnFrame - 0xac72ccd0
01-01 00:02:30.118 1595 1629 E CameraHal: (ab57f970) hardware/ti/dra7xx/camera/BaseCameraAdapter.cpp:393 returnFrame - 0xac72cd20
01-01 00:02:30.118 1595 1629 E CameraHal: (ab57f970) hardware/ti/dra7xx/camera/BaseCameraAdapter.cpp:393 returnFrame - 0xac72cd70
01-01 00:02:30.118 1595 1629 V CameraHal: (ab57f970) hardware/ti/dra7xx/camera/CameraHal.cpp:4722 camera_buffer_get_omx_ptr - buffer_type 2 opaque 0xac714f40
01-01 00:02:30.118 1595 1629 V CameraHal: (ab57f970) hardware/ti/dra7xx/camera/CameraHal.cpp:4726 camera_buffer_get_omx_ptr - anw ac72cd20
01-01 00:02:30.118 1595 1629 D CameraHal: (ab57f970) + hardware/ti/dra7xx/camera/V4LCameraAdapter/V4LCameraAdapter.cpp:370 fillThisBuffer - ENTER
01-01 00:02:30.118 1595 1629 D CameraHal: (ab57f970) hardware/ti/dra7xx/camera/V4LCameraAdapter/V4LCameraAdapter.cpp:411 fillThisBuffer - Will return buffer to V4L with id=6
01-01 00:02:30.119 1595 1629 D CameraHal: (ab57f970) - hardware/ti/dra7xx/camera/V4LCameraAdapter/V4LCameraAdapter.cpp:421 fillThisBuffer - EXIT
01-01 00:02:30.119 1595 1635 D CameraHal: (a8cc3970) + hardware/ti/dra7xx/camera/V4LCameraAdapter/V4LCameraAdapter.cpp:767 GetFrame - ENTER
01-01 00:02:30.119 1595 1635 D CameraHal: (a8cc3970) - hardware/ti/dra7xx/camera/V4LCameraAdapter/V4LCameraAdapter.cpp:809 GetFrame - EXIT
01-01 00:02:30.119 1595 1635 D CameraHal: (a8cc3970) hardware/ti/dra7xx/camera/V4LCameraAdapter/V4LCameraAdapter.cpp:1092 previewThread - GOT IN frame with ID=1
01-01 00:02:30.119 1595 1635 D CameraHal: (a8cc3970) + hardware/ti/dra7xx/camera/V4LCameraAdapter/V4LCameraAdapter.cpp:954 convertYUV422ToNV12Tiler - ENTER
01-01 00:02:30.120 1595 1610 D CameraHal: (ab8ff970) + hardware/ti/dra7xx/camera/V4LCameraAdapter/V4LCameraAdapter.cpp:450 setParameters - ENTER
01-01 00:02:30.120 1595 1610 D CameraHal: (ab8ff970) - hardware/ti/dra7xx/camera/V4LCameraAdapter/V4LCameraAdapter.cpp:476 setParameters - EXIT
01-01 00:02:30.121 1595 1610 D CameraHal: (ab8ff970) - hardware/ti/dra7xx/camera/CameraHal.cpp:1350 setParameters - EXIT
01-01 00:02:30.121 1595 1610 D CameraHal: (ab8ff970) - hardware/ti/dra7xx/camera/CameraHal.cpp:373 setParameters - EXIT
01-01 00:02:30.121 1595 1610 D CameraHal: (ab8ff970) - hardware/ti/dra7xx/camera/CameraHal_Module.cpp:469 camera_set_parameters - EXIT
01-01 00:02:30.138 1595 1635 D CameraHal: (a8cc3970) - hardware/ti/dra7xx/camera/V4LCameraAdapter/V4LCameraAdapter.cpp:1027 convertYUV422ToNV12Tiler - EXIT
01-01 00:02:30.138 1595 1635 V CameraHal: (a8cc3970) hardware/ti/dra7xx/camera/V4LCameraAdapter/V4LCameraAdapter.cpp:1116 previewThread - ##...index= 1.;camera buffer= 0xac743880; mapped= 0xaae90000.
01-01 00:02:30.138 1595 1635 D CameraHal: (a8cc3970) + hardware/ti/dra7xx/camera/BaseCameraAdapter.cpp:1416 setInitFrameRefCount - ENTER
01-01 00:02:30.138 1595 1635 D CameraHal: (a8cc3970) + hardware/ti/dra7xx/camera/BaseCameraAdapter.cpp:1559 setFrameRefCountByType - ENTER
01-01 00:02:30.138 1595 1635 D CameraHal: (a8cc3970) - hardware/ti/dra7xx/camera/BaseCameraAdapter.cpp:1603 setFrameRefCountByType - EXIT
01-01 00:02:30.138 1595 1635 D CameraHal: (a8cc3970) - hardware/ti/dra7xx/camera/BaseCameraAdapter.cpp:1469 setInitFrameRefCount - EXIT
01-01 00:02:30.138 1595 1635 D CameraHal: (a8cc3970) + hardware/ti/dra7xx/camera/BaseCameraAdapter.cpp:1489 getFrameRefCountByType - ENTER
01-01 00:02:30.138 1595 1635 D CameraHal: (a8cc3970) - hardware/ti/dra7xx/camera/BaseCameraAdapter.cpp:1551 getFrameRefCountByType - EXIT
01-01 00:02:30.138 1595 1635 V CameraHal: (a8cc3970) hardware/ti/dra7xx/camera/BaseCameraAdapter.cpp:1390 __sendFrameToSubscribers - Type of Frame: 0x1 address: 0xac743880 refCount start 1
01-01 00:02:30.140 1595 1629 V CameraHal: (ab57f970) hardware/ti/dra7xx/camera/ANativeWindowDisplayAdapter.cpp:1214 handleFrameReturn - handleFrameReturn: found graphic buffer 7 of 7
01-01 00:02:30.140 1595 1629 D CameraHal: (ab57f970) + hardware/ti/dra7xx/camera/BaseCameraAdapter.cpp:1489 getFrameRefCountByType - ENTER
01-01 00:02:30.140 1595 1629 D CameraHal: (ab57f970) - hardware/ti/dra7xx/camera/BaseCameraAdapter.cpp:1551 getFrameRefCountByType - EXIT
01-01 00:02:30.140 1595 1629 D CameraHal: (ab57f970) + hardware/ti/dra7xx/camera/BaseCameraAdapter.cpp:1559 setFrameRefCountByType - ENTER
01-01 00:02:30.140 1595 1629 D CameraHal: (ab57f970) - hardware/ti/dra7xx/camera/BaseCameraAdapter.cpp:1603 setFrameRefCountByType - EXIT
01-01 00:02:30.140 1595 1629 V CameraHal: (ab57f970) hardware/ti/dra7xx/camera/BaseCameraAdapter.cpp:378 returnFrame - REFCOUNT 0xac743b80 0
01-01 00:02:30.140 1595 1629 V CameraHal: (ab57f970) hardware/ti/dra7xx/camera/CameraHal.cpp:4722 camera_buffer_get_omx_ptr - buffer_type 2 opaque 0xac714fe8
01-01 00:02:30.140 1595 1629 V CameraHal: (ab57f970) hardware/ti/dra7xx/camera/CameraHal.cpp:4726 camera_buffer_get_omx_ptr - anw ac72cd70
01-01 00:02:30.140 1595 1629 E CameraHal: (ab57f970) hardware/ti/dra7xx/camera/BaseCameraAdapter.cpp:392 returnFrame - Buffer already with Ducati!! 0xac743b80
01-01 00:02:30.140 1595 1629 E CameraHal: (ab57f970) hardware/ti/dra7xx/camera/BaseCameraAdapter.cpp:393 returnFrame - 0xac72caf0
01-01 00:02:30.140 1595 1629 E CameraHal: (ab57f970) hardware/ti/dra7xx/camera/BaseCameraAdapter.cpp:393 returnFrame - 0xac72cb40
01-01 00:02:30.140 1595 1629 E CameraHal: (ab57f970) hardware/ti/dra7xx/camera/BaseCameraAdapter.cpp:393 returnFrame - 0xac72cb90
01-01 00:02:30.140 1595 1629 E CameraHal: (ab57f970) hardware/ti/dra7xx/camera/BaseCameraAdapter.cpp:393 returnFrame - 0xac72cbe0
01-01 00:02:30.140 1595 1629 E CameraHal: (ab57f970) hardware/ti/dra7xx/camera/BaseCameraAdapter.cpp:393 returnFrame - 0xac72cc30
01-01 00:02:30.140 1595 1629 E CameraHal: (ab57f970) hardware/ti/dra7xx/camera/BaseCameraAdapter.cpp:393 returnFrame - 0xac72ccd0
01-01 00:02:30.140 1595 1629 E CameraHal: (ab57f970) hardware/ti/dra7xx/camera/BaseCameraAdapter.cpp:393 returnFrame - 0xac72cd20
01-01 00:02:30.140 1595 1629 E CameraHal: (ab57f970) hardware/ti/dra7xx/camera/BaseCameraAdapter.cpp:393 returnFrame - 0xac72cd70
01-01 00:02:30.140 1595 1629 V CameraHal: (ab57f970) hardware/ti/dra7xx/camera/CameraHal.cpp:4722 camera_buffer_get_omx_ptr - buffer_type 2 opaque 0xac714fe8
01-01 00:02:30.140 1595 1629 V CameraHal: (ab57f970) hardware/ti/dra7xx/camera/CameraHal.cpp:4726 camera_buffer_get_omx_ptr - anw ac72cd70
01-01 00:02:30.140 1595 1629 D CameraHal: (ab57f970) + hardware/ti/dra7xx/camera/V4LCameraAdapter/V4LCameraAdapter.cpp:370 fillThisBuffer - ENTER
01-01 00:02:30.140 1595 1629 D CameraHal: (ab57f970) hardware/ti/dra7xx/camera/V4LCameraAdapter/V4LCameraAdapter.cpp:411 fillThisBuffer - Will return buffer to V4L with id=7
01-01 00:02:30.140 1595 1629 D CameraHal: (ab57f970) - hardware/ti/dra7xx/camera/V4LCameraAdapter/V4LCameraAdapter.cpp:421 fillThisBuffer - EXIT
01-01 00:02:30.141 1595 1635 D CameraHal: (a8cc3970) + hardware/ti/dra7xx/camera/V4LCameraAdapter/V4LCameraAdapter.cpp:767 GetFrame - ENTER
01-01 00:02:30.147 1595 1635 D CameraHal: (a8cc3970) - hardware/ti/dra7xx/camera/V4LCameraAdapter/V4LCameraAdapter.cpp:809 GetFrame - EXIT
01-01 00:02:30.147 1595 1635 D CameraHal: (a8cc3970) hardware/ti/dra7xx/camera/V4LCameraAdapter/V4LCameraAdapter.cpp:1092 previewThread - GOT IN frame with ID=2
01-01 00:02:30.147 1595 1635 D CameraHal: (a8cc3970) + hardware/ti/dra7xx/camera/V4LCameraAdapter/V4LCameraAdapter.cpp:954 convertYUV422ToNV12Tiler - ENTER
01-01 00:02:30.169 1595 1635 D CameraHal: (a8cc3970) - hardware/ti/dra7xx/camera/V4LCameraAdapter/V4LCameraAdapter.cpp:1027 convertYUV422ToNV12Tiler - EXIT
01-01 00:02:30.169 1595 1635 V CameraHal: (a8cc3970) hardware/ti/dra7xx/camera/V4LCameraAdapter/V4LCameraAdapter.cpp:1116 previewThread - ##...index= 2.;camera buffer= 0xac743900; mapped= 0xaad3e000.
01-01 00:02:30.169 1595 1635 D CameraHal: (a8cc3970) + hardware/ti/dra7xx/camera/BaseCameraAdapter.cpp:1416 setInitFrameRefCount - ENTER
01-01 00:02:30.169 1595 1635 D CameraHal: (a8cc3970) + hardware/ti/dra7xx/camera/BaseCameraAdapter.cpp:1559 setFrameRefCountByType - ENTER
01-01 00:02:30.169 1595 1635 D CameraHal: (a8cc3970) - hardware/ti/dra7xx/camera/BaseCameraAdapter.cpp:1603 setFrameRefCountByType - EXIT
01-01 00:02:30.169 1595 1635 D CameraHal: (a8cc3970) - hardware/ti/dra7xx/camera/BaseCameraAdapter.cpp:1469 setInitFrameRefCount - EXIT
01-01 00:02:30.169 1595 1635 D CameraHal: (a8cc3970) + hardware/ti/dra7xx/camera/BaseCameraAdapter.cpp:1489 getFrameRefCountByType - ENTER
01-01 00:02:30.169 1595 1635 D CameraHal: (a8cc3970) - hardware/ti/dra7xx/camera/BaseCameraAdapter.cpp:1551 getFrameRefCountByType - EXIT
01-01 00:02:30.169 1595 1635 V CameraHal: (a8cc3970) hardware/ti/dra7xx/camera/BaseCameraAdapter.cpp:1390 __sendFrameToSubscribers - Type of Frame: 0x1 address: 0xac743900 refCount start 1
01-01 00:02:30.171 1595 1629 V CameraHal: (ab57f970) hardware/ti/dra7xx/camera/ANativeWindowDisplayAdapter.cpp:1214 handleFrameReturn - handleFrameReturn: found graphic buffer 0 of 7
01-01 00:02:30.171 1595 1629 D CameraHal: (ab57f970) + hardware/ti/dra7xx/camera/BaseCameraAdapter.cpp:1489 getFrameRefCountByType - ENTER
01-01 00:02:30.171 1595 1629 D CameraHal: (ab57f970) - hardware/ti/dra7xx/camera/BaseCameraAdapter.cpp:1551 getFrameRefCountByType - EXIT
01-01 00:02:30.171 1595 1629 D CameraHal: (ab57f970) + hardware/ti/dra7xx/camera/BaseCameraAdapter.cpp:1559 setFrameRefCountByType - ENTER
01-01 00:02:30.171 1595 1629 D CameraHal: (ab57f970) - hardware/ti/dra7xx/camera/BaseCameraAdapter.cpp:1603 setFrameRefCountByType - EXIT
01-01 00:02:30.171 1595 1629 V CameraHal: (ab57f970) hardware/ti/dra7xx/camera/BaseCameraAdapter.cpp:378 returnFrame - REFCOUNT 0xac743800 0
01-01 00:02:30.171 1595 1629 V CameraHal: (ab57f970) hardware/ti/dra7xx/camera/CameraHal.cpp:4722 camera_buffer_get_omx_ptr - buffer_type 2 opaque 0xac714c58
01-01 00:02:30.171 1595 1629 V CameraHal: (ab57f970) hardware/ti/dra7xx/camera/CameraHal.cpp:4726 camera_buffer_get_omx_ptr - anw ac72caf0
01-01 00:02:30.171 1595 1629 E CameraHal: (ab57f970) hardware/ti/dra7xx/camera/BaseCameraAdapter.cpp:392 returnFrame - Buffer already with Ducati!! 0xac743800
01-01 00:02:30.171 1595 1629 E CameraHal: (ab57f970) hardware/ti/dra7xx/camera/BaseCameraAdapter.cpp:393 returnFrame - 0xac72caf0
01-01 00:02:30.171 1595 1629 E CameraHal: (ab57f970) hardware/ti/dra7xx/camera/BaseCameraAdapter.cpp:393 returnFrame - 0xac72cb40
01-01 00:02:30.171 1595 1629 E CameraHal: (ab57f970) hardware/ti/dra7xx/camera/BaseCameraAdapter.cpp:393 returnFrame - 0xac72cb90
01-01 00:02:30.171 1595 1629 E CameraHal: (ab57f970) hardware/ti/dra7xx/camera/BaseCameraAdapter.cpp:393 returnFrame - 0xac72cbe0
01-01 00:02:30.171 1595 1629 E CameraHal: (ab57f970) hardware/ti/dra7xx/camera/BaseCameraAdapter.cpp:393 returnFrame - 0xac72cc30
01-01 00:02:30.171 1595 1629 E CameraHal: (ab57f970) hardware/ti/dra7xx/camera/BaseCameraAdapter.cpp:393 returnFrame - 0xac72ccd0
01-01 00:02:30.171 1595 1629 E CameraHal: (ab57f970) hardware/ti/dra7xx/camera/BaseCameraAdapter.cpp:393 returnFrame - 0xac72cd20
01-01 00:02:30.171 1595 1629 E CameraHal: (ab57f970) hardware/ti/dra7xx/camera/BaseCameraAdapter.cpp:393 returnFrame - 0xac72cd70
01-01 00:02:30.171 1595 1629 V CameraHal: (ab57f970) hardware/ti/dra7xx/camera/CameraHal.cpp:4722 camera_buffer_get_omx_ptr - buffer_type 2 opaque 0xac714c58
01-01 00:02:30.171 1595 1629 V CameraHal: (ab57f970) hardware/ti/dra7xx/camera/CameraHal.cpp:4726 camera_buffer_get_omx_ptr - anw ac72caf0
01-01 00:02:30.171 1595 1629 D CameraHal: (ab57f970) + hardware/ti/dra7xx/camera/V4LCameraAdapter/V4LCameraAdapter.cpp:370 fillThisBuffer - ENTER
01-01 00:02:30.171 1595 1629 D CameraHal: (ab57f970) hardware/ti/dra7xx/camera/V4LCameraAdapter/V4LCameraAdapter.cpp:411 fillThisBuffer - Will return buffer to V4L with id=0
01-01 00:02:30.171 1595 1629 D CameraHal: (ab57f970) - hardware/ti/dra7xx/camera/V4LCameraAdapter/V4LCameraAdapter.cpp:421 fillThisBuffer - EXIT
01-01 00:02:30.171 1595 1635 D CameraHal: (a8cc3970) + hardware/ti/dra7xx/camera/V4LCameraAdapter/V4LCameraAdapter.cpp:767 GetFrame - ENTER
01-01 00:02:30.181 1595 1635 D CameraHal: (a8cc3970) - hardware/ti/dra7xx/camera/V4LCameraAdapter/V4LCameraAdapter.cpp:809 GetFrame - EXIT
01-01 00:02:30.181 1595 1635 D CameraHal: (a8cc3970) hardware/ti/dra7xx/camera/V4LCameraAdapter/V4LCameraAdapter.cpp:1092 previewThread - GOT IN frame with ID=3
01-01 00:02:30.181 1595 1635 D CameraHal: (a8cc3970) + hardware/ti/dra7xx/camera/V4LCameraAdapter/V4LCameraAdapter.cpp:954 convertYUV422ToNV12Tiler - ENTER
01-01 00:02:30.194 1595 1635 D CameraHal: (a8cc3970) - hardware/ti/dra7xx/camera/V4LCameraAdapter/V4LCameraAdapter.cpp:1027 convertYUV422ToNV12Tiler - EXIT
01-01 00:02:30.195 1595 1635 V CameraHal: (a8cc3970) hardware/ti/dra7xx/camera/V4LCameraAdapter/V4LCameraAdapter.cpp:1116 previewThread - ##...index= 3.;camera buffer= 0xac743980; mapped= 0xaabec000.
01-01 00:02:30.195 1595 1635 D CameraHal: (a8cc3970) + hardware/ti/dra7xx/camera/BaseCameraAdapter.cpp:1416 setInitFrameRefCount - ENTER
01-01 00:02:30.195 1595 1635 D CameraHal: (a8cc3970) + hardware/ti/dra7xx/camera/BaseCameraAdapter.cpp:1559 setFrameRefCountByType - ENTER
01-01 00:02:30.195 1595 1635 D CameraHal: (a8cc3970) - hardware/ti/dra7xx/camera/BaseCameraAdapter.cpp:1603 setFrameRefCountByType - EXIT
01-01 00:02:30.195 1595 1635 D CameraHal: (a8cc3970) - hardware/ti/dra7xx/camera/BaseCameraAdapter.cpp:1469 setInitFrameRefCount - EXIT
01-01 00:02:30.195 1595 1635 D CameraHal: (a8cc3970) + hardware/ti/dra7xx/camera/BaseCameraAdapter.cpp:1489 getFrameRefCountByType - ENTER
01-01 00:02:30.195 1595 1635 D CameraHal: (a8cc3970) - hardware/ti/dra7xx/camera/BaseCameraAdapter.cpp:1551 getFrameRefCountByType - EXIT
01-01 00:02:30.195 1595 1635 V CameraHal: (a8cc3970) hardware/ti/dra7xx/camera/BaseCameraAdapter.cpp:1390 __sendFrameToSubscribers - Type of Frame: 0x1 address: 0xac743980 refCount start 1
01-01 00:02:30.197 1595 1629 V CameraHal: (ab57f970) hardware/ti/dra7xx/camera/ANativeWindowDisplayAdapter.cpp:1214 handleFrameReturn - handleFrameReturn: found graphic buffer 1 of 7
01-01 00:02:30.197 1595 1629 D CameraHal: (ab57f970) + hardware/ti/dra7xx/camera/BaseCameraAdapter.cpp:1489 getFrameRefCountByType - ENTER
01-01 00:02:30.197 1595 1629 D CameraHal: (ab57f970) - hardware/ti/dra7xx/camera/BaseCameraAdapter.cpp:1551 getFrameRefCountByType - EXIT
01-01 00:02:30.197 1595 1629 D CameraHal: (ab57f970) + hardware/ti/dra7xx/camera/BaseCameraAdapter.cpp:1559 setFrameRefCountByType - ENTER
01-01 00:02:30.197 1595 1629 D CameraHal: (ab57f970) - hardware/ti/dra7xx/camera/BaseCameraAdapter.cpp:1603 setFrameRefCountByType - EXIT
01-01 00:02:30.197 1595 1629 V CameraHal: (ab57f970) hardware/ti/dra7xx/camera/BaseCameraAdapter.cpp:378 returnFrame - REFCOUNT 0xac743880 0
01-01 00:02:30.197 1595 1629 V CameraHal: (ab57f970) hardware/ti/dra7xx/camera/CameraHal.cpp:4722 camera_buffer_get_omx_ptr - buffer_type 2 opaque 0xac714ce8
01-01 00:02:30.197 1595 1629 V CameraHal: (ab57f970) hardware/ti/dra7xx/camera/CameraHal.cpp:4726 camera_buffer_get_omx_ptr - anw ac72cb40
01-01 00:02:30.197 1595 1629 E CameraHal: (ab57f970) hardware/ti/dra7xx/camera/BaseCameraAdapter.cpp:392 returnFrame - Buffer already with Ducati!! 0xac743880
01-01 00:02:30.197 1595 1629 E CameraHal: (ab57f970) hardware/ti/dra7xx/camera/BaseCameraAdapter.cpp:393 returnFrame - 0xac72caf0
01-01 00:02:30.197 1595 1629 E CameraHal: (ab57f970) hardware/ti/dra7xx/camera/BaseCameraAdapter.cpp:393 returnFrame - 0xac72cb40
01-01 00:02:30.197 1595 1629 E CameraHal: (ab57f970) hardware/ti/dra7xx/camera/BaseCameraAdapter.cpp:393 returnFrame - 0xac72cb90
01-01 00:02:30.197 1595 1629 E CameraHal: (ab57f970) hardware/ti/dra7xx/camera/BaseCameraAdapter.cpp:393 returnFrame - 0xac72cbe0
01-01 00:02:30.197 1595 1629 E CameraHal: (ab57f970) hardware/ti/dra7xx/camera/BaseCameraAdapter.cpp:393 returnFrame - 0xac72cc30
01-01 00:02:30.197 1595 1629 E CameraHal: (ab57f970) hardware/ti/dra7xx/camera/BaseCameraAdapter.cpp:393 returnFrame - 0xac72ccd0
01-01 00:02:30.197 1595 1629 E CameraHal: (ab57f970) hardware/ti/dra7xx/camera/BaseCameraAdapter.cpp:393 returnFrame - 0xac72cd20
01-01 00:02:30.197 1595 1629 E CameraHal: (ab57f970) hardware/ti/dra7xx/camera/BaseCameraAdapter.cpp:393 returnFrame - 0xac72cd70
01-01 00:02:30.197 1595 1629 V CameraHal: (ab57f970) hardware/ti/dra7xx/camera/CameraHal.cpp:4722 camera_buffer_get_omx_ptr - buffer_type 2 opaque 0xac714ce8
01-01 00:02:30.197 1595 1629 V CameraHal: (ab57f970) hardware/ti/dra7xx/camera/CameraHal.cpp:4726 camera_buffer_get_omx_ptr - anw ac72cb40
01-01 00:02:30.197 1595 1629 D CameraHal: (ab57f970) + hardware/ti/dra7xx/camera/V4LCameraAdapter/V4LCameraAdapter.cpp:370 fillThisBuffer - ENTER
01-01 00:02:30.197 1595 1629 D CameraHal: (ab57f970) hardware/ti/dra7xx/camera/V4LCameraAdapter/V4LCameraAdapter.cpp:411 fillThisBuffer - Will return buffer to V4L with id=1
01-01 00:02:30.197 1595 1629 D CameraHal: (ab57f970) - hardware/ti/dra7xx/camera/V4LCameraAdapter/V4LCameraAdapter.cpp:421 fillThisBuffer - EXIT
01-01 00:02:30.197 1595 1635 D CameraHal: (a8cc3970) + hardware/ti/dra7xx/camera/V4LCameraAdapter/V4LCameraAdapter.cpp:767 GetFrame - ENTER
01-01 00:02:30.214 1595 1635 D CameraHal: (a8cc3970) - hardware/ti/dra7xx/camera/V4LCameraAdapter/V4LCameraAdapter.cpp:809 GetFrame - EXIT
01-01 00:02:30.214 1595 1635 D CameraHal: (a8cc3970) hardware/ti/dra7xx/camera/V4LCameraAdapter/V4LCameraAdapter.cpp:1092 previewThread - GOT IN frame with ID=4
01-01 00:02:30.214 1595 1635 D CameraHal: (a8cc3970) + hardware/ti/dra7xx/camera/V4LCameraAdapter/V4LCameraAdapter.cpp:954 convertYUV422ToNV12Tiler - ENTER
01-01 00:02:30.225 1595 1635 D CameraHal: (a8cc3970) - hardware/ti/dra7xx/camera/V4LCameraAdapter/V4LCameraAdapter.cpp:1027 convertYUV422ToNV12Tiler - EXIT
01-01 00:02:30.225 1595 1635 V CameraHal: (a8cc3970) hardware/ti/dra7xx/camera/V4LCameraAdapter/V4LCameraAdapter.cpp:1116 previewThread - ##...index= 4.;camera buffer= 0xac743a00; mapped= 0xaaa9a000.
01-01 00:02:30.225 1595 1635 D CameraHal: (a8cc3970) + hardware/ti/dra7xx/camera/BaseCameraAdapter.cpp:1416 setInitFrameRefCount - ENTER
01-01 00:02:30.225 1595 1635 D CameraHal: (a8cc3970) + hardware/ti/dra7xx/camera/BaseCameraAdapter.cpp:1559 setFrameRefCountByType - ENTER
01-01 00:02:30.225 1595 1635 D CameraHal: (a8cc3970) - hardware/ti/dra7xx/camera/BaseCameraAdapter.cpp:1603 setFrameRefCountByType - EXIT
01-01 00:02:30.225 1595 1635 D CameraHal: (a8cc3970) - hardware/ti/dra7xx/camera/BaseCameraAdapter.cpp:1469 setInitFrameRefCount - EXIT
01-01 00:02:30.225 1595 1635 D CameraHal: (a8cc3970) + hardware/ti/dra7xx/camera/BaseCameraAdapter.cpp:1489 getFrameRefCountByType - ENTER
01-01 00:02:30.225 1595 1635 D CameraHal: (a8cc3970) - hardware/ti/dra7xx/camera/BaseCameraAdapter.cpp:1551 getFrameRefCountByType - EXIT
01-01 00:02:30.225 1595 1635 V CameraHal: (a8cc3970) hardware/ti/dra7xx/camera/BaseCameraAdapter.cpp:1390 __sendFrameToSubscribers - Type of Frame: 0x1 address: 0xac743a00 refCount start 1
01-01 00:02:30.227 1595 1629 V CameraHal: (ab57f970) hardware/ti/dra7xx/camera/ANativeWindowDisplayAdapter.cpp:1214 handleFrameReturn - handleFrameReturn: found graphic buffer 2 of 7
01-01 00:02:30.227 1595 1629 D CameraHal: (ab57f970) + hardware/ti/dra7xx/camera/BaseCameraAdapter.cpp:1489 getFrameRefCountByType - ENTER
01-01 00:02:30.227 1595 1629 D CameraHal: (ab57f970) - hardware/ti/dra7xx/camera/BaseCameraAdapter.cpp:1551 getFrameRefCountByType - EXIT
01-01 00:02:30.227 1595 1629 D CameraHal: (ab57f970) + hardware/ti/dra7xx/camera/BaseCameraAdapter.cpp:1559 setFrameRefCountByType - ENTER
01-01 00:02:30.227 1595 1629 D CameraHal: (ab57f970) - hardware/ti/dra7xx/camera/BaseCameraAdapter.cpp:1603 setFrameRefCountByType - EXIT
01-01 00:02:30.227 1595 1629 V CameraHal: (ab57f970) hardware/ti/dra7xx/camera/BaseCameraAdapter.cpp:378 returnFrame - REFCOUNT 0xac743900 0
01-01 00:02:30.227 1595 1629 V CameraHal: (ab57f970) hardware/ti/dra7xx/camera/CameraHal.cpp:4722 camera_buffer_get_omx_ptr - buffer_type 2 opaque 0xac714d78
01-01 00:02:30.227 1595 1629 V CameraHal: (ab57f970) hardware/ti/dra7xx/camera/CameraHal.cpp:4726 camera_buffer_get_omx_ptr - anw ac72cb90
01-01 00:02:30.227 1595 1629 E CameraHal: (ab57f970) hardware/ti/dra7xx/camera/BaseCameraAdapter.cpp:392 returnFrame - Buffer already with Ducati!! 0xac743900
01-01 00:02:30.227 1595 1629 E CameraHal: (ab57f970) hardware/ti/dra7xx/camera/BaseCameraAdapter.cpp:393 returnFrame - 0xac72caf0
01-01 00:02:30.227 1595 1629 E CameraHal: (ab57f970) hardware/ti/dra7xx/camera/BaseCameraAdapter.cpp:393 returnFrame - 0xac72cb40
01-01 00:02:30.227 1595 1629 E CameraHal: (ab57f970) hardware/ti/dra7xx/camera/BaseCameraAdapter.cpp:393 returnFrame - 0xac72cb90
01-01 00:02:30.227 1595 1629 E CameraHal: (ab57f970) hardware/ti/dra7xx/camera/BaseCameraAdapter.cpp:393 returnFrame - 0xac72cbe0
01-01 00:02:30.227 1595 1629 E CameraHal: (ab57f970) hardware/ti/dra7xx/camera/BaseCameraAdapter.cpp:393 returnFrame - 0xac72cc30
01-01 00:02:30.227 1595 1629 E CameraHal: (ab57f970) hardware/ti/dra7xx/camera/BaseCameraAdapter.cpp:393 returnFrame - 0xac72ccd0
01-01 00:02:30.227 1595 1629 E CameraHal: (ab57f970) hardware/ti/dra7xx/camera/BaseCameraAdapter.cpp:393 returnFrame - 0xac72cd20
01-01 00:02:30.228 1595 1629 E CameraHal: (ab57f970) hardware/ti/dra7xx/camera/BaseCameraAdapter.cpp:393 returnFrame - 0xac72cd70
01-01 00:02:30.228 1595 1629 V CameraHal: (ab57f970) hardware/ti/dra7xx/camera/CameraHal.cpp:4722 camera_buffer_get_omx_ptr - buffer_type 2 opaque 0xac714d78
01-01 00:02:30.228 1595 1629 V CameraHal: (ab57f970) hardware/ti/dra7xx/camera/CameraHal.cpp:4726 camera_buffer_get_omx_ptr - anw ac72cb90
01-01 00:02:30.228 1595 1629 D CameraHal: (ab57f970) + hardware/ti/dra7xx/camera/V4LCameraAdapter/V4LCameraAdapter.cpp:370 fillThisBuffer - ENTER
01-01 00:02:30.228 1595 1629 D CameraHal: (ab57f970) hardware/ti/dra7xx/camera/V4LCameraAdapter/V4LCameraAdapter.cpp:411 fillThisBuffer - Will return buffer to V4L with id=2
01-01 00:02:30.228 1595 1629 D CameraHal: (ab57f970) - hardware/ti/dra7xx/camera/V4LCameraAdapter/V4LCameraAdapter.cpp:421 fillThisBuffer - EXIT
01-01 00:02:30.228 1595 1635 D CameraHal: (a8cc3970) + hardware/ti/dra7xx/camera/V4LCameraAdapter/V4LCameraAdapter.cpp:767 GetFrame - ENTER
01-01 00:02:30.247 1595 1635 D CameraHal: (a8cc3970) - hardware/ti/dra7xx/camera/V4LCameraAdapter/V4LCameraAdapter.cpp:809 GetFrame - EXIT
01-01 00:02:30.247 1595 1635 D CameraHal: (a8cc3970) hardware/ti/dra7xx/camera/V4LCameraAdapter/V4LCameraAdapter.cpp:1092 previewThread - GOT IN frame with ID=5
01-01 00:02:30.247 1595 1635 D CameraHal: (a8cc3970) + hardware/ti/dra7xx/camera/V4LCameraAdapter/V4LCameraAdapter.cpp:954 convertYUV422ToNV12Tiler - ENTER
01-01 00:02:30.258 1595 1635 D CameraHal: (a8cc3970) - hardware/ti/dra7xx/camera/V4LCameraAdapter/V4LCameraAdapter.cpp:1027 convertYUV422ToNV12Tiler - EXIT
01-01 00:02:30.258 1595 1635 V CameraHal: (a8cc3970) hardware/ti/dra7xx/camera/V4LCameraAdapter/V4LCameraAdapter.cpp:1116 previewThread - ##...index= 5.;camera buffer= 0xac743a80; mapped= 0xaa948000.
01-01 00:02:30.258 1595 1635 D CameraHal: (a8cc3970) + hardware/ti/dra7xx/camera/BaseCameraAdapter.cpp:1416 setInitFrameRefCount - ENTER
01-01 00:02:30.259 1595 1635 D CameraHal: (a8cc3970) + hardware/ti/dra7xx/camera/BaseCameraAdapter.cpp:1559 setFrameRefCountByType - ENTER
01-01 00:02:30.259 1595 1635 D CameraHal: (a8cc3970) - hardware/ti/dra7xx/camera/BaseCameraAdapter.cpp:1603 setFrameRefCountByType - EXIT
01-01 00:02:30.259 1595 1635 D CameraHal: (a8cc3970) - hardware/ti/dra7xx/camera/BaseCameraAdapter.cpp:1469 setInitFrameRefCount - EXIT
01-01 00:02:30.259 1595 1635 D CameraHal: (a8cc3970) + hardware/ti/dra7xx/camera/BaseCameraAdapter.cpp:1489 getFrameRefCountByType - ENTER
01-01 00:02:30.259 1595 1635 D CameraHal: (a8cc3970) - hardware/ti/dra7xx/camera/BaseCameraAdapter.cpp:1551 getFrameRefCountByType - EXIT
01-01 00:02:30.259 1595 1635 V CameraHal: (a8cc3970) hardware/ti/dra7xx/camera/BaseCameraAdapter.cpp:1390 __sendFrameToSubscribers - Type of Frame: 0x1 address: 0xac743a80 refCount start 1
01-01 00:02:30.260 1595 1629 V CameraHal: (ab57f970) hardware/ti/dra7xx/camera/ANativeWindowDisplayAdapter.cpp:1214 handleFrameReturn - handleFrameReturn: found graphic buffer 3 of 7
01-01 00:02:30.260 1595 1629 D CameraHal: (ab57f970) + hardware/ti/dra7xx/camera/BaseCameraAdapter.cpp:1489 getFrameRefCountByType - ENTER
01-01 00:02:30.260 1595 1629 D CameraHal: (ab57f970) - hardware/ti/dra7xx/camera/BaseCameraAdapter.cpp:1551 getFrameRefCountByType - EXIT
01-01 00:02:30.260 1595 1629 D CameraHal: (ab57f970) + hardware/ti/dra7xx/camera/BaseCameraAdapter.cpp:1559 setFrameRefCountByType - ENTER
01-01 00:02:30.260 1595 1629 D CameraHal: (ab57f970) - hardware/ti/dra7xx/camera/BaseCameraAdapter.cpp:1603 setFrameRefCountByType - EXIT
01-01 00:02:30.260 1595 1629 V CameraHal: (ab57f970) hardware/ti/dra7xx/camera/BaseCameraAdapter.cpp:378 returnFrame - REFCOUNT 0xac743980 0
01-01 00:02:30.260 1595 1629 V CameraHal: (ab57f970) hardware/ti/dra7xx/camera/CameraHal.cpp:4722 camera_buffer_get_omx_ptr - buffer_type 2 opaque 0xac714eb0
01-01 00:02:30.260 1595 1629 V CameraHal: (ab57f970) hardware/ti/dra7xx/camera/CameraHal.cpp:4726 camera_buffer_get_omx_ptr - anw ac72cbe0
01-01 00:02:30.260 1595 1629 E CameraHal: (ab57f970) hardware/ti/dra7xx/camera/BaseCameraAdapter.cpp:392 returnFrame - Buffer already with Ducati!! 0xac743980
01-01 00:02:30.260 1595 1629 E CameraHal: (ab57f970) hardware/ti/dra7xx/camera/BaseCameraAdapter.cpp:393 returnFrame - 0xac72caf0
01-01 00:02:30.260 1595 1629 E CameraHal: (ab57f970) hardware/ti/dra7xx/camera/BaseCameraAdapter.cpp:393 returnFrame - 0xac72cb40
01-01 00:02:30.260 1595 1629 E CameraHal: (ab57f970) hardware/ti/dra7xx/camera/BaseCameraAdapter.cpp:393 returnFrame - 0xac72cb90
01-01 00:02:30.260 1595 1629 E CameraHal: (ab57f970) hardware/ti/dra7xx/camera/BaseCameraAdapter.cpp:393 returnFrame - 0xac72cbe0
01-01 00:02:30.261 1595 1629 E CameraHal: (ab57f970) hardware/ti/dra7xx/camera/BaseCameraAdapter.cpp:393 returnFrame - 0xac72cc30
01-01 00:02:30.261 1595 1629 E CameraHal: (ab57f970) hardware/ti/dra7xx/camera/BaseCameraAdapter.cpp:393 returnFrame - 0xac72ccd0
01-01 00:02:30.261 1595 1629 E CameraHal: (ab57f970) hardware/ti/dra7xx/camera/BaseCameraAdapter.cpp:393 returnFrame - 0xac72cd20
01-01 00:02:30.261 1595 1629 E CameraHal: (ab57f970) hardware/ti/dra7xx/camera/BaseCameraAdapter.cpp:393 returnFrame - 0xac72cd70
01-01 00:02:30.261 1595 1629 V CameraHal: (ab57f970) hardware/ti/dra7xx/camera/CameraHal.cpp:4722 camera_buffer_get_omx_ptr - buffer_type 2 opaque 0xac714eb0
01-01 00:02:30.261 1595 1629 V CameraHal: (ab57f970) hardware/ti/dra7xx/camera/CameraHal.cpp:4726 camera_buffer_get_omx_ptr - anw ac72cbe0
01-01 00:02:30.261 1595 1629 D CameraHal: (ab57f970) + hardware/ti/dra7xx/camera/V4LCameraAdapter/V4LCameraAdapter.cpp:370 fillThisBuffer - ENTER
01-01 00:02:30.261 1595 1629 D CameraHal: (ab57f970) hardware/ti/dra7xx/camera/V4LCameraAdapter/V4LCameraAdapter.cpp:411 fillThisBuffer - Will return buffer to V4L with id=3
01-01 00:02:30.261 1595 1629 D CameraHal: (ab57f970) - hardware/ti/dra7xx/camera/V4LCameraAdapter/V4LCameraAdapter.cpp:421 fillThisBuffer - EXIT
01-01 00:02:30.261 1595 1635 D CameraHal: (a8cc3970) + hardware/ti/dra7xx/camera/V4LCameraAdapter/V4LCameraAdapter.cpp:767 GetFrame - ENTER
01-01 00:02:30.281 1595 1635 D CameraHal: (a8cc3970) - hardware/ti/dra7xx/camera/V4LCameraAdapter/V4LCameraAdapter.cpp:809 GetFrame - EXIT
01-01 00:02:30.281 1595 1635 D CameraHal: (a8cc3970) hardware/ti/dra7xx/camera/V4LCameraAdapter/V4LCameraAdapter.cpp:1092 previewThread - GOT IN frame with ID=6
01-01 00:02:30.281 1595 1635 D CameraHal: (a8cc3970) + hardware/ti/dra7xx/camera/V4LCameraAdapter/V4LCameraAdapter.cpp:954 convertYUV422ToNV12Tiler - ENTER
01-01 00:02:30.292 1595 1635 D CameraHal: (a8cc3970) - hardware/ti/dra7xx/camera/V4LCameraAdapter/V4LCameraAdapter.cpp:1027 convertYUV422ToNV12Tiler - EXIT
01-01 00:02:30.292 1595 1635 V CameraHal: (a8cc3970) hardware/ti/dra7xx/camera/V4LCameraAdapter/V4LCameraAdapter.cpp:1116 previewThread - ##...index= 6.;camera buffer= 0xac743b00; mapped= 0xaa7f6000.
01-01 00:02:30.292 1595 1635 D CameraHal: (a8cc3970) + hardware/ti/dra7xx/camera/BaseCameraAdapter.cpp:1416 setInitFrameRefCount - ENTER
01-01 00:02:30.292 1595 1635 D CameraHal: (a8cc3970) + hardware/ti/dra7xx/camera/BaseCameraAdapter.cpp:1559 setFrameRefCountByType - ENTER
01-01 00:02:30.292 1595 1635 D CameraHal: (a8cc3970) - hardware/ti/dra7xx/camera/BaseCameraAdapter.cpp:1603 setFrameRefCountByType - EXIT
01-01 00:02:30.292 1595 1635 D CameraHal: (a8cc3970) - hardware/ti/dra7xx/camera/BaseCameraAdapter.cpp:1469 setInitFrameRefCount - EXIT
01-01 00:02:30.292 1595 1635 D CameraHal: (a8cc3970) + hardware/ti/dra7xx/camera/BaseCameraAdapter.cpp:1489 getFrameRefCountByType - ENTER
01-01 00:02:30.292 1595 1635 D CameraHal: (a8cc3970) - hardware/ti/dra7xx/camera/BaseCameraAdapter.cpp:1551 getFrameRefCountByType - EXIT
01-01 00:02:30.292 1595 1635 V CameraHal: (a8cc3970) hardware/ti/dra7xx/camera/BaseCameraAdapter.cpp:1390 __sendFrameToSubscribers - Type of Frame: 0x1 address: 0xac743b00 refCount start 1
01-01 00:02:30.294 1595 1629 V CameraHal: (ab57f970) hardware/ti/dra7xx/camera/ANativeWindowDisplayAdapter.cpp:1214 handleFrameReturn - handleFrameReturn: found graphic buffer 4 of 7
01-01 00:02:30.294 1595 1629 D CameraHal: (ab57f970) + hardware/ti/dra7xx/camera/BaseCameraAdapter.cpp:1489 getFrameRefCountByType - ENTER
01-01 00:02:30.294 1595 1629 D CameraHal: (ab57f970) - hardware/ti/dra7xx/camera/BaseCameraAdapter.cpp:1551 getFrameRefCountByType - EXIT
01-01 00:02:30.294 1595 1629 D CameraHal: (ab57f970) + hardware/ti/dra7xx/camera/BaseCameraAdapter.cpp:1559 setFrameRefCountByType - ENTER
01-01 00:02:30.294 1595 1629 D CameraHal: (ab57f970) - hardware/ti/dra7xx/camera/BaseCameraAdapter.cpp:1603 setFrameRefCountByType - EXIT
01-01 00:02:30.294 1595 1629 V CameraHal: (ab57f970) hardware/ti/dra7xx/camera/BaseCameraAdapter.cpp:378 returnFrame - REFCOUNT 0xac743a00 0
01-01 00:02:30.294 1595 1629 V CameraHal: (ab57f970) hardware/ti/dra7xx/camera/CameraHal.cpp:4722 camera_buffer_get_omx_ptr - buffer_type 2 opaque 0xac714ef8
01-01 00:02:30.295 1595 1629 V CameraHal: (ab57f970) hardware/ti/dra7xx/camera/CameraHal.cpp:4726 camera_buffer_get_omx_ptr - anw ac72cc30
01-01 00:02:30.295 1595 1629 E CameraHal: (ab57f970) hardware/ti/dra7xx/camera/BaseCameraAdapter.cpp:392 returnFrame - Buffer already with Ducati!! 0xac743a00
01-01 00:02:30.295 1595 1629 E CameraHal: (ab57f970) hardware/ti/dra7xx/camera/BaseCameraAdapter.cpp:393 returnFrame - 0xac72caf0
01-01 00:02:30.295 1595 1629 E CameraHal: (ab57f970) hardware/ti/dra7xx/camera/BaseCameraAdapter.cpp:393 returnFrame - 0xac72cb40
01-01 00:02:30.295 1595 1629 E CameraHal: (ab57f970) hardware/ti/dra7xx/camera/BaseCameraAdapter.cpp:393 returnFrame - 0xac72cb90
01-01 00:02:30.295 1595 1629 E CameraHal: (ab57f970) hardware/ti/dra7xx/camera/BaseCameraAdapter.cpp:393 returnFrame - 0xac72cbe0
01-01 00:02:30.295 1595 1629 E CameraHal: (ab57f970) hardware/ti/dra7xx/camera/BaseCameraAdapter.cpp:393 returnFrame - 0xac72cc30
01-01 00:02:30.295 1595 1629 E CameraHal: (ab57f970) hardware/ti/dra7xx/camera/BaseCameraAdapter.cpp:393 returnFrame - 0xac72ccd0
01-01 00:02:30.295 1595 1629 E CameraHal: (ab57f970) hardware/ti/dra7xx/camera/BaseCameraAdapter.cpp:393 returnFrame - 0xac72cd20
01-01 00:02:30.295 1595 1629 E CameraHal: (ab57f970) hardware/ti/dra7xx/camera/BaseCameraAdapter.cpp:393 returnFrame - 0xac72cd70
01-01 00:02:30.295 1595 1629 V CameraHal: (ab57f970) hardware/ti/dra7xx/camera/CameraHal.cpp:4722 camera_buffer_get_omx_ptr - buffer_type 2 opaque 0xac714ef8
01-01 00:02:30.295 1595 1629 V CameraHal: (ab57f970) hardware/ti/dra7xx/camera/CameraHal.cpp:4726 camera_buffer_get_omx_ptr - anw ac72cc30
01-01 00:02:30.295 1595 1629 D CameraHal: (ab57f970) + hardware/ti/dra7xx/camera/V4LCameraAdapter/V4LCameraAdapter.cpp:370 fillThisBuffer - ENTER
01-01 00:02:30.295 1595 1629 D CameraHal: (ab57f970) hardware/ti/dra7xx/camera/V4LCameraAdapter/V4LCameraAdapter.cpp:411 fillThisBuffer - Will return buffer to V4L with id=4
01-01 00:02:30.295 1595 1629 D CameraHal: (ab57f970) - hardware/ti/dra7xx/camera/V4LCameraAdapter/V4LCameraAdapter.cpp:421 fillThisBuffer - EXIT
01-01 00:02:30.295 1595 1635 D CameraHal: (a8cc3970) + hardware/ti/dra7xx/camera/V4LCameraAdapter/V4LCameraAdapter.cpp:767 GetFrame - ENTER
01-01 00:02:30.314 1595 1635 D CameraHal: (a8cc3970) - hardware/ti/dra7xx/camera/V4LCameraAdapter/V4LCameraAdapter.cpp:809 GetFrame - EXIT
01-01 00:02:30.314 1595 1635 D CameraHal: (a8cc3970) hardware/ti/dra7xx/camera/V4LCameraAdapter/V4LCameraAdapter.cpp:1092 previewThread - GOT IN frame with ID=7
01-01 00:02:30.314 1595 1635 D CameraHal: (a8cc3970) + hardware/ti/dra7xx/camera/V4LCameraAdapter/V4LCameraAdapter.cpp:954 convertYUV422ToNV12Tiler - ENTER
01-01 00:02:30.325 1595 1635 D CameraHal: (a8cc3970) - hardware/ti/dra7xx/camera/V4LCameraAdapter/V4LCameraAdapter.cpp:1027 convertYUV422ToNV12Tiler - EXIT
01-01 00:02:30.325 1595 1635 V CameraHal: (a8cc3970) hardware/ti/dra7xx/camera/V4LCameraAdapter/V4LCameraAdapter.cpp:1116 previewThread - ##...index= 7.;camera buffer= 0xac743b80; mapped= 0xaa6a4000.
01-01 00:02:30.325 1595 1635 D CameraHal: (a8cc3970) + hardware/ti/dra7xx/camera/BaseCameraAdapter.cpp:1416 setInitFrameRefCount - ENTER
01-01 00:02:30.325 1595 1635 D CameraHal: (a8cc3970) + hardware/ti/dra7xx/camera/BaseCameraAdapter.cpp:1559 setFrameRefCountByType - ENTER
01-01 00:02:30.325 1595 1635 D CameraHal: (a8cc3970) - hardware/ti/dra7xx/camera/BaseCameraAdapter.cpp:1603 setFrameRefCountByType - EXIT
01-01 00:02:30.325 1595 1635 D CameraHal: (a8cc3970) - hardware/ti/dra7xx/camera/BaseCameraAdapter.cpp:1469 setInitFrameRefCount - EXIT
01-01 00:02:30.325 1595 1635 D CameraHal: (a8cc3970) + hardware/ti/dra7xx/camera/BaseCameraAdapter.cpp:1489 getFrameRefCountByType - ENTER
01-01 00:02:30.325 1595 1635 D CameraHal: (a8cc3970) - hardware/ti/dra7xx/camera/BaseCameraAdapter.cpp:1551 getFrameRefCountByType - EXIT
01-01 00:02:30.325 1595 1635 V CameraHal: (a8cc3970) hardware/ti/dra7xx/camera/BaseCameraAdapter.cpp:1390 __sendFrameToSubscribers - Type of Frame: 0x1 address: 0xac743b80 refCount start 1
01-01 00:02:30.327 1595 1629 V CameraHal: (ab57f970) hardware/ti/dra7xx/camera/ANativeWindowDisplayAdapter.cpp:1214 handleFrameReturn - handleFrameReturn: found graphic buffer 5 of 7
01-01 00:02:30.327 1595 1629 D CameraHal: (ab57f970) + hardware/ti/dra7xx/camera/BaseCameraAdapter.cpp:1489 getFrameRefCountByType - ENTER
01-01 00:02:30.327 1595 1629 D CameraHal: (ab57f970) - hardware/ti/dra7xx/camera/BaseCameraAdapter.cpp:1551 getFrameRefCountByType - EXIT
01-01 00:02:30.327 1595 1629 D CameraHal: (ab57f970) + hardware/ti/dra7xx/camera/BaseCameraAdapter.cpp:1559 setFrameRefCountByType - ENTER
01-01 00:02:30.327 1595 1629 D CameraHal: (ab57f970) - hardware/ti/dra7xx/camera/BaseCameraAdapter.cpp:1603 setFrameRefCountByType - EXIT
01-01 00:02:30.327 1595 1629 V CameraHal: (ab57f970) hardware/ti/dra7xx/camera/BaseCameraAdapter.cpp:378 returnFrame - REFCOUNT 0xac743a80 0
01-01 00:02:30.327 1595 1629 V CameraHal: (ab57f970) hardware/ti/dra7xx/camera/CameraHal.cpp:4722 camera_buffer_get_omx_ptr - buffer_type 2 opaque 0xac714d60
01-01 00:02:30.327 1595 1629 V CameraHal: (ab57f970) hardware/ti/dra7xx/camera/CameraHal.cpp:4726 camera_buffer_get_omx_ptr - anw ac72ccd0
01-01 00:02:30.327 1595 1629 E CameraHal: (ab57f970) hardware/ti/dra7xx/camera/BaseCameraAdapter.cpp:392 returnFrame - Buffer already with Ducati!! 0xac743a80
01-01 00:02:30.327 1595 1629 E CameraHal: (ab57f970) hardware/ti/dra7xx/camera/BaseCameraAdapter.cpp:393 returnFrame - 0xac72caf0
01-01 00:02:30.327 1595 1629 E CameraHal: (ab57f970) hardware/ti/dra7xx/camera/BaseCameraAdapter.cpp:393 returnFrame - 0xac72cb40
01-01 00:02:30.327 1595 1629 E CameraHal: (ab57f970) hardware/ti/dra7xx/camera/BaseCameraAdapter.cpp:393 returnFrame - 0xac72cb90
01-01 00:02:30.327 1595 1629 E CameraHal: (ab57f970) hardware/ti/dra7xx/camera/BaseCameraAdapter.cpp:393 returnFrame - 0xac72cbe0
01-01 00:02:30.327 1595 1629 E CameraHal: (ab57f970) hardware/ti/dra7xx/camera/BaseCameraAdapter.cpp:393 returnFrame - 0xac72cc30
01-01 00:02:30.327 1595 1629 E CameraHal: (ab57f970) hardware/ti/dra7xx/camera/BaseCameraAdapter.cpp:393 returnFrame - 0xac72ccd0
01-01 00:02:30.327 1595 1629 E CameraHal: (ab57f970) hardware/ti/dra7xx/camera/BaseCameraAdapter.cpp:393 returnFrame - 0xac72cd20
01-01 00:02:30.327 1595 1629 E CameraHal: (ab57f970) hardware/ti/dra7xx/camera/BaseCameraAdapter.cpp:393 returnFrame - 0xac72cd70
01-01 00:02:30.327 1595 1629 V CameraHal: (ab57f970) hardware/ti/dra7xx/camera/CameraHal.cpp:4722 camera_buffer_get_omx_ptr - buffer_type 2 opaque 0xac714d60
01-01 00:02:30.327 1595 1629 V CameraHal: (ab57f970) hardware/ti/dra7xx/camera/CameraHal.cpp:4726 camera_buffer_get_omx_ptr - anw ac72ccd0
01-01 00:02:30.327 1595 1629 D CameraHal: (ab57f970) + hardware/ti/dra7xx/camera/V4LCameraAdapter/V4LCameraAdapter.cpp:370 fillThisBuffer - ENTER
01-01 00:02:30.327 1595 1629 D CameraHal: (ab57f970) hardware/ti/dra7xx/camera/V4LCameraAdapter/V4LCameraAdapter.cpp:411 fillThisBuffer - Will return buffer to V4L with id=5
01-01 00:02:30.327 1595 1629 D CameraHal: (ab57f970) - hardware/ti/dra7xx/camera/V4LCameraAdapter/V4LCameraAdapter.cpp:421 fillThisBuffer - EXIT
01-01 00:02:30.327 1595 1635 D CameraHal: (a8cc3970) + hardware/ti/dra7xx/camera/V4LCameraAdapter/V4LCameraAdapter.cpp:767 GetFrame - ENTER
01-01 00:02:30.347 1595 1635 D CameraHal: (a8cc3970) - hardware/ti/dra7xx/camera/V4LCameraAdapter/V4LCameraAdapter.cpp:809 GetFrame - EXIT
01-01 00:02:30.347 1595 1635 D CameraHal: (a8cc3970) hardware/ti/dra7xx/camera/V4LCameraAdapter/V4LCameraAdapter.cpp:1092 previewThread - GOT IN frame with ID=0
01-01 00:02:30.347 1595 1635 D CameraHal: (a8cc3970) + hardware/ti/dra7xx/camera/V4LCameraAdapter/V4LCameraAdapter.cpp:954 convertYUV422ToNV12Tiler - ENTER
01-01 00:02:30.358 1595 1635 D CameraHal: (a8cc3970) - hardware/ti/dra7xx/camera/V4LCameraAdapter/V4LCameraAdapter.cpp:1027 convertYUV422ToNV12Tiler - EXIT
