01-01 00:02:30.358 1595 1635 V CameraHal: (a8cc3970) hardware/ti/dra7xx/camera/V4LCameraAdapter/V4LCameraAdapter.cpp:1116 previewThread - ##...index= 0.;camera buffer= 0xac743800; mapped= 0xaafe2000.
01-01 00:02:30.358 1595 1635 D CameraHal: (a8cc3970) + hardware/ti/dra7xx/camera/BaseCameraAdapter.cpp:1416 setInitFrameRefCount - ENTER
01-01 00:02:30.358 1595 1635 D CameraHal: (a8cc3970) + hardware/ti/dra7xx/camera/BaseCameraAdapter.cpp:1559 setFrameRefCountByType - ENTER
01-01 00:02:30.358 1595 1635 D CameraHal: (a8cc3970) - hardware/ti/dra7xx/camera/BaseCameraAdapter.cpp:1603 setFrameRefCountByType - EXIT
01-01 00:02:30.358 1595 1635 D CameraHal: (a8cc3970) - hardware/ti/dra7xx/camera/BaseCameraAdapter.cpp:1469 setInitFrameRefCount - EXIT
01-01 00:02:30.358 1595 1635 D CameraHal: (a8cc3970) + hardware/ti/dra7xx/camera/BaseCameraAdapter.cpp:1489 getFrameRefCountByType - ENTER
01-01 00:02:30.358 1595 1635 D CameraHal: (a8cc3970) - hardware/ti/dra7xx/camera/BaseCameraAdapter.cpp:1551 getFrameRefCountByType - EXIT
01-01 00:02:30.358 1595 1635 V CameraHal: (a8cc3970) hardware/ti/dra7xx/camera/BaseCameraAdapter.cpp:1390 __sendFrameToSubscribers - Type of Frame: 0x1 address: 0xac743800 refCount start 1
01-01 00:02:30.360 1595 1629 V CameraHal: (ab57f970) hardware/ti/dra7xx/camera/ANativeWindowDisplayAdapter.cpp:1214 handleFrameReturn - handleFrameReturn: found graphic buffer 6 of 7
01-01 00:02:30.360 1595 1629 D CameraHal: (ab57f970) + hardware/ti/dra7xx/camera/BaseCameraAdapter.cpp:1489 getFrameRefCountByType - ENTER
01-01 00:02:30.360 1595 1629 D CameraHal: (ab57f970) - hardware/ti/dra7xx/camera/BaseCameraAdapter.cpp:1551 getFrameRefCountByType - EXIT
01-01 00:02:30.360 1595 1629 D CameraHal: (ab57f970) + hardware/ti/dra7xx/camera/BaseCameraAdapter.cpp:1559 setFrameRefCountByType - ENTER
01-01 00:02:30.360 1595 1629 D CameraHal: (ab57f970) - hardware/ti/dra7xx/camera/BaseCameraAdapter.cpp:1603 setFrameRefCountByType - EXIT
01-01 00:02:30.360 1595 1629 V CameraHal: (ab57f970) hardware/ti/dra7xx/camera/BaseCameraAdapter.cpp:378 returnFrame - REFCOUNT 0xac743b00 0
01-01 00:02:30.360 1595 1629 V CameraHal: (ab57f970) hardware/ti/dra7xx/camera/CameraHal.cpp:4722 camera_buffer_get_omx_ptr - buffer_type 2 opaque 0xac714f40
01-01 00:02:30.360 1595 1629 V CameraHal: (ab57f970) hardware/ti/dra7xx/camera/CameraHal.cpp:4726 camera_buffer_get_omx_ptr - anw ac72cd20
01-01 00:02:30.360 1595 1629 E CameraHal: (ab57f970) hardware/ti/dra7xx/camera/BaseCameraAdapter.cpp:392 returnFrame - Buffer already with Ducati!! 0xac743b00
01-01 00:02:30.360 1595 1629 E CameraHal: (ab57f970) hardware/ti/dra7xx/camera/BaseCameraAdapter.cpp:393 returnFrame - 0xac72caf0
01-01 00:02:30.360 1595 1629 E CameraHal: (ab57f970) hardware/ti/dra7xx/camera/BaseCameraAdapter.cpp:393 returnFrame - 0xac72cb40
01-01 00:02:30.360 1595 1629 E CameraHal: (ab57f970) hardware/ti/dra7xx/camera/BaseCameraAdapter.cpp:393 returnFrame - 0xac72cb90
01-01 00:02:30.360 1595 1629 E CameraHal: (ab57f970) hardware/ti/dra7xx/camera/BaseCameraAdapter.cpp:393 returnFrame - 0xac72cbe0
01-01 00:02:30.360 1595 1629 E CameraHal: (ab57f970) hardware/ti/dra7xx/camera/BaseCameraAdapter.cpp:393 returnFrame - 0xac72cc30
01-01 00:02:30.360 1595 1629 E CameraHal: (ab57f970) hardware/ti/dra7xx/camera/BaseCameraAdapter.cpp:393 returnFrame - 0xac72ccd0
01-01 00:02:30.360 1595 1629 E CameraHal: (ab57f970) hardware/ti/dra7xx/camera/BaseCameraAdapter.cpp:393 returnFrame - 0xac72cd20
01-01 00:02:30.360 1595 1629 E CameraHal: (ab57f970) hardware/ti/dra7xx/camera/BaseCameraAdapter.cpp:393 returnFrame - 0xac72cd70
01-01 00:02:30.360 1595 1629 V CameraHal: (ab57f970) hardware/ti/dra7xx/camera/CameraHal.cpp:4722 camera_buffer_get_omx_ptr - buffer_type 2 opaque 0xac714f40
01-01 00:02:30.360 1595 1629 V CameraHal: (ab57f970) hardware/ti/dra7xx/camera/CameraHal.cpp:4726 camera_buffer_get_omx_ptr - anw ac72cd20
01-01 00:02:30.360 1595 1629 D CameraHal: (ab57f970) + hardware/ti/dra7xx/camera/V4LCameraAdapter/V4LCameraAdapter.cpp:370 fillThisBuffer - ENTER
01-01 00:02:30.360 1595 1629 D CameraHal: (ab57f970) hardware/ti/dra7xx/camera/V4LCameraAdapter/V4LCameraAdapter.cpp:411 fillThisBuffer - Will return buffer to V4L with id=6
01-01 00:02:30.360 1595 1629 D CameraHal: (ab57f970) - hardware/ti/dra7xx/camera/V4LCameraAdapter/V4LCameraAdapter.cpp:421 fillThisBuffer - EXIT
01-01 00:02:30.360 1595 1635 D CameraHal: (a8cc3970) + hardware/ti/dra7xx/camera/V4LCameraAdapter/V4LCameraAdapter.cpp:767 GetFrame - ENTER
01-01 00:02:30.381 1595 1635 D CameraHal: (a8cc3970) - hardware/ti/dra7xx/camera/V4LCameraAdapter/V4LCameraAdapter.cpp:809 GetFrame - EXIT
01-01 00:02:30.381 1595 1635 D CameraHal: (a8cc3970) hardware/ti/dra7xx/camera/V4LCameraAdapter/V4LCameraAdapter.cpp:1092 previewThread - GOT IN frame with ID=1
01-01 00:02:30.381 1595 1635 D CameraHal: (a8cc3970) + hardware/ti/dra7xx/camera/V4LCameraAdapter/V4LCameraAdapter.cpp:954 convertYUV422ToNV12Tiler - ENTER
01-01 00:02:30.391 1595 1635 D CameraHal: (a8cc3970) - hardware/ti/dra7xx/camera/V4LCameraAdapter/V4LCameraAdapter.cpp:1027 convertYUV422ToNV12Tiler - EXIT
01-01 00:02:30.391 1595 1635 V CameraHal: (a8cc3970) hardware/ti/dra7xx/camera/V4LCameraAdapter/V4LCameraAdapter.cpp:1116 previewThread - ##...index= 1.;camera buffer= 0xac743880; mapped= 0xaae90000.
01-01 00:02:30.391 1595 1635 D CameraHal: (a8cc3970) + hardware/ti/dra7xx/camera/BaseCameraAdapter.cpp:1416 setInitFrameRefCount - ENTER
01-01 00:02:30.391 1595 1635 D CameraHal: (a8cc3970) + hardware/ti/dra7xx/camera/BaseCameraAdapter.cpp:1559 setFrameRefCountByType - ENTER
01-01 00:02:30.391 1595 1635 D CameraHal: (a8cc3970) - hardware/ti/dra7xx/camera/BaseCameraAdapter.cpp:1603 setFrameRefCountByType - EXIT
01-01 00:02:30.391 1595 1635 D CameraHal: (a8cc3970) - hardware/ti/dra7xx/camera/BaseCameraAdapter.cpp:1469 setInitFrameRefCount - EXIT
01-01 00:02:30.391 1595 1635 D CameraHal: (a8cc3970) + hardware/ti/dra7xx/camera/BaseCameraAdapter.cpp:1489 getFrameRefCountByType - ENTER
01-01 00:02:30.391 1595 1635 D CameraHal: (a8cc3970) - hardware/ti/dra7xx/camera/BaseCameraAdapter.cpp:1551 getFrameRefCountByType - EXIT
01-01 00:02:30.391 1595 1635 V CameraHal: (a8cc3970) hardware/ti/dra7xx/camera/BaseCameraAdapter.cpp:1390 __sendFrameToSubscribers - Type of Frame: 0x1 address: 0xac743880 refCount start 1
01-01 00:02:30.393 1595 1629 V CameraHal: (ab57f970) hardware/ti/dra7xx/camera/ANativeWindowDisplayAdapter.cpp:1214 handleFrameReturn - handleFrameReturn: found graphic buffer 7 of 7
01-01 00:02:30.393 1595 1629 D CameraHal: (ab57f970) + hardware/ti/dra7xx/camera/BaseCameraAdapter.cpp:1489 getFrameRefCountByType - ENTER
01-01 00:02:30.393 1595 1629 D CameraHal: (ab57f970) - hardware/ti/dra7xx/camera/BaseCameraAdapter.cpp:1551 getFrameRefCountByType - EXIT
01-01 00:02:30.393 1595 1629 D CameraHal: (ab57f970) + hardware/ti/dra7xx/camera/BaseCameraAdapter.cpp:1559 setFrameRefCountByType - ENTER
01-01 00:02:30.393 1595 1629 D CameraHal: (ab57f970) - hardware/ti/dra7xx/camera/BaseCameraAdapter.cpp:1603 setFrameRefCountByType - EXIT
01-01 00:02:30.393 1595 1629 V CameraHal: (ab57f970) hardware/ti/dra7xx/camera/BaseCameraAdapter.cpp:378 returnFrame - REFCOUNT 0xac743b80 0
01-01 00:02:30.393 1595 1629 V CameraHal: (ab57f970) hardware/ti/dra7xx/camera/CameraHal.cpp:4722 camera_buffer_get_omx_ptr - buffer_type 2 opaque 0xac714fe8
01-01 00:02:30.393 1595 1629 V CameraHal: (ab57f970) hardware/ti/dra7xx/camera/CameraHal.cpp:4726 camera_buffer_get_omx_ptr - anw ac72cd70
01-01 00:02:30.393 1595 1629 E CameraHal: (ab57f970) hardware/ti/dra7xx/camera/BaseCameraAdapter.cpp:392 returnFrame - Buffer already with Ducati!! 0xac743b80
01-01 00:02:30.393 1595 1629 E CameraHal: (ab57f970) hardware/ti/dra7xx/camera/BaseCameraAdapter.cpp:393 returnFrame - 0xac72caf0
01-01 00:02:30.393 1595 1629 E CameraHal: (ab57f970) hardware/ti/dra7xx/camera/BaseCameraAdapter.cpp:393 returnFrame - 0xac72cb40
01-01 00:02:30.393 1595 1629 E CameraHal: (ab57f970) hardware/ti/dra7xx/camera/BaseCameraAdapter.cpp:393 returnFrame - 0xac72cb90
01-01 00:02:30.393 1595 1629 E CameraHal: (ab57f970) hardware/ti/dra7xx/camera/BaseCameraAdapter.cpp:393 returnFrame - 0xac72cbe0
01-01 00:02:30.393 1595 1629 E CameraHal: (ab57f970) hardware/ti/dra7xx/camera/BaseCameraAdapter.cpp:393 returnFrame - 0xac72cc30
01-01 00:02:30.393 1595 1629 E CameraHal: (ab57f970) hardware/ti/dra7xx/camera/BaseCameraAdapter.cpp:393 returnFrame - 0xac72ccd0
01-01 00:02:30.393 1595 1629 E CameraHal: (ab57f970) hardware/ti/dra7xx/camera/BaseCameraAdapter.cpp:393 returnFrame - 0xac72cd20
01-01 00:02:30.393 1595 1629 E CameraHal: (ab57f970) hardware/ti/dra7xx/camera/BaseCameraAdapter.cpp:393 returnFrame - 0xac72cd70
01-01 00:02:30.393 1595 1629 V CameraHal: (ab57f970) hardware/ti/dra7xx/camera/CameraHal.cpp:4722 camera_buffer_get_omx_ptr - buffer_type 2 opaque 0xac714fe8
01-01 00:02:30.393 1595 1629 V CameraHal: (ab57f970) hardware/ti/dra7xx/camera/CameraHal.cpp:4726 camera_buffer_get_omx_ptr - anw ac72cd70
01-01 00:02:30.393 1595 1629 D CameraHal: (ab57f970) + hardware/ti/dra7xx/camera/V4LCameraAdapter/V4LCameraAdapter.cpp:370 fillThisBuffer - ENTER
01-01 00:02:30.393 1595 1629 D CameraHal: (ab57f970) hardware/ti/dra7xx/camera/V4LCameraAdapter/V4LCameraAdapter.cpp:411 fillThisBuffer - Will return buffer to V4L with id=7
01-01 00:02:30.393 1595 1629 D CameraHal: (ab57f970) - hardware/ti/dra7xx/camera/V4LCameraAdapter/V4LCameraAdapter.cpp:421 fillThisBuffer - EXIT
01-01 00:02:30.394 1595 1635 D CameraHal: (a8cc3970) + hardware/ti/dra7xx/camera/V4LCameraAdapter/V4LCameraAdapter.cpp:767 GetFrame - ENTER
01-01 00:02:30.414 1595 1635 D CameraHal: (a8cc3970) - hardware/ti/dra7xx/camera/V4LCameraAdapter/V4LCameraAdapter.cpp:809 GetFrame - EXIT
01-01 00:02:30.414 1595 1635 D CameraHal: (a8cc3970) hardware/ti/dra7xx/camera/V4LCameraAdapter/V4LCameraAdapter.cpp:1092 previewThread - GOT IN frame with ID=2
01-01 00:02:30.414 1595 1635 D CameraHal: (a8cc3970) + hardware/ti/dra7xx/camera/V4LCameraAdapter/V4LCameraAdapter.cpp:954 convertYUV422ToNV12Tiler - ENTER
01-01 00:02:30.425 1595 1635 D CameraHal: (a8cc3970) - hardware/ti/dra7xx/camera/V4LCameraAdapter/V4LCameraAdapter.cpp:1027 convertYUV422ToNV12Tiler - EXIT
01-01 00:02:30.425 1595 1635 V CameraHal: (a8cc3970) hardware/ti/dra7xx/camera/V4LCameraAdapter/V4LCameraAdapter.cpp:1116 previewThread - ##...index= 2.;camera buffer= 0xac743900; mapped= 0xaad3e000.
01-01 00:02:30.425 1595 1635 D CameraHal: (a8cc3970) + hardware/ti/dra7xx/camera/BaseCameraAdapter.cpp:1416 setInitFrameRefCount - ENTER
01-01 00:02:30.425 1595 1635 D CameraHal: (a8cc3970) + hardware/ti/dra7xx/camera/BaseCameraAdapter.cpp:1559 setFrameRefCountByType - ENTER
01-01 00:02:30.425 1595 1635 D CameraHal: (a8cc3970) - hardware/ti/dra7xx/camera/BaseCameraAdapter.cpp:1603 setFrameRefCountByType - EXIT
01-01 00:02:30.425 1595 1635 D CameraHal: (a8cc3970) - hardware/ti/dra7xx/camera/BaseCameraAdapter.cpp:1469 setInitFrameRefCount - EXIT
01-01 00:02:30.425 1595 1635 D CameraHal: (a8cc3970) + hardware/ti/dra7xx/camera/BaseCameraAdapter.cpp:1489 getFrameRefCountByType - ENTER
01-01 00:02:30.425 1595 1635 D CameraHal: (a8cc3970) - hardware/ti/dra7xx/camera/BaseCameraAdapter.cpp:1551 getFrameRefCountByType - EXIT
01-01 00:02:30.425 1595 1635 V CameraHal: (a8cc3970) hardware/ti/dra7xx/camera/BaseCameraAdapter.cpp:1390 __sendFrameToSubscribers - Type of Frame: 0x1 address: 0xac743900 refCount start 1
01-01 00:02:30.426 1595 1629 V CameraHal: (ab57f970) hardware/ti/dra7xx/camera/ANativeWindowDisplayAdapter.cpp:1214 handleFrameReturn - handleFrameReturn: found graphic buffer 0 of 7
01-01 00:02:30.427 1595 1629 D CameraHal: (ab57f970) + hardware/ti/dra7xx/camera/BaseCameraAdapter.cpp:1489 getFrameRefCountByType - ENTER
01-01 00:02:30.427 1595 1629 D CameraHal: (ab57f970) - hardware/ti/dra7xx/camera/BaseCameraAdapter.cpp:1551 getFrameRefCountByType - EXIT
01-01 00:02:30.427 1595 1629 D CameraHal: (ab57f970) + hardware/ti/dra7xx/camera/BaseCameraAdapter.cpp:1559 setFrameRefCountByType - ENTER
01-01 00:02:30.427 1595 1629 D CameraHal: (ab57f970) - hardware/ti/dra7xx/camera/BaseCameraAdapter.cpp:1603 setFrameRefCountByType - EXIT
01-01 00:02:30.427 1595 1629 V CameraHal: (ab57f970) hardware/ti/dra7xx/camera/BaseCameraAdapter.cpp:378 returnFrame - REFCOUNT 0xac743800 0
01-01 00:02:30.427 1595 1629 V CameraHal: (ab57f970) hardware/ti/dra7xx/camera/CameraHal.cpp:4722 camera_buffer_get_omx_ptr - buffer_type 2 opaque 0xac714c58
01-01 00:02:30.427 1595 1629 V CameraHal: (ab57f970) hardware/ti/dra7xx/camera/CameraHal.cpp:4726 camera_buffer_get_omx_ptr - anw ac72caf0
01-01 00:02:30.427 1595 1629 E CameraHal: (ab57f970) hardware/ti/dra7xx/camera/BaseCameraAdapter.cpp:392 returnFrame - Buffer already with Ducati!! 0xac743800
01-01 00:02:30.427 1595 1629 E CameraHal: (ab57f970) hardware/ti/dra7xx/camera/BaseCameraAdapter.cpp:393 returnFrame - 0xac72caf0
01-01 00:02:30.427 1595 1629 E CameraHal: (ab57f970) hardware/ti/dra7xx/camera/BaseCameraAdapter.cpp:393 returnFrame - 0xac72cb40
01-01 00:02:30.427 1595 1629 E CameraHal: (ab57f970) hardware/ti/dra7xx/camera/BaseCameraAdapter.cpp:393 returnFrame - 0xac72cb90
01-01 00:02:30.427 1595 1629 E CameraHal: (ab57f970) hardware/ti/dra7xx/camera/BaseCameraAdapter.cpp:393 returnFrame - 0xac72cbe0
01-01 00:02:30.427 1595 1629 E CameraHal: (ab57f970) hardware/ti/dra7xx/camera/BaseCameraAdapter.cpp:393 returnFrame - 0xac72cc30
01-01 00:02:30.427 1595 1629 E CameraHal: (ab57f970) hardware/ti/dra7xx/camera/BaseCameraAdapter.cpp:393 returnFrame - 0xac72ccd0
01-01 00:02:30.427 1595 1629 E CameraHal: (ab57f970) hardware/ti/dra7xx/camera/BaseCameraAdapter.cpp:393 returnFrame - 0xac72cd20
01-01 00:02:30.427 1595 1629 E CameraHal: (ab57f970) hardware/ti/dra7xx/camera/BaseCameraAdapter.cpp:393 returnFrame - 0xac72cd70
01-01 00:02:30.427 1595 1629 V CameraHal: (ab57f970) hardware/ti/dra7xx/camera/CameraHal.cpp:4722 camera_buffer_get_omx_ptr - buffer_type 2 opaque 0xac714c58
01-01 00:02:30.427 1595 1629 V CameraHal: (ab57f970) hardware/ti/dra7xx/camera/CameraHal.cpp:4726 camera_buffer_get_omx_ptr - anw ac72caf0
01-01 00:02:30.427 1595 1629 D CameraHal: (ab57f970) + hardware/ti/dra7xx/camera/V4LCameraAdapter/V4LCameraAdapter.cpp:370 fillThisBuffer - ENTER
01-01 00:02:30.427 1595 1629 D CameraHal: (ab57f970) hardware/ti/dra7xx/camera/V4LCameraAdapter/V4LCameraAdapter.cpp:411 fillThisBuffer - Will return buffer to V4L with id=0
01-01 00:02:30.427 1595 1629 D CameraHal: (ab57f970) - hardware/ti/dra7xx/camera/V4LCameraAdapter/V4LCameraAdapter.cpp:421 fillThisBuffer - EXIT
01-01 00:02:30.427 1595 1635 D CameraHal: (a8cc3970) + hardware/ti/dra7xx/camera/V4LCameraAdapter/V4LCameraAdapter.cpp:767 GetFrame - ENTER
01-01 00:02:30.447 1595 1635 D CameraHal: (a8cc3970) - hardware/ti/dra7xx/camera/V4LCameraAdapter/V4LCameraAdapter.cpp:809 GetFrame - EXIT
01-01 00:02:30.447 1595 1635 D CameraHal: (a8cc3970) hardware/ti/dra7xx/camera/V4LCameraAdapter/V4LCameraAdapter.cpp:1092 previewThread - GOT IN frame with ID=3
01-01 00:02:30.447 1595 1635 D CameraHal: (a8cc3970) + hardware/ti/dra7xx/camera/V4LCameraAdapter/V4LCameraAdapter.cpp:954 convertYUV422ToNV12Tiler - ENTER
01-01 00:02:30.458 1595 1635 D CameraHal: (a8cc3970) - hardware/ti/dra7xx/camera/V4LCameraAdapter/V4LCameraAdapter.cpp:1027 convertYUV422ToNV12Tiler - EXIT
01-01 00:02:30.458 1595 1635 V CameraHal: (a8cc3970) hardware/ti/dra7xx/camera/V4LCameraAdapter/V4LCameraAdapter.cpp:1116 previewThread - ##...index= 3.;camera buffer= 0xac743980; mapped= 0xaabec000.
01-01 00:02:30.458 1595 1635 D CameraHal: (a8cc3970) + hardware/ti/dra7xx/camera/BaseCameraAdapter.cpp:1416 setInitFrameRefCount - ENTER
01-01 00:02:30.458 1595 1635 D CameraHal: (a8cc3970) + hardware/ti/dra7xx/camera/BaseCameraAdapter.cpp:1559 setFrameRefCountByType - ENTER
01-01 00:02:30.458 1595 1635 D CameraHal: (a8cc3970) - hardware/ti/dra7xx/camera/BaseCameraAdapter.cpp:1603 setFrameRefCountByType - EXIT
01-01 00:02:30.458 1595 1635 D CameraHal: (a8cc3970) - hardware/ti/dra7xx/camera/BaseCameraAdapter.cpp:1469 setInitFrameRefCount - EXIT
01-01 00:02:30.458 1595 1635 D CameraHal: (a8cc3970) + hardware/ti/dra7xx/camera/BaseCameraAdapter.cpp:1489 getFrameRefCountByType - ENTER
01-01 00:02:30.458 1595 1635 D CameraHal: (a8cc3970) - hardware/ti/dra7xx/camera/BaseCameraAdapter.cpp:1551 getFrameRefCountByType - EXIT
01-01 00:02:30.458 1595 1635 V CameraHal: (a8cc3970) hardware/ti/dra7xx/camera/BaseCameraAdapter.cpp:1390 __sendFrameToSubscribers - Type of Frame: 0x1 address: 0xac743980 refCount start 1
01-01 00:02:30.460 1595 1629 V CameraHal: (ab57f970) hardware/ti/dra7xx/camera/ANativeWindowDisplayAdapter.cpp:1214 handleFrameReturn - handleFrameReturn: found graphic buffer 1 of 7
01-01 00:02:30.460 1595 1629 D CameraHal: (ab57f970) + hardware/ti/dra7xx/camera/BaseCameraAdapter.cpp:1489 getFrameRefCountByType - ENTER
01-01 00:02:30.460 1595 1629 D CameraHal: (ab57f970) - hardware/ti/dra7xx/camera/BaseCameraAdapter.cpp:1551 getFrameRefCountByType - EXIT
01-01 00:02:30.460 1595 1629 D CameraHal: (ab57f970) + hardware/ti/dra7xx/camera/BaseCameraAdapter.cpp:1559 setFrameRefCountByType - ENTER
01-01 00:02:30.460 1595 1629 D CameraHal: (ab57f970) - hardware/ti/dra7xx/camera/BaseCameraAdapter.cpp:1603 setFrameRefCountByType - EXIT
01-01 00:02:30.460 1595 1629 V CameraHal: (ab57f970) hardware/ti/dra7xx/camera/BaseCameraAdapter.cpp:378 returnFrame - REFCOUNT 0xac743880 0
01-01 00:02:30.460 1595 1629 V CameraHal: (ab57f970) hardware/ti/dra7xx/camera/CameraHal.cpp:4722 camera_buffer_get_omx_ptr - buffer_type 2 opaque 0xac714ce8
01-01 00:02:30.460 1595 1629 V CameraHal: (ab57f970) hardware/ti/dra7xx/camera/CameraHal.cpp:4726 camera_buffer_get_omx_ptr - anw ac72cb40
01-01 00:02:30.460 1595 1629 E CameraHal: (ab57f970) hardware/ti/dra7xx/camera/BaseCameraAdapter.cpp:392 returnFrame - Buffer already with Ducati!! 0xac743880
01-01 00:02:30.460 1595 1629 E CameraHal: (ab57f970) hardware/ti/dra7xx/camera/BaseCameraAdapter.cpp:393 returnFrame - 0xac72caf0
01-01 00:02:30.460 1595 1629 E CameraHal: (ab57f970) hardware/ti/dra7xx/camera/BaseCameraAdapter.cpp:393 returnFrame - 0xac72cb40
01-01 00:02:30.460 1595 1629 E CameraHal: (ab57f970) hardware/ti/dra7xx/camera/BaseCameraAdapter.cpp:393 returnFrame - 0xac72cb90
01-01 00:02:30.460 1595 1629 E CameraHal: (ab57f970) hardware/ti/dra7xx/camera/BaseCameraAdapter.cpp:393 returnFrame - 0xac72cbe0
01-01 00:02:30.460 1595 1629 E CameraHal: (ab57f970) hardware/ti/dra7xx/camera/BaseCameraAdapter.cpp:393 returnFrame - 0xac72cc30
01-01 00:02:30.460 1595 1629 E CameraHal: (ab57f970) hardware/ti/dra7xx/camera/BaseCameraAdapter.cpp:393 returnFrame - 0xac72ccd0
01-01 00:02:30.460 1595 1629 E CameraHal: (ab57f970) hardware/ti/dra7xx/camera/BaseCameraAdapter.cpp:393 returnFrame - 0xac72cd20
01-01 00:02:30.460 1595 1629 E CameraHal: (ab57f970) hardware/ti/dra7xx/camera/BaseCameraAdapter.cpp:393 returnFrame - 0xac72cd70
01-01 00:02:30.460 1595 1629 V CameraHal: (ab57f970) hardware/ti/dra7xx/camera/CameraHal.cpp:4722 camera_buffer_get_omx_ptr - buffer_type 2 opaque 0xac714ce8
01-01 00:02:30.460 1595 1629 V CameraHal: (ab57f970) hardware/ti/dra7xx/camera/CameraHal.cpp:4726 camera_buffer_get_omx_ptr - anw ac72cb40
01-01 00:02:30.460 1595 1629 D CameraHal: (ab57f970) + hardware/ti/dra7xx/camera/V4LCameraAdapter/V4LCameraAdapter.cpp:370 fillThisBuffer - ENTER
01-01 00:02:30.460 1595 1629 D CameraHal: (ab57f970) hardware/ti/dra7xx/camera/V4LCameraAdapter/V4LCameraAdapter.cpp:411 fillThisBuffer - Will return buffer to V4L with id=1
01-01 00:02:30.461 1595 1629 D CameraHal: (ab57f970) - hardware/ti/dra7xx/camera/V4LCameraAdapter/V4LCameraAdapter.cpp:421 fillThisBuffer - EXIT
01-01 00:02:30.461 1595 1635 D CameraHal: (a8cc3970) + hardware/ti/dra7xx/camera/V4LCameraAdapter/V4LCameraAdapter.cpp:767 GetFrame - ENTER
01-01 00:02:30.481 1595 1635 D CameraHal: (a8cc3970) - hardware/ti/dra7xx/camera/V4LCameraAdapter/V4LCameraAdapter.cpp:809 GetFrame - EXIT
01-01 00:02:30.481 1595 1635 D CameraHal: (a8cc3970) hardware/ti/dra7xx/camera/V4LCameraAdapter/V4LCameraAdapter.cpp:1092 previewThread - GOT IN frame with ID=4
01-01 00:02:30.481 1595 1635 D CameraHal: (a8cc3970) + hardware/ti/dra7xx/camera/V4LCameraAdapter/V4LCameraAdapter.cpp:954 convertYUV422ToNV12Tiler - ENTER
01-01 00:02:30.492 1595 1635 D CameraHal: (a8cc3970) - hardware/ti/dra7xx/camera/V4LCameraAdapter/V4LCameraAdapter.cpp:1027 convertYUV422ToNV12Tiler - EXIT
01-01 00:02:30.492 1595 1635 V CameraHal: (a8cc3970) hardware/ti/dra7xx/camera/V4LCameraAdapter/V4LCameraAdapter.cpp:1116 previewThread - ##...index= 4.;camera buffer= 0xac743a00; mapped= 0xaaa9a000.
01-01 00:02:30.492 1595 1635 D CameraHal: (a8cc3970) + hardware/ti/dra7xx/camera/BaseCameraAdapter.cpp:1416 setInitFrameRefCount - ENTER
01-01 00:02:30.492 1595 1635 D CameraHal: (a8cc3970) + hardware/ti/dra7xx/camera/BaseCameraAdapter.cpp:1559 setFrameRefCountByType - ENTER
01-01 00:02:30.492 1595 1635 D CameraHal: (a8cc3970) - hardware/ti/dra7xx/camera/BaseCameraAdapter.cpp:1603 setFrameRefCountByType - EXIT
01-01 00:02:30.492 1595 1635 D CameraHal: (a8cc3970) - hardware/ti/dra7xx/camera/BaseCameraAdapter.cpp:1469 setInitFrameRefCount - EXIT
01-01 00:02:30.492 1595 1635 D CameraHal: (a8cc3970) + hardware/ti/dra7xx/camera/BaseCameraAdapter.cpp:1489 getFrameRefCountByType - ENTER
01-01 00:02:30.492 1595 1635 D CameraHal: (a8cc3970) - hardware/ti/dra7xx/camera/BaseCameraAdapter.cpp:1551 getFrameRefCountByType - EXIT
01-01 00:02:30.492 1595 1635 V CameraHal: (a8cc3970) hardware/ti/dra7xx/camera/BaseCameraAdapter.cpp:1390 __sendFrameToSubscribers - Type of Frame: 0x1 address: 0xac743a00 refCount start 1
01-01 00:02:30.494 1595 1629 V CameraHal: (ab57f970) hardware/ti/dra7xx/camera/ANativeWindowDisplayAdapter.cpp:1214 handleFrameReturn - handleFrameReturn: found graphic buffer 2 of 7
01-01 00:02:30.494 1595 1629 D CameraHal: (ab57f970) + hardware/ti/dra7xx/camera/BaseCameraAdapter.cpp:1489 getFrameRefCountByType - ENTER
01-01 00:02:30.494 1595 1629 D CameraHal: (ab57f970) - hardware/ti/dra7xx/camera/BaseCameraAdapter.cpp:1551 getFrameRefCountByType - EXIT
01-01 00:02:30.494 1595 1629 D CameraHal: (ab57f970) + hardware/ti/dra7xx/camera/BaseCameraAdapter.cpp:1559 setFrameRefCountByType - ENTER
01-01 00:02:30.494 1595 1629 D CameraHal: (ab57f970) - hardware/ti/dra7xx/camera/BaseCameraAdapter.cpp:1603 setFrameRefCountByType - EXIT
01-01 00:02:30.494 1595 1629 V CameraHal: (ab57f970) hardware/ti/dra7xx/camera/BaseCameraAdapter.cpp:378 returnFrame - REFCOUNT 0xac743900 0
01-01 00:02:30.494 1595 1629 V CameraHal: (ab57f970) hardware/ti/dra7xx/camera/CameraHal.cpp:4722 camera_buffer_get_omx_ptr - buffer_type 2 opaque 0xac714d78
01-01 00:02:30.494 1595 1629 V CameraHal: (ab57f970) hardware/ti/dra7xx/camera/CameraHal.cpp:4726 camera_buffer_get_omx_ptr - anw ac72cb90
01-01 00:02:30.495 1595 1629 E CameraHal: (ab57f970) hardware/ti/dra7xx/camera/BaseCameraAdapter.cpp:392 returnFrame - Buffer already with Ducati!! 0xac743900
01-01 00:02:30.495 1595 1629 E CameraHal: (ab57f970) hardware/ti/dra7xx/camera/BaseCameraAdapter.cpp:393 returnFrame - 0xac72caf0
01-01 00:02:30.495 1595 1629 E CameraHal: (ab57f970) hardware/ti/dra7xx/camera/BaseCameraAdapter.cpp:393 returnFrame - 0xac72cb40
01-01 00:02:30.495 1595 1629 E CameraHal: (ab57f970) hardware/ti/dra7xx/camera/BaseCameraAdapter.cpp:393 returnFrame - 0xac72cb90
01-01 00:02:30.495 1595 1629 E CameraHal: (ab57f970) hardware/ti/dra7xx/camera/BaseCameraAdapter.cpp:393 returnFrame - 0xac72cbe0
01-01 00:02:30.495 1595 1629 E CameraHal: (ab57f970) hardware/ti/dra7xx/camera/BaseCameraAdapter.cpp:393 returnFrame - 0xac72cc30
01-01 00:02:30.495 1595 1629 E CameraHal: (ab57f970) hardware/ti/dra7xx/camera/BaseCameraAdapter.cpp:393 returnFrame - 0xac72ccd0
01-01 00:02:30.495 1595 1629 E CameraHal: (ab57f970) hardware/ti/dra7xx/camera/BaseCameraAdapter.cpp:393 returnFrame - 0xac72cd20
01-01 00:02:30.495 1595 1629 E CameraHal: (ab57f970) hardware/ti/dra7xx/camera/BaseCameraAdapter.cpp:393 returnFrame - 0xac72cd70
01-01 00:02:30.495 1595 1629 V CameraHal: (ab57f970) hardware/ti/dra7xx/camera/CameraHal.cpp:4722 camera_buffer_get_omx_ptr - buffer_type 2 opaque 0xac714d78
01-01 00:02:30.495 1595 1629 V CameraHal: (ab57f970) hardware/ti/dra7xx/camera/CameraHal.cpp:4726 camera_buffer_get_omx_ptr - anw ac72cb90
01-01 00:02:30.495 1595 1629 D CameraHal: (ab57f970) + hardware/ti/dra7xx/camera/V4LCameraAdapter/V4LCameraAdapter.cpp:370 fillThisBuffer - ENTER
01-01 00:02:30.495 1595 1629 D CameraHal: (ab57f970) hardware/ti/dra7xx/camera/V4LCameraAdapter/V4LCameraAdapter.cpp:411 fillThisBuffer - Will return buffer to V4L with id=2
01-01 00:02:30.495 1595 1629 D CameraHal: (ab57f970) - hardware/ti/dra7xx/camera/V4LCameraAdapter/V4LCameraAdapter.cpp:421 fillThisBuffer - EXIT
01-01 00:02:30.495 1595 1635 D CameraHal: (a8cc3970) + hardware/ti/dra7xx/camera/V4LCameraAdapter/V4LCameraAdapter.cpp:767 GetFrame - ENTER
01-01 00:02:30.514 1595 1635 D CameraHal: (a8cc3970) - hardware/ti/dra7xx/camera/V4LCameraAdapter/V4LCameraAdapter.cpp:809 GetFrame - EXIT
01-01 00:02:30.514 1595 1635 D CameraHal: (a8cc3970) hardware/ti/dra7xx/camera/V4LCameraAdapter/V4LCameraAdapter.cpp:1092 previewThread - GOT IN frame with ID=5
01-01 00:02:30.514 1595 1635 D CameraHal: (a8cc3970) + hardware/ti/dra7xx/camera/V4LCameraAdapter/V4LCameraAdapter.cpp:954 convertYUV422ToNV12Tiler - ENTER
01-01 00:02:30.525 1595 1635 D CameraHal: (a8cc3970) - hardware/ti/dra7xx/camera/V4LCameraAdapter/V4LCameraAdapter.cpp:1027 convertYUV422ToNV12Tiler - EXIT
01-01 00:02:30.525 1595 1635 V CameraHal: (a8cc3970) hardware/ti/dra7xx/camera/V4LCameraAdapter/V4LCameraAdapter.cpp:1116 previewThread - ##...index= 5.;camera buffer= 0xac743a80; mapped= 0xaa948000.
01-01 00:02:30.525 1595 1635 D CameraHal: (a8cc3970) + hardware/ti/dra7xx/camera/BaseCameraAdapter.cpp:1416 setInitFrameRefCount - ENTER
01-01 00:02:30.525 1595 1635 D CameraHal: (a8cc3970) + hardware/ti/dra7xx/camera/BaseCameraAdapter.cpp:1559 setFrameRefCountByType - ENTER
01-01 00:02:30.525 1595 1635 D CameraHal: (a8cc3970) - hardware/ti/dra7xx/camera/BaseCameraAdapter.cpp:1603 setFrameRefCountByType - EXIT
01-01 00:02:30.525 1595 1635 D CameraHal: (a8cc3970) - hardware/ti/dra7xx/camera/BaseCameraAdapter.cpp:1469 setInitFrameRefCount - EXIT
01-01 00:02:30.525 1595 1635 D CameraHal: (a8cc3970) + hardware/ti/dra7xx/camera/BaseCameraAdapter.cpp:1489 getFrameRefCountByType - ENTER
01-01 00:02:30.525 1595 1635 D CameraHal: (a8cc3970) - hardware/ti/dra7xx/camera/BaseCameraAdapter.cpp:1551 getFrameRefCountByType - EXIT
01-01 00:02:30.525 1595 1635 V CameraHal: (a8cc3970) hardware/ti/dra7xx/camera/BaseCameraAdapter.cpp:1390 __sendFrameToSubscribers - Type of Frame: 0x1 address: 0xac743a80 refCount start 1
01-01 00:02:30.526 1595 1629 V CameraHal: (ab57f970) hardware/ti/dra7xx/camera/ANativeWindowDisplayAdapter.cpp:1214 handleFrameReturn - handleFrameReturn: found graphic buffer 3 of 7
01-01 00:02:30.527 1595 1629 D CameraHal: (ab57f970) + hardware/ti/dra7xx/camera/BaseCameraAdapter.cpp:1489 getFrameRefCountByType - ENTER
01-01 00:02:30.527 1595 1629 D CameraHal: (ab57f970) - hardware/ti/dra7xx/camera/BaseCameraAdapter.cpp:1551 getFrameRefCountByType - EXIT
01-01 00:02:30.527 1595 1629 D CameraHal: (ab57f970) + hardware/ti/dra7xx/camera/BaseCameraAdapter.cpp:1559 setFrameRefCountByType - ENTER
01-01 00:02:30.527 1595 1629 D CameraHal: (ab57f970) - hardware/ti/dra7xx/camera/BaseCameraAdapter.cpp:1603 setFrameRefCountByType - EXIT
01-01 00:02:30.527 1595 1629 V CameraHal: (ab57f970) hardware/ti/dra7xx/camera/BaseCameraAdapter.cpp:378 returnFrame - REFCOUNT 0xac743980 0
01-01 00:02:30.527 1595 1629 V CameraHal: (ab57f970) hardware/ti/dra7xx/camera/CameraHal.cpp:4722 camera_buffer_get_omx_ptr - buffer_type 2 opaque 0xac714eb0
01-01 00:02:30.527 1595 1629 V CameraHal: (ab57f970) hardware/ti/dra7xx/camera/CameraHal.cpp:4726 camera_buffer_get_omx_ptr - anw ac72cbe0
01-01 00:02:30.527 1595 1629 E CameraHal: (ab57f970) hardware/ti/dra7xx/camera/BaseCameraAdapter.cpp:392 returnFrame - Buffer already with Ducati!! 0xac743980
01-01 00:02:30.527 1595 1629 E CameraHal: (ab57f970) hardware/ti/dra7xx/camera/BaseCameraAdapter.cpp:393 returnFrame - 0xac72caf0
01-01 00:02:30.527 1595 1629 E CameraHal: (ab57f970) hardware/ti/dra7xx/camera/BaseCameraAdapter.cpp:393 returnFrame - 0xac72cb40
01-01 00:02:30.527 1595 1629 E CameraHal: (ab57f970) hardware/ti/dra7xx/camera/BaseCameraAdapter.cpp:393 returnFrame - 0xac72cb90
01-01 00:02:30.527 1595 1629 E CameraHal: (ab57f970) hardware/ti/dra7xx/camera/BaseCameraAdapter.cpp:393 returnFrame - 0xac72cbe0
01-01 00:02:30.527 1595 1629 E CameraHal: (ab57f970) hardware/ti/dra7xx/camera/BaseCameraAdapter.cpp:393 returnFrame - 0xac72cc30
01-01 00:02:30.527 1595 1629 E CameraHal: (ab57f970) hardware/ti/dra7xx/camera/BaseCameraAdapter.cpp:393 returnFrame - 0xac72ccd0
01-01 00:02:30.527 1595 1629 E CameraHal: (ab57f970) hardware/ti/dra7xx/camera/BaseCameraAdapter.cpp:393 returnFrame - 0xac72cd20
01-01 00:02:30.527 1595 1629 E CameraHal: (ab57f970) hardware/ti/dra7xx/camera/BaseCameraAdapter.cpp:393 returnFrame - 0xac72cd70
01-01 00:02:30.527 1595 1629 V CameraHal: (ab57f970) hardware/ti/dra7xx/camera/CameraHal.cpp:4722 camera_buffer_get_omx_ptr - buffer_type 2 opaque 0xac714eb0
01-01 00:02:30.527 1595 1629 V CameraHal: (ab57f970) hardware/ti/dra7xx/camera/CameraHal.cpp:4726 camera_buffer_get_omx_ptr - anw ac72cbe0
01-01 00:02:30.527 1595 1629 D CameraHal: (ab57f970) + hardware/ti/dra7xx/camera/V4LCameraAdapter/V4LCameraAdapter.cpp:370 fillThisBuffer - ENTER
01-01 00:02:30.527 1595 1629 D CameraHal: (ab57f970) hardware/ti/dra7xx/camera/V4LCameraAdapter/V4LCameraAdapter.cpp:411 fillThisBuffer - Will return buffer to V4L with id=3
01-01 00:02:30.527 1595 1629 D CameraHal: (ab57f970) - hardware/ti/dra7xx/camera/V4LCameraAdapter/V4LCameraAdapter.cpp:421 fillThisBuffer - EXIT
01-01 00:02:30.527 1595 1635 D CameraHal: (a8cc3970) + hardware/ti/dra7xx/camera/V4LCameraAdapter/V4LCameraAdapter.cpp:767 GetFrame - ENTER
01-01 00:02:30.547 1595 1635 D CameraHal: (a8cc3970) - hardware/ti/dra7xx/camera/V4LCameraAdapter/V4LCameraAdapter.cpp:809 GetFrame - EXIT
01-01 00:02:30.547 1595 1635 D CameraHal: (a8cc3970) hardware/ti/dra7xx/camera/V4LCameraAdapter/V4LCameraAdapter.cpp:1092 previewThread - GOT IN frame with ID=6
01-01 00:02:30.547 1595 1635 D CameraHal: (a8cc3970) + hardware/ti/dra7xx/camera/V4LCameraAdapter/V4LCameraAdapter.cpp:954 convertYUV422ToNV12Tiler - ENTER
01-01 00:02:30.558 1595 1635 D CameraHal: (a8cc3970) - hardware/ti/dra7xx/camera/V4LCameraAdapter/V4LCameraAdapter.cpp:1027 convertYUV422ToNV12Tiler - EXIT
01-01 00:02:30.558 1595 1635 V CameraHal: (a8cc3970) hardware/ti/dra7xx/camera/V4LCameraAdapter/V4LCameraAdapter.cpp:1116 previewThread - ##...index= 6.;camera buffer= 0xac743b00; mapped= 0xaa7f6000.
01-01 00:02:30.558 1595 1635 D CameraHal: (a8cc3970) + hardware/ti/dra7xx/camera/BaseCameraAdapter.cpp:1416 setInitFrameRefCount - ENTER
01-01 00:02:30.558 1595 1635 D CameraHal: (a8cc3970) + hardware/ti/dra7xx/camera/BaseCameraAdapter.cpp:1559 setFrameRefCountByType - ENTER
01-01 00:02:30.558 1595 1635 D CameraHal: (a8cc3970) - hardware/ti/dra7xx/camera/BaseCameraAdapter.cpp:1603 setFrameRefCountByType - EXIT
01-01 00:02:30.558 1595 1635 D CameraHal: (a8cc3970) - hardware/ti/dra7xx/camera/BaseCameraAdapter.cpp:1469 setInitFrameRefCount - EXIT
01-01 00:02:30.558 1595 1635 D CameraHal: (a8cc3970) + hardware/ti/dra7xx/camera/BaseCameraAdapter.cpp:1489 getFrameRefCountByType - ENTER
01-01 00:02:30.558 1595 1635 D CameraHal: (a8cc3970) - hardware/ti/dra7xx/camera/BaseCameraAdapter.cpp:1551 getFrameRefCountByType - EXIT
01-01 00:02:30.558 1595 1635 V CameraHal: (a8cc3970) hardware/ti/dra7xx/camera/BaseCameraAdapter.cpp:1390 __sendFrameToSubscribers - Type of Frame: 0x1 address: 0xac743b00 refCount start 1
01-01 00:02:30.559 1595 1629 V CameraHal: (ab57f970) hardware/ti/dra7xx/camera/ANativeWindowDisplayAdapter.cpp:1214 handleFrameReturn - handleFrameReturn: found graphic buffer 4 of 7
01-01 00:02:30.559 1595 1629 D CameraHal: (ab57f970) + hardware/ti/dra7xx/camera/BaseCameraAdapter.cpp:1489 getFrameRefCountByType - ENTER
01-01 00:02:30.559 1595 1629 D CameraHal: (ab57f970) - hardware/ti/dra7xx/camera/BaseCameraAdapter.cpp:1551 getFrameRefCountByType - EXIT
01-01 00:02:30.559 1595 1629 D CameraHal: (ab57f970) + hardware/ti/dra7xx/camera/BaseCameraAdapter.cpp:1559 setFrameRefCountByType - ENTER
01-01 00:02:30.559 1595 1629 D CameraHal: (ab57f970) - hardware/ti/dra7xx/camera/BaseCameraAdapter.cpp:1603 setFrameRefCountByType - EXIT
01-01 00:02:30.559 1595 1629 V CameraHal: (ab57f970) hardware/ti/dra7xx/camera/BaseCameraAdapter.cpp:378 returnFrame - REFCOUNT 0xac743a00 0
01-01 00:02:30.559 1595 1629 V CameraHal: (ab57f970) hardware/ti/dra7xx/camera/CameraHal.cpp:4722 camera_buffer_get_omx_ptr - buffer_type 2 opaque 0xac714ef8
01-01 00:02:30.559 1595 1629 V CameraHal: (ab57f970) hardware/ti/dra7xx/camera/CameraHal.cpp:4726 camera_buffer_get_omx_ptr - anw ac72cc30
01-01 00:02:30.559 1595 1629 E CameraHal: (ab57f970) hardware/ti/dra7xx/camera/BaseCameraAdapter.cpp:392 returnFrame - Buffer already with Ducati!! 0xac743a00
01-01 00:02:30.560 1595 1629 E CameraHal: (ab57f970) hardware/ti/dra7xx/camera/BaseCameraAdapter.cpp:393 returnFrame - 0xac72caf0
01-01 00:02:30.560 1595 1629 E CameraHal: (ab57f970) hardware/ti/dra7xx/camera/BaseCameraAdapter.cpp:393 returnFrame - 0xac72cb40
01-01 00:02:30.560 1595 1629 E CameraHal: (ab57f970) hardware/ti/dra7xx/camera/BaseCameraAdapter.cpp:393 returnFrame - 0xac72cb90
01-01 00:02:30.560 1595 1629 E CameraHal: (ab57f970) hardware/ti/dra7xx/camera/BaseCameraAdapter.cpp:393 returnFrame - 0xac72cbe0
01-01 00:02:30.560 1595 1629 E CameraHal: (ab57f970) hardware/ti/dra7xx/camera/BaseCameraAdapter.cpp:393 returnFrame - 0xac72cc30
01-01 00:02:30.560 1595 1629 E CameraHal: (ab57f970) hardware/ti/dra7xx/camera/BaseCameraAdapter.cpp:393 returnFrame - 0xac72ccd0
01-01 00:02:30.560 1595 1629 E CameraHal: (ab57f970) hardware/ti/dra7xx/camera/BaseCameraAdapter.cpp:393 returnFrame - 0xac72cd20
01-01 00:02:30.560 1595 1629 E CameraHal: (ab57f970) hardware/ti/dra7xx/camera/BaseCameraAdapter.cpp:393 returnFrame - 0xac72cd70
01-01 00:02:30.560 1595 1629 V CameraHal: (ab57f970) hardware/ti/dra7xx/camera/CameraHal.cpp:4722 camera_buffer_get_omx_ptr - buffer_type 2 opaque 0xac714ef8
01-01 00:02:30.560 1595 1629 V CameraHal: (ab57f970) hardware/ti/dra7xx/camera/CameraHal.cpp:4726 camera_buffer_get_omx_ptr - anw ac72cc30
01-01 00:02:30.560 1595 1629 D CameraHal: (ab57f970) + hardware/ti/dra7xx/camera/V4LCameraAdapter/V4LCameraAdapter.cpp:370 fillThisBuffer - ENTER
01-01 00:02:30.560 1595 1629 D CameraHal: (ab57f970) hardware/ti/dra7xx/camera/V4LCameraAdapter/V4LCameraAdapter.cpp:411 fillThisBuffer - Will return buffer to V4L with id=4
01-01 00:02:30.560 1595 1629 D CameraHal: (ab57f970) - hardware/ti/dra7xx/camera/V4LCameraAdapter/V4LCameraAdapter.cpp:421 fillThisBuffer - EXIT
01-01 00:02:30.560 1595 1635 D CameraHal: (a8cc3970) + hardware/ti/dra7xx/camera/V4LCameraAdapter/V4LCameraAdapter.cpp:767 GetFrame - ENTER
01-01 00:02:30.581 1595 1635 D CameraHal: (a8cc3970) - hardware/ti/dra7xx/camera/V4LCameraAdapter/V4LCameraAdapter.cpp:809 GetFrame - EXIT
01-01 00:02:30.581 1595 1635 D CameraHal: (a8cc3970) hardware/ti/dra7xx/camera/V4LCameraAdapter/V4LCameraAdapter.cpp:1092 previewThread - GOT IN frame with ID=7
01-01 00:02:30.581 1595 1635 D CameraHal: (a8cc3970) + hardware/ti/dra7xx/camera/V4LCameraAdapter/V4LCameraAdapter.cpp:954 convertYUV422ToNV12Tiler - ENTER
01-01 00:02:30.592 1595 1635 D CameraHal: (a8cc3970) - hardware/ti/dra7xx/camera/V4LCameraAdapter/V4LCameraAdapter.cpp:1027 convertYUV422ToNV12Tiler - EXIT
01-01 00:02:30.592 1595 1635 V CameraHal: (a8cc3970) hardware/ti/dra7xx/camera/V4LCameraAdapter/V4LCameraAdapter.cpp:1116 previewThread - ##...index= 7.;camera buffer= 0xac743b80; mapped= 0xaa6a4000.
01-01 00:02:30.592 1595 1635 D CameraHal: (a8cc3970) + hardware/ti/dra7xx/camera/BaseCameraAdapter.cpp:1416 setInitFrameRefCount - ENTER
01-01 00:02:30.592 1595 1635 D CameraHal: (a8cc3970) + hardware/ti/dra7xx/camera/BaseCameraAdapter.cpp:1559 setFrameRefCountByType - ENTER
01-01 00:02:30.592 1595 1635 D CameraHal: (a8cc3970) - hardware/ti/dra7xx/camera/BaseCameraAdapter.cpp:1603 setFrameRefCountByType - EXIT
01-01 00:02:30.592 1595 1635 D CameraHal: (a8cc3970) - hardware/ti/dra7xx/camera/BaseCameraAdapter.cpp:1469 setInitFrameRefCount - EXIT
01-01 00:02:30.592 1595 1635 D CameraHal: (a8cc3970) + hardware/ti/dra7xx/camera/BaseCameraAdapter.cpp:1489 getFrameRefCountByType - ENTER
01-01 00:02:30.592 1595 1635 D CameraHal: (a8cc3970) - hardware/ti/dra7xx/camera/BaseCameraAdapter.cpp:1551 getFrameRefCountByType - EXIT
01-01 00:02:30.592 1595 1635 V CameraHal: (a8cc3970) hardware/ti/dra7xx/camera/BaseCameraAdapter.cpp:1390 __sendFrameToSubscribers - Type of Frame: 0x1 address: 0xac743b80 refCount start 1
01-01 00:02:30.593 1595 1629 V CameraHal: (ab57f970) hardware/ti/dra7xx/camera/ANativeWindowDisplayAdapter.cpp:1214 handleFrameReturn - handleFrameReturn: found graphic buffer 5 of 7
01-01 00:02:30.593 1595 1629 D CameraHal: (ab57f970) + hardware/ti/dra7xx/camera/BaseCameraAdapter.cpp:1489 getFrameRefCountByType - ENTER
01-01 00:02:30.593 1595 1629 D CameraHal: (ab57f970) - hardware/ti/dra7xx/camera/BaseCameraAdapter.cpp:1551 getFrameRefCountByType - EXIT
01-01 00:02:30.594 1595 1629 D CameraHal: (ab57f970) + hardware/ti/dra7xx/camera/BaseCameraAdapter.cpp:1559 setFrameRefCountByType - ENTER
01-01 00:02:30.594 1595 1629 D CameraHal: (ab57f970) - hardware/ti/dra7xx/camera/BaseCameraAdapter.cpp:1603 setFrameRefCountByType - EXIT
01-01 00:02:30.594 1595 1629 V CameraHal: (ab57f970) hardware/ti/dra7xx/camera/BaseCameraAdapter.cpp:378 returnFrame - REFCOUNT 0xac743a80 0
01-01 00:02:30.594 1595 1629 V CameraHal: (ab57f970) hardware/ti/dra7xx/camera/CameraHal.cpp:4722 camera_buffer_get_omx_ptr - buffer_type 2 opaque 0xac714d60
01-01 00:02:30.594 1595 1629 V CameraHal: (ab57f970) hardware/ti/dra7xx/camera/CameraHal.cpp:4726 camera_buffer_get_omx_ptr - anw ac72ccd0
01-01 00:02:30.594 1595 1629 E CameraHal: (ab57f970) hardware/ti/dra7xx/camera/BaseCameraAdapter.cpp:392 returnFrame - Buffer already with Ducati!! 0xac743a80
01-01 00:02:30.594 1595 1629 E CameraHal: (ab57f970) hardware/ti/dra7xx/camera/BaseCameraAdapter.cpp:393 returnFrame - 0xac72caf0
01-01 00:02:30.594 1595 1629 E CameraHal: (ab57f970) hardware/ti/dra7xx/camera/BaseCameraAdapter.cpp:393 returnFrame - 0xac72cb40
01-01 00:02:30.594 1595 1629 E CameraHal: (ab57f970) hardware/ti/dra7xx/camera/BaseCameraAdapter.cpp:393 returnFrame - 0xac72cb90
01-01 00:02:30.594 1595 1629 E CameraHal: (ab57f970) hardware/ti/dra7xx/camera/BaseCameraAdapter.cpp:393 returnFrame - 0xac72cbe0
01-01 00:02:30.594 1595 1629 E CameraHal: (ab57f970) hardware/ti/dra7xx/camera/BaseCameraAdapter.cpp:393 returnFrame - 0xac72cc30
01-01 00:02:30.594 1595 1629 E CameraHal: (ab57f970) hardware/ti/dra7xx/camera/BaseCameraAdapter.cpp:393 returnFrame - 0xac72ccd0
01-01 00:02:30.594 1595 1629 E CameraHal: (ab57f970) hardware/ti/dra7xx/camera/BaseCameraAdapter.cpp:393 returnFrame - 0xac72cd20
01-01 00:02:30.594 1595 1629 E CameraHal: (ab57f970) hardware/ti/dra7xx/camera/BaseCameraAdapter.cpp:393 returnFrame - 0xac72cd70
01-01 00:02:30.594 1595 1629 V CameraHal: (ab57f970) hardware/ti/dra7xx/camera/CameraHal.cpp:4722 camera_buffer_get_omx_ptr - buffer_type 2 opaque 0xac714d60
01-01 00:02:30.594 1595 1629 V CameraHal: (ab57f970) hardware/ti/dra7xx/camera/CameraHal.cpp:4726 camera_buffer_get_omx_ptr - anw ac72ccd0
01-01 00:02:30.594 1595 1629 D CameraHal: (ab57f970) + hardware/ti/dra7xx/camera/V4LCameraAdapter/V4LCameraAdapter.cpp:370 fillThisBuffer - ENTER
01-01 00:02:30.594 1595 1629 D CameraHal: (ab57f970) hardware/ti/dra7xx/camera/V4LCameraAdapter/V4LCameraAdapter.cpp:411 fillThisBuffer - Will return buffer to V4L with id=5
01-01 00:02:30.594 1595 1629 D CameraHal: (ab57f970) - hardware/ti/dra7xx/camera/V4LCameraAdapter/V4LCameraAdapter.cpp:421 fillThisBuffer - EXIT
01-01 00:02:30.594 1595 1635 D CameraHal: (a8cc3970) + hardware/ti/dra7xx/camera/V4LCameraAdapter/V4LCameraAdapter.cpp:767 GetFrame - ENTER
01-01 00:02:30.614 1595 1635 D CameraHal: (a8cc3970) - hardware/ti/dra7xx/camera/V4LCameraAdapter/V4LCameraAdapter.cpp:809 GetFrame - EXIT
01-01 00:02:30.614 1595 1635 D CameraHal: (a8cc3970) hardware/ti/dra7xx/camera/V4LCameraAdapter/V4LCameraAdapter.cpp:1092 previewThread - GOT IN frame with ID=0
01-01 00:02:30.614 1595 1635 D CameraHal: (a8cc3970) + hardware/ti/dra7xx/camera/V4LCameraAdapter/V4LCameraAdapter.cpp:954 convertYUV422ToNV12Tiler - ENTER
01-01 00:02:30.626 1595 1635 D CameraHal: (a8cc3970) - hardware/ti/dra7xx/camera/V4LCameraAdapter/V4LCameraAdapter.cpp:1027 convertYUV422ToNV12Tiler - EXIT
01-01 00:02:30.626 1595 1635 V CameraHal: (a8cc3970) hardware/ti/dra7xx/camera/V4LCameraAdapter/V4LCameraAdapter.cpp:1116 previewThread - ##...index= 0.;camera buffer= 0xac743800; mapped= 0xaafe2000.
01-01 00:02:30.626 1595 1635 D CameraHal: (a8cc3970) + hardware/ti/dra7xx/camera/BaseCameraAdapter.cpp:1416 setInitFrameRefCount - ENTER
01-01 00:02:30.626 1595 1635 D CameraHal: (a8cc3970) + hardware/ti/dra7xx/camera/BaseCameraAdapter.cpp:1559 setFrameRefCountByType - ENTER
01-01 00:02:30.626 1595 1635 D CameraHal: (a8cc3970) - hardware/ti/dra7xx/camera/BaseCameraAdapter.cpp:1603 setFrameRefCountByType - EXIT
01-01 00:02:30.626 1595 1635 D CameraHal: (a8cc3970) - hardware/ti/dra7xx/camera/BaseCameraAdapter.cpp:1469 setInitFrameRefCount - EXIT
01-01 00:02:30.626 1595 1635 D CameraHal: (a8cc3970) + hardware/ti/dra7xx/camera/BaseCameraAdapter.cpp:1489 getFrameRefCountByType - ENTER
01-01 00:02:30.626 1595 1635 D CameraHal: (a8cc3970) - hardware/ti/dra7xx/camera/BaseCameraAdapter.cpp:1551 getFrameRefCountByType - EXIT
01-01 00:02:30.626 1595 1635 V CameraHal: (a8cc3970) hardware/ti/dra7xx/camera/BaseCameraAdapter.cpp:1390 __sendFrameToSubscribers - Type of Frame: 0x1 address: 0xac743800 refCount start 1
01-01 00:02:30.627 1595 1629 V CameraHal: (ab57f970) hardware/ti/dra7xx/camera/ANativeWindowDisplayAdapter.cpp:1214 handleFrameReturn - handleFrameReturn: found graphic buffer 6 of 7
01-01 00:02:30.627 1595 1629 D CameraHal: (ab57f970) + hardware/ti/dra7xx/camera/BaseCameraAdapter.cpp:1489 getFrameRefCountByType - ENTER
01-01 00:02:30.627 1595 1629 D CameraHal: (ab57f970) - hardware/ti/dra7xx/camera/BaseCameraAdapter.cpp:1551 getFrameRefCountByType - EXIT
01-01 00:02:30.627 1595 1629 D CameraHal: (ab57f970) + hardware/ti/dra7xx/camera/BaseCameraAdapter.cpp:1559 setFrameRefCountByType - ENTER
01-01 00:02:30.627 1595 1629 D CameraHal: (ab57f970) - hardware/ti/dra7xx/camera/BaseCameraAdapter.cpp:1603 setFrameRefCountByType - EXIT
01-01 00:02:30.627 1595 1629 V CameraHal: (ab57f970) hardware/ti/dra7xx/camera/BaseCameraAdapter.cpp:378 returnFrame - REFCOUNT 0xac743b00 0
01-01 00:02:30.627 1595 1629 V CameraHal: (ab57f970) hardware/ti/dra7xx/camera/CameraHal.cpp:4722 camera_buffer_get_omx_ptr - buffer_type 2 opaque 0xac714f40
01-01 00:02:30.627 1595 1629 V CameraHal: (ab57f970) hardware/ti/dra7xx/camera/CameraHal.cpp:4726 camera_buffer_get_omx_ptr - anw ac72cd20
01-01 00:02:30.627 1595 1629 E CameraHal: (ab57f970) hardware/ti/dra7xx/camera/BaseCameraAdapter.cpp:392 returnFrame - Buffer already with Ducati!! 0xac743b00
01-01 00:02:30.627 1595 1629 E CameraHal: (ab57f970) hardware/ti/dra7xx/camera/BaseCameraAdapter.cpp:393 returnFrame - 0xac72caf0
01-01 00:02:30.627 1595 1629 E CameraHal: (ab57f970) hardware/ti/dra7xx/camera/BaseCameraAdapter.cpp:393 returnFrame - 0xac72cb40
01-01 00:02:30.628 1595 1629 E CameraHal: (ab57f970) hardware/ti/dra7xx/camera/BaseCameraAdapter.cpp:393 returnFrame - 0xac72cb90
01-01 00:02:30.628 1595 1629 E CameraHal: (ab57f970) hardware/ti/dra7xx/camera/BaseCameraAdapter.cpp:393 returnFrame - 0xac72cbe0
01-01 00:02:30.628 1595 1629 E CameraHal: (ab57f970) hardware/ti/dra7xx/camera/BaseCameraAdapter.cpp:393 returnFrame - 0xac72cc30
01-01 00:02:30.628 1595 1629 E CameraHal: (ab57f970) hardware/ti/dra7xx/camera/BaseCameraAdapter.cpp:393 returnFrame - 0xac72ccd0
01-01 00:02:30.628 1595 1629 E CameraHal: (ab57f970) hardware/ti/dra7xx/camera/BaseCameraAdapter.cpp:393 returnFrame - 0xac72cd20
01-01 00:02:30.628 1595 1629 E CameraHal: (ab57f970) hardware/ti/dra7xx/camera/BaseCameraAdapter.cpp:393 returnFrame - 0xac72cd70
01-01 00:02:30.628 1595 1629 V CameraHal: (ab57f970) hardware/ti/dra7xx/camera/CameraHal.cpp:4722 camera_buffer_get_omx_ptr - buffer_type 2 opaque 0xac714f40
01-01 00:02:30.628 1595 1629 V CameraHal: (ab57f970) hardware/ti/dra7xx/camera/CameraHal.cpp:4726 camera_buffer_get_omx_ptr - anw ac72cd20
01-01 00:02:30.628 1595 1629 D CameraHal: (ab57f970) + hardware/ti/dra7xx/camera/V4LCameraAdapter/V4LCameraAdapter.cpp:370 fillThisBuffer - ENTER
01-01 00:02:30.628 1595 1629 D CameraHal: (ab57f970) hardware/ti/dra7xx/camera/V4LCameraAdapter/V4LCameraAdapter.cpp:411 fillThisBuffer - Will return buffer to V4L with id=6
01-01 00:02:30.628 1595 1629 D CameraHal: (ab57f970) - hardware/ti/dra7xx/camera/V4LCameraAdapter/V4LCameraAdapter.cpp:421 fillThisBuffer - EXIT
01-01 00:02:30.628 1595 1635 D CameraHal: (a8cc3970) + hardware/ti/dra7xx/camera/V4LCameraAdapter/V4LCameraAdapter.cpp:767 GetFrame - ENTER
01-01 00:02:30.647 1595 1635 D CameraHal: (a8cc3970) - hardware/ti/dra7xx/camera/V4LCameraAdapter/V4LCameraAdapter.cpp:809 GetFrame - EXIT
01-01 00:02:30.647 1595 1635 D CameraHal: (a8cc3970) hardware/ti/dra7xx/camera/V4LCameraAdapter/V4LCameraAdapter.cpp:1092 previewThread - GOT IN frame with ID=1
01-01 00:02:30.647 1595 1635 D CameraHal: (a8cc3970) + hardware/ti/dra7xx/camera/V4LCameraAdapter/V4LCameraAdapter.cpp:954 convertYUV422ToNV12Tiler - ENTER
01-01 00:02:30.659 1595 1635 D CameraHal: (a8cc3970) - hardware/ti/dra7xx/camera/V4LCameraAdapter/V4LCameraAdapter.cpp:1027 convertYUV422ToNV12Tiler - EXIT
01-01 00:02:30.659 1595 1635 V CameraHal: (a8cc3970) hardware/ti/dra7xx/camera/V4LCameraAdapter/V4LCameraAdapter.cpp:1116 previewThread - ##...index= 1.;camera buffer= 0xac743880; mapped= 0xaae90000.
01-01 00:02:30.659 1595 1635 D CameraHal: (a8cc3970) + hardware/ti/dra7xx/camera/BaseCameraAdapter.cpp:1416 setInitFrameRefCount - ENTER
01-01 00:02:30.659 1595 1635 D CameraHal: (a8cc3970) + hardware/ti/dra7xx/camera/BaseCameraAdapter.cpp:1559 setFrameRefCountByType - ENTER
01-01 00:02:30.659 1595 1635 D CameraHal: (a8cc3970) - hardware/ti/dra7xx/camera/BaseCameraAdapter.cpp:1603 setFrameRefCountByType - EXIT
01-01 00:02:30.659 1595 1635 D CameraHal: (a8cc3970) - hardware/ti/dra7xx/camera/BaseCameraAdapter.cpp:1469 setInitFrameRefCount - EXIT
01-01 00:02:30.659 1595 1635 D CameraHal: (a8cc3970) + hardware/ti/dra7xx/camera/BaseCameraAdapter.cpp:1489 getFrameRefCountByType - ENTER
01-01 00:02:30.659 1595 1635 D CameraHal: (a8cc3970) - hardware/ti/dra7xx/camera/BaseCameraAdapter.cpp:1551 getFrameRefCountByType - EXIT
01-01 00:02:30.659 1595 1635 V CameraHal: (a8cc3970) hardware/ti/dra7xx/camera/BaseCameraAdapter.cpp:1390 __sendFrameToSubscribers - Type of Frame: 0x1 address: 0xac743880 refCount start 1
01-01 00:02:30.661 1595 1629 V CameraHal: (ab57f970) hardware/ti/dra7xx/camera/ANativeWindowDisplayAdapter.cpp:1214 handleFrameReturn - handleFrameReturn: found graphic buffer 7 of 7
01-01 00:02:30.661 1595 1629 D CameraHal: (ab57f970) + hardware/ti/dra7xx/camera/BaseCameraAdapter.cpp:1489 getFrameRefCountByType - ENTER
01-01 00:02:30.661 1595 1629 D CameraHal: (ab57f970) - hardware/ti/dra7xx/camera/BaseCameraAdapter.cpp:1551 getFrameRefCountByType - EXIT
01-01 00:02:30.661 1595 1629 D CameraHal: (ab57f970) + hardware/ti/dra7xx/camera/BaseCameraAdapter.cpp:1559 setFrameRefCountByType - ENTER
01-01 00:02:30.661 1595 1629 D CameraHal: (ab57f970) - hardware/ti/dra7xx/camera/BaseCameraAdapter.cpp:1603 setFrameRefCountByType - EXIT
01-01 00:02:30.661 1595 1629 V CameraHal: (ab57f970) hardware/ti/dra7xx/camera/BaseCameraAdapter.cpp:378 returnFrame - REFCOUNT 0xac743b80 0
01-01 00:02:30.661 1595 1629 V CameraHal: (ab57f970) hardware/ti/dra7xx/camera/CameraHal.cpp:4722 camera_buffer_get_omx_ptr - buffer_type 2 opaque 0xac714fe8
01-01 00:02:30.661 1595 1629 V CameraHal: (ab57f970) hardware/ti/dra7xx/camera/CameraHal.cpp:4726 camera_buffer_get_omx_ptr - anw ac72cd70
01-01 00:02:30.661 1595 1629 E CameraHal: (ab57f970) hardware/ti/dra7xx/camera/BaseCameraAdapter.cpp:392 returnFrame - Buffer already with Ducati!! 0xac743b80
01-01 00:02:30.661 1595 1629 E CameraHal: (ab57f970) hardware/ti/dra7xx/camera/BaseCameraAdapter.cpp:393 returnFrame - 0xac72caf0
01-01 00:02:30.661 1595 1629 E CameraHal: (ab57f970) hardware/ti/dra7xx/camera/BaseCameraAdapter.cpp:393 returnFrame - 0xac72cb40
01-01 00:02:30.661 1595 1629 E CameraHal: (ab57f970) hardware/ti/dra7xx/camera/BaseCameraAdapter.cpp:393 returnFrame - 0xac72cb90
01-01 00:02:30.661 1595 1629 E CameraHal: (ab57f970) hardware/ti/dra7xx/camera/BaseCameraAdapter.cpp:393 returnFrame - 0xac72cbe0
01-01 00:02:30.661 1595 1629 E CameraHal: (ab57f970) hardware/ti/dra7xx/camera/BaseCameraAdapter.cpp:393 returnFrame - 0xac72cc30
01-01 00:02:30.661 1595 1629 E CameraHal: (ab57f970) hardware/ti/dra7xx/camera/BaseCameraAdapter.cpp:393 returnFrame - 0xac72ccd0
01-01 00:02:30.661 1595 1629 E CameraHal: (ab57f970) hardware/ti/dra7xx/camera/BaseCameraAdapter.cpp:393 returnFrame - 0xac72cd20
01-01 00:02:30.661 1595 1629 E CameraHal: (ab57f970) hardware/ti/dra7xx/camera/BaseCameraAdapter.cpp:393 returnFrame - 0xac72cd70
01-01 00:02:30.661 1595 1629 V CameraHal: (ab57f970) hardware/ti/dra7xx/camera/CameraHal.cpp:4722 camera_buffer_get_omx_ptr - buffer_type 2 opaque 0xac714fe8
01-01 00:02:30.661 1595 1629 V CameraHal: (ab57f970) hardware/ti/dra7xx/camera/CameraHal.cpp:4726 camera_buffer_get_omx_ptr - anw ac72cd70
01-01 00:02:30.661 1595 1629 D CameraHal: (ab57f970) + hardware/ti/dra7xx/camera/V4LCameraAdapter/V4LCameraAdapter.cpp:370 fillThisBuffer - ENTER
