01-01 00:01:10.666 592 592 D TelephonyProvider: No APNs in OEM image = /oem/telephony/apns-conf.xml Load APNs from system image
01-01 00:01:10.666 592 592 D TelephonyProvider: No APNs in OEM image = /data/misc/apns-conf.xml Load APNs from system image
01-01 00:01:10.666 592 592 D TelephonyProvider: confFile = /system/etc/apns-conf.xml
01-01 00:01:10.667 495 793 I SecurityController: could not bind to KeyChainService
01-01 00:01:10.673 592 592 E TelephonyProvider: FileNotFoundException for /system/etc/apns-conf.xml:java.io.FileNotFoundException: /system/etc/apns-conf.xml (No such file or directory)
01-01 00:01:10.678 592 592 D TelephonyProvider: dbh.onCreate:- db=SQLiteDatabase: /data/user_de/0/com.android.providers.telephony/databases/telephony.db
01-01 00:01:10.715 495 495 I CameraManagerGlobal: Connecting to camera service
01-01 00:01:10.718 224 320 I CameraService: CameraService::connect call (PID -1 "cameraserver", camera ID 0) for HAL version default and Camera API version 1
01-01 00:01:10.720 176 176 D CameraHal: (ac4474a8) + hardware/ti/dra7xx/camera/CameraProperties.cpp:67 initialize - ENTER
01-01 00:01:10.720 176 176 D CameraHal: (ac4474a8) - hardware/ti/dra7xx/camera/CameraProperties.cpp:67 initialize - EXIT
01-01 00:01:10.720 176 176 D CameraHal: (ac4474a8) + hardware/ti/dra7xx/camera/CameraParameters.cpp:152 getProperties - ENTER
01-01 00:01:10.720 176 176 D CameraHal: (ac4474a8) - hardware/ti/dra7xx/camera/CameraParameters.cpp:163 getProperties - EXIT
01-01 00:01:10.722 233 306 D NuPlayerDriver: NuPlayerDriver(0xb2230000) created, clientPid(224)
01-01 00:01:10.724 153 153 W /system/bin/hwservicemanager: getTransportFromManifest: Cannot find entry android.hardware.media.omx@1.0::IOmx in either framework or device manifest, using default transport.
01-01 00:01:10.753 233 801 D NuPlayerDriver: notifyListener_l(0xb2230000), (1, 0, 0, -1), loop setting(0, 0)
01-01 00:01:10.754 233 306 D NuPlayerDriver: NuPlayerDriver(0xb22302a0) created, clientPid(224)
01-01 00:01:10.755 153 153 W /system/bin/hwservicemanager: getTransportFromManifest: Cannot find entry android.hardware.media.omx@1.0::IOmx in either framework or device manifest, using default transport.
01-01 00:01:10.758 592 592 D TelephonyProvider: dbh.onOpen: ok, queried table=siminfo
01-01 00:01:10.758 592 592 D TelephonyProvider: dbh.onOpen: ok, queried table=carriers
01-01 00:01:10.761 592 592 D TelephonyProvider: onCreate: build id changed from to OPR6.170623.013
01-01 00:01:10.761 592 592 D TelephonyProvider: No APNs in OEM image = /oem/telephony/apns-conf.xml Load APNs from system image
01-01 00:01:10.761 592 592 D TelephonyProvider: No APNs in OEM image = /data/misc/apns-conf.xml Load APNs from system image
01-01 00:01:10.762 592 592 E TelephonyProvider: FileNotFoundException for /system/etc/apns-conf.xml:java.io.FileNotFoundException: /system/etc/apns-conf.xml (No such file or directory)
01-01 00:01:10.762 592 592 D TelephonyProvider: newChecksum: -1
01-01 00:01:10.762 592 592 D TelephonyProvider: oldChecksum: -1
01-01 00:01:10.762 592 592 D TelephonyProvider: Skipping apn db update since apn-conf has not changed.
01-01 00:01:10.772 233 804 D NuPlayerDriver: notifyListener_l(0xb22302a0), (1, 0, 0, -1), loop setting(0, 0)
01-01 00:01:10.773 233 306 D NuPlayerDriver: NuPlayerDriver(0xb2230540) created, clientPid(224)
01-01 00:01:10.775 153 153 W /system/bin/hwservicemanager: getTransportFromManifest: Cannot find entry android.hardware.media.omx@1.0::IOmx in either framework or device manifest, using default transport.
01-01 00:01:10.791 233 807 D NuPlayerDriver: notifyListener_l(0xb2230540), (1, 0, 0, -1), loop setting(0, 0)
01-01 00:01:10.793 224 320 I CameraHardwareInterface: Opening camera 0
01-01 00:01:10.794 176 176 I CamDev@1.0-impl: Opening camera 0
01-01 00:01:10.794 176 176 D CameraHal: (ac4474a8) + hardware/ti/dra7xx/camera/CameraProperties.cpp:67 initialize - ENTER
01-01 00:01:10.794 176 176 D CameraHal: (ac4474a8) - hardware/ti/dra7xx/camera/CameraProperties.cpp:67 initialize - EXIT
01-01 00:01:10.794 176 176 D CameraHal: (ac4474a8) + hardware/ti/dra7xx/camera/CameraParameters.cpp:152 getProperties - ENTER
01-01 00:01:10.794 176 176 D CameraHal: (ac4474a8) - hardware/ti/dra7xx/camera/CameraParameters.cpp:163 getProperties - EXIT
01-01 00:01:10.794 176 176 E CameraHal: (ac4474a8) hardware/ti/dra7xx/camera/CameraHal_Module.cpp:634 camera_device_open - CameraHal_Module: ******************* 1 *******************
01-01 00:01:10.794 176 176 I CameraHal: (ac4474a8) hardware/ti/dra7xx/camera/CameraHal_Module.cpp:638 camera_device_open - camera_device open
01-01 00:01:10.794 176 176 D CameraHal: (ac4474a8) + hardware/ti/dra7xx/camera/CameraProperties.cpp:130 camerasSupported - ENTER
01-01 00:01:10.794 176 176 D CameraHal: (ac4474a8) - hardware/ti/dra7xx/camera/CameraProperties.cpp:130 camerasSupported - EXIT
01-01 00:01:10.794 176 176 D CameraHal: (ac4474a8) + hardware/ti/dra7xx/camera/CameraParameters.cpp:152 getProperties - ENTER
01-01 00:01:10.794 176 176 D CameraHal: (ac4474a8) - hardware/ti/dra7xx/camera/CameraParameters.cpp:163 getProperties - EXIT
01-01 00:01:10.795 176 176 E CameraHal: (ac4474a8) hardware/ti/dra7xx/camera/CameraHal.cpp:131 getSocFamily - '/sys/board_properties/soc/family' Not Available
01-01 00:01:10.795 176 176 D CameraHal: (ac4474a8) + hardware/ti/dra7xx/camera/CameraHal.cpp:3971 CameraHal - ENTER
01-01 00:01:10.795 176 176 D CameraHal: (ac4474a8) - hardware/ti/dra7xx/camera/CameraHal.cpp:4047 CameraHal - EXIT
01-01 00:01:10.795 176 176 D CameraHal: (ac4474a8) + hardware/ti/dra7xx/camera/CameraHal.cpp:4107 initialize - ENTER
01-01 00:01:10.795 176 176 D CameraHal: (ac4474a8) hardware/ti/dra7xx/camera/CameraParameters.cpp:214 dump - ================================
01-01 00:01:10.795 176 176 D CameraHal: (ac4474a8) hardware/ti/dra7xx/camera/CameraParameters.cpp:215 dump - Dumping properties for camera: 0
01-01 00:01:10.795 176 176 D CameraHal: (ac4474a8) hardware/ti/dra7xx/camera/CameraParameters.cpp:220 dump - prop-antibanding-values = auto
01-01 00:01:10.795 176 176 D CameraHal: (ac4474a8) hardware/ti/dra7xx/camera/CameraParameters.cpp:220 dump - prop-camera-name = USBCAMERA
01-01 00:01:10.795 176 176 D CameraHal: (ac4474a8) hardware/ti/dra7xx/camera/CameraParameters.cpp:220 dump - prop-effect-values = none
01-01 00:01:10.795 176 176 D CameraHal: (ac4474a8) hardware/ti/dra7xx/camera/CameraParameters.cpp:220 dump - prop-exposure-mode-values = auto
01-01 00:01:10.795 176 176 D CameraHal: (ac4474a8) hardware/ti/dra7xx/camera/CameraParameters.cpp:220 dump - prop-facing = back
01-01 00:01:10.795 176 176 D CameraHal: (ac4474a8) hardware/ti/dra7xx/camera/CameraParameters.cpp:220 dump - prop-flash-mode-values = off
01-01 00:01:10.795 176 176 D CameraHal: (ac4474a8) hardware/ti/dra7xx/camera/CameraParameters.cpp:220 dump - prop-focal-length = 1
01-01 00:01:10.795 176 176 D CameraHal: (ac4474a8) hardware/ti/dra7xx/camera/CameraParameters.cpp:220 dump - prop-focus-mode-default = fixed
01-01 00:01:10.795 176 176 D CameraHal: (ac4474a8) hardware/ti/dra7xx/camera/CameraParameters.cpp:220 dump - prop-focus-mode-values = fixed
01-01 00:01:10.795 176 176 D CameraHal: (ac4474a8) hardware/ti/dra7xx/camera/CameraParameters.cpp:220 dump - prop-framerate-range-default = 30000,30000
01-01 00:01:10.795 176 176 D CameraHal: (ac4474a8) hardware/ti/dra7xx/camera/CameraParameters.cpp:220 dump - prop-framerate-range-values =
01-01 00:01:10.795 176 176 D CameraHal: (ac4474a8) hardware/ti/dra7xx/camera/CameraParameters.cpp:220 dump - prop-horizontal-angle = 170
01-01 00:01:10.795 176 176 D CameraHal: (ac4474a8) hardware/ti/dra7xx/camera/CameraParameters.cpp:220 dump - prop-ipp-values = ldc-nsf
01-01 00:01:10.795 176 176 D CameraHal: (ac4474a8) hardware/ti/dra7xx/camera/CameraParameters.cpp:220 dump - prop-iso-mode-values = auto
01-01 00:01:10.795 176 176 D CameraHal: (ac4474a8) hardware/ti/dra7xx/camera/CameraParameters.cpp:220 dump - prop-jpeg-quality-default = 90
01-01 00:01:10.795 176 176 D CameraHal: (ac4474a8) hardware/ti/dra7xx/camera/CameraParameters.cpp:220 dump - prop-jpeg-thumbnail-quality-default = 50
01-01 00:01:10.795 176 176 D CameraHal: (ac4474a8) hardware/ti/dra7xx/camera/CameraParameters.cpp:220 dump - prop-jpeg-thumbnail-size-default = 320x240
01-01 00:01:10.795 176 176 D CameraHal: (ac4474a8) hardware/ti/dra7xx/camera/CameraParameters.cpp:220 dump - prop-jpeg-thumbnail-size-values = 0x0,320x240
01-01 00:01:10.795 176 176 D CameraHal: (ac4474a8) hardware/ti/dra7xx/camera/CameraParameters.cpp:220 dump - prop-max-fd-hw-faces = 0
01-01 00:01:10.795 176 176 D CameraHal: (ac4474a8) hardware/ti/dra7xx/camera/CameraParameters.cpp:220 dump - prop-orientation = 0
01-01 00:01:10.795 176 176 D CameraHal: (ac4474a8) hardware/ti/dra7xx/camera/CameraParameters.cpp:220 dump - prop-picture-format-default = jpeg
01-01 00:01:10.795 176 176 D CameraHal: (ac4474a8) hardware/ti/dra7xx/camera/CameraParameters.cpp:220 dump - prop-picture-format-values = jpeg
01-01 00:01:10.795 176 176 D CameraHal: (ac4474a8) hardware/ti/dra7xx/camera/CameraParameters.cpp:220 dump - prop-picture-size-default = 1280x720
01-01 00:01:10.795 176 176 D CameraHal: (ac4474a8) hardware/ti/dra7xx/camera/CameraParameters.cpp:220 dump - prop-picture-size-values = 1280x800,1280x720,752x480,640x480,600x400,352x288,320x240
01-01 00:01:10.795 176 176 D CameraHal: (ac4474a8) hardware/ti/dra7xx/camera/CameraParameters.cpp:220 dump - prop-preview-format-default = yuv420sp
01-01 00:01:10.795 176 176 D CameraHal: (ac4474a8) hardware/ti/dra7xx/camera/CameraParameters.cpp:220 dump - prop-preview-format-values = yuv420sp
01-01 00:01:10.795 176 176 D CameraHal: (ac4474a8) hardware/ti/dra7xx/camera/CameraParameters.cpp:220 dump - prop-preview-frame-rate-default = 30
01-01 00:01:10.795 176 176 D CameraHal: (ac4474a8) hardware/ti/dra7xx/camera/CameraParameters.cpp:220 dump - prop-preview-frame-rate-values =
01-01 00:01:10.795 176 176 D CameraHal: (ac4474a8) hardware/ti/dra7xx/camera/CameraParameters.cpp:220 dump - prop-preview-size-default = 1280x720
01-01 00:01:10.795 176 176 D CameraHal: (ac4474a8) hardware/ti/dra7xx/camera/CameraParameters.cpp:220 dump - prop-preview-size-values = 1280x800,1280x720,752x480,640x480,600x400,352x288,320x240
01-01 00:01:10.795 176 176 D CameraHal: (ac4474a8) hardware/ti/dra7xx/camera/CameraParameters.cpp:220 dump - prop-preview-subsampled-size-values = 1280x800,1280x720,752x480,640x480,600x400,352x288,320x240
01-01 00:01:10.795 176 176 D CameraHal: (ac4474a8) hardware/ti/dra7xx/camera/CameraParameters.cpp:220 dump - prop-required-preview-bufs = 8
01-01 00:01:10.795 176 176 D CameraHal: (ac4474a8) hardware/ti/dra7xx/camera/CameraParameters.cpp:220 dump - prop-s3d-prv-frame-layout = none
01-01 00:01:10.795 176 176 D CameraHal: (ac4474a8) hardware/ti/dra7xx/camera/CameraParameters.cpp:220 dump - prop-sensor-index = 0
01-01 00:01:10.795 176 176 D CameraHal: (ac4474a8) hardware/ti/dra7xx/camera/CameraParameters.cpp:220 dump - prop-vertical-angle = 170
01-01 00:01:10.795 176 176 D CameraHal: (ac4474a8) hardware/ti/dra7xx/camera/CameraParameters.cpp:220 dump - prop-vnf-default = false
01-01 00:01:10.795 176 176 D CameraHal: (ac4474a8) hardware/ti/dra7xx/camera/CameraParameters.cpp:220 dump - prop-vstab-default = false
01-01 00:01:10.795 176 176 D CameraHal: (ac4474a8) hardware/ti/dra7xx/camera/CameraParameters.cpp:220 dump - prop-zoom-default = 1
01-01 00:01:10.795 176 176 D CameraHal: (ac4474a8) hardware/ti/dra7xx/camera/CameraParameters.cpp:220 dump - prop-zoom-ratios = 1
01-01 00:01:10.795 176 176 D CameraHal: (ac4474a8) hardware/ti/dra7xx/camera/CameraParameters.cpp:220 dump - prop-zoom-stages = 1
01-01 00:01:10.795 176 176 D CameraHal: (ac4474a8) hardware/ti/dra7xx/camera/CameraParameters.cpp:220 dump - prop-zoom-supported = false
01-01 00:01:10.796 176 176 D CameraHal: (ac4474a8) hardware/ti/dra7xx/camera/CameraParameters.cpp:220 dump - sensor-orientation = 0
01-01 00:01:10.796 176 176 D CameraHal: (ac4474a8) hardware/ti/dra7xx/camera/CameraParameters.cpp:223 dump - --------------------------------
01-01 00:01:10.796 176 176 D CameraHal: (ac4474a8) hardware/ti/dra7xx/camera/CameraHal.cpp:4146 initialize - Sensor index= 0; Sensor name= USBCAMERA
01-01 00:01:10.796 176 176 D CameraHal: (ac4474a8) + hardware/ti/dra7xx/camera/V4LCameraAdapter/V4LCameraAdapter.cpp:1208 V4LCameraAdapter_Factory - ENTER
01-01 00:01:10.796 176 176 D CameraHal: (ac4474a8) + hardware/ti/dra7xx/camera/V4LCameraAdapter/V4LCameraAdapter.cpp:894 V4LCameraAdapter - ENTER
01-01 00:01:10.796 176 176 E CameraHal: Error while adapter initialization: video capture not supported.
01-01 00:01:10.796 176 176 E CameraHal: Error while checking driver: Not VPE
01-01 00:01:10.796 176 176 E CameraHal: Error while adapter initialization: video capture not supported.
01-01 00:01:10.796 176 176 E CameraHal: Found VPE M2M device /dev/video0!!!
01-01 00:01:10.796 176 176 D CameraHal: (ac4474a8) - hardware/ti/dra7xx/camera/V4LCameraAdapter/V4LCameraAdapter.cpp:912 V4LCameraAdapter - EXIT
01-01 00:01:10.796 176 176 D CameraHal: (ac4474a8) hardware/ti/dra7xx/camera/V4LCameraAdapter/V4LCameraAdapter.cpp:1212 V4LCameraAdapter_Factory - New V4L Camera adapter instance created for sensor 0
01-01 00:01:10.796 176 176 D CameraHal: (ac4474a8) - hardware/ti/dra7xx/camera/V4LCameraAdapter/V4LCameraAdapter.cpp:1217 V4LCameraAdapter_Factory - EXIT
01-01 00:01:10.796 176 176 D CameraHal: (ac4474a8) + hardware/ti/dra7xx/camera/V4LCameraAdapter/V4LCameraAdapter.cpp:305 initialize - ENTER
01-01 00:01:10.797 176 176 D CameraHal: (ac4474a8) - hardware/ti/dra7xx/camera/V4LCameraAdapter/V4LCameraAdapter.cpp:361 initialize - EXIT
01-01 00:01:10.797 176 176 D CameraHal: (ac4474a8) + hardware/ti/dra7xx/camera/BaseCameraAdapter.cpp:126 registerImageReleaseCallback - ENTER
01-01 00:01:10.797 176 176 D CameraHal: (ac4474a8) - hardware/ti/dra7xx/camera/BaseCameraAdapter.cpp:131 registerImageReleaseCallback - EXIT
01-01 00:01:10.797 176 176 D CameraHal: (ac4474a8) + hardware/ti/dra7xx/camera/BaseCameraAdapter.cpp:140 registerEndCaptureCallback - ENTER
01-01 00:01:10.797 176 176 D CameraHal: (ac4474a8) - hardware/ti/dra7xx/camera/BaseCameraAdapter.cpp:145 registerEndCaptureCallback - EXIT
01-01 00:01:10.797 176 176 D CameraHal: (ac4474a8) + hardware/ti/dra7xx/camera/AppCallbackNotifier.cpp:38 initialize - ENTER
01-01 00:01:10.797 176 176 D CameraHal: (ac4474a8) - hardware/ti/dra7xx/camera/AppCallbackNotifier.cpp:70 initialize - EXIT
01-01 00:01:10.797 176 176 D CameraHal: (ac4474a8) + hardware/ti/dra7xx/camera/AppCallbackNotifier.cpp:1257 setEventProvider - ENTER
01-01 00:01:10.797 176 176 D CameraHal: (ac4474a8) + hardware/ti/dra7xx/camera/CameraHalUtilClasses.cpp:87 enableEventNotification - ENTER
01-01 00:01:10.797 176 176 D CameraHal: (ac4474a8) + hardware/ti/dra7xx/camera/BaseCameraAdapter.cpp:176 enableMsgType - ENTER
01-01 00:01:10.797 176 176 V CameraHal: (ac4474a8) hardware/ti/dra7xx/camera/BaseCameraAdapter.cpp:215 enableMsgType - Event message type id=0xffff subscription request
01-01 00:01:10.797 176 176 D CameraHal: (ac4474a8) - hardware/ti/dra7xx/camera/BaseCameraAdapter.cpp:229 enableMsgType - EXIT
01-01 00:01:10.797 176 176 D CameraHal: (ac4474a8) - hardware/ti/dra7xx/camera/CameraHalUtilClasses.cpp:97 enableEventNotification - EXIT
01-01 00:01:10.797 176 176 D CameraHal: (ac4474a8) - hardware/ti/dra7xx/camera/AppCallbackNotifier.cpp:1272 setEventProvider - EXIT
01-01 00:01:10.797 176 176 D CameraHal: (ac4474a8) + hardware/ti/dra7xx/camera/AppCallbackNotifier.cpp:1277 setFrameProvider - ENTER
01-01 00:01:10.797 176 176 D CameraHal: (ac4474a8) + hardware/ti/dra7xx/camera/CameraHalUtilClasses.cpp:33 enableFrameNotification - ENTER
01-01 00:01:10.797 176 176 D CameraHal: (ac4474a8) + hardware/ti/dra7xx/camera/BaseCameraAdapter.cpp:176 enableMsgType - ENTER
01-01 00:01:10.797 176 176 V CameraHal: (ac4474a8) hardware/ti/dra7xx/camera/BaseCameraAdapter.cpp:183 enableMsgType - Frame message type id=0x8 subscription request
01-01 00:01:10.797 176 176 D CameraHal: (ac4474a8) - hardware/ti/dra7xx/camera/BaseCameraAdapter.cpp:229 enableMsgType - EXIT
01-01 00:01:10.797 176 176 D CameraHal: (ac4474a8) - hardware/ti/dra7xx/camera/CameraHalUtilClasses.cpp:43 enableFrameNotification - EXIT
01-01 00:01:10.797 176 176 D CameraHal: (ac4474a8) + hardware/ti/dra7xx/camera/CameraHalUtilClasses.cpp:33 enableFrameNotification - ENTER
01-01 00:01:10.797 176 176 D CameraHal: (ac4474a8) + hardware/ti/dra7xx/camera/BaseCameraAdapter.cpp:176 enableMsgType - ENTER
01-01 00:01:10.797 176 176 V CameraHal: (ac4474a8) hardware/ti/dra7xx/camera/BaseCameraAdapter.cpp:183 enableMsgType - Frame message type id=0x100 subscription request
01-01 00:01:10.797 176 176 D CameraHal: (ac4474a8) - hardware/ti/dra7xx/camera/BaseCameraAdapter.cpp:229 enableMsgType - EXIT
01-01 00:01:10.797 176 176 D CameraHal: (ac4474a8) - hardware/ti/dra7xx/camera/CameraHalUtilClasses.cpp:43 enableFrameNotification - EXIT
01-01 00:01:10.797 176 176 D CameraHal: (ac4474a8) - hardware/ti/dra7xx/camera/AppCallbackNotifier.cpp:1293 setFrameProvider - EXIT
01-01 00:01:10.797 176 176 D CameraHal: (ac4474a8) + hardware/ti/dra7xx/camera/BaseCameraAdapter.cpp:154 setErrorHandler - ENTER
01-01 00:01:10.797 176 176 D CameraHal: (ac4474a8) - hardware/ti/dra7xx/camera/BaseCameraAdapter.cpp:167 setErrorHandler - EXIT
01-01 00:01:10.798 176 176 D CameraHal: (ac4474a8) + hardware/ti/dra7xx/camera/AppCallbackNotifier.cpp:1627 start - ENTER
01-01 00:01:10.798 176 176 D CameraHal: (ac4474a8) hardware/ti/dra7xx/camera/AppCallbackNotifier.cpp:1656 start - --> AppCallbackNotifier NOTIFIER_STARTED
01-01 00:01:10.798 176 176 D CameraHal: (ac4474a8) - hardware/ti/dra7xx/camera/AppCallbackNotifier.cpp:1658 start - EXIT
01-01 00:01:10.798 176 176 D CameraHal: (ac4474a8) hardware/ti/dra7xx/camera/CameraHal.cpp:4215 initialize - Started AppCallbackNotifier..
01-01 00:01:10.798 176 176 D CameraHal: (ac4474a8) + hardware/ti/dra7xx/camera/AppCallbackNotifier.cpp:100 setMeasurements - ENTER
01-01 00:01:10.798 176 176 D CameraHal: (ac4474a8) - hardware/ti/dra7xx/camera/AppCallbackNotifier.cpp:109 setMeasurements - EXIT
01-01 00:01:10.798 176 176 D CameraHal: (ac4474a8) + hardware/ti/dra7xx/camera/CameraHal.cpp:4509 initDefaultParameters - ENTER
01-01 00:01:10.798 176 176 D CameraHal: (ac4474a8) + hardware/ti/dra7xx/camera/CameraHal.cpp:4438 insertSupportedParams - ENTER
01-01 00:01:10.798 176 176 D CameraHal: (ac4474a8) - hardware/ti/dra7xx/camera/CameraHal.cpp:4494 insertSupportedParams - EXIT
01-01 00:01:10.798 176 176 D CameraHal: (ac4474a8) + hardware/ti/dra7xx/camera/CameraHal.cpp:4388 parseResolution - ENTER
01-01 00:01:10.798 176 176 D CameraHal: (ac4474a8) - hardware/ti/dra7xx/camera/CameraHal.cpp:4431 parseResolution - EXIT
01-01 00:01:10.798 176 176 D CameraHal: (ac4474a8) + hardware/ti/dra7xx/camera/CameraHal.cpp:4388 parseResolution - ENTER
01-01 00:01:10.798 176 176 D CameraHal: (ac4474a8) - hardware/ti/dra7xx/camera/CameraHal.cpp:4431 parseResolution - EXIT
01-01 00:01:10.798 176 176 D CameraHal: (ac4474a8) + hardware/ti/dra7xx/camera/CameraHal.cpp:4388 parseResolution - ENTER
01-01 00:01:10.798 176 176 D CameraHal: (ac4474a8) - hardware/ti/dra7xx/camera/CameraHal.cpp:4431 parseResolution - EXIT
01-01 00:01:10.798 176 176 D CameraHal: (ac4474a8) - hardware/ti/dra7xx/camera/CameraHal.cpp:4611 initDefaultParameters - EXIT
01-01 00:01:10.798 176 176 D CameraHal: (ac4474a8) + hardware/ti/dra7xx/camera/CameraHal.cpp:389 setParameters - ENTER
01-01 00:01:10.799 176 176 D CameraHal: (ac4474a8) + hardware/ti/dra7xx/camera/CameraHal.cpp:2579 previewEnabled - ENTER
01-01 00:01:10.799 176 176 D CameraHal: (ac4474a8) - hardware/ti/dra7xx/camera/CameraHal.cpp:2579 previewEnabled - EXIT
01-01 00:01:10.799 176 176 D CameraHal: (ac4474a8) + hardware/ti/dra7xx/camera/CameraHal.cpp:4313 isParameterValid - ENTER
01-01 00:01:10.799 176 176 D CameraHal: (ac4474a8) - hardware/ti/dra7xx/camera/CameraHal.cpp:4337 isParameterValid - EXIT
01-01 00:01:10.799 176 176 D CameraHal: (ac4474a8) hardware/ti/dra7xx/camera/CameraHal.cpp:416 setParameters - PreviewFormat set yuv420sp
01-01 00:01:10.799 176 176 D CameraHal: (ac4474a8) hardware/ti/dra7xx/camera/CameraHal.cpp:577 setParameters - Recording Hint is set to NULL
01-01 00:01:10.799 176 176 D CameraHal: (ac4474a8) + hardware/ti/dra7xx/camera/CameraHal.cpp:2803 resetVideoModeParameters - ENTER
01-01 00:01:10.799 176 176 D CameraHal: (ac4474a8) - hardware/ti/dra7xx/camera/CameraHal.cpp:2818 resetVideoModeParameters - EXIT
01-01 00:01:10.799 176 176 D CameraHal: (ac4474a8) + hardware/ti/dra7xx/camera/CameraHal.cpp:4248 isResolutionValid - ENTER
01-01 00:01:10.799 176 176 D CameraHal: (ac4474a8) + hardware/ti/dra7xx/camera/CameraHal.cpp:4313 isParameterValid - ENTER
01-01 00:01:10.799 176 176 D CameraHal: (ac4474a8) - hardware/ti/dra7xx/camera/CameraHal.cpp:4337 isParameterValid - EXIT
01-01 00:01:10.799 176 176 D CameraHal: (ac4474a8) - hardware/ti/dra7xx/camera/CameraHal.cpp:4264 isResolutionValid - EXIT
01-01 00:01:10.799 176 176 D CameraHal: (ac4474a8) hardware/ti/dra7xx/camera/CameraHal.cpp:598 setParameters - Preview Resolution: 1280 x 720
01-01 00:01:10.799 176 176 D CameraHal: (ac4474a8) + hardware/ti/dra7xx/camera/CameraHal.cpp:4313 isParameterValid - ENTER
01-01 00:01:10.799 176 176 D CameraHal: (ac4474a8) - hardware/ti/dra7xx/camera/CameraHal.cpp:4337 isParameterValid - EXIT
01-01 00:01:10.799 176 176 D CameraHal: (ac4474a8) hardware/ti/dra7xx/camera/CameraHal.cpp:602 setParameters - Focus mode set fixed
01-01 00:01:10.799 176 176 D CameraHal: (ac4474a8) + hardware/ti/dra7xx/camera/CameraHal.cpp:4248 isResolutionValid - ENTER
01-01 00:01:10.799 176 176 D CameraHal: (ac4474a8) + hardware/ti/dra7xx/camera/CameraHal.cpp:4313 isParameterValid - ENTER
01-01 00:01:10.799 176 176 D CameraHal: (ac4474a8) - hardware/ti/dra7xx/camera/CameraHal.cpp:4337 isParameterValid - EXIT
01-01 00:01:10.799 176 176 D CameraHal: (ac4474a8) - hardware/ti/dra7xx/camera/CameraHal.cpp:4264 isResolutionValid - EXIT
01-01 00:01:10.799 176 176 D CameraHal: (ac4474a8) hardware/ti/dra7xx/camera/CameraHal.cpp:646 setParameters - Picture Size by App 1280 x 720
01-01 00:01:10.799 176 176 D CameraHal: (ac4474a8) + hardware/ti/dra7xx/camera/CameraHal.cpp:4313 isParameterValid - ENTER
01-01 00:01:10.799 176 176 D CameraHal: (ac4474a8) - hardware/ti/dra7xx/camera/CameraHal.cpp:4337 isParameterValid - EXIT
01-01 00:01:10.799 176 176 D CameraHal: (ac4474a8) hardware/ti/dra7xx/camera/CameraHal.cpp:1005 setParameters - Jpeg quality set 90
01-01 00:01:10.799 176 176 D CameraHal: (ac4474a8) hardware/ti/dra7xx/camera/CameraHal.cpp:1011 setParameters - Thumbnail width set 320
01-01 00:01:10.799 176 176 D CameraHal: (ac4474a8) hardware/ti/dra7xx/camera/CameraHal.cpp:1017 setParameters - Thumbnail width set 240
01-01 00:01:10.799 176 176 D CameraHal: (ac4474a8) hardware/ti/dra7xx/camera/CameraHal.cpp:1023 setParameters - Thumbnail quality set 50
01-01 00:01:10.799 176 176 D CameraHal: (ac4474a8) hardware/ti/dra7xx/camera/CameraHal.cpp:1130 setParameters - Zoom set 1
01-01 00:01:10.799 176 176 D CameraHal: (ac4474a8) hardware/ti/dra7xx/camera/CameraHal.cpp:1177 setParameters - External Gamma set false
01-01 00:01:10.799 176 176 D CameraHal: (ac4474a8) hardware/ti/dra7xx/camera/CameraHal.cpp:1183 setParameters - NSF1 set true
01-01 00:01:10.799 176 176 D CameraHal: (ac4474a8) hardware/ti/dra7xx/camera/CameraHal.cpp:1189 setParameters - NSF2 set true
01-01 00:01:10.799 176 176 D CameraHal: (ac4474a8) hardware/ti/dra7xx/camera/CameraHal.cpp:1195 setParameters - Sharpening set true
01-01 00:01:10.799 176 176 D CameraHal: (ac4474a8) hardware/ti/dra7xx/camera/CameraHal.cpp:1201 setParameters - Color Conversion set true
01-01 00:01:10.824 176 176 D CameraHal: (ac4474a8) hardware/ti/dra7xx/camera/CameraHal.cpp:1207 setParameters - Green Inballance Correction set true
01-01 00:01:10.824 176 176 D CameraHal: (ac4474a8) + hardware/ti/dra7xx/camera/V4LCameraAdapter/V4LCameraAdapter.cpp:450 setParameters - ENTER
01-01 00:01:10.824 176 176 D CameraHal: (ac4474a8) hardware/ti/dra7xx/camera/V4LCameraAdapter/V4LCameraAdapter.cpp:456 setParameters - Width * Height 1280 x 720 format 0x56595559
01-01 00:01:10.824 176 176 D CameraHal: (ac4474a8) + hardware/ti/dra7xx/camera/V4LCameraAdapter/V4LCameraAdapter.cpp:216 v4lSetFormat - ENTER
01-01 00:01:10.824 176 176 D CameraHal: (ac4474a8) hardware/ti/dra7xx/camera/V4LCameraAdapter/V4LCameraAdapter.cpp:218 v4lSetFormat - Width * Height 1280 x 720 format 0x56595559
01-01 00:01:10.789 176 176 I provider@2.4-se: type=1400 audit(0.0:79): avc: denied { read } for name="/" dev="tmpfs" ino=8426 scontext=u:r:hal_camera_default:s0 tcontext=u:object_r:device:s0 tclass=dir permissive=1
01-01 00:01:10.789 176 176 I provider@2.4-se: type=1400 audit(0.0:80): avc: denied { open } for path="/dev" dev="tmpfs" ino=8426 scontext=u:r:hal_camera_default:s0 tcontext=u:object_r:device:s0 tclass=dir permissive=1
01-01 00:01:10.789 176 176 I provider@2.4-se: type=1400 audit(0.0:81): avc: denied { read write } for name="renderD128" dev="tmpfs" ino=5673 scontext=u:r:hal_camera_default:s0 tcontext=u:object_r:gpu_device:s0 tclass=chr_file permissive=1
01-01 00:01:10.789 176 176 I provider@2.4-se: type=1400 audit(0.0:82): avc: denied { open } for path="/dev/dri/renderD128" dev="tmpfs" ino=5673 scontext=u:r:hal_camera_default:s0 tcontext=u:object_r:gpu_device:s0 tclass=chr_file permissive=1
01-01 00:01:10.972 176 176 D CameraHal: (ac4474a8) hardware/ti/dra7xx/camera/V4LCameraAdapter/V4LCameraAdapter.cpp:244 v4lSetFormat - VIDIOC_G_FMT : WxH = 1280x720
01-01 00:01:10.972 176 176 D CameraHal: (ac4474a8) hardware/ti/dra7xx/camera/V4LCameraAdapter/V4LCameraAdapter.cpp:245 v4lSetFormat - ### Using: WxH = 1280x720 pixelformat=0x56595559
01-01 00:01:10.972 176 176 D CameraHal: (ac4474a8) hardware/ti/dra7xx/camera/V4LCameraAdapter/V4LCameraAdapter.cpp:246 v4lSetFormat - ### Using: bytesperline=2560 sizeimage=1843200 colorspace=0x1
01-01 00:01:10.972 176 176 D CameraHal: (ac4474a8) - hardware/ti/dra7xx/camera/V4LCameraAdapter/V4LCameraAdapter.cpp:247 v4lSetFormat - EXIT
01-01 00:01:10.972 176 176 D CameraHal: (ac4474a8) hardware/ti/dra7xx/camera/V4LCameraAdapter/V4LCameraAdapter.cpp:465 setParameters - Current fps is 0 new fps is (30000,30000)
01-01 00:01:10.972 176 176 D CameraHal: (ac4474a8) - hardware/ti/dra7xx/camera/V4LCameraAdapter/V4LCameraAdapter.cpp:476 setParameters - EXIT
01-01 00:01:10.972 176 176 D CameraHal: (ac4474a8) - hardware/ti/dra7xx/camera/CameraHal.cpp:1350 setParameters - EXIT
01-01 00:01:10.972 176 176 D CameraHal: (ac4474a8) - hardware/ti/dra7xx/camera/CameraHal.cpp:4227 initialize - EXIT
01-01 00:01:10.972 176 176 D CameraHal: (ac4474a8) + hardware/ti/dra7xx/camera/CameraHal_Module.cpp:171 camera_set_callbacks - ENTER
01-01 00:01:10.972 176 176 D CameraHal: (ac4474a8) + hardware/ti/dra7xx/camera/CameraHal.cpp:231 setCallbacks - ENTER
01-01 00:01:10.972 224 290 I CameraHardwareInterface: Destroying camera 0
01-01 00:01:10.972 176 176 D CameraHal: (ac4474a8) + hardware/ti/dra7xx/camera/AppCallbackNotifier.cpp:84 setCallbacks - ENTER
01-01 00:01:10.972 176 176 D CameraHal: (ac4474a8) - hardware/ti/dra7xx/camera/AppCallbackNotifier.cpp:93 setCallbacks - EXIT
01-01 00:01:10.972 176 176 D CameraHal: (ac4474a8) - hardware/ti/dra7xx/camera/CameraHal.cpp:247 setCallbacks - EXIT
01-01 00:01:10.972 176 176 D CameraHal: (ac4474a8) - hardware/ti/dra7xx/camera/CameraHal_Module.cpp:171 camera_set_callbacks - EXIT
01-01 00:01:10.972 176 176 D CameraHal: (ac4474a8) + hardware/ti/dra7xx/camera/CameraHal_Module.cpp:185 camera_enable_msg_type - ENTER
01-01 00:01:10.972 176 176 D CameraHal: (ac4474a8) + hardware/ti/dra7xx/camera/CameraHal.cpp:259 enableMsgType - ENTER
01-01 00:01:10.972 176 176 D CameraHal: (ac4474a8) hardware/ti/dra7xx/camera/CameraHal.cpp:291 enableMsgType - Preview callback not enabled 409
01-01 00:01:10.972 176 176 D CameraHal: (ac4474a8) - hardware/ti/dra7xx/camera/CameraHal.cpp:298 enableMsgType - EXIT
01-01 00:01:10.972 176 176 D CameraHal: (ac4474a8) - hardware/ti/dra7xx/camera/CameraHal_Module.cpp:185 camera_enable_msg_type - EXIT
01-01 00:01:10.973 176 176 D CameraHal: (ac4474a8) + hardware/ti/dra7xx/camera/CameraHal_Module.cpp:485 camera_get_parameters - ENTER
01-01 00:01:10.973 176 176 D CameraHal: (ac4474a8) + hardware/ti/dra7xx/camera/CameraHal.cpp:3616 getParameters - ENTER
01-01 00:01:10.973 176 176 D CameraHal: (ac4474a8) + hardware/ti/dra7xx/camera/V4LCameraAdapter/V4LCameraAdapter.cpp:483 getParameters - ENTER
01-01 00:01:10.973 176 176 D CameraHal: (ac4474a8) - hardware/ti/dra7xx/camera/V4LCameraAdapter/V4LCameraAdapter.cpp:489 getParameters - EXIT
01-01 00:01:10.973 176 176 D CameraHal: (ac4474a8) - hardware/ti/dra7xx/camera/CameraHal.cpp:3668 getParameters - EXIT
01-01 00:01:10.973 176 176 D CameraHal: (ac4474a8) - hardware/ti/dra7xx/camera/CameraHal_Module.cpp:485 camera_get_parameters - EXIT
01-01 00:01:10.973 176 176 D CameraHal: (ac4474a8) + hardware/ti/dra7xx/camera/CameraHal_Module.cpp:502 camera_put_parameters - ENTER
01-01 00:01:10.973 176 176 D CameraHal: (ac4474a8) - hardware/ti/dra7xx/camera/CameraHal_Module.cpp:502 camera_put_parameters - EXIT
01-01 00:01:10.976 176 176 D CameraHal: (ac4474a8) + hardware/ti/dra7xx/camera/CameraHal_Module.cpp:199 camera_disable_msg_type - ENTER
01-01 00:01:10.976 176 176 D CameraHal: (ac4474a8) + hardware/ti/dra7xx/camera/CameraHal.cpp:310 disableMsgType - ENTER
01-01 00:01:10.976 176 176 D CameraHal: (ac4474a8) hardware/ti/dra7xx/camera/CameraHal.cpp:319 disableMsgType - Disabling Preview Callback
01-01 00:01:10.976 176 176 D CameraHal: (ac4474a8) + hardware/ti/dra7xx/camera/CameraHalUtilClasses.cpp:49 disableFrameNotification - ENTER
01-01 00:01:10.976 176 176 D CameraHal: (ac4474a8) + hardware/ti/dra7xx/camera/BaseCameraAdapter.cpp:236 disableMsgType - ENTER
01-01 00:01:10.976 176 176 V CameraHal: (ac4474a8) hardware/ti/dra7xx/camera/BaseCameraAdapter.cpp:243 disableMsgType - Frame message type id=0x1 remove subscription request
01-01 00:01:10.976 176 176 D CameraHal: (ac4474a8) - hardware/ti/dra7xx/camera/BaseCameraAdapter.cpp:299 disableMsgType - EXIT
01-01 00:01:10.976 176 176 D CameraHal: (ac4474a8) - hardware/ti/dra7xx/camera/CameraHalUtilClasses.cpp:56 disableFrameNotification - EXIT
01-01 00:01:10.976 176 176 D CameraHal: (ac4474a8) + hardware/ti/dra7xx/camera/CameraHalUtilClasses.cpp:49 disableFrameNotification - ENTER
01-01 00:01:10.976 176 176 D CameraHal: (ac4474a8) + hardware/ti/dra7xx/camera/BaseCameraAdapter.cpp:236 disableMsgType - ENTER
01-01 00:01:10.976 176 176 V CameraHal: (ac4474a8) hardware/ti/dra7xx/camera/BaseCameraAdapter.cpp:243 disableMsgType - Frame message type id=0x200 remove subscription request
01-01 00:01:10.976 176 176 D CameraHal: (ac4474a8) - hardware/ti/dra7xx/camera/BaseCameraAdapter.cpp:299 disableMsgType - EXIT
01-01 00:01:10.976 176 176 D CameraHal: (ac4474a8) - hardware/ti/dra7xx/camera/CameraHalUtilClasses.cpp:56 disableFrameNotification - EXIT
01-01 00:01:10.976 176 176 D CameraHal: (ac4474a8) + hardware/ti/dra7xx/camera/CameraHalUtilClasses.cpp:49 disableFrameNotification - ENTER
01-01 00:01:10.976 176 176 D CameraHal: (ac4474a8) + hardware/ti/dra7xx/camera/BaseCameraAdapter.cpp:236 disableMsgType - ENTER
01-01 00:01:10.976 176 176 V CameraHal: (ac4474a8) hardware/ti/dra7xx/camera/BaseCameraAdapter.cpp:243 disableMsgType - Frame message type id=0x100 remove subscription request
01-01 00:01:10.976 176 176 D CameraHal: (ac4474a8) - hardware/ti/dra7xx/camera/BaseCameraAdapter.cpp:299 disableMsgType - EXIT
01-01 00:01:10.976 176 176 D CameraHal: (ac4474a8) - hardware/ti/dra7xx/camera/CameraHalUtilClasses.cpp:56 disableFrameNotification - EXIT
01-01 00:01:10.976 176 176 D CameraHal: (ac4474a8) - hardware/ti/dra7xx/camera/CameraHal.cpp:325 disableMsgType - EXIT
01-01 00:01:10.976 176 176 D CameraHal: (ac4474a8) - hardware/ti/dra7xx/camera/CameraHal_Module.cpp:199 camera_disable_msg_type - EXIT
01-01 00:01:10.979 176 176 D CameraHal: (ac4474a8) + hardware/ti/dra7xx/camera/CameraHal_Module.cpp:244 camera_stop_preview - ENTER
01-01 00:01:10.979 176 176 D CameraHal: (ac4474a8) + hardware/ti/dra7xx/camera/CameraHal.cpp:2539 stopPreview - ENTER
01-01 00:01:10.979 176 176 D CameraHal: (ac4474a8) + hardware/ti/dra7xx/camera/CameraHal.cpp:2579 previewEnabled - ENTER
01-01 00:01:10.979 176 176 D CameraHal: (ac4474a8) - hardware/ti/dra7xx/camera/CameraHal.cpp:2579 previewEnabled - EXIT
01-01 00:01:10.979 176 176 D CameraHal: (ac4474a8) - hardware/ti/dra7xx/camera/CameraHal.cpp:2543 stopPreview - EXIT
01-01 00:01:10.979 176 176 D CameraHal: (ac4474a8) - hardware/ti/dra7xx/camera/CameraHal_Module.cpp:244 camera_stop_preview - EXIT
01-01 00:01:10.981 176 176 D CameraHal: (ac4474a8) + hardware/ti/dra7xx/camera/CameraHal_Module.cpp:419 camera_cancel_picture - ENTER
01-01 00:01:10.981 176 176 D CameraHal: (ac4474a8) + hardware/ti/dra7xx/camera/CameraHal.cpp:3596 cancelPicture - ENTER
01-01 00:01:10.981 176 176 D CameraHal: (ac4474a8) + hardware/ti/dra7xx/camera/CameraHal.cpp:1658 signalEndImageCapture - ENTER
01-01 00:01:10.981 176 176 D CameraHal: (ac4474a8) + hardware/ti/dra7xx/camera/BaseCameraAdapter.cpp:410 sendCommand - ENTER
01-01 00:01:10.981 176 176 D CameraHal: (ac4474a8) + hardware/ti/dra7xx/camera/BaseCameraAdapter.cpp:1903 setState - ENTER
01-01 00:01:10.981 176 176 D CameraHal: (ac4474a8) - hardware/ti/dra7xx/camera/BaseCameraAdapter.cpp:2485 setState - EXIT
01-01 00:01:10.981 176 176 D CameraHal: (ac4474a8) + hardware/ti/dra7xx/camera/BaseCameraAdapter.cpp:2595 rollbackState - ENTER
01-01 00:01:10.981 176 176 D CameraHal: (ac4474a8) - hardware/ti/dra7xx/camera/BaseCameraAdapter.cpp:2601 rollbackState - EXIT
01-01 00:01:10.981 176 176 D CameraHal: (ac4474a8) - hardware/ti/dra7xx/camera/BaseCameraAdapter.cpp:1124 sendCommand - EXIT
01-01 00:01:10.981 176 176 D CameraHal: (ac4474a8) - hardware/ti/dra7xx/camera/CameraHal.cpp:1674 signalEndImageCapture - EXIT
01-01 00:01:10.982 176 176 D CameraHal: (ac4474a8) - hardware/ti/dra7xx/camera/CameraHal.cpp:3596 cancelPicture - EXIT
01-01 00:01:10.982 176 176 D CameraHal: (ac4474a8) - hardware/ti/dra7xx/camera/CameraHal_Module.cpp:419 camera_cancel_picture - EXIT
01-01 00:01:10.982 176 176 I CamDev@1.0-impl: Closing camera 0
01-01 00:01:10.982 176 176 D CameraHal: (ac4474a8) + hardware/ti/dra7xx/camera/CameraHal_Module.cpp:580 camera_device_close - ENTER
01-01 00:01:10.982 176 176 D CameraHal: (ac4474a8) + hardware/ti/dra7xx/camera/CameraHal.cpp:4058 ~CameraHal - ENTER
01-01 00:01:10.982 176 176 D CameraHal: (ac4474a8) + hardware/ti/dra7xx/camera/CameraHal.cpp:4677 deinitialize - ENTER
01-01 00:01:10.982 176 176 D CameraHal: (ac4474a8) - hardware/ti/dra7xx/camera/CameraHal.cpp:4690 deinitialize - EXIT
01-01 00:01:10.982 176 176 D CameraHal: (ac4474a8) + hardware/ti/dra7xx/camera/AppCallbackNotifier.cpp:1172 ~AppCallbackNotifier - ENTER
01-01 00:01:10.982 176 176 D CameraHal: (ac4474a8) + hardware/ti/dra7xx/camera/AppCallbackNotifier.cpp:1666 stop - ENTER
01-01 00:01:10.982 176 176 D CameraHal: (ac4474a8) hardware/ti/dra7xx/camera/AppCallbackNotifier.cpp:1678 stop - --> AppCallbackNotifier NOTIFIER_STOPPED
01-01 00:01:10.982 176 176 D CameraHal: (ac4474a8) - hardware/ti/dra7xx/camera/AppCallbackNotifier.cpp:1681 stop - EXIT
01-01 00:01:10.982 176 176 D CameraHal: (ac4474a8) + hardware/ti/dra7xx/camera/CameraHalUtilClasses.cpp:49 disableFrameNotification - ENTER
01-01 00:01:10.982 176 176 D CameraHal: (ac4474a8) + hardware/ti/dra7xx/camera/BaseCameraAdapter.cpp:236 disableMsgType - ENTER
01-01 00:01:10.982 176 176 V CameraHal: (ac4474a8) hardware/ti/dra7xx/camera/BaseCameraAdapter.cpp:243 disableMsgType - Frame message type id=0xffff remove subscription request
01-01 00:01:10.982 176 176 D CameraHal: (ac4474a8) - hardware/ti/dra7xx/camera/BaseCameraAdapter.cpp:299 disableMsgType - EXIT
01-01 00:01:10.982 176 176 D CameraHal: (ac4474a8) - hardware/ti/dra7xx/camera/CameraHalUtilClasses.cpp:56 disableFrameNotification - EXIT
01-01 00:01:10.982 176 176 D CameraHal: (ac4474a8) + hardware/ti/dra7xx/camera/CameraHalUtilClasses.cpp:103 disableEventNotification - ENTER
01-01 00:01:10.982 176 176 D CameraHal: (ac4474a8) + hardware/ti/dra7xx/camera/BaseCameraAdapter.cpp:236 disableMsgType - ENTER
01-01 00:01:10.982 176 176 V CameraHal: (ac4474a8) hardware/ti/dra7xx/camera/BaseCameraAdapter.cpp:284 disableMsgType - Event message type id=0xffff remove subscription request
01-01 00:01:10.982 176 176 D CameraHal: (ac4474a8) - hardware/ti/dra7xx/camera/BaseCameraAdapter.cpp:299 disableMsgType - EXIT
01-01 00:01:10.982 176 176 D CameraHal: (ac4474a8) - hardware/ti/dra7xx/camera/CameraHalUtilClasses.cpp:110 disableEventNotification - EXIT
01-01 00:01:10.982 176 809 D CameraHal: (aa905970) hardware/ti/dra7xx/camera/AppCallbackNotifier.cpp:152 notificationThread - Notification Thread received message
01-01 00:01:10.982 176 809 D CameraHal: (aa905970) hardware/ti/dra7xx/camera/AppCallbackNotifier.cpp:156 notificationThread - Notification Thread received message from Camera HAL
01-01 00:01:10.982 176 809 D CameraHal: (aa905970) + hardware/ti/dra7xx/camera/AppCallbackNotifier.cpp:1140 processMessage - ENTER
01-01 00:01:10.982 176 809 D CameraHal: (aa905970) hardware/ti/dra7xx/camera/AppCallbackNotifier.cpp:1142 processMessage - +Msg get...
01-01 00:01:10.982 176 809 D CameraHal: (aa905970) hardware/ti/dra7xx/camera/AppCallbackNotifier.cpp:1144 processMessage - -Msg get...
01-01 00:01:10.982 176 809 D CameraHal: (aa905970) hardware/ti/dra7xx/camera/AppCallbackNotifier.cpp:1151 processMessage - Received NOTIFIER_EXIT command from Camera HAL
01-01 00:01:10.982 176 809 D CameraHal: (aa905970) - hardware/ti/dra7xx/camera/AppCallbackNotifier.cpp:1163 processMessage - EXIT
01-01 00:01:10.983 176 809 D CameraHal: (aa905970) hardware/ti/dra7xx/camera/AppCallbackNotifier.cpp:159 notificationThread - Notification Thread exiting.
01-01 00:01:10.983 176 176 D CameraHal: (ac4474a8) hardware/ti/dra7xx/camera/AppCallbackNotifier.cpp:1207 ~AppCallbackNotifier - Stopping Event Provider
01-01 00:01:10.983 176 176 D CameraHal: (ac4474a8) hardware/ti/dra7xx/camera/AppCallbackNotifier.cpp:1215 ~AppCallbackNotifier - Stopping Frame Provider
01-01 00:01:10.983 176 176 D CameraHal: (ac4474a8) + hardware/ti/dra7xx/camera/AppCallbackNotifier.cpp:1228 releaseSharedVideoBuffers - ENTER
01-01 00:01:10.983 592 592 I ImsResolver: Initializing cache and binding.
01-01 00:01:10.983 176 176 D CameraHal: (ac4474a8) - hardware/ti/dra7xx/camera/AppCallbackNotifier.cpp:1251 releaseSharedVideoBuffers - EXIT
01-01 00:01:10.983 176 176 D CameraHal: (ac4474a8) - hardware/ti/dra7xx/camera/AppCallbackNotifier.cpp:1222 ~AppCallbackNotifier - EXIT
01-01 00:01:10.983 176 176 D CameraHal: (ac4474a8) + hardware/ti/dra7xx/camera/V4LCameraAdapter/V4LCameraAdapter.cpp:917 ~V4LCameraAdapter - ENTER
01-01 00:01:10.983 176 176 D CameraHal: (ac4474a8) - hardware/ti/dra7xx/camera/V4LCameraAdapter/V4LCameraAdapter.cpp:937 ~V4LCameraAdapter - EXIT
01-01 00:01:10.983 176 176 D CameraHal: (ac4474a8) + hardware/ti/dra7xx/camera/BaseCameraAdapter.cpp:104 ~BaseCameraAdapter - ENTER
01-01 00:01:10.983 176 176 D CameraHal: (ac4474a8) - hardware/ti/dra7xx/camera/BaseCameraAdapter.cpp:119 ~BaseCameraAdapter - EXIT
01-01 00:01:10.983 176 176 D CameraHal: (ac4474a8) + hardware/ti/dra7xx/camera/CameraHal.cpp:1683 freeImageBufs - ENTER
01-01 00:01:10.983 176 176 D CameraHal: (ac4474a8) - hardware/ti/dra7xx/camera/CameraHal.cpp:1683 freeImageBufs - EXIT
01-01 00:01:10.983 176 176 D CameraHal: (ac4474a8) + hardware/ti/dra7xx/camera/CameraHal.cpp:1729 freeRawBufs - ENTER
01-01 00:01:10.983 176 176 D CameraHal: (ac4474a8) - hardware/ti/dra7xx/camera/CameraHal.cpp:1741 freeRawBufs - EXIT
01-01 00:01:10.983 176 176 D CameraHal: (ac4474a8) - hardware/ti/dra7xx/camera/CameraHal.cpp:4090 ~CameraHal - EXIT
01-01 00:01:10.983 176 176 D CameraHal: (ac4474a8) - hardware/ti/dra7xx/camera/CameraHal_Module.cpp:580 camera_device_close - EXIT
01-01 00:01:10.985 224 320 I CameraService: disconnect: Disconnected client for camera 0 for PID 224
01-01 00:01:10.985 233 306 D NuPlayerDriver: reset(0xb2230000) at state 4
01-01 00:01:10.985 233 306 D NuPlayerDriver: notifyListener_l(0xb2230000), (8, 0, 0, -1), loop setting(0, 0)
01-01 00:01:10.986 233 801 D NuPlayerDriver: notifyResetComplete(0xb2230000)
01-01 00:01:10.987 233 681 D NuPlayerDriver: reset(0xb22302a0) at state 4
01-01 00:01:10.987 233 681 D NuPlayerDriver: notifyListener_l(0xb22302a0), (8, 0, 0, -1), loop setting(0, 0)
01-01 00:01:10.987 233 804 D NuPlayerDriver: notifyResetComplete(0xb22302a0)
01-01 00:01:10.989 233 306 D NuPlayerDriver: reset(0xb2230540) at state 4
01-01 00:01:10.989 233 306 D NuPlayerDriver: notifyListener_l(0xb2230540), (8, 0, 0, -1), loop setting(0, 0)
01-01 00:01:10.989 233 807 D NuPlayerDriver: notifyResetComplete(0xb2230540)
01-01 00:01:10.991 176 176 D CameraHal: (ac4474a8) + hardware/ti/dra7xx/camera/CameraProperties.cpp:67 initialize - ENTER
01-01 00:01:10.991 176 176 D CameraHal: (ac4474a8) - hardware/ti/dra7xx/camera/CameraProperties.cpp:67 initialize - EXIT
01-01 00:01:10.991 176 176 D CameraHal: (ac4474a8) + hardware/ti/dra7xx/camera/CameraParameters.cpp:152 getProperties - ENTER
01-01 00:01:10.991 176 176 D CameraHal: (ac4474a8) - hardware/ti/dra7xx/camera/CameraParameters.cpp:163 getProperties - EXIT
01-01 00:01:10.996 495 495 E Camera : str: 30000,30000
01-01 00:01:10.998 495 495 W LegacyMetadataMapper: No AWB modes supported (HAL bug); defaulting to AWB_MODE_AUTO only
01-01 00:01:11.094 328 340 W WallpaperManagerService: no current wallpaper -- first boot?
01-01 00:01:11.159 495 495 E BluetoothAdapter: Bluetooth binder is null
01-01 00:01:11.185 495 785 D OpenGLRenderer: profile bars disabled
01-01 00:01:11.186 495 785 D OpenGLRenderer: ambientRatio = 1.50
01-01 00:01:11.189 592 592 D PhoneSwitcherNetworkRequstListener: Registering NetworkFactory
01-01 00:01:11.190 328 451 D ConnectivityService: Got NetworkFactory Messenger for PhoneSwitcherNetworkRequstListener
01-01 00:01:11.195 495 495 D StatusBar: disable
01-01 00:01:11.209 328 451 D ConnectivityService: Got NetworkFactory Messenger for TelephonyNetworkFactory[0]
01-01 00:01:11.239 592 821 E ActivityThread: Failed to find provider info for com.android.contacts
01-01 00:01:11.239 592 821 W CallerInfoCache: cursor is null
01-01 00:01:11.248 592 592 D CarrierConfigLoader: CarrierConfigLoader has started
01-01 00:01:11.249 592 592 E BluetoothAdapter: Bluetooth binder is null
01-01 00:01:11.257 495 495 D StatusBar: heads up is enabled
01-01 00:01:11.261 495 495 D StatusBar: user hasn't seen notification about hidden notifications
01-01 00:01:11.262 495 495 D StatusBar: insecure lockscreen, skipping notification
01-01 00:01:11.273 592 592 I TelecomFramework: TtyManager: updateUiTtyMode -1 -> 0
01-01 00:01:11.283 592 592 D ImsResolver: maybeAddedImsService, packageName: null
01-01 00:01:11.288 495 495 D StorageNotification: Notifying about private volume: VolumeInfo{private}:
01-01 00:01:11.288 495 495 D StorageNotification: type=PRIVATE diskId=null partGuid=null mountFlags=0 mountUserId=-1
01-01 00:01:11.288 495 495 D StorageNotification: state=MOUNTED
01-01 00:01:11.288 495 495 D StorageNotification: fsType=null fsUuid=null fsLabel=null
01-01 00:01:11.288 495 495 D StorageNotification: path=/data internalPath=null
01-01 00:01:11.289 592 592 I VvmSimStateTracker: android.intent.action.SIM_STATE_CHANGED
01-01 00:01:11.297 495 794 E ActivityThread: Failed to find provider info for com.android.contacts
01-01 00:01:11.303 592 592 D ServiceStateProvider: subId=-2
01-01 00:01:11.310 328 579 E PowerManagerService: Failed to read last_reboot_reason file
01-01 00:01:11.310 328 579 E PowerManagerService: java.io.FileNotFoundException: /data/misc/reboot/last_reboot_reason (No such file or directory)
01-01 00:01:11.310 328 579 E PowerManagerService: at java.io.FileInputStream.open0(Native Method)
01-01 00:01:11.310 328 579 E PowerManagerService: at java.io.FileInputStream.open(FileInputStream.java:200)
01-01 00:01:11.310 328 579 E PowerManagerService: at java.io.FileInputStream.(FileInputStream.java:150)
01-01 00:01:11.310 328 579 E PowerManagerService: at java.io.FileReader.(FileReader.java:72)
01-01 00:01:11.310 328 579 E PowerManagerService: at com.android.server.power.PowerManagerService.getLastShutdownReasonInternal(PowerManagerService.java:4612)
01-01 00:01:11.310 328 579 E PowerManagerService: at com.android.server.power.PowerManagerService$BinderService.getLastShutdownReason(PowerManagerService.java:4376)
01-01 00:01:11.310 328 579 E PowerManagerService: at android.os.IPowerManager$Stub.onTransact(IPowerManager.java:302)
01-01 00:01:11.310 328 579 E PowerManagerService: at android.os.Binder.execTransact(Binder.java:674)
01-01 00:01:11.332 592 592 D PhoneSwitcherNetworkRequstListener: got request NetworkRequest [ TRACK_DEFAULT id=3, [ Capabilities: INTERNET&NOT_RESTRICTED&TRUSTED&NOT_VPN] ] with score 0
01-01 00:01:11.332 592 592 D PhoneSwitcherNetworkRequstListener: got request NetworkRequest [ REQUEST id=1, [ Capabilities: INTERNET&NOT_RESTRICTED&TRUSTED&NOT_VPN] ] with score 0
01-01 00:01:11.332 592 592 D PhoneSwitcherNetworkRequstListener: got request NetworkRequest [ BACKGROUND_REQUEST id=2, [ Transports: CELLULAR Capabilities: INTERNET&NOT_RESTRICTED&TRUSTED&NOT_VPN] ] with score 0
01-01 00:01:11.334 592 592 D TelephonyDebugService: TelephonyDebugService()
01-01 00:01:11.336 592 592 D CarrierConfigLoader: mHandler: 12 phoneId: 0
01-01 00:01:11.337 592 592 D CarrierConfigLoader: Build fingerprint changed. old: null new: TI/full_jacinto6evm/jacinto6evm:8.0.0/OPR6.170623.013/rtrk12022048:userdebug/test-keys
01-01 00:01:11.355 592 592 E PhoneInterfaceManager: [PhoneIntfMgr] getIccId: No UICC
01-01 00:01:11.363 328 579 W Telecom : : registerPhoneAccount not allowed on non-voice capable device.: TSI.rPA@AAg
01-01 00:01:11.370 592 592 I TelecomFramework: AccountEntry: Registered phoneAccount: [[ ] PhoneAccount: ComponentInfo{com.android.phone/com.android.services.telephony.TelephonyConnectionService}, [e0184adedf913b076626646d3f52c3b49c39ad6d], UserHandle{0} Capabilities: CallProvider MultiUser PlaceEmerg SimSub Audio Routes: BESW Schemes: tel voicemail Extras: null GroupId: [da39a3ee5e6b4b0d3255bfef95601890afd80709]] with handle: ComponentInfo{com.android.phone/com.android.services.telephony.TelephonyConnectionService}, [e0184adedf913b076626646d3f52c3b49c39ad6d], UserHandle{0}
01-01 00:01:11.371 592 592 I TelecomFramework: PstnIncomingCallNotifier: Registering: Handler (com.android.internal.telephony.GsmCdmaPhone) {9f7812b}
01-01 00:01:11.383 592 592 I TelecomFramework: PstnPhoneCapabilitiesNotifier: handleVideoCapabilitesChanged. Video capability - false
01-01 00:01:11.388 328 340 W Telecom : : registerPhoneAccount not allowed on non-voice capable device.: TSI.rPA@AAs
01-01 00:01:11.384 592 592 E PhoneInterfaceManager: [PhoneIntfMgr] getIccId: No UICC
01-01 00:01:11.397 495 495 I Choreographer: Skipped 56 frames! The application may be doing too much work on its main thread.
01-01 00:01:11.420 495 785 I vndksupport: sphal namespace is not configured for this process. Loading /vendor/lib/hw/gralloc.jacinto6.so from the current namespace instead.
01-01 00:01:11.430 495 785 E IMGSRV : :0: PVRSRVOpenDCDevice: Error - 138 returned
01-01 00:01:11.432 495 495 D ViewRootImpl[StatusBar]: changeCanvasOpacity: opaque=true
01-01 00:01:11.436 495 785 I vndksupport: sphal namespace is not configured for this process. Loading /vendor/lib/hw/gralloc.jacinto6.so from the current namespace instead.
01-01 00:01:11.437 495 785 I OpenGLRenderer: Initialized EGL, version 1.4
01-01 00:01:11.437 495 785 D OpenGLRenderer: Swap behavior 1
01-01 00:01:11.438 495 785 W OpenGLRenderer: Failed to choose config with EGL_SWAP_BEHAVIOR_PRESERVED, retrying without...
01-01 00:01:11.439 495 785 D OpenGLRenderer: Swap behavior 0
01-01 00:01:11.577 495 793 E ActivityThread: Failed to find provider info for com.android.contacts
01-01 00:01:11.597 328 351 I zygote : Explicit concurrent copying GC freed 15771(1246KB) AllocSpace objects, 5(180KB) LOS objects, 42% free, 3MB/6MB, paused 284us total 95.124ms
01-01 00:01:11.662 328 443 D WifiService: New client listening to asynchronous messages
01-01 00:01:11.969 495 506 I zygote : Do partial code cache collection, code=31KB, data=26KB
01-01 00:01:11.971 495 506 I zygote : After code cache collection, code=31KB, data=26KB
01-01 00:01:11.971 495 506 I zygote : Increasing code cache capacity to 128KB
01-01 00:01:11.992 328 399 I InputReader: Reconfiguring input devices. changes=0x00000004
01-01 00:01:12.023 328 351 I WindowManager: ******* TELLING SURFACE FLINGER WE ARE BOOTED!
01-01 00:01:12.018 328 399 I InputReader: Reconfiguring input devices. changes=0x00000004
01-01 00:01:12.023 184 203 I SurfaceFlinger: Boot is finished (63638 ms)
01-01 00:01:12.025 328 340 I ActivityManager: user 0 is still locked. Cannot load recents
01-01 00:01:12.028 495 495 I Choreographer: Skipped 36 frames! The application may be doing too much work on its main thread.
01-01 00:01:12.045 495 785 I vndksupport: sphal namespace is not configured for this process. Loading /vendor/lib/hw/gralloc.jacinto6.so from the current namespace instead.
01-01 00:01:12.182 228 390 E installd: Failed to unlink /data//dalvik-cache/arm/.booting: No such file or directory
01-01 00:01:12.182 328 351 W ActivityManager: Unable to mark boot complete for abi: armeabi-v7a (android.os.ServiceSpecificException: Failed to unlink /data//dalvik-cache/arm/.booting (code 2))
01-01 00:01:12.183 328 351 I SystemServiceManager: Starting phase 1000
01-01 00:01:12.191 328 349 I UsbDeviceManager: Setting USB config to adb
01-01 00:01:12.221 495 495 W KeyguardUpdateMonitor: invalid subId in handleSimStateChange()
