01-01 00:01:12.229 175 175 I android.hardwar: type=1400 audit(0.0:83): avc: denied { accept } for lport=33452 scontext=u:r:hal_vehicle_default:s0 tcontext=u:r:hal_vehicle_default:s0 tclass=tcp_socket permissive=1
01-01 00:01:12.237 475 483 I zygote : Debugger is no longer active
01-01 00:01:12.237 495 515 I zygote : Debugger is no longer active
01-01 00:01:12.238 689 707 I zygote : Debugger is no longer active
01-01 00:01:12.239 328 334 I zygote : Debugger is no longer active
01-01 00:01:12.240 578 597 I zygote : Debugger is no longer active
01-01 00:01:12.241 592 615 I zygote : Debugger is no longer active
01-01 00:01:12.241 606 625 I zygote : Debugger is no longer active
01-01 00:01:12.251 495 495 W KeyguardUpdateMonitor: invalid subId in handleServiceStateChange()
01-01 00:01:12.293 328 351 W ActivityManager: Slow operation: 78ms so far, now at startProcess: returned from zygote!
01-01 00:01:12.293 328 351 W ActivityManager: Slow operation: 78ms so far, now at startProcess: done updating battery stats
01-01 00:01:12.293 328 351 W ActivityManager: Slow operation: 78ms so far, now at startProcess: building log message
01-01 00:01:12.293 328 351 I ActivityManager: Start proc 847:android.ext.services/u0a13 for on-hold
01-01 00:01:12.293 328 351 W ActivityManager: Slow operation: 78ms so far, now at startProcess: starting to update pids map
01-01 00:01:12.293 328 351 W ActivityManager: Slow operation: 78ms so far, now at startProcess: done updating pids map
01-01 00:01:12.401 689 707 E zygote : Weird, can't send JDWP process pid to ADB: Connection reset by peer
01-01 00:01:12.408 328 351 D ActivityManager: Finishing user boot 0
01-01 00:01:12.408 328 351 I ActivityManager: User 0 state changed from BOOTING to RUNNING_LOCKED
01-01 00:01:12.410 328 351 I ActivityManager: User 0 state changed from RUNNING_LOCKED to RUNNING_UNLOCKING
01-01 00:01:12.410 328 351 D CryptdConnector: SND -> {3 cryptfs prepare_user_storage ! 0 0 2}
01-01 00:01:12.411 163 168 D vold : e4crypt_prepare_user_storage for volume null, user 0, serial 0, flags 2
01-01 00:01:12.411 163 168 D vold : Preparing: /data/system_ce/0
01-01 00:01:12.411 163 168 D vold : Preparing: /data/misc_ce/0
01-01 00:01:12.412 163 168 D vold : Preparing: /data/media/0
01-01 00:01:12.412 163 168 D vold : Preparing: /data/data
01-01 00:01:12.412 328 402 D CryptdConnector: RCV <- {200 3 Command succeeded}
01-01 00:01:12.426 328 351 V UserDataPreparer: Found /data/user/0 with serial number 0
01-01 00:01:12.427 328 351 V UserDataPreparer: Found /data/system_ce/0 with serial number -1
01-01 00:01:12.427 328 351 D UserDataPreparer: Serial number missing on /data/system_ce/0; assuming current is valid
01-01 00:01:12.431 495 793 I zygote : Starting a blocking GC NativeAlloc
01-01 00:01:12.435 328 351 V PackageManager: reconcileAppsData for null u0 0x2 migrateAppData=true
01-01 00:01:12.584 495 793 I zygote : NativeAlloc concurrent copying GC freed 31259(4MB) AllocSpace objects, 152(2MB) LOS objects, 49% free, 3MB/6MB, paused 260us total 145.875ms
01-01 00:01:12.667 861 861 I bootstat: Service started: /system/bin/bootstat --record_boot_complete
01-01 00:01:12.668 861 861 E bootstat: Failed to read /data/misc/bootstat/last_boot_time_utc: No such file or directory
01-01 00:01:12.668 861 861 E bootstat: Failed to parse boot time record: /data/misc/bootstat/last_boot_time_utc
01-01 00:01:12.668 861 861 E bootstat: Failed to read /data/misc/bootstat/build_date: No such file or directory
01-01 00:01:12.668 861 861 E bootstat: Failed to parse boot time record: /data/misc/bootstat/build_date
01-01 00:01:12.668 861 861 E bootstat: Failed to read /data/misc/bootstat/post_decrypt_time_elapsed: No such file or directory
01-01 00:01:12.668 861 861 E bootstat: Failed to parse boot time record: /data/misc/bootstat/post_decrypt_time_elapsed
01-01 00:01:12.788 864 864 I bootstat: Service started: /system/bin/bootstat --record_boot_reason
01-01 00:01:12.788 864 864 I bootstat: Unknown boot reason:
01-01 00:01:12.889 865 865 I bootstat: Service started: /system/bin/bootstat --record_time_since_factory_reset
01-01 00:01:12.891 865 865 E bootstat: Failed to read /data/misc/bootstat/factory_reset: No such file or directory
01-01 00:01:12.891 865 865 E bootstat: Failed to parse boot time record: /data/misc/bootstat/factory_reset
01-01 00:01:12.963 866 866 I bootstat: Service started: /system/bin/bootstat -l
01-01 00:01:13.024 328 351 V PackageManager: reconcileAppsData finished 89 packages
01-01 00:01:13.025 328 328 W zygote : Long monitor contention with owner android.display (351) at void com.android.server.am.ActivityManagerService.finishBooting()(ActivityManagerService.java:7157) waiters=0 in boolean com.android.server.am.ActivityManagerService.isUserRunning(int, int) for 808ms
01-01 00:01:13.026 328 579 W zygote : Long monitor contention with owner android.display (351) at void com.android.server.am.ActivityManagerService.finishBooting()(ActivityManagerService.java:7157) waiters=1 in void com.android.server.am.ActivityManagerService.attachApplication(android.app.IApplicationThread) for 638ms
01-01 00:01:13.027 328 343 W zygote : Long monitor contention with owner android.display (351) at void com.android.server.am.ActivityManagerService.finishBooting()(ActivityManagerService.java:7157) waiters=2 in void com.android.server.am.BroadcastQueue.processNextBroadcast(boolean) for 617ms
01-01 00:01:13.030 328 343 I SystemServiceManager: Calling onUnlockUser u0
01-01 00:01:13.030 328 343 D StorageManagerService: onUnlockUser 0
01-01 00:01:13.031 328 343 D VoldConnector: SND -> {33 volume user_started 0}
01-01 00:01:13.033 328 444 D WifiConfigManager: New store files not found. No saved networks loaded!
01-01 00:01:13.034 328 444 D WIFI : Registering NetworkFactory
01-01 00:01:13.034 328 444 D WIFI_UT : Registering NetworkFactory
01-01 00:01:13.034 328 451 D ConnectivityService: Got NetworkFactory Messenger for WIFI
01-01 00:01:13.034 328 451 D ConnectivityService: Got NetworkFactory Messenger for WIFI_UT
01-01 00:01:13.040 163 167 D vold : Linking /storage/emulated/0 to /mnt/user/0/primary
01-01 00:01:13.040 328 401 D VoldConnector: RCV <- {200 33 Command succeeded}
01-01 00:01:13.042 328 400 D StorageManagerService: Volume emulated broadcasting mounted to UserHandle{0}
01-01 00:01:13.042 328 343 W TextServicesManagerService: no available spell checker services found
01-01 00:01:13.046 328 444 D WIFI : got request NetworkRequest [ TRACK_DEFAULT id=3, [ Capabilities: INTERNET&NOT_RESTRICTED&TRUSTED&NOT_VPN] ] with score 0
01-01 00:01:13.046 328 444 D WIFI : got request NetworkRequest [ REQUEST id=1, [ Capabilities: INTERNET&NOT_RESTRICTED&TRUSTED&NOT_VPN] ] with score 0
01-01 00:01:13.046 328 444 D WIFI : got request NetworkRequest [ BACKGROUND_REQUEST id=2, [ Transports: CELLULAR Capabilities: INTERNET&NOT_RESTRICTED&TRUSTED&NOT_VPN] ] with score 0
01-01 00:01:13.046 328 444 D WIFI_UT : got request NetworkRequest [ TRACK_DEFAULT id=3, [ Capabilities: INTERNET&NOT_RESTRICTED&TRUSTED&NOT_VPN] ] with score 0
01-01 00:01:13.046 328 444 D WIFI_UT : got request NetworkRequest [ REQUEST id=1, [ Capabilities: INTERNET&NOT_RESTRICTED&TRUSTED&NOT_VPN] ] with score 0
01-01 00:01:13.046 328 444 D WIFI_UT : got request NetworkRequest [ BACKGROUND_REQUEST id=2, [ Transports: CELLULAR Capabilities: INTERNET&NOT_RESTRICTED&TRUSTED&NOT_VPN] ] with score 0
01-01 00:01:13.047 328 444 D WifiConfigStore: Reading from user store completed in 0 ms.
01-01 00:01:13.088 328 328 W ActivityManager: Slow operation: 57ms so far, now at startProcess: returned from zygote!
01-01 00:01:13.088 328 328 W ActivityManager: Slow operation: 57ms so far, now at startProcess: done updating battery stats
01-01 00:01:13.088 328 328 W ActivityManager: Slow operation: 57ms so far, now at startProcess: building log message
01-01 00:01:13.088 328 328 I ActivityManager: Start proc 869:com.android.deskclock/u0a48 for broadcast com.android.deskclock/.AlarmInitReceiver
01-01 00:01:13.088 328 328 W ActivityManager: Slow operation: 57ms so far, now at startProcess: starting to update pids map
01-01 00:01:13.088 328 328 W ActivityManager: Slow operation: 57ms so far, now at startProcess: done updating pids map
01-01 00:01:13.088 328 328 W ActivityManager: Slow operation: 57ms so far, now at startProcess: done starting proc!
01-01 00:01:13.118 328 343 I SELinux : SELinux: Loaded file_contexts
01-01 00:01:13.123 328 444 D WifiConfigStore: Writing to stores completed in 75 ms.
01-01 00:01:13.128 328 343 V BackupManagerService: No ancestral data
01-01 00:01:13.192 328 344 I ActivityManager: Config changes=20 {1.0 ?mcc?mnc [en_US] ldltr sw533dp w805dp h509dp 240dpi lrg land car finger -keyb/v/h -nav/h appBounds=Rect(0, 0 - 1208, 800) s.6}
01-01 00:01:13.198 328 343 V BackupManagerService: Starting with transport android/com.android.internal.backup.LocalTransport
01-01 00:01:13.200 328 343 D BackupTransportManager: Binding to transport: android/com.android.internal.backup.LocalTransportService
01-01 00:01:13.228 328 344 I ActivityManager: Override config changes=20 {1.0 ?mcc?mnc [en_US] ldltr sw533dp w805dp h509dp 240dpi lrg land car finger -keyb/v/h -nav/h appBounds=Rect(0, 0 - 1208, 800) s.6} for displayId=0
01-01 00:01:13.288 328 343 I BackupManagerService: Backup enable apparently not migrated
01-01 00:01:13.288 328 343 I BackupManagerService: Migrating enable state false
01-01 00:01:13.292 328 344 W Looper : Dispatch took 102ms on android.ui, h=Handler (com.android.server.policy.PhoneWindowManager$PolicyHandler) {7922828} cb=android.database.ContentObserver$NotificationRunnable@8677941 msg=0
01-01 00:01:13.349 689 689 D FallbackHome: User unlocked and real home found; let's go!
01-01 00:01:13.357 328 579 I ActivityManager: START u0 {act=android.intent.action.MAIN cat=[android.intent.category.HOME] flg=0x10000100 cmp=com.android.provision/.DefaultActivity} from uid 0
01-01 00:01:13.380 328 579 I ActivityManager: Start proc 897:com.android.provision/u0a22 for activity com.android.provision/.DefaultActivity
01-01 00:01:13.496 495 506 I zygote : Do partial code cache collection, code=56KB, data=52KB
01-01 00:01:13.497 495 506 I zygote : After code cache collection, code=56KB, data=52KB
01-01 00:01:13.497 495 506 I zygote : Increasing code cache capacity to 256KB
01-01 00:01:13.556 328 349 E UsbDeviceManager: waitForState(adb) FAILED: got none
01-01 00:01:13.556 328 349 E UsbDeviceManager: Failed to switch USB config to adb
01-01 00:01:13.556 328 349 E UsbDeviceManager: Failsafe 1: Restoring previous USB functions.
01-01 00:01:13.556 328 349 I UsbDeviceManager: Setting USB config to mtp,adb
01-01 00:01:13.648 328 868 V KeyValueBackupJob: Scheduling k/v pass in 248 minutes
01-01 00:01:13.654 328 343 I BackupManagerService: Backup enabled => false
01-01 00:01:13.722 328 733 D PackageManager: Ephemeral installer not found with new action; try old one
01-01 00:01:13.722 328 733 D PackageManager: Clear ephemeral installer activity
01-01 00:01:13.724 328 733 I WindowManager: Screen frozen for +483ms due to AppWindowToken{530a4be token=Token{1310f79 ActivityRecord{a77d440 u0 com.android.provision/.DefaultActivity t3}}}
01-01 00:01:13.770 328 733 I ActivityManager: START u0 {act=android.intent.action.MAIN cat=[android.intent.category.HOME] flg=0x10000100 cmp=com.android.launcher3/.Launcher} from uid 0
01-01 00:01:13.779 328 376 W System : ClassLoader referenced unknown path:
01-01 00:01:13.794 328 733 I ActivityManager: Start proc 926:com.android.launcher3/u0a17 for activity com.android.launcher3/.Launcher
01-01 00:01:13.811 328 328 D BackupTransportManager: Bound to transport: android/com.android.internal.backup.LocalTransportService
01-01 00:01:13.838 328 376 I vndksupport: sphal namespace is not configured for this process. Loading /vendor/lib/hw/gralloc.jacinto6.so from the current namespace instead.
01-01 00:01:13.969 175 175 I android.hardwar: type=1400 audit(0.0:84): avc: denied { accept } for lport=33452 scontext=u:r:hal_vehicle_default:s0 tcontext=u:r:hal_vehicle_default:s0 tclass=tcp_socket permissive=1
01-01 00:01:13.988 869 869 I AlarmClock: AlarmInitReceiver android.intent.action.LOCKED_BOOT_COMPLETED
01-01 00:01:14.013 869 951 I AlarmClock: Fixing alarm instances
01-01 00:01:14.023 926 926 D LauncherProvider: Launcher process started
01-01 00:01:14.057 328 343 W SystemServiceManager: Service com.android.server.backup.BackupManagerService$Lifecycle took 1014 ms in onUnlockUser
01-01 00:01:14.062 328 868 V KeyValueBackupJob: Scheduling k/v pass in 242 minutes
01-01 00:01:14.086 328 343 W AppWidgetServiceImpl: Failed to read state: java.io.FileNotFoundException: /data/system/users/0/appwidgets.xml (No such file or directory)
01-01 00:01:14.086 328 343 V AppWidgetServiceImpl: Upgrading widget database from 0 to 1
01-01 00:01:14.087 328 343 W VoiceInteractionManagerService: no available voice interaction services found for user 0
01-01 00:01:14.087 328 343 W VoiceInteractionManagerService: no available voice recognition services found for user 0
01-01 00:01:14.089 328 343 I ActivityManager: Loading recents for user 0 into memory.
01-01 00:01:14.109 328 955 W ResourceType: No known package when getting value for resource number 0x7f080128
01-01 00:01:14.109 328 955 W ResourceType: No known package when getting value for resource number 0x7f120d8d
01-01 00:01:14.109 328 955 W ResourceType: No known package when getting value for resource number 0x7f080127
01-01 00:01:14.109 328 955 W ResourceType: No known package when getting value for resource number 0x7f1203bb
01-01 00:01:14.109 328 955 W ResourceType: No known package when getting value for resource number 0x7f080126
01-01 00:01:14.109 328 955 W ResourceType: No known package when getting value for resource number 0x7f120822
01-01 00:01:14.135 328 955 W ResourceType: No known package when getting value for resource number 0x7f020067
01-01 00:01:14.135 328 955 W ResourceType: No known package when getting value for resource number 0x7f0e0068
01-01 00:01:14.136 328 343 I ActivityManager: Start proc 956:com.android.car.hvac/u0a3 for added application com.android.car.hvac
01-01 00:01:14.143 328 955 W ResourceType: No known package when getting value for resource number 0x7f070088
01-01 00:01:14.143 328 955 W ResourceType: No known package when getting value for resource number 0x7f0f0042
01-01 00:01:14.156 328 343 I ActivityManager: Start proc 964:com.android.car.stream/u0a26 for added application com.android.car.stream
01-01 00:01:14.165 328 343 I ActivityManager: User 0 state changed from RUNNING_UNLOCKING to RUNNING_UNLOCKED
01-01 00:01:14.167 328 343 I PreBootBroadcaster: Pre-boot of {com.android.car/com.android.car.BootReceiver} for user 0
01-01 00:01:14.175 869 951 I AlarmClock: Alarms Table created
01-01 00:01:14.177 869 951 I AlarmClock: Instance table created
01-01 00:01:14.177 869 951 I AlarmClock: Inserting default alarms
01-01 00:01:14.183 689 689 D FallbackHome: User unlocked and real home found; let's go!
01-01 00:01:14.183 592 592 D CarrierSvcBindHelper: Received android.intent.action.USER_UNLOCKED
01-01 00:01:14.184 328 340 W ActivityManager: Finishing task with all activities already finished
01-01 00:01:14.184 328 340 W ActivityManager: Duplicate finish request for ActivityRecord{8ca0f55 u0 com.android.settings/.FallbackHome t2 f}
01-01 00:01:14.187 926 926 V Launcher: LauncherAppState initiated
01-01 00:01:14.252 328 579 I ActivityManager: Start proc 998:com.android.smspush/u0a62 for service com.android.smspush/.WapPushManager
01-01 00:01:14.288 328 342 I ActivityManager: Start proc 1013:com.android.keychain/1000 for service com.android.keychain/.KeyChainService
01-01 00:01:14.451 328 512 W ActivityManager: Slow operation: 101ms so far, now at startProcess: returned from zygote!
01-01 00:01:14.451 328 512 W ActivityManager: Slow operation: 101ms so far, now at startProcess: done updating battery stats
01-01 00:01:14.451 328 512 W ActivityManager: Slow operation: 101ms so far, now at startProcess: building log message
01-01 00:01:14.451 328 512 I ActivityManager: Start proc 1036:com.android.launcher3:wallpaper_chooser/u0a17 for service com.android.launcher3/.dynamicui.ColorExtractionService
01-01 00:01:14.451 328 512 W ActivityManager: Slow operation: 101ms so far, now at startProcess: starting to update pids map
01-01 00:01:14.451 328 512 W ActivityManager: Slow operation: 101ms so far, now at startProcess: done updating pids map
01-01 00:01:14.451 328 512 W ActivityManager: Slow operation: 101ms so far, now at startProcess: done starting proc!
01-01 00:01:14.462 869 951 V AlarmClock: AlarmInitReceiver finished
01-01 00:01:14.532 328 579 W ActivityManager: Slow operation: 71ms so far, now at startProcess: returned from zygote!
01-01 00:01:14.533 328 579 W ActivityManager: Slow operation: 72ms so far, now at startProcess: done updating battery stats
01-01 00:01:14.533 328 579 W ActivityManager: Slow operation: 72ms so far, now at startProcess: building log message
01-01 00:01:14.533 328 579 I ActivityManager: Start proc 1045:android.process.media/u0a12 for broadcast com.android.providers.downloads/.DownloadReceiver
01-01 00:01:14.533 328 579 W ActivityManager: Slow operation: 72ms so far, now at startProcess: starting to update pids map
01-01 00:01:14.533 328 579 W ActivityManager: Slow operation: 72ms so far, now at startProcess: done updating pids map
01-01 00:01:14.533 328 579 W ActivityManager: Slow operation: 72ms so far, now at startProcess: done starting proc!
01-01 00:01:14.547 926 926 W System : ClassLoader referenced unknown path:
01-01 00:01:14.588 926 1053 D OpenGLRenderer: HWUI GL Pipeline
01-01 00:01:14.639 926 1053 I vndksupport: sphal namespace is not configured for this process. Loading /vendor/lib/hw/gralloc.jacinto6.so from the current namespace instead.
01-01 00:01:14.657 926 1053 E IMGSRV : :0: PVRSRVOpenDCDevice: Error - 138 returned
01-01 00:01:14.665 926 1053 I vndksupport: sphal namespace is not configured for this process. Loading /vendor/lib/hw/gralloc.jacinto6.so from the current namespace instead.
01-01 00:01:14.666 926 1053 I OpenGLRenderer: Initialized EGL, version 1.4
01-01 00:01:14.666 926 1053 D OpenGLRenderer: Swap behavior 1
01-01 00:01:14.666 926 1053 W OpenGLRenderer: Failed to choose config with EGL_SWAP_BEHAVIOR_PRESERVED, retrying without...
01-01 00:01:14.666 926 1053 D OpenGLRenderer: Swap behavior 0
01-01 00:01:14.761 964 964 W MediaStateManager: Updating controllers with an empty list!
01-01 00:01:14.777 926 988 V GridSizeMigrationTask: Workspace migration completed in 150
01-01 00:01:14.778 926 988 D Launcher.Model: loadWorkspace: loading default favorites
01-01 00:01:14.800 328 339 I ActivityManager: Start proc 1075:com.android.car.radio/u0a7 for service com.android.car.radio/.RadioService
01-01 00:01:14.822 926 1053 I vndksupport: sphal namespace is not configured for this process. Loading /vendor/lib/hw/gralloc.jacinto6.so from the current namespace instead.
01-01 00:01:14.845 328 351 I ActivityManager: Displayed com.android.launcher3/.Launcher: +1s61ms (total +1s476ms)
01-01 00:01:14.958 926 942 I zygote : Background concurrent copying GC freed 13143(1779KB) AllocSpace objects, 3(56KB) LOS objects, 49% free, 1644KB/3MB, paused 9.528ms total 255.714ms
01-01 00:01:15.053 926 988 D LauncherProvider: loading default workspace
01-01 00:01:15.158 1045 1045 I DownloadManager: Upgrading downloads database from version 0 to version 110, which will destroy all old data
01-01 00:01:15.215 926 988 W DefaultLayoutParser: No preference or single system activity found for Intent { act=android.intent.action.MAIN cat=[android.intent.category.APP_MESSAGING] }
01-01 00:01:15.215 926 988 W DefaultLayoutParser: No preference or single system activity found for Intent { act=android.intent.action.VIEW dat=sms: }
01-01 00:01:15.216 926 988 W DefaultLayoutParser: No preference or single system activity found for Intent { act=android.intent.action.VIEW dat=smsto: }
01-01 00:01:15.217 926 988 W DefaultLayoutParser: No preference or single system activity found for Intent { act=android.intent.action.VIEW dat=mms: }
01-01 00:01:15.217 926 988 W DefaultLayoutParser: No preference or single system activity found for Intent { act=android.intent.action.VIEW dat=mmsto: }
01-01 00:01:15.218 926 988 W DefaultLayoutParser: No preference or single system activity found for Intent { act=android.intent.action.MAIN cat=[android.intent.category.APP_BROWSER] }
01-01 00:01:15.456 926 988 W DefaultLayoutParser: No preference or single system activity found for Intent { act=android.intent.action.MAIN cat=[android.intent.category.APP_MARKET] }
01-01 00:01:15.456 926 988 W DefaultLayoutParser: No preference or single system activity found for Intent { act=android.intent.action.VIEW dat=market://details?id=com.android.launcher }
01-01 00:01:15.560 328 328 I DevicePolicyManager: Set ro.device_owner property to false
01-01 00:01:15.561 328 733 W zygote : Long monitor contention with owner main (328) at void com.android.server.devicepolicy.DevicePolicyManagerService$SetupContentObserver.onChange(boolean, android.net.Uri, int)(DevicePolicyManagerService.java:9158) waiters=0 in int com.android.server.devicepolicy.DevicePolicyManagerService.getKeyguardDisabledFeatures(android.content.ComponentName, int, boolean) for 1.548s
01-01 00:01:15.715 328 349 I UsbDeviceManager: Setting USB config to adb
01-01 00:01:15.827 328 351 I zygote : Explicit concurrent copying GC freed 5355(407KB) AllocSpace objects, 0(0B) LOS objects, 42% free, 3MB/6MB, paused 289us total 94.911ms
01-01 00:01:15.905 1045 1045 E SQLiteLog: (1) no such table: album_info
01-01 00:01:15.911 328 733 W zygote : Long monitor contention with owner main (328) at void com.android.server.devicepolicy.DevicePolicyManagerService.updateUserSetupCompleteAndPaired()(DevicePolicyManagerService.java:9106) waiters=0 in int com.android.server.devicepolicy.DevicePolicyManagerService.getKeyguardDisabledFeatures(android.content.ComponentName, int, boolean) for 349ms
01-01 00:01:15.932 495 495 I Choreographer: Skipped 122 frames! The application may be doing too much work on its main thread.
01-01 00:01:15.951 328 328 I AccountManagerService: User 0 is unlocked - opening CE database
01-01 00:01:16.041 495 495 W KeyguardUpdateMonitor: invalid subId in handleSimStateChange()
01-01 00:01:16.114 328 733 D VoldConnector: SND -> {34 volume mkdirs /storage/emulated/0/Android/data/com.android.launcher3/files/}
01-01 00:01:16.154 328 401 D VoldConnector: RCV <- {200 34 Command succeeded}
01-01 00:01:16.178 328 328 I AccountsDb: Creating CE database /data/system_ce/0/accounts_ce.db
01-01 00:01:16.313 926 988 I zygote : Deoptimizing float com.android.launcher3.graphics.IconNormalizer.getScale(android.graphics.drawable.Drawable, android.graphics.RectF, android.graphics.Path, boolean[]) due to JIT inline cache
01-01 00:01:16.699 328 328 D ZenLog : disable_effects: 0|android|13|PreBootBroadcaster|1000,booleanState
01-01 00:01:16.723 328 328 D ZenLog : disable_effects: -1|android|32|null|1000,booleanState
01-01 00:01:16.724 328 328 D ZenLog : disable_effects: -1|android|26|null|1000,booleanState
01-01 00:01:16.772 1036 1130 E ColorExtractionService: Fetching partial bitmap failed, trying old method
01-01 00:01:16.772 1036 1130 E ColorExtractionService: java.lang.NullPointerException: Attempt to invoke virtual method 'java.io.FileDescriptor android.os.ParcelFileDescriptor.getFileDescriptor()' on a null object reference
01-01 00:01:16.772 1036 1130 E ColorExtractionService: at com.android.launcher3.dynamicui.ColorExtractionService.getHotseatPalette(ColorExtractionService.java:125)
01-01 00:01:16.772 1036 1130 E ColorExtractionService: at com.android.launcher3.dynamicui.ColorExtractionService.-wrap0(Unknown Source:0)
01-01 00:01:16.772 1036 1130 E ColorExtractionService: at com.android.launcher3.dynamicui.ColorExtractionService$1.run(ColorExtractionService.java:88)
01-01 00:01:16.772 1036 1130 E ColorExtractionService: at android.os.Handler.handleCallback(Handler.java:789)
01-01 00:01:16.772 1036 1130 E ColorExtractionService: at android.os.Handler.dispatchMessage(Handler.java:98)
01-01 00:01:16.772 1036 1130 E ColorExtractionService: at android.os.Looper.loop(Looper.java:164)
01-01 00:01:16.772 1036 1130 E ColorExtractionService: at android.os.HandlerThread.run(HandlerThread.java:65)
01-01 00:01:16.779 1045 1045 I d.process.media: type=1400 audit(0.0:85): avc: denied { write } for name="property_service" dev="tmpfs" ino=8508 scontext=u:r:priv_app:s0:c512,c768 tcontext=u:object_r:property_socket:s0 tclass=sock_file permissive=1
01-01 00:01:16.779 1045 1045 I d.process.media: type=1400 audit(0.0:86): avc: denied { connectto } for path="/dev/socket/property_service" scontext=u:r:priv_app:s0:c512,c768 tcontext=u:r:init:s0 tclass=unix_stream_socket permissive=1
01-01 00:01:16.939 495 495 W com.android.systemui: type=1400 audit(0.0:87): avc: granted { getattr } for comm=496E666C6174657254687265616420 path="/" dev="rootfs" ino=1 scontext=u:r:platform_app:s0:c512,c768 tcontext=u:object_r:rootfs:s0 tclass=dir
01-01 00:01:17.004 1045 1045 D MediaScannerReceiver: action: android.intent.action.MEDIA_MOUNTED path: /storage/emulated/0
01-01 00:01:17.008 578 578 W CAR.SERVICE: Starting...
01-01 00:01:17.011 328 339 I PreBootBroadcaster: Pre-boot of {com.android.managedprovisioning/com.android.managedprovisioning.ota.PreBootListener} for user 0
01-01 00:01:17.012 328 328 D ZenLog : disable_effects: 0|android|13|PreBootBroadcaster|1000,booleanState
01-01 00:01:17.013 592 592 I VvmSimStateTracker: android.intent.action.SIM_STATE_CHANGED
01-01 00:01:17.049 495 495 I chatty : uid=10028(u0_a28) com.android.systemui expire 11 lines
01-01 00:01:17.051 328 339 I ActivityManager: Start proc 1139:com.android.quicksearchbox/u0a60 for broadcast com.android.quicksearchbox/.SearchWidgetProvider
01-01 00:01:17.177 1045 1153 I zygote : Starting a blocking GC Alloc
01-01 00:01:17.177 1045 1153 I zygote : Starting a blocking GC Alloc
01-01 00:01:17.279 495 495 W com.android.systemui: type=1400 audit(0.0:99): avc: granted { getattr } for comm=496E666C6174657254687265616420 path="/" dev="rootfs" ino=1 scontext=u:r:platform_app:s0:c512,c768 tcontext=u:object_r:rootfs:s0 tclass=dir
01-01 00:01:17.279 495 495 W com.android.systemui: type=1400 audit(0.0:100): avc: granted { getattr } for comm=496E666C6174657254687265616420 path="/" dev="rootfs" ino=1 scontext=u:r:platform_app:s0:c512,c768 tcontext=u:object_r:rootfs:s0 tclass=dir
01-01 00:01:17.329 495 495 I chatty : uid=10028(u0_a28) com.android.systemui identical 9 lines
01-01 00:01:17.329 495 495 W com.android.systemui: type=1400 audit(0.0:110): avc: granted { getattr } for comm=496E666C6174657254687265616420 path="/" dev="rootfs" ino=1 scontext=u:r:platform_app:s0:c512,c768 tcontext=u:object_r:rootfs:s0 tclass=dir
01-01 00:01:17.348 926 942 I zygote : Background concurrent copying GC freed 8391(547KB) AllocSpace objects, 6(280KB) LOS objects, 49% free, 2MB/5MB, paused 235us total 244.598ms
01-01 00:01:17.364 328 339 W ActivityManager: Slow operation: 72ms so far, now at startProcess: returned from zygote!
01-01 00:01:17.364 328 339 W ActivityManager: Slow operation: 72ms so far, now at startProcess: done updating battery stats
01-01 00:01:17.365 328 339 W ActivityManager: Slow operation: 72ms so far, now at startProcess: building log message
01-01 00:01:17.365 328 339 I ActivityManager: Start proc 1157:com.android.managedprovisioning/u0a18 for broadcast com.android.managedprovisioning/.ota.PreBootListener
01-01 00:01:17.365 328 339 W ActivityManager: Slow operation: 73ms so far, now at startProcess: starting to update pids map
01-01 00:01:17.365 328 339 W ActivityManager: Slow operation: 73ms so far, now at startProcess: done updating pids map
01-01 00:01:17.365 328 339 W ActivityManager: Slow operation: 73ms so far, now at startProcess: done starting proc!
01-01 00:01:17.555 1157 1174 I zygote : Starting a blocking GC Alloc
01-01 00:01:17.555 1157 1174 I zygote : Starting a blocking GC Alloc
01-01 00:01:17.557 1157 1175 I zygote : Waiting for a blocking GC Alloc
01-01 00:01:17.558 1157 1176 I zygote : Waiting for a blocking GC Alloc
01-01 00:01:17.579 1157 1175 I zygote : WaitForGcToComplete blocked for 21.777ms for cause Alloc
01-01 00:01:17.580 1157 1175 I zygote : Starting a blocking GC Alloc
01-01 00:01:17.580 1157 1176 I zygote : WaitForGcToComplete blocked for 22.346ms for cause Alloc
01-01 00:01:17.580 1157 1176 I zygote : Starting a blocking GC Alloc
01-01 00:01:17.591 328 339 I PreBootBroadcaster: Pre-boot of {com.android.providers.calendar/com.android.providers.calendar.CalendarUpgradeReceiver} for user 0
01-01 00:01:17.595 328 328 D ZenLog : disable_effects: 0|android|13|PreBootBroadcaster|1000,booleanState
01-01 00:01:17.671 328 339 W ActivityManager: Slow operation: 79ms so far, now at startProcess: returned from zygote!
01-01 00:01:17.671 328 339 W ActivityManager: Slow operation: 79ms so far, now at startProcess: done updating battery stats
01-01 00:01:17.671 328 339 W ActivityManager: Slow operation: 79ms so far, now at startProcess: building log message
01-01 00:01:17.671 328 339 I ActivityManager: Start proc 1181:com.android.providers.calendar/u0a2 for broadcast com.android.providers.calendar/.CalendarUpgradeReceiver
01-01 00:01:17.671 328 339 W ActivityManager: Slow operation: 79ms so far, now at startProcess: starting to update pids map
01-01 00:01:17.671 328 339 W ActivityManager: Slow operation: 79ms so far, now at startProcess: done updating pids map
01-01 00:01:17.671 328 339 W ActivityManager: Slow operation: 80ms so far, now at startProcess: done starting proc!
01-01 00:01:17.721 1181 1189 I zygote : Starting a blocking GC Alloc
01-01 00:01:17.721 1181 1189 I zygote : Starting a blocking GC Alloc
01-01 00:01:17.741 1181 1189 I zygote : Alloc concurrent copying GC freed 2284(1093KB) AllocSpace objects, 0(0B) LOS objects, 84% free, 288KB/1824KB, paused 531us total 20.011ms
01-01 00:01:17.820 495 520 I zygote : Background concurrent copying GC freed 27745(2MB) AllocSpace objects, 1(20KB) LOS objects, 50% free, 4MB/9MB, paused 2.143ms total 528.478ms
01-01 00:01:17.952 495 495 I zygote : Deoptimizing void com.android.systemui.statusbar.ViewTransformationHelper.setVisible(boolean) due to JIT inline cache
01-01 00:01:17.369 175 175 I android.hardwar: type=1400 audit(0.0:111): avc: denied { accept } for lport=33452 scontext=u:r:hal_vehicle_default:s0 tcontext=u:r:hal_vehicle_default:s0 tclass=tcp_socket permissive=1
01-01 00:01:18.081 1181 1181 I CalendarDatabaseHelper: Bootstrapping database
01-01 00:01:18.193 1181 1181 I CalendarProvider2: Created com.android.providers.calendar.CalendarAlarmManager@1db31f1(com.android.providers.calendar.CalendarProvider2@4f1e1d6)
01-01 00:01:18.264 1181 1181 I CalendarUpgradeReceiver: Creating or opening calendar database
01-01 00:01:18.267 328 339 I PreBootBroadcaster: Pre-boot of {com.android.providers.contacts/com.android.providers.contacts.ContactsUpgradeReceiver} for user 0
01-01 00:01:18.270 328 328 D ZenLog : disable_effects: 0|android|13|PreBootBroadcaster|1000,booleanState
01-01 00:01:18.275 171 1185 I zygote : Starting a blocking GC Alloc
01-01 00:01:18.275 171 1185 I zygote : Starting a blocking GC Alloc
01-01 00:01:18.297 171 1185 I zygote : Alloc concurrent copying GC freed 2343(1093KB) AllocSpace objects, 0(0B) LOS objects, 84% free, 288KB/1824KB, paused 314us total 21.231ms
01-01 00:01:18.317 328 339 I ActivityManager: Start proc 1200:android.process.acore/u0a0 for broadcast com.android.providers.contacts/.ContactsUpgradeReceiver
01-01 00:01:18.418 1200 1207 I zygote : Debugger is no longer active
01-01 00:01:18.422 1045 1138 V MediaScanner: pruneDeadThumbnailFiles... android.content.ContentProviderClient$CursorWrapperInner@a246c86
01-01 00:01:18.423 1045 1138 V MediaScanner: /pruneDeadThumbnailFiles... android.content.ContentProviderClient$CursorWrapperInner@a246c86
01-01 00:01:18.462 495 506 I zygote : Do full code cache collection, code=125KB, data=103KB
01-01 00:01:18.478 495 506 I zygote : After code cache collection, code=97KB, data=65KB
01-01 00:01:18.634 1200 1200 I ContactsPerf: VoicemailContentProvider.onCreate start
01-01 00:01:18.651 1200 1200 I ContactsPerf: VoicemailContentProvider.onCreate finish
01-01 00:01:18.718 1200 1200 D StrictMode: StrictMode policy violation; ~duration=111 ms: android.os.StrictMode$StrictModeDiskWriteViolation: policy=65597 violation=1
01-01 00:01:18.718 1200 1200 D StrictMode: at android.os.StrictMode$AndroidBlockGuardPolicy.onWriteToDisk(StrictMode.java:1384)
01-01 00:01:18.718 1200 1200 D StrictMode: at libcore.io.BlockGuardOs.mkdir(BlockGuardOs.java:193)
01-01 00:01:18.718 1200 1200 D StrictMode: at android.system.Os.mkdir(Os.java:319)
01-01 00:01:18.718 1200 1200 D StrictMode: at android.app.ContextImpl.ensurePrivateDirExists(ContextImpl.java:562)
01-01 00:01:18.718 1200 1200 D StrictMode: at android.app.ContextImpl.ensurePrivateDirExists(ContextImpl.java:550)
01-01 00:01:18.718 1200 1200 D StrictMode: at android.app.ContextImpl.getPreferencesDir(ContextImpl.java:506)
01-01 00:01:18.718 1200 1200 D StrictMode: at android.app.ContextImpl.getSharedPreferencesPath(ContextImpl.java:698)
01-01 00:01:18.718 1200 1200 D StrictMode: at android.app.ContextImpl.getSharedPreferences(ContextImpl.java:366)
01-01 00:01:18.718 1200 1200 D StrictMode: at android.content.ContextWrapper.getSharedPreferences(ContextWrapper.java:167)
01-01 00:01:18.718 1200 1200 D StrictMode: at android.preference.PreferenceManager.getDefaultSharedPreferences(PreferenceManager.java:526)
01-01 00:01:18.718 1200 1200 D StrictMode: at com.android.providers.contacts.FastScrollingIndexCache.getInstance(FastScrollingIndexCache.java:95)
01-01 00:01:18.718 1200 1200 D StrictMode: at com.android.providers.contacts.ContactsProvider2.initialize(ContactsProvider2.java:1587)
01-01 00:01:18.718 1200 1200 D StrictMode: at com.android.providers.contacts.ContactsProvider2.onCreate(ContactsProvider2.java:1562)
01-01 00:01:18.718 1200 1200 D StrictMode: at android.content.ContentProvider.attachInfo(ContentProvider.java:1919)
01-01 00:01:18.718 1200 1200 D StrictMode: at android.content.ContentProvider.attachInfo(ContentProvider.java:1894)
01-01 00:01:18.718 1200 1200 D StrictMode: at android.app.ActivityThread.installProvider(ActivityThread.java:6285)
01-01 00:01:18.718 1200 1200 D StrictMode: at android.app.ActivityThread.installContentProviders(ActivityThread.java:5851)
01-01 00:01:18.718 1200 1200 D StrictMode: at android.app.ActivityThread.handleBindApplication(ActivityThread.java:5772)
01-01 00:01:18.718 1200 1200 D StrictMode: at android.app.ActivityThread.-wrap1(Unknown Source:0)
01-01 00:01:18.718 1200 1200 D StrictMode: at android.app.ActivityThread$H.handleMessage(ActivityThread.java:1661)
01-01 00:01:18.718 1200 1200 D StrictMode: at android.os.Handler.dispatchMessage(Handler.java:105)
01-01 00:01:18.718 1200 1200 D StrictMode: at android.os.Looper.loop(Looper.java:164)
01-01 00:01:18.718 1200 1200 D StrictMode: at android.app.ActivityThread.main(ActivityThread.java:6541)
01-01 00:01:18.718 1200 1200 D StrictMode: at java.lang.reflect.Method.invoke(Native Method)
01-01 00:01:18.718 1200 1200 D StrictMode: at com.android.internal.os.Zygote$MethodAndArgsCaller.run(Zygote.java:240)
01-01 00:01:18.718 1200 1200 D StrictMode: at com.android.internal.os.ZygoteInit.main(ZygoteInit.java:767)
01-01 00:01:18.718 1200 1200 D StrictMode: StrictMode policy violation; ~duration=110 ms: android.os.StrictMode$StrictModeDiskWriteViolation: policy=65597 violation=1
01-01 00:01:18.718 1200 1200 D StrictMode: at android.os.StrictMode$AndroidBlockGuardPolicy.onWriteToDisk(StrictMode.java:1384)
01-01 00:01:18.718 1200 1200 D StrictMode: at libcore.io.BlockGuardOs.chmod(BlockGuardOs.java:77)
01-01 00:01:18.718 1200 1200 D StrictMode: at android.system.Os.chmod(Os.java:87)
01-01 00:01:18.718 1200 1200 D StrictMode: at android.app.ContextImpl.ensurePrivateDirExists(ContextImpl.java:563)
01-01 00:01:18.718 1200 1200 D StrictMode: at android.app.ContextImpl.ensurePrivateDirExists(ContextImpl.java:550)
01-01 00:01:18.718 1200 1200 D StrictMode: at android.app.ContextImpl.getPreferencesDir(ContextImpl.java:506)
01-01 00:01:18.718 1200 1200 D StrictMode: at android.app.ContextImpl.getSharedPreferencesPath(ContextImpl.java:698)
01-01 00:01:18.718 1200 1200 D StrictMode: at android.app.ContextImpl.getSharedPreferences(ContextImpl.java:366)
01-01 00:01:18.718 1200 1200 D StrictMode: at android.content.ContextWrapper.getSharedPreferences(ContextWrapper.java:167)
01-01 00:01:18.718 1200 1200 D StrictMode: at android.preference.PreferenceManager.getDefaultSharedPreferences(PreferenceManager.java:526)
01-01 00:01:18.718 1200 1200 D StrictMode: at com.android.providers.contacts.FastScrollingIndexCache.getInstance(FastScrollingIndexCache.java:95)
01-01 00:01:18.718 1200 1200 D StrictMode: at com.android.providers.contacts.ContactsProvider2.initialize(ContactsProvider2.java:1587)
01-01 00:01:18.718 1200 1200 D StrictMode: at com.android.providers.contacts.ContactsProvider2.onCreate(ContactsProvider2.java:1562)
01-01 00:01:18.718 1200 1200 D StrictMode: at android.content.ContentProvider.attachInfo(ContentProvider.java:1919)
01-01 00:01:18.718 1200 1200 D StrictMode: at android.content.ContentProvider.attachInfo(ContentProvider.java:1894)
01-01 00:01:18.718 1200 1200 D StrictMode: at android.app.ActivityThread.installProvider(ActivityThread.java:6285)
01-01 00:01:18.718 1200 1200 D StrictMode: at android.app.ActivityThread.installContentProviders(ActivityThread.java:5851)
01-01 00:01:18.718 1200 1200 D StrictMode: at android.app.ActivityThread.handleBindApplication(ActivityThread.java:5772)
01-01 00:01:18.718 1200 1200 D StrictMode: at android.app.ActivityThread.-wrap1(Unknown Source:0)
01-01 00:01:18.718 1200 1200 D StrictMode: at android.app.ActivityThread$H.handleMessage(ActivityThread.java:1661)
01-01 00:01:18.718 1200 1200 D StrictMode: at android.os.Handler.dispatchMessage(Handler.java:105)
01-01 00:01:18.718 1200 1200 D StrictMode: at android.os.Looper.loop(Looper.java:164)
01-01 00:01:18.718 1200 1200 D StrictMode: at android.app.ActivityThread.main(ActivityThread.java:6541)
01-01 00:01:18.718 1200 1200 D StrictMode: at java.lang.reflect.Method.invoke(Native Method)
01-01 00:01:18.718 1200 1200 D StrictMode: at com.android.internal.os.Zygote$MethodAndArgsCaller.run(Zygote.java:240)
01-01 00:01:18.718 1200 1200 D StrictMode: at com.android.internal.os.ZygoteInit.main(ZygoteInit.java:767)
01-01 00:01:18.792 1200 1200 I ContactsUpgradeReceiver: Creating or opening contacts database
01-01 00:01:18.806 592 592 D ImsResolver: maybeAddedImsService, packageName: com.android.provision
01-01 00:01:18.809 328 399 I InputReader: Reconfiguring input devices. changes=0x00000010
01-01 00:01:18.813 328 399 I InputReader: Reconfiguring input devices. changes=0x00000010
01-01 00:01:18.813 592 592 D ImsResolver: maybeAddedImsService, packageName: com.android.settings
01-01 00:01:18.856 1200 1217 I ContactsDatabaseHelper: Bootstrapping database contacts2.db version: 1202
01-01 00:01:18.940 328 328 I Telecom : DefaultDialerCache: Refreshing default dialer for user 0: now null: DDC.oR@AA8
01-01 00:01:18.969 328 342 I RetailDemoModeService: Deleting contents of /data/preloads
01-01 00:01:19.041 1200 1217 I ContactsProviderV1: Bootstrapping database legacy support
01-01 00:01:19.777 1200 1217 D ContactsDatabaseHelper: WAL enabled for contacts2.db: true
01-01 00:01:19.785 328 328 I Telecom : DefaultDialerCache: Refreshing default dialer for user 0: now null: DDC.oR@ABA
01-01 00:01:19.797 328 342 W VoiceInteractionManagerService: no available voice interaction services found for user 0
01-01 00:01:19.800 328 342 W ResourceType: No known package when getting value for resource number 0x7f080128
01-01 00:01:19.801 328 342 W ResourceType: No known package when getting value for resource number 0x7f120d8d
01-01 00:01:19.801 328 342 W ResourceType: No known package when getting value for resource number 0x7f080127
01-01 00:01:19.801 328 342 W ResourceType: No known package when getting value for resource number 0x7f1203bb
01-01 00:01:19.801 328 342 W ResourceType: No known package when getting value for resource number 0x7f080126
01-01 00:01:19.801 328 342 W ResourceType: No known package when getting value for resource number 0x7f120822
01-01 00:01:20.053 1200 1217 E SQLiteLog: (1) no such table: _sync_state_metadata
01-01 00:01:20.082 1200 1200 W zygote : Long monitor contention with owner Worker-1 (1217) at void android.database.sqlite.SQLiteConnection.nativeExecute(long, long)(SQLiteConnection.java:-2) waiters=0 in android.database.sqlite.SQLiteDatabase android.database.sqlite.SQLiteOpenHelper.getWritableDatabase() for 1.290s
01-01 00:01:20.083 1200 1219 W zygote : Long monitor contention with owner Worker-1 (1217) at void android.database.sqlite.SQLiteConnection.nativeExecute(long, long)(SQLiteConnection.java:-2) waiters=1 in android.database.sqlite.SQLiteDatabase android.database.sqlite.SQLiteOpenHelper.getWritableDatabase() for 1.182s
01-01 00:01:20.086 1200 1219 I CallLogDatabaseHelper: Migrating from old tables...
01-01 00:01:20.088 1200 1219 I CallLogDatabaseHelper: Source tables don't exist.
01-01 00:01:20.182 1200 1220 W zygote : Long monitor contention with owner Worker-1 (1219) at void android.database.sqlite.SQLiteConnection.nativeExecute(long, long)(SQLiteConnection.java:-2) waiters=0 in android.database.sqlite.SQLiteDatabase android.database.sqlite.SQLiteOpenHelper.getReadableDatabase() for 1.524s
01-01 00:01:20.296 1200 1217 I ContactLocale: AddressBook Labels [[en_US]]: […, A, B, C, D, E, F, G, H, I, J, K, L, M, N, O, P, Q, R, S, T, U, V, W, X, Y, Z, Α, Β, Γ, Δ, Ε, Ζ, Η, Θ, Ι, Κ, Λ, Μ, Ν, Ξ, Ο, Π, Ρ, Σ, Τ, Υ, Φ, Χ, Ψ, Ω, …, А, Б, В, Г, Д, Ђ, Е, Є, Ж, З, И, І, Й, Ј, К, Л, Љ, М, Н, Њ, О, П, Р, С, Т, Ћ, У, Ф, Х, Ц, Ч, Џ, Ш, Щ, Ю, Я, …, א, ב, ג, ד, ה, ו, ז, ח, ט, י, כ, ל, מ, נ, ס, ע, פ, צ, ק, ר, ש, ת, …, ا, ب, ت, ث, ج, ح, خ, د, ذ, ر, ز, س, ش, ص, ض, ط, ظ, ع, غ, ف, ق, ك, ل, م, ن, ه, و, ي, …, ก, ข, ฃ, ค, ฅ, ฆ, ง, จ, ฉ, ช, ซ, ฌ, ญ, ฎ, ฏ, ฐ, ฑ, ฒ, ณ, ด, ต, ถ, ท, ธ, น, บ, ป, ผ, ฝ, พ, ฟ, ภ, ม, ย, ร, ฤ, ล, ฦ, ว, ศ, ษ, ส, ห, ฬ, อ, ฮ, …, ㄱ, ㄴ, ㄷ, ㄹ, ㅁ, ㅂ, ㅅ, ㅇ, ㅈ, ㅊ, ㅋ, ㅌ, ㅍ, ㅎ, …, あ, か, さ, た, な, は, ま, や, ら, わ, #, …]
01-01 00:01:20.329 1200 1200 I ContactsDatabaseHelper: Bootstrapping database contacts2.db version: 1202
01-01 00:01:20.436 1200 1219 I CallLogDatabaseHelper: Migrating from old tables...
01-01 00:01:20.436 1200 1219 I CallLogDatabaseHelper: Source tables don't exist.
01-01 00:01:20.458 1200 1200 I ContactsProviderV1: Bootstrapping database legacy support
01-01 00:01:20.849 1200 1200 D ContactsDatabaseHelper: WAL enabled for profile.db: true
01-01 00:01:21.054 1200 1200 E SQLiteLog: (1) no such table: _sync_state_metadata
01-01 00:01:21.072 1200 1217 W zygote : Long monitor contention with owner main (1200) at void android.database.sqlite.SQLiteConnection.nativeExecute(long, long)(SQLiteConnection.java:-2) waiters=0 in android.database.sqlite.SQLiteDatabase android.database.sqlite.SQLiteOpenHelper.getReadableDatabase() for 769ms
01-01 00:01:21.072 1200 1200 I ContactsProvider: Locale has changed from null to [en_US]
01-01 00:01:21.074 1200 1200 I ContactsDatabaseHelper: Switching to locale [en_US] (ICU v58.2)
01-01 00:01:21.166 1200 1200 I ContactsDatabaseHelper: Locale change completed in 88ms
01-01 00:01:21.167 1200 1200 I ContactsDatabaseHelper: Switching to locale [en_US] (ICU v58.2)
01-01 00:01:21.175 1200 1217 I ContactDirectoryManager: deleted 0 stale rows which don't have any relevant directory
01-01 00:01:21.178 1200 1217 I ContactDirectoryManager: Discovered 0 contact directories in 58ms
01-01 00:01:21.180 1200 1217 I ContactsProvider: Locale has changed from null to [en_US]
01-01 00:01:21.199 1200 1217 I ContactsDatabaseHelper: Switching to locale [en_US] (ICU v58.2)
01-01 00:01:21.241 1200 1200 I ContactsDatabaseHelper: Locale change completed in 74ms
01-01 00:01:19.805 328 342 W VoiceInteractionManagerService: no available voice interaction services found for user 0
01-01 00:01:21.277 328 733 I PreBootBroadcaster: Pre-boot of {com.android.providers.media/com.android.providers.media.MediaUpgradeReceiver} for user 0
01-01 00:01:21.279 328 328 D ZenLog : disable_effects: 0|android|13|PreBootBroadcaster|1000,booleanState
01-01 00:01:21.324 1045 1045 I MediaUpgradeReceiver: ---> Start upgrade of media database external.db
01-01 00:01:21.345 1200 1217 I ContactsDatabaseHelper: Locale change completed in 146ms
01-01 00:01:21.365 1045 1045 I MediaUpgradeReceiver: <--- Finished upgrade of media database external.db in 41ms
01-01 00:01:21.365 328 733 I PreBootBroadcaster: Pre-boot of {com.android.settings/com.android.settings.SettingsInitialize} for user 0
01-01 00:01:21.367 328 328 D ZenLog : disable_effects: 0|android|13|PreBootBroadcaster|1000,booleanState
01-01 00:01:21.372 328 579 D PackageManager: Ephemeral installer not found with new action; try old one
01-01 00:01:21.372 328 579 D PackageManager: Clear ephemeral installer activity
01-01 00:01:21.373 328 579 I ActivityManager: Sending BOOT_COMPLETE user #0
01-01 00:01:21.408 1200 1217 I ContactsFTS: Rebuild contact search index in 28ms, 0 contacts
01-01 00:01:21.428 578 578 W CAR.SERVICE: Starting...
01-01 00:01:21.430 328 1233 E BootReceiver: Error reading /data/system/last-header.txt
01-01 00:01:21.430 328 1233 E BootReceiver: java.io.FileNotFoundException: /data/system/last-header.txt (No such file or directory)
01-01 00:01:21.430 328 1233 E BootReceiver: at java.io.FileInputStream.open0(Native Method)
01-01 00:01:21.430 328 1233 E BootReceiver: at java.io.FileInputStream.open(FileInputStream.java:200)
01-01 00:01:21.430 328 1233 E BootReceiver: at java.io.FileInputStream.(FileInputStream.java:150)
01-01 00:01:21.430 328 1233 E BootReceiver: at android.os.FileUtils.readTextFile(FileUtils.java:262)
01-01 00:01:21.430 328 1233 E BootReceiver: at com.android.server.BootReceiver.getPreviousBootHeaders(BootReceiver.java:144)
01-01 00:01:21.430 328 1233 E BootReceiver: at com.android.server.BootReceiver.getBootHeadersToLogAndUpdate(BootReceiver.java:166)
01-01 00:01:21.430 328 1233 E BootReceiver: at com.android.server.BootReceiver.logBootEvents(BootReceiver.java:186)
01-01 00:01:21.430 328 1233 E BootReceiver: at com.android.server.BootReceiver.-wrap2(Unknown Source:0)
01-01 00:01:21.430 328 1233 E BootReceiver: at com.android.server.BootReceiver$1.run(BootReceiver.java:116)
01-01 00:01:21.432 328 328 I Telecom : DefaultDialerCache: Refreshing default dialer for user 0: now null: DDC.oR@ABE
01-01 00:01:21.435 328 1233 I RecoverySystem: No recovery log file
01-01 00:01:21.437 328 1233 I BootReceiver: No existing last log timestamp file /data/system/log-files.xml; starting empty
01-01 00:01:21.443 592 592 D CarrierConfigLoader: mHandler: 13 phoneId: 0
01-01 00:01:21.454 328 1233 I BootReceiver: Copying audit failures to DropBox
01-01 00:01:21.455 328 1233 I BootReceiver: Checking for fsck errors
01-01 00:01:21.456 328 1233 I BootReceiver: fs_stat, partition:cache stat:0x1
01-01 00:01:21.456 328 1233 I BootReceiver: fs_stat, partition:userdata stat:0x1
01-01 00:01:21.469 328 579 I ActivityManager: Start proc 1235:com.android.calendar/u0a37 for broadcast com.android.calendar/.UpgradeReceiver
01-01 00:01:21.497 1200 1217 I ContactsProvider: Upgrading aggregation algorithm
01-01 00:01:21.499 1200 1217 I ContactAggregator: Marked all visible contacts for aggregation: 0 raw contacts, 2 ms
01-01 00:01:21.509 1200 1217 I ContactsProvider: Aggregation algorithm upgraded for 0 raw contacts in 12ms
01-01 00:01:21.532 1235 1243 E zygote : Failed writing handshake bytes (-1 of 14): Broken pipe
01-01 00:01:21.532 1235 1243 I zygote : Debugger is no longer active
01-01 00:01:21.616 1235 1235 D ExtensionsFactory: No custom extensions.
01-01 00:01:21.621 328 579 D PackageManager: Ephemeral installer not found with new action; try old one
01-01 00:01:21.621 328 579 D PackageManager: Clear ephemeral installer activity
01-01 00:01:21.715 328 579 I ActivityManager: Start proc 1255:android.car.usb.handler/u0a9 for broadcast android.car.usb.handler/.BootUsbScanner
01-01 00:01:21.801 1255 1255 D UsbDeviceConnectionJNI: close
01-01 00:01:21.805 1235 1235 D AlertReceiver: onReceive: a=android.intent.action.BOOT_COMPLETED Intent { act=android.intent.action.BOOT_COMPLETED flg=0x9000010 cmp=com.android.calendar/.alerts.AlertReceiver (has extras) }
01-01 00:01:21.830 328 579 I ActivityManager: Start proc 1275:com.android.camera2/u0a42 for broadcast com.android.camera2/com.android.camera.DisableCameraReceiver
01-01 00:01:21.834 1235 1273 D AlertService: 0 Action = android.intent.action.BOOT_COMPLETED
01-01 00:01:21.837 1235 1273 D AlertService: Scheduling next alarm with AlarmScheduler. sEventReminderReceived: null
01-01 00:01:21.877 1235 1273 D AlarmScheduler: No events found starting within 1 week.
01-01 00:01:21.941 1275 1275 V CAM_Profiler: [ 0.000ms][ui] GUARD: CameraApp onCreate() - START
01-01 00:01:21.942 1275 1275 V CAM_Profiler: [ 0.000ms][ui] GUARD: FirstRunDetector getTimeOfFirstRun - START
01-01 00:01:21.970 1275 1275 I CAM_Profiler: [ 28.383ms][ui] GUARD: FirstRunDetector getTimeOfFirstRun - [28.383ms] PreferenceManager.getDefaultSharedPreferences
01-01 00:01:21.972 1275 1275 V CAM_Profiler: [ 29.645ms][ui] GUARD: FirstRunDetector getTimeOfFirstRun - [ 1.263ms] preferences.getLong
01-01 00:01:21.972 1275 1275 V CAM_Profiler: [ 30.488ms][ui] GUARD: FirstRunDetector getTimeOfFirstRun - [ 0.842ms] getSharedPreferences
01-01 00:01:21.974 1275 1275 V CAM_Profiler: [ 32.409ms][ui] GUARD: FirstRunDetector getTimeOfFirstRun - [ 1.921ms] preferences.edit()
01-01 00:01:21.974 1275 1275 I CAM_Profiler: [ 32.677ms][ui] GUARD: FirstRunDetector getTimeOfFirstRun - STOP
