01-01 00:02:29.336 1595 1610 D CameraHal: (ab8ff970) + hardware/ti/dra7xx/camera/CameraHal.cpp:1872 cameraPreviewInitialization - ENTER
01-01 00:02:29.336 1595 1610 D CameraHal: (ab8ff970) + hardware/ti/dra7xx/camera/V4LCameraAdapter/V4LCameraAdapter.cpp:450 setParameters - ENTER
01-01 00:02:29.336 1595 1610 D CameraHal: (ab8ff970) hardware/ti/dra7xx/camera/V4LCameraAdapter/V4LCameraAdapter.cpp:456 setParameters - Width * Height 1280 x 720 format 0x56595559
01-01 00:02:29.336 1595 1610 D CameraHal: (ab8ff970) + hardware/ti/dra7xx/camera/V4LCameraAdapter/V4LCameraAdapter.cpp:216 v4lSetFormat - ENTER
01-01 00:02:29.336 1595 1610 D CameraHal: (ab8ff970) hardware/ti/dra7xx/camera/V4LCameraAdapter/V4LCameraAdapter.cpp:218 v4lSetFormat - Width * Height 1280 x 720 format 0x56595559
01-01 00:02:29.338 1595 1629 D CameraHal: (ab57f970) + hardware/ti/dra7xx/camera/ANativeWindowDisplayAdapter.cpp:877 displayThread - ENTER
01-01 00:02:29.348 1595 1610 D CameraHal: (ab8ff970) hardware/ti/dra7xx/camera/V4LCameraAdapter/V4LCameraAdapter.cpp:244 v4lSetFormat - VIDIOC_G_FMT : WxH = 1280x720
01-01 00:02:29.348 1595 1610 D CameraHal: (ab8ff970) hardware/ti/dra7xx/camera/V4LCameraAdapter/V4LCameraAdapter.cpp:245 v4lSetFormat - ### Using: WxH = 1280x720 pixelformat=0x56595559
01-01 00:02:29.348 1595 1610 D CameraHal: (ab8ff970) hardware/ti/dra7xx/camera/V4LCameraAdapter/V4LCameraAdapter.cpp:246 v4lSetFormat - ### Using: bytesperline=2560 sizeimage=1843200 colorspace=0x1
01-01 00:02:29.348 1595 1610 D CameraHal: (ab8ff970) - hardware/ti/dra7xx/camera/V4LCameraAdapter/V4LCameraAdapter.cpp:247 v4lSetFormat - EXIT
01-01 00:02:29.348 1595 1610 D CameraHal: (ab8ff970) hardware/ti/dra7xx/camera/V4LCameraAdapter/V4LCameraAdapter.cpp:465 setParameters - Current fps is 30000 new fps is (30000,30000)
01-01 00:02:29.348 1595 1610 D CameraHal: (ab8ff970) - hardware/ti/dra7xx/camera/V4LCameraAdapter/V4LCameraAdapter.cpp:476 setParameters - EXIT
01-01 00:02:29.348 1595 1610 D CameraHal: (ab8ff970) + hardware/ti/dra7xx/camera/BaseCameraAdapter.cpp:410 sendCommand - ENTER
01-01 00:02:29.348 1595 1610 D CameraHal: (ab8ff970) + hardware/ti/dra7xx/camera/BaseCameraAdapter.cpp:1903 setState - ENTER
01-01 00:02:29.348 1595 1610 D CameraHal: (ab8ff970) hardware/ti/dra7xx/camera/BaseCameraAdapter.cpp:1927 setState - Adapter state switch INTIALIZED_STATE->INTIALIZED_STATE event = CAMERA_QUERY_RESOLUTION_PREVIEW
01-01 00:02:29.348 1595 1610 D CameraHal: (ab8ff970) - hardware/ti/dra7xx/camera/BaseCameraAdapter.cpp:2485 setState - EXIT
01-01 00:02:29.348 1595 1610 D CameraHal: (ab8ff970) + hardware/ti/dra7xx/camera/V4LCameraAdapter/V4LCameraAdapter.cpp:822 getFrameSize - ENTER
01-01 00:02:29.348 1595 1610 D CameraHal: (ab8ff970) - hardware/ti/dra7xx/camera/V4LCameraAdapter/V4LCameraAdapter.cpp:831 getFrameSize - EXIT
01-01 00:02:29.348 1595 1610 D CameraHal: (ab8ff970) + hardware/ti/dra7xx/camera/BaseCameraAdapter.cpp:2580 commitState - ENTER
01-01 00:02:29.348 1595 1610 D CameraHal: (ab8ff970) - hardware/ti/dra7xx/camera/BaseCameraAdapter.cpp:2586 commitState - EXIT
01-01 00:02:29.348 1595 1610 D CameraHal: (ab8ff970) - hardware/ti/dra7xx/camera/BaseCameraAdapter.cpp:1124 sendCommand - EXIT
01-01 00:02:29.348 1595 1610 D CameraHal: (ab8ff970) + hardware/ti/dra7xx/camera/CameraHal.cpp:1360 allocPreviewBufs - ENTER
01-01 00:02:29.348 1595 1610 D CameraHal: (ab8ff970) + hardware/ti/dra7xx/camera/ANativeWindowDisplayAdapter.cpp:454 allocateBufferList - ENTER
01-01 00:02:29.352 1595 1610 I vndksupport: sphal namespace is not configured for this process. Loading /vendor/lib/hw/gralloc.jacinto6.so from the current namespace instead.
01-01 00:02:29.355 1595 1610 E IMGSRV : :0: PVRSRVOpenDCDevice: Error - 138 returned
01-01 00:02:29.361 1595 1610 D CameraHal: (ab8ff970) hardware/ti/dra7xx/camera/ANativeWindowDisplayAdapter.cpp:484 allocateBufferList - Number of buffers set to ANativeWindow 8
01-01 00:02:29.362 1595 1610 D CameraHal: (ab8ff970) hardware/ti/dra7xx/camera/ANativeWindowDisplayAdapter.cpp:497 allocateBufferList - Configuring 8 buffers for ANativeWindow
01-01 00:02:29.363 1595 1610 V CameraHal: (ab8ff970) hardware/ti/dra7xx/camera/CameraHalCommon.cpp:162 getPixelFormatConstant - YUV420SP format selected
01-01 00:02:29.371 1606 1618 I vndksupport: sphal namespace is not configured for this process. Loading /vendor/lib/hw/gralloc.jacinto6.so from the current namespace instead.
01-01 00:02:29.376 1606 1618 E IMGSRV : :0: PVRSRVOpenDCDevice: Error - 138 returned
01-01 00:02:29.391 1275 1281 I zygote : Do partial code cache collection, code=25KB, data=30KB
01-01 00:02:29.392 1275 1281 I zygote : After code cache collection, code=25KB, data=30KB
01-01 00:02:29.392 1275 1281 I zygote : Increasing code cache capacity to 128KB
01-01 00:02:29.395 1595 1610 I vndksupport: sphal namespace is not configured for this process. Loading /vendor/lib/hw/gralloc.jacinto6.so from the current namespace instead.
01-01 00:02:29.396 1595 1610 D CameraHal: (ab8ff970) hardware/ti/dra7xx/camera/ANativeWindowDisplayAdapter.cpp:551 allocateBufferList - got handle 0xac714c58
01-01 00:02:29.403 1595 1610 D CameraHal: (ab8ff970) hardware/ti/dra7xx/camera/ANativeWindowDisplayAdapter.cpp:551 allocateBufferList - got handle 0xac714ce8
01-01 00:02:29.409 1595 1610 D CameraHal: (ab8ff970) hardware/ti/dra7xx/camera/ANativeWindowDisplayAdapter.cpp:551 allocateBufferList - got handle 0xac714d78
01-01 00:02:29.440 1595 1610 D CameraHal: (ab8ff970) hardware/ti/dra7xx/camera/ANativeWindowDisplayAdapter.cpp:551 allocateBufferList - got handle 0xac714eb0
01-01 00:02:29.445 1595 1610 D CameraHal: (ab8ff970) hardware/ti/dra7xx/camera/ANativeWindowDisplayAdapter.cpp:551 allocateBufferList - got handle 0xac714ef8
01-01 00:02:29.451 1595 1610 D CameraHal: (ab8ff970) hardware/ti/dra7xx/camera/ANativeWindowDisplayAdapter.cpp:551 allocateBufferList - got handle 0xac714d60
01-01 00:02:29.458 1595 1610 D CameraHal: (ab8ff970) hardware/ti/dra7xx/camera/ANativeWindowDisplayAdapter.cpp:551 allocateBufferList - got handle 0xac714f40
01-01 00:02:29.464 1595 1610 D CameraHal: (ab8ff970) hardware/ti/dra7xx/camera/ANativeWindowDisplayAdapter.cpp:551 allocateBufferList - got handle 0xac714fe8
01-01 00:02:29.464 1595 1610 V CameraHal: (ab8ff970) hardware/ti/dra7xx/camera/BaseCameraAdapter.cpp:314 addFramePointers - Adding Frame=0xac743800 Y=0xaafe2000 UV=0xab0c3001
01-01 00:02:29.464 1595 1610 V CameraHal: (ab8ff970) hardware/ti/dra7xx/camera/BaseCameraAdapter.cpp:314 addFramePointers - Adding Frame=0xac743880 Y=0xaae90000 UV=0xaaf71001
01-01 00:02:29.464 1595 1610 V CameraHal: (ab8ff970) hardware/ti/dra7xx/camera/BaseCameraAdapter.cpp:314 addFramePointers - Adding Frame=0xac743900 Y=0xaad3e000 UV=0xaae1f001
01-01 00:02:29.464 1595 1610 V CameraHal: (ab8ff970) hardware/ti/dra7xx/camera/BaseCameraAdapter.cpp:314 addFramePointers - Adding Frame=0xac743980 Y=0xaabec000 UV=0xaaccd001
01-01 00:02:29.464 1595 1610 V CameraHal: (ab8ff970) hardware/ti/dra7xx/camera/BaseCameraAdapter.cpp:314 addFramePointers - Adding Frame=0xac743a00 Y=0xaaa9a000 UV=0xaab7b001
01-01 00:02:29.464 1595 1610 V CameraHal: (ab8ff970) hardware/ti/dra7xx/camera/BaseCameraAdapter.cpp:314 addFramePointers - Adding Frame=0xac743a80 Y=0xaa948000 UV=0xaaa29001
01-01 00:02:29.465 1595 1610 V CameraHal: (ab8ff970) hardware/ti/dra7xx/camera/BaseCameraAdapter.cpp:314 addFramePointers - Adding Frame=0xac743b00 Y=0xaa7f6000 UV=0xaa8d7001
01-01 00:02:29.466 1595 1610 V CameraHal: (ab8ff970) hardware/ti/dra7xx/camera/BaseCameraAdapter.cpp:314 addFramePointers - Adding Frame=0xac743b80 Y=0xaa6a4000 UV=0xaa785001
01-01 00:02:29.466 1595 1610 D CameraHal: (ab8ff970) - hardware/ti/dra7xx/camera/ANativeWindowDisplayAdapter.cpp:454 allocateBufferList - EXIT
01-01 00:02:29.466 1595 1610 D CameraHal: (ab8ff970) + hardware/ti/dra7xx/camera/ANativeWindowDisplayAdapter.cpp:656 getOffsets - ENTER
01-01 00:02:29.466 1595 1610 D CameraHal: (ab8ff970) - hardware/ti/dra7xx/camera/ANativeWindowDisplayAdapter.cpp:681 getOffsets - EXIT
01-01 00:02:29.466 1595 1610 D CameraHal: (ab8ff970) + hardware/ti/dra7xx/camera/ANativeWindowDisplayAdapter.cpp:731 maxQueueableBuffers - ENTER
01-01 00:02:29.466 1595 1610 D CameraHal: (ab8ff970) + hardware/ti/dra7xx/camera/ANativeWindowDisplayAdapter.cpp:703 minUndequeueableBuffers - ENTER
01-01 00:02:29.466 1595 1610 D CameraHal: (ab8ff970) - hardware/ti/dra7xx/camera/ANativeWindowDisplayAdapter.cpp:703 minUndequeueableBuffers - EXIT
01-01 00:02:29.466 1595 1610 D CameraHal: (ab8ff970) - hardware/ti/dra7xx/camera/ANativeWindowDisplayAdapter.cpp:731 maxQueueableBuffers - EXIT
01-01 00:02:29.466 1595 1610 D CameraHal: (ab8ff970) - hardware/ti/dra7xx/camera/CameraHal.cpp:1395 allocPreviewBufs - EXIT
01-01 00:02:29.466 1595 1610 D CameraHal: (ab8ff970) + hardware/ti/dra7xx/camera/BaseCameraAdapter.cpp:410 sendCommand - ENTER
01-01 00:02:29.467 1595 1610 D CameraHal: (ab8ff970) hardware/ti/dra7xx/camera/BaseCameraAdapter.cpp:414 sendCommand - Use buffers for preview
01-01 00:02:29.467 1595 1610 D CameraHal: (ab8ff970) + hardware/ti/dra7xx/camera/BaseCameraAdapter.cpp:1903 setState - ENTER
01-01 00:02:29.467 1595 1610 D CameraHal: (ab8ff970) hardware/ti/dra7xx/camera/BaseCameraAdapter.cpp:1919 setState - Adapter state switch INTIALIZED_STATE->LOADED_PREVIEW_STATE event = CAMERA_USE_BUFFERS_PREVIEW
01-01 00:02:29.467 1595 1610 D CameraHal: (ab8ff970) - hardware/ti/dra7xx/camera/BaseCameraAdapter.cpp:2485 setState - EXIT
01-01 00:02:29.467 1595 1610 D CameraHal: (ab8ff970) + hardware/ti/dra7xx/camera/V4LCameraAdapter/V4LCameraAdapter.cpp:498 useBuffers - ENTER
01-01 00:02:29.467 1595 1610 D CameraHal: (ab8ff970) + hardware/ti/dra7xx/camera/V4LCameraAdapter/V4LCameraAdapter.cpp:571 UseBuffersPreview - ENTER
01-01 00:02:29.467 1595 1610 E CameraHal: (ab8ff970) hardware/ti/dra7xx/camera/V4LCameraAdapter/V4LCameraAdapter.cpp:124 v4lInitDmaBuf - Allocate CameraBufferlist [8][1280][720]
01-01 00:02:29.467 1595 1610 D CameraHal: (ab8ff970) + hardware/ti/dra7xx/camera/DrmMemoryManager.cpp:79 allocateBufferList - ENTER
01-01 00:02:29.467 1595 1610 V CameraHal: (ab8ff970) hardware/ti/dra7xx/camera/CameraHalCommon.cpp:157 getPixelFormatConstant - CbYCrY format selected
01-01 00:02:29.467 1595 1610 I chatty : uid=1047(cameraserver) HwBinder:1595_2 identical 6 lines
01-01 00:02:29.467 1595 1610 V CameraHal: (ab8ff970) hardware/ti/dra7xx/camera/CameraHalCommon.cpp:157 getPixelFormatConstant - CbYCrY format selected
01-01 00:02:29.467 1595 1610 D CameraHal: (ab8ff970) - hardware/ti/dra7xx/camera/DrmMemoryManager.cpp:138 allocateBufferList - EXIT
01-01 00:02:29.467 1595 1610 D CameraHal: (ab8ff970) hardware/ti/dra7xx/camera/V4LCameraAdapter/V4LCameraAdapter.cpp:589 UseBuffersPreview - Preview- buff [0] = 0xac743800 length=0
01-01 00:02:29.468 1595 1610 D CameraHal: (ab8ff970) hardware/ti/dra7xx/camera/V4LCameraAdapter/V4LCameraAdapter.cpp:589 UseBuffersPreview - Preview- buff [1] = 0xac743880 length=0
01-01 00:02:29.468 1595 1610 D CameraHal: (ab8ff970) hardware/ti/dra7xx/camera/V4LCameraAdapter/V4LCameraAdapter.cpp:589 UseBuffersPreview - Preview- buff [2] = 0xac743900 length=0
01-01 00:02:29.468 1595 1610 D CameraHal: (ab8ff970) hardware/ti/dra7xx/camera/V4LCameraAdapter/V4LCameraAdapter.cpp:589 UseBuffersPreview - Preview- buff [3] = 0xac743980 length=0
01-01 00:02:29.468 1595 1610 D CameraHal: (ab8ff970) hardware/ti/dra7xx/camera/V4LCameraAdapter/V4LCameraAdapter.cpp:589 UseBuffersPreview - Preview- buff [4] = 0xac743a00 length=0
01-01 00:02:29.468 1595 1610 D CameraHal: (ab8ff970) hardware/ti/dra7xx/camera/V4LCameraAdapter/V4LCameraAdapter.cpp:589 UseBuffersPreview - Preview- buff [5] = 0xac743a80 length=0
01-01 00:02:29.468 1595 1610 D CameraHal: (ab8ff970) hardware/ti/dra7xx/camera/V4LCameraAdapter/V4LCameraAdapter.cpp:589 UseBuffersPreview - Preview- buff [6] = 0xac743b00 length=0
01-01 00:02:29.468 1595 1610 D CameraHal: (ab8ff970) hardware/ti/dra7xx/camera/V4LCameraAdapter/V4LCameraAdapter.cpp:589 UseBuffersPreview - Preview- buff [7] = 0xac743b80 length=0
01-01 00:02:29.468 1595 1610 D CameraHal: (ab8ff970) - hardware/ti/dra7xx/camera/V4LCameraAdapter/V4LCameraAdapter.cpp:595 UseBuffersPreview - EXIT
01-01 00:02:29.468 1595 1610 D CameraHal: (ab8ff970) - hardware/ti/dra7xx/camera/V4LCameraAdapter/V4LCameraAdapter.cpp:527 useBuffers - EXIT
01-01 00:02:29.468 1595 1610 D CameraHal: (ab8ff970) + hardware/ti/dra7xx/camera/BaseCameraAdapter.cpp:2580 commitState - ENTER
01-01 00:02:29.468 1595 1610 D CameraHal: (ab8ff970) - hardware/ti/dra7xx/camera/BaseCameraAdapter.cpp:2586 commitState - EXIT
01-01 00:02:29.468 1595 1610 D CameraHal: (ab8ff970) - hardware/ti/dra7xx/camera/BaseCameraAdapter.cpp:1124 sendCommand - EXIT
01-01 00:02:29.468 1595 1610 D CameraHal: (ab8ff970) + hardware/ti/dra7xx/camera/AppCallbackNotifier.cpp:1627 start - ENTER
01-01 00:02:29.468 1595 1610 D CameraHal: (ab8ff970) hardware/ti/dra7xx/camera/AppCallbackNotifier.cpp:1630 start - AppCallbackNotifier already running
01-01 00:02:29.468 1595 1610 D CameraHal: (ab8ff970) - hardware/ti/dra7xx/camera/AppCallbackNotifier.cpp:1631 start - EXIT
01-01 00:02:29.468 1595 1610 D CameraHal: (ab8ff970) hardware/ti/dra7xx/camera/CameraHal.cpp:2005 cameraPreviewInitialization - AppCallbackNotifier already running
01-01 00:02:29.468 1595 1610 D CameraHal: (ab8ff970) + hardware/ti/dra7xx/camera/AppCallbackNotifier.cpp:1301 startPreviewCallbacks - ENTER
01-01 00:02:29.468 1595 1610 V CameraHal: (ab8ff970) hardware/ti/dra7xx/camera/CameraHalCommon.cpp:162 getPixelFormatConstant - YUV420SP format selected
01-01 00:02:29.468 173 173 W /system/bin/hw/android.hidl.allocator@1.0-service: ashmem_create_region(11059200) returning hidl_memory(0xb4b98820, 11059200)
01-01 00:02:29.475 1595 1610 D CameraHal: (ab8ff970) + hardware/ti/dra7xx/camera/CameraHal.cpp:343 msgTypeEnabled - ENTER
01-01 00:02:29.475 1595 1610 D CameraHal: (ab8ff970) + hardware/ti/dra7xx/camera/CameraHal.cpp:2579 previewEnabled - ENTER
01-01 00:02:29.475 1595 1610 D CameraHal: (ab8ff970) - hardware/ti/dra7xx/camera/CameraHal.cpp:2579 previewEnabled - EXIT
01-01 00:02:29.475 1595 1610 D CameraHal: (ab8ff970) - hardware/ti/dra7xx/camera/CameraHal.cpp:351 msgTypeEnabled - EXIT
01-01 00:02:29.475 1595 1610 D CameraHal: (ab8ff970) + hardware/ti/dra7xx/camera/CameraHal.cpp:343 msgTypeEnabled - ENTER
01-01 00:02:29.475 1595 1610 D CameraHal: (ab8ff970) + hardware/ti/dra7xx/camera/CameraHal.cpp:2579 previewEnabled - ENTER
01-01 00:02:29.475 1595 1610 D CameraHal: (ab8ff970) - hardware/ti/dra7xx/camera/CameraHal.cpp:2579 previewEnabled - EXIT
01-01 00:02:29.475 1595 1610 D CameraHal: (ab8ff970) - hardware/ti/dra7xx/camera/CameraHal.cpp:351 msgTypeEnabled - EXIT
01-01 00:02:29.475 1595 1610 D CameraHal: (ab8ff970) - hardware/ti/dra7xx/camera/AppCallbackNotifier.cpp:1351 startPreviewCallbacks - EXIT
01-01 00:02:29.475 1595 1610 D CameraHal: (ab8ff970) - hardware/ti/dra7xx/camera/CameraHal.cpp:1872 cameraPreviewInitialization - EXIT
01-01 00:02:29.475 1595 1610 D CameraHal: (ab8ff970) hardware/ti/dra7xx/camera/CameraHal.cpp:1788 startPreview - Enabling display
01-01 00:02:29.475 1595 1610 D CameraHal: (ab8ff970) + hardware/ti/dra7xx/camera/ANativeWindowDisplayAdapter.cpp:292 enableDisplay - ENTER
01-01 00:02:29.475 1595 1629 D CameraHal: (ab57f970) + hardware/ti/dra7xx/camera/ANativeWindowDisplayAdapter.cpp:936 processHalMsg - ENTER
01-01 00:02:29.475 1595 1629 D CameraHal: (ab57f970) hardware/ti/dra7xx/camera/ANativeWindowDisplayAdapter.cpp:947 processHalMsg - Display thread received DISPLAY_START command from Camera HAL
01-01 00:02:29.475 1595 1629 D CameraHal: (ab57f970) hardware/ti/dra7xx/camera/ANativeWindowDisplayAdapter.cpp:992 processHalMsg - +Signalling display semaphore
01-01 00:02:29.476 1595 1629 D CameraHal: (ab57f970) hardware/ti/dra7xx/camera/ANativeWindowDisplayAdapter.cpp:997 processHalMsg - -Signalling display semaphore
01-01 00:02:29.476 1595 1629 D CameraHal: (ab57f970) - hardware/ti/dra7xx/camera/ANativeWindowDisplayAdapter.cpp:1001 processHalMsg - EXIT
01-01 00:02:29.476 1595 1610 D CameraHal: (ab8ff970) + hardware/ti/dra7xx/camera/CameraHalUtilClasses.cpp:33 enableFrameNotification - ENTER
01-01 00:02:29.476 1595 1610 D CameraHal: (ab8ff970) + hardware/ti/dra7xx/camera/BaseCameraAdapter.cpp:176 enableMsgType - ENTER
01-01 00:02:29.476 1595 1610 V CameraHal: (ab8ff970) hardware/ti/dra7xx/camera/BaseCameraAdapter.cpp:183 enableMsgType - Frame message type id=0x1 subscription request
01-01 00:02:29.476 1595 1610 D CameraHal: (ab8ff970) - hardware/ti/dra7xx/camera/BaseCameraAdapter.cpp:229 enableMsgType - EXIT
01-01 00:02:29.476 1595 1610 D CameraHal: (ab8ff970) - hardware/ti/dra7xx/camera/CameraHalUtilClasses.cpp:43 enableFrameNotification - EXIT
01-01 00:02:29.476 1595 1610 D CameraHal: (ab8ff970) + hardware/ti/dra7xx/camera/CameraHalUtilClasses.cpp:33 enableFrameNotification - ENTER
01-01 00:02:29.476 1595 1610 D CameraHal: (ab8ff970) + hardware/ti/dra7xx/camera/BaseCameraAdapter.cpp:176 enableMsgType - ENTER
01-01 00:02:29.476 1595 1610 V CameraHal: (ab8ff970) hardware/ti/dra7xx/camera/BaseCameraAdapter.cpp:183 enableMsgType - Frame message type id=0x200 subscription request
01-01 00:02:29.476 1595 1610 D CameraHal: (ab8ff970) - hardware/ti/dra7xx/camera/BaseCameraAdapter.cpp:229 enableMsgType - EXIT
01-01 00:02:29.476 1595 1610 D CameraHal: (ab8ff970) - hardware/ti/dra7xx/camera/CameraHalUtilClasses.cpp:43 enableFrameNotification - EXIT
01-01 00:02:29.476 1595 1610 V CameraHal: (ab8ff970) hardware/ti/dra7xx/camera/ANativeWindowDisplayAdapter.cpp:334 enableDisplay - mPreviewWidth = 1280 mPreviewHeight = 720
01-01 00:02:29.476 1595 1610 D CameraHal: (ab8ff970) - hardware/ti/dra7xx/camera/ANativeWindowDisplayAdapter.cpp:336 enableDisplay - EXIT
01-01 00:02:29.476 1595 1610 D CameraHal: (ab8ff970) hardware/ti/dra7xx/camera/CameraHal.cpp:1816 startPreview - Starting CameraAdapter preview mode
01-01 00:02:29.476 1595 1610 D CameraHal: (ab8ff970) + hardware/ti/dra7xx/camera/BaseCameraAdapter.cpp:410 sendCommand - ENTER
01-01 00:02:29.476 1595 1610 D CameraHal: (ab8ff970) hardware/ti/dra7xx/camera/BaseCameraAdapter.cpp:659 sendCommand - Start Preview
01-01 00:02:29.476 1595 1610 D CameraHal: (ab8ff970) + hardware/ti/dra7xx/camera/BaseCameraAdapter.cpp:1903 setState - ENTER
01-01 00:02:29.476 1595 1610 D CameraHal: (ab8ff970) hardware/ti/dra7xx/camera/BaseCameraAdapter.cpp:1955 setState - Adapter state switch LOADED_PREVIEW_STATE->PREVIEW_STATE event = CAMERA_START_PREVIEW
01-01 00:02:29.476 1595 1610 D CameraHal: (ab8ff970) - hardware/ti/dra7xx/camera/BaseCameraAdapter.cpp:2485 setState - EXIT
01-01 00:02:29.476 1595 1610 D CameraHal: (ab8ff970) + hardware/ti/dra7xx/camera/V4LCameraAdapter/V4LCameraAdapter.cpp:639 startPreview - ENTER
01-01 00:02:29.493 1595 1610 D CameraHal: (ab8ff970) + hardware/ti/dra7xx/camera/V4LCameraAdapter/V4LCameraAdapter.cpp:139 v4lStartStreaming - ENTER
01-01 00:02:29.493 1595 1610 D CameraHal: (ab8ff970) hardware/ti/dra7xx/camera/V4LCameraAdapter/V4LCameraAdapter.cpp:440 applyFpsValue - Actual FPS set is : 30.
01-01 00:02:29.497 1595 1610 D CameraHal: (ab8ff970) + hardware/ti/dra7xx/camera/V4LCameraAdapter/V4LCameraAdapter.cpp:767 GetFrame - ENTER
01-01 00:02:29.547 1595 1610 E CameraHal: (ab8ff970) hardware/ti/dra7xx/camera/V4LCameraAdapter/V4LCameraAdapter.cpp:784 GetFrame - poll Failed: ret=0 revents=0x0 err=Success
01-01 00:02:29.547 1595 1610 D CameraHal: (ab8ff970) - hardware/ti/dra7xx/camera/V4LCameraAdapter/V4LCameraAdapter.cpp:767 GetFrame - EXIT
01-01 00:02:29.547 1595 1610 D CameraHal: (ab8ff970) - hardware/ti/dra7xx/camera/V4LCameraAdapter/V4LCameraAdapter.cpp:167 v4lStartStreaming - EXIT
01-01 00:02:29.547 1595 1610 D CameraHal: (ab8ff970) hardware/ti/dra7xx/camera/V4LCameraAdapter/V4LCameraAdapter.cpp:688 startPreview - Created preview thread
01-01 00:02:29.547 1595 1610 D CameraHal: (ab8ff970) - hardware/ti/dra7xx/camera/V4LCameraAdapter/V4LCameraAdapter.cpp:696 startPreview - EXIT
01-01 00:02:29.547 1595 1610 D CameraHal: (ab8ff970) + hardware/ti/dra7xx/camera/BaseCameraAdapter.cpp:2580 commitState - ENTER
01-01 00:02:29.547 1595 1610 D CameraHal: (ab8ff970) - hardware/ti/dra7xx/camera/BaseCameraAdapter.cpp:2586 commitState - EXIT
01-01 00:02:29.547 1595 1610 D CameraHal: (ab8ff970) - hardware/ti/dra7xx/camera/BaseCameraAdapter.cpp:1124 sendCommand - EXIT
01-01 00:02:29.547 1595 1610 D CameraHal: (ab8ff970) hardware/ti/dra7xx/camera/CameraHal.cpp:1824 startPreview - Started preview
01-01 00:02:29.547 1595 1610 D CameraHal: (ab8ff970) - hardware/ti/dra7xx/camera/CameraHal.cpp:1755 startPreview - EXIT
01-01 00:02:29.547 1595 1610 D CameraHal: (ab8ff970) - hardware/ti/dra7xx/camera/CameraHal_Module.cpp:227 camera_start_preview - EXIT
01-01 00:02:29.548 1275 1275 V CAM_CameraAppUI: onPreviewStarted
01-01 00:02:29.549 1595 1595 D CameraHal: (ad1cc4a8) + hardware/ti/dra7xx/camera/CameraHal_Module.cpp:517 camera_send_command - ENTER
01-01 00:02:29.549 1595 1595 D CameraHal: (ad1cc4a8) + hardware/ti/dra7xx/camera/CameraHal.cpp:3820 sendCommand - ENTER
01-01 00:02:29.549 1595 1595 D CameraHal: (ad1cc4a8) + hardware/ti/dra7xx/camera/CameraHal.cpp:2579 previewEnabled - ENTER
01-01 00:02:29.549 1595 1595 D CameraHal: (ad1cc4a8) - hardware/ti/dra7xx/camera/CameraHal.cpp:2579 previewEnabled - EXIT
01-01 00:02:29.549 1595 1595 D CameraHal: (ad1cc4a8) - hardware/ti/dra7xx/camera/CameraHal.cpp:3914 sendCommand - EXIT
01-01 00:02:29.549 1595 1595 D CameraHal: (ad1cc4a8) - hardware/ti/dra7xx/camera/CameraHal_Module.cpp:517 camera_send_command - EXIT
01-01 00:02:29.549 1595 1635 D CameraHal: (a8cc3970) + hardware/ti/dra7xx/camera/V4LCameraAdapter/V4LCameraAdapter.cpp:767 GetFrame - ENTER
01-01 00:02:29.549 1595 1635 D CameraHal: (a8cc3970) - hardware/ti/dra7xx/camera/V4LCameraAdapter/V4LCameraAdapter.cpp:809 GetFrame - EXIT
01-01 00:02:29.549 1595 1635 D CameraHal: (a8cc3970) hardware/ti/dra7xx/camera/V4LCameraAdapter/V4LCameraAdapter.cpp:1092 previewThread - GOT IN frame with ID=0
01-01 00:02:29.549 1595 1635 D CameraHal: (a8cc3970) + hardware/ti/dra7xx/camera/V4LCameraAdapter/V4LCameraAdapter.cpp:954 convertYUV422ToNV12Tiler - ENTER
01-01 00:02:29.550 1595 1595 D CameraHal: (ad1cc4a8) + hardware/ti/dra7xx/camera/CameraHal_Module.cpp:485 camera_get_parameters - ENTER
01-01 00:02:29.550 1595 1595 D CameraHal: (ad1cc4a8) + hardware/ti/dra7xx/camera/CameraHal.cpp:3616 getParameters - ENTER
01-01 00:02:29.550 1595 1595 D CameraHal: (ad1cc4a8) + hardware/ti/dra7xx/camera/V4LCameraAdapter/V4LCameraAdapter.cpp:483 getParameters - ENTER
01-01 00:02:29.550 1595 1595 D CameraHal: (ad1cc4a8) - hardware/ti/dra7xx/camera/V4LCameraAdapter/V4LCameraAdapter.cpp:489 getParameters - EXIT
01-01 00:02:29.550 1595 1595 D CameraHal: (ad1cc4a8) + hardware/ti/dra7xx/camera/CameraHal.cpp:4710 resetPreviewRes - ENTER
01-01 00:02:29.550 1595 1595 D CameraHal: (ad1cc4a8) - hardware/ti/dra7xx/camera/CameraHal.cpp:4716 resetPreviewRes - EXIT
01-01 00:02:29.550 1595 1595 D CameraHal: (ad1cc4a8) - hardware/ti/dra7xx/camera/CameraHal.cpp:3668 getParameters - EXIT
01-01 00:02:29.550 1595 1595 D CameraHal: (ad1cc4a8) - hardware/ti/dra7xx/camera/CameraHal_Module.cpp:485 camera_get_parameters - EXIT
01-01 00:02:29.550 1595 1595 D CameraHal: (ad1cc4a8) + hardware/ti/dra7xx/camera/CameraHal_Module.cpp:502 camera_put_parameters - ENTER
01-01 00:02:29.550 1595 1595 D CameraHal: (ad1cc4a8) - hardware/ti/dra7xx/camera/CameraHal_Module.cpp:502 camera_put_parameters - EXIT
01-01 00:02:29.554 1595 1595 D CameraHal: (ad1cc4a8) + hardware/ti/dra7xx/camera/CameraHal_Module.cpp:469 camera_set_parameters - ENTER
01-01 00:02:29.554 1595 1595 D CameraHal: (ad1cc4a8) + hardware/ti/dra7xx/camera/CameraHal.cpp:366 setParameters - ENTER
01-01 00:02:29.554 1595 1595 D CameraHal: (ad1cc4a8) + hardware/ti/dra7xx/camera/CameraHal.cpp:389 setParameters - ENTER
01-01 00:02:29.554 1595 1595 D CameraHal: (ad1cc4a8) + hardware/ti/dra7xx/camera/CameraHal.cpp:2579 previewEnabled - ENTER
01-01 00:02:29.554 1595 1595 D CameraHal: (ad1cc4a8) - hardware/ti/dra7xx/camera/CameraHal.cpp:2579 previewEnabled - EXIT
01-01 00:02:29.554 1595 1595 D CameraHal: (ad1cc4a8) hardware/ti/dra7xx/camera/CameraHal.cpp:553 setParameters - Recording Hint is set to true
01-01 00:02:29.554 1595 1595 V CameraHal: (ad1cc4a8) hardware/ti/dra7xx/camera/CameraHal.cpp:556 setParameters - Video Resolution: 1280 x 720
01-01 00:02:29.554 1595 1595 D CameraHal: (ad1cc4a8) + hardware/ti/dra7xx/camera/CameraHal.cpp:2710 setVideoModeParameters - ENTER
01-01 00:02:29.554 1595 1595 D CameraHal: (ad1cc4a8) - hardware/ti/dra7xx/camera/CameraHal.cpp:2783 setVideoModeParameters - EXIT
01-01 00:02:29.554 1595 1595 D CameraHal: (ad1cc4a8) + hardware/ti/dra7xx/camera/CameraHal.cpp:4248 isResolutionValid - ENTER
01-01 00:02:29.554 1595 1595 D CameraHal: (ad1cc4a8) + hardware/ti/dra7xx/camera/CameraHal.cpp:4313 isParameterValid - ENTER
01-01 00:02:29.554 1595 1595 D CameraHal: (ad1cc4a8) - hardware/ti/dra7xx/camera/CameraHal.cpp:4337 isParameterValid - EXIT
01-01 00:02:29.554 1595 1595 D CameraHal: (ad1cc4a8) - hardware/ti/dra7xx/camera/CameraHal.cpp:4264 isResolutionValid - EXIT
01-01 00:02:29.554 1595 1595 D CameraHal: (ad1cc4a8) hardware/ti/dra7xx/camera/CameraHal.cpp:598 setParameters - Preview Resolution: 1280 x 720
01-01 00:02:29.554 1595 1595 D CameraHal: (ad1cc4a8) + hardware/ti/dra7xx/camera/CameraHal.cpp:4313 isParameterValid - ENTER
01-01 00:02:29.555 1595 1595 D CameraHal: (ad1cc4a8) - hardware/ti/dra7xx/camera/CameraHal.cpp:4337 isParameterValid - EXIT
01-01 00:02:29.555 1595 1595 D CameraHal: (ad1cc4a8) hardware/ti/dra7xx/camera/CameraHal.cpp:602 setParameters - Focus mode set fixed
01-01 00:02:29.555 1595 1595 D CameraHal: (ad1cc4a8) + hardware/ti/dra7xx/camera/CameraHal.cpp:4248 isResolutionValid - ENTER
01-01 00:02:29.555 1595 1595 D CameraHal: (ad1cc4a8) + hardware/ti/dra7xx/camera/CameraHal.cpp:4313 isParameterValid - ENTER
01-01 00:02:29.555 1595 1595 D CameraHal: (ad1cc4a8) - hardware/ti/dra7xx/camera/CameraHal.cpp:4337 isParameterValid - EXIT
01-01 00:02:29.555 1595 1595 D CameraHal: (ad1cc4a8) - hardware/ti/dra7xx/camera/CameraHal.cpp:4264 isResolutionValid - EXIT
01-01 00:02:29.555 1595 1595 D CameraHal: (ad1cc4a8) hardware/ti/dra7xx/camera/CameraHal.cpp:646 setParameters - Picture Size by App 1280 x 720
01-01 00:02:29.555 1595 1595 D CameraHal: (ad1cc4a8) + hardware/ti/dra7xx/camera/CameraHal.cpp:4313 isParameterValid - ENTER
01-01 00:02:29.555 1595 1595 D CameraHal: (ad1cc4a8) - hardware/ti/dra7xx/camera/CameraHal.cpp:4337 isParameterValid - EXIT
01-01 00:02:29.555 1595 1595 D CameraHal: (ad1cc4a8) hardware/ti/dra7xx/camera/CameraHal.cpp:960 setParameters - Exposure compensation set 0
01-01 00:02:29.555 1595 1595 D CameraHal: (ad1cc4a8) hardware/ti/dra7xx/camera/CameraHal.cpp:999 setParameters - Rotation set 0
01-01 00:02:29.555 1595 1595 D CameraHal: (ad1cc4a8) hardware/ti/dra7xx/camera/CameraHal.cpp:1005 setParameters - Jpeg quality set 95
01-01 00:02:29.555 1595 1595 D CameraHal: (ad1cc4a8) hardware/ti/dra7xx/camera/CameraHal.cpp:1011 setParameters - Thumbnail width set 320
01-01 00:02:29.555 1595 1595 D CameraHal: (ad1cc4a8) hardware/ti/dra7xx/camera/CameraHal.cpp:1017 setParameters - Thumbnail width set 240
01-01 00:02:29.555 1595 1595 D CameraHal: (ad1cc4a8) hardware/ti/dra7xx/camera/CameraHal.cpp:1023 setParameters - Thumbnail quality set 50
01-01 00:02:29.555 1595 1595 D CameraHal: (ad1cc4a8) hardware/ti/dra7xx/camera/CameraHal.cpp:1130 setParameters - Zoom set 1
01-01 00:02:29.555 1595 1595 D CameraHal: (ad1cc4a8) hardware/ti/dra7xx/camera/CameraHal.cpp:1177 setParameters - External Gamma set false
01-01 00:02:29.555 1595 1595 D CameraHal: (ad1cc4a8) hardware/ti/dra7xx/camera/CameraHal.cpp:1183 setParameters - NSF1 set true
01-01 00:02:29.555 1595 1595 D CameraHal: (ad1cc4a8) hardware/ti/dra7xx/camera/CameraHal.cpp:1189 setParameters - NSF2 set true
01-01 00:02:29.555 1595 1595 D CameraHal: (ad1cc4a8) hardware/ti/dra7xx/camera/CameraHal.cpp:1195 setParameters - Sharpening set true
01-01 00:02:29.555 1595 1595 D CameraHal: (ad1cc4a8) hardware/ti/dra7xx/camera/CameraHal.cpp:1201 setParameters - Color Conversion set true
01-01 00:02:29.555 1595 1595 D CameraHal: (ad1cc4a8) hardware/ti/dra7xx/camera/CameraHal.cpp:1207 setParameters - Green Inballance Correction set true
01-01 00:02:29.555 1595 1595 D CameraHal: (ad1cc4a8) + hardware/ti/dra7xx/camera/V4LCameraAdapter/V4LCameraAdapter.cpp:450 setParameters - ENTER
01-01 00:02:29.555 1595 1595 D CameraHal: (ad1cc4a8) - hardware/ti/dra7xx/camera/V4LCameraAdapter/V4LCameraAdapter.cpp:476 setParameters - EXIT
01-01 00:02:29.555 1595 1595 D CameraHal: (ad1cc4a8) - hardware/ti/dra7xx/camera/CameraHal.cpp:1350 setParameters - EXIT
01-01 00:02:29.555 1595 1595 D CameraHal: (ad1cc4a8) - hardware/ti/dra7xx/camera/CameraHal.cpp:373 setParameters - EXIT
01-01 00:02:29.556 1595 1595 D CameraHal: (ad1cc4a8) - hardware/ti/dra7xx/camera/CameraHal_Module.cpp:469 camera_set_parameters - EXIT
01-01 00:02:29.570 1275 1295 D SharedPreferencesImpl: Time required to fsync /data/user/0/com.android.camera2/shared_prefs/com.android.camera2_preferences.xml: [<1: 0, <2: 0, <4: 0, <8: 0, <16: 3, <32: 1, <64: 1, <128: 0, <256: 0, <512: 1, <1024: 0, <2048: 0, <4096: 0, <8192: 0, <16384: 0, >=16384: 0]
01-01 00:02:29.571 1595 1635 D CameraHal: (a8cc3970) - hardware/ti/dra7xx/camera/V4LCameraAdapter/V4LCameraAdapter.cpp:1027 convertYUV422ToNV12Tiler - EXIT
01-01 00:02:29.571 1595 1635 V CameraHal: (a8cc3970) hardware/ti/dra7xx/camera/V4LCameraAdapter/V4LCameraAdapter.cpp:1116 previewThread - ##...index= 0.;camera buffer= 0xac743800; mapped= 0xaafe2000.
01-01 00:02:29.571 1595 1635 D CameraHal: (a8cc3970) + hardware/ti/dra7xx/camera/BaseCameraAdapter.cpp:1416 setInitFrameRefCount - ENTER
01-01 00:02:29.571 1595 1635 D CameraHal: (a8cc3970) + hardware/ti/dra7xx/camera/BaseCameraAdapter.cpp:1559 setFrameRefCountByType - ENTER
01-01 00:02:29.571 1595 1635 D CameraHal: (a8cc3970) - hardware/ti/dra7xx/camera/BaseCameraAdapter.cpp:1603 setFrameRefCountByType - EXIT
01-01 00:02:29.571 1595 1635 D CameraHal: (a8cc3970) - hardware/ti/dra7xx/camera/BaseCameraAdapter.cpp:1469 setInitFrameRefCount - EXIT
01-01 00:02:29.571 1595 1635 D CameraHal: (a8cc3970) + hardware/ti/dra7xx/camera/BaseCameraAdapter.cpp:1489 getFrameRefCountByType - ENTER
01-01 00:02:29.571 1595 1635 D CameraHal: (a8cc3970) - hardware/ti/dra7xx/camera/BaseCameraAdapter.cpp:1551 getFrameRefCountByType - EXIT
01-01 00:02:29.571 1595 1635 V CameraHal: (a8cc3970) hardware/ti/dra7xx/camera/BaseCameraAdapter.cpp:1390 __sendFrameToSubscribers - Type of Frame: 0x1 address: 0xac743800 refCount start 1
01-01 00:02:29.571 1595 1635 I CameraHal: (a8cc3970) hardware/ti/dra7xx/camera/CameraHalCommon.cpp:113 PPM - PPM: Standby to first shot: Sensor Change completed - :235.479 ms : 149571 ms
01-01 00:02:29.571 1595 1635 D CameraHal: (a8cc3970) hardware/ti/dra7xx/camera/ANativeWindowDisplayAdapter.cpp:1067 PostFrame - offset = 0 left = 0 top = 0 right = 1280 bottom = 720
01-01 00:02:29.573 1595 1635 D CameraHal: (a8cc3970) + hardware/ti/dra7xx/camera/V4LCameraAdapter/V4LCameraAdapter.cpp:767 GetFrame - ENTER
01-01 00:02:29.573 1595 1629 V CameraHal: (ab57f970) hardware/ti/dra7xx/camera/ANativeWindowDisplayAdapter.cpp:1214 handleFrameReturn - handleFrameReturn: found graphic buffer 6 of 7
01-01 00:02:29.573 1595 1629 D CameraHal: (ab57f970) + hardware/ti/dra7xx/camera/BaseCameraAdapter.cpp:1489 getFrameRefCountByType - ENTER
01-01 00:02:29.573 1595 1629 D CameraHal: (ab57f970) - hardware/ti/dra7xx/camera/BaseCameraAdapter.cpp:1551 getFrameRefCountByType - EXIT
01-01 00:02:29.573 1595 1629 D CameraHal: (ab57f970) + hardware/ti/dra7xx/camera/BaseCameraAdapter.cpp:1559 setFrameRefCountByType - ENTER
01-01 00:02:29.573 1595 1629 D CameraHal: (ab57f970) - hardware/ti/dra7xx/camera/BaseCameraAdapter.cpp:1603 setFrameRefCountByType - EXIT
01-01 00:02:29.573 1595 1629 V CameraHal: (ab57f970) hardware/ti/dra7xx/camera/BaseCameraAdapter.cpp:378 returnFrame - REFCOUNT 0xac743b00 0
01-01 00:02:29.573 1595 1629 V CameraHal: (ab57f970) hardware/ti/dra7xx/camera/CameraHal.cpp:4722 camera_buffer_get_omx_ptr - buffer_type 2 opaque 0xac714f40
01-01 00:02:29.573 1595 1629 V CameraHal: (ab57f970) hardware/ti/dra7xx/camera/CameraHal.cpp:4726 camera_buffer_get_omx_ptr - anw ac72cd20
01-01 00:02:29.573 1595 1629 V CameraHal: (ab57f970) hardware/ti/dra7xx/camera/CameraHal.cpp:4722 camera_buffer_get_omx_ptr - buffer_type 2 opaque 0xac714f40
01-01 00:02:29.573 1595 1629 V CameraHal: (ab57f970) hardware/ti/dra7xx/camera/CameraHal.cpp:4726 camera_buffer_get_omx_ptr - anw ac72cd20
01-01 00:02:29.573 1595 1629 D CameraHal: (ab57f970) + hardware/ti/dra7xx/camera/V4LCameraAdapter/V4LCameraAdapter.cpp:370 fillThisBuffer - ENTER
01-01 00:02:29.573 1595 1629 D CameraHal: (ab57f970) hardware/ti/dra7xx/camera/V4LCameraAdapter/V4LCameraAdapter.cpp:411 fillThisBuffer - Will return buffer to V4L with id=6
01-01 00:02:29.576 1595 1629 D CameraHal: (ab57f970) - hardware/ti/dra7xx/camera/V4LCameraAdapter/V4LCameraAdapter.cpp:421 fillThisBuffer - EXIT
01-01 00:02:29.581 1595 1635 D CameraHal: (a8cc3970) - hardware/ti/dra7xx/camera/V4LCameraAdapter/V4LCameraAdapter.cpp:809 GetFrame - EXIT
01-01 00:02:29.581 1595 1635 D CameraHal: (a8cc3970) hardware/ti/dra7xx/camera/V4LCameraAdapter/V4LCameraAdapter.cpp:1092 previewThread - GOT IN frame with ID=1
01-01 00:02:29.581 1595 1635 D CameraHal: (a8cc3970) + hardware/ti/dra7xx/camera/V4LCameraAdapter/V4LCameraAdapter.cpp:954 convertYUV422ToNV12Tiler - ENTER
01-01 00:02:29.582 1275 1275 V CAM_CameraAppUI: hiding cover via onSurfaceTextureUpdated
01-01 00:02:29.582 1275 1275 D CameraPerformanceTracker: First preview frame received
01-01 00:02:29.604 1595 1635 D CameraHal: (a8cc3970) - hardware/ti/dra7xx/camera/V4LCameraAdapter/V4LCameraAdapter.cpp:1027 convertYUV422ToNV12Tiler - EXIT
01-01 00:02:29.604 1595 1635 V CameraHal: (a8cc3970) hardware/ti/dra7xx/camera/V4LCameraAdapter/V4LCameraAdapter.cpp:1116 previewThread - ##...index= 1.;camera buffer= 0xac743880; mapped= 0xaae90000.
01-01 00:02:29.604 1595 1635 D CameraHal: (a8cc3970) + hardware/ti/dra7xx/camera/BaseCameraAdapter.cpp:1416 setInitFrameRefCount - ENTER
01-01 00:02:29.604 1595 1635 D CameraHal: (a8cc3970) + hardware/ti/dra7xx/camera/BaseCameraAdapter.cpp:1559 setFrameRefCountByType - ENTER
01-01 00:02:29.604 1595 1635 D CameraHal: (a8cc3970) - hardware/ti/dra7xx/camera/BaseCameraAdapter.cpp:1603 setFrameRefCountByType - EXIT
01-01 00:02:29.604 1595 1635 D CameraHal: (a8cc3970) - hardware/ti/dra7xx/camera/BaseCameraAdapter.cpp:1469 setInitFrameRefCount - EXIT
01-01 00:02:29.604 1595 1635 D CameraHal: (a8cc3970) + hardware/ti/dra7xx/camera/BaseCameraAdapter.cpp:1489 getFrameRefCountByType - ENTER
01-01 00:02:29.604 1595 1635 D CameraHal: (a8cc3970) - hardware/ti/dra7xx/camera/BaseCameraAdapter.cpp:1551 getFrameRefCountByType - EXIT
01-01 00:02:29.604 1595 1635 V CameraHal: (a8cc3970) hardware/ti/dra7xx/camera/BaseCameraAdapter.cpp:1390 __sendFrameToSubscribers - Type of Frame: 0x1 address: 0xac743880 refCount start 1
01-01 00:02:29.605 1595 1635 D CameraHal: (a8cc3970) + hardware/ti/dra7xx/camera/V4LCameraAdapter/V4LCameraAdapter.cpp:767 GetFrame - ENTER
01-01 00:02:29.605 1595 1629 V CameraHal: (ab57f970) hardware/ti/dra7xx/camera/ANativeWindowDisplayAdapter.cpp:1214 handleFrameReturn - handleFrameReturn: found graphic buffer 7 of 7
01-01 00:02:29.605 1595 1629 D CameraHal: (ab57f970) + hardware/ti/dra7xx/camera/BaseCameraAdapter.cpp:1489 getFrameRefCountByType - ENTER
01-01 00:02:29.605 1595 1629 D CameraHal: (ab57f970) - hardware/ti/dra7xx/camera/BaseCameraAdapter.cpp:1551 getFrameRefCountByType - EXIT
01-01 00:02:29.605 1595 1629 D CameraHal: (ab57f970) + hardware/ti/dra7xx/camera/BaseCameraAdapter.cpp:1559 setFrameRefCountByType - ENTER
01-01 00:02:29.605 1595 1629 D CameraHal: (ab57f970) - hardware/ti/dra7xx/camera/BaseCameraAdapter.cpp:1603 setFrameRefCountByType - EXIT
01-01 00:02:29.605 1595 1629 V CameraHal: (ab57f970) hardware/ti/dra7xx/camera/BaseCameraAdapter.cpp:378 returnFrame - REFCOUNT 0xac743b80 0
01-01 00:02:29.605 1595 1629 V CameraHal: (ab57f970) hardware/ti/dra7xx/camera/CameraHal.cpp:4722 camera_buffer_get_omx_ptr - buffer_type 2 opaque 0xac714fe8
01-01 00:02:29.605 1595 1629 V CameraHal: (ab57f970) hardware/ti/dra7xx/camera/CameraHal.cpp:4726 camera_buffer_get_omx_ptr - anw ac72cd70
01-01 00:02:29.605 1595 1629 V CameraHal: (ab57f970) hardware/ti/dra7xx/camera/CameraHal.cpp:4722 camera_buffer_get_omx_ptr - buffer_type 2 opaque 0xac714fe8
01-01 00:02:29.605 1595 1629 V CameraHal: (ab57f970) hardware/ti/dra7xx/camera/CameraHal.cpp:4726 camera_buffer_get_omx_ptr - anw ac72cd70
01-01 00:02:29.605 1595 1629 D CameraHal: (ab57f970) + hardware/ti/dra7xx/camera/V4LCameraAdapter/V4LCameraAdapter.cpp:370 fillThisBuffer - ENTER
01-01 00:02:29.605 1595 1629 D CameraHal: (ab57f970) hardware/ti/dra7xx/camera/V4LCameraAdapter/V4LCameraAdapter.cpp:411 fillThisBuffer - Will return buffer to V4L with id=7
01-01 00:02:29.608 1595 1629 D CameraHal: (ab57f970) - hardware/ti/dra7xx/camera/V4LCameraAdapter/V4LCameraAdapter.cpp:421 fillThisBuffer - EXIT
01-01 00:02:29.614 1595 1635 D CameraHal: (a8cc3970) - hardware/ti/dra7xx/camera/V4LCameraAdapter/V4LCameraAdapter.cpp:809 GetFrame - EXIT
01-01 00:02:29.614 1595 1635 D CameraHal: (a8cc3970) hardware/ti/dra7xx/camera/V4LCameraAdapter/V4LCameraAdapter.cpp:1092 previewThread - GOT IN frame with ID=2
01-01 00:02:29.614 1595 1635 D CameraHal: (a8cc3970) + hardware/ti/dra7xx/camera/V4LCameraAdapter/V4LCameraAdapter.cpp:954 convertYUV422ToNV12Tiler - ENTER
01-01 00:02:29.636 1595 1635 D CameraHal: (a8cc3970) - hardware/ti/dra7xx/camera/V4LCameraAdapter/V4LCameraAdapter.cpp:1027 convertYUV422ToNV12Tiler - EXIT
01-01 00:02:29.636 1595 1635 V CameraHal: (a8cc3970) hardware/ti/dra7xx/camera/V4LCameraAdapter/V4LCameraAdapter.cpp:1116 previewThread - ##...index= 2.;camera buffer= 0xac743900; mapped= 0xaad3e000.
01-01 00:02:29.636 1595 1635 D CameraHal: (a8cc3970) + hardware/ti/dra7xx/camera/BaseCameraAdapter.cpp:1416 setInitFrameRefCount - ENTER
01-01 00:02:29.636 1595 1635 D CameraHal: (a8cc3970) + hardware/ti/dra7xx/camera/BaseCameraAdapter.cpp:1559 setFrameRefCountByType - ENTER
01-01 00:02:29.636 1595 1635 D CameraHal: (a8cc3970) - hardware/ti/dra7xx/camera/BaseCameraAdapter.cpp:1603 setFrameRefCountByType - EXIT
01-01 00:02:29.636 1595 1635 D CameraHal: (a8cc3970) - hardware/ti/dra7xx/camera/BaseCameraAdapter.cpp:1469 setInitFrameRefCount - EXIT
01-01 00:02:29.636 1595 1635 D CameraHal: (a8cc3970) + hardware/ti/dra7xx/camera/BaseCameraAdapter.cpp:1489 getFrameRefCountByType - ENTER
01-01 00:02:29.636 1595 1635 D CameraHal: (a8cc3970) - hardware/ti/dra7xx/camera/BaseCameraAdapter.cpp:1551 getFrameRefCountByType - EXIT
01-01 00:02:29.636 1595 1635 V CameraHal: (a8cc3970) hardware/ti/dra7xx/camera/BaseCameraAdapter.cpp:1390 __sendFrameToSubscribers - Type of Frame: 0x1 address: 0xac743900 refCount start 1
01-01 00:02:29.637 1595 1635 D CameraHal: (a8cc3970) + hardware/ti/dra7xx/camera/V4LCameraAdapter/V4LCameraAdapter.cpp:767 GetFrame - ENTER
01-01 00:02:29.638 1595 1629 V CameraHal: (ab57f970) hardware/ti/dra7xx/camera/ANativeWindowDisplayAdapter.cpp:1214 handleFrameReturn - handleFrameReturn: found graphic buffer 0 of 7
01-01 00:02:29.638 1595 1629 D CameraHal: (ab57f970) + hardware/ti/dra7xx/camera/BaseCameraAdapter.cpp:1489 getFrameRefCountByType - ENTER
01-01 00:02:29.638 1595 1629 D CameraHal: (ab57f970) - hardware/ti/dra7xx/camera/BaseCameraAdapter.cpp:1551 getFrameRefCountByType - EXIT
01-01 00:02:29.638 1595 1629 D CameraHal: (ab57f970) + hardware/ti/dra7xx/camera/BaseCameraAdapter.cpp:1559 setFrameRefCountByType - ENTER
01-01 00:02:29.638 1595 1629 D CameraHal: (ab57f970) - hardware/ti/dra7xx/camera/BaseCameraAdapter.cpp:1603 setFrameRefCountByType - EXIT
01-01 00:02:29.638 1595 1629 V CameraHal: (ab57f970) hardware/ti/dra7xx/camera/BaseCameraAdapter.cpp:378 returnFrame - REFCOUNT 0xac743800 0
01-01 00:02:29.638 1595 1629 V CameraHal: (ab57f970) hardware/ti/dra7xx/camera/CameraHal.cpp:4722 camera_buffer_get_omx_ptr - buffer_type 2 opaque 0xac714c58
01-01 00:02:29.638 1595 1629 V CameraHal: (ab57f970) hardware/ti/dra7xx/camera/CameraHal.cpp:4726 camera_buffer_get_omx_ptr - anw ac72caf0
01-01 00:02:29.638 1595 1629 V CameraHal: (ab57f970) hardware/ti/dra7xx/camera/CameraHal.cpp:4722 camera_buffer_get_omx_ptr - buffer_type 2 opaque 0xac714c58
01-01 00:02:29.638 1595 1629 V CameraHal: (ab57f970) hardware/ti/dra7xx/camera/CameraHal.cpp:4726 camera_buffer_get_omx_ptr - anw ac72caf0
01-01 00:02:29.638 1595 1629 D CameraHal: (ab57f970) + hardware/ti/dra7xx/camera/V4LCameraAdapter/V4LCameraAdapter.cpp:370 fillThisBuffer - ENTER
01-01 00:02:29.638 1595 1629 D CameraHal: (ab57f970) hardware/ti/dra7xx/camera/V4LCameraAdapter/V4LCameraAdapter.cpp:411 fillThisBuffer - Will return buffer to V4L with id=0
01-01 00:02:29.638 1595 1629 D CameraHal: (ab57f970) - hardware/ti/dra7xx/camera/V4LCameraAdapter/V4LCameraAdapter.cpp:421 fillThisBuffer - EXIT
01-01 00:02:29.647 1595 1635 D CameraHal: (a8cc3970) - hardware/ti/dra7xx/camera/V4LCameraAdapter/V4LCameraAdapter.cpp:809 GetFrame - EXIT
01-01 00:02:29.647 1595 1635 D CameraHal: (a8cc3970) hardware/ti/dra7xx/camera/V4LCameraAdapter/V4LCameraAdapter.cpp:1092 previewThread - GOT IN frame with ID=3
01-01 00:02:29.647 1595 1635 D CameraHal: (a8cc3970) + hardware/ti/dra7xx/camera/V4LCameraAdapter/V4LCameraAdapter.cpp:954 convertYUV422ToNV12Tiler - ENTER
01-01 00:02:29.666 1595 1635 D CameraHal: (a8cc3970) - hardware/ti/dra7xx/camera/V4LCameraAdapter/V4LCameraAdapter.cpp:1027 convertYUV422ToNV12Tiler - EXIT
01-01 00:02:29.666 1595 1635 V CameraHal: (a8cc3970) hardware/ti/dra7xx/camera/V4LCameraAdapter/V4LCameraAdapter.cpp:1116 previewThread - ##...index= 3.;camera buffer= 0xac743980; mapped= 0xaabec000.
01-01 00:02:29.666 1595 1635 D CameraHal: (a8cc3970) + hardware/ti/dra7xx/camera/BaseCameraAdapter.cpp:1416 setInitFrameRefCount - ENTER
01-01 00:02:29.666 1595 1635 D CameraHal: (a8cc3970) + hardware/ti/dra7xx/camera/BaseCameraAdapter.cpp:1559 setFrameRefCountByType - ENTER
01-01 00:02:29.666 1595 1635 D CameraHal: (a8cc3970) - hardware/ti/dra7xx/camera/BaseCameraAdapter.cpp:1603 setFrameRefCountByType - EXIT
01-01 00:02:29.666 1595 1635 D CameraHal: (a8cc3970) - hardware/ti/dra7xx/camera/BaseCameraAdapter.cpp:1469 setInitFrameRefCount - EXIT
01-01 00:02:29.666 1595 1635 D CameraHal: (a8cc3970) + hardware/ti/dra7xx/camera/BaseCameraAdapter.cpp:1489 getFrameRefCountByType - ENTER
01-01 00:02:29.666 1595 1635 D CameraHal: (a8cc3970) - hardware/ti/dra7xx/camera/BaseCameraAdapter.cpp:1551 getFrameRefCountByType - EXIT
01-01 00:02:29.666 1595 1635 V CameraHal: (a8cc3970) hardware/ti/dra7xx/camera/BaseCameraAdapter.cpp:1390 __sendFrameToSubscribers - Type of Frame: 0x1 address: 0xac743980 refCount start 1
01-01 00:02:29.667 1595 1635 D CameraHal: (a8cc3970) + hardware/ti/dra7xx/camera/V4LCameraAdapter/V4LCameraAdapter.cpp:767 GetFrame - ENTER
01-01 00:02:29.669 1595 1629 V CameraHal: (ab57f970) hardware/ti/dra7xx/camera/ANativeWindowDisplayAdapter.cpp:1214 handleFrameReturn - handleFrameReturn: found graphic buffer 1 of 7
01-01 00:02:29.669 1595 1629 D CameraHal: (ab57f970) + hardware/ti/dra7xx/camera/BaseCameraAdapter.cpp:1489 getFrameRefCountByType - ENTER
01-01 00:02:29.669 1595 1629 D CameraHal: (ab57f970) - hardware/ti/dra7xx/camera/BaseCameraAdapter.cpp:1551 getFrameRefCountByType - EXIT
01-01 00:02:29.669 1595 1629 D CameraHal: (ab57f970) + hardware/ti/dra7xx/camera/BaseCameraAdapter.cpp:1559 setFrameRefCountByType - ENTER
01-01 00:02:29.669 1595 1629 D CameraHal: (ab57f970) - hardware/ti/dra7xx/camera/BaseCameraAdapter.cpp:1603 setFrameRefCountByType - EXIT
01-01 00:02:29.669 1595 1629 V CameraHal: (ab57f970) hardware/ti/dra7xx/camera/BaseCameraAdapter.cpp:378 returnFrame - REFCOUNT 0xac743880 0
01-01 00:02:29.669 1595 1629 V CameraHal: (ab57f970) hardware/ti/dra7xx/camera/CameraHal.cpp:4722 camera_buffer_get_omx_ptr - buffer_type 2 opaque 0xac714ce8
01-01 00:02:29.669 1595 1629 V CameraHal: (ab57f970) hardware/ti/dra7xx/camera/CameraHal.cpp:4726 camera_buffer_get_omx_ptr - anw ac72cb40
01-01 00:02:29.669 1595 1629 V CameraHal: (ab57f970) hardware/ti/dra7xx/camera/CameraHal.cpp:4722 camera_buffer_get_omx_ptr - buffer_type 2 opaque 0xac714ce8
01-01 00:02:29.669 1595 1629 V CameraHal: (ab57f970) hardware/ti/dra7xx/camera/CameraHal.cpp:4726 camera_buffer_get_omx_ptr - anw ac72cb40
01-01 00:02:29.670 1595 1629 D CameraHal: (ab57f970) + hardware/ti/dra7xx/camera/V4LCameraAdapter/V4LCameraAdapter.cpp:370 fillThisBuffer - ENTER
01-01 00:02:29.670 1595 1629 D CameraHal: (ab57f970) hardware/ti/dra7xx/camera/V4LCameraAdapter/V4LCameraAdapter.cpp:411 fillThisBuffer - Will return buffer to V4L with id=1
01-01 00:02:29.671 1595 1629 D CameraHal: (ab57f970) - hardware/ti/dra7xx/camera/V4LCameraAdapter/V4LCameraAdapter.cpp:421 fillThisBuffer - EXIT
01-01 00:02:29.681 1595 1635 D CameraHal: (a8cc3970) - hardware/ti/dra7xx/camera/V4LCameraAdapter/V4LCameraAdapter.cpp:809 GetFrame - EXIT
01-01 00:02:29.681 1595 1635 D CameraHal: (a8cc3970) hardware/ti/dra7xx/camera/V4LCameraAdapter/V4LCameraAdapter.cpp:1092 previewThread - GOT IN frame with ID=4
01-01 00:02:29.681 1595 1635 D CameraHal: (a8cc3970) + hardware/ti/dra7xx/camera/V4LCameraAdapter/V4LCameraAdapter.cpp:954 convertYUV422ToNV12Tiler - ENTER
01-01 00:02:29.697 1595 1635 D CameraHal: (a8cc3970) - hardware/ti/dra7xx/camera/V4LCameraAdapter/V4LCameraAdapter.cpp:1027 convertYUV422ToNV12Tiler - EXIT
01-01 00:02:29.697 1595 1635 V CameraHal: (a8cc3970) hardware/ti/dra7xx/camera/V4LCameraAdapter/V4LCameraAdapter.cpp:1116 previewThread - ##...index= 4.;camera buffer= 0xac743a00; mapped= 0xaaa9a000.
01-01 00:02:29.697 1595 1635 D CameraHal: (a8cc3970) + hardware/ti/dra7xx/camera/BaseCameraAdapter.cpp:1416 setInitFrameRefCount - ENTER
01-01 00:02:29.697 1595 1635 D CameraHal: (a8cc3970) + hardware/ti/dra7xx/camera/BaseCameraAdapter.cpp:1559 setFrameRefCountByType - ENTER
01-01 00:02:29.697 1595 1635 D CameraHal: (a8cc3970) - hardware/ti/dra7xx/camera/BaseCameraAdapter.cpp:1603 setFrameRefCountByType - EXIT
01-01 00:02:29.697 1595 1635 D CameraHal: (a8cc3970) - hardware/ti/dra7xx/camera/BaseCameraAdapter.cpp:1469 setInitFrameRefCount - EXIT
01-01 00:02:29.697 1595 1635 D CameraHal: (a8cc3970) + hardware/ti/dra7xx/camera/BaseCameraAdapter.cpp:1489 getFrameRefCountByType - ENTER
01-01 00:02:29.697 1595 1635 D CameraHal: (a8cc3970) - hardware/ti/dra7xx/camera/BaseCameraAdapter.cpp:1551 getFrameRefCountByType - EXIT
01-01 00:02:29.697 1595 1635 V CameraHal: (a8cc3970) hardware/ti/dra7xx/camera/BaseCameraAdapter.cpp:1390 __sendFrameToSubscribers - Type of Frame: 0x1 address: 0xac743a00 refCount start 1
01-01 00:02:29.698 1595 1635 D CameraHal: (a8cc3970) + hardware/ti/dra7xx/camera/V4LCameraAdapter/V4LCameraAdapter.cpp:767 GetFrame - ENTER
01-01 00:02:29.700 1595 1629 V CameraHal: (ab57f970) hardware/ti/dra7xx/camera/ANativeWindowDisplayAdapter.cpp:1214 handleFrameReturn - handleFrameReturn: found graphic buffer 2 of 7
01-01 00:02:29.700 1595 1629 D CameraHal: (ab57f970) + hardware/ti/dra7xx/camera/BaseCameraAdapter.cpp:1489 getFrameRefCountByType - ENTER
01-01 00:02:29.700 1595 1629 D CameraHal: (ab57f970) - hardware/ti/dra7xx/camera/BaseCameraAdapter.cpp:1551 getFrameRefCountByType - EXIT
01-01 00:02:29.700 1595 1629 D CameraHal: (ab57f970) + hardware/ti/dra7xx/camera/BaseCameraAdapter.cpp:1559 setFrameRefCountByType - ENTER
01-01 00:02:29.700 1595 1629 D CameraHal: (ab57f970) - hardware/ti/dra7xx/camera/BaseCameraAdapter.cpp:1603 setFrameRefCountByType - EXIT
01-01 00:02:29.700 1595 1629 V CameraHal: (ab57f970) hardware/ti/dra7xx/camera/BaseCameraAdapter.cpp:378 returnFrame - REFCOUNT 0xac743900 0
01-01 00:02:29.700 1595 1629 V CameraHal: (ab57f970) hardware/ti/dra7xx/camera/CameraHal.cpp:4722 camera_buffer_get_omx_ptr - buffer_type 2 opaque 0xac714d78
01-01 00:02:29.700 1595 1629 V CameraHal: (ab57f970) hardware/ti/dra7xx/camera/CameraHal.cpp:4726 camera_buffer_get_omx_ptr - anw ac72cb90
01-01 00:02:29.700 1595 1629 V CameraHal: (ab57f970) hardware/ti/dra7xx/camera/CameraHal.cpp:4722 camera_buffer_get_omx_ptr - buffer_type 2 opaque 0xac714d78
01-01 00:02:29.700 1595 1629 V CameraHal: (ab57f970) hardware/ti/dra7xx/camera/CameraHal.cpp:4726 camera_buffer_get_omx_ptr - anw ac72cb90
01-01 00:02:29.700 1595 1629 D CameraHal: (ab57f970) + hardware/ti/dra7xx/camera/V4LCameraAdapter/V4LCameraAdapter.cpp:370 fillThisBuffer - ENTER
01-01 00:02:29.700 1595 1629 D CameraHal: (ab57f970) hardware/ti/dra7xx/camera/V4LCameraAdapter/V4LCameraAdapter.cpp:411 fillThisBuffer - Will return buffer to V4L with id=2
01-01 00:02:29.703 1595 1629 D CameraHal: (ab57f970) - hardware/ti/dra7xx/camera/V4LCameraAdapter/V4LCameraAdapter.cpp:421 fillThisBuffer - EXIT
01-01 00:02:29.714 1595 1635 D CameraHal: (a8cc3970) - hardware/ti/dra7xx/camera/V4LCameraAdapter/V4LCameraAdapter.cpp:809 GetFrame - EXIT
01-01 00:02:29.714 1595 1635 D CameraHal: (a8cc3970) hardware/ti/dra7xx/camera/V4LCameraAdapter/V4LCameraAdapter.cpp:1092 previewThread - GOT IN frame with ID=5
01-01 00:02:29.714 1595 1635 D CameraHal: (a8cc3970) + hardware/ti/dra7xx/camera/V4LCameraAdapter/V4LCameraAdapter.cpp:954 convertYUV422ToNV12Tiler - ENTER
01-01 00:02:29.730 1595 1635 D CameraHal: (a8cc3970) - hardware/ti/dra7xx/camera/V4LCameraAdapter/V4LCameraAdapter.cpp:1027 convertYUV422ToNV12Tiler - EXIT
01-01 00:02:29.730 1595 1635 V CameraHal: (a8cc3970) hardware/ti/dra7xx/camera/V4LCameraAdapter/V4LCameraAdapter.cpp:1116 previewThread - ##...index= 5.;camera buffer= 0xac743a80; mapped= 0xaa948000.
01-01 00:02:29.730 1595 1635 D CameraHal: (a8cc3970) + hardware/ti/dra7xx/camera/BaseCameraAdapter.cpp:1416 setInitFrameRefCount - ENTER
01-01 00:02:29.730 1595 1635 D CameraHal: (a8cc3970) + hardware/ti/dra7xx/camera/BaseCameraAdapter.cpp:1559 setFrameRefCountByType - ENTER
