01-01 00:02:16.280 153 153 W /system/bin/hwservicemanager: getTransportFromManifest: Cannot find entry android.hardware.media.omx@1.0::IOmx in either framework or device manifest, using default transport.
01-01 00:02:16.281 1275 1485 I OMXClient: Treble IOmx obtained
01-01 00:02:16.283 237 535 I OMXMaster: makeComponentInstance(OMX.google.vorbis.decoder) in omx@1.0-service process
01-01 00:02:16.300 237 574 E OMXNodeInstance: getConfig(0xac1a35c0:google.vorbis.decoder, ConfigAndroidVendorExtension(0x6f100004)) ERROR: Undefined(0x80001001)
01-01 00:02:16.305 173 173 W /system/bin/hw/android.hidl.allocator@1.0-service: ashmem_create_region(32768) returning hidl_memory(0xb4b98820, 32768)
01-01 00:02:16.319 173 173 W /system/bin/hw/android.hidl.allocator@1.0-service: ashmem_create_region(32768) returning hidl_memory(0xb4b98820, 32768)
01-01 00:02:16.320 233 1486 D NuPlayerDriver: notifyListener_l(0xb22300e0), (1, 0, 0, -1), loop setting(0, 0)
01-01 00:02:16.320 173 173 W /system/bin/hw/android.hidl.allocator@1.0-service: ashmem_create_region(32768) returning hidl_memory(0xb4b98820, 32768)
01-01 00:02:16.321 233 1446 D NuPlayerDriver: NuPlayerDriver(0xb2230540) created, clientPid(224)
01-01 00:02:16.324 153 153 W /system/bin/hwservicemanager: getTransportFromManifest: Cannot find entry android.hardware.media.omx@1.0::IOmx in either framework or device manifest, using default transport.
01-01 00:02:16.330 173 173 W /system/bin/hw/android.hidl.allocator@1.0-service: ashmem_create_region(32768) returning hidl_memory(0xb4b98820, 32768)
01-01 00:02:16.335 173 173 I chatty : uid=1000(system) allocator@1.0-s identical 3 lines
01-01 00:02:16.335 173 173 W /system/bin/hw/android.hidl.allocator@1.0-service: ashmem_create_region(32768) returning hidl_memory(0xb4b98820, 32768)
01-01 00:02:16.346 233 1492 D NuPlayerDriver: notifyListener_l(0xb2230540), (1, 0, 0, -1), loop setting(0, 0)
01-01 00:02:16.348 224 320 I CameraHardwareInterface: Opening camera 0
01-01 00:02:16.348 176 296 I CamDev@1.0-impl: Opening camera 0
01-01 00:02:16.348 176 296 D CameraHal: (aaa02970) + hardware/ti/dra7xx/camera/CameraProperties.cpp:67 initialize - ENTER
01-01 00:02:16.348 176 296 D CameraHal: (aaa02970) - hardware/ti/dra7xx/camera/CameraProperties.cpp:67 initialize - EXIT
01-01 00:02:16.348 176 296 D CameraHal: (aaa02970) + hardware/ti/dra7xx/camera/CameraParameters.cpp:152 getProperties - ENTER
01-01 00:02:16.348 176 296 D CameraHal: (aaa02970) - hardware/ti/dra7xx/camera/CameraParameters.cpp:163 getProperties - EXIT
01-01 00:02:16.348 176 296 E CameraHal: (aaa02970) hardware/ti/dra7xx/camera/CameraHal_Module.cpp:634 camera_device_open - CameraHal_Module: ******************* 1 *******************
01-01 00:02:16.348 176 296 I CameraHal: (aaa02970) hardware/ti/dra7xx/camera/CameraHal_Module.cpp:638 camera_device_open - camera_device open
01-01 00:02:16.348 176 296 D CameraHal: (aaa02970) + hardware/ti/dra7xx/camera/CameraProperties.cpp:130 camerasSupported - ENTER
01-01 00:02:16.348 176 296 D CameraHal: (aaa02970) - hardware/ti/dra7xx/camera/CameraProperties.cpp:130 camerasSupported - EXIT
01-01 00:02:16.348 176 296 D CameraHal: (aaa02970) + hardware/ti/dra7xx/camera/CameraParameters.cpp:152 getProperties - ENTER
01-01 00:02:16.348 176 296 D CameraHal: (aaa02970) - hardware/ti/dra7xx/camera/CameraParameters.cpp:163 getProperties - EXIT
01-01 00:02:16.349 176 296 E CameraHal: (aaa02970) hardware/ti/dra7xx/camera/CameraHal.cpp:131 getSocFamily - '/sys/board_properties/soc/family' Not Available
01-01 00:02:16.349 176 296 D CameraHal: (aaa02970) + hardware/ti/dra7xx/camera/CameraHal.cpp:3971 CameraHal - ENTER
01-01 00:02:16.349 176 296 D CameraHal: (aaa02970) - hardware/ti/dra7xx/camera/CameraHal.cpp:4047 CameraHal - EXIT
01-01 00:02:16.349 176 296 D CameraHal: (aaa02970) + hardware/ti/dra7xx/camera/CameraHal.cpp:4107 initialize - ENTER
01-01 00:02:16.349 176 296 D CameraHal: (aaa02970) hardware/ti/dra7xx/camera/CameraParameters.cpp:214 dump - ================================
01-01 00:02:16.349 176 296 D CameraHal: (aaa02970) hardware/ti/dra7xx/camera/CameraParameters.cpp:215 dump - Dumping properties for camera: 0
01-01 00:02:16.349 176 296 D CameraHal: (aaa02970) hardware/ti/dra7xx/camera/CameraParameters.cpp:220 dump - prop-antibanding-values = auto
01-01 00:02:16.349 176 296 D CameraHal: (aaa02970) hardware/ti/dra7xx/camera/CameraParameters.cpp:220 dump - prop-camera-name = USBCAMERA
01-01 00:02:16.349 176 296 D CameraHal: (aaa02970) hardware/ti/dra7xx/camera/CameraParameters.cpp:220 dump - prop-effect-values = none
01-01 00:02:16.349 176 296 D CameraHal: (aaa02970) hardware/ti/dra7xx/camera/CameraParameters.cpp:220 dump - prop-exposure-mode-values = auto
01-01 00:02:16.349 176 296 D CameraHal: (aaa02970) hardware/ti/dra7xx/camera/CameraParameters.cpp:220 dump - prop-facing = back
01-01 00:02:16.349 176 296 D CameraHal: (aaa02970) hardware/ti/dra7xx/camera/CameraParameters.cpp:220 dump - prop-flash-mode-values = off
01-01 00:02:16.349 176 296 D CameraHal: (aaa02970) hardware/ti/dra7xx/camera/CameraParameters.cpp:220 dump - prop-focal-length = 1
01-01 00:02:16.349 176 296 D CameraHal: (aaa02970) hardware/ti/dra7xx/camera/CameraParameters.cpp:220 dump - prop-focus-mode-default = fixed
01-01 00:02:16.349 176 296 D CameraHal: (aaa02970) hardware/ti/dra7xx/camera/CameraParameters.cpp:220 dump - prop-focus-mode-values = fixed
01-01 00:02:16.349 176 296 D CameraHal: (aaa02970) hardware/ti/dra7xx/camera/CameraParameters.cpp:220 dump - prop-framerate-range-default = 30000,30000
01-01 00:02:16.349 176 296 D CameraHal: (aaa02970) hardware/ti/dra7xx/camera/CameraParameters.cpp:220 dump - prop-framerate-range-values =
01-01 00:02:16.349 176 296 D CameraHal: (aaa02970) hardware/ti/dra7xx/camera/CameraParameters.cpp:220 dump - prop-horizontal-angle = 170
01-01 00:02:16.349 176 296 D CameraHal: (aaa02970) hardware/ti/dra7xx/camera/CameraParameters.cpp:220 dump - prop-ipp-values = ldc-nsf
01-01 00:02:16.349 176 296 D CameraHal: (aaa02970) hardware/ti/dra7xx/camera/CameraParameters.cpp:220 dump - prop-iso-mode-values = auto
01-01 00:02:16.349 176 296 D CameraHal: (aaa02970) hardware/ti/dra7xx/camera/CameraParameters.cpp:220 dump - prop-jpeg-quality-default = 90
01-01 00:02:16.349 176 296 D CameraHal: (aaa02970) hardware/ti/dra7xx/camera/CameraParameters.cpp:220 dump - prop-jpeg-thumbnail-quality-default = 50
01-01 00:02:16.349 176 296 D CameraHal: (aaa02970) hardware/ti/dra7xx/camera/CameraParameters.cpp:220 dump - prop-jpeg-thumbnail-size-default = 320x240
01-01 00:02:16.349 176 296 D CameraHal: (aaa02970) hardware/ti/dra7xx/camera/CameraParameters.cpp:220 dump - prop-jpeg-thumbnail-size-values = 0x0,320x240
01-01 00:02:16.349 176 296 D CameraHal: (aaa02970) hardware/ti/dra7xx/camera/CameraParameters.cpp:220 dump - prop-max-fd-hw-faces = 0
01-01 00:02:16.349 176 296 D CameraHal: (aaa02970) hardware/ti/dra7xx/camera/CameraParameters.cpp:220 dump - prop-orientation = 0
01-01 00:02:16.349 176 296 D CameraHal: (aaa02970) hardware/ti/dra7xx/camera/CameraParameters.cpp:220 dump - prop-picture-format-default = jpeg
01-01 00:02:16.349 176 296 D CameraHal: (aaa02970) hardware/ti/dra7xx/camera/CameraParameters.cpp:220 dump - prop-picture-format-values = jpeg
01-01 00:02:16.349 176 296 D CameraHal: (aaa02970) hardware/ti/dra7xx/camera/CameraParameters.cpp:220 dump - prop-picture-size-default = 1280x720
01-01 00:02:16.349 176 296 D CameraHal: (aaa02970) hardware/ti/dra7xx/camera/CameraParameters.cpp:220 dump - prop-picture-size-values = 1280x800,1280x720,752x480,640x480,600x400,352x288,320x240
01-01 00:02:16.349 176 296 D CameraHal: (aaa02970) hardware/ti/dra7xx/camera/CameraParameters.cpp:220 dump - prop-preview-format-default = yuv420sp
01-01 00:02:16.349 176 296 D CameraHal: (aaa02970) hardware/ti/dra7xx/camera/CameraParameters.cpp:220 dump - prop-preview-format-values = yuv420sp
01-01 00:02:16.349 176 296 D CameraHal: (aaa02970) hardware/ti/dra7xx/camera/CameraParameters.cpp:220 dump - prop-preview-frame-rate-default = 30
01-01 00:02:16.349 176 296 D CameraHal: (aaa02970) hardware/ti/dra7xx/camera/CameraParameters.cpp:220 dump - prop-preview-frame-rate-values =
01-01 00:02:16.349 176 296 D CameraHal: (aaa02970) hardware/ti/dra7xx/camera/CameraParameters.cpp:220 dump - prop-preview-size-default = 1280x720
01-01 00:02:16.349 176 296 D CameraHal: (aaa02970) hardware/ti/dra7xx/camera/CameraParameters.cpp:220 dump - prop-preview-size-values = 1280x800,1280x720,752x480,640x480,600x400,352x288,320x240
01-01 00:02:16.349 176 296 D CameraHal: (aaa02970) hardware/ti/dra7xx/camera/CameraParameters.cpp:220 dump - prop-preview-subsampled-size-values = 1280x800,1280x720,752x480,640x480,600x400,352x288,320x240
01-01 00:02:16.349 176 296 D CameraHal: (aaa02970) hardware/ti/dra7xx/camera/CameraParameters.cpp:220 dump - prop-required-preview-bufs = 8
01-01 00:02:16.349 176 296 D CameraHal: (aaa02970) hardware/ti/dra7xx/camera/CameraParameters.cpp:220 dump - prop-s3d-prv-frame-layout = none
01-01 00:02:16.349 176 296 D CameraHal: (aaa02970) hardware/ti/dra7xx/camera/CameraParameters.cpp:220 dump - prop-sensor-index = 0
01-01 00:02:16.349 176 296 D CameraHal: (aaa02970) hardware/ti/dra7xx/camera/CameraParameters.cpp:220 dump - prop-vertical-angle = 170
01-01 00:02:16.349 176 296 D CameraHal: (aaa02970) hardware/ti/dra7xx/camera/CameraParameters.cpp:220 dump - prop-vnf-default = false
01-01 00:02:16.349 176 296 D CameraHal: (aaa02970) hardware/ti/dra7xx/camera/CameraParameters.cpp:220 dump - prop-vstab-default = false
01-01 00:02:16.349 176 296 D CameraHal: (aaa02970) hardware/ti/dra7xx/camera/CameraParameters.cpp:220 dump - prop-zoom-default = 1
01-01 00:02:16.349 176 296 D CameraHal: (aaa02970) hardware/ti/dra7xx/camera/CameraParameters.cpp:220 dump - prop-zoom-ratios = 1
01-01 00:02:16.349 176 296 D CameraHal: (aaa02970) hardware/ti/dra7xx/camera/CameraParameters.cpp:220 dump - prop-zoom-stages = 1
01-01 00:02:16.349 176 296 D CameraHal: (aaa02970) hardware/ti/dra7xx/camera/CameraParameters.cpp:220 dump - prop-zoom-supported = false
01-01 00:02:16.349 176 296 D CameraHal: (aaa02970) hardware/ti/dra7xx/camera/CameraParameters.cpp:220 dump - sensor-orientation = 0
01-01 00:02:16.349 176 296 D CameraHal: (aaa02970) hardware/ti/dra7xx/camera/CameraParameters.cpp:223 dump - --------------------------------
01-01 00:02:16.349 176 296 D CameraHal: (aaa02970) hardware/ti/dra7xx/camera/CameraHal.cpp:4146 initialize - Sensor index= 0; Sensor name= USBCAMERA
01-01 00:02:16.349 176 296 D CameraHal: (aaa02970) + hardware/ti/dra7xx/camera/V4LCameraAdapter/V4LCameraAdapter.cpp:1208 V4LCameraAdapter_Factory - ENTER
01-01 00:02:16.350 176 296 D CameraHal: (aaa02970) + hardware/ti/dra7xx/camera/V4LCameraAdapter/V4LCameraAdapter.cpp:894 V4LCameraAdapter - ENTER
01-01 00:02:16.350 176 296 E CameraHal: Error while adapter initialization: video capture not supported.
01-01 00:02:16.350 176 296 E CameraHal: Error while checking driver: Not VPE
01-01 00:02:16.350 176 296 E CameraHal: Error while adapter initialization: video capture not supported.
01-01 00:02:16.350 176 296 E CameraHal: Found VPE M2M device /dev/video0!!!
01-01 00:02:16.350 176 296 D CameraHal: (aaa02970) - hardware/ti/dra7xx/camera/V4LCameraAdapter/V4LCameraAdapter.cpp:912 V4LCameraAdapter - EXIT
01-01 00:02:16.350 176 296 D CameraHal: (aaa02970) hardware/ti/dra7xx/camera/V4LCameraAdapter/V4LCameraAdapter.cpp:1212 V4LCameraAdapter_Factory - New V4L Camera adapter instance created for sensor 0
01-01 00:02:16.350 176 296 D CameraHal: (aaa02970) - hardware/ti/dra7xx/camera/V4LCameraAdapter/V4LCameraAdapter.cpp:1217 V4LCameraAdapter_Factory - EXIT
01-01 00:02:16.350 176 296 D CameraHal: (aaa02970) + hardware/ti/dra7xx/camera/V4LCameraAdapter/V4LCameraAdapter.cpp:305 initialize - ENTER
01-01 00:02:16.351 176 296 D CameraHal: (aaa02970) - hardware/ti/dra7xx/camera/V4LCameraAdapter/V4LCameraAdapter.cpp:361 initialize - EXIT
01-01 00:02:16.351 176 296 D CameraHal: (aaa02970) + hardware/ti/dra7xx/camera/BaseCameraAdapter.cpp:126 registerImageReleaseCallback - ENTER
01-01 00:02:16.351 176 296 D CameraHal: (aaa02970) - hardware/ti/dra7xx/camera/BaseCameraAdapter.cpp:131 registerImageReleaseCallback - EXIT
01-01 00:02:16.351 176 296 D CameraHal: (aaa02970) + hardware/ti/dra7xx/camera/BaseCameraAdapter.cpp:140 registerEndCaptureCallback - ENTER
01-01 00:02:16.351 176 296 D CameraHal: (aaa02970) - hardware/ti/dra7xx/camera/BaseCameraAdapter.cpp:145 registerEndCaptureCallback - EXIT
01-01 00:02:16.351 176 296 D CameraHal: (aaa02970) + hardware/ti/dra7xx/camera/AppCallbackNotifier.cpp:38 initialize - ENTER
01-01 00:02:16.351 176 296 D CameraHal: (aaa02970) - hardware/ti/dra7xx/camera/AppCallbackNotifier.cpp:70 initialize - EXIT
01-01 00:02:16.351 176 296 D CameraHal: (aaa02970) + hardware/ti/dra7xx/camera/AppCallbackNotifier.cpp:1257 setEventProvider - ENTER
01-01 00:02:16.351 176 296 D CameraHal: (aaa02970) + hardware/ti/dra7xx/camera/CameraHalUtilClasses.cpp:87 enableEventNotification - ENTER
01-01 00:02:16.351 176 296 D CameraHal: (aaa02970) + hardware/ti/dra7xx/camera/BaseCameraAdapter.cpp:176 enableMsgType - ENTER
01-01 00:02:16.351 176 296 V CameraHal: (aaa02970) hardware/ti/dra7xx/camera/BaseCameraAdapter.cpp:215 enableMsgType - Event message type id=0xffff subscription request
01-01 00:02:16.351 176 296 D CameraHal: (aaa02970) - hardware/ti/dra7xx/camera/BaseCameraAdapter.cpp:229 enableMsgType - EXIT
01-01 00:02:16.351 176 296 D CameraHal: (aaa02970) - hardware/ti/dra7xx/camera/CameraHalUtilClasses.cpp:97 enableEventNotification - EXIT
01-01 00:02:16.351 176 296 D CameraHal: (aaa02970) - hardware/ti/dra7xx/camera/AppCallbackNotifier.cpp:1272 setEventProvider - EXIT
01-01 00:02:16.351 176 296 D CameraHal: (aaa02970) + hardware/ti/dra7xx/camera/AppCallbackNotifier.cpp:1277 setFrameProvider - ENTER
01-01 00:02:16.351 176 296 D CameraHal: (aaa02970) + hardware/ti/dra7xx/camera/CameraHalUtilClasses.cpp:33 enableFrameNotification - ENTER
01-01 00:02:16.351 176 296 D CameraHal: (aaa02970) + hardware/ti/dra7xx/camera/BaseCameraAdapter.cpp:176 enableMsgType - ENTER
01-01 00:02:16.351 176 296 V CameraHal: (aaa02970) hardware/ti/dra7xx/camera/BaseCameraAdapter.cpp:183 enableMsgType - Frame message type id=0x8 subscription request
01-01 00:02:16.351 176 296 D CameraHal: (aaa02970) - hardware/ti/dra7xx/camera/BaseCameraAdapter.cpp:229 enableMsgType - EXIT
01-01 00:02:16.351 176 296 D CameraHal: (aaa02970) - hardware/ti/dra7xx/camera/CameraHalUtilClasses.cpp:43 enableFrameNotification - EXIT
01-01 00:02:16.351 176 296 D CameraHal: (aaa02970) + hardware/ti/dra7xx/camera/CameraHalUtilClasses.cpp:33 enableFrameNotification - ENTER
01-01 00:02:16.351 176 296 D CameraHal: (aaa02970) + hardware/ti/dra7xx/camera/BaseCameraAdapter.cpp:176 enableMsgType - ENTER
01-01 00:02:16.351 176 296 V CameraHal: (aaa02970) hardware/ti/dra7xx/camera/BaseCameraAdapter.cpp:183 enableMsgType - Frame message type id=0x100 subscription request
01-01 00:02:16.351 176 296 D CameraHal: (aaa02970) - hardware/ti/dra7xx/camera/BaseCameraAdapter.cpp:229 enableMsgType - EXIT
01-01 00:02:16.351 176 296 D CameraHal: (aaa02970) - hardware/ti/dra7xx/camera/CameraHalUtilClasses.cpp:43 enableFrameNotification - EXIT
01-01 00:02:16.351 176 296 D CameraHal: (aaa02970) - hardware/ti/dra7xx/camera/AppCallbackNotifier.cpp:1293 setFrameProvider - EXIT
01-01 00:02:16.351 176 296 D CameraHal: (aaa02970) + hardware/ti/dra7xx/camera/BaseCameraAdapter.cpp:154 setErrorHandler - ENTER
01-01 00:02:16.351 176 296 D CameraHal: (aaa02970) - hardware/ti/dra7xx/camera/BaseCameraAdapter.cpp:167 setErrorHandler - EXIT
01-01 00:02:16.351 176 296 D CameraHal: (aaa02970) + hardware/ti/dra7xx/camera/AppCallbackNotifier.cpp:1627 start - ENTER
01-01 00:02:16.351 176 296 D CameraHal: (aaa02970) hardware/ti/dra7xx/camera/AppCallbackNotifier.cpp:1656 start - --> AppCallbackNotifier NOTIFIER_STARTED
01-01 00:02:16.351 176 296 D CameraHal: (aaa02970) - hardware/ti/dra7xx/camera/AppCallbackNotifier.cpp:1658 start - EXIT
01-01 00:02:16.352 176 296 D CameraHal: (aaa02970) hardware/ti/dra7xx/camera/CameraHal.cpp:4215 initialize - Started AppCallbackNotifier..
01-01 00:02:16.352 176 296 D CameraHal: (aaa02970) + hardware/ti/dra7xx/camera/AppCallbackNotifier.cpp:100 setMeasurements - ENTER
01-01 00:02:16.352 176 296 D CameraHal: (aaa02970) - hardware/ti/dra7xx/camera/AppCallbackNotifier.cpp:109 setMeasurements - EXIT
01-01 00:02:16.352 176 296 D CameraHal: (aaa02970) + hardware/ti/dra7xx/camera/CameraHal.cpp:4509 initDefaultParameters - ENTER
01-01 00:02:16.352 176 296 D CameraHal: (aaa02970) + hardware/ti/dra7xx/camera/CameraHal.cpp:4438 insertSupportedParams - ENTER
01-01 00:02:16.352 176 296 D CameraHal: (aaa02970) - hardware/ti/dra7xx/camera/CameraHal.cpp:4494 insertSupportedParams - EXIT
01-01 00:02:16.352 176 296 D CameraHal: (aaa02970) + hardware/ti/dra7xx/camera/CameraHal.cpp:4388 parseResolution - ENTER
01-01 00:02:16.352 176 296 D CameraHal: (aaa02970) - hardware/ti/dra7xx/camera/CameraHal.cpp:4431 parseResolution - EXIT
01-01 00:02:16.352 176 296 D CameraHal: (aaa02970) + hardware/ti/dra7xx/camera/CameraHal.cpp:4388 parseResolution - ENTER
01-01 00:02:16.352 176 296 D CameraHal: (aaa02970) - hardware/ti/dra7xx/camera/CameraHal.cpp:4431 parseResolution - EXIT
01-01 00:02:16.352 176 296 D CameraHal: (aaa02970) + hardware/ti/dra7xx/camera/CameraHal.cpp:4388 parseResolution - ENTER
01-01 00:02:16.352 176 296 D CameraHal: (aaa02970) - hardware/ti/dra7xx/camera/CameraHal.cpp:4431 parseResolution - EXIT
01-01 00:02:16.353 176 296 D CameraHal: (aaa02970) - hardware/ti/dra7xx/camera/CameraHal.cpp:4611 initDefaultParameters - EXIT
01-01 00:02:16.353 176 296 D CameraHal: (aaa02970) + hardware/ti/dra7xx/camera/CameraHal.cpp:389 setParameters - ENTER
01-01 00:02:16.353 176 296 D CameraHal: (aaa02970) + hardware/ti/dra7xx/camera/CameraHal.cpp:2579 previewEnabled - ENTER
01-01 00:02:16.353 176 296 D CameraHal: (aaa02970) - hardware/ti/dra7xx/camera/CameraHal.cpp:2579 previewEnabled - EXIT
01-01 00:02:16.353 176 296 D CameraHal: (aaa02970) + hardware/ti/dra7xx/camera/CameraHal.cpp:4313 isParameterValid - ENTER
01-01 00:02:16.353 176 296 D CameraHal: (aaa02970) - hardware/ti/dra7xx/camera/CameraHal.cpp:4337 isParameterValid - EXIT
01-01 00:02:16.353 176 296 D CameraHal: (aaa02970) hardware/ti/dra7xx/camera/CameraHal.cpp:416 setParameters - PreviewFormat set yuv420sp
01-01 00:02:16.353 176 296 D CameraHal: (aaa02970) hardware/ti/dra7xx/camera/CameraHal.cpp:577 setParameters - Recording Hint is set to NULL
01-01 00:02:16.353 176 296 D CameraHal: (aaa02970) + hardware/ti/dra7xx/camera/CameraHal.cpp:2803 resetVideoModeParameters - ENTER
01-01 00:02:16.353 176 296 D CameraHal: (aaa02970) - hardware/ti/dra7xx/camera/CameraHal.cpp:2818 resetVideoModeParameters - EXIT
01-01 00:02:16.353 176 296 D CameraHal: (aaa02970) + hardware/ti/dra7xx/camera/CameraHal.cpp:4248 isResolutionValid - ENTER
01-01 00:02:16.353 176 296 D CameraHal: (aaa02970) + hardware/ti/dra7xx/camera/CameraHal.cpp:4313 isParameterValid - ENTER
01-01 00:02:16.353 176 296 D CameraHal: (aaa02970) - hardware/ti/dra7xx/camera/CameraHal.cpp:4337 isParameterValid - EXIT
01-01 00:02:16.353 176 296 D CameraHal: (aaa02970) - hardware/ti/dra7xx/camera/CameraHal.cpp:4264 isResolutionValid - EXIT
01-01 00:02:16.353 176 296 D CameraHal: (aaa02970) hardware/ti/dra7xx/camera/CameraHal.cpp:598 setParameters - Preview Resolution: 1280 x 720
01-01 00:02:16.353 176 296 D CameraHal: (aaa02970) + hardware/ti/dra7xx/camera/CameraHal.cpp:4313 isParameterValid - ENTER
01-01 00:02:16.353 176 296 D CameraHal: (aaa02970) - hardware/ti/dra7xx/camera/CameraHal.cpp:4337 isParameterValid - EXIT
01-01 00:02:16.353 176 296 D CameraHal: (aaa02970) hardware/ti/dra7xx/camera/CameraHal.cpp:602 setParameters - Focus mode set fixed
01-01 00:02:16.353 176 296 D CameraHal: (aaa02970) + hardware/ti/dra7xx/camera/CameraHal.cpp:4248 isResolutionValid - ENTER
01-01 00:02:16.353 176 296 D CameraHal: (aaa02970) + hardware/ti/dra7xx/camera/CameraHal.cpp:4313 isParameterValid - ENTER
01-01 00:02:16.353 176 296 D CameraHal: (aaa02970) - hardware/ti/dra7xx/camera/CameraHal.cpp:4337 isParameterValid - EXIT
01-01 00:02:16.353 176 296 D CameraHal: (aaa02970) - hardware/ti/dra7xx/camera/CameraHal.cpp:4264 isResolutionValid - EXIT
01-01 00:02:16.353 176 296 D CameraHal: (aaa02970) hardware/ti/dra7xx/camera/CameraHal.cpp:646 setParameters - Picture Size by App 1280 x 720
01-01 00:02:16.353 176 296 D CameraHal: (aaa02970) + hardware/ti/dra7xx/camera/CameraHal.cpp:4313 isParameterValid - ENTER
01-01 00:02:16.353 176 296 D CameraHal: (aaa02970) - hardware/ti/dra7xx/camera/CameraHal.cpp:4337 isParameterValid - EXIT
01-01 00:02:16.353 176 296 D CameraHal: (aaa02970) hardware/ti/dra7xx/camera/CameraHal.cpp:1005 setParameters - Jpeg quality set 90
01-01 00:02:16.353 176 296 D CameraHal: (aaa02970) hardware/ti/dra7xx/camera/CameraHal.cpp:1011 setParameters - Thumbnail width set 320
01-01 00:02:16.353 176 296 D CameraHal: (aaa02970) hardware/ti/dra7xx/camera/CameraHal.cpp:1017 setParameters - Thumbnail width set 240
01-01 00:02:16.353 176 296 D CameraHal: (aaa02970) hardware/ti/dra7xx/camera/CameraHal.cpp:1023 setParameters - Thumbnail quality set 50
01-01 00:02:16.353 176 296 D CameraHal: (aaa02970) hardware/ti/dra7xx/camera/CameraHal.cpp:1130 setParameters - Zoom set 1
01-01 00:02:16.353 176 296 D CameraHal: (aaa02970) hardware/ti/dra7xx/camera/CameraHal.cpp:1177 setParameters - External Gamma set false
01-01 00:02:16.353 176 296 D CameraHal: (aaa02970) hardware/ti/dra7xx/camera/CameraHal.cpp:1183 setParameters - NSF1 set true
01-01 00:02:16.353 176 296 D CameraHal: (aaa02970) hardware/ti/dra7xx/camera/CameraHal.cpp:1189 setParameters - NSF2 set true
01-01 00:02:16.354 176 296 D CameraHal: (aaa02970) hardware/ti/dra7xx/camera/CameraHal.cpp:1195 setParameters - Sharpening set true
01-01 00:02:16.354 176 296 D CameraHal: (aaa02970) hardware/ti/dra7xx/camera/CameraHal.cpp:1201 setParameters - Color Conversion set true
01-01 00:02:16.354 176 296 D CameraHal: (aaa02970) hardware/ti/dra7xx/camera/CameraHal.cpp:1207 setParameters - Green Inballance Correction set true
01-01 00:02:16.354 176 296 D CameraHal: (aaa02970) + hardware/ti/dra7xx/camera/V4LCameraAdapter/V4LCameraAdapter.cpp:450 setParameters - ENTER
01-01 00:02:16.354 176 296 D CameraHal: (aaa02970) hardware/ti/dra7xx/camera/V4LCameraAdapter/V4LCameraAdapter.cpp:456 setParameters - Width * Height 1280 x 720 format 0x56595559
01-01 00:02:16.354 176 296 D CameraHal: (aaa02970) + hardware/ti/dra7xx/camera/V4LCameraAdapter/V4LCameraAdapter.cpp:216 v4lSetFormat - ENTER
01-01 00:02:16.354 176 296 D CameraHal: (aaa02970) hardware/ti/dra7xx/camera/V4LCameraAdapter/V4LCameraAdapter.cpp:218 v4lSetFormat - Width * Height 1280 x 720 format 0x56595559
01-01 00:02:16.384 173 173 W /system/bin/hw/android.hidl.allocator@1.0-service: ashmem_create_region(32768) returning hidl_memory(0xb4b98820, 32768)
01-01 00:02:16.386 173 173 I chatty : uid=1000(system) allocator@1.0-s identical 2 lines
01-01 00:02:16.387 173 173 W /system/bin/hw/android.hidl.allocator@1.0-service: ashmem_create_region(32768) returning hidl_memory(0xb4b98820, 32768)
01-01 00:02:16.390 176 296 D CameraHal: (aaa02970) hardware/ti/dra7xx/camera/V4LCameraAdapter/V4LCameraAdapter.cpp:244 v4lSetFormat - VIDIOC_G_FMT : WxH = 1280x720
01-01 00:02:16.390 176 296 D CameraHal: (aaa02970) hardware/ti/dra7xx/camera/V4LCameraAdapter/V4LCameraAdapter.cpp:245 v4lSetFormat - ### Using: WxH = 1280x720 pixelformat=0x56595559
01-01 00:02:16.390 176 296 D CameraHal: (aaa02970) hardware/ti/dra7xx/camera/V4LCameraAdapter/V4LCameraAdapter.cpp:246 v4lSetFormat - ### Using: bytesperline=2560 sizeimage=1843200 colorspace=0x1
01-01 00:02:16.390 176 296 D CameraHal: (aaa02970) - hardware/ti/dra7xx/camera/V4LCameraAdapter/V4LCameraAdapter.cpp:247 v4lSetFormat - EXIT
01-01 00:02:16.390 176 296 D CameraHal: (aaa02970) hardware/ti/dra7xx/camera/V4LCameraAdapter/V4LCameraAdapter.cpp:465 setParameters - Current fps is 0 new fps is (30000,30000)
01-01 00:02:16.390 176 296 D CameraHal: (aaa02970) - hardware/ti/dra7xx/camera/V4LCameraAdapter/V4LCameraAdapter.cpp:476 setParameters - EXIT
01-01 00:02:16.390 176 296 D CameraHal: (aaa02970) - hardware/ti/dra7xx/camera/CameraHal.cpp:1350 setParameters - EXIT
01-01 00:02:16.390 176 296 D CameraHal: (aaa02970) - hardware/ti/dra7xx/camera/CameraHal.cpp:4227 initialize - EXIT
01-01 00:02:16.392 176 296 D CameraHal: (aaa02970) + hardware/ti/dra7xx/camera/CameraHal_Module.cpp:171 camera_set_callbacks - ENTER
01-01 00:02:16.392 176 296 D CameraHal: (aaa02970) + hardware/ti/dra7xx/camera/CameraHal.cpp:231 setCallbacks - ENTER
01-01 00:02:16.392 176 296 D CameraHal: (aaa02970) + hardware/ti/dra7xx/camera/AppCallbackNotifier.cpp:84 setCallbacks - ENTER
01-01 00:02:16.392 176 296 D CameraHal: (aaa02970) - hardware/ti/dra7xx/camera/AppCallbackNotifier.cpp:93 setCallbacks - EXIT
01-01 00:02:16.392 176 296 D CameraHal: (aaa02970) - hardware/ti/dra7xx/camera/CameraHal.cpp:247 setCallbacks - EXIT
01-01 00:02:16.392 176 296 D CameraHal: (aaa02970) - hardware/ti/dra7xx/camera/CameraHal_Module.cpp:171 camera_set_callbacks - EXIT
01-01 00:02:16.392 224 290 I CameraHardwareInterface: Destroying camera 0
01-01 00:02:16.393 176 296 D CameraHal: (aaa02970) + hardware/ti/dra7xx/camera/CameraHal_Module.cpp:185 camera_enable_msg_type - ENTER
01-01 00:02:16.393 176 296 D CameraHal: (aaa02970) + hardware/ti/dra7xx/camera/CameraHal.cpp:259 enableMsgType - ENTER
01-01 00:02:16.393 176 296 D CameraHal: (aaa02970) hardware/ti/dra7xx/camera/CameraHal.cpp:291 enableMsgType - Preview callback not enabled 409
01-01 00:02:16.393 176 296 D CameraHal: (aaa02970) - hardware/ti/dra7xx/camera/CameraHal.cpp:298 enableMsgType - EXIT
01-01 00:02:16.393 176 296 D CameraHal: (aaa02970) - hardware/ti/dra7xx/camera/CameraHal_Module.cpp:185 camera_enable_msg_type - EXIT
01-01 00:02:16.393 176 176 D CameraHal: (ac4474a8) + hardware/ti/dra7xx/camera/CameraHal_Module.cpp:485 camera_get_parameters - ENTER
01-01 00:02:16.393 176 176 D CameraHal: (ac4474a8) + hardware/ti/dra7xx/camera/CameraHal.cpp:3616 getParameters - ENTER
01-01 00:02:16.393 176 176 D CameraHal: (ac4474a8) + hardware/ti/dra7xx/camera/V4LCameraAdapter/V4LCameraAdapter.cpp:483 getParameters - ENTER
01-01 00:02:16.393 176 176 D CameraHal: (ac4474a8) - hardware/ti/dra7xx/camera/V4LCameraAdapter/V4LCameraAdapter.cpp:489 getParameters - EXIT
01-01 00:02:16.394 176 176 D CameraHal: (ac4474a8) - hardware/ti/dra7xx/camera/CameraHal.cpp:3668 getParameters - EXIT
01-01 00:02:16.394 176 176 D CameraHal: (ac4474a8) - hardware/ti/dra7xx/camera/CameraHal_Module.cpp:485 camera_get_parameters - EXIT
01-01 00:02:16.394 176 176 D CameraHal: (ac4474a8) + hardware/ti/dra7xx/camera/CameraHal_Module.cpp:502 camera_put_parameters - ENTER
01-01 00:02:16.394 176 176 D CameraHal: (ac4474a8) - hardware/ti/dra7xx/camera/CameraHal_Module.cpp:502 camera_put_parameters - EXIT
01-01 00:02:16.414 176 296 D CameraHal: (aaa02970) + hardware/ti/dra7xx/camera/CameraProperties.cpp:67 initialize - ENTER
01-01 00:02:16.414 176 296 D CameraHal: (aaa02970) - hardware/ti/dra7xx/camera/CameraProperties.cpp:67 initialize - EXIT
01-01 00:02:16.414 176 296 D CameraHal: (aaa02970) + hardware/ti/dra7xx/camera/CameraParameters.cpp:152 getProperties - ENTER
01-01 00:02:16.414 176 296 D CameraHal: (aaa02970) - hardware/ti/dra7xx/camera/CameraParameters.cpp:163 getProperties - EXIT
01-01 00:02:16.439 176 296 D CameraHal: (aaa02970) + hardware/ti/dra7xx/camera/CameraHal_Module.cpp:485 camera_get_parameters - ENTER
01-01 00:02:16.439 176 296 D CameraHal: (aaa02970) + hardware/ti/dra7xx/camera/CameraHal.cpp:3616 getParameters - ENTER
01-01 00:02:16.439 176 296 D CameraHal: (aaa02970) + hardware/ti/dra7xx/camera/V4LCameraAdapter/V4LCameraAdapter.cpp:483 getParameters - ENTER
01-01 00:02:16.439 176 296 D CameraHal: (aaa02970) - hardware/ti/dra7xx/camera/V4LCameraAdapter/V4LCameraAdapter.cpp:489 getParameters - EXIT
01-01 00:02:16.440 176 296 D CameraHal: (aaa02970) - hardware/ti/dra7xx/camera/CameraHal.cpp:3668 getParameters - EXIT
01-01 00:02:16.440 176 296 D CameraHal: (aaa02970) - hardware/ti/dra7xx/camera/CameraHal_Module.cpp:485 camera_get_parameters - EXIT
01-01 00:02:16.442 176 296 D CameraHal: (aaa02970) + hardware/ti/dra7xx/camera/CameraHal_Module.cpp:502 camera_put_parameters - ENTER
01-01 00:02:16.442 176 296 D CameraHal: (aaa02970) - hardware/ti/dra7xx/camera/CameraHal_Module.cpp:502 camera_put_parameters - EXIT
01-01 00:02:16.447 176 296 D CameraHal: (aaa02970) + hardware/ti/dra7xx/camera/CameraHal_Module.cpp:199 camera_disable_msg_type - ENTER
01-01 00:02:16.447 176 296 D CameraHal: (aaa02970) + hardware/ti/dra7xx/camera/CameraHal.cpp:310 disableMsgType - ENTER
01-01 00:02:16.447 176 296 D CameraHal: (aaa02970) hardware/ti/dra7xx/camera/CameraHal.cpp:319 disableMsgType - Disabling Preview Callback
01-01 00:02:16.447 176 296 D CameraHal: (aaa02970) + hardware/ti/dra7xx/camera/CameraHalUtilClasses.cpp:49 disableFrameNotification - ENTER
01-01 00:02:16.447 176 296 D CameraHal: (aaa02970) + hardware/ti/dra7xx/camera/BaseCameraAdapter.cpp:236 disableMsgType - ENTER
01-01 00:02:16.448 176 296 V CameraHal: (aaa02970) hardware/ti/dra7xx/camera/BaseCameraAdapter.cpp:243 disableMsgType - Frame message type id=0x1 remove subscription request
01-01 00:02:16.448 176 296 D CameraHal: (aaa02970) - hardware/ti/dra7xx/camera/BaseCameraAdapter.cpp:299 disableMsgType - EXIT
01-01 00:02:16.448 176 296 D CameraHal: (aaa02970) - hardware/ti/dra7xx/camera/CameraHalUtilClasses.cpp:56 disableFrameNotification - EXIT
01-01 00:02:16.448 176 296 D CameraHal: (aaa02970) - hardware/ti/dra7xx/camera/CameraHal.cpp:325 disableMsgType - EXIT
01-01 00:02:16.448 176 296 D CameraHal: (aaa02970) - hardware/ti/dra7xx/camera/CameraHal_Module.cpp:199 camera_disable_msg_type - EXIT
01-01 00:02:16.470 176 296 D CameraHal: (aaa02970) + hardware/ti/dra7xx/camera/CameraHal_Module.cpp:199 camera_disable_msg_type - ENTER
01-01 00:02:16.470 176 296 D CameraHal: (aaa02970) + hardware/ti/dra7xx/camera/CameraHal.cpp:310 disableMsgType - ENTER
01-01 00:02:16.470 176 296 D CameraHal: (aaa02970) hardware/ti/dra7xx/camera/CameraHal.cpp:319 disableMsgType - Disabling Preview Callback
01-01 00:02:16.470 176 296 D CameraHal: (aaa02970) + hardware/ti/dra7xx/camera/CameraHalUtilClasses.cpp:49 disableFrameNotification - ENTER
01-01 00:02:16.470 176 296 D CameraHal: (aaa02970) + hardware/ti/dra7xx/camera/BaseCameraAdapter.cpp:236 disableMsgType - ENTER
01-01 00:02:16.470 176 296 V CameraHal: (aaa02970) hardware/ti/dra7xx/camera/BaseCameraAdapter.cpp:243 disableMsgType - Frame message type id=0x1 remove subscription request
01-01 00:02:16.470 176 296 D CameraHal: (aaa02970) - hardware/ti/dra7xx/camera/BaseCameraAdapter.cpp:299 disableMsgType - EXIT
01-01 00:02:16.470 176 296 D CameraHal: (aaa02970) - hardware/ti/dra7xx/camera/CameraHalUtilClasses.cpp:56 disableFrameNotification - EXIT
01-01 00:02:16.470 176 296 D CameraHal: (aaa02970) + hardware/ti/dra7xx/camera/CameraHalUtilClasses.cpp:49 disableFrameNotification - ENTER
01-01 00:02:16.470 176 296 D CameraHal: (aaa02970) + hardware/ti/dra7xx/camera/BaseCameraAdapter.cpp:236 disableMsgType - ENTER
01-01 00:02:16.470 176 296 V CameraHal: (aaa02970) hardware/ti/dra7xx/camera/BaseCameraAdapter.cpp:243 disableMsgType - Frame message type id=0x200 remove subscription request
01-01 00:02:16.470 176 296 D CameraHal: (aaa02970) - hardware/ti/dra7xx/camera/BaseCameraAdapter.cpp:299 disableMsgType - EXIT
01-01 00:02:16.470 176 296 D CameraHal: (aaa02970) - hardware/ti/dra7xx/camera/CameraHalUtilClasses.cpp:56 disableFrameNotification - EXIT
01-01 00:02:16.470 176 296 D CameraHal: (aaa02970) + hardware/ti/dra7xx/camera/CameraHalUtilClasses.cpp:49 disableFrameNotification - ENTER
01-01 00:02:16.470 176 296 D CameraHal: (aaa02970) + hardware/ti/dra7xx/camera/BaseCameraAdapter.cpp:236 disableMsgType - ENTER
01-01 00:02:16.470 176 296 V CameraHal: (aaa02970) hardware/ti/dra7xx/camera/BaseCameraAdapter.cpp:243 disableMsgType - Frame message type id=0x100 remove subscription request
01-01 00:02:16.470 176 296 D CameraHal: (aaa02970) - hardware/ti/dra7xx/camera/BaseCameraAdapter.cpp:299 disableMsgType - EXIT
01-01 00:02:16.470 176 296 D CameraHal: (aaa02970) - hardware/ti/dra7xx/camera/CameraHalUtilClasses.cpp:56 disableFrameNotification - EXIT
01-01 00:02:16.470 176 296 D CameraHal: (aaa02970) - hardware/ti/dra7xx/camera/CameraHal.cpp:325 disableMsgType - EXIT
01-01 00:02:16.470 176 296 D CameraHal: (aaa02970) - hardware/ti/dra7xx/camera/CameraHal_Module.cpp:199 camera_disable_msg_type - EXIT
01-01 00:02:16.471 176 176 D CameraHal: (ac4474a8) + hardware/ti/dra7xx/camera/CameraHal_Module.cpp:244 camera_stop_preview - ENTER
01-01 00:02:16.471 176 176 D CameraHal: (ac4474a8) + hardware/ti/dra7xx/camera/CameraHal.cpp:2539 stopPreview - ENTER
01-01 00:02:16.471 176 176 D CameraHal: (ac4474a8) + hardware/ti/dra7xx/camera/CameraHal.cpp:2579 previewEnabled - ENTER
01-01 00:02:16.471 176 176 D CameraHal: (ac4474a8) - hardware/ti/dra7xx/camera/CameraHal.cpp:2579 previewEnabled - EXIT
01-01 00:02:16.471 176 176 D CameraHal: (ac4474a8) - hardware/ti/dra7xx/camera/CameraHal.cpp:2543 stopPreview - EXIT
01-01 00:02:16.471 176 176 D CameraHal: (ac4474a8) - hardware/ti/dra7xx/camera/CameraHal_Module.cpp:244 camera_stop_preview - EXIT
01-01 00:02:16.473 176 293 D CameraHal: (aacc3970) + hardware/ti/dra7xx/camera/CameraHal_Module.cpp:419 camera_cancel_picture - ENTER
01-01 00:02:16.473 176 293 D CameraHal: (aacc3970) + hardware/ti/dra7xx/camera/CameraHal.cpp:3596 cancelPicture - ENTER
01-01 00:02:16.473 176 293 D CameraHal: (aacc3970) + hardware/ti/dra7xx/camera/CameraHal.cpp:1658 signalEndImageCapture - ENTER
01-01 00:02:16.473 176 293 D CameraHal: (aacc3970) + hardware/ti/dra7xx/camera/BaseCameraAdapter.cpp:410 sendCommand - ENTER
01-01 00:02:16.473 176 293 D CameraHal: (aacc3970) + hardware/ti/dra7xx/camera/BaseCameraAdapter.cpp:1903 setState - ENTER
01-01 00:02:16.473 176 293 D CameraHal: (aacc3970) - hardware/ti/dra7xx/camera/BaseCameraAdapter.cpp:2485 setState - EXIT
01-01 00:02:16.473 176 293 D CameraHal: (aacc3970) + hardware/ti/dra7xx/camera/BaseCameraAdapter.cpp:2595 rollbackState - ENTER
01-01 00:02:16.473 176 293 D CameraHal: (aacc3970) - hardware/ti/dra7xx/camera/BaseCameraAdapter.cpp:2601 rollbackState - EXIT
01-01 00:02:16.473 176 293 D CameraHal: (aacc3970) - hardware/ti/dra7xx/camera/BaseCameraAdapter.cpp:1124 sendCommand - EXIT
01-01 00:02:16.473 176 293 D CameraHal: (aacc3970) - hardware/ti/dra7xx/camera/CameraHal.cpp:1674 signalEndImageCapture - EXIT
01-01 00:02:16.473 176 293 D CameraHal: (aacc3970) - hardware/ti/dra7xx/camera/CameraHal.cpp:3596 cancelPicture - EXIT
01-01 00:02:16.473 176 293 D CameraHal: (aacc3970) - hardware/ti/dra7xx/camera/CameraHal_Module.cpp:419 camera_cancel_picture - EXIT
01-01 00:02:16.473 176 293 I CamDev@1.0-impl: Closing camera 0
01-01 00:02:16.473 176 293 D CameraHal: (aacc3970) + hardware/ti/dra7xx/camera/CameraHal_Module.cpp:580 camera_device_close - ENTER
01-01 00:02:16.473 176 293 D CameraHal: (aacc3970) + hardware/ti/dra7xx/camera/CameraHal.cpp:4058 ~CameraHal - ENTER
01-01 00:02:16.473 176 293 D CameraHal: (aacc3970) + hardware/ti/dra7xx/camera/CameraHal.cpp:4677 deinitialize - ENTER
01-01 00:02:16.473 176 293 D CameraHal: (aacc3970) - hardware/ti/dra7xx/camera/CameraHal.cpp:4690 deinitialize - EXIT
01-01 00:02:16.473 176 293 D CameraHal: (aacc3970) + hardware/ti/dra7xx/camera/AppCallbackNotifier.cpp:1172 ~AppCallbackNotifier - ENTER
01-01 00:02:16.473 176 293 D CameraHal: (aacc3970) + hardware/ti/dra7xx/camera/AppCallbackNotifier.cpp:1666 stop - ENTER
01-01 00:02:16.473 176 293 D CameraHal: (aacc3970) hardware/ti/dra7xx/camera/AppCallbackNotifier.cpp:1678 stop - --> AppCallbackNotifier NOTIFIER_STOPPED
01-01 00:02:16.473 176 293 D CameraHal: (aacc3970) - hardware/ti/dra7xx/camera/AppCallbackNotifier.cpp:1681 stop - EXIT
01-01 00:02:16.473 176 293 D CameraHal: (aacc3970) + hardware/ti/dra7xx/camera/CameraHalUtilClasses.cpp:49 disableFrameNotification - ENTER
01-01 00:02:16.473 176 293 D CameraHal: (aacc3970) + hardware/ti/dra7xx/camera/BaseCameraAdapter.cpp:236 disableMsgType - ENTER
01-01 00:02:16.473 176 293 V CameraHal: (aacc3970) hardware/ti/dra7xx/camera/BaseCameraAdapter.cpp:243 disableMsgType - Frame message type id=0xffff remove subscription request
01-01 00:02:16.473 176 293 D CameraHal: (aacc3970) - hardware/ti/dra7xx/camera/BaseCameraAdapter.cpp:299 disableMsgType - EXIT
01-01 00:02:16.473 176 293 D CameraHal: (aacc3970) - hardware/ti/dra7xx/camera/CameraHalUtilClasses.cpp:56 disableFrameNotification - EXIT
01-01 00:02:16.474 176 293 D CameraHal: (aacc3970) + hardware/ti/dra7xx/camera/CameraHalUtilClasses.cpp:103 disableEventNotification - ENTER
01-01 00:02:16.474 176 293 D CameraHal: (aacc3970) + hardware/ti/dra7xx/camera/BaseCameraAdapter.cpp:236 disableMsgType - ENTER
01-01 00:02:16.474 176 293 V CameraHal: (aacc3970) hardware/ti/dra7xx/camera/BaseCameraAdapter.cpp:284 disableMsgType - Event message type id=0xffff remove subscription request
01-01 00:02:16.474 176 293 D CameraHal: (aacc3970) - hardware/ti/dra7xx/camera/BaseCameraAdapter.cpp:299 disableMsgType - EXIT
01-01 00:02:16.474 176 293 D CameraHal: (aacc3970) - hardware/ti/dra7xx/camera/CameraHalUtilClasses.cpp:110 disableEventNotification - EXIT
01-01 00:02:16.474 176 1494 D CameraHal: (aa905970) hardware/ti/dra7xx/camera/AppCallbackNotifier.cpp:152 notificationThread - Notification Thread received message
01-01 00:02:16.474 176 1494 D CameraHal: (aa905970) hardware/ti/dra7xx/camera/AppCallbackNotifier.cpp:156 notificationThread - Notification Thread received message from Camera HAL
01-01 00:02:16.474 176 1494 D CameraHal: (aa905970) + hardware/ti/dra7xx/camera/AppCallbackNotifier.cpp:1140 processMessage - ENTER
01-01 00:02:16.474 176 1494 D CameraHal: (aa905970) hardware/ti/dra7xx/camera/AppCallbackNotifier.cpp:1142 processMessage - +Msg get...
01-01 00:02:16.474 176 1494 D CameraHal: (aa905970) hardware/ti/dra7xx/camera/AppCallbackNotifier.cpp:1144 processMessage - -Msg get...
01-01 00:02:16.474 176 1494 D CameraHal: (aa905970) hardware/ti/dra7xx/camera/AppCallbackNotifier.cpp:1151 processMessage - Received NOTIFIER_EXIT command from Camera HAL
01-01 00:02:16.474 176 1494 D CameraHal: (aa905970) - hardware/ti/dra7xx/camera/AppCallbackNotifier.cpp:1163 processMessage - EXIT
01-01 00:02:16.474 176 1494 D CameraHal: (aa905970) hardware/ti/dra7xx/camera/AppCallbackNotifier.cpp:159 notificationThread - Notification Thread exiting.
01-01 00:02:16.474 176 293 D CameraHal: (aacc3970) hardware/ti/dra7xx/camera/AppCallbackNotifier.cpp:1207 ~AppCallbackNotifier - Stopping Event Provider
01-01 00:02:16.474 176 293 D CameraHal: (aacc3970) hardware/ti/dra7xx/camera/AppCallbackNotifier.cpp:1215 ~AppCallbackNotifier - Stopping Frame Provider
01-01 00:02:16.474 176 293 D CameraHal: (aacc3970) + hardware/ti/dra7xx/camera/AppCallbackNotifier.cpp:1228 releaseSharedVideoBuffers - ENTER
01-01 00:02:16.474 176 293 D CameraHal: (aacc3970) - hardware/ti/dra7xx/camera/AppCallbackNotifier.cpp:1251 releaseSharedVideoBuffers - EXIT
01-01 00:02:16.474 176 293 D CameraHal: (aacc3970) - hardware/ti/dra7xx/camera/AppCallbackNotifier.cpp:1222 ~AppCallbackNotifier - EXIT
01-01 00:02:16.474 176 293 D CameraHal: (aacc3970) + hardware/ti/dra7xx/camera/V4LCameraAdapter/V4LCameraAdapter.cpp:917 ~V4LCameraAdapter - ENTER
01-01 00:02:16.475 176 293 D CameraHal: (aacc3970) - hardware/ti/dra7xx/camera/V4LCameraAdapter/V4LCameraAdapter.cpp:937 ~V4LCameraAdapter - EXIT
01-01 00:02:16.475 176 293 D CameraHal: (aacc3970) + hardware/ti/dra7xx/camera/BaseCameraAdapter.cpp:104 ~BaseCameraAdapter - ENTER
01-01 00:02:16.475 176 293 D CameraHal: (aacc3970) - hardware/ti/dra7xx/camera/BaseCameraAdapter.cpp:119 ~BaseCameraAdapter - EXIT
01-01 00:02:16.476 176 293 D CameraHal: (aacc3970) + hardware/ti/dra7xx/camera/CameraHal.cpp:1683 freeImageBufs - ENTER
01-01 00:02:16.476 176 293 D CameraHal: (aacc3970) - hardware/ti/dra7xx/camera/CameraHal.cpp:1683 freeImageBufs - EXIT
01-01 00:02:16.476 176 293 D CameraHal: (aacc3970) + hardware/ti/dra7xx/camera/CameraHal.cpp:1729 freeRawBufs - ENTER
01-01 00:02:16.476 176 293 D CameraHal: (aacc3970) - hardware/ti/dra7xx/camera/CameraHal.cpp:1741 freeRawBufs - EXIT
01-01 00:02:16.476 176 293 D CameraHal: (aacc3970) - hardware/ti/dra7xx/camera/CameraHal.cpp:4090 ~CameraHal - EXIT
01-01 00:02:16.478 176 293 D CameraHal: (aacc3970) - hardware/ti/dra7xx/camera/CameraHal_Module.cpp:580 camera_device_close - EXIT
01-01 00:02:16.482 224 803 I CameraService: disconnect: Disconnected client for camera 0 for PID 1275
01-01 00:02:16.544 233 1446 D NuPlayerDriver: reset(0xb22305b0) at state 4
01-01 00:02:16.544 233 1446 D NuPlayerDriver: notifyListener_l(0xb22305b0), (8, 0, 0, -1), loop setting(0, 0)
01-01 00:02:16.545 233 1483 D NuPlayerDriver: notifyResetComplete(0xb22305b0)
01-01 00:02:16.545 176 1495 D CameraHal: (aa77f970) + hardware/ti/dra7xx/camera/CameraProperties.cpp:67 initialize - ENTER
01-01 00:02:16.545 176 1495 D CameraHal: (aa77f970) - hardware/ti/dra7xx/camera/CameraProperties.cpp:67 initialize - EXIT
01-01 00:02:16.545 176 1495 D CameraHal: (aa77f970) + hardware/ti/dra7xx/camera/CameraParameters.cpp:152 getProperties - ENTER
01-01 00:02:16.545 176 1495 D CameraHal: (aa77f970) - hardware/ti/dra7xx/camera/CameraParameters.cpp:163 getProperties - EXIT
01-01 00:02:16.550 1275 1275 V CAM_Profiler: [460.309ms][ui] GUARD: CameraActivity.onCreateTasks - [ 5.499ms] computePictureSizes
01-01 00:02:16.554 233 1442 D NuPlayerDriver: reset(0xb22300e0) at state 4
01-01 00:02:16.554 233 1442 D NuPlayerDriver: notifyListener_l(0xb22300e0), (8, 0, 0, -1), loop setting(0, 0)
01-01 00:02:16.554 233 1486 D NuPlayerDriver: notifyResetComplete(0xb22300e0)
01-01 00:02:16.558 233 1442 D NuPlayerDriver: reset(0xb2230540) at state 4
01-01 00:02:16.558 233 1442 D NuPlayerDriver: notifyListener_l(0xb2230540), (8, 0, 0, -1), loop setting(0, 0)
01-01 00:02:16.558 233 1492 D NuPlayerDriver: notifyResetComplete(0xb2230540)
01-01 00:02:16.602 328 338 I zygote : Background concurrent copying GC freed 37483(2MB) AllocSpace objects, 18(396KB) LOS objects, 42% free, 4MB/7MB, paused 1.538ms total 161.180ms
01-01 00:02:16.613 1275 1275 W CAM_Log : Tag RoundedThumbnailView is 1 chars longer than limit.
01-01 00:02:16.693 328 343 W ActivityManager: Activity pause timeout for ActivityRecord{526dcf1 u0 com.android.camera2/com.android.camera.CameraLauncher t5 f}
01-01 00:02:16.730 1275 1275 I CAM_Profiler: [640.348ms][ui] GUARD: CameraActivity.onCreateTasks - [178.092ms] setContentView()
01-01 00:02:16.760 1275 1275 I CAM_Profiler: [670.291ms][ui] GUARD: CameraActivity.onCreateTasks - [29.944ms] Configure Camera UI
01-01 00:02:16.773 1275 1275 V CAM_CameraController: Closing camera
01-01 00:02:16.774 1275 1477 W CAM2PORT_AndCamAgntImp: Releasing camera without any camera opened.
01-01 00:02:16.775 1275 1275 V CAM_ModulesInfo: EnableCaptureModule = true
01-01 00:02:16.779 1275 1275 V CAM_Profiler: [ 0.000ms][ui] GUARD: new CaptureModule - START
01-01 00:02:16.787 1275 1275 V CAM_Profiler: [ 6.117ms][ui] GUARD: new CaptureModule - STOP
01-01 00:02:16.788 1275 1275 V CAM_SettingsManager: listeners: [com.android.camera.app.CameraAppUI@5ea1aa1]
01-01 00:02:16.795 1275 1275 V CAM_SettingsManager: listeners: [com.android.camera.app.CameraAppUI@5ea1aa1, com.android.camera.ButtonManager@8313752]
01-01 00:02:16.795 1275 1275 V CAM_SettingsManager: listeners: [com.android.camera.app.CameraAppUI@5ea1aa1, com.android.camera.ButtonManager@8313752, com.android.camera.widget.IndicatorIconController@1371b20]
01-01 00:02:16.796 1275 1275 V CAM_Profiler: [706.320ms][ui] GUARD: CameraActivity.onCreateTasks - [ 8.098ms] Init Current Module UI
01-01 00:02:16.796 1275 1275 V CAM_Profiler: [ 0.000ms][ui] GUARD: CaptureModule.init - START
01-01 00:02:16.796 1275 1275 D CAM_CaptureModule: init UseAutotransformUiLayout = false
01-01 00:02:16.799 1275 1275 D CAM_Camera2OneCamMgr: Getting First BACK Camera
01-01 00:02:16.800 176 1495 D CameraHal: (aa77f970) + hardware/ti/dra7xx/camera/CameraProperties.cpp:67 initialize - ENTER
01-01 00:02:16.800 176 1495 D CameraHal: (aa77f970) - hardware/ti/dra7xx/camera/CameraProperties.cpp:67 initialize - EXIT
01-01 00:02:16.800 176 1495 D CameraHal: (aa77f970) + hardware/ti/dra7xx/camera/CameraParameters.cpp:152 getProperties - ENTER
01-01 00:02:16.800 176 1495 D CameraHal: (aa77f970) - hardware/ti/dra7xx/camera/CameraParameters.cpp:163 getProperties - EXIT
01-01 00:02:16.804 1275 1275 E Camera : str: 30000,30000
01-01 00:02:16.806 1275 1275 W LegacyMetadataMapper: No AWB modes supported (HAL bug); defaulting to AWB_MODE_AUTO only
01-01 00:02:16.817 176 1495 D CameraHal: (aa77f970) + hardware/ti/dra7xx/camera/CameraProperties.cpp:67 initialize - ENTER
01-01 00:02:16.817 176 1495 D CameraHal: (aa77f970) - hardware/ti/dra7xx/camera/CameraProperties.cpp:67 initialize - EXIT
01-01 00:02:16.817 176 1495 D CameraHal: (aa77f970) + hardware/ti/dra7xx/camera/CameraParameters.cpp:152 getProperties - ENTER
01-01 00:02:16.817 176 1495 D CameraHal: (aa77f970) - hardware/ti/dra7xx/camera/CameraParameters.cpp:163 getProperties - EXIT
01-01 00:02:16.818 1275 1275 E Camera : str: 30000,30000
01-01 00:02:16.819 1275 1275 W LegacyMetadataMapper: No AWB modes supported (HAL bug); defaulting to AWB_MODE_AUTO only
01-01 00:02:16.832 1275 1275 W SoundPool: Use of stream types is deprecated for operations other than volume control
01-01 00:02:16.832 1275 1275 W SoundPool: See the documentation of SoundPool() for what to use instead with android.media.AudioAttributes to qualify your playback use case
01-01 00:02:16.834 1275 1275 I CAM_Profiler: [ 37.708ms][ui] GUARD: CaptureModule.init - STOP
01-01 00:02:16.834 1275 1275 I CAM_Profiler: [744.954ms][ui] GUARD: CameraActivity.onCreateTasks - [38.634ms] Init CurrentModule
01-01 00:02:16.839 1275 1275 V NFC : this device does not have NFC support
01-01 00:02:16.843 1275 1275 I CAM_Profiler: [753.710ms][ui] GUARD: CameraActivity.onCreateTasks - STOP
01-01 00:02:16.843 1275 1275 V CAM_QuickActivity: END onCreate: Activity = com.android.camera.CameraActivity@3f39598
01-01 00:02:16.855 1275 1275 V CAM_QuickActivity: START onCreate: Activity = com.android.camera.PermissionsActivity@6fdee11
01-01 00:02:16.865 153 153 W /system/bin/hwservicemanager: getTransportFromManifest: Cannot find entry android.hardware.media.omx@1.0::IOmx in either framework or device manifest, using default transport.
01-01 00:02:16.866 1275 1275 V CAM_QuickActivity: END onCreate: Activity = com.android.camera.PermissionsActivity@6fdee11
01-01 00:02:16.866 1275 1519 I OMXClient: Treble IOmx obtained
01-01 00:02:16.867 1275 1275 V CAM_QuickActivity: START onStart: Activity = com.android.camera.PermissionsActivity@6fdee11
01-01 00:02:16.867 1275 1275 V CAM_QuickActivity: END onStart: Activity = com.android.camera.PermissionsActivity@6fdee11
01-01 00:02:16.868 237 535 I OMXMaster: makeComponentInstance(OMX.google.vorbis.decoder) in omx@1.0-service process
01-01 00:02:16.869 1275 1275 V CAM_QuickActivity: START onResume: Activity = com.android.camera.PermissionsActivity@6fdee11
01-01 00:02:16.869 1275 1275 V CAM_QuickActivity: onResume(): isKeyguardLocked() = false
01-01 00:02:16.869 1275 1275 V CAM_QuickActivity: onResume --> onResumeTasks()
01-01 00:02:16.870 1275 1275 V CAM_PermissionsActivity: requestPermissions count: 1
01-01 00:02:16.872 328 579 I ActivityManager: START u0 {act=android.content.pm.action.REQUEST_PERMISSIONS pkg=com.android.packageinstaller cmp=com.android.packageinstaller/.permission.ui.GrantPermissionsActivity (has extras)} from uid 10042
01-01 00:02:16.882 1275 1275 V CAM_QuickActivity: END onResume: Activity = com.android.camera.PermissionsActivity@6fdee11
01-01 00:02:16.883 237 535 E OMXNodeInstance: getConfig(0xac1a35c0:google.vorbis.decoder, ConfigAndroidVendorExtension(0x6f100004)) ERROR: Undefined(0x80001001)
01-01 00:02:16.887 173 173 W /system/bin/hw/android.hidl.allocator@1.0-service: ashmem_create_region(32768) returning hidl_memory(0xb4b98820, 32768)
01-01 00:02:16.905 173 173 I chatty : uid=1000(system) allocator@1.0-s identical 6 lines
01-01 00:02:16.909 173 173 W /system/bin/hw/android.hidl.allocator@1.0-service: ashmem_create_region(32768) returning hidl_memory(0xb4b98820, 32768)
01-01 00:02:16.910 1275 1522 D OpenGLRenderer: HWUI GL Pipeline
01-01 00:02:16.919 173 173 W /system/bin/hw/android.hidl.allocator@1.0-service: ashmem_create_region(32768) returning hidl_memory(0xb4b98820, 32768)
01-01 00:02:16.925 173 173 I chatty : uid=1000(system) allocator@1.0-s identical 2 lines
01-01 00:02:16.926 173 173 W /system/bin/hw/android.hidl.allocator@1.0-service: ashmem_create_region(32768) returning hidl_memory(0xb4b98820, 32768)
01-01 00:02:16.929 1275 1275 V CAM_QuickActivity: START onPause: Activity = com.android.camera.PermissionsActivity@6fdee11
01-01 00:02:16.929 1275 1275 V CAM_QuickActivity: onPause --> onPauseTasks()
01-01 00:02:16.929 1275 1275 V CAM_QuickActivity: END onPause: Activity = com.android.camera.PermissionsActivity@6fdee11
01-01 00:02:16.991 1422 1427 I zygote : Do partial code cache collection, code=0B, data=0B
01-01 00:02:16.992 153 153 W /system/bin/hwservicemanager: getTransportFromManifest: Cannot find entry android.hardware.media.omx@1.0::IOmx in either framework or device manifest, using default transport.
01-01 00:02:16.992 1275 1523 I OMXClient: Treble IOmx obtained
01-01 00:02:16.994 237 535 I OMXMaster: makeComponentInstance(OMX.google.vorbis.decoder) in omx@1.0-service process
01-01 00:02:17.000 237 677 E OMXNodeInstance: getConfig(0xac1a30e0:google.vorbis.decoder, ConfigAndroidVendorExtension(0x6f100004)) ERROR: Undefined(0x80001001)
01-01 00:02:17.002 173 173 W /system/bin/hw/android.hidl.allocator@1.0-service: ashmem_create_region(32768) returning hidl_memory(0xb4b98820, 32768)
