--------- beginning of main
01-01 00:00:06.939 0 152 I SELinux : SELinux: Loaded service_contexts from:
01-01 00:00:06.948 0 152 I SELinux : /plat_service_contexts
01-01 00:00:06.948 0 152 I SELinux : /nonplat_service_contexts
01-01 00:00:06.958 0 154 I SELinux : SELinux: Loaded service_contexts from:
01-01 00:00:06.960 0 154 I SELinux : /vndservice_contexts
01-01 00:00:00.729 151 151 W auditd : type=2000 audit(0.0:1): initialized
01-01 00:00:03.969 151 151 I auditd : type=1403 audit(0.0:2): policy loaded auid=4294967295 ses=4294967295
01-01 00:00:05.619 136 136 I modprobe: type=1400 audit(0.0:3): avc: denied { module_load } for path="/vendor/lib/modules/wlcore.ko" dev="mmcblk0p11" ino=176 scontext=u:r:modprobe:s0 tcontext=u:object_r:vendor_file:s0 tclass=system permissive=1
01-01 00:00:06.959 151 151 I logd : type=1400 audit(0.0:4): avc: denied { search } for name="/" dev="mmcblk0p17" ino=2 scontext=u:r:logd:s0 tcontext=u:object_r:unlabeled:s0 tclass=dir permissive=1
01-01 00:00:07.121 153 153 E hwservicemanager: BINDER_SET_INHERIT_FIFO_PRIO failed with error -1
01-01 00:00:07.163 153 153 W /system/bin/hwservicemanager: getTransportFromManifest: Cannot find entry android.hardware.keymaster@3.0::IKeymasterDevice in either framework or device manifest, using default transport.
01-01 00:00:07.190 162 162 I android.hardware.keymaster@3.0-impl: Fetching keymaster device name default
01-01 00:00:07.211 162 162 I android.hardware.keymaster@3.0-impl: Found keymaster0 module Keymaster OpenSSL HAL, version 2
01-01 00:00:07.211 162 162 I android.hardware.keymaster@3.0-impl: Keymaster0 module is software-only. Using SoftKeymasterDevice instead.
01-01 00:00:07.220 162 162 I ServiceManagement: Removing namespace from process name android.hardware.keymaster@3.0-service to keymaster@3.0-s.
01-01 00:00:07.221 162 162 I android.hardware.keymaster@3.0-service: Registration complete for android.hardware.keymaster@3.0::IKeymasterDevice/default. --------- beginning of system
01-01 00:00:07.242 163 163 I vold : Vold 3.0 (the awakening) firing up
01-01 00:00:07.243 163 163 V vold : Detected support for: ext4 vfat
01-01 00:00:07.255 163 168 D vold : e4crypt_init_user0
01-01 00:00:07.255 163 168 D vold : e4crypt_prepare_user_storage for volume null, user 0, serial 0, flags 1
01-01 00:00:07.255 163 168 D vold : Preparing: /data/system/users/0
01-01 00:00:07.256 163 168 D vold : Preparing: /data/misc/profiles/cur/0
01-01 00:00:07.256 163 168 D vold : Preparing: /data/system_de/0
01-01 00:00:07.256 163 168 D vold : Preparing: /data/misc_de/0
01-01 00:00:07.257 163 168 D vold : Preparing: /data/user_de/0
01-01 00:00:07.257 163 168 D vold : e4crypt_unlock_user_key 0 serial=0 token_present=0
01-01 00:00:07.257 163 168 E vold : Failed to chmod /data/system_ce/0: No such file or directory
01-01 00:00:07.257 163 168 E vold : Failed to chmod /data/misc_ce/0: No such file or directory
01-01 00:00:07.257 163 168 E vold : Failed to chmod /data/media/0: No such file or directory
01-01 00:00:07.361 169 169 I /system/bin/tzdatacheck: timezone distro dir /data/misc/zoneinfo/current does not exist. No action required.
01-01 00:00:07.639 170 170 I Netd : Netd 1.0 starting
01-01 00:00:07.639 170 170 D TetherController: Setting IP forward enable = 0
01-01 00:00:07.899 176 176 I chatty : uid=1047(cameraserver) provider@2.4-se expire 381 lines
01-01 00:00:07.967 177 177 I ServiceManagement: Removing namespace from process name android.hardware.configstore@1.0-service to configstore@1.0.
01-01 00:00:08.034 178 178 I vndksupport: sphal namespace is not configured for this process. Loading /vendor/lib/hw/gralloc.jacinto6.so from the current namespace instead.
01-01 00:00:08.037 183 183 I lowmemorykiller: Using in-kernel low memory killer interface
01-01 00:00:08.053 179 179 I ServiceManagement: Removing namespace from process name android.hardware.usb@1.0-service to usb@1.0-service.
01-01 00:00:08.067 173 173 I ServiceManagement: Removing namespace from process name android.hidl.allocator@1.0-service to allocator@1.0-s.
01-01 00:00:08.083 178 178 E IMGSRV : :0: OpenServices: Cannot open device driver /dev/pvrsrvkm. Device may not be initialized yet, retrying...
01-01 00:00:08.085 179 179 I android.hardware.usb@1.0-service: USB HAL Ready.
01-01 00:00:08.119 182 182 I pvrsrvinit: type=1400 audit(0.0:8): avc: denied { module_load } for path="/vendor/lib/modules/pvrsrvkm.ko" dev="mmcblk0p11" ino=167 scontext=u:r:pvr:s0 tcontext=u:object_r:vendor_file:s0 tclass=system permissive=1
01-01 00:00:08.119 175 175 I automotive.vehicle@2.0-service: registerEmulator, emulator: 0xa8694810
01-01 00:00:08.119 175 175 I automotive.vehicle@2.0-impl: VehicleHalManager::init
01-01 00:00:08.119 175 175 I automotive.vehicle@2.0-service: Registering as service...
01-01 00:00:08.129 175 175 I android.hardwar: type=1400 audit(0.0:9): avc: denied { create } for scontext=u:r:hal_vehicle_default:s0 tcontext=u:r:hal_vehicle_default:s0 tclass=tcp_socket permissive=1
01-01 00:00:08.129 175 175 I android.hardwar: type=1400 audit(0.0:10): avc: denied { bind } for scontext=u:r:hal_vehicle_default:s0 tcontext=u:r:hal_vehicle_default:s0 tclass=tcp_socket permissive=1
01-01 00:00:08.129 175 175 I android.hardwar: type=1400 audit(0.0:11): avc: denied { node_bind } for src=33452 scontext=u:r:hal_vehicle_default:s0 tcontext=u:object_r:node:s0 tclass=tcp_socket permissive=1
01-01 00:00:08.129 175 175 I android.hardwar: type=1400 audit(0.0:12): avc: denied { listen } for lport=33452 scontext=u:r:hal_vehicle_default:s0 tcontext=u:r:hal_vehicle_default:s0 tclass=tcp_socket permissive=1
01-01 00:00:08.129 175 175 I android.hardwar: type=1400 audit(0.0:13): avc: denied { accept } for lport=33452 scontext=u:r:hal_vehicle_default:s0 tcontext=u:r:hal_vehicle_default:s0 tclass=tcp_socket permissive=1
01-01 00:00:08.135 153 153 W /system/bin/hwservicemanager: getTransportFromManifest: Cannot find entry android.hardware.health@1.0::IHealth in either framework or device manifest, using default transport.
01-01 00:00:08.154 175 175 I ServiceManagement: Removing namespace from process name android.hardware.automotive.vehicle@2.0-service to vehicle@2.0-ser.
01-01 00:00:08.169 153 153 E SELinux : avc: denied { add } for interface=android.hardware.automotive.vehicle::IVehicle pid=175 scontext=u:r:hal_vehicle_default:s0 tcontext=u:object_r:default_android_hwservice:s0 tclass=hwservice_manager
01-01 00:00:08.171 153 153 E SELinux : avc: denied { add } for interface=android.hidl.base::IBase pid=175 scontext=u:r:hal_vehicle_default:s0 tcontext=u:object_r:hidl_base_hwservice:s0 tclass=hwservice_manager
01-01 00:00:08.171 175 175 I automotive.vehicle@2.0-service: Ready
01-01 00:00:08.238 174 174 I ServiceManagement: Removing namespace from process name android.hardware.audio@2.0-service to audio@2.0-servi.
01-01 00:00:08.240 174 174 I audiohalservice: Registration complete for android.hardware.audio@2.0::IDevicesFactory/default.
01-01 00:00:08.241 153 153 W /system/bin/hwservicemanager: getTransportFromManifest: Cannot find entry android.hardware.audio.effect@2.0::IEffectsFactory in either framework or device manifest, using default transport.
01-01 00:00:08.279 174 174 I audiohalservice: Registration complete for android.hardware.audio.effect@2.0::IEffectsFactory/default.
01-01 00:00:08.279 153 153 W /system/bin/hwservicemanager: getTransportFromManifest: Cannot find entry android.hardware.soundtrigger@2.0::ISoundTriggerHw in either framework or device manifest, using default transport.
01-01 00:00:08.286 174 174 E SoundTriggerHalImpl: couldn't load sound trigger module sound_trigger.primary (No such file or directory)
01-01 00:00:08.288 174 174 I audiohalservice: Registration complete for android.hardware.soundtrigger@2.0::ISoundTriggerHw/default.
01-01 00:00:08.288 153 153 W /system/bin/hwservicemanager: getTransportFromManifest: Cannot find entry android.hardware.broadcastradio@1.0::IBroadcastRadioFactory in either framework or device manifest, using default transport.
01-01 00:00:08.296 174 174 I audiohalservice: Registration complete for android.hardware.broadcastradio@1.0::IBroadcastRadioFactory/default.
01-01 00:00:08.378 153 153 W /system/bin/hwservicemanager: getTransportFromManifest: Cannot find entry android.hardware.configstore@1.0::ISurfaceFlingerConfigs in either framework or device manifest, using default transport.
01-01 00:00:08.379 184 184 I /system/bin/surfaceflinger: android::hardware::configstore::V1_0::ISurfaceFlingerConfigs::maxFrameBufferAcquiredBuffers retrieved: 2 (default)
01-01 00:00:08.382 153 153 W /system/bin/hwservicemanager: getTransportFromManifest: Cannot find entry android.hardware.configstore@1.0::ISurfaceFlingerConfigs in either framework or device manifest, using default transport.
01-01 00:00:08.383 184 184 I /system/bin/surfaceflinger: android::hardware::configstore::V1_0::ISurfaceFlingerConfigs::startGraphicsAllocatorService retrieved: 0
01-01 00:00:08.387 184 184 I SurfaceFlinger: SurfaceFlinger is starting
01-01 00:00:08.387 153 153 W /system/bin/hwservicemanager: getTransportFromManifest: Cannot find entry android.hardware.configstore@1.0::ISurfaceFlingerConfigs in either framework or device manifest, using default transport.
01-01 00:00:08.389 184 184 I /system/bin/surfaceflinger: android::hardware::configstore::V1_0::ISurfaceFlingerConfigs::vsyncEventPhaseOffsetNs retrieved: 7500000
01-01 00:00:08.390 153 153 W /system/bin/hwservicemanager: getTransportFromManifest: Cannot find entry android.hardware.configstore@1.0::ISurfaceFlingerConfigs in either framework or device manifest, using default transport.
01-01 00:00:08.391 184 184 I /system/bin/surfaceflinger: android::hardware::configstore::V1_0::ISurfaceFlingerConfigs::vsyncSfEventPhaseOffsetNs retrieved: 5000000
01-01 00:00:08.392 153 153 W /system/bin/hwservicemanager: getTransportFromManifest: Cannot find entry android.hardware.configstore@1.0::ISurfaceFlingerConfigs in either framework or device manifest, using default transport.
01-01 00:00:08.393 184 184 I /system/bin/surfaceflinger: android::hardware::configstore::V1_0::ISurfaceFlingerConfigs::maxVirtualDisplaySize retrieved: 0 (default)
01-01 00:00:08.393 153 153 W /system/bin/hwservicemanager: getTransportFromManifest: Cannot find entry android.hardware.configstore@1.0::ISurfaceFlingerConfigs in either framework or device manifest, using default transport.
01-01 00:00:08.394 184 184 I /system/bin/surfaceflinger: android::hardware::configstore::V1_0::ISurfaceFlingerConfigs::hasSyncFramework retrieved: 1
01-01 00:00:08.395 153 153 W /system/bin/hwservicemanager: getTransportFromManifest: Cannot find entry android.hardware.configstore@1.0::ISurfaceFlingerConfigs in either framework or device manifest, using default transport.
01-01 00:00:08.396 184 184 I /system/bin/surfaceflinger: android::hardware::configstore::V1_0::ISurfaceFlingerConfigs::useContextPriority retrieved: 0 (default)
01-01 00:00:08.397 153 153 W /system/bin/hwservicemanager: getTransportFromManifest: Cannot find entry android.hardware.configstore@1.0::ISurfaceFlingerConfigs in either framework or device manifest, using default transport.
01-01 00:00:08.398 184 184 I /system/bin/surfaceflinger: android::hardware::configstore::V1_0::ISurfaceFlingerConfigs::presentTimeOffsetFromVSyncNs retrieved: 0
01-01 00:00:08.399 153 153 W /system/bin/hwservicemanager: getTransportFromManifest: Cannot find entry android.hardware.configstore@1.0::ISurfaceFlingerConfigs in either framework or device manifest, using default transport.
01-01 00:00:08.402 184 184 I /system/bin/surfaceflinger: android::hardware::configstore::V1_0::ISurfaceFlingerConfigs::useHwcForRGBtoYUV retrieved: 0
01-01 00:00:08.402 184 184 I /system/bin/surfaceflinger: android::hardware::configstore::V1_0::ISurfaceFlingerConfigs::maxFrameBufferAcquiredBuffers retrieved: 2 (default)
01-01 00:00:08.402 184 184 I SurfaceFlinger: Enabling HWC virtual displays
01-01 00:00:08.402 184 184 I SurfaceFlinger: Disabling Triple Buffering
01-01 00:00:08.403 184 184 I SurfaceFlinger: SurfaceFlinger's main thread ready to run. Initializing graphics H/W...
01-01 00:00:08.421 184 184 I vndksupport: sphal namespace is not configured for this process. Loading /vendor/lib/egl/libEGL_POWERVR_SGX544_116.so from the current namespace instead.
01-01 00:00:08.437 184 184 D libEGL : loaded /vendor/lib/egl/libEGL_POWERVR_SGX544_116.so
01-01 00:00:08.527 184 184 I vndksupport: sphal namespace is not configured for this process. Loading /vendor/lib/egl/libGLESv1_CM_POWERVR_SGX544_116.so from the current namespace instead.
01-01 00:00:08.533 184 184 D libEGL : loaded /vendor/lib/egl/libGLESv1_CM_POWERVR_SGX544_116.so
01-01 00:00:08.590 178 178 E IMGSRV : :0: OpenServices: Cannot open device driver /dev/pvrsrvkm. Device may not be initialized yet, retrying...
01-01 00:00:08.598 184 184 I vndksupport: sphal namespace is not configured for this process. Loading /vendor/lib/egl/libGLESv2_POWERVR_SGX544_116.so from the current namespace instead.
01-01 00:00:08.598 184 184 D libEGL : loaded /vendor/lib/egl/libGLESv2_POWERVR_SGX544_116.so
01-01 00:00:08.638 184 184 E IMGSRV : :0: OpenServices: Cannot open device driver /dev/pvrsrvkm. Device may not be initialized yet, retrying...
01-01 00:00:08.734 180 180 I android.hardware.wifi@1.0-service: Wifi Hal is starting up...
01-01 00:00:08.734 180 180 I ServiceManagement: Removing namespace from process name android.hardware.wifi@1.0-service to wifi@1.0-servic.
01-01 00:00:08.949 175 175 I android.hardwar: type=1400 audit(0.0:16): avc: denied { accept } for lport=33452 scontext=u:r:hal_vehicle_default:s0 tcontext=u:r:hal_vehicle_default:s0 tclass=tcp_socket permissive=1
01-01 00:00:09.100 178 178 E IMGSRV : :0: PVRSRVOpenDCDevice: Error - 138 returned
01-01 00:00:09.151 178 178 I ServiceManagement: Removing namespace from process name android.hardware.graphics.allocator@2.0-service to allocator@2.0-s.
01-01 00:00:09.153 184 184 I vndksupport: sphal namespace is not configured for this process. Loading /vendor/lib/hw/gralloc.jacinto6.so from the current namespace instead.
01-01 00:00:09.156 184 184 E IMGSRV : :0: PVRSRVOpenDCDevice: Error - 138 returned
01-01 00:00:09.162 184 184 I vndksupport: sphal namespace is not configured for this process. Loading /vendor/lib/hw/gralloc.jacinto6.so from the current namespace instead.
01-01 00:00:09.163 178 178 I android.hardware.graphics.allocator@2.0-service: Registration complete for android.hardware.graphics.allocator@2.0::IAllocator/default.
01-01 00:00:09.165 184 184 I vndksupport: sphal namespace is not configured for this process. Loading /vendor/lib/hw/gralloc.jacinto6.so from the current namespace instead.
01-01 00:00:09.165 184 184 I vndksupport: sphal namespace is not configured for this process. Loading /vendor/lib/hw/hwcomposer.jacinto6.so from the current namespace instead.
01-01 00:00:09.213 184 184 I ti_hwc : Open omapdrm drm device (21)
01-01 00:00:09.216 184 184 I vndksupport: sphal namespace is not configured for this process. Loading /vendor/lib/hw/gralloc.jacinto6.so from the current namespace instead.
01-01 00:00:09.217 184 184 I ti_hwc : Set drm fd (21) to gralloc
01-01 00:00:09.217 184 184 I ti_hwc : Number of available overlays: 4
01-01 00:00:09.217 184 184 I ti_hwc : Display 0 - Overlay 0: plane_id: 33 crtc_id: 34
01-01 00:00:09.217 184 184 I ti_hwc : Display 0 - Overlay 1: plane_id: 39 crtc_id: 34
01-01 00:00:09.217 184 184 I ti_hwc : Display 0 - Overlay 2: plane_id: 40 crtc_id: 34
01-01 00:00:09.217 184 184 D ti_hwc : Transforming FB (1280x800) => (1280x800) rot0
01-01 00:00:09.217 184 184 E ti_hwc : plane id: 33
01-01 00:00:09.217 184 184 I ti_hwc : Expecting h/w vsync for jacinto6evm
01-01 00:00:09.217 184 184 I ti_hwc : Initializing hw vsync thread
01-01 00:00:09.217 184 184 I ti_hwc : clone region is set to (0,0) to (1280,800)
01-01 00:00:09.217 184 184 I ti_hwc : open_device(rgb_order=1 nv12_only=0)
01-01 00:00:09.217 184 184 I ti_hwc : loading blitter module
01-01 00:00:09.218 184 184 E ti_hwc : blitter module not found
01-01 00:00:09.218 184 184 I SurfaceFlinger: Using composer version 1.1
01-01 00:00:09.218 184 184 I SurfaceFlinger: EGL information:
01-01 00:00:09.218 184 184 I SurfaceFlinger: vendor : Android
01-01 00:00:09.218 184 184 I SurfaceFlinger: version : 1.4 Android META-EGL
01-01 00:00:09.218 184 184 I SurfaceFlinger: extensions: EGL_KHR_get_all_proc_addresses EGL_ANDROID_presentation_time EGL_KHR_swap_buffers_with_damage EGL_ANDROID_get_native_client_buffer EGL_ANDROID_front_buffer_auto_refresh EGL_ANDROID_get_frame_timestamps EGL_KHR_image EGL_KHR_image_base EGL_KHR_gl_texture_2D_image EGL_KHR_gl_texture_cubemap_image EGL_KHR_gl_renderbuffer_image EGL_KHR_fence_sync EGL_KHR_create_context EGL_KHR_surfaceless_context EGL_ANDROID_image_native_buffer EGL_KHR_wait_sync EGL_ANDROID_recordable EGL_IMG_context_priority
01-01 00:00:09.218 184 184 I SurfaceFlinger: Client API: OpenGL_ES
01-01 00:00:09.218 184 184 I SurfaceFlinger: EGLSurface: 8-8-8-8, config=0xf
01-01 00:00:09.222 184 251 D ti_hwc : Opened directory /sys/devices/platform/omapdrm.0/drm/card0
01-01 00:00:09.222 184 251 D ti_hwc : EXTCON HDMI STATE: 0
01-01 00:00:09.238 184 184 I SurfaceFlinger: OpenGL ES informations:
01-01 00:00:09.238 184 184 I SurfaceFlinger: vendor : Imagination Technologies
01-01 00:00:09.239 184 184 I SurfaceFlinger: renderer : PowerVR SGX 544MP
01-01 00:00:09.239 184 184 I SurfaceFlinger: version : OpenGL ES 2.0 build 1.14@4081762
01-01 00:00:09.239 184 184 I SurfaceFlinger: extensions: GL_EXT_debug_marker GL_OES_rgb8_rgba8 GL_OES_depth24 GL_OES_vertex_half_float GL_OES_texture_float GL_OES_texture_half_float GL_OES_element_index_uint GL_OES_mapbuffer GL_OES_fragment_precision_high GL_OES_compressed_ETC1_RGB8_texture GL_OES_fbo_render_mipmap GL_OES_EGL_image GL_OES_EGL_image_external GL_OES_required_internalformat GL_OES_depth_texture GL_OES_get_program_binary GL_OES_packed_depth_stencil GL_OES_standard_derivatives GL_OES_vertex_array_object GL_OES_egl_sync GL_OES_texture_npot GL_OES_surfaceless_context GL_EXT_discard_framebuffer GL_EXT_blend_minmax GL_EXT_multi_draw_arrays GL_EXT_multisampled_render_to_texture GL_EXT_shader_texture_lod GL_EXT_texture_format_BGRA8888 GL_EXT_occlusion_query_boolean GL_EXT_texture_rg GL_EXT_draw_buffers GL_EXT_shader_framebuffer_fetch GL_IMG_shader_binary GL_IMG_texture_compression_pvrtc GL_IMG_texture_compression_pvrtc2 GL_IMG_texture_npot GL_IMG_texture_format_BGRA8888 GL_IMG_read_format GL_IMG_program_binary GL_IMG_uniform_buffer_object GL_IMG_
01-01 00:00:09.239 184 184 I SurfaceFlinger: GL_MAX_TEXTURE_SIZE = 4096
01-01 00:00:09.239 184 184 I SurfaceFlinger: GL_MAX_VIEWPORT_DIMS = 4096
01-01 00:00:09.298 171 171 D AndroidRuntime: >>>>>> START com.android.internal.os.ZygoteInit uid 0 <<<<<<
01-01 00:00:09.413 171 171 I zygote : option[0]=-Xzygote
01-01 00:00:09.413 171 171 I zygote : option[1]=-Xstacktracefile:/data/anr/traces.txt
01-01 00:00:09.414 171 171 I zygote : option[2]=exit
01-01 00:00:09.414 171 171 I zygote : option[3]=vfprintf
01-01 00:00:09.414 171 171 I zygote : option[4]=sensitiveThread
01-01 00:00:09.414 171 171 I zygote : option[5]=-verbose:gc
01-01 00:00:09.414 171 171 I zygote : option[6]=-Xms4m
01-01 00:00:09.414 171 171 I zygote : option[7]=-Xmx16m
01-01 00:00:09.414 171 171 I zygote : option[8]=-Xusejit:true
01-01 00:00:09.414 171 171 I zygote : option[9]=-Xjitsaveprofilinginfo
01-01 00:00:09.414 171 171 I zygote : option[10]=-agentlib:jdwp=transport=dt_android_adb,suspend=n,server=y
01-01 00:00:09.414 171 171 I zygote : option[11]=-Xlockprofthreshold:500
01-01 00:00:09.414 171 171 I zygote : option[12]=-Ximage-compiler-option
01-01 00:00:09.414 171 171 I zygote : option[13]=--runtime-arg
01-01 00:00:09.414 171 171 I zygote : option[14]=-Ximage-compiler-option
01-01 00:00:09.414 171 171 I zygote : option[15]=-Xms64m
01-01 00:00:09.414 171 171 I zygote : option[16]=-Ximage-compiler-option
01-01 00:00:09.414 171 171 I zygote : option[17]=--runtime-arg
01-01 00:00:09.414 171 171 I zygote : option[18]=-Ximage-compiler-option
01-01 00:00:09.414 171 171 I zygote : option[19]=-Xmx64m
01-01 00:00:09.414 171 171 I zygote : option[20]=-Ximage-compiler-option
01-01 00:00:09.414 171 171 I zygote : option[21]=--image-classes=/system/etc/preloaded-classes
01-01 00:00:09.414 171 171 I zygote : option[22]=-Ximage-compiler-option
01-01 00:00:09.414 171 171 I zygote : option[23]=--compiled-classes=/system/etc/compiled-classes
01-01 00:00:09.414 171 171 I zygote : option[24]=-Xcompiler-option
01-01 00:00:09.414 171 171 I zygote : option[25]=--runtime-arg
01-01 00:00:09.414 171 171 I zygote : option[26]=-Xcompiler-option
01-01 00:00:09.414 171 171 I zygote : option[27]=-Xms64m
01-01 00:00:09.414 171 171 I zygote : option[28]=-Xcompiler-option
01-01 00:00:09.414 171 171 I zygote : option[29]=--runtime-arg
01-01 00:00:09.414 171 171 I zygote : option[30]=-Xcompiler-option
01-01 00:00:09.414 171 171 I zygote : option[31]=-Xmx512m
01-01 00:00:09.414 171 171 I zygote : option[32]=-Ximage-compiler-option
01-01 00:00:09.414 171 171 I zygote : option[33]=--instruction-set-variant=cortex-a15
01-01 00:00:09.414 171 171 I zygote : option[34]=-Xcompiler-option
01-01 00:00:09.414 171 171 I zygote : option[35]=--instruction-set-variant=cortex-a15
01-01 00:00:09.414 171 171 I zygote : option[36]=-Ximage-compiler-option
01-01 00:00:09.414 171 171 I zygote : option[37]=--instruction-set-features=default
01-01 00:00:09.414 171 171 I zygote : option[38]=-Xcompiler-option
01-01 00:00:09.414 171 171 I zygote : option[39]=--instruction-set-features=default
01-01 00:00:09.414 171 171 I zygote : option[40]=-Duser.locale=en-US
01-01 00:00:09.414 171 171 I zygote : option[41]=--cpu-abilist=armeabi-v7a,armeabi
01-01 00:00:09.415 171 171 I zygote : option[42]=-Xfingerprint:TI/full_jacinto6evm/jacinto6evm:8.0.0/OPR6.170623.013/rtrk12022048:userdebug/test-keys
01-01 00:00:09.513 228 228 I installd: installd firing up
01-01 00:00:09.514 228 228 E cutils : Failed to read /data/.layout_version: No such file or directory
01-01 00:00:09.514 228 228 D installd: Assuming that device has multi-user storage layout; upgrade no longer supported
01-01 00:00:09.535 236 236 I wificond: wificond is starting up...
01-01 00:00:09.541 228 228 D installd: Upgrading to /data/misc/user directories
01-01 00:00:09.557 184 184 I vndksupport: sphal namespace is not configured for this process. Loading /vendor/lib/hw/gralloc.jacinto6.so from the current namespace instead.
01-01 00:00:09.558 171 171 I zygote : Pruning dalvik-cache since we are relocating an image and will need to recompile
01-01 00:00:09.559 171 171 I zygote : RelocateImage: /system/bin/patchoat --input-image-location=/system/framework/boot.art --output-image-file=/data/dalvik-cache/arm/system@framework@boot.art --instruction-set=arm --base-offset-delta=241664
01-01 00:00:09.608 170 170 I Netd : Creating child chains: 1963.8ms
01-01 00:00:09.608 170 170 I Netd : Setting up OEM hooks: 0.2ms
01-01 00:00:09.609 153 153 W /system/bin/hwservicemanager: getTransportFromManifest: Cannot find entry android.hardware.keymaster@3.0::IKeymasterDevice in either framework or device manifest, using default transport.
01-01 00:00:09.616 170 170 I Netd : Setting up FirewallController hooks: 7.9ms
01-01 00:00:09.659 238 238 I gatekeeperd: Starting gatekeeperd...
01-01 00:00:09.672 170 170 I Netd : Setting up NatController hooks: 56.6ms
01-01 00:00:09.684 253 253 I /system/bin/tombstoned: tombstoned successfully initialized
01-01 00:00:09.684 153 153 W /system/bin/hwservicemanager: getTransportFromManifest: Cannot find entry android.hardware.gatekeeper@1.0::IGatekeeper in either framework or device manifest, using default transport.
01-01 00:00:09.686 238 238 W gatekeeperd: falling back to software GateKeeper
01-01 00:00:09.686 238 238 I gatekeeperd: cold boot: clearing state
01-01 00:00:09.693 170 170 I Netd : Setting up BandwidthController hooks: 20.9ms
01-01 00:00:09.693 170 170 I Netd : Setting up IdletimerController hooks: 0.1ms
01-01 00:00:09.746 184 184 D SurfaceFlinger: shader cache generated - 24 shaders in 164.972961 ms
01-01 00:00:09.754 170 170 I Netd : Disabling bandwidth control: 60.6ms
01-01 00:00:09.758 184 184 D SurfaceFlinger: Set power mode=2, type=0 flinger=0xa70d1000
01-01 00:00:09.777 184 184 I ti_hwc : Setting up plane 33 and connecting connector 32 to crtc 34
01-01 00:00:09.779 170 170 E Netd : cannot find interface dummy0
01-01 00:00:09.780 170 170 I Netd : Initializing RouteController: 25.9ms
01-01 00:00:09.790 170 170 E Netd : Unable to create netlink socket: Protocol not supported
01-01 00:00:09.790 170 170 W Netd : Unable to open qlog quota socket, check if xt_quota2 can send via UeventHandler
01-01 00:00:09.791 170 170 D MDnsDS : MDnsSdListener::Hander starting up
01-01 00:00:09.792 170 170 I Netd : Registering NetdNativeService: 1.0ms
01-01 00:00:09.815 170 271 D MDnsDS : MDnsSdListener starting to monitor
01-01 00:00:09.815 170 271 D MDnsDS : Going to poll with pollCount 1
01-01 00:00:09.820 170 170 I Netd : Starting CommandListener: 27.7ms
01-01 00:00:09.820 170 170 I Netd : Netd started in 2181ms
01-01 00:00:09.925 230 230 I mediaserver: ServiceManager: 0xb0997520
01-01 00:00:09.959 175 175 I android.hardwar: type=1400 audit(0.0:17): avc: denied { accept } for lport=33452 scontext=u:r:hal_vehicle_default:s0 tcontext=u:r:hal_vehicle_default:s0 tclass=tcp_socket permissive=1
01-01 00:00:10.345 237 237 I /vendor/bin/hw/android.hardware.media.omx@1.0-service: mediacodecservice starting
01-01 00:00:10.450 232 232 I mediametrics: ServiceManager: 0xa73975a0
01-01 00:00:10.450 232 232 D MediaAnalyticsService: MediaAnalyticsService created
01-01 00:00:10.450 232 232 D MediaAnalyticsService: MediaAnalyticsService::newSummarizerSet
01-01 00:00:10.465 224 224 I chatty : uid=1047(cameraserver) /system/bin/cameraserver expire 9 lines
01-01 00:00:10.479 231 231 V MediaUtils: physMem: 1570508800
01-01 00:00:10.480 231 231 V MediaUtils: requested limit: 314101760
01-01 00:00:10.480 231 231 V MediaUtils: actual limit: 314101760
01-01 00:00:10.480 231 231 V MediaUtils: original limits: 4294967295/4294967295
01-01 00:00:10.480 231 231 V MediaUtils: new limits: 314101760/4294967295
01-01 00:00:10.480 231 231 I vndksupport: sphal namespace is not configured for this process. Loading libutils.so from the current namespace instead.
01-01 00:00:10.501 222 222 I FastMixerState: sMaxFastTracks = 8
01-01 00:00:10.502 222 222 I audioserver: ServiceManager: 0xb2397520
01-01 00:00:10.502 222 222 W BatteryNotifier: batterystats service unavailable!
01-01 00:00:10.506 153 153 W /system/bin/hwservicemanager: getTransportFromManifest: Cannot find entry android.hardware.audio.effect@2.0::IEffectsFactory in either framework or device manifest, using default transport.
01-01 00:00:10.507 222 222 I AudioFlinger: Using default 3000 mSec as standby time.
01-01 00:00:10.978 275 286 I vndksupport: sphal namespace is not configured for this process. Loading /vendor/lib/egl/libEGL_POWERVR_SGX544_116.so from the current namespace instead.
01-01 00:00:10.980 275 286 D libEGL : loaded /vendor/lib/egl/libEGL_POWERVR_SGX544_116.so
01-01 00:00:10.986 275 286 I vndksupport: sphal namespace is not configured for this process. Loading /vendor/lib/egl/libGLESv1_CM_POWERVR_SGX544_116.so from the current namespace instead.
01-01 00:00:11.002 275 286 D libEGL : loaded /vendor/lib/egl/libGLESv1_CM_POWERVR_SGX544_116.so
01-01 00:00:11.043 275 286 I vndksupport: sphal namespace is not configured for this process. Loading /vendor/lib/egl/libGLESv2_POWERVR_SGX544_116.so from the current namespace instead.
01-01 00:00:11.044 275 286 D libEGL : loaded /vendor/lib/egl/libGLESv2_POWERVR_SGX544_116.so
01-01 00:00:11.086 275 286 I vndksupport: sphal namespace is not configured for this process. Loading /vendor/lib/hw/gralloc.jacinto6.so from the current namespace instead.
01-01 00:00:11.088 275 286 E IMGSRV : :0: PVRSRVOpenDCDevice: Error - 138 returned
01-01 00:00:11.092 275 286 I vndksupport: sphal namespace is not configured for this process. Loading /vendor/lib/hw/gralloc.jacinto6.so from the current namespace instead.
01-01 00:00:11.247 237 237 W /vendor/bin/hw/android.hardware.media.omx@1.0-service: Could not read additional policy file '/vendor/etc/seccomp_policy/mediacodec.policy'
01-01 00:00:11.248 237 237 W /vendor/bin/hw/android.hardware.media.omx@1.0-service: libminijail[237]: allowing syscall: clock_gettime
01-01 00:00:11.248 237 237 W /vendor/bin/hw/android.hardware.media.omx@1.0-service: libminijail[237]: allowing syscall: connect
01-01 00:00:11.248 237 237 W /vendor/bin/hw/android.hardware.media.omx@1.0-service: libminijail[237]: allowing syscall: fcntl64
01-01 00:00:11.248 237 237 W /vendor/bin/hw/android.hardware.media.omx@1.0-service: libminijail[237]: allowing syscall: socket
01-01 00:00:11.248 237 237 W /vendor/bin/hw/android.hardware.media.omx@1.0-service: libminijail[237]: allowing syscall: writev
01-01 00:00:11.249 237 237 W /vendor/bin/hw/android.hardware.media.omx@1.0-service: libminijail[237]: logging seccomp filter failures
01-01 00:00:11.249 237 237 I ServiceManagement: Removing namespace from process name android.hardware.media.omx@1.0-service to omx@1.0-service.
01-01 00:00:11.250 231 231 W /system/bin/mediaextractor: Could not read additional policy file '/vendor/etc/seccomp_policy/mediaextractor.policy'
01-01 00:00:11.250 231 231 W /system/bin/mediaextractor: libminijail[231]: allowing syscall: clock_gettime
01-01 00:00:11.250 231 231 W /system/bin/mediaextractor: libminijail[231]: allowing syscall: connect
01-01 00:00:11.250 231 231 W /system/bin/mediaextractor: libminijail[231]: allowing syscall: fcntl64
01-01 00:00:11.252 231 231 W /system/bin/mediaextractor: libminijail[231]: allowing syscall: socket
01-01 00:00:11.252 231 231 W /system/bin/mediaextractor: libminijail[231]: allowing syscall: writev
01-01 00:00:11.253 231 231 W /system/bin/mediaextractor: libminijail[231]: logging seccomp filter failures
01-01 00:00:11.299 288 288 I getprop : type=1400 audit(0.0:22): avc: denied { open } for path="/dev/__properties__/u:object_r:wlan_driver_prop:s0" dev="tmpfs" ino=8456 scontext=u:r:shell:s0 tcontext=u:object_r:wlan_driver_prop:s0 tclass=file permissive=1
01-01 00:00:11.299 288 288 I getprop : type=1400 audit(0.0:23): avc: denied { getattr } for path="/dev/__properties__/u:object_r:wlan_driver_prop:s0" dev="tmpfs" ino=8456 scontext=u:r:shell:s0 tcontext=u:object_r:wlan_driver_prop:s0 tclass=file permissive=1
01-01 00:00:11.299 288 288 I getprop : type=1400 audit(0.0:24): avc: denied { open } for path="/dev/__properties__/u:object_r:opengles_prop:s0" dev="tmpfs" ino=8457 scontext=u:r:shell:s0 tcontext=u:object_r:opengles_prop:s0 tclass=file permissive=1
01-01 00:00:11.299 288 288 I getprop : type=1400 audit(0.0:25): avc: denied { getattr } for path="/dev/__properties__/u:object_r:opengles_prop:s0" dev="tmpfs" ino=8457 scontext=u:r:shell:s0 tcontext=u:object_r:opengles_prop:s0 tclass=file permissive=1
01-01 00:00:11.299 288 288 I getprop : type=1400 audit(0.0:26): avc: denied { open } for path="/dev/__properties__/u:object_r:hw_cabl_prop:s0" dev="tmpfs" ino=8458 scontext=u:r:shell:s0 tcontext=u:object_r:hw_cabl_prop:s0 tclass=file permissive=1
01-01 00:00:11.299 288 288 I getprop : type=1400 audit(0.0:27): avc: denied { getattr } for path="/dev/__properties__/u:object_r:hw_cabl_prop:s0" dev="tmpfs" ino=8458 scontext=u:r:shell:s0 tcontext=u:object_r:hw_cabl_prop:s0 tclass=file permissive=1
01-01 00:00:11.299 288 288 I getprop : type=1400 audit(0.0:28): avc: denied { open } for path="/dev/__properties__/u:object_r:car_prop:s0" dev="tmpfs" ino=8459 scontext=u:r:shell:s0 tcontext=u:object_r:car_prop:s0 tclass=file permissive=1
01-01 00:00:11.299 288 288 I getprop : type=1400 audit(0.0:29): avc: denied { getattr } for path="/dev/__properties__/u:object_r:car_prop:s0" dev="tmpfs" ino=8459 scontext=u:r:shell:s0 tcontext=u:object_r:car_prop:s0 tclass=file permissive=1
01-01 00:00:11.299 288 288 I getprop : type=1400 audit(0.0:30): avc: denied { open } for path="/dev/__properties__/u:object_r:wifi_prop:s0" dev="tmpfs" ino=8460 scontext=u:r:shell:s0 tcontext=u:object_r:wifi_prop:s0 tclass=file permissive=1
01-01 00:00:11.299 288 288 I getprop : type=1400 audit(0.0:31): avc: denied { getattr } for path="/dev/__properties__/u:object_r:wifi_prop:s0" dev="tmpfs" ino=8460 scontext=u:r:shell:s0 tcontext=u:object_r:wifi_prop:s0 tclass=file permissive=1
01-01 00:00:11.299 288 288 I getprop : type=1400 audit(0.0:32): avc: denied { open } for path="/dev/__properties__/u:object_r:firstboot_prop:s0" dev="tmpfs" ino=8468 scontext=u:r:shell:s0 tcontext=u:object_r:firstboot_prop:s0 tclass=file permissive=1
01-01 00:00:11.299 288 288 I getprop : type=1400 audit(0.0:33): avc: denied { getattr } for path="/dev/__properties__/u:object_r:firstboot_prop:s0" dev="tmpfs" ino=8468 scontext=u:r:shell:s0 tcontext=u:object_r:firstboot_prop:s0 tclass=file permissive=1
01-01 00:00:11.299 288 288 I getprop : type=1400 audit(0.0:34): avc: denied { open } for path="/dev/__properties__/u:object_r:persistent_properties_ready_prop:s0" dev="tmpfs" ino=8469 scontext=u:r:shell:s0 tcontext=u:object_r:persistent_properties_ready_prop:s0 tclass=file permissive=1
01-01 00:00:11.299 288 288 I getprop : type=1400 audit(0.0:35): avc: denied { getattr } for path="/dev/__properties__/u:object_r:persistent_properties_ready_prop:s0" dev="tmpfs" ino=8469 scontext=u:r:shell:s0 tcontext=u:object_r:persistent_properties_ready_prop:s0 tclass=file permissive=1
01-01 00:00:11.321 222 222 E APM::Serializer: deserialize: Could not parse /odm/etc/audio_policy_configuration.xml document.
01-01 00:00:11.849 233 233 I mediaserver: ServiceManager: 0xb3b175c0
01-01 00:00:11.920 176 298 I chatty : uid=1047(cameraserver) provider@2.4-se expire 8 lines
01-01 00:00:11.939 224 290 I chatty : uid=1047(cameraserver) HwBinder:224_1 expire 1 line
01-01 00:00:12.010 233 233 W BatteryNotifier: batterystats service unavailable!
01-01 00:00:12.035 174 279 I vndksupport: sphal namespace is not configured for this process. Loading /vendor/lib/hw/audio.primary.jacinto6.so from the current namespace instead.
01-01 00:00:12.039 176 176 D CameraHal: (ac4474a8) hardware/ti/dra7xx/camera/CameraParameters.cpp:220 dump - prop-vstab-default = false
01-01 00:00:12.039 176 176 D CameraHal: (ac4474a8) hardware/ti/dra7xx/camera/CameraParameters.cpp:220 dump - prop-zoom-default = 1
01-01 00:00:12.039 176 176 D CameraHal: (ac4474a8) hardware/ti/dra7xx/camera/CameraParameters.cpp:220 dump - prop-zoom-ratios = 1
01-01 00:00:12.039 176 176 D CameraHal: (ac4474a8) hardware/ti/dra7xx/camera/CameraParameters.cpp:220 dump - prop-zoom-stages = 1
01-01 00:00:12.039 176 176 D CameraHal: (ac4474a8) hardware/ti/dra7xx/camera/CameraParameters.cpp:220 dump - prop-zoom-supported = false
01-01 00:00:12.039 176 176 D CameraHal: (ac4474a8) hardware/ti/dra7xx/camera/CameraParameters.cpp:220 dump - sensor-orientation = 0
01-01 00:00:12.039 176 176 D CameraHal: (ac4474a8) hardware/ti/dra7xx/camera/CameraParameters.cpp:223 dump - --------------------------------
01-01 00:00:12.039 176 176 D CameraHal: (ac4474a8) hardware/ti/dra7xx/camera/CameraHal.cpp:4146 initialize - Sensor index= 0; Sensor name= USBCAMERA
01-01 00:00:12.039 176 176 D CameraHal: (ac4474a8) + hardware/ti/dra7xx/camera/V4LCameraAdapter/V4LCameraAdapter.cpp:1208 V4LCameraAdapter_Factory - ENTER
01-01 00:00:12.039 176 176 D CameraHal: (ac4474a8) + hardware/ti/dra7xx/camera/V4LCameraAdapter/V4LCameraAdapter.cpp:894 V4LCameraAdapter - ENTER
01-01 00:00:12.040 176 176 E CameraHal: Error while adapter initialization: video capture not supported.
01-01 00:00:12.040 176 176 E CameraHal: Error while checking driver: Not VPE
01-01 00:00:12.040 176 176 E CameraHal: Error while adapter initialization: video capture not supported.
01-01 00:00:12.040 176 176 E CameraHal: Found VPE M2M device /dev/video0!!!
01-01 00:00:12.040 176 176 D CameraHal: (ac4474a8) - hardware/ti/dra7xx/camera/V4LCameraAdapter/V4LCameraAdapter.cpp:912 V4LCameraAdapter - EXIT
01-01 00:00:12.040 176 176 D CameraHal: (ac4474a8) hardware/ti/dra7xx/camera/V4LCameraAdapter/V4LCameraAdapter.cpp:1212 V4LCameraAdapter_Factory - New V4L Camera adapter instance created for sensor 0
01-01 00:00:12.040 176 176 D CameraHal: (ac4474a8) - hardware/ti/dra7xx/camera/V4LCameraAdapter/V4LCameraAdapter.cpp:1217 V4LCameraAdapter_Factory - EXIT
01-01 00:00:12.040 176 176 D CameraHal: (ac4474a8) + hardware/ti/dra7xx/camera/V4LCameraAdapter/V4LCameraAdapter.cpp:305 initialize - ENTER
01-01 00:00:12.050 176 176 D CameraHal: (ac4474a8) - hardware/ti/dra7xx/camera/V4LCameraAdapter/V4LCameraAdapter.cpp:361 initialize - EXIT
01-01 00:00:12.050 176 176 D CameraHal: (ac4474a8) + hardware/ti/dra7xx/camera/BaseCameraAdapter.cpp:126 registerImageReleaseCallback - ENTER
01-01 00:00:12.050 176 176 D CameraHal: (ac4474a8) - hardware/ti/dra7xx/camera/BaseCameraAdapter.cpp:131 registerImageReleaseCallback - EXIT
01-01 00:00:12.050 176 176 D CameraHal: (ac4474a8) + hardware/ti/dra7xx/camera/BaseCameraAdapter.cpp:140 registerEndCaptureCallback - ENTER
01-01 00:00:12.050 176 176 D CameraHal: (ac4474a8) - hardware/ti/dra7xx/camera/BaseCameraAdapter.cpp:145 registerEndCaptureCallback - EXIT
01-01 00:00:12.050 176 176 D CameraHal: (ac4474a8) + hardware/ti/dra7xx/camera/AppCallbackNotifier.cpp:38 initialize - ENTER
01-01 00:00:12.050 176 176 D CameraHal: (ac4474a8) - hardware/ti/dra7xx/camera/AppCallbackNotifier.cpp:70 initialize - EXIT
01-01 00:00:12.050 176 176 D CameraHal: (ac4474a8) + hardware/ti/dra7xx/camera/AppCallbackNotifier.cpp:1257 setEventProvider - ENTER
01-01 00:00:12.050 176 176 D CameraHal: (ac4474a8) + hardware/ti/dra7xx/camera/CameraHalUtilClasses.cpp:87 enableEventNotification - ENTER
01-01 00:00:12.050 176 176 D CameraHal: (ac4474a8) + hardware/ti/dra7xx/camera/BaseCameraAdapter.cpp:176 enableMsgType - ENTER
01-01 00:00:12.050 176 176 V CameraHal: (ac4474a8) hardware/ti/dra7xx/camera/BaseCameraAdapter.cpp:215 enableMsgType - Event message type id=0xffff subscription request
01-01 00:00:12.050 176 176 D CameraHal: (ac4474a8) - hardware/ti/dra7xx/camera/BaseCameraAdapter.cpp:229 enableMsgType - EXIT
01-01 00:00:12.050 176 176 D CameraHal: (ac4474a8) - hardware/ti/dra7xx/camera/CameraHalUtilClasses.cpp:97 enableEventNotification - EXIT
01-01 00:00:12.050 176 176 D CameraHal: (ac4474a8) - hardware/ti/dra7xx/camera/AppCallbackNotifier.cpp:1272 setEventProvider - EXIT
01-01 00:00:12.050 176 176 D CameraHal: (ac4474a8) + hardware/ti/dra7xx/camera/AppCallbackNotifier.cpp:1277 setFrameProvider - ENTER
01-01 00:00:12.050 176 176 D CameraHal: (ac4474a8) + hardware/ti/dra7xx/camera/CameraHalUtilClasses.cpp:33 enableFrameNotification - ENTER
01-01 00:00:12.050 176 176 D CameraHal: (ac4474a8) + hardware/ti/dra7xx/camera/BaseCameraAdapter.cpp:176 enableMsgType - ENTER
01-01 00:00:12.050 176 176 V CameraHal: (ac4474a8) hardware/ti/dra7xx/camera/BaseCameraAdapter.cpp:183 enableMsgType - Frame message type id=0x8 subscription request
01-01 00:00:12.050 176 176 D CameraHal: (ac4474a8) - hardware/ti/dra7xx/camera/BaseCameraAdapter.cpp:229 enableMsgType - EXIT
01-01 00:00:12.050 176 176 D CameraHal: (ac4474a8) - hardware/ti/dra7xx/camera/CameraHalUtilClasses.cpp:43 enableFrameNotification - EXIT
01-01 00:00:12.050 176 176 D CameraHal: (ac4474a8) + hardware/ti/dra7xx/camera/CameraHalUtilClasses.cpp:33 enableFrameNotification - ENTER
01-01 00:00:12.050 176 176 D CameraHal: (ac4474a8) + hardware/ti/dra7xx/camera/BaseCameraAdapter.cpp:176 enableMsgType - ENTER
01-01 00:00:12.050 176 176 V CameraHal: (ac4474a8) hardware/ti/dra7xx/camera/BaseCameraAdapter.cpp:183 enableMsgType - Frame message type id=0x100 subscription request
01-01 00:00:12.050 176 176 D CameraHal: (ac4474a8) - hardware/ti/dra7xx/camera/BaseCameraAdapter.cpp:229 enableMsgType - EXIT
01-01 00:00:12.050 176 176 D CameraHal: (ac4474a8) - hardware/ti/dra7xx/camera/CameraHalUtilClasses.cpp:43 enableFrameNotification - EXIT
01-01 00:00:12.050 176 176 D CameraHal: (ac4474a8) - hardware/ti/dra7xx/camera/AppCallbackNotifier.cpp:1293 setFrameProvider - EXIT
01-01 00:00:12.050 176 176 D CameraHal: (ac4474a8) + hardware/ti/dra7xx/camera/BaseCameraAdapter.cpp:154 setErrorHandler - ENTER
01-01 00:00:12.050 176 176 D CameraHal: (ac4474a8) - hardware/ti/dra7xx/camera/BaseCameraAdapter.cpp:167 setErrorHandler - EXIT
01-01 00:00:12.050 176 176 D CameraHal: (ac4474a8) + hardware/ti/dra7xx/camera/AppCallbackNotifier.cpp:1627 start - ENTER
01-01 00:00:12.051 176 176 D CameraHal: (ac4474a8) hardware/ti/dra7xx/camera/AppCallbackNotifier.cpp:1656 start - --> AppCallbackNotifier NOTIFIER_STARTED
01-01 00:00:12.051 176 176 D CameraHal: (ac4474a8) - hardware/ti/dra7xx/camera/AppCallbackNotifier.cpp:1658 start - EXIT
01-01 00:00:12.051 176 176 D CameraHal: (ac4474a8) hardware/ti/dra7xx/camera/CameraHal.cpp:4215 initialize - Started AppCallbackNotifier..
01-01 00:00:12.051 176 176 D CameraHal: (ac4474a8) + hardware/ti/dra7xx/camera/AppCallbackNotifier.cpp:100 setMeasurements - ENTER
01-01 00:00:12.051 176 176 D CameraHal: (ac4474a8) - hardware/ti/dra7xx/camera/AppCallbackNotifier.cpp:109 setMeasurements - EXIT
01-01 00:00:12.051 176 176 D CameraHal: (ac4474a8) + hardware/ti/dra7xx/camera/CameraHal.cpp:4509 initDefaultParameters - ENTER
01-01 00:00:12.051 176 176 D CameraHal: (ac4474a8) + hardware/ti/dra7xx/camera/CameraHal.cpp:4438 insertSupportedParams - ENTER
01-01 00:00:12.051 176 176 D CameraHal: (ac4474a8) - hardware/ti/dra7xx/camera/CameraHal.cpp:4494 insertSupportedParams - EXIT
01-01 00:00:12.051 176 176 D CameraHal: (ac4474a8) + hardware/ti/dra7xx/camera/CameraHal.cpp:4388 parseResolution - ENTER
01-01 00:00:12.051 176 176 D CameraHal: (ac4474a8) - hardware/ti/dra7xx/camera/CameraHal.cpp:4431 parseResolution - EXIT
01-01 00:00:12.051 176 176 D CameraHal: (ac4474a8) + hardware/ti/dra7xx/camera/CameraHal.cpp:4388 parseResolution - ENTER
01-01 00:00:12.051 176 176 D CameraHal: (ac4474a8) - hardware/ti/dra7xx/camera/CameraHal.cpp:4431 parseResolution - EXIT
01-01 00:00:12.051 176 176 D CameraHal: (ac4474a8) + hardware/ti/dra7xx/camera/CameraHal.cpp:4388 parseResolution - ENTER
01-01 00:00:12.051 176 176 D CameraHal: (ac4474a8) - hardware/ti/dra7xx/camera/CameraHal.cpp:4431 parseResolution - EXIT
01-01 00:00:12.051 176 176 D CameraHal: (ac4474a8) - hardware/ti/dra7xx/camera/CameraHal.cpp:4611 initDefaultParameters - EXIT
01-01 00:00:12.051 176 176 D CameraHal: (ac4474a8) + hardware/ti/dra7xx/camera/CameraHal.cpp:389 setParameters - ENTER
01-01 00:00:12.051 176 176 D CameraHal: (ac4474a8) + hardware/ti/dra7xx/camera/CameraHal.cpp:2579 previewEnabled - ENTER
01-01 00:00:12.052 176 176 D CameraHal: (ac4474a8) - hardware/ti/dra7xx/camera/CameraHal.cpp:2579 previewEnabled - EXIT
01-01 00:00:12.052 176 176 D CameraHal: (ac4474a8) + hardware/ti/dra7xx/camera/CameraHal.cpp:4313 isParameterValid - ENTER
01-01 00:00:12.052 176 176 D CameraHal: (ac4474a8) - hardware/ti/dra7xx/camera/CameraHal.cpp:4337 isParameterValid - EXIT
01-01 00:00:12.052 176 176 D CameraHal: (ac4474a8) hardware/ti/dra7xx/camera/CameraHal.cpp:416 setParameters - PreviewFormat set yuv420sp
01-01 00:00:12.052 176 176 D CameraHal: (ac4474a8) hardware/ti/dra7xx/camera/CameraHal.cpp:577 setParameters - Recording Hint is set to NULL
01-01 00:00:12.052 176 176 D CameraHal: (ac4474a8) + hardware/ti/dra7xx/camera/CameraHal.cpp:2803 resetVideoModeParameters - ENTER
01-01 00:00:12.052 176 176 D CameraHal: (ac4474a8) - hardware/ti/dra7xx/camera/CameraHal.cpp:2818 resetVideoModeParameters - EXIT
01-01 00:00:12.052 176 176 D CameraHal: (ac4474a8) + hardware/ti/dra7xx/camera/CameraHal.cpp:4248 isResolutionValid - ENTER
01-01 00:00:12.052 176 176 D CameraHal: (ac4474a8) + hardware/ti/dra7xx/camera/CameraHal.cpp:4313 isParameterValid - ENTER
01-01 00:00:12.052 176 176 D CameraHal: (ac4474a8) - hardware/ti/dra7xx/camera/CameraHal.cpp:4337 isParameterValid - EXIT
01-01 00:00:12.052 176 176 D CameraHal: (ac4474a8) - hardware/ti/dra7xx/camera/CameraHal.cpp:4264 isResolutionValid - EXIT
01-01 00:00:12.052 176 176 D CameraHal: (ac4474a8) hardware/ti/dra7xx/camera/CameraHal.cpp:598 setParameters - Preview Resolution: 1280 x 720
01-01 00:00:12.052 176 176 D CameraHal: (ac4474a8) + hardware/ti/dra7xx/camera/CameraHal.cpp:4313 isParameterValid - ENTER
01-01 00:00:12.052 176 176 D CameraHal: (ac4474a8) - hardware/ti/dra7xx/camera/CameraHal.cpp:4337 isParameterValid - EXIT
01-01 00:00:12.052 176 176 D CameraHal: (ac4474a8) hardware/ti/dra7xx/camera/CameraHal.cpp:602 setParameters - Focus mode set fixed
01-01 00:00:12.052 176 176 D CameraHal: (ac4474a8) + hardware/ti/dra7xx/camera/CameraHal.cpp:4248 isResolutionValid - ENTER
01-01 00:00:12.052 176 176 D CameraHal: (ac4474a8) + hardware/ti/dra7xx/camera/CameraHal.cpp:4313 isParameterValid - ENTER
01-01 00:00:12.052 176 176 D CameraHal: (ac4474a8) - hardware/ti/dra7xx/camera/CameraHal.cpp:4337 isParameterValid - EXIT
01-01 00:00:12.052 176 176 D CameraHal: (ac4474a8) - hardware/ti/dra7xx/camera/CameraHal.cpp:4264 isResolutionValid - EXIT
01-01 00:00:12.052 176 176 D CameraHal: (ac4474a8) hardware/ti/dra7xx/camera/CameraHal.cpp:646 setParameters - Picture Size by App 1280 x 720
01-01 00:00:12.052 176 176 D CameraHal: (ac4474a8) + hardware/ti/dra7xx/camera/CameraHal.cpp:4313 isParameterValid - ENTER
01-01 00:00:12.052 176 176 D CameraHal: (ac4474a8) - hardware/ti/dra7xx/camera/CameraHal.cpp:4337 isParameterValid - EXIT
01-01 00:00:12.052 176 176 D CameraHal: (ac4474a8) hardware/ti/dra7xx/camera/CameraHal.cpp:1005 setParameters - Jpeg quality set 90
01-01 00:00:12.052 176 176 D CameraHal: (ac4474a8) hardware/ti/dra7xx/camera/CameraHal.cpp:1011 setParameters - Thumbnail width set 320
01-01 00:00:12.052 176 176 D CameraHal: (ac4474a8) hardware/ti/dra7xx/camera/CameraHal.cpp:1017 setParameters - Thumbnail width set 240
01-01 00:00:12.052 176 176 D CameraHal: (ac4474a8) hardware/ti/dra7xx/camera/CameraHal.cpp:1023 setParameters - Thumbnail quality set 50
01-01 00:00:12.052 176 176 D CameraHal: (ac4474a8) hardware/ti/dra7xx/camera/CameraHal.cpp:1130 setParameters - Zoom set 1
01-01 00:00:12.052 176 176 D CameraHal: (ac4474a8) hardware/ti/dra7xx/camera/CameraHal.cpp:1177 setParameters - External Gamma set false
01-01 00:00:12.052 176 176 D CameraHal: (ac4474a8) hardware/ti/dra7xx/camera/CameraHal.cpp:1183 setParameters - NSF1 set true
01-01 00:00:12.052 176 176 D CameraHal: (ac4474a8) hardware/ti/dra7xx/camera/CameraHal.cpp:1189 setParameters - NSF2 set true
01-01 00:00:12.052 176 176 D CameraHal: (ac4474a8) hardware/ti/dra7xx/camera/CameraHal.cpp:1195 setParameters - Sharpening set true
01-01 00:00:12.052 176 176 D CameraHal: (ac4474a8) hardware/ti/dra7xx/camera/CameraHal.cpp:1201 setParameters - Color Conversion set true
01-01 00:00:12.053 176 176 D CameraHal: (ac4474a8) hardware/ti/dra7xx/camera/CameraHal.cpp:1207 setParameters - Green Inballance Correction set true
01-01 00:00:12.053 176 176 D CameraHal: (ac4474a8) + hardware/ti/dra7xx/camera/V4LCameraAdapter/V4LCameraAdapter.cpp:450 setParameters - ENTER
01-01 00:00:12.053 176 176 D CameraHal: (ac4474a8) hardware/ti/dra7xx/camera/V4LCameraAdapter/V4LCameraAdapter.cpp:456 setParameters - Width * Height 1280 x 720 format 0x56595559
01-01 00:00:12.053 176 176 D CameraHal: (ac4474a8) + hardware/ti/dra7xx/camera/V4LCameraAdapter/V4LCameraAdapter.cpp:216 v4lSetFormat - ENTER
01-01 00:00:12.053 176 176 D CameraHal: (ac4474a8) hardware/ti/dra7xx/camera/V4LCameraAdapter/V4LCameraAdapter.cpp:218 v4lSetFormat - Width * Height 1280 x 720 format 0x56595559
01-01 00:00:12.059 275 286 I vndksupport: sphal namespace is not configured for this process. Loading /vendor/lib/hw/gralloc.jacinto6.so from the current namespace instead.
01-01 00:00:12.084 275 286 D BootAnimation: BootAnimationShownTiming start time: 12084ms
01-01 00:00:12.097 174 279 I audio_hw_primary: adev_open() audio_hw_if
01-01 00:00:12.097 174 279 I audio_hw_primary: Media card is hw:0
01-01 00:00:12.097 174 279 I audio_hw_primary: Bluetooth SCO card is hw:0
01-01 00:00:12.097 174 279 E audio_route: Unable to open the mixer, aborting.
01-01 00:00:12.097 174 279 E audio_hw_primary: Unable to initialize audio routes
01-01 00:00:12.097 174 279 E DevicesFactoryHAL: loadAudioInterface couldn't open audio hw device in audio.primary (Invalid argument)
01-01 00:00:12.097 222 222 E AudioFlinger: loadHwModule() error -19 loading module primary
01-01 00:00:12.097 222 222 W APM_AudioPolicyManager: could not open HW module primary
01-01 00:00:12.098 237 237 D OMX_CORE_WRAPPER: TIOMX_Init
01-01 00:00:12.098 237 237 D OMX_CORE_WRAPPER: TIOMX_ComponentNameEnum
01-01 00:00:12.098 237 237 I chatty : uid=1046(mediacodec) omx@1.0-service identical 1 line
01-01 00:00:12.098 237 237 D OMX_CORE_WRAPPER: TIOMX_ComponentNameEnum
01-01 00:00:12.130 237 237 W AString : ctor got NULL, using empty string instead
01-01 00:00:12.148 237 237 E MediaCodecsXmlParser: addTypeFromAttributes: updating non-existing type
01-01 00:00:12.148 237 237 W MediaCodecsXmlParser: unable to open media codecs configuration xml file: /data/misc/media/media_codecs_profiling_results.xml
01-01 00:00:12.148 237 237 I ServiceManagement: Removing namespace from process name android.hardware.media.omx@1.0-service to omx@1.0-service.
01-01 00:00:12.149 237 237 I /vendor/bin/hw/android.hardware.media.omx@1.0-service: Treble OMX service created.
01-01 00:00:11.299 288 288 I getprop : type=1400 audit(0.0:36): avc: denied { open } for path="/dev/__properties__/u:object_r:boottime_prop:s0" dev="tmpfs" ino=8472 scontext=u:r:shell:s0 tcontext=u:object_r:boottime_prop:s0 tclass=file permissive=1
01-01 00:00:12.177 222 222 I bt_a2dp_hw: adev_open: adev_open in A2dp_hw module
01-01 00:00:12.178 222 222 I AudioFlinger: loadHwModule() Loaded a2dp audio interface, handle 10
