01-01 00:02:25.527 1595 1610 D CameraHal: (ab8ff970) + hardware/ti/dra7xx/camera/V4LCameraAdapter/V4LCameraAdapter.cpp:483 getParameters - ENTER
01-01 00:02:25.527 1595 1610 D CameraHal: (ab8ff970) - hardware/ti/dra7xx/camera/V4LCameraAdapter/V4LCameraAdapter.cpp:489 getParameters - EXIT
01-01 00:02:25.528 1595 1610 D CameraHal: (ab8ff970) - hardware/ti/dra7xx/camera/CameraHal.cpp:3668 getParameters - EXIT
01-01 00:02:25.528 1595 1610 D CameraHal: (ab8ff970) - hardware/ti/dra7xx/camera/CameraHal_Module.cpp:485 camera_get_parameters - EXIT
01-01 00:02:25.528 1595 1610 D CameraHal: (ab8ff970) + hardware/ti/dra7xx/camera/CameraHal_Module.cpp:502 camera_put_parameters - ENTER
01-01 00:02:25.528 1595 1610 D CameraHal: (ab8ff970) - hardware/ti/dra7xx/camera/CameraHal_Module.cpp:502 camera_put_parameters - EXIT
01-01 00:02:25.529 1595 1610 D CameraHal: (ab8ff970) + hardware/ti/dra7xx/camera/CameraHal_Module.cpp:94 camera_set_preview_window - ENTER
01-01 00:02:25.530 1595 1610 D CameraHal: (ab8ff970) + hardware/ti/dra7xx/camera/CameraHal.cpp:2059 setPreviewWindow - ENTER
01-01 00:02:25.530 1595 1610 D CameraHal: (ab8ff970) + hardware/ti/dra7xx/camera/ANativeWindowDisplayAdapter.cpp:84 ANativeWindowDisplayAdapter - ENTER
01-01 00:02:25.530 1595 1610 D CameraHal: (ab8ff970) - hardware/ti/dra7xx/camera/ANativeWindowDisplayAdapter.cpp:117 ANativeWindowDisplayAdapter - EXIT
01-01 00:02:25.530 1595 1610 D CameraHal: (ab8ff970) + hardware/ti/dra7xx/camera/ANativeWindowDisplayAdapter.cpp:167 initialize - ENTER
01-01 00:02:25.530 1595 1610 D CameraHal: (ab8ff970) - hardware/ti/dra7xx/camera/ANativeWindowDisplayAdapter.cpp:187 initialize - EXIT
01-01 00:02:25.530 1595 1610 D CameraHal: (ab8ff970) + hardware/ti/dra7xx/camera/ANativeWindowDisplayAdapter.cpp:220 setFrameProvider - ENTER
01-01 00:02:25.530 1595 1610 D CameraHal: (ab8ff970) - hardware/ti/dra7xx/camera/ANativeWindowDisplayAdapter.cpp:239 setFrameProvider - EXIT
01-01 00:02:25.530 1595 1610 D CameraHal: (ab8ff970) + hardware/ti/dra7xx/camera/ANativeWindowDisplayAdapter.cpp:248 setErrorHandler - ENTER
01-01 00:02:25.530 1595 1610 D CameraHal: (ab8ff970) - hardware/ti/dra7xx/camera/ANativeWindowDisplayAdapter.cpp:260 setErrorHandler - EXIT
01-01 00:02:25.530 1595 1610 D CameraHal: (ab8ff970) + hardware/ti/dra7xx/camera/ANativeWindowDisplayAdapter.cpp:194 setPreviewWindow - ENTER
01-01 00:02:25.530 1595 1610 D CameraHal: (ab8ff970) + hardware/ti/dra7xx/camera/ANativeWindowDisplayAdapter.cpp:437 destroy - ENTER
01-01 00:02:25.530 1595 1610 D CameraHal: (ab8ff970) - hardware/ti/dra7xx/camera/ANativeWindowDisplayAdapter.cpp:448 destroy - EXIT
01-01 00:02:25.530 1595 1610 D CameraHal: (ab8ff970) - hardware/ti/dra7xx/camera/ANativeWindowDisplayAdapter.cpp:213 setPreviewWindow - EXIT
01-01 00:02:25.530 1595 1610 D CameraHal: (ab8ff970) - hardware/ti/dra7xx/camera/CameraHal.cpp:2142 setPreviewWindow - EXIT
01-01 00:02:25.530 1595 1610 D CameraHal: (ab8ff970) - hardware/ti/dra7xx/camera/CameraHal_Module.cpp:94 camera_set_preview_window - EXIT
01-01 00:02:25.531 1595 1616 D CameraHal: (ab57f970) + hardware/ti/dra7xx/camera/ANativeWindowDisplayAdapter.cpp:877 displayThread - ENTER
01-01 00:02:25.532 1595 1610 D CameraHal: (ab8ff970) + hardware/ti/dra7xx/camera/CameraHal_Module.cpp:244 camera_stop_preview - ENTER
01-01 00:02:25.532 1595 1610 D CameraHal: (ab8ff970) + hardware/ti/dra7xx/camera/CameraHal.cpp:2539 stopPreview - ENTER
01-01 00:02:25.532 1595 1610 D CameraHal: (ab8ff970) + hardware/ti/dra7xx/camera/CameraHal.cpp:2579 previewEnabled - ENTER
01-01 00:02:25.532 1595 1610 D CameraHal: (ab8ff970) - hardware/ti/dra7xx/camera/CameraHal.cpp:2579 previewEnabled - EXIT
01-01 00:02:25.532 1595 1610 D CameraHal: (ab8ff970) - hardware/ti/dra7xx/camera/CameraHal.cpp:2543 stopPreview - EXIT
01-01 00:02:25.532 1595 1610 D CameraHal: (ab8ff970) - hardware/ti/dra7xx/camera/CameraHal_Module.cpp:244 camera_stop_preview - EXIT
01-01 00:02:25.533 1595 1610 D CameraHal: (ab8ff970) + hardware/ti/dra7xx/camera/CameraHal_Module.cpp:94 camera_set_preview_window - ENTER
01-01 00:02:25.533 1595 1610 D CameraHal: (ab8ff970) + hardware/ti/dra7xx/camera/CameraHal.cpp:2059 setPreviewWindow - ENTER
01-01 00:02:25.533 1595 1610 D CameraHal: (ab8ff970) hardware/ti/dra7xx/camera/CameraHal.cpp:2068 setPreviewWindow - NULL window passed, destroying display adapter
01-01 00:02:25.533 1595 1610 D CameraHal: (ab8ff970) + hardware/ti/dra7xx/camera/ANativeWindowDisplayAdapter.cpp:125 ~ANativeWindowDisplayAdapter - ENTER
01-01 00:02:25.534 1595 1610 D CameraHal: (ab8ff970) + hardware/ti/dra7xx/camera/CameraHalUtilClasses.cpp:49 disableFrameNotification - ENTER
01-01 00:02:25.534 1595 1610 D CameraHal: (ab8ff970) + hardware/ti/dra7xx/camera/BaseCameraAdapter.cpp:236 disableMsgType - ENTER
01-01 00:02:25.534 1595 1610 V CameraHal: (ab8ff970) hardware/ti/dra7xx/camera/BaseCameraAdapter.cpp:243 disableMsgType - Frame message type id=0xffff remove subscription request
01-01 00:02:25.534 1595 1610 D CameraHal: (ab8ff970) - hardware/ti/dra7xx/camera/BaseCameraAdapter.cpp:299 disableMsgType - EXIT
01-01 00:02:25.534 1595 1610 D CameraHal: (ab8ff970) - hardware/ti/dra7xx/camera/CameraHalUtilClasses.cpp:56 disableFrameNotification - EXIT
01-01 00:02:25.534 1595 1610 D CameraHal: (ab8ff970) + hardware/ti/dra7xx/camera/ANativeWindowDisplayAdapter.cpp:437 destroy - ENTER
01-01 00:02:25.534 1595 1610 D CameraHal: (ab8ff970) - hardware/ti/dra7xx/camera/ANativeWindowDisplayAdapter.cpp:448 destroy - EXIT
01-01 00:02:25.535 1595 1616 D CameraHal: (ab57f970) + hardware/ti/dra7xx/camera/ANativeWindowDisplayAdapter.cpp:936 processHalMsg - ENTER
01-01 00:02:25.535 1595 1616 D CameraHal: (ab57f970) hardware/ti/dra7xx/camera/ANativeWindowDisplayAdapter.cpp:971 processHalMsg - Display thread received DISPLAY_EXIT command from Camera HAL.
01-01 00:02:25.535 1595 1616 D CameraHal: (ab57f970) hardware/ti/dra7xx/camera/ANativeWindowDisplayAdapter.cpp:972 processHalMsg - Stopping display thread...
01-01 00:02:25.535 1595 1616 D CameraHal: (ab57f970) hardware/ti/dra7xx/camera/ANativeWindowDisplayAdapter.cpp:992 processHalMsg - +Signalling display semaphore
01-01 00:02:25.535 1595 1616 D CameraHal: (ab57f970) hardware/ti/dra7xx/camera/ANativeWindowDisplayAdapter.cpp:997 processHalMsg - -Signalling display semaphore
01-01 00:02:25.535 1595 1616 D CameraHal: (ab57f970) - hardware/ti/dra7xx/camera/ANativeWindowDisplayAdapter.cpp:1001 processHalMsg - EXIT
01-01 00:02:25.535 1595 1616 D CameraHal: (ab57f970) - hardware/ti/dra7xx/camera/ANativeWindowDisplayAdapter.cpp:928 displayThread - EXIT
01-01 00:02:25.535 1595 1610 D CameraHal: (ab8ff970) - hardware/ti/dra7xx/camera/ANativeWindowDisplayAdapter.cpp:161 ~ANativeWindowDisplayAdapter - EXIT
01-01 00:02:25.535 1595 1610 D CameraHal: (ab8ff970) hardware/ti/dra7xx/camera/CameraHal.cpp:2074 setPreviewWindow - NULL ANativeWindow passed to setPreviewWindow
01-01 00:02:25.535 1595 1610 D CameraHal: (ab8ff970) - hardware/ti/dra7xx/camera/CameraHal.cpp:2059 setPreviewWindow - EXIT
01-01 00:02:25.535 1595 1610 D CameraHal: (ab8ff970) - hardware/ti/dra7xx/camera/CameraHal_Module.cpp:94 camera_set_preview_window - EXIT
01-01 00:02:25.535 1595 1610 I CamDev@1.0-impl: Closing camera 0
01-01 00:02:25.535 1595 1610 D CameraHal: (ab8ff970) + hardware/ti/dra7xx/camera/CameraHal_Module.cpp:580 camera_device_close - ENTER
01-01 00:02:25.535 1595 1610 D CameraHal: (ab8ff970) + hardware/ti/dra7xx/camera/CameraHal.cpp:4058 ~CameraHal - ENTER
01-01 00:02:25.535 1595 1610 D CameraHal: (ab8ff970) + hardware/ti/dra7xx/camera/CameraHal.cpp:4677 deinitialize - ENTER
01-01 00:02:25.535 1595 1610 D CameraHal: (ab8ff970) - hardware/ti/dra7xx/camera/CameraHal.cpp:4690 deinitialize - EXIT
01-01 00:02:25.535 1595 1610 D CameraHal: (ab8ff970) + hardware/ti/dra7xx/camera/AppCallbackNotifier.cpp:1172 ~AppCallbackNotifier - ENTER
01-01 00:02:25.535 1595 1610 D CameraHal: (ab8ff970) + hardware/ti/dra7xx/camera/AppCallbackNotifier.cpp:1666 stop - ENTER
01-01 00:02:25.535 1595 1610 D CameraHal: (ab8ff970) hardware/ti/dra7xx/camera/AppCallbackNotifier.cpp:1678 stop - --> AppCallbackNotifier NOTIFIER_STOPPED
01-01 00:02:25.535 1595 1610 D CameraHal: (ab8ff970) - hardware/ti/dra7xx/camera/AppCallbackNotifier.cpp:1681 stop - EXIT
01-01 00:02:25.535 1595 1610 D CameraHal: (ab8ff970) + hardware/ti/dra7xx/camera/CameraHalUtilClasses.cpp:49 disableFrameNotification - ENTER
01-01 00:02:25.535 1595 1610 D CameraHal: (ab8ff970) + hardware/ti/dra7xx/camera/BaseCameraAdapter.cpp:236 disableMsgType - ENTER
01-01 00:02:25.535 1595 1610 V CameraHal: (ab8ff970) hardware/ti/dra7xx/camera/BaseCameraAdapter.cpp:243 disableMsgType - Frame message type id=0xffff remove subscription request
01-01 00:02:25.535 1595 1610 D CameraHal: (ab8ff970) - hardware/ti/dra7xx/camera/BaseCameraAdapter.cpp:299 disableMsgType - EXIT
01-01 00:02:25.536 1595 1610 D CameraHal: (ab8ff970) - hardware/ti/dra7xx/camera/CameraHalUtilClasses.cpp:56 disableFrameNotification - EXIT
01-01 00:02:25.536 1595 1610 D CameraHal: (ab8ff970) + hardware/ti/dra7xx/camera/CameraHalUtilClasses.cpp:103 disableEventNotification - ENTER
01-01 00:02:25.536 1595 1610 D CameraHal: (ab8ff970) + hardware/ti/dra7xx/camera/BaseCameraAdapter.cpp:236 disableMsgType - ENTER
01-01 00:02:25.536 1595 1610 V CameraHal: (ab8ff970) hardware/ti/dra7xx/camera/BaseCameraAdapter.cpp:284 disableMsgType - Event message type id=0xffff remove subscription request
01-01 00:02:25.536 1595 1610 D CameraHal: (ab8ff970) - hardware/ti/dra7xx/camera/BaseCameraAdapter.cpp:299 disableMsgType - EXIT
01-01 00:02:25.536 1595 1610 D CameraHal: (ab8ff970) - hardware/ti/dra7xx/camera/CameraHalUtilClasses.cpp:110 disableEventNotification - EXIT
01-01 00:02:25.536 1595 1615 D CameraHal: (ab705970) hardware/ti/dra7xx/camera/AppCallbackNotifier.cpp:152 notificationThread - Notification Thread received message
01-01 00:02:25.536 1595 1615 D CameraHal: (ab705970) hardware/ti/dra7xx/camera/AppCallbackNotifier.cpp:156 notificationThread - Notification Thread received message from Camera HAL
01-01 00:02:25.536 1595 1615 D CameraHal: (ab705970) + hardware/ti/dra7xx/camera/AppCallbackNotifier.cpp:1140 processMessage - ENTER
01-01 00:02:25.536 1595 1615 D CameraHal: (ab705970) hardware/ti/dra7xx/camera/AppCallbackNotifier.cpp:1142 processMessage - +Msg get...
01-01 00:02:25.536 1595 1615 D CameraHal: (ab705970) hardware/ti/dra7xx/camera/AppCallbackNotifier.cpp:1144 processMessage - -Msg get...
01-01 00:02:25.536 1595 1615 D CameraHal: (ab705970) hardware/ti/dra7xx/camera/AppCallbackNotifier.cpp:1151 processMessage - Received NOTIFIER_EXIT command from Camera HAL
01-01 00:02:25.536 1595 1615 D CameraHal: (ab705970) - hardware/ti/dra7xx/camera/AppCallbackNotifier.cpp:1163 processMessage - EXIT
01-01 00:02:25.536 1595 1615 D CameraHal: (ab705970) hardware/ti/dra7xx/camera/AppCallbackNotifier.cpp:159 notificationThread - Notification Thread exiting.
01-01 00:02:25.536 1595 1610 D CameraHal: (ab8ff970) hardware/ti/dra7xx/camera/AppCallbackNotifier.cpp:1207 ~AppCallbackNotifier - Stopping Event Provider
01-01 00:02:25.536 1595 1610 D CameraHal: (ab8ff970) - hardware/ti/dra7xx/camera/V4LCameraAdapter/V4LCameraAdapter.cpp:937 ~V4LCameraAdapter - EXIT
01-01 00:02:25.536 1595 1610 D CameraHal: (ab8ff970) + hardware/ti/dra7xx/camera/BaseCameraAdapter.cpp:104 ~BaseCameraAdapter - ENTER
01-01 00:02:25.536 1595 1610 D CameraHal: (ab8ff970) - hardware/ti/dra7xx/camera/BaseCameraAdapter.cpp:119 ~BaseCameraAdapter - EXIT
01-01 00:02:25.536 1595 1610 D CameraHal: (ab8ff970) + hardware/ti/dra7xx/camera/CameraHal.cpp:1683 freeImageBufs - ENTER
01-01 00:02:25.536 1595 1610 D CameraHal: (ab8ff970) - hardware/ti/dra7xx/camera/CameraHal.cpp:1683 freeImageBufs - EXIT
01-01 00:02:25.536 1595 1610 D CameraHal: (ab8ff970) + hardware/ti/dra7xx/camera/CameraHal.cpp:1729 freeRawBufs - ENTER
01-01 00:02:25.537 1595 1610 D CameraHal: (ab8ff970) - hardware/ti/dra7xx/camera/CameraHal.cpp:1741 freeRawBufs - EXIT
01-01 00:02:25.537 1595 1610 D CameraHal: (ab8ff970) - hardware/ti/dra7xx/camera/CameraHal.cpp:4090 ~CameraHal - EXIT
01-01 00:02:25.537 1595 1610 D CameraHal: (ab8ff970) - hardware/ti/dra7xx/camera/CameraHal_Module.cpp:580 camera_device_close - EXIT
01-01 00:02:25.537 1606 1606 I CameraService: onDeviceStatusChanged: Status changed for cameraId=0, newStatus=1
01-01 00:02:25.537 1606 1606 E CameraService: onDeviceStatusChanged: State transition to the same status 0x1 not allowed
01-01 00:02:27.698 1275 1275 V CAM_CameraAppUI: Enabling hardware layer for the Mode Options Toggle Button.
01-01 00:02:27.698 1275 1275 V CAM_CameraAppUI: Enabling hardware layer for the Shutter Button.
01-01 00:02:27.698 1275 1275 V CAM_ModeListView: Enabling hardware layer for the Settings Button.
01-01 00:02:28.165 1275 1275 V CAM_CameraAppUI: Disabling hardware layer for the Mode Options Toggle Button.
01-01 00:02:28.165 1275 1275 V CAM_CameraAppUI: Disabling hardware layer for the Shutter Button.
01-01 00:02:28.165 1275 1275 V CAM_ModeListView: Disabling hardware layer for the Settings Button. (via alpha)
01-01 00:02:28.719 222 222 W APM_AudioPolicyManager: getOutput() could not find output for stream 1, samplingRate 0,format 0, channels 3, flags 0
01-01 00:02:28.722 222 222 W APM_AudioPolicyManager: getOutput() could not find output for stream 1, samplingRate 0,format 0, channels 3, flags 0
01-01 00:02:28.722 222 222 W APM_AudioPolicyManager: getOutput() could not find output for stream 1, samplingRate 48000,format 1, channels 3, flags 4
01-01 00:02:28.722 328 458 E AudioTrack: Could not get audio output for session 105, stream type -1, usage 13, sample rate 48000, format 0x1, channel mask 0x3, flags 0x4
01-01 00:02:28.725 328 458 E SoundPool: Error creating AudioTrack
01-01 00:02:29.038 1275 1275 V CAM_Profiler: [ 0.000ms][ui] GUARD: CaptureModule.closeCamera() - START
01-01 00:02:29.039 1275 1275 V CAM_Profiler: [ 0.300ms][ui] GUARD: CaptureModule.closeCamera() - [ 0.300ms] mCameraOpenCloseLock.acquire()
01-01 00:02:29.084 1275 1275 D CAM_LoggingImageReader: Closing: ImageReader{width=1280, height=800, format=JPEG}
01-01 00:02:29.085 1275 1275 I CAM_Profiler: [ 46.528ms][ui] GUARD: CaptureModule.closeCamera() - [46.227ms] mCamera.close()
01-01 00:02:29.085 1275 1275 I CAM_Profiler: [ 46.995ms][ui] GUARD: CaptureModule.closeCamera() - STOP
01-01 00:02:29.086 1275 1275 V CAM_CameraAppUI: mFocusRing.stopFocusAnimations()
01-01 00:02:29.092 1275 1517 D CAM_Storage: External storage state=mounted
01-01 00:02:29.099 1275 1275 V CAM_CameraController: requestCamera
01-01 00:02:29.099 1275 1275 V CAM_ActvCamDevTrckr: Tracking active camera: CameraId{Api2='0',Api1:0}
01-01 00:02:29.099 1275 1275 V CAM_CameraController: checkAndOpenCamera
01-01 00:02:29.101 1275 1477 I CAM2PORT_AndCamAgntImp: Opening camera 0 with camera1 API
01-01 00:02:29.102 1606 1618 I CameraService: CameraService::connect call (PID -1 "com.android.camera2", camera ID 0) for HAL version default and Camera API version 1
01-01 00:02:29.103 1595 1610 D CameraHal: (ab8ff970) + hardware/ti/dra7xx/camera/CameraProperties.cpp:67 initialize - ENTER
01-01 00:02:29.103 1595 1610 D CameraHal: (ab8ff970) - hardware/ti/dra7xx/camera/CameraProperties.cpp:67 initialize - EXIT
01-01 00:02:29.103 1595 1610 D CameraHal: (ab8ff970) + hardware/ti/dra7xx/camera/CameraParameters.cpp:152 getProperties - ENTER
01-01 00:02:29.103 1595 1610 D CameraHal: (ab8ff970) - hardware/ti/dra7xx/camera/CameraParameters.cpp:163 getProperties - EXIT
01-01 00:02:29.103 1595 1610 D CameraHal: (ab8ff970) + hardware/ti/dra7xx/camera/CameraProperties.cpp:67 initialize - ENTER
01-01 00:02:29.103 1595 1610 D CameraHal: (ab8ff970) - hardware/ti/dra7xx/camera/CameraProperties.cpp:67 initialize - EXIT
01-01 00:02:29.103 1595 1610 D CameraHal: (ab8ff970) + hardware/ti/dra7xx/camera/CameraParameters.cpp:152 getProperties - ENTER
01-01 00:02:29.104 1595 1610 D CameraHal: (ab8ff970) - hardware/ti/dra7xx/camera/CameraParameters.cpp:163 getProperties - EXIT
01-01 00:02:29.106 1275 1275 V CAM_CameraController: requestCamera
01-01 00:02:29.109 233 1443 D NuPlayerDriver: NuPlayerDriver(0xb2230770) created, clientPid(1606)
01-01 00:02:29.112 153 153 W /system/bin/hwservicemanager: getTransportFromManifest: Cannot find entry android.hardware.media.omx@1.0::IOmx in either framework or device manifest, using default transport.
01-01 00:02:29.115 1275 1275 V CAM_CameraActivity: ignoring storage callback after activity pause
01-01 00:02:29.126 233 1622 D NuPlayerDriver: notifyListener_l(0xb2230770), (1, 0, 0, -1), loop setting(0, 0)
01-01 00:02:29.127 233 1443 D NuPlayerDriver: NuPlayerDriver(0xb22300e0) created, clientPid(1606)
01-01 00:02:29.129 153 153 W /system/bin/hwservicemanager: getTransportFromManifest: Cannot find entry android.hardware.media.omx@1.0::IOmx in either framework or device manifest, using default transport.
01-01 00:02:29.143 233 1624 D NuPlayerDriver: notifyListener_l(0xb22300e0), (1, 0, 0, -1), loop setting(0, 0)
01-01 00:02:29.144 233 1443 D NuPlayerDriver: NuPlayerDriver(0xb2230850) created, clientPid(1606)
01-01 00:02:29.147 153 153 W /system/bin/hwservicemanager: getTransportFromManifest: Cannot find entry android.hardware.media.omx@1.0::IOmx in either framework or device manifest, using default transport.
01-01 00:02:29.159 233 1626 D NuPlayerDriver: notifyListener_l(0xb2230850), (1, 0, 0, -1), loop setting(0, 0)
01-01 00:02:29.162 1606 1618 I CameraHardwareInterface: Opening camera 0
01-01 00:02:29.163 1595 1610 I CamDev@1.0-impl: Opening camera 0
01-01 00:02:29.164 1595 1610 D CameraHal: (ab8ff970) + hardware/ti/dra7xx/camera/CameraProperties.cpp:67 initialize - ENTER
01-01 00:02:29.164 1595 1610 D CameraHal: (ab8ff970) - hardware/ti/dra7xx/camera/CameraProperties.cpp:67 initialize - EXIT
01-01 00:02:29.164 1595 1610 D CameraHal: (ab8ff970) + hardware/ti/dra7xx/camera/CameraParameters.cpp:152 getProperties - ENTER
01-01 00:02:29.164 1595 1610 D CameraHal: (ab8ff970) - hardware/ti/dra7xx/camera/CameraParameters.cpp:163 getProperties - EXIT
01-01 00:02:29.164 1595 1610 E CameraHal: (ab8ff970) hardware/ti/dra7xx/camera/CameraHal_Module.cpp:634 camera_device_open - CameraHal_Module: ******************* 1 *******************
01-01 00:02:29.164 1595 1610 I CameraHal: (ab8ff970) hardware/ti/dra7xx/camera/CameraHal_Module.cpp:638 camera_device_open - camera_device open
01-01 00:02:29.164 1595 1610 D CameraHal: (ab8ff970) + hardware/ti/dra7xx/camera/CameraProperties.cpp:130 camerasSupported - ENTER
01-01 00:02:29.164 1595 1610 D CameraHal: (ab8ff970) - hardware/ti/dra7xx/camera/CameraProperties.cpp:130 camerasSupported - EXIT
01-01 00:02:29.164 1595 1610 D CameraHal: (ab8ff970) + hardware/ti/dra7xx/camera/CameraParameters.cpp:152 getProperties - ENTER
01-01 00:02:29.164 1595 1610 D CameraHal: (ab8ff970) - hardware/ti/dra7xx/camera/CameraParameters.cpp:163 getProperties - EXIT
01-01 00:02:29.164 1595 1610 E CameraHal: (ab8ff970) hardware/ti/dra7xx/camera/CameraHal.cpp:131 getSocFamily - '/sys/board_properties/soc/family' Not Available
01-01 00:02:29.164 1595 1610 D CameraHal: (ab8ff970) + hardware/ti/dra7xx/camera/CameraHal.cpp:3971 CameraHal - ENTER
01-01 00:02:29.164 1595 1610 D CameraHal: (ab8ff970) - hardware/ti/dra7xx/camera/CameraHal.cpp:4047 CameraHal - EXIT
01-01 00:02:29.164 1595 1610 D CameraHal: (ab8ff970) + hardware/ti/dra7xx/camera/CameraHal.cpp:4107 initialize - ENTER
01-01 00:02:29.164 1595 1610 D CameraHal: (ab8ff970) hardware/ti/dra7xx/camera/CameraParameters.cpp:214 dump - ================================
01-01 00:02:29.164 1595 1610 D CameraHal: (ab8ff970) hardware/ti/dra7xx/camera/CameraParameters.cpp:215 dump - Dumping properties for camera: 0
01-01 00:02:29.164 1595 1610 D CameraHal: (ab8ff970) hardware/ti/dra7xx/camera/CameraParameters.cpp:220 dump - prop-antibanding-values = auto
01-01 00:02:29.164 1595 1610 D CameraHal: (ab8ff970) hardware/ti/dra7xx/camera/CameraParameters.cpp:220 dump - prop-camera-name = USBCAMERA
01-01 00:02:29.164 1595 1610 D CameraHal: (ab8ff970) hardware/ti/dra7xx/camera/CameraParameters.cpp:220 dump - prop-effect-values = none
01-01 00:02:29.164 1595 1610 D CameraHal: (ab8ff970) hardware/ti/dra7xx/camera/CameraParameters.cpp:220 dump - prop-exposure-mode-values = auto
01-01 00:02:29.164 1595 1610 D CameraHal: (ab8ff970) hardware/ti/dra7xx/camera/CameraParameters.cpp:220 dump - prop-facing = back
01-01 00:02:29.164 1595 1610 D CameraHal: (ab8ff970) hardware/ti/dra7xx/camera/CameraParameters.cpp:220 dump - prop-flash-mode-values = off
01-01 00:02:29.164 1595 1610 D CameraHal: (ab8ff970) hardware/ti/dra7xx/camera/CameraParameters.cpp:220 dump - prop-focal-length = 1
01-01 00:02:29.164 1595 1610 D CameraHal: (ab8ff970) hardware/ti/dra7xx/camera/CameraParameters.cpp:220 dump - prop-focus-mode-default = fixed
01-01 00:02:29.164 1595 1610 D CameraHal: (ab8ff970) hardware/ti/dra7xx/camera/CameraParameters.cpp:220 dump - prop-focus-mode-values = fixed
01-01 00:02:29.164 1595 1610 D CameraHal: (ab8ff970) hardware/ti/dra7xx/camera/CameraParameters.cpp:220 dump - prop-framerate-range-default = 30000,30000
01-01 00:02:29.164 1595 1610 D CameraHal: (ab8ff970) hardware/ti/dra7xx/camera/CameraParameters.cpp:220 dump - prop-framerate-range-values =
01-01 00:02:29.164 1595 1610 D CameraHal: (ab8ff970) hardware/ti/dra7xx/camera/CameraParameters.cpp:220 dump - prop-horizontal-angle = 170
01-01 00:02:29.164 1595 1610 D CameraHal: (ab8ff970) hardware/ti/dra7xx/camera/CameraParameters.cpp:220 dump - prop-ipp-values = ldc-nsf
01-01 00:02:29.164 1595 1610 D CameraHal: (ab8ff970) hardware/ti/dra7xx/camera/CameraParameters.cpp:220 dump - prop-iso-mode-values = auto
01-01 00:02:29.164 1595 1610 D CameraHal: (ab8ff970) hardware/ti/dra7xx/camera/CameraParameters.cpp:220 dump - prop-jpeg-quality-default = 90
01-01 00:02:29.164 1595 1610 D CameraHal: (ab8ff970) hardware/ti/dra7xx/camera/CameraParameters.cpp:220 dump - prop-jpeg-thumbnail-quality-default = 50
01-01 00:02:29.164 1595 1610 D CameraHal: (ab8ff970) hardware/ti/dra7xx/camera/CameraParameters.cpp:220 dump - prop-jpeg-thumbnail-size-default = 320x240
01-01 00:02:29.164 1595 1610 D CameraHal: (ab8ff970) hardware/ti/dra7xx/camera/CameraParameters.cpp:220 dump - prop-jpeg-thumbnail-size-values = 0x0,320x240
01-01 00:02:29.164 1595 1610 D CameraHal: (ab8ff970) hardware/ti/dra7xx/camera/CameraParameters.cpp:220 dump - prop-max-fd-hw-faces = 0
01-01 00:02:29.164 1595 1610 D CameraHal: (ab8ff970) hardware/ti/dra7xx/camera/CameraParameters.cpp:220 dump - prop-orientation = 0
01-01 00:02:29.164 1595 1610 D CameraHal: (ab8ff970) hardware/ti/dra7xx/camera/CameraParameters.cpp:220 dump - prop-picture-format-default = jpeg
01-01 00:02:29.164 1595 1610 D CameraHal: (ab8ff970) hardware/ti/dra7xx/camera/CameraParameters.cpp:220 dump - prop-picture-format-values = jpeg
01-01 00:02:29.164 1595 1610 D CameraHal: (ab8ff970) hardware/ti/dra7xx/camera/CameraParameters.cpp:220 dump - prop-picture-size-default = 1280x720
01-01 00:02:29.164 1595 1610 D CameraHal: (ab8ff970) hardware/ti/dra7xx/camera/CameraParameters.cpp:220 dump - prop-picture-size-values = 1280x800,1280x720,752x480,640x480,600x400,352x288,320x240
01-01 00:02:29.165 1595 1610 D CameraHal: (ab8ff970) hardware/ti/dra7xx/camera/CameraParameters.cpp:220 dump - prop-preview-format-default = yuv420sp
01-01 00:02:29.165 1595 1610 D CameraHal: (ab8ff970) hardware/ti/dra7xx/camera/CameraParameters.cpp:220 dump - prop-preview-format-values = yuv420sp
01-01 00:02:29.165 1595 1610 D CameraHal: (ab8ff970) hardware/ti/dra7xx/camera/CameraParameters.cpp:220 dump - prop-preview-frame-rate-default = 30
01-01 00:02:29.165 1595 1610 D CameraHal: (ab8ff970) hardware/ti/dra7xx/camera/CameraParameters.cpp:220 dump - prop-preview-frame-rate-values =
01-01 00:02:29.165 1595 1610 D CameraHal: (ab8ff970) hardware/ti/dra7xx/camera/CameraParameters.cpp:220 dump - prop-preview-size-default = 1280x720
01-01 00:02:29.165 1595 1610 D CameraHal: (ab8ff970) hardware/ti/dra7xx/camera/CameraParameters.cpp:220 dump - prop-preview-size-values = 1280x800,1280x720,752x480,640x480,600x400,352x288,320x240
01-01 00:02:29.165 1595 1610 D CameraHal: (ab8ff970) hardware/ti/dra7xx/camera/CameraParameters.cpp:220 dump - prop-preview-subsampled-size-values = 1280x800,1280x720,752x480,640x480,600x400,352x288,320x240
01-01 00:02:29.165 1595 1610 D CameraHal: (ab8ff970) hardware/ti/dra7xx/camera/CameraParameters.cpp:220 dump - prop-required-preview-bufs = 8
01-01 00:02:29.165 1595 1610 D CameraHal: (ab8ff970) hardware/ti/dra7xx/camera/CameraParameters.cpp:220 dump - prop-s3d-prv-frame-layout = none
01-01 00:02:29.165 1595 1610 D CameraHal: (ab8ff970) hardware/ti/dra7xx/camera/CameraParameters.cpp:220 dump - prop-sensor-index = 0
01-01 00:02:29.165 1595 1610 D CameraHal: (ab8ff970) hardware/ti/dra7xx/camera/CameraParameters.cpp:220 dump - prop-vertical-angle = 170
01-01 00:02:29.165 1595 1610 D CameraHal: (ab8ff970) hardware/ti/dra7xx/camera/CameraParameters.cpp:220 dump - prop-vnf-default = false
01-01 00:02:29.165 1595 1610 D CameraHal: (ab8ff970) hardware/ti/dra7xx/camera/CameraParameters.cpp:220 dump - prop-vstab-default = false
01-01 00:02:29.165 1595 1610 D CameraHal: (ab8ff970) hardware/ti/dra7xx/camera/CameraParameters.cpp:220 dump - prop-zoom-default = 1
01-01 00:02:29.165 1595 1610 D CameraHal: (ab8ff970) hardware/ti/dra7xx/camera/CameraParameters.cpp:220 dump - prop-zoom-ratios = 1
01-01 00:02:29.165 1595 1610 D CameraHal: (ab8ff970) hardware/ti/dra7xx/camera/CameraParameters.cpp:220 dump - prop-zoom-stages = 1
01-01 00:02:29.165 1595 1610 D CameraHal: (ab8ff970) hardware/ti/dra7xx/camera/CameraParameters.cpp:220 dump - prop-zoom-supported = false
01-01 00:02:29.165 1595 1610 D CameraHal: (ab8ff970) hardware/ti/dra7xx/camera/CameraParameters.cpp:220 dump - sensor-orientation = 0
01-01 00:02:29.165 1595 1610 D CameraHal: (ab8ff970) hardware/ti/dra7xx/camera/CameraParameters.cpp:223 dump - --------------------------------
01-01 00:02:29.165 1595 1610 D CameraHal: (ab8ff970) hardware/ti/dra7xx/camera/CameraHal.cpp:4146 initialize - Sensor index= 0; Sensor name= USBCAMERA
01-01 00:02:29.165 1595 1610 D CameraHal: (ab8ff970) + hardware/ti/dra7xx/camera/V4LCameraAdapter/V4LCameraAdapter.cpp:1208 V4LCameraAdapter_Factory - ENTER
01-01 00:02:29.165 1595 1610 D CameraHal: (ab8ff970) + hardware/ti/dra7xx/camera/V4LCameraAdapter/V4LCameraAdapter.cpp:894 V4LCameraAdapter - ENTER
01-01 00:02:29.165 1595 1610 E CameraHal: Error while adapter initialization: video capture not supported.
01-01 00:02:29.166 1595 1610 E CameraHal: Error while checking driver: Not VPE
01-01 00:02:29.166 1595 1610 E CameraHal: Error while adapter initialization: video capture not supported.
01-01 00:02:29.166 1595 1610 E CameraHal: Found VPE M2M device /dev/video0!!!
01-01 00:02:29.166 1595 1610 D CameraHal: (ab8ff970) - hardware/ti/dra7xx/camera/V4LCameraAdapter/V4LCameraAdapter.cpp:912 V4LCameraAdapter - EXIT
01-01 00:02:29.166 1595 1610 D CameraHal: (ab8ff970) hardware/ti/dra7xx/camera/V4LCameraAdapter/V4LCameraAdapter.cpp:1212 V4LCameraAdapter_Factory - New V4L Camera adapter instance created for sensor 0
01-01 00:02:29.166 1595 1610 D CameraHal: (ab8ff970) - hardware/ti/dra7xx/camera/V4LCameraAdapter/V4LCameraAdapter.cpp:1217 V4LCameraAdapter_Factory - EXIT
01-01 00:02:29.166 1595 1610 D CameraHal: (ab8ff970) + hardware/ti/dra7xx/camera/V4LCameraAdapter/V4LCameraAdapter.cpp:305 initialize - ENTER
01-01 00:02:29.166 1595 1610 D CameraHal: (ab8ff970) - hardware/ti/dra7xx/camera/V4LCameraAdapter/V4LCameraAdapter.cpp:361 initialize - EXIT
01-01 00:02:29.166 1595 1610 D CameraHal: (ab8ff970) + hardware/ti/dra7xx/camera/BaseCameraAdapter.cpp:126 registerImageReleaseCallback - ENTER
01-01 00:02:29.166 1595 1610 D CameraHal: (ab8ff970) - hardware/ti/dra7xx/camera/BaseCameraAdapter.cpp:131 registerImageReleaseCallback - EXIT
01-01 00:02:29.166 1595 1610 D CameraHal: (ab8ff970) + hardware/ti/dra7xx/camera/BaseCameraAdapter.cpp:140 registerEndCaptureCallback - ENTER
01-01 00:02:29.166 1595 1610 D CameraHal: (ab8ff970) - hardware/ti/dra7xx/camera/BaseCameraAdapter.cpp:145 registerEndCaptureCallback - EXIT
01-01 00:02:29.166 1595 1610 D CameraHal: (ab8ff970) + hardware/ti/dra7xx/camera/AppCallbackNotifier.cpp:38 initialize - ENTER
01-01 00:02:29.167 1595 1610 D CameraHal: (ab8ff970) - hardware/ti/dra7xx/camera/AppCallbackNotifier.cpp:70 initialize - EXIT
01-01 00:02:29.167 1595 1610 D CameraHal: (ab8ff970) + hardware/ti/dra7xx/camera/AppCallbackNotifier.cpp:1257 setEventProvider - ENTER
01-01 00:02:29.167 1595 1610 D CameraHal: (ab8ff970) + hardware/ti/dra7xx/camera/CameraHalUtilClasses.cpp:87 enableEventNotification - ENTER
01-01 00:02:29.167 1595 1610 D CameraHal: (ab8ff970) + hardware/ti/dra7xx/camera/BaseCameraAdapter.cpp:176 enableMsgType - ENTER
01-01 00:02:29.167 1595 1610 V CameraHal: (ab8ff970) hardware/ti/dra7xx/camera/BaseCameraAdapter.cpp:215 enableMsgType - Event message type id=0xffff subscription request
01-01 00:02:29.167 1595 1610 D CameraHal: (ab8ff970) - hardware/ti/dra7xx/camera/BaseCameraAdapter.cpp:229 enableMsgType - EXIT
01-01 00:02:29.167 1595 1610 D CameraHal: (ab8ff970) - hardware/ti/dra7xx/camera/CameraHalUtilClasses.cpp:97 enableEventNotification - EXIT
01-01 00:02:29.167 1595 1610 D CameraHal: (ab8ff970) - hardware/ti/dra7xx/camera/AppCallbackNotifier.cpp:1272 setEventProvider - EXIT
01-01 00:02:29.167 1595 1610 D CameraHal: (ab8ff970) + hardware/ti/dra7xx/camera/AppCallbackNotifier.cpp:1277 setFrameProvider - ENTER
01-01 00:02:29.167 1595 1610 D CameraHal: (ab8ff970) + hardware/ti/dra7xx/camera/CameraHalUtilClasses.cpp:33 enableFrameNotification - ENTER
01-01 00:02:29.167 1595 1610 D CameraHal: (ab8ff970) + hardware/ti/dra7xx/camera/BaseCameraAdapter.cpp:176 enableMsgType - ENTER
01-01 00:02:29.167 1595 1610 V CameraHal: (ab8ff970) hardware/ti/dra7xx/camera/BaseCameraAdapter.cpp:183 enableMsgType - Frame message type id=0x8 subscription request
01-01 00:02:29.167 1595 1610 D CameraHal: (ab8ff970) - hardware/ti/dra7xx/camera/BaseCameraAdapter.cpp:229 enableMsgType - EXIT
01-01 00:02:29.167 1595 1610 D CameraHal: (ab8ff970) - hardware/ti/dra7xx/camera/CameraHalUtilClasses.cpp:43 enableFrameNotification - EXIT
01-01 00:02:29.167 1595 1610 D CameraHal: (ab8ff970) + hardware/ti/dra7xx/camera/CameraHalUtilClasses.cpp:33 enableFrameNotification - ENTER
01-01 00:02:29.167 1595 1610 D CameraHal: (ab8ff970) + hardware/ti/dra7xx/camera/BaseCameraAdapter.cpp:176 enableMsgType - ENTER
01-01 00:02:29.167 1595 1610 V CameraHal: (ab8ff970) hardware/ti/dra7xx/camera/BaseCameraAdapter.cpp:183 enableMsgType - Frame message type id=0x100 subscription request
01-01 00:02:29.167 1595 1610 D CameraHal: (ab8ff970) - hardware/ti/dra7xx/camera/BaseCameraAdapter.cpp:229 enableMsgType - EXIT
01-01 00:02:29.167 1595 1610 D CameraHal: (ab8ff970) - hardware/ti/dra7xx/camera/CameraHalUtilClasses.cpp:43 enableFrameNotification - EXIT
01-01 00:02:29.167 1595 1610 D CameraHal: (ab8ff970) - hardware/ti/dra7xx/camera/AppCallbackNotifier.cpp:1293 setFrameProvider - EXIT
01-01 00:02:29.167 1595 1610 D CameraHal: (ab8ff970) + hardware/ti/dra7xx/camera/BaseCameraAdapter.cpp:154 setErrorHandler - ENTER
01-01 00:02:29.167 1595 1610 D CameraHal: (ab8ff970) - hardware/ti/dra7xx/camera/BaseCameraAdapter.cpp:167 setErrorHandler - EXIT
01-01 00:02:29.167 1595 1610 D CameraHal: (ab8ff970) + hardware/ti/dra7xx/camera/AppCallbackNotifier.cpp:1627 start - ENTER
01-01 00:02:29.167 1595 1610 D CameraHal: (ab8ff970) hardware/ti/dra7xx/camera/AppCallbackNotifier.cpp:1656 start - --> AppCallbackNotifier NOTIFIER_STARTED
01-01 00:02:29.167 1595 1610 D CameraHal: (ab8ff970) - hardware/ti/dra7xx/camera/AppCallbackNotifier.cpp:1658 start - EXIT
01-01 00:02:29.167 1595 1610 D CameraHal: (ab8ff970) hardware/ti/dra7xx/camera/CameraHal.cpp:4215 initialize - Started AppCallbackNotifier..
01-01 00:02:29.167 1595 1610 D CameraHal: (ab8ff970) + hardware/ti/dra7xx/camera/AppCallbackNotifier.cpp:100 setMeasurements - ENTER
01-01 00:02:29.167 1595 1610 D CameraHal: (ab8ff970) - hardware/ti/dra7xx/camera/AppCallbackNotifier.cpp:109 setMeasurements - EXIT
01-01 00:02:29.168 1595 1610 D CameraHal: (ab8ff970) + hardware/ti/dra7xx/camera/CameraHal.cpp:4509 initDefaultParameters - ENTER
01-01 00:02:29.168 1595 1610 D CameraHal: (ab8ff970) + hardware/ti/dra7xx/camera/CameraHal.cpp:4438 insertSupportedParams - ENTER
01-01 00:02:29.168 1595 1610 D CameraHal: (ab8ff970) - hardware/ti/dra7xx/camera/CameraHal.cpp:4494 insertSupportedParams - EXIT
01-01 00:02:29.168 1595 1610 D CameraHal: (ab8ff970) + hardware/ti/dra7xx/camera/CameraHal.cpp:4388 parseResolution - ENTER
01-01 00:02:29.168 1595 1610 D CameraHal: (ab8ff970) - hardware/ti/dra7xx/camera/CameraHal.cpp:4431 parseResolution - EXIT
01-01 00:02:29.168 1595 1610 D CameraHal: (ab8ff970) + hardware/ti/dra7xx/camera/CameraHal.cpp:4388 parseResolution - ENTER
01-01 00:02:29.168 1595 1610 D CameraHal: (ab8ff970) - hardware/ti/dra7xx/camera/CameraHal.cpp:4431 parseResolution - EXIT
01-01 00:02:29.168 1595 1610 D CameraHal: (ab8ff970) + hardware/ti/dra7xx/camera/CameraHal.cpp:4388 parseResolution - ENTER
01-01 00:02:29.168 1595 1610 D CameraHal: (ab8ff970) - hardware/ti/dra7xx/camera/CameraHal.cpp:4431 parseResolution - EXIT
01-01 00:02:29.168 1595 1610 D CameraHal: (ab8ff970) - hardware/ti/dra7xx/camera/CameraHal.cpp:4611 initDefaultParameters - EXIT
01-01 00:02:29.168 1595 1610 D CameraHal: (ab8ff970) + hardware/ti/dra7xx/camera/CameraHal.cpp:389 setParameters - ENTER
01-01 00:02:29.168 1595 1610 D CameraHal: (ab8ff970) + hardware/ti/dra7xx/camera/CameraHal.cpp:2579 previewEnabled - ENTER
01-01 00:02:29.168 1595 1610 D CameraHal: (ab8ff970) - hardware/ti/dra7xx/camera/CameraHal.cpp:2579 previewEnabled - EXIT
01-01 00:02:29.168 1595 1610 D CameraHal: (ab8ff970) + hardware/ti/dra7xx/camera/CameraHal.cpp:4313 isParameterValid - ENTER
01-01 00:02:29.168 1595 1610 D CameraHal: (ab8ff970) - hardware/ti/dra7xx/camera/CameraHal.cpp:4337 isParameterValid - EXIT
01-01 00:02:29.169 1595 1610 D CameraHal: (ab8ff970) hardware/ti/dra7xx/camera/CameraHal.cpp:416 setParameters - PreviewFormat set yuv420sp
01-01 00:02:29.169 1595 1610 D CameraHal: (ab8ff970) hardware/ti/dra7xx/camera/CameraHal.cpp:577 setParameters - Recording Hint is set to NULL
01-01 00:02:29.169 1595 1610 D CameraHal: (ab8ff970) + hardware/ti/dra7xx/camera/CameraHal.cpp:2803 resetVideoModeParameters - ENTER
01-01 00:02:29.169 1595 1610 D CameraHal: (ab8ff970) - hardware/ti/dra7xx/camera/CameraHal.cpp:2818 resetVideoModeParameters - EXIT
01-01 00:02:29.169 1595 1610 D CameraHal: (ab8ff970) + hardware/ti/dra7xx/camera/CameraHal.cpp:4248 isResolutionValid - ENTER
01-01 00:02:29.169 1595 1610 D CameraHal: (ab8ff970) + hardware/ti/dra7xx/camera/CameraHal.cpp:4313 isParameterValid - ENTER
01-01 00:02:29.169 1595 1610 D CameraHal: (ab8ff970) - hardware/ti/dra7xx/camera/CameraHal.cpp:4337 isParameterValid - EXIT
01-01 00:02:29.169 1595 1610 D CameraHal: (ab8ff970) - hardware/ti/dra7xx/camera/CameraHal.cpp:4264 isResolutionValid - EXIT
01-01 00:02:29.169 1595 1610 D CameraHal: (ab8ff970) hardware/ti/dra7xx/camera/CameraHal.cpp:598 setParameters - Preview Resolution: 1280 x 720
01-01 00:02:29.169 1595 1610 D CameraHal: (ab8ff970) + hardware/ti/dra7xx/camera/CameraHal.cpp:4313 isParameterValid - ENTER
01-01 00:02:29.169 1595 1610 D CameraHal: (ab8ff970) - hardware/ti/dra7xx/camera/CameraHal.cpp:4337 isParameterValid - EXIT
01-01 00:02:29.169 1595 1610 D CameraHal: (ab8ff970) hardware/ti/dra7xx/camera/CameraHal.cpp:602 setParameters - Focus mode set fixed
01-01 00:02:29.169 1595 1610 D CameraHal: (ab8ff970) + hardware/ti/dra7xx/camera/CameraHal.cpp:4248 isResolutionValid - ENTER
01-01 00:02:29.169 1595 1610 D CameraHal: (ab8ff970) + hardware/ti/dra7xx/camera/CameraHal.cpp:4313 isParameterValid - ENTER
01-01 00:02:29.169 1595 1610 D CameraHal: (ab8ff970) - hardware/ti/dra7xx/camera/CameraHal.cpp:4337 isParameterValid - EXIT
01-01 00:02:29.169 1595 1610 D CameraHal: (ab8ff970) - hardware/ti/dra7xx/camera/CameraHal.cpp:4264 isResolutionValid - EXIT
01-01 00:02:29.169 1595 1610 D CameraHal: (ab8ff970) hardware/ti/dra7xx/camera/CameraHal.cpp:646 setParameters - Picture Size by App 1280 x 720
01-01 00:02:29.169 1595 1610 D CameraHal: (ab8ff970) + hardware/ti/dra7xx/camera/CameraHal.cpp:4313 isParameterValid - ENTER
01-01 00:02:29.169 1595 1610 D CameraHal: (ab8ff970) - hardware/ti/dra7xx/camera/CameraHal.cpp:4337 isParameterValid - EXIT
01-01 00:02:29.169 1595 1610 D CameraHal: (ab8ff970) hardware/ti/dra7xx/camera/CameraHal.cpp:1005 setParameters - Jpeg quality set 90
01-01 00:02:29.169 1595 1610 D CameraHal: (ab8ff970) hardware/ti/dra7xx/camera/CameraHal.cpp:1011 setParameters - Thumbnail width set 320
01-01 00:02:29.169 1595 1610 D CameraHal: (ab8ff970) hardware/ti/dra7xx/camera/CameraHal.cpp:1017 setParameters - Thumbnail width set 240
01-01 00:02:29.169 1595 1610 D CameraHal: (ab8ff970) hardware/ti/dra7xx/camera/CameraHal.cpp:1023 setParameters - Thumbnail quality set 50
01-01 00:02:29.169 1595 1610 D CameraHal: (ab8ff970) hardware/ti/dra7xx/camera/CameraHal.cpp:1130 setParameters - Zoom set 1
01-01 00:02:29.169 1595 1610 D CameraHal: (ab8ff970) hardware/ti/dra7xx/camera/CameraHal.cpp:1177 setParameters - External Gamma set false
01-01 00:02:29.169 1595 1610 D CameraHal: (ab8ff970) hardware/ti/dra7xx/camera/CameraHal.cpp:1183 setParameters - NSF1 set true
01-01 00:02:29.169 1595 1610 D CameraHal: (ab8ff970) hardware/ti/dra7xx/camera/CameraHal.cpp:1189 setParameters - NSF2 set true
01-01 00:02:29.169 1595 1610 D CameraHal: (ab8ff970) hardware/ti/dra7xx/camera/CameraHal.cpp:1195 setParameters - Sharpening set true
01-01 00:02:29.169 1595 1610 D CameraHal: (ab8ff970) hardware/ti/dra7xx/camera/CameraHal.cpp:1201 setParameters - Color Conversion set true
01-01 00:02:29.169 1595 1610 D CameraHal: (ab8ff970) hardware/ti/dra7xx/camera/CameraHal.cpp:1207 setParameters - Green Inballance Correction set true
01-01 00:02:29.169 1595 1610 D CameraHal: (ab8ff970) + hardware/ti/dra7xx/camera/V4LCameraAdapter/V4LCameraAdapter.cpp:450 setParameters - ENTER
01-01 00:02:29.169 1595 1610 D CameraHal: (ab8ff970) hardware/ti/dra7xx/camera/V4LCameraAdapter/V4LCameraAdapter.cpp:456 setParameters - Width * Height 1280 x 720 format 0x56595559
01-01 00:02:29.169 1595 1610 D CameraHal: (ab8ff970) + hardware/ti/dra7xx/camera/V4LCameraAdapter/V4LCameraAdapter.cpp:216 v4lSetFormat - ENTER
01-01 00:02:29.169 1595 1610 D CameraHal: (ab8ff970) hardware/ti/dra7xx/camera/V4LCameraAdapter/V4LCameraAdapter.cpp:218 v4lSetFormat - Width * Height 1280 x 720 format 0x56595559
01-01 00:02:29.181 1595 1610 D CameraHal: (ab8ff970) hardware/ti/dra7xx/camera/V4LCameraAdapter/V4LCameraAdapter.cpp:244 v4lSetFormat - VIDIOC_G_FMT : WxH = 1280x720
01-01 00:02:29.182 1595 1610 D CameraHal: (ab8ff970) hardware/ti/dra7xx/camera/V4LCameraAdapter/V4LCameraAdapter.cpp:245 v4lSetFormat - ### Using: WxH = 1280x720 pixelformat=0x56595559
01-01 00:02:29.182 1595 1610 D CameraHal: (ab8ff970) hardware/ti/dra7xx/camera/V4LCameraAdapter/V4LCameraAdapter.cpp:246 v4lSetFormat - ### Using: bytesperline=2560 sizeimage=1843200 colorspace=0x1
01-01 00:02:29.182 1595 1610 D CameraHal: (ab8ff970) - hardware/ti/dra7xx/camera/V4LCameraAdapter/V4LCameraAdapter.cpp:247 v4lSetFormat - EXIT
01-01 00:02:29.182 1595 1610 D CameraHal: (ab8ff970) hardware/ti/dra7xx/camera/V4LCameraAdapter/V4LCameraAdapter.cpp:465 setParameters - Current fps is 0 new fps is (30000,30000)
01-01 00:02:29.182 1595 1610 D CameraHal: (ab8ff970) - hardware/ti/dra7xx/camera/V4LCameraAdapter/V4LCameraAdapter.cpp:476 setParameters - EXIT
01-01 00:02:29.182 1595 1610 D CameraHal: (ab8ff970) - hardware/ti/dra7xx/camera/CameraHal.cpp:1350 setParameters - EXIT
01-01 00:02:29.182 1595 1610 D CameraHal: (ab8ff970) - hardware/ti/dra7xx/camera/CameraHal.cpp:4227 initialize - EXIT
01-01 00:02:29.182 1595 1610 D CameraHal: (ab8ff970) + hardware/ti/dra7xx/camera/CameraHal_Module.cpp:171 camera_set_callbacks - ENTER
01-01 00:02:29.182 1595 1610 D CameraHal: (ab8ff970) + hardware/ti/dra7xx/camera/CameraHal.cpp:231 setCallbacks - ENTER
01-01 00:02:29.182 1606 1608 I CameraHardwareInterface: Destroying camera 0
01-01 00:02:29.182 1595 1610 D CameraHal: (ab8ff970) + hardware/ti/dra7xx/camera/AppCallbackNotifier.cpp:84 setCallbacks - ENTER
01-01 00:02:29.182 1595 1610 D CameraHal: (ab8ff970) - hardware/ti/dra7xx/camera/AppCallbackNotifier.cpp:93 setCallbacks - EXIT
01-01 00:02:29.182 1595 1610 D CameraHal: (ab8ff970) - hardware/ti/dra7xx/camera/CameraHal.cpp:247 setCallbacks - EXIT
01-01 00:02:29.182 1595 1610 D CameraHal: (ab8ff970) - hardware/ti/dra7xx/camera/CameraHal_Module.cpp:171 camera_set_callbacks - EXIT
01-01 00:02:29.182 1595 1610 D CameraHal: (ab8ff970) + hardware/ti/dra7xx/camera/CameraHal_Module.cpp:185 camera_enable_msg_type - ENTER
01-01 00:02:29.182 1595 1610 D CameraHal: (ab8ff970) + hardware/ti/dra7xx/camera/CameraHal.cpp:259 enableMsgType - ENTER
01-01 00:02:29.182 1595 1610 D CameraHal: (ab8ff970) hardware/ti/dra7xx/camera/CameraHal.cpp:291 enableMsgType - Preview callback not enabled 409
01-01 00:02:29.182 1595 1610 D CameraHal: (ab8ff970) - hardware/ti/dra7xx/camera/CameraHal.cpp:298 enableMsgType - EXIT
01-01 00:02:29.182 1595 1610 D CameraHal: (ab8ff970) - hardware/ti/dra7xx/camera/CameraHal_Module.cpp:185 camera_enable_msg_type - EXIT
01-01 00:02:29.182 1595 1610 D CameraHal: (ab8ff970) + hardware/ti/dra7xx/camera/CameraHal_Module.cpp:485 camera_get_parameters - ENTER
01-01 00:02:29.182 1595 1610 D CameraHal: (ab8ff970) + hardware/ti/dra7xx/camera/CameraHal.cpp:3616 getParameters - ENTER
01-01 00:02:29.182 1595 1610 D CameraHal: (ab8ff970) + hardware/ti/dra7xx/camera/V4LCameraAdapter/V4LCameraAdapter.cpp:483 getParameters - ENTER
01-01 00:02:29.182 1595 1610 D CameraHal: (ab8ff970) - hardware/ti/dra7xx/camera/V4LCameraAdapter/V4LCameraAdapter.cpp:489 getParameters - EXIT
01-01 00:02:29.183 1595 1610 D CameraHal: (ab8ff970) - hardware/ti/dra7xx/camera/CameraHal.cpp:3668 getParameters - EXIT
01-01 00:02:29.183 1595 1610 D CameraHal: (ab8ff970) - hardware/ti/dra7xx/camera/CameraHal_Module.cpp:485 camera_get_parameters - EXIT
01-01 00:02:29.183 1595 1610 D CameraHal: (ab8ff970) + hardware/ti/dra7xx/camera/CameraHal_Module.cpp:502 camera_put_parameters - ENTER
01-01 00:02:29.183 1595 1610 D CameraHal: (ab8ff970) - hardware/ti/dra7xx/camera/CameraHal_Module.cpp:502 camera_put_parameters - EXIT
01-01 00:02:29.185 1595 1610 D CameraHal: (ab8ff970) + hardware/ti/dra7xx/camera/CameraProperties.cpp:67 initialize - ENTER
01-01 00:02:29.185 1595 1610 D CameraHal: (ab8ff970) - hardware/ti/dra7xx/camera/CameraProperties.cpp:67 initialize - EXIT
01-01 00:02:29.185 1595 1610 D CameraHal: (ab8ff970) + hardware/ti/dra7xx/camera/CameraParameters.cpp:152 getProperties - ENTER
01-01 00:02:29.185 1595 1610 D CameraHal: (ab8ff970) - hardware/ti/dra7xx/camera/CameraParameters.cpp:163 getProperties - EXIT
01-01 00:02:29.186 1595 1610 D CameraHal: (ab8ff970) + hardware/ti/dra7xx/camera/CameraProperties.cpp:67 initialize - ENTER
01-01 00:02:29.186 1595 1610 D CameraHal: (ab8ff970) - hardware/ti/dra7xx/camera/CameraProperties.cpp:67 initialize - EXIT
01-01 00:02:29.186 1595 1610 D CameraHal: (ab8ff970) + hardware/ti/dra7xx/camera/CameraParameters.cpp:152 getProperties - ENTER
01-01 00:02:29.186 1595 1610 D CameraHal: (ab8ff970) - hardware/ti/dra7xx/camera/CameraParameters.cpp:163 getProperties - EXIT
01-01 00:02:29.187 1595 1610 D CameraHal: (ab8ff970) + hardware/ti/dra7xx/camera/CameraHal_Module.cpp:485 camera_get_parameters - ENTER
01-01 00:02:29.187 1595 1610 D CameraHal: (ab8ff970) + hardware/ti/dra7xx/camera/CameraHal.cpp:3616 getParameters - ENTER
01-01 00:02:29.187 1595 1610 D CameraHal: (ab8ff970) + hardware/ti/dra7xx/camera/V4LCameraAdapter/V4LCameraAdapter.cpp:483 getParameters - ENTER
01-01 00:02:29.188 1595 1610 D CameraHal: (ab8ff970) - hardware/ti/dra7xx/camera/V4LCameraAdapter/V4LCameraAdapter.cpp:489 getParameters - EXIT
01-01 00:02:29.188 1595 1610 D CameraHal: (ab8ff970) - hardware/ti/dra7xx/camera/CameraHal.cpp:3668 getParameters - EXIT
01-01 00:02:29.188 1595 1610 D CameraHal: (ab8ff970) - hardware/ti/dra7xx/camera/CameraHal_Module.cpp:485 camera_get_parameters - EXIT
01-01 00:02:29.188 1595 1610 D CameraHal: (ab8ff970) + hardware/ti/dra7xx/camera/CameraHal_Module.cpp:502 camera_put_parameters - ENTER
01-01 00:02:29.188 1595 1610 D CameraHal: (ab8ff970) - hardware/ti/dra7xx/camera/CameraHal_Module.cpp:502 camera_put_parameters - EXIT
01-01 00:02:29.192 1275 1477 E Camera : str: 30000,30000
01-01 00:02:29.193 1275 1275 V CAM_CameraController: onCameraOpened
01-01 00:02:29.193 1275 1275 V CAM_CameraActivity: onCameraOpened
01-01 00:02:29.201 1595 1610 D CameraHal: (ab8ff970) + hardware/ti/dra7xx/camera/CameraHal_Module.cpp:469 camera_set_parameters - ENTER
01-01 00:02:29.201 1595 1610 D CameraHal: (ab8ff970) + hardware/ti/dra7xx/camera/CameraHal.cpp:366 setParameters - ENTER
01-01 00:02:29.202 1595 1610 D CameraHal: (ab8ff970) + hardware/ti/dra7xx/camera/CameraHal.cpp:389 setParameters - ENTER
01-01 00:02:29.202 1595 1610 D CameraHal: (ab8ff970) + hardware/ti/dra7xx/camera/CameraHal.cpp:2579 previewEnabled - ENTER
01-01 00:02:29.202 1595 1610 D CameraHal: (ab8ff970) - hardware/ti/dra7xx/camera/CameraHal.cpp:2579 previewEnabled - EXIT
01-01 00:02:29.202 1595 1610 D CameraHal: (ab8ff970) + hardware/ti/dra7xx/camera/CameraHal.cpp:4313 isParameterValid - ENTER
01-01 00:02:29.202 1595 1610 D CameraHal: (ab8ff970) - hardware/ti/dra7xx/camera/CameraHal.cpp:4337 isParameterValid - EXIT
01-01 00:02:29.202 1595 1610 D CameraHal: (ab8ff970) hardware/ti/dra7xx/camera/CameraHal.cpp:416 setParameters - PreviewFormat set yuv420sp
01-01 00:02:29.202 1595 1610 D CameraHal: (ab8ff970) hardware/ti/dra7xx/camera/CameraHal.cpp:553 setParameters - Recording Hint is set to false
01-01 00:02:29.202 1595 1610 D CameraHal: (ab8ff970) + hardware/ti/dra7xx/camera/CameraHal.cpp:2803 resetVideoModeParameters - ENTER
01-01 00:02:29.202 1595 1610 D CameraHal: (ab8ff970) - hardware/ti/dra7xx/camera/CameraHal.cpp:2818 resetVideoModeParameters - EXIT
01-01 00:02:29.202 1595 1610 D CameraHal: (ab8ff970) + hardware/ti/dra7xx/camera/CameraHal.cpp:4248 isResolutionValid - ENTER
01-01 00:02:29.202 1595 1610 D CameraHal: (ab8ff970) + hardware/ti/dra7xx/camera/CameraHal.cpp:4313 isParameterValid - ENTER
01-01 00:02:29.202 1595 1610 D CameraHal: (ab8ff970) - hardware/ti/dra7xx/camera/CameraHal.cpp:4337 isParameterValid - EXIT
01-01 00:02:29.202 1595 1610 D CameraHal: (ab8ff970) - hardware/ti/dra7xx/camera/CameraHal.cpp:4264 isResolutionValid - EXIT
01-01 00:02:29.202 1595 1610 D CameraHal: (ab8ff970) hardware/ti/dra7xx/camera/CameraHal.cpp:598 setParameters - Preview Resolution: 1280 x 720
01-01 00:02:29.202 1595 1610 D CameraHal: (ab8ff970) + hardware/ti/dra7xx/camera/CameraHal.cpp:4313 isParameterValid - ENTER
01-01 00:02:29.202 1595 1610 D CameraHal: (ab8ff970) - hardware/ti/dra7xx/camera/CameraHal.cpp:4337 isParameterValid - EXIT
01-01 00:02:29.202 1595 1610 D CameraHal: (ab8ff970) hardware/ti/dra7xx/camera/CameraHal.cpp:602 setParameters - Focus mode set fixed
01-01 00:02:29.202 1595 1610 D CameraHal: (ab8ff970) + hardware/ti/dra7xx/camera/CameraHal.cpp:4248 isResolutionValid - ENTER
01-01 00:02:29.202 1595 1610 D CameraHal: (ab8ff970) + hardware/ti/dra7xx/camera/CameraHal.cpp:4313 isParameterValid - ENTER
01-01 00:02:29.202 1595 1610 D CameraHal: (ab8ff970) - hardware/ti/dra7xx/camera/CameraHal.cpp:4337 isParameterValid - EXIT
01-01 00:02:29.202 1595 1610 D CameraHal: (ab8ff970) - hardware/ti/dra7xx/camera/CameraHal.cpp:4264 isResolutionValid - EXIT
01-01 00:02:29.202 1595 1610 D CameraHal: (ab8ff970) hardware/ti/dra7xx/camera/CameraHal.cpp:646 setParameters - Picture Size by App 1280 x 720
01-01 00:02:29.202 1595 1610 D CameraHal: (ab8ff970) + hardware/ti/dra7xx/camera/CameraHal.cpp:4313 isParameterValid - ENTER
01-01 00:02:29.202 1595 1610 D CameraHal: (ab8ff970) - hardware/ti/dra7xx/camera/CameraHal.cpp:4337 isParameterValid - EXIT
01-01 00:02:29.202 1595 1610 D CameraHal: (ab8ff970) hardware/ti/dra7xx/camera/CameraHal.cpp:960 setParameters - Exposure compensation set 0
01-01 00:02:29.202 1595 1610 D CameraHal: (ab8ff970) hardware/ti/dra7xx/camera/CameraHal.cpp:1005 setParameters - Jpeg quality set 90
01-01 00:02:29.202 1595 1610 D CameraHal: (ab8ff970) hardware/ti/dra7xx/camera/CameraHal.cpp:1011 setParameters - Thumbnail width set 320
01-01 00:02:29.202 1595 1610 D CameraHal: (ab8ff970) hardware/ti/dra7xx/camera/CameraHal.cpp:1017 setParameters - Thumbnail width set 240
01-01 00:02:29.202 1595 1610 D CameraHal: (ab8ff970) hardware/ti/dra7xx/camera/CameraHal.cpp:1023 setParameters - Thumbnail quality set 50
01-01 00:02:29.203 1595 1610 D CameraHal: (ab8ff970) hardware/ti/dra7xx/camera/CameraHal.cpp:1130 setParameters - Zoom set 1
01-01 00:02:29.203 1595 1610 D CameraHal: (ab8ff970) hardware/ti/dra7xx/camera/CameraHal.cpp:1177 setParameters - External Gamma set false
01-01 00:02:29.203 1595 1610 D CameraHal: (ab8ff970) hardware/ti/dra7xx/camera/CameraHal.cpp:1183 setParameters - NSF1 set true
01-01 00:02:29.203 1595 1610 D CameraHal: (ab8ff970) hardware/ti/dra7xx/camera/CameraHal.cpp:1189 setParameters - NSF2 set true
01-01 00:02:29.203 1595 1610 D CameraHal: (ab8ff970) hardware/ti/dra7xx/camera/CameraHal.cpp:1195 setParameters - Sharpening set true
01-01 00:02:29.203 1595 1610 D CameraHal: (ab8ff970) hardware/ti/dra7xx/camera/CameraHal.cpp:1201 setParameters - Color Conversion set true
01-01 00:02:29.203 1595 1610 D CameraHal: (ab8ff970) hardware/ti/dra7xx/camera/CameraHal.cpp:1207 setParameters - Green Inballance Correction set true
01-01 00:02:29.203 1595 1610 D CameraHal: (ab8ff970) + hardware/ti/dra7xx/camera/V4LCameraAdapter/V4LCameraAdapter.cpp:450 setParameters - ENTER
01-01 00:02:29.203 1595 1610 D CameraHal: (ab8ff970) hardware/ti/dra7xx/camera/V4LCameraAdapter/V4LCameraAdapter.cpp:456 setParameters - Width * Height 1280 x 720 format 0x56595559
