01-01 00:00:30.802 328 328 I SystemServer: StartUserManagerService
01-01 00:00:30.802 328 328 I SystemServiceManager: Starting com.android.server.pm.UserManagerService$LifeCycle
01-01 00:00:30.803 328 328 D SystemServerTiming: StartUserManagerService took to complete: 1ms
01-01 00:00:30.803 328 328 I SystemServer: InitAttributerCache
01-01 00:00:30.803 328 328 D SystemServerTiming: InitAttributerCache took to complete: 0ms
01-01 00:00:30.803 328 328 I SystemServer: SetSystemProcess
01-01 00:00:30.831 183 183 I lowmemorykiller: ActivityManager connected
01-01 00:00:30.834 328 328 D SystemServerTiming: SetSystemProcess took to complete: 31ms
01-01 00:00:30.835 328 376 I ServiceThread: Enabled StrictMode logging for android.anim looper.
01-01 00:00:30.836 328 328 I SystemServer: StartOverlayManagerService
01-01 00:00:30.841 328 328 D SystemServerTiming: StartOverlayManagerService took to complete: 5ms
01-01 00:00:30.841 328 328 I SystemServer: StartDropBoxManager
01-01 00:00:30.842 328 328 I SystemServiceManager: Starting com.android.server.DropBoxManagerService
01-01 00:00:30.843 328 378 D SystemServerInitThreadPool: Started executing StartSensorService
01-01 00:00:30.843 328 328 D SystemServerTiming: StartDropBoxManager took to complete: 2ms
01-01 00:00:30.843 328 328 I SystemServer: StartBatteryService
01-01 00:00:30.843 328 328 I SystemServiceManager: Starting com.android.server.BatteryService
01-01 00:00:30.844 328 378 I chatty : uid=1000 system_server expire 12 lines
01-01 00:00:30.845 153 153 W /system/bin/hwservicemanager: getTransportFromManifest: Cannot find entry android.hardware.sensors@1.0::ISensors in either framework or device manifest, using default transport.
01-01 00:00:30.846 328 377 D SystemServerInitThreadPool: Started executing Init OverlayManagerService
01-01 00:00:30.858 328 328 D SystemServerTiming: StartBatteryService took to complete: 15ms
01-01 00:00:30.858 328 328 I SystemServer: StartUsageService
01-01 00:00:30.868 328 328 I SystemServiceManager: Starting com.android.server.usage.UsageStatsService
01-01 00:00:30.925 328 377 D SystemServerInitThreadPool: Finished executing Init OverlayManagerService
01-01 00:00:30.933 328 328 W SystemServiceManager: Service com.android.server.usage.UsageStatsService took 58 ms in onStart
01-01 00:00:30.934 328 328 D SystemServerTiming: StartUsageService took to complete: 76ms
01-01 00:00:30.934 328 328 I SystemServer: StartWebViewUpdateService
01-01 00:00:30.947 153 153 W /system/bin/hwservicemanager: getTransportFromManifest: Cannot find entry android.hardware.sensors@1.0::ISensors in either framework or device manifest, using default transport.
01-01 00:00:30.948 328 328 I SystemServiceManager: Starting com.android.server.webkit.WebViewUpdateService
01-01 00:00:30.975 328 328 D SystemServerTiming: StartWebViewUpdateService took to complete: 41ms
01-01 00:00:30.976 328 328 I SystemServer: StartKeyAttestationApplicationIdProviderService
01-01 00:00:30.976 328 341 D SystemServerInitThreadPool: Started executing SecondaryZygotePreload
01-01 00:00:30.976 328 341 I SystemServer: SecondaryZygotePreload
01-01 00:00:30.985 328 328 D SystemServerTiming: StartKeyAttestationApplicationIdProviderService took to complete: 9ms
01-01 00:00:30.985 328 328 I SystemServer: StartKeyChainSystemService
01-01 00:00:30.988 328 341 I chatty : uid=1000 system_server expire 1 line
01-01 00:00:30.998 328 341 E SystemServer: Unable to preload default resources
01-01 00:00:30.998 328 341 D SystemServerTimingAsync: SecondaryZygotePreload took to complete: 22ms
01-01 00:00:30.998 328 341 D SystemServerInitThreadPool: Finished executing SecondaryZygotePreload
01-01 00:00:31.000 328 328 I SystemServiceManager: Starting com.android.server.security.KeyChainSystemService
01-01 00:00:31.001 328 328 D SystemServerTiming: StartKeyChainSystemService took to complete: 16ms
01-01 00:00:31.001 328 328 I SystemServer: StartSchedulingPolicyService
01-01 00:00:31.002 328 328 D SystemServerTiming: StartSchedulingPolicyService took to complete: 1ms
01-01 00:00:31.002 328 328 I SystemServer: StartTelecomLoaderService
01-01 00:00:31.002 328 328 I SystemServiceManager: Starting com.android.server.telecom.TelecomLoaderService
01-01 00:00:31.003 328 328 D SystemServerTiming: StartTelecomLoaderService took to complete: 1ms
01-01 00:00:31.003 328 328 I SystemServer: StartTelephonyRegistry
01-01 00:00:31.021 328 328 D SystemServerTiming: StartTelephonyRegistry took to complete: 18ms
01-01 00:00:31.021 328 328 I SystemServer: StartEntropyMixer
01-01 00:00:31.022 328 328 W EntropyMixer: No existing entropy file -- first boot?
01-01 00:00:31.024 328 328 I EntropyMixer: Writing entropy...
01-01 00:00:31.048 153 153 W /system/bin/hwservicemanager: getTransportFromManifest: Cannot find entry android.hardware.sensors@1.0::ISensors in either framework or device manifest, using default transport.
01-01 00:00:31.096 328 328 D SystemServerTiming: StartEntropyMixer took to complete: 75ms
01-01 00:00:31.096 328 328 I SystemServer: Camera Service Proxy
01-01 00:00:31.096 328 328 I SystemServer: StartCameraServiceProxy
01-01 00:00:31.097 328 328 I SystemServiceManager: Starting com.android.server.camera.CameraServiceProxy
01-01 00:00:31.106 328 379 I ServiceThread: Enabled StrictMode logging for CameraService_proxy looper.
01-01 00:00:31.108 328 328 D SystemServerTiming: StartCameraServiceProxy took to complete: 12ms
01-01 00:00:31.108 328 328 I SystemServer: StartAccountManagerService
01-01 00:00:31.111 328 328 I SystemServiceManager: Starting com.android.server.accounts.AccountManagerService$Lifecycle
01-01 00:00:31.141 328 328 D SystemServerTiming: StartAccountManagerService took to complete: 33ms
01-01 00:00:31.141 328 328 I SystemServer: StartContentService
01-01 00:00:31.144 328 328 I SystemServiceManager: Starting com.android.server.content.ContentService$Lifecycle
01-01 00:00:31.147 328 328 D SystemServerTiming: StartContentService took to complete: 6ms
01-01 00:00:31.147 328 328 I SystemServer: InstallSystemProviders
01-01 00:00:31.149 153 153 W /system/bin/hwservicemanager: getTransportFromManifest: Cannot find entry android.hardware.sensors@1.0::ISensors in either framework or device manifest, using default transport.
01-01 00:00:31.249 382 382 I getprop : type=1400 audit(0.0:53): avc: denied { open } for path="/dev/__properties__/u:object_r:wlan_driver_prop:s0" dev="tmpfs" ino=8456 scontext=u:r:shell:s0 tcontext=u:object_r:wlan_driver_prop:s0 tclass=file permissive=1
01-01 00:00:31.251 153 153 W /system/bin/hwservicemanager: getTransportFromManifest: Cannot find entry android.hardware.sensors@1.0::ISensors in either framework or device manifest, using default transport.
01-01 00:00:31.269 382 382 I getprop : type=1400 audit(0.0:54): avc: denied { getattr } for path="/dev/__properties__/u:object_r:wlan_driver_prop:s0" dev="tmpfs" ino=8456 scontext=u:r:shell:s0 tcontext=u:object_r:wlan_driver_prop:s0 tclass=file permissive=1
01-01 00:00:31.269 382 382 I getprop : type=1400 audit(0.0:55): avc: denied { open } for path="/dev/__properties__/u:object_r:opengles_prop:s0" dev="tmpfs" ino=8457 scontext=u:r:shell:s0 tcontext=u:object_r:opengles_prop:s0 tclass=file permissive=1
01-01 00:00:31.371 153 153 W /system/bin/hwservicemanager: getTransportFromManifest: Cannot find entry android.hardware.sensors@1.0::ISensors in either framework or device manifest, using default transport.
01-01 00:00:31.269 382 382 I getprop : type=1400 audit(0.0:56): avc: denied { getattr } for path="/dev/__properties__/u:object_r:opengles_prop:s0" dev="tmpfs" ino=8457 scontext=u:r:shell:s0 tcontext=u:object_r:opengles_prop:s0 tclass=file permissive=1
01-01 00:00:31.476 153 153 W /system/bin/hwservicemanager: getTransportFromManifest: Cannot find entry android.hardware.sensors@1.0::ISensors in either framework or device manifest, using default transport.
01-01 00:00:31.269 382 382 I getprop : type=1400 audit(0.0:57): avc: denied { open } for path="/dev/__properties__/u:object_r:hw_cabl_prop:s0" dev="tmpfs" ino=8458 scontext=u:r:shell:s0 tcontext=u:object_r:hw_cabl_prop:s0 tclass=file permissive=1
01-01 00:00:31.269 382 382 I getprop : type=1400 audit(0.0:58): avc: denied { getattr } for path="/dev/__properties__/u:object_r:hw_cabl_prop:s0" dev="tmpfs" ino=8458 scontext=u:r:shell:s0 tcontext=u:object_r:hw_cabl_prop:s0 tclass=file permissive=1
01-01 00:00:31.592 153 153 W /system/bin/hwservicemanager: getTransportFromManifest: Cannot find entry android.hardware.sensors@1.0::ISensors in either framework or device manifest, using default transport.
01-01 00:00:31.269 382 382 I getprop : type=1400 audit(0.0:59): avc: denied { open } for path="/dev/__properties__/u:object_r:car_prop:s0" dev="tmpfs" ino=8459 scontext=u:r:shell:s0 tcontext=u:object_r:car_prop:s0 tclass=file permissive=1
01-01 00:00:31.269 382 382 I getprop : type=1400 audit(0.0:60): avc: denied { getattr } for path="/dev/__properties__/u:object_r:car_prop:s0" dev="tmpfs" ino=8459 scontext=u:r:shell:s0 tcontext=u:object_r:car_prop:s0 tclass=file permissive=1
01-01 00:00:31.269 382 382 I getprop : type=1400 audit(0.0:61): avc: denied { open } for path="/dev/__properties__/u:object_r:wifi_prop:s0" dev="tmpfs" ino=8460 scontext=u:r:shell:s0 tcontext=u:object_r:wifi_prop:s0 tclass=file permissive=1
01-01 00:00:31.696 153 153 W /system/bin/hwservicemanager: getTransportFromManifest: Cannot find entry android.hardware.sensors@1.0::ISensors in either framework or device manifest, using default transport.
01-01 00:00:31.269 382 382 I getprop : type=1400 audit(0.0:62): avc: denied { getattr } for path="/dev/__properties__/u:object_r:wifi_prop:s0" dev="tmpfs" ino=8460 scontext=u:r:shell:s0 tcontext=u:object_r:wifi_prop:s0 tclass=file permissive=1
01-01 00:00:31.269 382 382 I getprop : type=1400 audit(0.0:63): avc: denied { open } for path="/dev/__properties__/u:object_r:firstboot_prop:s0" dev="tmpfs" ino=8468 scontext=u:r:shell:s0 tcontext=u:object_r:firstboot_prop:s0 tclass=file permissive=1
01-01 00:00:31.816 153 153 W /system/bin/hwservicemanager: getTransportFromManifest: Cannot find entry android.hardware.sensors@1.0::ISensors in either framework or device manifest, using default transport.
01-01 00:00:31.817 328 378 D SystemServerTimingAsync: StartSensorService took to complete: 974ms
01-01 00:00:31.817 328 378 D SystemServerInitThreadPool: Finished executing StartSensorService
01-01 00:00:31.269 382 382 I getprop : type=1400 audit(0.0:64): avc: denied { getattr } for path="/dev/__properties__/u:object_r:firstboot_prop:s0" dev="tmpfs" ino=8468 scontext=u:r:shell:s0 tcontext=u:object_r:firstboot_prop:s0 tclass=file permissive=1
01-01 00:00:31.269 382 382 I getprop : type=1400 audit(0.0:65): avc: denied { open } for path="/dev/__properties__/u:object_r:persistent_properties_ready_prop:s0" dev="tmpfs" ino=8469 scontext=u:r:shell:s0 tcontext=u:object_r:persistent_properties_ready_prop:s0 tclass=file permissive=1
01-01 00:00:31.269 382 382 I getprop : type=1400 audit(0.0:66): avc: denied { getattr } for path="/dev/__properties__/u:object_r:persistent_properties_ready_prop:s0" dev="tmpfs" ino=8469 scontext=u:r:shell:s0 tcontext=u:object_r:persistent_properties_ready_prop:s0 tclass=file permissive=1
01-01 00:00:31.269 382 382 I getprop : type=1400 audit(0.0:67): avc: denied { open } for path="/dev/__properties__/u:object_r:boottime_prop:s0" dev="tmpfs" ino=8472 scontext=u:r:shell:s0 tcontext=u:object_r:boottime_prop:s0 tclass=file permissive=1
01-01 00:00:31.269 382 382 I getprop : type=1400 audit(0.0:68): avc: denied { getattr } for path="/dev/__properties__/u:object_r:boottime_prop:s0" dev="tmpfs" ino=8472 scontext=u:r:shell:s0 tcontext=u:object_r:boottime_prop:s0 tclass=file permissive=1
01-01 00:00:31.269 382 382 I getprop : type=1400 audit(0.0:69): avc: denied { open } for path="/dev/__properties__/u:object_r:safemode_prop:s0" dev="tmpfs" ino=8475 scontext=u:r:shell:s0 tcontext=u:object_r:safemode_prop:s0 tclass=file permissive=1
01-01 00:00:31.269 382 382 I getprop : type=1400 audit(0.0:70): avc: denied { getattr } for path="/dev/__properties__/u:object_r:safemode_prop:s0" dev="tmpfs" ino=8475 scontext=u:r:shell:s0 tcontext=u:object_r:safemode_prop:s0 tclass=file permissive=1
01-01 00:00:31.269 382 382 I getprop : type=1400 audit(0.0:71): avc: denied { open } for path="/dev/__properties__/u:object_r:mmc_prop:s0" dev="tmpfs" ino=8476 scontext=u:r:shell:s0 tcontext=u:object_r:mmc_prop:s0 tclass=file permissive=1
01-01 00:00:31.269 382 382 I getprop : type=1400 audit(0.0:72): avc: denied { getattr } for path="/dev/__properties__/u:object_r:mmc_prop:s0" dev="tmpfs" ino=8476 scontext=u:r:shell:s0 tcontext=u:object_r:mmc_prop:s0 tclass=file permissive=1
01-01 00:00:32.281 328 328 I SettingsState: No settings state /data/system/users/0/settings_system.xml
01-01 00:00:31.269 382 382 I getprop : type=1400 audit(0.0:73): avc: denied { open } for path="/dev/__properties__/u:object_r:dumpstate_options_prop:s0" dev="tmpfs" ino=8491 scontext=u:r:shell:s0 tcontext=u:object_r:dumpstate_options_prop:s0 tclass=file permissive=1
01-01 00:00:31.269 382 382 I getprop : type=1400 audit(0.0:74): avc: denied { getattr } for path="/dev/__properties__/u:object_r:dumpstate_options_prop:s0" dev="tmpfs" ino=8491 scontext=u:r:shell:s0 tcontext=u:object_r:dumpstate_options_prop:s0 tclass=file permissive=1
01-01 00:00:32.338 328 328 I SettingsState: No settings state /data/system/users/0/settings_secure.xml
01-01 00:00:32.340 328 328 D SettingsProvider: Generated and saved new ANDROID_ID [a448aa957f32137f] for user 0
01-01 00:00:31.269 382 382 I getprop : type=1400 audit(0.0:75): avc: denied { open } for path="/dev/__properties__/u:object_r:bluetooth_prop:s0" dev="tmpfs" ino=8499 scontext=u:r:shell:s0 tcontext=u:object_r:bluetooth_prop:s0 tclass=file permissive=1
01-01 00:00:31.269 382 382 I getprop : type=1400 audit(0.0:76): avc: denied { getattr } for path="/dev/__properties__/u:object_r:bluetooth_prop:s0" dev="tmpfs" ino=8499 scontext=u:r:shell:s0 tcontext=u:object_r:bluetooth_prop:s0 tclass=file permissive=1
01-01 00:00:32.432 328 328 I SettingsState: No settings state /data/system/users/0/settings_global.xml
01-01 00:00:32.462 328 328 D SettingsProvider: Setting [] as Autofill Service for user 0
01-01 00:00:32.535 228 390 W installd: Requested default storage /data/user_de/0/com.android.providers.blockednumber is not active; migrating from /data/data/com.android.providers.blockednumber
01-01 00:00:32.565 328 328 I SettingsState: No settings state /data/system/users/0/settings_ssaid.xml
01-01 00:00:32.571 328 328 D SystemServerTiming: InstallSystemProviders took to complete: 1424ms
01-01 00:00:32.571 328 328 I SystemServer: StartVibratorService
01-01 00:00:32.573 153 153 W /system/bin/hwservicemanager: getTransportFromManifest: Cannot find entry android.hardware.vibrator@1.0::IVibrator in either framework or device manifest, using default transport.
01-01 00:00:32.577 328 328 D SystemServerTiming: StartVibratorService took to complete: 6ms
01-01 00:00:32.577 328 328 I SystemServer: StartConsumerIrService
01-01 00:00:32.578 153 153 W /system/bin/hwservicemanager: getTransportFromManifest: Cannot find entry android.hardware.ir@1.0::IConsumerIr in either framework or device manifest, using default transport.
01-01 00:00:32.581 328 328 D SystemServerTiming: StartConsumerIrService took to complete: 4ms
01-01 00:00:32.581 328 328 I SystemServer: StartAlarmManagerService
01-01 00:00:32.581 328 328 I SystemServiceManager: Starting com.android.server.AlarmManagerService
01-01 00:00:32.596 328 328 D SystemServerTiming: StartAlarmManagerService took to complete: 15ms
01-01 00:00:32.596 328 328 I SystemServer: InitWatchdog
01-01 00:00:32.596 328 328 D SystemServerTiming: InitWatchdog took to complete: 0ms
01-01 00:00:32.596 328 328 I SystemServer: StartInputManagerService
01-01 00:00:32.599 328 328 I InputManager: Initializing input manager, mUseDevInputEventForAudioJack=false
01-01 00:00:32.603 328 328 D SystemServerTiming: StartInputManagerService took to complete: 7ms
01-01 00:00:32.603 328 328 I SystemServer: StartWindowManagerService
01-01 00:00:32.612 228 389 W installd: Requested default storage /data/user_de/0/com.android.bluetooth is not active; migrating from /data/data/com.android.bluetooth
01-01 00:00:32.653 328 372 D SystemServerTimingAsync: AppDataPrepare took to complete: 2757ms
01-01 00:00:32.653 328 372 I PackageManager: Deferred reconcileAppsData finished 71 packages
01-01 00:00:32.654 328 372 D SystemServerInitThreadPool: Finished executing prepareAppData
01-01 00:00:32.690 328 351 I WindowManager: No existing display settings /data/system/display_settings.xml; starting empty
01-01 00:00:32.753 328 328 D SystemServerTiming: StartWindowManagerService took to complete: 150ms
01-01 00:00:32.753 328 328 I SystemServer: StartVrManagerService
01-01 00:00:32.753 328 377 D SystemServerInitThreadPool: Started executing StartHidlServices
01-01 00:00:32.753 328 377 I SystemServer: StartHidlServices
01-01 00:00:32.753 328 328 I SystemServiceManager: Starting com.android.server.vr.VrManagerService
01-01 00:00:32.757 328 377 D SystemServerTiming: StartHidlServices took to complete: 4ms
01-01 00:00:32.758 328 377 D SystemServerInitThreadPool: Finished executing StartHidlServices
01-01 00:00:32.759 153 153 W /system/bin/hwservicemanager: getTransportFromManifest: Cannot find entry android.hardware.vr@1.0::IVr in either framework or device manifest, using default transport.
01-01 00:00:32.761 328 328 D SystemServerTiming: StartVrManagerService took to complete: 8ms
01-01 00:00:32.761 328 328 I SystemServer: SetWindowManagerService
01-01 00:00:32.771 328 328 D SystemServerTiming: SetWindowManagerService took to complete: 10ms
01-01 00:00:32.771 328 328 I SystemServer: StartInputManager
01-01 00:00:32.771 328 328 I InputManager: Starting input manager
01-01 00:00:32.774 328 328 D SystemServerTiming: StartInputManager took to complete: 3ms
01-01 00:00:32.774 328 328 I SystemServer: DisplayManagerWindowManagerAndInputReady
01-01 00:00:32.774 328 328 D SystemServerTiming: DisplayManagerWindowManagerAndInputReady took to complete: 0ms
01-01 00:00:32.774 328 328 I SystemServer: No Bluetooth Service (Bluetooth Hardware Not Present)
01-01 00:00:32.774 328 328 I SystemServer: IpConnectivityMetrics
01-01 00:00:32.775 328 328 I SystemServiceManager: Starting com.android.server.connectivity.IpConnectivityMetrics
01-01 00:00:32.776 328 399 I chatty : uid=1000(system) InputReader expire 9 lines
01-01 00:00:32.779 328 328 D SystemServerTiming: IpConnectivityMetrics took to complete: 5ms
01-01 00:00:32.779 328 328 I SystemServer: PinnerService
01-01 00:00:32.779 328 328 I SystemServiceManager: Starting com.android.server.PinnerService
01-01 00:00:32.781 328 328 D SystemServerTiming: PinnerService took to complete: 2ms
01-01 00:00:32.781 328 328 I SystemServer: StartInputMethodManagerLifecycle
01-01 00:00:32.781 328 328 I SystemServiceManager: Starting com.android.server.InputMethodManagerService$Lifecycle
01-01 00:00:32.841 328 328 D SystemServerTiming: StartInputMethodManagerLifecycle took to complete: 60ms
01-01 00:00:32.841 328 328 I SystemServer: StartAccessibilityManagerService
01-01 00:00:32.848 328 328 D SystemServerTiming: StartAccessibilityManagerService took to complete: 7ms
01-01 00:00:32.848 328 328 I SystemServer: MakeDisplayReady
01-01 00:00:32.852 328 328 I ActivityManager: Config changes=5df8 {1.0 ?mcc?mnc [en_US] ldltr sw533dp w853dp h533dp 240dpi lrg land ?uimode ?night -touch -keyb/h/h -nav/h appBounds=Rect(0, 0 - 1280, 800) s.2}
01-01 00:00:32.856 328 328 I ActivityManager: Override config changes=40007dfc {1.0 ?mcc?mnc [en_US] ldltr sw533dp w853dp h533dp 240dpi lrg land ?uimode ?night -touch -keyb/h/h -nav/h appBounds=Rect(0, 0 - 1280, 800) s.2} for displayId=0
01-01 00:00:32.866 328 342 I UsageStatsDatabase: Upgrading from version 0 to 3
01-01 00:00:32.866 328 342 I UsageStatsDatabase: Deleting all usage stats files
01-01 00:00:32.869 328 328 I ActivityManager: Config changes=400 {1.0 ?mcc?mnc [en_US] ldltr sw533dp w805dp h509dp 240dpi lrg land ?uimode ?night -touch -keyb/h/h -nav/h appBounds=Rect(0, 0 - 1208, 800) s.3}
01-01 00:00:32.871 328 342 I UsageStatsService: User[0] Rollover scheduled @ 1970-01-02 00:00:32(86432853)
01-01 00:00:32.871 328 342 D UsageStatsService: Initializing defaults for system apps on user 0
01-01 00:00:32.880 328 328 I ActivityManager: Override config changes=400 {1.0 ?mcc?mnc [en_US] ldltr sw533dp w805dp h509dp 240dpi lrg land ?uimode ?night -touch -keyb/h/h -nav/h appBounds=Rect(0, 0 - 1208, 800) s.3} for displayId=0
01-01 00:00:32.880 328 342 E AppIdleHistory: Unable to read app idle file for user 0
01-01 00:00:32.884 328 328 D SystemServerTiming: MakeDisplayReady took to complete: 36ms
01-01 00:00:32.884 328 328 I SystemServer: StartStorageManagerService
01-01 00:00:32.884 328 328 I SystemServiceManager: Starting com.android.server.StorageManagerService$Lifecycle
01-01 00:00:32.901 328 328 D SystemServerTiming: StartStorageManagerService took to complete: 17ms
01-01 00:00:32.901 328 328 I SystemServer: StartStorageStatsService
01-01 00:00:32.901 328 328 I SystemServiceManager: Starting com.android.server.usage.StorageStatsService$Lifecycle
01-01 00:00:32.902 328 400 D StorageManagerService: Thinking about init, mSystemReady=false, mDaemonConnected=true
01-01 00:00:32.904 328 400 D StorageManagerService: Thinking about reset, mSystemReady=false, mDaemonConnected=true
01-01 00:00:32.907 328 328 D SystemServerTiming: StartStorageStatsService took to complete: 6ms
01-01 00:00:32.907 328 328 I SystemServer: StartUiModeManager
01-01 00:00:32.907 328 328 I SystemServiceManager: Starting com.android.server.UiModeManagerService
01-01 00:00:32.912 328 400 D StorageManagerService: Thinking about init, mSystemReady=false, mDaemonConnected=true
01-01 00:00:32.913 328 400 D StorageManagerService: Thinking about reset, mSystemReady=false, mDaemonConnected=true
01-01 00:00:32.913 328 400 D CryptdConnector: SND -> {1 cryptfs getfield SystemLocale}
01-01 00:00:32.914 328 341 D SystemServerInitThreadPool: Started executing UiModeManager.onStart
01-01 00:00:32.915 328 341 I ActivityManager: Config changes=200 {1.0 ?mcc?mnc [en_US] ldltr sw533dp w805dp h509dp 240dpi lrg land car -touch -keyb/h/h -nav/h appBounds=Rect(0, 0 - 1208, 800) s.4}
01-01 00:00:32.915 328 328 D SystemServerTiming: StartUiModeManager took to complete: 8ms
01-01 00:00:32.916 328 328 I SystemServer: UpdatePackagesIfNeeded
01-01 00:00:32.918 328 402 D CryptdConnector: RCV <- {200 1 -1}
01-01 00:00:32.919 328 400 W StorageManagerService: No primary storage mounted!
01-01 00:00:32.919 328 400 D VoldConnector: SND -> {1 asec list}
01-01 00:00:32.920 328 401 D VoldConnector: RCV <- {200 1 asec operation succeeded}
01-01 00:00:32.921 328 400 I chatty : uid=1000(system) StorageManagerS expire 1 line
01-01 00:00:32.922 328 341 I ActivityManager: Override config changes=200 {1.0 ?mcc?mnc [en_US] ldltr sw533dp w805dp h509dp 240dpi lrg land car -touch -keyb/h/h -nav/h appBounds=Rect(0, 0 - 1208, 800) s.4} for displayId=0
01-01 00:00:32.925 328 341 D SystemServerInitThreadPool: Finished executing UiModeManager.onStart
01-01 00:00:33.369 328 399 I InputReader: Device added: id=3, name='Logitech USB Optical Mouse', sources=0x00002002
01-01 00:00:33.369 328 399 I InputReader: Device added: id=2, name='gpio_keys', sources=0x00000101
01-01 00:00:33.370 328 399 I InputReader: Touch device 'LDC 3001 TouchScreen Controller' could not query the properties of its associated display. The device will be inoperable until the display size becomes available.
01-01 00:00:33.370 328 399 I InputReader: Device added: id=1, name='LDC 3001 TouchScreen Controller', sources=0x00001002
01-01 00:00:33.373 328 399 I InputReader: Reconfiguring input devices. changes=0x00000004
01-01 00:00:33.373 328 399 I InputReader: Device reconfigured: id=1, name='LDC 3001 TouchScreen Controller', size 1280x800, orientation 0, mode 1, display id 0
01-01 00:00:33.373 328 398 I ActivityManager: Config changes=8 {1.0 ?mcc?mnc [en_US] ldltr sw533dp w805dp h509dp 240dpi lrg land car finger -keyb/h/h -nav/h appBounds=Rect(0, 0 - 1208, 800) s.5}
01-01 00:00:33.397 328 398 I ActivityManager: Override config changes=8 {1.0 ?mcc?mnc [en_US] ldltr sw533dp w805dp h509dp 240dpi lrg land car finger -keyb/h/h -nav/h appBounds=Rect(0, 0 - 1208, 800) s.5} for displayId=0
01-01 00:00:33.397 328 400 W StorageManagerService: No primary storage defined yet; hacking together a stub
01-01 00:00:33.400 328 400 W StorageManagerService: No primary storage mounted!
01-01 00:00:33.400 328 400 D VoldConnector: SND -> {2 asec list}
01-01 00:00:33.401 328 401 D VoldConnector: RCV <- {200 2 asec operation succeeded}
01-01 00:00:33.399 328 400 W StorageManagerService: No primary storage defined yet; hacking together a stub
01-01 00:00:33.456 328 328 I PackageManager.DexOptimizer: Running dexopt (dexoptNeeded=1) on: /system/app/CarLatinIME/CarLatinIME.apk pkg=com.android.inputmethod.latin isa=arm dexoptFlags=boot_complete,public target-filter=quicken oatDir=null sharedLibraries=null
01-01 00:00:33.502 403 403 I dex2oat : /system/bin/dex2oat --input-vdex-fd=-1 --output-vdex-fd=13 --compiler-filter=quicken --classpath-dir=/system/app/CarLatinIME
01-01 00:00:36.408 403 403 I dex2oat : dex2oat took 2.906s (1.840s cpu) (threads: 2) arena alloc=1752B (1752B) java alloc=1977KB (2024592B) native alloc=4MB (4415296B) free=2MB (2400448B)
01-01 00:00:36.475 328 328 I PackageManager.DexOptimizer: Running dexopt (dexoptNeeded=1) on: /system/priv-app/CarMessengerApp/CarMessengerApp.apk pkg=com.android.car.messenger isa=arm dexoptFlags=boot_complete,public target-filter=quicken oatDir=null sharedLibraries=null
01-01 00:00:36.516 406 406 I dex2oat : /system/bin/dex2oat --input-vdex-fd=-1 --output-vdex-fd=13 --compiler-filter=quicken --classpath-dir=/system/priv-app/CarMessengerApp
01-01 00:00:39.984 406 406 I dex2oat : dex2oat took 3.468s (860.090ms cpu) (threads: 2) arena alloc=1864B (1864B) java alloc=752KB (770208B) native alloc=2MB (2309632B) free=1840KB (1884672B)
01-01 00:00:40.423 328 328 I PackageManager.DexOptimizer: Running dexopt (dexoptNeeded=1) on: /system/priv-app/EmbeddedKitchenSinkApp/EmbeddedKitchenSinkApp.apk pkg=com.google.android.car.kitchensink isa=arm dexoptFlags=boot_complete,public target-filter=quicken oatDir=null sharedLibraries=null
01-01 00:00:40.462 409 409 I dex2oat : /system/bin/dex2oat --input-vdex-fd=-1 --output-vdex-fd=13 --compiler-filter=quicken --classpath-dir=/system/priv-app/EmbeddedKitchenSinkApp
01-01 00:00:43.638 409 409 I dex2oat : dex2oat took 3.176s (2.316s cpu) (threads: 2) arena alloc=2416B (2416B) java alloc=2MB (2552104B) native alloc=4MB (5167472B) free=2MB (2172560B)
01-01 00:00:43.679 328 328 I PackageManager.DexOptimizer: Running dexopt (dexoptNeeded=1) on: /system/priv-app/CarMediaApp/CarMediaApp.apk pkg=com.android.car.media isa=arm dexoptFlags=boot_complete,public target-filter=quicken oatDir=null sharedLibraries=null
01-01 00:00:43.719 412 412 I dex2oat : /system/bin/dex2oat --input-vdex-fd=-1 --output-vdex-fd=13 --compiler-filter=quicken --classpath-dir=/system/priv-app/CarMediaApp
01-01 00:00:46.914 412 412 I dex2oat : dex2oat took 3.196s (1.829s cpu) (threads: 2) arena alloc=2048B (2048B) java alloc=2002KB (2050928B) native alloc=4MB (4391024B) free=2MB (2424720B)
01-01 00:00:46.931 328 328 I PackageManager.DexOptimizer: Running dexopt (dexoptNeeded=1) on: /system/priv-app/CarRadioApp/CarRadioApp.apk pkg=com.android.car.radio isa=arm dexoptFlags=boot_complete,public target-filter=quicken oatDir=null sharedLibraries=null
01-01 00:00:46.971 415 415 I dex2oat : /system/bin/dex2oat --input-vdex-fd=-1 --output-vdex-fd=13 --compiler-filter=quicken --classpath-dir=/system/priv-app/CarRadioApp
01-01 00:00:49.418 415 415 I dex2oat : dex2oat took 2.447s (2.059s cpu) (threads: 2) arena alloc=2048B (2048B) java alloc=2MB (2486616B) native alloc=4MB (4829320B) free=2MB (2510712B)
01-01 00:00:49.435 328 328 I PackageManager.DexOptimizer: Running dexopt (dexoptNeeded=1) on: /system/priv-app/CarTrustAgentService/CarTrustAgentService.apk pkg=com.android.car.trust isa=arm dexoptFlags=boot_complete,public target-filter=quicken oatDir=null sharedLibraries=null
01-01 00:00:49.474 418 418 I dex2oat : /system/bin/dex2oat --input-vdex-fd=-1 --output-vdex-fd=13 --compiler-filter=quicken --classpath-dir=/system/priv-app/CarTrustAgentService
01-01 00:00:50.722 418 418 I dex2oat : dex2oat took 1.249s (885.704ms cpu) (threads: 2) arena alloc=3KB (3072B) java alloc=790KB (809696B) native alloc=2MB (2255296B) free=1893KB (1939008B)
01-01 00:00:50.776 328 328 I PackageManager.DexOptimizer: Running dexopt (dexoptNeeded=1) on: /system/app/CarMapsPlaceholder/CarMapsPlaceholder.apk pkg=com.android.car.mapsplaceholder isa=arm dexoptFlags=boot_complete,public target-filter=quicken oatDir=null sharedLibraries=null
01-01 00:00:50.814 421 421 I dex2oat : /system/bin/dex2oat --input-vdex-fd=-1 --output-vdex-fd=13 --compiler-filter=quicken --classpath-dir=/system/app/CarMapsPlaceholder
01-01 00:00:52.977 421 421 I dex2oat : dex2oat took 2.163s (1.723s cpu) (threads: 2) arena alloc=3KB (3576B) java alloc=1839KB (1883952B) native alloc=3MB (3890528B) free=2MB (2400928B)
01-01 00:00:53.033 328 328 I PackageManager.DexOptimizer: Running dexopt (dexoptNeeded=1) on: /system/app/SystemUpdater/SystemUpdater.apk pkg=com.android.car.systemupdater isa=arm dexoptFlags=boot_complete,public target-filter=quicken oatDir=null sharedLibraries=null
01-01 00:00:53.072 424 424 I dex2oat : /system/bin/dex2oat --input-vdex-fd=-1 --output-vdex-fd=13 --compiler-filter=quicken --classpath-dir=/system/app/SystemUpdater
01-01 00:00:53.339 424 424 I dex2oat : dex2oat took 268.345ms (100.839ms cpu) (threads: 2) arena alloc=5KB (5200B) java alloc=33KB (34080B) native alloc=1206KB (1235576B) free=1353KB (1385864B)
01-01 00:00:53.410 328 328 I PackageManager.DexOptimizer: Running dexopt (dexoptNeeded=1) on: /system/priv-app/CarHvacApp/CarHvacApp.apk pkg=com.android.car.hvac isa=arm dexoptFlags=boot_complete,public target-filter=quicken oatDir=null sharedLibraries=null
01-01 00:00:53.451 427 427 I dex2oat : /system/bin/dex2oat --input-vdex-fd=-1 --output-vdex-fd=13 --compiler-filter=quicken --classpath-dir=/system/priv-app/CarHvacApp
01-01 00:00:55.402 427 427 I dex2oat : dex2oat took 1.952s (1.788s cpu) (threads: 2) arena alloc=1616B (1616B) java alloc=1988KB (2036680B) native alloc=4MB (4372512B) free=2MB (2443232B)
01-01 00:00:55.435 328 328 I PackageManager.DexOptimizer: Running dexopt (dexoptNeeded=1) on: /system/priv-app/CarDialerApp/CarDialerApp.apk pkg=com.android.car.dialer isa=arm dexoptFlags=boot_complete,public target-filter=quicken oatDir=null sharedLibraries=null
01-01 00:00:55.475 430 430 I dex2oat : /system/bin/dex2oat --input-vdex-fd=-1 --output-vdex-fd=13 --compiler-filter=quicken --classpath-dir=/system/priv-app/CarDialerApp
01-01 00:00:58.254 430 430 I dex2oat : dex2oat took 2.780s (1.856s cpu) (threads: 2) arena alloc=3KB (3408B) java alloc=2023KB (2072232B) native alloc=4MB (4419496B) free=2MB (2396248B)
01-01 00:00:58.304 328 328 I PackageManager.DexOptimizer: Running dexopt (dexoptNeeded=1) on: /system/priv-app/Stream/Stream.apk pkg=com.android.car.stream isa=arm dexoptFlags=boot_complete,public target-filter=quicken oatDir=null sharedLibraries=null
01-01 00:00:58.343 433 433 I dex2oat : /system/bin/dex2oat --input-vdex-fd=-1 --output-vdex-fd=13 --compiler-filter=quicken --classpath-dir=/system/priv-app/Stream
01-01 00:01:01.064 433 433 I dex2oat : dex2oat took 2.722s (1.869s cpu) (threads: 2) arena alloc=2576B (2576B) java alloc=2028KB (2077304B) native alloc=4MB (4600504B) free=2MB (2215240B)
01-01 00:01:01.102 328 328 I PackageManager.DexOptimizer: Running dexopt (dexoptNeeded=1) on: /system/priv-app/LocalMediaPlayer/LocalMediaPlayer.apk pkg=com.android.car.media.localmediaplayer isa=arm dexoptFlags=boot_complete,public target-filter=quicken oatDir=null sharedLibraries=null
01-01 00:01:01.142 436 436 I dex2oat : /system/bin/dex2oat --input-vdex-fd=-1 --output-vdex-fd=13 --compiler-filter=quicken --classpath-dir=/system/priv-app/LocalMediaPlayer
01-01 00:01:05.327 436 436 I dex2oat : dex2oat took 4.185s (2.047s cpu) (threads: 2) arena alloc=2696B (2696B) java alloc=2MB (2395752B) native alloc=4MB (4797200B) free=2MB (2542832B)
01-01 00:01:05.533 328 328 D SystemServerTiming: UpdatePackagesIfNeeded took to complete: 32617ms
01-01 00:01:05.533 328 328 I SystemServer: PerformFstrimIfNeeded
01-01 00:01:05.535 328 328 D SystemServerTiming: PerformFstrimIfNeeded took to complete: 2ms
01-01 00:01:05.535 328 328 I SystemServer: StartLockSettingsService
01-01 00:01:05.536 328 328 I SystemServiceManager: Starting com.android.server.LockSettingsService$Lifecycle
01-01 00:01:05.558 328 328 D SystemServerTiming: StartLockSettingsService took to complete: 23ms
01-01 00:01:05.558 328 328 I SystemServer: StartDeviceIdleController
01-01 00:01:05.558 328 328 I SystemServiceManager: Starting com.android.server.DeviceIdleController
01-01 00:01:05.562 328 328 D SystemServerTiming: StartDeviceIdleController took to complete: 4ms
01-01 00:01:05.562 328 328 I SystemServer: StartDevicePolicyManager
01-01 00:01:05.563 328 328 I SystemServiceManager: Starting com.android.server.devicepolicy.DevicePolicyManagerService$Lifecycle
01-01 00:01:05.587 328 328 D SystemServerTiming: StartDevicePolicyManager took to complete: 25ms
01-01 00:01:05.587 328 328 I SystemServer: StartStatusBarManagerService
01-01 00:01:05.593 328 328 D SystemServerTiming: StartStatusBarManagerService took to complete: 6ms
01-01 00:01:05.593 328 328 I SystemServer: StartClipboardService
01-01 00:01:05.593 328 328 I SystemServiceManager: Starting com.android.server.clipboard.ClipboardService
01-01 00:01:05.596 328 328 D SystemServerTiming: StartClipboardService took to complete: 3ms
01-01 00:01:05.596 328 328 I SystemServer: StartNetworkManagementService
01-01 00:01:05.599 328 439 I NetworkManagement: onDaemonConnected()
01-01 00:01:05.603 328 328 D SystemServerTiming: StartNetworkManagementService took to complete: 7ms
01-01 00:01:05.603 328 328 I SystemServer: StartTextServicesManager
01-01 00:01:05.603 328 328 I SystemServiceManager: Starting com.android.server.TextServicesManagerService$Lifecycle
01-01 00:01:05.606 328 328 W TextServicesManagerService: no available spell checker services found
01-01 00:01:05.607 328 328 D SystemServerTiming: StartTextServicesManager took to complete: 4ms
01-01 00:01:05.607 328 328 I SystemServer: StartNetworkScoreService
01-01 00:01:05.609 328 328 D SystemServerTiming: StartNetworkScoreService took to complete: 2ms
01-01 00:01:05.609 328 328 I SystemServer: StartNetworkStatsService
01-01 00:01:05.628 328 328 D SystemServerTiming: StartNetworkStatsService took to complete: 19ms
01-01 00:01:05.628 328 328 I SystemServer: StartNetworkPolicyManagerService
01-01 00:01:05.635 328 442 I ServiceThread: Enabled StrictMode logging for NetworkPolicy.uid looper.
01-01 00:01:05.636 328 328 D SystemServerTiming: StartNetworkPolicyManagerService took to complete: 8ms
01-01 00:01:05.636 328 328 I SystemServer: StartWifi
01-01 00:01:05.683 328 328 I SystemServiceManager: Starting com.android.server.wifi.WifiService
01-01 00:01:05.776 328 328 D WifiApConfigStore: 2G band allowed channels are:1,6,11
01-01 00:01:05.777 328 328 E WifiApConfigStore: Error reading hotspot configuration java.io.FileNotFoundException: /data/misc/wifi/softap.conf (No such file or directory)
01-01 00:01:05.777 328 328 D WifiApConfigStore: Fallback to use default AP configuration
01-01 00:01:05.850 328 445 E IpManager.wlan0: ERROR Failed to disable IPv6: java.lang.IllegalStateException: command '1 interface ipv6 wlan0 disable' failed with '400 1 Failed to change IPv6 state (No such file or directory)'
01-01 00:01:05.851 328 444 D WificondControl: tearing down interfaces in wificond
01-01 00:01:05.852 170 276 D CommandListener: Clearing all IP addresses on wlan0
01-01 00:01:05.853 328 444 E HalDeviceManager: isSupported: called but mServiceManager is null!?
01-01 00:01:05.853 328 444 I WifiNative-wlan0: Vendor HAL not supported, Ignore stop...
01-01 00:01:05.859 328 328 D WifiController: isAirplaneModeOn = false, isWifiEnabled = false, isScanningAvailable = false
01-01 00:01:05.864 328 328 E SupplicantStaIfaceHal: Can't call setDebugParams, ISupplicant is null
01-01 00:01:05.864 328 328 W WifiDiags: no ring buffers found
01-01 00:01:05.864 328 328 W WifiDiags: Failed to start packet fate monitoring
01-01 00:01:05.864 328 328 I WifiService: Registering wifi
01-01 00:01:05.865 328 328 D SystemServerTiming: StartWifi took to complete: 229ms
01-01 00:01:05.866 328 328 I SystemServer: StartWifiScanning
01-01 00:01:05.870 328 328 I SystemServiceManager: Starting com.android.server.wifi.scanner.WifiScanningService
01-01 00:01:05.871 328 328 I WifiScanningService: Creating wifiscanner
01-01 00:01:05.873 328 328 I WifiScanningService: Publishing wifiscanner
01-01 00:01:05.873 328 328 D SystemServerTiming: StartWifiScanning took to complete: 7ms
01-01 00:01:05.874 328 328 I SystemServer: StartWifiRtt
01-01 00:01:05.876 328 328 I SystemServiceManager: Starting com.android.server.wifi.RttService
01-01 00:01:05.876 328 328 I RttService: Creating rttmanager
01-01 00:01:05.878 328 328 I RttService: Starting rttmanager
01-01 00:01:05.879 328 328 D SystemServerTiming: StartWifiRtt took to complete: 5ms
01-01 00:01:05.879 328 328 I SystemServer: No Wi-Fi Aware Service (Aware support Not Present)
01-01 00:01:05.879 328 328 I SystemServer: StartWifiP2P
01-01 00:01:05.880 328 328 I SystemServiceManager: Starting com.android.server.wifi.p2p.WifiP2pService
01-01 00:01:05.889 328 328 I WifiP2pService: Registering wifip2p
01-01 00:01:05.889 328 328 D SystemServerTiming: StartWifiP2P took to complete: 10ms
01-01 00:01:05.890 328 328 I SystemServer: StartEthernet
01-01 00:01:05.891 328 328 I SystemServiceManager: Starting com.android.server.ethernet.EthernetService
01-01 00:01:05.891 328 328 I EthernetServiceImpl: Creating EthernetConfigStore
01-01 00:01:05.892 328 328 E IpConfigStore: Error opening configuration file: java.io.FileNotFoundException: /data/misc/ethernet/ipconfig.txt (No such file or directory)
01-01 00:01:05.892 328 328 W EthernetConfigStore: No Ethernet configuration found. Using default.
01-01 00:01:05.893 328 328 I EthernetServiceImpl: Read stored IP configuration: IP assignment: DHCP
01-01 00:01:05.893 328 328 I EthernetServiceImpl: Proxy settings: NONE
01-01 00:01:05.897 328 328 I EthernetService: Registering service ethernet
01-01 00:01:05.898 328 328 D SystemServerTiming: StartEthernet took to complete: 8ms
01-01 00:01:05.898 328 328 I SystemServer: StartConnectivityService
01-01 00:01:05.906 328 328 D ConnectivityService: ConnectivityService starting up
01-01 00:01:05.908 328 328 D ConnectivityService: wifiOnly=false
01-01 00:01:05.908 328 328 E ConnectivityService: Ignoring protectedNetwork 10
01-01 00:01:05.908 328 328 E ConnectivityService: Ignoring protectedNetwork 11
01-01 00:01:05.908 328 328 E ConnectivityService: Ignoring protectedNetwork 12
01-01 00:01:05.908 328 328 E ConnectivityService: Ignoring protectedNetwork 14
01-01 00:01:05.908 328 328 E ConnectivityService: Ignoring protectedNetwork 15
01-01 00:01:05.918 328 328 D SystemServerTiming: StartConnectivityService took to complete: 20ms
01-01 00:01:05.918 328 328 I SystemServer: StartNsdService
01-01 00:01:05.920 328 328 D NsdService: Network service discovery enabled true
01-01 00:01:05.922 328 328 D SystemServerTiming: StartNsdService took to complete: 4ms
01-01 00:01:05.923 328 328 I SystemServer: StartUpdateLockService
01-01 00:01:05.924 328 328 D SystemServerTiming: StartUpdateLockService took to complete: 1ms
01-01 00:01:05.924 328 328 I SystemServer: WaitForAsecScan
01-01 00:01:05.924 328 328 D SystemServerTiming: WaitForAsecScan took to complete: 0ms
01-01 00:01:05.924 328 328 I SystemServer: StartNotificationManager
01-01 00:01:05.926 328 328 I SystemServiceManager: Starting com.android.server.notification.NotificationManagerService
01-01 00:01:05.957 328 328 D ConditionProviders.SCP: new ScheduleConditionProvider()
01-01 00:01:05.967 328 328 D ZenLog : set_zen_mode: off,init
01-01 00:01:05.977 328 328 D SystemServerTiming: StartNotificationManager took to complete: 53ms
01-01 00:01:05.978 328 328 I SystemServer: StartDeviceMonitor
01-01 00:01:05.978 328 328 I SystemServiceManager: Starting com.android.server.storage.DeviceStorageMonitorService
01-01 00:01:05.982 328 328 D SystemServerTiming: StartDeviceMonitor took to complete: 4ms
01-01 00:01:05.982 328 328 I SystemServer: StartLocationManagerService
01-01 00:01:05.986 328 328 D SystemServerTiming: StartLocationManagerService took to complete: 3ms
01-01 00:01:05.986 328 328 I SystemServer: StartCountryDetectorService
01-01 00:01:05.990 328 328 D SystemServerTiming: StartCountryDetectorService took to complete: 4ms
01-01 00:01:05.990 328 328 I SystemServer: StartSearchManagerService
01-01 00:01:05.990 328 328 I SystemServiceManager: Starting com.android.server.search.SearchManagerService$Lifecycle
01-01 00:01:05.993 328 328 D SystemServerTiming: StartSearchManagerService took to complete: 3ms
01-01 00:01:05.994 328 328 I SystemServer: StartWallpaperManagerService
01-01 00:01:05.995 328 328 I SystemServiceManager: Starting com.android.server.wallpaper.WallpaperManagerService$Lifecycle
01-01 00:01:05.998 328 328 I WallpaperManagerService: No static wallpaper imagery; defaults will be shown
01-01 00:01:05.998 328 328 W WallpaperManagerService: no current wallpaper -- first boot?
01-01 00:01:06.000 328 328 D SystemServerTiming: StartWallpaperManagerService took to complete: 6ms
01-01 00:01:06.000 328 328 I SystemServer: StartAudioService
01-01 00:01:06.001 328 328 I SystemServiceManager: Starting com.android.server.audio.AudioService$Lifecycle
01-01 00:01:06.014 222 222 D PermissionCache: checking android.permission.MODIFY_AUDIO_SETTINGS for uid=1000 => granted (876 us)
01-01 00:01:06.017 328 328 W TelecomManager: Telecom Service not found.
01-01 00:01:06.035 328 328 D SystemServerTiming: StartAudioService took to complete: 35ms
01-01 00:01:06.035 328 328 I SystemServer: StartDockObserver
01-01 00:01:06.035 328 328 I SystemServiceManager: Starting com.android.server.DockObserver
01-01 00:01:06.037 328 328 W DockObserver: This kernel does not have dock station support
01-01 00:01:06.039 328 328 D SystemServerTiming: StartDockObserver took to complete: 3ms
01-01 00:01:06.039 328 328 I SystemServer: StartWiredAccessoryManager
01-01 00:01:06.040 328 328 W WiredAccessoryManager: This kernel does not have wired headset support
01-01 00:01:06.040 328 328 W WiredAccessoryManager: This kernel does not have usb audio support
01-01 00:01:06.041 328 328 W WiredAccessoryManager: This kernel does not have HDMI audio support
01-01 00:01:06.041 328 328 D SystemServerTiming: StartWiredAccessoryManager took to complete: 2ms
01-01 00:01:06.041 328 328 I SystemServer: StartUsbService
01-01 00:01:06.042 328 328 I SystemServiceManager: Starting com.android.server.usb.UsbService$Lifecycle
01-01 00:01:06.053 328 328 E UsbDeviceManager: failed to write to /sys/class/android_usb/android0/f_rndis/ethaddr
01-01 00:01:06.065 328 328 E UsbDeviceManagerJNI: could not open /dev/usb_accessory
01-01 00:01:06.069 328 328 I system_server: Looking for service android.hidl.manager@1.0::IServiceManager/default
01-01 00:01:06.071 328 328 I system_server: Starting thread pool.
01-01 00:01:06.072 328 397 I UsbPortManager: Usb hal service started android.hardware.usb@1.0::IUsb default
01-01 00:01:06.072 328 328 I system_server: Looking for service android.hardware.usb@1.0::IUsb/default
01-01 00:01:06.073 153 153 W /system/bin/hwservicemanager: getTransportFromManifest: Cannot find entry android.hardware.usb@1.0::IUsb in either framework or device manifest, using default transport.
01-01 00:01:06.074 328 328 I system_server: Starting thread pool.
01-01 00:01:06.074 179 179 I android.hardware.usb@1.0-service: registering callback
01-01 00:01:06.075 179 179 E android.hardware.usb@1.0-service: Failed to open /sys/class/dual_role_usb
01-01 00:01:06.077 179 461 E android.hardware.usb@1.0-service: creating thread
01-01 00:01:06.078 328 328 D SystemServerTiming: StartUsbService took to complete: 37ms
01-01 00:01:06.079 328 328 I SystemServer: StartSerialService
01-01 00:01:06.080 328 328 D SystemServerTiming: StartSerialService took to complete: 1ms
01-01 00:01:06.080 328 328 I SystemServer: StartHardwarePropertiesManagerService
01-01 00:01:06.081 153 153 W /system/bin/hwservicemanager: getTransportFromManifest: Cannot find entry android.hardware.thermal@1.0::IThermal in either framework or device manifest, using default transport.
01-01 00:01:06.082 328 328 E HardwarePropertiesManagerService-JNI: Unable to get Thermal service.
01-01 00:01:06.083 328 328 D SystemServerTiming: StartHardwarePropertiesManagerService took to complete: 3ms
01-01 00:01:06.083 328 328 I SystemServer: StartTwilightService
01-01 00:01:06.083 328 328 I SystemServiceManager: Starting com.android.server.twilight.TwilightService
01-01 00:01:06.083 328 328 D SystemServerTiming: StartTwilightService took to complete: 0ms
01-01 00:01:06.084 328 328 I SystemServer: StartJobScheduler
01-01 00:01:06.084 328 328 I SystemServiceManager: Starting com.android.server.job.JobSchedulerService
01-01 00:01:06.094 328 328 D ConnectivityService: requestNetwork for uid/pid:1000/328 NetworkRequest [ TRACK_DEFAULT id=3, [ Capabilities: INTERNET&NOT_RESTRICTED&TRUSTED&NOT_VPN] ]
01-01 00:01:06.098 328 328 D SystemServerTiming: StartJobScheduler took to complete: 14ms
01-01 00:01:06.098 328 328 I SystemServer: StartSoundTrigger
01-01 00:01:06.099 328 328 I SystemServiceManager: Starting com.android.server.soundtrigger.SoundTriggerService
01-01 00:01:06.100 328 328 D SystemServerTiming: StartSoundTrigger took to complete: 2ms
01-01 00:01:06.101 328 328 I SystemServer: StartTrustManager
01-01 00:01:06.101 328 328 I SystemServiceManager: Starting com.android.server.trust.TrustManagerService
01-01 00:01:06.103 328 328 D SystemServerTiming: StartTrustManager took to complete: 2ms
01-01 00:01:06.103 328 328 I SystemServer: StartBackupManager
01-01 00:01:06.106 328 328 I SystemServiceManager: Starting com.android.server.backup.BackupManagerService$Lifecycle
01-01 00:01:06.113 328 328 D SystemServerTiming: StartBackupManager took to complete: 10ms
01-01 00:01:06.113 328 328 I SystemServer: StartAppWidgerService
01-01 00:01:06.114 328 328 I SystemServiceManager: Starting com.android.server.appwidget.AppWidgetService
01-01 00:01:06.122 328 328 D SystemServerTiming: StartAppWidgerService took to complete: 9ms
01-01 00:01:06.122 328 328 I SystemServer: StartVoiceRecognitionManager
01-01 00:01:06.122 328 328 I SystemServiceManager: Starting com.android.server.voiceinteraction.VoiceInteractionManagerService
01-01 00:01:06.124 328 328 D SystemServerTiming: StartVoiceRecognitionManager took to complete: 2ms
01-01 00:01:06.125 328 328 I SystemServer: StartGestureLauncher
01-01 00:01:06.125 328 328 I SystemServiceManager: Starting com.android.server.GestureLauncherService
01-01 00:01:06.125 328 328 D SystemServerTiming: StartGestureLauncher took to complete: 0ms
01-01 00:01:06.125 328 328 I SystemServer: StartSensorNotification
01-01 00:01:06.126 328 328 I SystemServiceManager: Starting com.android.server.SensorNotificationService
01-01 00:01:06.126 328 328 D SystemServerTiming: StartSensorNotification took to complete: 1ms
01-01 00:01:06.126 328 328 I SystemServer: StartContextHubSystemService
01-01 00:01:06.126 328 328 I SystemServiceManager: Starting com.android.server.ContextHubSystemService
01-01 00:01:06.130 153 153 W /system/bin/hwservicemanager: getTransportFromManifest: Cannot find entry android.hardware.contexthub@1.0::IContexthub in either framework or device manifest, using default transport.
01-01 00:01:06.131 328 328 E ContextHubService: Could not load context hub hal
01-01 00:01:06.131 328 328 W ContextHubService: No Context Hub Module present
01-01 00:01:06.131 328 328 D SystemServerTiming: StartContextHubSystemService took to complete: 5ms
01-01 00:01:06.131 328 328 I SystemServer: StartDiskStatsService
01-01 00:01:06.133 328 328 D SystemServerTiming: StartDiskStatsService took to complete: 2ms
01-01 00:01:06.133 328 328 I SystemServer: StartSamplingProfilerService
01-01 00:01:06.489 328 328 D SystemServerTiming: StartSamplingProfilerService took to complete: 356ms
01-01 00:01:06.490 328 328 I SystemServer: StartNetworkTimeUpdateService
01-01 00:01:06.491 328 328 D SystemServerTiming: StartNetworkTimeUpdateService took to complete: 1ms
01-01 00:01:06.491 328 328 I SystemServer: StartCommonTimeManagementService
01-01 00:01:06.493 328 328 D SystemServerTiming: StartCommonTimeManagementService took to complete: 2ms
01-01 00:01:06.493 328 328 I SystemServer: CertBlacklister
01-01 00:01:06.494 328 328 D SystemServerTiming: CertBlacklister took to complete: 1ms
01-01 00:01:06.495 328 328 I SystemServer: StartEmergencyAffordanceService
01-01 00:01:06.495 328 328 I SystemServiceManager: Starting com.android.server.emergency.EmergencyAffordanceService
01-01 00:01:06.495 328 328 D SystemServerTiming: StartEmergencyAffordanceService took to complete: 0ms
01-01 00:01:06.496 328 328 I SystemServer: StartDreamManager
01-01 00:01:06.496 328 328 I SystemServiceManager: Starting com.android.server.dreams.DreamManagerService
01-01 00:01:06.498 328 328 D SystemServerTiming: StartDreamManager took to complete: 2ms
01-01 00:01:06.498 328 328 I SystemServer: AddGraphicsStatsService
01-01 00:01:06.501 328 328 D SystemServerTiming: AddGraphicsStatsService took to complete: 3ms
01-01 00:01:06.503 328 328 I SystemServer: StartRestrictionManager
