01-01 00:01:21.975 1275 1275 I CAM_Profiler: [ 35.179ms][ui] GUARD: CameraApp onCreate() - [35.179ms] initializeTimeOfFirstRun
01-01 00:01:21.975 1275 1275 V CAM_Profiler: [ 36.001ms][ui] GUARD: CameraApp onCreate() - [ 0.822ms] UsageStatistics.initialize
01-01 00:01:21.979 1275 1275 V CAM_Profiler: [ 39.093ms][ui] GUARD: CameraApp onCreate() - [ 3.091ms] clearNotifications
01-01 00:01:21.979 1275 1275 I CAM_Profiler: [ 39.093ms][ui] GUARD: CameraApp onCreate() - STOP
01-01 00:01:21.984 176 176 D CameraHal: (ac4474a8) + hardware/ti/dra7xx/camera/CameraProperties.cpp:67 initialize - ENTER
01-01 00:01:21.984 176 176 D CameraHal: (ac4474a8) - hardware/ti/dra7xx/camera/CameraProperties.cpp:67 initialize - EXIT
01-01 00:01:21.984 176 176 D CameraHal: (ac4474a8) + hardware/ti/dra7xx/camera/CameraParameters.cpp:152 getProperties - ENTER
01-01 00:01:21.984 176 176 D CameraHal: (ac4474a8) - hardware/ti/dra7xx/camera/CameraParameters.cpp:163 getProperties - EXIT
01-01 00:01:21.986 1275 1275 I CAM_DisableCamRcver: back camera found: 0
01-01 00:01:21.986 328 997 D PackageManager: Ephemeral installer not found with new action; try old one
01-01 00:01:21.986 328 997 D PackageManager: Clear ephemeral installer activity
01-01 00:01:22.031 328 997 I ActivityManager: Start proc 1297:com.android.car.messenger/u0a4 for broadcast com.android.car.messenger/.MessengerReceiver
01-01 00:01:22.122 328 997 I ActivityManager: Start proc 1315:com.android.contacts/u0a14 for broadcast com.android.contacts/.interactions.OnBootOrUpgradeReceiver
01-01 00:01:22.131 956 1314 D OpenGLRenderer: HWUI GL Pipeline
01-01 00:01:22.244 956 1314 I vndksupport: sphal namespace is not configured for this process. Loading /vendor/lib/hw/gralloc.jacinto6.so from the current namespace instead.
01-01 00:01:22.254 956 1314 E IMGSRV : :0: PVRSRVOpenDCDevice: Error - 138 returned
01-01 00:01:22.264 956 1314 I vndksupport: sphal namespace is not configured for this process. Loading /vendor/lib/hw/gralloc.jacinto6.so from the current namespace instead.
01-01 00:01:22.265 956 1314 I OpenGLRenderer: Initialized EGL, version 1.4
01-01 00:01:22.265 956 1314 D OpenGLRenderer: Swap behavior 1
01-01 00:01:22.265 956 1314 W OpenGLRenderer: Failed to choose config with EGL_SWAP_BEHAVIOR_PRESERVED, retrying without...
01-01 00:01:22.265 956 1314 D OpenGLRenderer: Swap behavior 0
01-01 00:01:22.273 328 997 I ActivityManager: Start proc 1333:com.svox.pico/u0a58 for service com.svox.pico/.PicoService
01-01 00:01:22.275 1297 1297 I TextToSpeech: Sucessfully bound to com.svox.pico
01-01 00:01:22.279 175 175 I android.hardwar: type=1400 audit(0.0:166): avc: denied { accept } for lport=33452 scontext=u:r:hal_vehicle_default:s0 tcontext=u:r:hal_vehicle_default:s0 tclass=tcp_socket permissive=1
01-01 00:01:22.277 1297 1297 E BluetoothAdapter: Bluetooth binder is null
01-01 00:01:22.278 1297 1297 E MessengerService: BluetoothAdapter is null! Internal error?
01-01 00:01:22.299 184 184 D SurfaceFlinger: duplicate layer name: changing to #1
01-01 00:01:22.336 184 184 D SurfaceFlinger: duplicate layer name: changing to #2
01-01 00:01:22.344 328 997 W Binder : Outgoing transactions from this process must be FLAG_ONEWAY
01-01 00:01:22.344 328 997 W Binder : java.lang.Throwable
01-01 00:01:22.344 328 997 W Binder : at android.os.BinderProxy.transact(Binder.java:736)
01-01 00:01:22.344 328 997 W Binder : at android.content.ContentProviderProxy.getType(ContentProviderNative.java:451)
01-01 00:01:22.344 328 997 W Binder : at com.android.server.am.ActivityManagerService.getProviderMimeType(ActivityManagerService.java:12097)
01-01 00:01:22.344 328 997 W Binder : at android.app.IActivityManager$Stub.onTransact(IActivityManager.java:1799)
01-01 00:01:22.344 328 997 W Binder : at com.android.server.am.ActivityManagerService.onTransact(ActivityManagerService.java:2935)
01-01 00:01:22.344 328 997 W Binder : at android.os.Binder.execTransact(Binder.java:674)
01-01 00:01:22.359 869 869 I AlarmClock: AlarmInitReceiver android.intent.action.BOOT_COMPLETED
01-01 00:01:22.363 184 184 D SurfaceFlinger: duplicate layer name: changing to #3
01-01 00:01:22.377 869 951 I AlarmClock: Fixing alarm instances
01-01 00:01:22.390 869 951 V AlarmClock: AlarmInitReceiver finished
01-01 00:01:22.413 956 1314 I vndksupport: sphal namespace is not configured for this process. Loading /vendor/lib/hw/gralloc.jacinto6.so from the current namespace instead.
01-01 00:01:22.438 1333 1333 V SynthProxy: About to load libttspico.so, applyFilter=true
01-01 00:01:22.442 328 733 I ActivityManager: Start proc 1355:com.android.email/u0a51 for broadcast com.android.email/.service.EmailUpgradeBroadcastReceiver
01-01 00:01:22.598 1333 1333 I SVOX Pico Engine: loaded en-US successfully
01-01 00:01:22.607 1297 1297 I TextToSpeech: Connected to ComponentInfo{com.svox.pico/com.svox.pico.PicoService}
01-01 00:01:22.614 1297 1378 I TextToSpeech: Set up connection to ComponentInfo{com.svox.pico/com.svox.pico.PicoService}
01-01 00:01:22.741 328 733 W ActivityManager: Unable to start service Intent { act=com.android.email.EXCHANGE_INTENT pkg=com.android.exchange } U=0: not found
01-01 00:01:22.749 1355 1381 D ActivityThread: Loading provider com.android.email.provider;com.android.email.notifier: com.android.email.provider.EmailProvider
01-01 00:01:22.755 328 579 W ActivityManager: Unable to start service Intent { act=com.android.email.EXCHANGE_INTENT pkg=com.android.exchange } U=0: not found
01-01 00:01:22.761 1355 1382 D ActivityThread: Loading provider com.android.email.provider;com.android.email.notifier: com.android.email.provider.EmailProvider
01-01 00:01:22.763 328 579 W ActivityManager: Unable to start service Intent { act=com.android.email.EXCHANGE_INTENT pkg=com.android.exchange } U=0: not found
01-01 00:01:22.765 1355 1355 D ActivityThread: Loading provider com.android.email.provider;com.android.email.notifier: com.android.email.provider.EmailProvider
01-01 00:01:22.767 328 579 W ActivityManager: Unable to start service Intent { act=com.android.email.EXCHANGE_INTENT pkg=com.android.exchange } U=0: not found
01-01 00:01:23.173 328 579 W ActivityManager: Unable to start service Intent { act=com.android.mail.action.BACKUP_DATA_CHANGED pkg=com.android.email } U=0: not found
01-01 00:01:23.202 1355 1381 W zygote : Long monitor contention with owner main (1355) at java.lang.Object com.google.common.collect.ImmutableEntry.getKey()(ImmutableEntry.java:40) waiters=0 in com.android.mail.preferences.MailPrefs com.android.mail.preferences.MailPrefs.get(android.content.Context) for 440ms
01-01 00:01:23.209 1355 1382 W zygote : Long monitor contention with owner main (1355) at java.lang.Object com.google.common.collect.ImmutableEntry.getKey()(ImmutableEntry.java:40) waiters=1 in com.android.mail.preferences.MailPrefs com.android.mail.preferences.MailPrefs.get(android.content.Context) for 444ms
01-01 00:01:23.177 328 579 I chatty : uid=1000(system) Binder:328_4 identical 5 lines
01-01 00:01:23.178 328 579 W ActivityManager: Unable to start service Intent { act=com.android.mail.action.BACKUP_DATA_CHANGED pkg=com.android.email } U=0: not found
01-01 00:01:23.213 328 579 D PackageManager: Ephemeral installer not found with new action; try old one
01-01 00:01:23.213 328 579 D PackageManager: Clear ephemeral installer activity
01-01 00:01:23.215 328 733 W ActivityManager: Unable to start service Intent { cmp=com.android.email/.service.AttachmentService } U=0: not found
01-01 00:01:23.230 328 997 D PackageManager: Ephemeral installer not found with new action; try old one
01-01 00:01:23.230 328 997 D PackageManager: Clear ephemeral installer activity
01-01 00:01:23.231 328 997 D PackageManager: Ephemeral installer not found with new action; try old one
01-01 00:01:23.231 328 997 D PackageManager: Clear ephemeral installer activity
01-01 00:01:23.232 328 579 I ActivityManager: Start proc 1388:com.android.gallery3d/u0a50 for broadcast com.android.gallery3d/com.android.camera.DisableCameraReceiver
01-01 00:01:23.233 328 733 W ActivityManager: Unable to start service Intent { act=com.android.email.EXCHANGE_INTENT pkg=com.android.exchange } U=0: not found
01-01 00:01:23.236 328 579 D PackageManager: Ephemeral installer not found with new action; try old one
01-01 00:01:23.236 328 579 D PackageManager: Clear ephemeral installer activity
01-01 00:01:23.240 328 733 D PackageManager: Ephemeral installer not found with new action; try old one
01-01 00:01:23.240 328 733 D PackageManager: Clear ephemeral installer activity
01-01 00:01:23.240 328 579 D PackageManager: Ephemeral installer not found with new action; try old one
01-01 00:01:23.240 328 579 D PackageManager: Clear ephemeral installer activity
01-01 00:01:23.242 1355 1386 I Email : Onetime initialization: 1
01-01 00:01:23.243 328 579 D PackageManager: Ephemeral installer not found with new action; try old one
01-01 00:01:23.243 328 579 D PackageManager: Clear ephemeral installer activity
01-01 00:01:23.244 328 579 D PackageManager: Ephemeral installer not found with new action; try old one
01-01 00:01:23.244 328 579 D PackageManager: Clear ephemeral installer activity
01-01 00:01:23.245 1355 1386 I Email : Onetime initialization: 2
01-01 00:01:23.247 1355 1386 I Email : Onetime initialization: completed.
01-01 00:01:23.249 1355 1387 I Email : Observing account changes for notifications
01-01 00:01:23.251 328 579 W ActivityManager: Unable to start service Intent { cmp=com.android.email/.service.AttachmentService } U=0: not found
01-01 00:01:23.256 328 733 W ActivityManager: Unable to start service Intent { act=com.android.email.EXCHANGE_INTENT pkg=com.android.exchange } U=0: not found
01-01 00:01:23.257 328 579 D PackageManager: Ephemeral installer not found with new action; try old one
01-01 00:01:23.257 328 579 D PackageManager: Clear ephemeral installer activity
01-01 00:01:23.258 328 579 W ActivityManager: Unable to start service Intent { act=com.android.email.EXCHANGE_INTENT pkg=com.android.exchange } U=0: not found
01-01 00:01:23.271 328 579 W ActivityManager: Unable to start service Intent { cmp=com.android.email/.service.AttachmentService } U=0: not found
01-01 00:01:23.272 328 733 W ActivityManager: Unable to start service Intent { act=com.android.email.EXCHANGE_INTENT pkg=com.android.exchange } U=0: not found
01-01 00:01:23.280 328 733 W ActivityManager: Unable to start service Intent { cmp=com.android.email/.service.AttachmentService } U=0: not found
01-01 00:01:23.293 1355 1355 E ActivityThread: Service com.android.email.service.EmailBroadcastProcessorService has leaked ServiceConnection com.android.emailcommon.service.ServiceProxy$ProxyConnection@92422e3 that was originally bound here
01-01 00:01:23.293 1355 1355 E ActivityThread: android.app.ServiceConnectionLeaked: Service com.android.email.service.EmailBroadcastProcessorService has leaked ServiceConnection com.android.emailcommon.service.ServiceProxy$ProxyConnection@92422e3 that was originally bound here
01-01 00:01:23.293 1355 1355 E ActivityThread: at android.app.LoadedApk$ServiceDispatcher.(LoadedApk.java:1514)
01-01 00:01:23.293 1355 1355 E ActivityThread: at android.app.LoadedApk.getServiceDispatcher(LoadedApk.java:1406)
01-01 00:01:23.293 1355 1355 E ActivityThread: at android.app.ContextImpl.bindServiceCommon(ContextImpl.java:1589)
01-01 00:01:23.293 1355 1355 E ActivityThread: at android.app.ContextImpl.bindService(ContextImpl.java:1541)
01-01 00:01:23.293 1355 1355 E ActivityThread: at android.content.ContextWrapper.bindService(ContextWrapper.java:678)
01-01 00:01:23.293 1355 1355 E ActivityThread: at com.android.emailcommon.service.ServiceProxy.setTask(ServiceProxy.java:181)
01-01 00:01:23.293 1355 1355 E ActivityThread: at com.android.emailcommon.service.ServiceProxy.test(ServiceProxy.java:224)
01-01 00:01:23.293 1355 1355 E ActivityThread: at com.android.email.service.EmailServiceUtils.isServiceAvailable(EmailServiceUtils.java:160)
01-01 00:01:23.293 1355 1355 E ActivityThread: at com.android.email.provider.AccountReconciler.reconcileAccountsInternal(AccountReconciler.java:171)
01-01 00:01:23.293 1355 1355 E ActivityThread: at com.android.email.provider.AccountReconciler.reconcileAccounts(AccountReconciler.java:115)
01-01 00:01:23.293 1355 1355 E ActivityThread: at com.android.email.service.EmailBroadcastProcessorService.reconcileAndStartServices(EmailBroadcastProcessorService.java:305)
01-01 00:01:23.293 1355 1355 E ActivityThread: at com.android.email.service.EmailBroadcastProcessorService.onBootCompleted(EmailBroadcastProcessorService.java:295)
01-01 00:01:23.293 1355 1355 E ActivityThread: at com.android.email.service.EmailBroadcastProcessorService.onHandleIntent(EmailBroadcastProcessorService.java:130)
01-01 00:01:23.293 1355 1355 E ActivityThread: at android.app.IntentService$ServiceHandler.handleMessage(IntentService.java:68)
01-01 00:01:23.293 1355 1355 E ActivityThread: at android.os.Handler.dispatchMessage(Handler.java:105)
01-01 00:01:23.293 1355 1355 E ActivityThread: at android.os.Looper.loop(Looper.java:164)
01-01 00:01:23.293 1355 1355 E ActivityThread: at android.os.HandlerThread.run(HandlerThread.java:65)
01-01 00:01:23.295 328 579 W ActivityManager: Unbind failed: could not find connection for android.os.BinderProxy@7f91397
01-01 00:01:23.301 328 733 W ActivityManager: Unable to start service Intent { act=com.android.email.EXCHANGE_INTENT pkg=com.android.exchange } U=0: not found
01-01 00:01:23.423 176 176 D CameraHal: (ac4474a8) + hardware/ti/dra7xx/camera/CameraProperties.cpp:67 initialize - ENTER
01-01 00:01:23.423 176 176 D CameraHal: (ac4474a8) - hardware/ti/dra7xx/camera/CameraProperties.cpp:67 initialize - EXIT
01-01 00:01:23.423 176 176 D CameraHal: (ac4474a8) + hardware/ti/dra7xx/camera/CameraParameters.cpp:152 getProperties - ENTER
01-01 00:01:23.423 176 176 D CameraHal: (ac4474a8) - hardware/ti/dra7xx/camera/CameraParameters.cpp:163 getProperties - EXIT
01-01 00:01:23.425 1388 1388 I G:DisableCameraReceiver: back camera found: 0
01-01 00:01:23.311 328 733 W ActivityManager: Unable to start service Intent { act=com.android.email.EXCHANGE_INTENT pkg=com.android.exchange } U=0: not found
01-01 00:01:23.426 328 733 D PackageManager: Ephemeral installer not found with new action; try old one
01-01 00:01:23.426 328 733 D PackageManager: Clear ephemeral installer activity
01-01 00:01:23.447 328 733 I ActivityManager: Start proc 1404:com.android.onetimeinitializer/u0a20 for broadcast com.android.onetimeinitializer/.OneTimeInitializerReceiver
01-01 00:01:23.556 1404 1404 V OneTimeInitializerReceiver: OneTimeInitializerReceiver.onReceive
01-01 00:01:23.561 1404 1420 I OneTimeInitializer: Updating to version 1.
01-01 00:01:23.562 1404 1420 E ActivityThread: Failed to find provider info for com.android.launcher2.settings
01-01 00:01:23.609 328 579 I ActivityManager: Start proc 1422:com.android.packageinstaller/u0a21 for broadcast com.android.packageinstaller/.TemporaryFileManager
01-01 00:01:23.731 592 592 I VvmSimStateTracker: android.intent.action.BOOT_COMPLETED
01-01 00:01:23.899 328 579 I ActivityManager: Finished processing BOOT_COMPLETED for u0
01-01 00:01:23.889 1045 1045 I d.process.media: type=1400 audit(0.0:167): avc: denied { write } for name="property_service" dev="tmpfs" ino=8508 scontext=u:r:priv_app:s0:c512,c768 tcontext=u:object_r:property_socket:s0 tclass=sock_file permissive=1
01-01 00:01:23.889 1045 1045 I d.process.media: type=1400 audit(0.0:168): avc: denied { connectto } for path="/dev/socket/property_service" scontext=u:r:priv_app:s0:c512,c768 tcontext=u:r:init:s0 tclass=unix_stream_socket permissive=1
01-01 00:01:24.080 1045 1439 E SQLiteLog: (1) no such table: files
01-01 00:01:24.091 1045 1439 I MediaScanner: forcing rescan of /system/media/audio/alarms/Alarm_Beep_01.ogg since build fingerprint changed
01-01 00:01:24.110 1045 1439 I MediaScanner: forcing rescan of /system/media/audio/alarms/Alarm_Beep_02.ogg since build fingerprint changed
01-01 00:01:24.122 1045 1439 I MediaScanner: forcing rescan of /system/media/audio/alarms/Alarm_Beep_03.ogg since build fingerprint changed
01-01 00:01:24.138 1045 1439 I MediaScanner: forcing rescan of /system/media/audio/alarms/Alarm_Buzzer.ogg since build fingerprint changed
01-01 00:01:24.151 1045 1439 W MediaScanner: forcing rescan of /system/media/audio/alarms/Alarm_Classic.oggsince ringtone setting didn't finish
01-01 00:01:24.169 1045 1439 W MediaProvider: Missing volume for /system; assuming invalid
01-01 00:01:24.171 1045 1439 W MediaProvider: Missing volume for /system/media; assuming invalid
01-01 00:01:24.174 1045 1439 W MediaProvider: Missing volume for /system/media/audio; assuming invalid
01-01 00:01:24.176 1045 1439 W MediaProvider: Missing volume for /system/media/audio/alarms; assuming invalid
01-01 00:01:24.218 1045 1439 W MediaProvider: Missing volume for /system/media/audio/alarms/Alarm_Beep_01.ogg; assuming invalid
01-01 00:01:24.222 1045 1439 W MediaProvider: Missing volume for /system/media/audio/alarms/Alarm_Beep_02.ogg; assuming invalid
01-01 00:01:24.224 1045 1439 W MediaProvider: Missing volume for /system/media/audio/alarms/Alarm_Beep_03.ogg; assuming invalid
01-01 00:01:24.227 1045 1439 W MediaProvider: Missing volume for /system/media/audio/alarms/Alarm_Buzzer.ogg; assuming invalid
01-01 00:01:24.232 233 1440 E MetadataRetrieverClient: failed to extract an album art
01-01 00:01:24.246 1045 1439 W MediaProvider: Missing volume for /system/media/audio/alarms/Alarm_Classic.ogg; assuming invalid
01-01 00:01:24.275 1045 1439 I MediaScanner: forcing rescan of /system/media/audio/alarms/Alarm_Rooster_02.ogg since build fingerprint changed
01-01 00:01:24.289 1045 1439 I MediaScanner: forcing rescan of /system/media/audio/alarms/Argon.ogg since build fingerprint changed
01-01 00:01:24.317 1045 1439 I MediaScanner: forcing rescan of /system/media/audio/alarms/Barium.ogg since build fingerprint changed
01-01 00:01:24.337 1045 1439 I MediaScanner: forcing rescan of /system/media/audio/alarms/Carbon.ogg since build fingerprint changed
01-01 00:01:24.362 1045 1439 I MediaScanner: forcing rescan of /system/media/audio/alarms/Cesium.ogg since build fingerprint changed
01-01 00:01:24.378 1045 1439 I MediaScanner: forcing rescan of /system/media/audio/alarms/Fermium.ogg since build fingerprint changed
01-01 00:01:24.406 1045 1439 I MediaScanner: forcing rescan of /system/media/audio/alarms/Hassium.ogg since build fingerprint changed
01-01 00:01:24.435 1045 1439 I MediaScanner: forcing rescan of /system/media/audio/alarms/Helium.ogg since build fingerprint changed
01-01 00:01:24.465 1045 1439 I MediaScanner: forcing rescan of /system/media/audio/alarms/Krypton.ogg since build fingerprint changed
01-01 00:01:24.492 1045 1439 I MediaScanner: forcing rescan of /system/media/audio/alarms/Neon.ogg since build fingerprint changed
01-01 00:01:24.527 1045 1439 I MediaScanner: forcing rescan of /system/media/audio/alarms/Neptunium.ogg since build fingerprint changed
01-01 00:01:24.562 1045 1439 I MediaScanner: forcing rescan of /system/media/audio/alarms/Nobelium.ogg since build fingerprint changed
01-01 00:01:24.592 1045 1439 I MediaScanner: forcing rescan of /system/media/audio/alarms/Osmium.ogg since build fingerprint changed
01-01 00:01:24.610 1045 1439 I MediaScanner: forcing rescan of /system/media/audio/alarms/Oxygen.ogg since build fingerprint changed
01-01 00:01:24.627 1045 1439 I MediaScanner: forcing rescan of /system/media/audio/alarms/Platinum.ogg since build fingerprint changed
01-01 00:01:24.653 1045 1439 I MediaScanner: forcing rescan of /system/media/audio/alarms/Plutonium.ogg since build fingerprint changed
01-01 00:01:24.680 1045 1439 I MediaScanner: forcing rescan of /system/media/audio/alarms/Promethium.ogg since build fingerprint changed
01-01 00:01:24.707 1045 1439 I MediaScanner: forcing rescan of /system/media/audio/alarms/Scandium.ogg since build fingerprint changed
01-01 00:01:24.728 1045 1439 I MediaScanner: forcing rescan of /system/media/audio/notifications/Adara.ogg since build fingerprint changed
01-01 00:01:24.742 1045 1439 I MediaScanner: forcing rescan of /system/media/audio/notifications/Aldebaran.ogg since build fingerprint changed
01-01 00:01:24.755 1045 1439 I MediaScanner: forcing rescan of /system/media/audio/notifications/Altair.ogg since build fingerprint changed
01-01 00:01:24.779 1045 1439 I MediaScanner: forcing rescan of /system/media/audio/notifications/Alya.ogg since build fingerprint changed
01-01 00:01:24.811 1045 1439 I MediaScanner: forcing rescan of /system/media/audio/notifications/Antares.ogg since build fingerprint changed
01-01 00:01:24.824 1045 1439 I MediaScanner: forcing rescan of /system/media/audio/notifications/Antimony.ogg since build fingerprint changed
01-01 00:01:24.841 1045 1439 I MediaScanner: forcing rescan of /system/media/audio/notifications/Arcturus.ogg since build fingerprint changed
01-01 00:01:24.854 1045 1439 I MediaScanner: forcing rescan of /system/media/audio/notifications/Argon.ogg since build fingerprint changed
01-01 00:01:24.867 1045 1439 I MediaScanner: forcing rescan of /system/media/audio/notifications/Beat_Box_Android.ogg since build fingerprint changed
01-01 00:01:24.884 1045 1439 I MediaScanner: forcing rescan of /system/media/audio/notifications/Bellatrix.ogg since build fingerprint changed
01-01 00:01:24.898 1045 1439 I MediaScanner: forcing rescan of /system/media/audio/notifications/Beryllium.ogg since build fingerprint changed
01-01 00:01:24.932 1045 1439 I MediaScanner: forcing rescan of /system/media/audio/notifications/Betelgeuse.ogg since build fingerprint changed
01-01 00:01:24.956 1045 1439 I MediaScanner: forcing rescan of /system/media/audio/notifications/CaffeineSnake.ogg since build fingerprint changed
01-01 00:01:24.973 1045 1439 I MediaScanner: forcing rescan of /system/media/audio/notifications/Canopus.ogg since build fingerprint changed
01-01 00:01:24.991 1045 1439 I MediaScanner: forcing rescan of /system/media/audio/notifications/Capella.ogg since build fingerprint changed
01-01 00:01:25.008 1045 1439 I MediaScanner: forcing rescan of /system/media/audio/notifications/Castor.ogg since build fingerprint changed
01-01 00:01:25.027 1045 1439 I MediaScanner: forcing rescan of /system/media/audio/notifications/CetiAlpha.ogg since build fingerprint changed
01-01 00:01:25.053 1045 1439 I MediaScanner: forcing rescan of /system/media/audio/notifications/Cobalt.ogg since build fingerprint changed
01-01 00:01:25.068 1045 1439 I MediaScanner: forcing rescan of /system/media/audio/notifications/Cricket.ogg since build fingerprint changed
01-01 00:01:25.081 1045 1439 I MediaScanner: forcing rescan of /system/media/audio/notifications/DearDeer.ogg since build fingerprint changed
01-01 00:01:25.095 1045 1439 I MediaScanner: forcing rescan of /system/media/audio/notifications/Deneb.ogg since build fingerprint changed
01-01 00:01:25.109 1045 1439 I MediaScanner: forcing rescan of /system/media/audio/notifications/Doink.ogg since build fingerprint changed
01-01 00:01:25.122 1045 1439 I MediaScanner: forcing rescan of /system/media/audio/notifications/DontPanic.ogg since build fingerprint changed
01-01 00:01:25.136 1045 1439 I MediaScanner: forcing rescan of /system/media/audio/notifications/Drip.ogg since build fingerprint changed
01-01 00:01:25.150 1045 1439 I MediaScanner: forcing rescan of /system/media/audio/notifications/Electra.ogg since build fingerprint changed
01-01 00:01:25.163 1045 1439 I MediaScanner: forcing rescan of /system/media/audio/notifications/F1_MissedCall.ogg since build fingerprint changed
01-01 00:01:25.176 1045 1439 I MediaScanner: forcing rescan of /system/media/audio/notifications/F1_New_MMS.ogg since build fingerprint changed
01-01 00:01:25.191 1045 1439 I MediaScanner: forcing rescan of /system/media/audio/notifications/F1_New_SMS.ogg since build fingerprint changed
01-01 00:01:25.242 1045 1439 I MediaScanner: forcing rescan of /system/media/audio/notifications/Fluorine.ogg since build fingerprint changed
01-01 00:01:25.258 1045 1439 I MediaScanner: forcing rescan of /system/media/audio/notifications/Fomalhaut.ogg since build fingerprint changed
01-01 00:01:25.289 1045 1439 I MediaScanner: forcing rescan of /system/media/audio/notifications/Gallium.ogg since build fingerprint changed
01-01 00:01:25.303 1045 1439 I MediaScanner: forcing rescan of /system/media/audio/notifications/Heaven.ogg since build fingerprint changed
01-01 00:01:25.319 1045 1439 I MediaScanner: forcing rescan of /system/media/audio/notifications/Helium.ogg since build fingerprint changed
01-01 00:01:25.332 1045 1439 I MediaScanner: forcing rescan of /system/media/audio/notifications/Highwire.ogg since build fingerprint changed
01-01 00:01:25.346 1045 1439 I MediaScanner: forcing rescan of /system/media/audio/notifications/Hojus.ogg since build fingerprint changed
01-01 00:01:25.360 1045 1439 I MediaScanner: forcing rescan of /system/media/audio/notifications/Iridium.ogg since build fingerprint changed
01-01 00:01:25.380 1045 1439 I MediaScanner: forcing rescan of /system/media/audio/notifications/Krypton.ogg since build fingerprint changed
01-01 00:01:25.394 1045 1439 I MediaScanner: forcing rescan of /system/media/audio/notifications/KzurbSonar.ogg since build fingerprint changed
01-01 00:01:25.407 1045 1439 I MediaScanner: forcing rescan of /system/media/audio/notifications/Lalande.ogg since build fingerprint changed
01-01 00:01:25.434 1045 1439 I MediaScanner: forcing rescan of /system/media/audio/notifications/Merope.ogg since build fingerprint changed
01-01 00:01:25.458 1045 1439 I MediaScanner: forcing rescan of /system/media/audio/notifications/Mira.ogg since build fingerprint changed
01-01 00:01:25.472 1045 1439 I MediaScanner: forcing rescan of /system/media/audio/notifications/OnTheHunt.ogg since build fingerprint changed
01-01 00:01:25.487 1045 1439 I MediaScanner: forcing rescan of /system/media/audio/notifications/Palladium.ogg since build fingerprint changed
01-01 00:01:25.501 1045 1439 I MediaScanner: forcing rescan of /system/media/audio/notifications/Plastic_Pipe.ogg since build fingerprint changed
01-01 00:01:25.512 1045 1439 I MediaScanner: forcing rescan of /system/media/audio/notifications/Polaris.ogg since build fingerprint changed
01-01 00:01:25.527 1045 1439 I MediaScanner: forcing rescan of /system/media/audio/notifications/Pollux.ogg since build fingerprint changed
01-01 00:01:25.542 1045 1439 I MediaScanner: forcing rescan of /system/media/audio/notifications/Procyon.ogg since build fingerprint changed
01-01 00:01:25.556 1045 1439 I MediaScanner: forcing rescan of /system/media/audio/notifications/Proxima.ogg since build fingerprint changed
01-01 00:01:25.569 1045 1439 I MediaScanner: forcing rescan of /system/media/audio/notifications/Radon.ogg since build fingerprint changed
01-01 00:01:25.585 1045 1439 I MediaScanner: forcing rescan of /system/media/audio/notifications/Rubidium.ogg since build fingerprint changed
01-01 00:01:25.600 1045 1439 I MediaScanner: forcing rescan of /system/media/audio/notifications/Selenium.ogg since build fingerprint changed
01-01 00:01:25.613 1045 1439 I MediaScanner: forcing rescan of /system/media/audio/notifications/Shaula.ogg since build fingerprint changed
01-01 00:01:25.628 1045 1439 I MediaScanner: forcing rescan of /system/media/audio/notifications/Sirrah.ogg since build fingerprint changed
01-01 00:01:25.643 1045 1439 I MediaScanner: forcing rescan of /system/media/audio/notifications/SpaceSeed.ogg since build fingerprint changed
01-01 00:01:25.658 1045 1439 I MediaScanner: forcing rescan of /system/media/audio/notifications/Spica.ogg since build fingerprint changed
01-01 00:01:25.671 1045 1439 I MediaScanner: forcing rescan of /system/media/audio/notifications/Strontium.ogg since build fingerprint changed
01-01 00:01:25.689 1045 1439 I MediaScanner: forcing rescan of /system/media/audio/notifications/Syrma.ogg since build fingerprint changed
01-01 00:01:25.702 1045 1439 I MediaScanner: forcing rescan of /system/media/audio/notifications/TaDa.ogg since build fingerprint changed
01-01 00:01:25.719 1045 1439 I MediaScanner: forcing rescan of /system/media/audio/notifications/Talitha.ogg since build fingerprint changed
01-01 00:01:25.732 1045 1439 I MediaScanner: forcing rescan of /system/media/audio/notifications/Tejat.ogg since build fingerprint changed
01-01 00:01:25.746 1045 1439 I MediaScanner: forcing rescan of /system/media/audio/notifications/Thallium.ogg since build fingerprint changed
01-01 00:01:25.760 1045 1439 I MediaScanner: forcing rescan of /system/media/audio/notifications/Tinkerbell.ogg since build fingerprint changed
01-01 00:01:25.774 1045 1439 I MediaScanner: forcing rescan of /system/media/audio/notifications/Upsilon.ogg since build fingerprint changed
01-01 00:01:25.789 1045 1439 I MediaScanner: forcing rescan of /system/media/audio/notifications/Vega.ogg since build fingerprint changed
01-01 00:01:25.805 1045 1439 I MediaScanner: forcing rescan of /system/media/audio/notifications/Voila.ogg since build fingerprint changed
01-01 00:01:25.819 1045 1439 I MediaScanner: forcing rescan of /system/media/audio/notifications/Xenon.ogg since build fingerprint changed
01-01 00:01:25.834 1045 1439 I MediaScanner: forcing rescan of /system/media/audio/notifications/Zirconium.ogg since build fingerprint changed
01-01 00:01:25.847 1045 1439 I MediaScanner: forcing rescan of /system/media/audio/notifications/arcturus.ogg since build fingerprint changed
01-01 00:01:25.860 1045 1439 I MediaScanner: forcing rescan of /system/media/audio/notifications/moonbeam.ogg since build fingerprint changed
01-01 00:01:25.873 1045 1439 W MediaScanner: forcing rescan of /system/media/audio/notifications/pixiedust.oggsince ringtone setting didn't finish
01-01 00:01:25.888 1045 1439 W MediaProvider: Missing volume for /system/media/audio/notifications; assuming invalid
01-01 00:01:25.926 1045 1439 W MediaProvider: Missing volume for /system/media/audio/alarms/Alarm_Rooster_02.ogg; assuming invalid
01-01 00:01:25.929 1045 1439 W MediaProvider: Missing volume for /system/media/audio/alarms/Argon.ogg; assuming invalid
01-01 00:01:25.932 1045 1439 W MediaProvider: Missing volume for /system/media/audio/alarms/Barium.ogg; assuming invalid
01-01 00:01:25.935 1045 1439 W MediaProvider: Missing volume for /system/media/audio/alarms/Carbon.ogg; assuming invalid
01-01 00:01:25.950 1045 1439 W MediaProvider: Missing volume for /system/media/audio/alarms/Cesium.ogg; assuming invalid
01-01 00:01:25.954 1045 1439 W MediaProvider: Missing volume for /system/media/audio/alarms/Fermium.ogg; assuming invalid
01-01 00:01:25.957 1045 1439 W MediaProvider: Missing volume for /system/media/audio/alarms/Hassium.ogg; assuming invalid
01-01 00:01:25.960 1045 1439 W MediaProvider: Missing volume for /system/media/audio/alarms/Helium.ogg; assuming invalid
01-01 00:01:25.964 1045 1439 W MediaProvider: Missing volume for /system/media/audio/alarms/Krypton.ogg; assuming invalid
01-01 00:01:25.967 1045 1439 W MediaProvider: Missing volume for /system/media/audio/alarms/Neon.ogg; assuming invalid
01-01 00:01:25.971 1045 1439 W MediaProvider: Missing volume for /system/media/audio/alarms/Neptunium.ogg; assuming invalid
01-01 00:01:25.974 1045 1439 W MediaProvider: Missing volume for /system/media/audio/alarms/Nobelium.ogg; assuming invalid
01-01 00:01:25.991 1045 1439 W MediaProvider: Missing volume for /system/media/audio/alarms/Osmium.ogg; assuming invalid
01-01 00:01:25.994 1045 1439 W MediaProvider: Missing volume for /system/media/audio/alarms/Oxygen.ogg; assuming invalid
01-01 00:01:25.997 1045 1439 W MediaProvider: Missing volume for /system/media/audio/alarms/Platinum.ogg; assuming invalid
01-01 00:01:26.000 1045 1439 W MediaProvider: Missing volume for /system/media/audio/alarms/Plutonium.ogg; assuming invalid
01-01 00:01:26.003 1045 1439 W MediaProvider: Missing volume for /system/media/audio/alarms/Promethium.ogg; assuming invalid
01-01 00:01:26.006 1045 1439 W MediaProvider: Missing volume for /system/media/audio/alarms/Scandium.ogg; assuming invalid
01-01 00:01:26.011 1045 1439 W MediaProvider: Missing volume for /system/media/audio/notifications/Adara.ogg; assuming invalid
01-01 00:01:26.015 1045 1439 W MediaProvider: Missing volume for /system/media/audio/notifications/Aldebaran.ogg; assuming invalid
01-01 00:01:26.017 1045 1439 W MediaProvider: Missing volume for /system/media/audio/notifications/Altair.ogg; assuming invalid
01-01 00:01:26.020 233 1442 E MetadataRetrieverClient: failed to extract an album art
01-01 00:01:26.020 1045 1439 W MediaProvider: Missing volume for /system/media/audio/notifications/Alya.ogg; assuming invalid
01-01 00:01:26.023 1045 1439 W MediaProvider: Missing volume for /system/media/audio/notifications/Antares.ogg; assuming invalid
01-01 00:01:26.026 1045 1439 W MediaProvider: Missing volume for /system/media/audio/notifications/Antimony.ogg; assuming invalid
01-01 00:01:26.030 1045 1439 W MediaProvider: Missing volume for /system/media/audio/notifications/Arcturus.ogg; assuming invalid
01-01 00:01:26.033 1045 1439 W MediaProvider: Missing volume for /system/media/audio/notifications/Argon.ogg; assuming invalid
01-01 00:01:26.037 1045 1439 W MediaProvider: Missing volume for /system/media/audio/notifications/Beat_Box_Android.ogg; assuming invalid
01-01 00:01:26.040 1045 1439 W MediaProvider: Missing volume for /system/media/audio/notifications/Bellatrix.ogg; assuming invalid
01-01 00:01:26.043 1045 1439 W MediaProvider: Missing volume for /system/media/audio/notifications/Beryllium.ogg; assuming invalid
01-01 00:01:26.045 1045 1439 W MediaProvider: Missing volume for /system/media/audio/notifications/Betelgeuse.ogg; assuming invalid
01-01 00:01:26.048 1045 1439 W MediaProvider: Missing volume for /system/media/audio/notifications/CaffeineSnake.ogg; assuming invalid
01-01 00:01:26.051 1045 1439 W MediaProvider: Missing volume for /system/media/audio/notifications/Canopus.ogg; assuming invalid
01-01 00:01:26.054 1045 1439 W MediaProvider: Missing volume for /system/media/audio/notifications/Capella.ogg; assuming invalid
01-01 00:01:26.057 1045 1439 W MediaProvider: Missing volume for /system/media/audio/notifications/Castor.ogg; assuming invalid
01-01 00:01:26.059 1045 1439 W MediaProvider: Missing volume for /system/media/audio/notifications/CetiAlpha.ogg; assuming invalid
01-01 00:01:26.062 1045 1439 W MediaProvider: Missing volume for /system/media/audio/notifications/Cobalt.ogg; assuming invalid
01-01 00:01:26.066 1045 1439 W MediaProvider: Missing volume for /system/media/audio/notifications/Cricket.ogg; assuming invalid
01-01 00:01:26.069 1045 1439 W MediaProvider: Missing volume for /system/media/audio/notifications/DearDeer.ogg; assuming invalid
01-01 00:01:26.071 1045 1439 W MediaProvider: Missing volume for /system/media/audio/notifications/Deneb.ogg; assuming invalid
01-01 00:01:26.073 1045 1439 W MediaProvider: Missing volume for /system/media/audio/notifications/Doink.ogg; assuming invalid
01-01 00:01:26.075 1045 1439 W MediaProvider: Missing volume for /system/media/audio/notifications/DontPanic.ogg; assuming invalid
01-01 00:01:26.078 1045 1439 W MediaProvider: Missing volume for /system/media/audio/notifications/Drip.ogg; assuming invalid
01-01 00:01:26.080 1045 1439 W MediaProvider: Missing volume for /system/media/audio/notifications/Electra.ogg; assuming invalid
01-01 00:01:26.083 1045 1439 W MediaProvider: Missing volume for /system/media/audio/notifications/F1_MissedCall.ogg; assuming invalid
01-01 00:01:26.086 1045 1439 W MediaProvider: Missing volume for /system/media/audio/notifications/F1_New_MMS.ogg; assuming invalid
01-01 00:01:26.089 1045 1439 W MediaProvider: Missing volume for /system/media/audio/notifications/F1_New_SMS.ogg; assuming invalid
01-01 00:01:26.092 1045 1439 W MediaProvider: Missing volume for /system/media/audio/notifications/Fluorine.ogg; assuming invalid
01-01 00:01:26.094 1045 1439 W MediaProvider: Missing volume for /system/media/audio/notifications/Fomalhaut.ogg; assuming invalid
01-01 00:01:26.097 1045 1439 W MediaProvider: Missing volume for /system/media/audio/notifications/Gallium.ogg; assuming invalid
01-01 00:01:26.100 1045 1439 W MediaProvider: Missing volume for /system/media/audio/notifications/Heaven.ogg; assuming invalid
01-01 00:01:26.103 1045 1439 W MediaProvider: Missing volume for /system/media/audio/notifications/Helium.ogg; assuming invalid
01-01 00:01:26.105 1045 1439 W MediaProvider: Missing volume for /system/media/audio/notifications/Highwire.ogg; assuming invalid
01-01 00:01:26.108 1045 1439 W MediaProvider: Missing volume for /system/media/audio/notifications/Hojus.ogg; assuming invalid
01-01 00:01:26.114 1045 1439 W MediaProvider: Missing volume for /system/media/audio/notifications/Iridium.ogg; assuming invalid
01-01 00:01:26.123 1045 1439 W MediaProvider: Missing volume for /system/media/audio/notifications/Krypton.ogg; assuming invalid
01-01 00:01:26.125 1045 1439 W MediaProvider: Missing volume for /system/media/audio/notifications/KzurbSonar.ogg; assuming invalid
01-01 00:01:26.128 1045 1439 W MediaProvider: Missing volume for /system/media/audio/notifications/Lalande.ogg; assuming invalid
01-01 00:01:26.131 1045 1439 W MediaProvider: Missing volume for /system/media/audio/notifications/Merope.ogg; assuming invalid
01-01 00:01:26.134 1045 1439 W MediaProvider: Missing volume for /system/media/audio/notifications/Mira.ogg; assuming invalid
01-01 00:01:26.137 1045 1439 W MediaProvider: Missing volume for /system/media/audio/notifications/OnTheHunt.ogg; assuming invalid
01-01 00:01:26.139 1045 1439 W MediaProvider: Missing volume for /system/media/audio/notifications/Palladium.ogg; assuming invalid
01-01 00:01:26.142 1045 1439 W MediaProvider: Missing volume for /system/media/audio/notifications/Plastic_Pipe.ogg; assuming invalid
01-01 00:01:26.144 1045 1439 W MediaProvider: Missing volume for /system/media/audio/notifications/Polaris.ogg; assuming invalid
01-01 00:01:26.148 1045 1439 W MediaProvider: Missing volume for /system/media/audio/notifications/Pollux.ogg; assuming invalid
01-01 00:01:26.158 233 810 E MetadataRetrieverClient: failed to extract an album art
01-01 00:01:26.160 1045 1060 I zygote : Do partial code cache collection, code=30KB, data=29KB
01-01 00:01:26.161 1045 1060 I zygote : After code cache collection, code=30KB, data=29KB
01-01 00:01:26.161 1045 1060 I zygote : Increasing code cache capacity to 128KB
01-01 00:01:26.163 1045 1439 W MediaProvider: Missing volume for /system/media/audio/notifications/Procyon.ogg; assuming invalid
01-01 00:01:26.167 1045 1439 W MediaProvider: Missing volume for /system/media/audio/notifications/Proxima.ogg; assuming invalid
01-01 00:01:26.170 1045 1439 W MediaProvider: Missing volume for /system/media/audio/notifications/Radon.ogg; assuming invalid
01-01 00:01:26.172 1045 1439 W MediaProvider: Missing volume for /system/media/audio/notifications/Rubidium.ogg; assuming invalid
01-01 00:01:26.177 1045 1439 W MediaProvider: Missing volume for /system/media/audio/notifications/Selenium.ogg; assuming invalid
01-01 00:01:26.179 1045 1439 W MediaProvider: Missing volume for /system/media/audio/notifications/Shaula.ogg; assuming invalid
01-01 00:01:26.182 1045 1439 W MediaProvider: Missing volume for /system/media/audio/notifications/Sirrah.ogg; assuming invalid
01-01 00:01:26.184 1045 1439 W MediaProvider: Missing volume for /system/media/audio/notifications/SpaceSeed.ogg; assuming invalid
01-01 00:01:26.186 1045 1439 W MediaProvider: Missing volume for /system/media/audio/notifications/Spica.ogg; assuming invalid
01-01 00:01:26.189 1045 1439 W MediaProvider: Missing volume for /system/media/audio/notifications/Strontium.ogg; assuming invalid
01-01 00:01:26.191 1045 1439 W MediaProvider: Missing volume for /system/media/audio/notifications/Syrma.ogg; assuming invalid
01-01 00:01:26.193 1045 1439 W MediaProvider: Missing volume for /system/media/audio/notifications/TaDa.ogg; assuming invalid
01-01 00:01:26.195 1045 1439 W MediaProvider: Missing volume for /system/media/audio/notifications/Talitha.ogg; assuming invalid
01-01 00:01:26.198 1045 1439 W MediaProvider: Missing volume for /system/media/audio/notifications/Tejat.ogg; assuming invalid
01-01 00:01:26.210 1045 1439 W MediaProvider: Missing volume for /system/media/audio/notifications/Thallium.ogg; assuming invalid
01-01 00:01:26.214 1045 1439 W MediaProvider: Missing volume for /system/media/audio/notifications/Tinkerbell.ogg; assuming invalid
01-01 00:01:26.216 1045 1439 W MediaProvider: Missing volume for /system/media/audio/notifications/Upsilon.ogg; assuming invalid
01-01 00:01:26.218 1045 1439 W MediaProvider: Missing volume for /system/media/audio/notifications/Vega.ogg; assuming invalid
01-01 00:01:26.220 1045 1439 W MediaProvider: Missing volume for /system/media/audio/notifications/Voila.ogg; assuming invalid
01-01 00:01:26.224 1045 1439 W MediaProvider: Missing volume for /system/media/audio/notifications/Xenon.ogg; assuming invalid
01-01 00:01:26.227 1045 1439 W MediaProvider: Missing volume for /system/media/audio/notifications/Zirconium.ogg; assuming invalid
01-01 00:01:26.229 1045 1439 W MediaProvider: Missing volume for /system/media/audio/notifications/arcturus.ogg; assuming invalid
01-01 00:01:26.231 1045 1439 E SQLiteDatabase: Error inserting title_key parent=10 is_music=false title=Arcturus _size=7908 duration=1000 bucket_id=-1608219629 is_alarm=false album_artist=null media_type=2 storage_id=0 is_notification=true track=2 bucket_display_name=notifications _data=/system/media/audio/notifications/arcturus.ogg is_drm=false _display_name=arcturus.ogg composer=null format=47362 is_ringtone=false artist_id=2 is_podcast=false date_added=86 date_modified=1512244732 mime_type=application/ogg album_id=2
01-01 00:01:26.231 1045 1439 E SQLiteDatabase: android.database.sqlite.SQLiteConstraintException: UNIQUE constraint failed: files._data (code 2067)
01-01 00:01:26.231 1045 1439 E SQLiteDatabase: at android.database.sqlite.SQLiteConnection.nativeExecuteForLastInsertedRowId(Native Method)
01-01 00:01:26.231 1045 1439 E SQLiteDatabase: at android.database.sqlite.SQLiteConnection.executeForLastInsertedRowId(SQLiteConnection.java:782)
01-01 00:01:26.231 1045 1439 E SQLiteDatabase: at android.database.sqlite.SQLiteSession.executeForLastInsertedRowId(SQLiteSession.java:788)
01-01 00:01:26.231 1045 1439 E SQLiteDatabase: at android.database.sqlite.SQLiteStatement.executeInsert(SQLiteStatement.java:86)
01-01 00:01:26.231 1045 1439 E SQLiteDatabase: at android.database.sqlite.SQLiteDatabase.insertWithOnConflict(SQLiteDatabase.java:1474)
01-01 00:01:26.231 1045 1439 E SQLiteDatabase: at android.database.sqlite.SQLiteDatabase.insert(SQLiteDatabase.java:1343)
01-01 00:01:26.231 1045 1439 E SQLiteDatabase: at com.android.providers.media.MediaProvider.insertFile(MediaProvider.java:2260)
01-01 00:01:26.231 1045 1439 E SQLiteDatabase: at com.android.providers.media.MediaProvider.insertInternal(MediaProvider.java:2493)
01-01 00:01:26.231 1045 1439 E SQLiteDatabase: at com.android.providers.media.MediaProvider.bulkInsert(MediaProvider.java:1866)
01-01 00:01:26.231 1045 1439 E SQLiteDatabase: at android.content.ContentProvider$Transport.bulkInsert(ContentProvider.java:282)
01-01 00:01:26.231 1045 1439 E SQLiteDatabase: at android.content.ContentProviderClient.bulkInsert(ContentProviderClient.java:290)
01-01 00:01:26.231 1045 1439 E SQLiteDatabase: at android.media.MediaInserter.flush(MediaInserter.java:91)
01-01 00:01:26.231 1045 1439 E SQLiteDatabase: at android.media.MediaInserter.flushAll(MediaInserter.java:74)
01-01 00:01:26.231 1045 1439 E SQLiteDatabase: at android.media.MediaScanner$MyMediaScannerClient.endFile(MediaScanner.java:1053)
01-01 00:01:26.231 1045 1439 E SQLiteDatabase: at android.media.MediaScanner$MyMediaScannerClient.doScanFile(MediaScanner.java:653)
01-01 00:01:26.231 1045 1439 E SQLiteDatabase: at android.media.MediaScanner$MyMediaScannerClient.scanFile(MediaScanner.java:580)
01-01 00:01:26.231 1045 1439 E SQLiteDatabase: at android.media.MediaScanner.processDirectory(Native Method)
01-01 00:01:26.231 1045 1439 E SQLiteDatabase: at android.media.MediaScanner.scanDirectories(MediaScanner.java:1403)
01-01 00:01:26.231 1045 1439 E SQLiteDatabase: at com.android.providers.media.MediaScannerService.scan(MediaScannerService.java:82)
01-01 00:01:26.231 1045 1439 E SQLiteDatabase: at com.android.providers.media.MediaScannerService.-wrap1(Unknown Source:0)
01-01 00:01:26.231 1045 1439 E SQLiteDatabase: at com.android.providers.media.MediaScannerService$ServiceHandler.handleMessage(MediaScannerService.java:252)
01-01 00:01:26.231 1045 1439 E SQLiteDatabase: at android.os.Handler.dispatchMessage(Handler.java:105)
01-01 00:01:26.231 1045 1439 E SQLiteDatabase: at android.os.Looper.loop(Looper.java:164)
01-01 00:01:26.231 1045 1439 E SQLiteDatabase: at com.android.providers.media.MediaScannerService.run(MediaScannerService.java:161)
01-01 00:01:26.231 1045 1439 E SQLiteDatabase: at java.lang.Thread.run(Thread.java:764)
01-01 00:01:26.234 1045 1439 W MediaProvider: Missing volume for /system/media/audio/notifications/moonbeam.ogg; assuming invalid
01-01 00:01:26.254 1045 1439 W MediaProvider: Missing volume for /system/media/audio/notifications/pixiedust.ogg; assuming invalid
01-01 00:01:26.272 1045 1439 I MediaScanner: forcing rescan of /system/media/audio/notifications/pizzicato.ogg since build fingerprint changed
01-01 00:01:26.286 1045 1439 I MediaScanner: forcing rescan of /system/media/audio/notifications/regulus.ogg since build fingerprint changed
01-01 00:01:26.305 1045 1439 I MediaScanner: forcing rescan of /system/media/audio/notifications/sirius.ogg since build fingerprint changed
01-01 00:01:26.323 1045 1439 I MediaScanner: forcing rescan of /system/media/audio/notifications/tweeters.ogg since build fingerprint changed
01-01 00:01:26.337 1045 1439 I MediaScanner: forcing rescan of /system/media/audio/notifications/vega.ogg since build fingerprint changed
01-01 00:01:26.378 1045 1439 I MediaScanner: forcing rescan of /system/media/audio/ringtones/ANDROMEDA.ogg since build fingerprint changed
01-01 00:01:26.394 1045 1439 I MediaScanner: forcing rescan of /system/media/audio/ringtones/Andromeda.ogg since build fingerprint changed
01-01 00:01:26.409 1045 1439 I MediaScanner: forcing rescan of /system/media/audio/ringtones/Aquila.ogg since build fingerprint changed
01-01 00:01:26.423 1045 1439 I MediaScanner: forcing rescan of /system/media/audio/ringtones/ArgoNavis.ogg since build fingerprint changed
01-01 00:01:26.454 1045 1439 I MediaScanner: forcing rescan of /system/media/audio/ringtones/Atria.ogg since build fingerprint changed
01-01 00:01:26.478 1045 1439 I MediaScanner: forcing rescan of /system/media/audio/ringtones/BOOTES.ogg since build fingerprint changed
01-01 00:01:26.550 1045 1439 I MediaScanner: forcing rescan of /system/media/audio/ringtones/Backroad.ogg since build fingerprint changed
01-01 00:01:26.572 1045 1439 I MediaScanner: forcing rescan of /system/media/audio/ringtones/BeatPlucker.ogg since build fingerprint changed
01-01 00:01:26.590 1045 1439 I MediaScanner: forcing rescan of /system/media/audio/ringtones/BentleyDubs.ogg since build fingerprint changed
01-01 00:01:26.609 1045 1439 I MediaScanner: forcing rescan of /system/media/audio/ringtones/Big_Easy.ogg since build fingerprint changed
01-01 00:01:26.628 1045 1439 I MediaScanner: forcing rescan of /system/media/audio/ringtones/BirdLoop.ogg since build fingerprint changed
01-01 00:01:26.645 1045 1439 I MediaScanner: forcing rescan of /system/media/audio/ringtones/Bollywood.ogg since build fingerprint changed
01-01 00:01:26.661 1045 1439 I MediaScanner: forcing rescan of /system/media/audio/ringtones/BussaMove.ogg since build fingerprint changed
01-01 00:01:26.679 1045 1439 I MediaScanner: forcing rescan of /system/media/audio/ringtones/CANISMAJOR.ogg since build fingerprint changed
01-01 00:01:26.695 1045 1439 I MediaScanner: forcing rescan of /system/media/audio/ringtones/CASSIOPEIA.ogg since build fingerprint changed
01-01 00:01:26.711 1045 1439 I MediaScanner: forcing rescan of /system/media/audio/ringtones/Cairo.ogg since build fingerprint changed
01-01 00:01:26.727 1045 1439 I MediaScanner: forcing rescan of /system/media/audio/ringtones/Calypso_Steel.ogg since build fingerprint changed
01-01 00:01:26.744 1045 1439 I MediaScanner: forcing rescan of /system/media/audio/ringtones/CanisMajor.ogg since build fingerprint changed
01-01 00:01:26.761 1045 1439 I MediaScanner: forcing rescan of /system/media/audio/ringtones/CaribbeanIce.ogg since build fingerprint changed
01-01 00:01:26.777 1045 1439 I MediaScanner: forcing rescan of /system/media/audio/ringtones/Carina.ogg since build fingerprint changed
01-01 00:01:26.799 1045 1439 I MediaScanner: forcing rescan of /system/media/audio/ringtones/Centaurus.ogg since build fingerprint changed
01-01 00:01:26.818 1045 1439 I MediaScanner: forcing rescan of /system/media/audio/ringtones/Champagne_Edition.ogg since build fingerprint changed
01-01 00:01:26.835 1045 1439 I MediaScanner: forcing rescan of /system/media/audio/ringtones/Club_Cubano.ogg since build fingerprint changed
01-01 00:01:26.852 1045 1439 I MediaScanner: forcing rescan of /system/media/audio/ringtones/CrayonRock.ogg since build fingerprint changed
01-01 00:01:26.869 1045 1439 I MediaScanner: forcing rescan of /system/media/audio/ringtones/CrazyDream.ogg since build fingerprint changed
01-01 00:01:26.898 1045 1439 I MediaScanner: forcing rescan of /system/media/audio/ringtones/CurveBall.ogg since build fingerprint changed
01-01 00:01:26.930 1045 1439 I MediaScanner: forcing rescan of /system/media/audio/ringtones/Cygnus.ogg since build fingerprint changed
