01-01 00:02:23.294 176 1495 D CameraHal: (aa77f970) + hardware/ti/dra7xx/camera/V4LCameraAdapter/V4LCameraAdapter.cpp:483 getParameters - ENTER
01-01 00:02:23.294 176 1495 D CameraHal: (aa77f970) - hardware/ti/dra7xx/camera/V4LCameraAdapter/V4LCameraAdapter.cpp:489 getParameters - EXIT
01-01 00:02:23.295 176 1495 D CameraHal: (aa77f970) - hardware/ti/dra7xx/camera/CameraHal.cpp:3668 getParameters - EXIT
01-01 00:02:23.295 176 1495 D CameraHal: (aa77f970) - hardware/ti/dra7xx/camera/CameraHal_Module.cpp:485 camera_get_parameters - EXIT
01-01 00:02:23.295 176 1495 D CameraHal: (aa77f970) + hardware/ti/dra7xx/camera/CameraHal_Module.cpp:502 camera_put_parameters - ENTER
01-01 00:02:23.295 176 1495 D CameraHal: (aa77f970) - hardware/ti/dra7xx/camera/CameraHal_Module.cpp:502 camera_put_parameters - EXIT
01-01 00:02:23.305 176 1495 D CameraHal: (aa77f970) + hardware/ti/dra7xx/camera/CameraProperties.cpp:67 initialize - ENTER
01-01 00:02:23.306 176 1495 D CameraHal: (aa77f970) - hardware/ti/dra7xx/camera/CameraProperties.cpp:67 initialize - EXIT
01-01 00:02:23.306 176 1495 D CameraHal: (aa77f970) + hardware/ti/dra7xx/camera/CameraParameters.cpp:152 getProperties - ENTER
01-01 00:02:23.306 176 1495 D CameraHal: (aa77f970) - hardware/ti/dra7xx/camera/CameraParameters.cpp:163 getProperties - EXIT
01-01 00:02:23.311 176 1495 D CameraHal: (aa77f970) + hardware/ti/dra7xx/camera/CameraProperties.cpp:67 initialize - ENTER
01-01 00:02:23.311 176 1495 D CameraHal: (aa77f970) - hardware/ti/dra7xx/camera/CameraProperties.cpp:67 initialize - EXIT
01-01 00:02:23.311 176 1495 D CameraHal: (aa77f970) + hardware/ti/dra7xx/camera/CameraParameters.cpp:152 getProperties - ENTER
01-01 00:02:23.311 176 1495 D CameraHal: (aa77f970) - hardware/ti/dra7xx/camera/CameraParameters.cpp:163 getProperties - EXIT
01-01 00:02:23.313 176 1495 D CameraHal: (aa77f970) + hardware/ti/dra7xx/camera/CameraHal_Module.cpp:485 camera_get_parameters - ENTER
01-01 00:02:23.313 176 1495 D CameraHal: (aa77f970) + hardware/ti/dra7xx/camera/CameraHal.cpp:3616 getParameters - ENTER
01-01 00:02:23.313 176 1495 D CameraHal: (aa77f970) + hardware/ti/dra7xx/camera/V4LCameraAdapter/V4LCameraAdapter.cpp:483 getParameters - ENTER
01-01 00:02:23.313 176 1495 D CameraHal: (aa77f970) - hardware/ti/dra7xx/camera/V4LCameraAdapter/V4LCameraAdapter.cpp:489 getParameters - EXIT
01-01 00:02:23.313 176 1495 D CameraHal: (aa77f970) - hardware/ti/dra7xx/camera/CameraHal.cpp:3668 getParameters - EXIT
01-01 00:02:23.313 176 1495 D CameraHal: (aa77f970) - hardware/ti/dra7xx/camera/CameraHal_Module.cpp:485 camera_get_parameters - EXIT
01-01 00:02:23.313 176 1495 D CameraHal: (aa77f970) + hardware/ti/dra7xx/camera/CameraHal_Module.cpp:502 camera_put_parameters - ENTER
01-01 00:02:23.313 176 1495 D CameraHal: (aa77f970) - hardware/ti/dra7xx/camera/CameraHal_Module.cpp:502 camera_put_parameters - EXIT
01-01 00:02:23.321 1275 1516 E Camera : str: 30000,30000
01-01 00:02:23.321 1275 1516 W LegacyMetadataMapper: No AWB modes supported (HAL bug); defaulting to AWB_MODE_AUTO only
01-01 00:02:23.339 176 1495 D CameraHal: (aa77f970) + hardware/ti/dra7xx/camera/CameraProperties.cpp:67 initialize - ENTER
01-01 00:02:23.339 176 1495 D CameraHal: (aa77f970) - hardware/ti/dra7xx/camera/CameraProperties.cpp:67 initialize - EXIT
01-01 00:02:23.339 176 1495 D CameraHal: (aa77f970) + hardware/ti/dra7xx/camera/CameraParameters.cpp:152 getProperties - ENTER
01-01 00:02:23.339 176 1495 D CameraHal: (aa77f970) - hardware/ti/dra7xx/camera/CameraParameters.cpp:163 getProperties - EXIT
01-01 00:02:23.341 1275 1546 E Camera : str: 30000,30000
01-01 00:02:23.348 1275 1546 W LegacyMetadataMapper: No AWB modes supported (HAL bug); defaulting to AWB_MODE_AUTO only
01-01 00:02:23.348 1275 1516 I CAM_Profiler: [268.356ms] GUARD: CaptureModule.openCameraAndStartPreview() - [268.153ms] mOneCameraOpener.open()
01-01 00:02:23.353 1275 1546 I CAM_OneCamCreator: Camera support level: LEGACY_JPEG
01-01 00:02:23.354 1275 1516 I CAM_Profiler: [268.356ms] GUARD: CaptureModule.openCameraAndStartPreview() - STOP
01-01 00:02:23.358 1275 1546 I CAM_OneCamCreator: Picture Size Configuration: PictureSizeCalculator.Configuration{native size=1280x800, crop=Rect(0, 0 - 1280, 800)}
01-01 00:02:23.370 1275 1546 D CAM_CaptureModule: onCameraOpened: com.android.camera.one.v2.initialization.GenericOneCameraImpl@ed9768c
01-01 00:02:23.373 1275 1546 D CAM_CaptureModule: starting preview ...
01-01 00:02:23.385 1275 1275 W CAM_IndicatorIconCtrlr: Trying to sync a pano indicator that is not initialized.
01-01 00:02:23.390 1275 1546 I CameraDeviceState: Legacy camera service transitioning to state CONFIGURING
01-01 00:02:23.391 1275 1573 I RequestThread-0: Configure outputs: 2 surfaces configured.
01-01 00:02:23.391 1275 1573 D Camera : app passed NULL surface
01-01 00:02:23.402 176 1495 D CameraHal: (aa77f970) + hardware/ti/dra7xx/camera/CameraHal_Module.cpp:485 camera_get_parameters - ENTER
01-01 00:02:23.402 176 1495 D CameraHal: (aa77f970) + hardware/ti/dra7xx/camera/CameraHal.cpp:3616 getParameters - ENTER
01-01 00:02:23.402 176 1495 D CameraHal: (aa77f970) + hardware/ti/dra7xx/camera/V4LCameraAdapter/V4LCameraAdapter.cpp:483 getParameters - ENTER
01-01 00:02:23.402 176 1495 D CameraHal: (aa77f970) - hardware/ti/dra7xx/camera/V4LCameraAdapter/V4LCameraAdapter.cpp:489 getParameters - EXIT
01-01 00:02:23.402 176 1495 D CameraHal: (aa77f970) - hardware/ti/dra7xx/camera/CameraHal.cpp:3668 getParameters - EXIT
01-01 00:02:23.402 176 1495 D CameraHal: (aa77f970) - hardware/ti/dra7xx/camera/CameraHal_Module.cpp:485 camera_get_parameters - EXIT
01-01 00:02:23.402 176 1495 D CameraHal: (aa77f970) + hardware/ti/dra7xx/camera/CameraHal_Module.cpp:502 camera_put_parameters - ENTER
01-01 00:02:23.403 176 1495 D CameraHal: (aa77f970) - hardware/ti/dra7xx/camera/CameraHal_Module.cpp:502 camera_put_parameters - EXIT
01-01 00:02:23.432 1275 1573 E Camera : str: 30000,30000
01-01 00:02:23.439 1275 1573 I RequestThread-0: configureOutputs - set take picture size to 1280x800
01-01 00:02:23.514 176 1495 D CameraHal: (aa77f970) + hardware/ti/dra7xx/camera/CameraHal_Module.cpp:469 camera_set_parameters - ENTER
01-01 00:02:23.514 176 1495 D CameraHal: (aa77f970) + hardware/ti/dra7xx/camera/CameraHal.cpp:366 setParameters - ENTER
01-01 00:02:23.514 176 1495 D CameraHal: (aa77f970) + hardware/ti/dra7xx/camera/CameraHal.cpp:389 setParameters - ENTER
01-01 00:02:23.514 176 1495 D CameraHal: (aa77f970) + hardware/ti/dra7xx/camera/CameraHal.cpp:2579 previewEnabled - ENTER
01-01 00:02:23.514 176 1495 D CameraHal: (aa77f970) - hardware/ti/dra7xx/camera/CameraHal.cpp:2579 previewEnabled - EXIT
01-01 00:02:23.514 176 1495 D CameraHal: (aa77f970) + hardware/ti/dra7xx/camera/CameraHal.cpp:4313 isParameterValid - ENTER
01-01 00:02:23.514 176 1495 D CameraHal: (aa77f970) - hardware/ti/dra7xx/camera/CameraHal.cpp:4337 isParameterValid - EXIT
01-01 00:02:23.514 176 1495 D CameraHal: (aa77f970) hardware/ti/dra7xx/camera/CameraHal.cpp:416 setParameters - PreviewFormat set yuv420sp
01-01 00:02:23.514 176 1495 D CameraHal: (aa77f970) hardware/ti/dra7xx/camera/CameraHal.cpp:577 setParameters - Recording Hint is set to NULL
01-01 00:02:23.514 176 1495 D CameraHal: (aa77f970) + hardware/ti/dra7xx/camera/CameraHal.cpp:2803 resetVideoModeParameters - ENTER
01-01 00:02:23.514 176 1495 D CameraHal: (aa77f970) - hardware/ti/dra7xx/camera/CameraHal.cpp:2818 resetVideoModeParameters - EXIT
01-01 00:02:23.514 176 1495 D CameraHal: (aa77f970) + hardware/ti/dra7xx/camera/CameraHal.cpp:4248 isResolutionValid - ENTER
01-01 00:02:23.514 176 1495 D CameraHal: (aa77f970) + hardware/ti/dra7xx/camera/CameraHal.cpp:4313 isParameterValid - ENTER
01-01 00:02:23.514 176 1495 D CameraHal: (aa77f970) - hardware/ti/dra7xx/camera/CameraHal.cpp:4337 isParameterValid - EXIT
01-01 00:02:23.514 176 1495 D CameraHal: (aa77f970) - hardware/ti/dra7xx/camera/CameraHal.cpp:4264 isResolutionValid - EXIT
01-01 00:02:23.514 176 1495 D CameraHal: (aa77f970) hardware/ti/dra7xx/camera/CameraHal.cpp:598 setParameters - Preview Resolution: 1280 x 800
01-01 00:02:23.514 176 1495 D CameraHal: (aa77f970) + hardware/ti/dra7xx/camera/CameraHal.cpp:4313 isParameterValid - ENTER
01-01 00:02:23.514 176 1495 D CameraHal: (aa77f970) - hardware/ti/dra7xx/camera/CameraHal.cpp:4337 isParameterValid - EXIT
01-01 00:02:23.514 176 1495 D CameraHal: (aa77f970) hardware/ti/dra7xx/camera/CameraHal.cpp:602 setParameters - Focus mode set fixed
01-01 00:02:23.514 176 1495 D CameraHal: (aa77f970) + hardware/ti/dra7xx/camera/CameraHal.cpp:4248 isResolutionValid - ENTER
01-01 00:02:23.515 176 1495 D CameraHal: (aa77f970) + hardware/ti/dra7xx/camera/CameraHal.cpp:4313 isParameterValid - ENTER
01-01 00:02:23.515 176 1495 D CameraHal: (aa77f970) - hardware/ti/dra7xx/camera/CameraHal.cpp:4337 isParameterValid - EXIT
01-01 00:02:23.515 176 1495 D CameraHal: (aa77f970) - hardware/ti/dra7xx/camera/CameraHal.cpp:4264 isResolutionValid - EXIT
01-01 00:02:23.515 176 1495 D CameraHal: (aa77f970) hardware/ti/dra7xx/camera/CameraHal.cpp:646 setParameters - Picture Size by App 1280 x 800
01-01 00:02:23.515 176 1495 D CameraHal: (aa77f970) + hardware/ti/dra7xx/camera/CameraHal.cpp:4313 isParameterValid - ENTER
01-01 00:02:23.515 176 1495 D CameraHal: (aa77f970) - hardware/ti/dra7xx/camera/CameraHal.cpp:4337 isParameterValid - EXIT
01-01 00:02:23.515 176 1495 D CameraHal: (aa77f970) hardware/ti/dra7xx/camera/CameraHal.cpp:1005 setParameters - Jpeg quality set 90
01-01 00:02:23.515 176 1495 D CameraHal: (aa77f970) hardware/ti/dra7xx/camera/CameraHal.cpp:1011 setParameters - Thumbnail width set 320
01-01 00:02:23.515 176 1495 D CameraHal: (aa77f970) hardware/ti/dra7xx/camera/CameraHal.cpp:1017 setParameters - Thumbnail width set 240
01-01 00:02:23.515 176 1495 D CameraHal: (aa77f970) hardware/ti/dra7xx/camera/CameraHal.cpp:1023 setParameters - Thumbnail quality set 50
01-01 00:02:23.515 176 1495 D CameraHal: (aa77f970) hardware/ti/dra7xx/camera/CameraHal.cpp:1130 setParameters - Zoom set 1
01-01 00:02:23.515 176 1495 D CameraHal: (aa77f970) hardware/ti/dra7xx/camera/CameraHal.cpp:1177 setParameters - External Gamma set false
01-01 00:02:23.515 176 1495 D CameraHal: (aa77f970) hardware/ti/dra7xx/camera/CameraHal.cpp:1183 setParameters - NSF1 set true
01-01 00:02:23.515 176 1495 D CameraHal: (aa77f970) hardware/ti/dra7xx/camera/CameraHal.cpp:1189 setParameters - NSF2 set true
01-01 00:02:23.515 176 1495 D CameraHal: (aa77f970) hardware/ti/dra7xx/camera/CameraHal.cpp:1195 setParameters - Sharpening set true
01-01 00:02:23.515 176 1495 D CameraHal: (aa77f970) hardware/ti/dra7xx/camera/CameraHal.cpp:1201 setParameters - Color Conversion set true
01-01 00:02:23.515 176 1495 D CameraHal: (aa77f970) hardware/ti/dra7xx/camera/CameraHal.cpp:1207 setParameters - Green Inballance Correction set true
01-01 00:02:23.515 176 1495 D CameraHal: (aa77f970) + hardware/ti/dra7xx/camera/V4LCameraAdapter/V4LCameraAdapter.cpp:450 setParameters - ENTER
01-01 00:02:23.515 176 1495 D CameraHal: (aa77f970) hardware/ti/dra7xx/camera/V4LCameraAdapter/V4LCameraAdapter.cpp:456 setParameters - Width * Height 1280 x 800 format 0x56595559
01-01 00:02:23.515 176 1495 D CameraHal: (aa77f970) + hardware/ti/dra7xx/camera/V4LCameraAdapter/V4LCameraAdapter.cpp:216 v4lSetFormat - ENTER
01-01 00:02:23.515 176 1495 D CameraHal: (aa77f970) hardware/ti/dra7xx/camera/V4LCameraAdapter/V4LCameraAdapter.cpp:218 v4lSetFormat - Width * Height 1280 x 800 format 0x56595559
01-01 00:02:23.540 153 153 W /system/bin/hwservicemanager: getTransportFromManifest: Cannot find entry android.hardware.media.omx@1.0::IOmx in either framework or device manifest, using default transport.
01-01 00:02:23.540 176 1495 D CameraHal: (aa77f970) hardware/ti/dra7xx/camera/V4LCameraAdapter/V4LCameraAdapter.cpp:244 v4lSetFormat - VIDIOC_G_FMT : WxH = 1280x800
01-01 00:02:23.540 176 1495 D CameraHal: (aa77f970) hardware/ti/dra7xx/camera/V4LCameraAdapter/V4LCameraAdapter.cpp:245 v4lSetFormat - ### Using: WxH = 1280x800 pixelformat=0x56595559
01-01 00:02:23.540 176 1495 D CameraHal: (aa77f970) hardware/ti/dra7xx/camera/V4LCameraAdapter/V4LCameraAdapter.cpp:246 v4lSetFormat - ### Using: bytesperline=2560 sizeimage=2048000 colorspace=0x1
01-01 00:02:23.540 176 1495 D CameraHal: (aa77f970) - hardware/ti/dra7xx/camera/V4LCameraAdapter/V4LCameraAdapter.cpp:247 v4lSetFormat - EXIT
01-01 00:02:23.541 176 1495 D CameraHal: (aa77f970) hardware/ti/dra7xx/camera/V4LCameraAdapter/V4LCameraAdapter.cpp:465 setParameters - Current fps is 30000 new fps is (30000,30000)
01-01 00:02:23.541 176 1495 D CameraHal: (aa77f970) - hardware/ti/dra7xx/camera/V4LCameraAdapter/V4LCameraAdapter.cpp:476 setParameters - EXIT
01-01 00:02:23.541 176 1495 D CameraHal: (aa77f970) + hardware/ti/dra7xx/camera/CameraHal.cpp:2579 previewEnabled - ENTER
01-01 00:02:23.541 176 1495 D CameraHal: (aa77f970) - hardware/ti/dra7xx/camera/CameraHal.cpp:2579 previewEnabled - EXIT
01-01 00:02:23.541 176 1495 D CameraHal: (aa77f970) + hardware/ti/dra7xx/camera/CameraHal.cpp:2579 previewEnabled - ENTER
01-01 00:02:23.541 176 1495 D CameraHal: (aa77f970) - hardware/ti/dra7xx/camera/CameraHal.cpp:2579 previewEnabled - EXIT
01-01 00:02:23.541 176 1495 D CameraHal: (aa77f970) - hardware/ti/dra7xx/camera/CameraHal.cpp:1350 setParameters - EXIT
01-01 00:02:23.541 176 1495 D CameraHal: (aa77f970) - hardware/ti/dra7xx/camera/CameraHal.cpp:373 setParameters - EXIT
01-01 00:02:23.541 176 1495 D CameraHal: (aa77f970) - hardware/ti/dra7xx/camera/CameraHal_Module.cpp:469 camera_set_parameters - EXIT
01-01 00:02:23.541 1275 1546 I CameraDeviceState: Legacy camera service transitioning to state IDLE
01-01 00:02:23.549 1275 1576 I OMXClient: Treble IOmx obtained
01-01 00:02:23.552 237 535 I OMXMaster: makeComponentInstance(OMX.google.vorbis.decoder) in omx@1.0-service process
01-01 00:02:23.558 237 574 E OMXNodeInstance: getConfig(0xac1a3380:google.vorbis.decoder, ConfigAndroidVendorExtension(0x6f100004)) ERROR: Undefined(0x80001001)
01-01 00:02:23.564 173 173 W /system/bin/hw/android.hidl.allocator@1.0-service: ashmem_create_region(32768) returning hidl_memory(0xb4b98820, 32768)
01-01 00:02:23.566 173 173 W /system/bin/hw/android.hidl.allocator@1.0-service: ashmem_create_region(32768) returning hidl_memory(0xb4b98820, 32768)
01-01 00:02:23.567 1275 1574 V CAM_SettingsManager: listeners: [com.android.camera.app.CameraAppUI@e2133a6, com.android.camera.ButtonManager@3982194, com.android.camera.widget.IndicatorIconController@91ce432, com.android.camera.settings.SettingObserver$Listener@a634df2]
01-01 00:02:23.567 173 173 W /system/bin/hw/android.hidl.allocator@1.0-service: ashmem_create_region(32768) returning hidl_memory(0xb4b98820, 32768)
01-01 00:02:23.567 1275 1574 V CAM_SettingsManager: listeners: [com.android.camera.app.CameraAppUI@e2133a6, com.android.camera.ButtonManager@3982194, com.android.camera.widget.IndicatorIconController@91ce432, com.android.camera.settings.SettingObserver$Listener@a634df2, com.android.camera.settings.SettingObserver$Listener@a9ea2c0]
01-01 00:02:23.568 173 173 W /system/bin/hw/android.hidl.allocator@1.0-service: ashmem_create_region(32768) returning hidl_memory(0xb4b98820, 32768)
01-01 00:02:23.571 173 173 I chatty : uid=1000(system) allocator@1.0-s identical 3 lines
01-01 00:02:23.573 173 173 W /system/bin/hw/android.hidl.allocator@1.0-service: ashmem_create_region(32768) returning hidl_memory(0xb4b98820, 32768)
01-01 00:02:23.574 1275 1275 D CAM_CaptureModule: Ready for capture.
01-01 00:02:23.574 1275 1275 V CAM_CameraAppUI: onPreviewStarted
01-01 00:02:23.578 1275 1581 D CAM_CommandExecutor: Executing command: com.android.camera.one.v2.commands.PreviewCommand@b1609d8 START
01-01 00:02:23.585 1275 1581 I RequestQueue: Repeating capture request set.
01-01 00:02:23.587 1275 1573 W LegacyRequestMapper: convertRequestMetadata - control.awbRegions setting is not supported, ignoring value
01-01 00:02:23.587 1275 1573 E Camera : str: 30000,30000
01-01 00:02:23.587 1275 1573 W LegacyRequestMapper: mapAeAndFlashMode - Ignore control.aeMode == ON_AUTO_FLASH;camera does not support it
01-01 00:02:23.589 1275 1581 D CAM_CommandExecutor: Executing command: com.android.camera.one.v2.commands.PreviewCommand@b1609d8 END
01-01 00:02:23.589 1275 1573 W LegacyMetadataMapper: convertAfModeToLegacy - ignoring unsupported mode 4, defaulting to fixed
01-01 00:02:23.589 1275 1573 W LegacyRequestMapper: convertRequestToMetadata - Ignoring android.lens.focusDistance false, only 0.0f is supported
01-01 00:02:23.592 176 1495 D CameraHal: (aa77f970) + hardware/ti/dra7xx/camera/CameraHal_Module.cpp:469 camera_set_parameters - ENTER
01-01 00:02:23.592 176 1495 D CameraHal: (aa77f970) + hardware/ti/dra7xx/camera/CameraHal.cpp:366 setParameters - ENTER
01-01 00:02:23.592 176 1495 D CameraHal: (aa77f970) + hardware/ti/dra7xx/camera/CameraHal.cpp:389 setParameters - ENTER
01-01 00:02:23.592 176 1495 D CameraHal: (aa77f970) + hardware/ti/dra7xx/camera/CameraHal.cpp:2579 previewEnabled - ENTER
01-01 00:02:23.592 176 1495 D CameraHal: (aa77f970) - hardware/ti/dra7xx/camera/CameraHal.cpp:2579 previewEnabled - EXIT
01-01 00:02:23.592 176 1495 D CameraHal: (aa77f970) + hardware/ti/dra7xx/camera/CameraHal.cpp:4313 isParameterValid - ENTER
01-01 00:02:23.592 176 1495 D CameraHal: (aa77f970) - hardware/ti/dra7xx/camera/CameraHal.cpp:4337 isParameterValid - EXIT
01-01 00:02:23.593 176 1495 D CameraHal: (aa77f970) hardware/ti/dra7xx/camera/CameraHal.cpp:416 setParameters - PreviewFormat set yuv420sp
01-01 00:02:23.593 176 1495 D CameraHal: (aa77f970) hardware/ti/dra7xx/camera/CameraHal.cpp:553 setParameters - Recording Hint is set to false
01-01 00:02:23.593 176 1495 D CameraHal: (aa77f970) + hardware/ti/dra7xx/camera/CameraHal.cpp:2803 resetVideoModeParameters - ENTER
01-01 00:02:23.593 176 1495 D CameraHal: (aa77f970) - hardware/ti/dra7xx/camera/CameraHal.cpp:2818 resetVideoModeParameters - EXIT
01-01 00:02:23.593 176 1495 D CameraHal: (aa77f970) + hardware/ti/dra7xx/camera/CameraHal.cpp:4248 isResolutionValid - ENTER
01-01 00:02:23.593 176 1495 D CameraHal: (aa77f970) + hardware/ti/dra7xx/camera/CameraHal.cpp:4313 isParameterValid - ENTER
01-01 00:02:23.593 176 1495 D CameraHal: (aa77f970) - hardware/ti/dra7xx/camera/CameraHal.cpp:4337 isParameterValid - EXIT
01-01 00:02:23.593 176 1495 D CameraHal: (aa77f970) - hardware/ti/dra7xx/camera/CameraHal.cpp:4264 isResolutionValid - EXIT
01-01 00:02:23.593 176 1495 D CameraHal: (aa77f970) hardware/ti/dra7xx/camera/CameraHal.cpp:598 setParameters - Preview Resolution: 1280 x 800
01-01 00:02:23.593 176 1495 D CameraHal: (aa77f970) + hardware/ti/dra7xx/camera/CameraHal.cpp:4313 isParameterValid - ENTER
01-01 00:02:23.593 176 1495 D CameraHal: (aa77f970) - hardware/ti/dra7xx/camera/CameraHal.cpp:4337 isParameterValid - EXIT
01-01 00:02:23.593 176 1495 D CameraHal: (aa77f970) hardware/ti/dra7xx/camera/CameraHal.cpp:602 setParameters - Focus mode set fixed
01-01 00:02:23.593 176 1495 D CameraHal: (aa77f970) + hardware/ti/dra7xx/camera/CameraHal.cpp:4248 isResolutionValid - ENTER
01-01 00:02:23.593 176 1495 D CameraHal: (aa77f970) + hardware/ti/dra7xx/camera/CameraHal.cpp:4313 isParameterValid - ENTER
01-01 00:02:23.593 176 1495 D CameraHal: (aa77f970) - hardware/ti/dra7xx/camera/CameraHal.cpp:4337 isParameterValid - EXIT
01-01 00:02:23.593 176 1495 D CameraHal: (aa77f970) - hardware/ti/dra7xx/camera/CameraHal.cpp:4264 isResolutionValid - EXIT
01-01 00:02:23.593 176 1495 D CameraHal: (aa77f970) hardware/ti/dra7xx/camera/CameraHal.cpp:646 setParameters - Picture Size by App 1280 x 800
01-01 00:02:23.593 176 1495 D CameraHal: (aa77f970) + hardware/ti/dra7xx/camera/CameraHal.cpp:4313 isParameterValid - ENTER
01-01 00:02:23.593 176 1495 D CameraHal: (aa77f970) - hardware/ti/dra7xx/camera/CameraHal.cpp:4337 isParameterValid - EXIT
01-01 00:02:23.593 176 1495 D CameraHal: (aa77f970) + hardware/ti/dra7xx/camera/CameraHal.cpp:4313 isParameterValid - ENTER
01-01 00:02:23.593 176 1495 D CameraHal: (aa77f970) - hardware/ti/dra7xx/camera/CameraHal.cpp:4337 isParameterValid - EXIT
01-01 00:02:23.593 176 1495 D CameraHal: (aa77f970) hardware/ti/dra7xx/camera/CameraHal.cpp:910 setParameters - Antibanding set auto
01-01 00:02:23.593 176 1495 D CameraHal: (aa77f970) hardware/ti/dra7xx/camera/CameraHal.cpp:960 setParameters - Exposure compensation set 0
01-01 00:02:23.594 176 1495 D CameraHal: (aa77f970) + hardware/ti/dra7xx/camera/CameraHal.cpp:4313 isParameterValid - ENTER
01-01 00:02:23.594 176 1495 D CameraHal: (aa77f970) - hardware/ti/dra7xx/camera/CameraHal.cpp:4337 isParameterValid - EXIT
01-01 00:02:23.594 176 1495 D CameraHal: (aa77f970) hardware/ti/dra7xx/camera/CameraHal.cpp:989 setParameters - Effect set none
01-01 00:02:23.597 176 1495 D CameraHal: (aa77f970) hardware/ti/dra7xx/camera/CameraHal.cpp:999 setParameters - Rotation set 0
01-01 00:02:23.597 176 1495 D CameraHal: (aa77f970) hardware/ti/dra7xx/camera/CameraHal.cpp:1005 setParameters - Jpeg quality set 85
01-01 00:02:23.597 176 1495 D CameraHal: (aa77f970) hardware/ti/dra7xx/camera/CameraHal.cpp:1011 setParameters - Thumbnail width set 320
01-01 00:02:23.597 176 1495 D CameraHal: (aa77f970) hardware/ti/dra7xx/camera/CameraHal.cpp:1017 setParameters - Thumbnail width set 240
01-01 00:02:23.597 176 1495 D CameraHal: (aa77f970) hardware/ti/dra7xx/camera/CameraHal.cpp:1023 setParameters - Thumbnail quality set 85
01-01 00:02:23.597 176 1495 D CameraHal: (aa77f970) hardware/ti/dra7xx/camera/CameraHal.cpp:1130 setParameters - Zoom set 1
01-01 00:02:23.597 176 1495 D CameraHal: (aa77f970) hardware/ti/dra7xx/camera/CameraHal.cpp:1177 setParameters - External Gamma set false
01-01 00:02:23.597 176 1495 D CameraHal: (aa77f970) hardware/ti/dra7xx/camera/CameraHal.cpp:1183 setParameters - NSF1 set true
01-01 00:02:23.597 176 1495 D CameraHal: (aa77f970) hardware/ti/dra7xx/camera/CameraHal.cpp:1189 setParameters - NSF2 set true
01-01 00:02:23.597 176 1495 D CameraHal: (aa77f970) hardware/ti/dra7xx/camera/CameraHal.cpp:1195 setParameters - Sharpening set true
01-01 00:02:23.597 176 1495 D CameraHal: (aa77f970) hardware/ti/dra7xx/camera/CameraHal.cpp:1201 setParameters - Color Conversion set true
01-01 00:02:23.597 176 1495 D CameraHal: (aa77f970) hardware/ti/dra7xx/camera/CameraHal.cpp:1207 setParameters - Green Inballance Correction set true
01-01 00:02:23.597 176 1495 D CameraHal: (aa77f970) + hardware/ti/dra7xx/camera/V4LCameraAdapter/V4LCameraAdapter.cpp:450 setParameters - ENTER
01-01 00:02:23.597 176 1495 D CameraHal: (aa77f970) hardware/ti/dra7xx/camera/V4LCameraAdapter/V4LCameraAdapter.cpp:456 setParameters - Width * Height 1280 x 800 format 0x56595559
01-01 00:02:23.597 176 1495 D CameraHal: (aa77f970) + hardware/ti/dra7xx/camera/V4LCameraAdapter/V4LCameraAdapter.cpp:216 v4lSetFormat - ENTER
01-01 00:02:23.597 176 1495 D CameraHal: (aa77f970) hardware/ti/dra7xx/camera/V4LCameraAdapter/V4LCameraAdapter.cpp:218 v4lSetFormat - Width * Height 1280 x 800 format 0x56595559
01-01 00:02:23.598 173 173 W /system/bin/hw/android.hidl.allocator@1.0-service: ashmem_create_region(32768) returning hidl_memory(0xb4b98820, 32768)
01-01 00:02:23.600 173 173 I chatty : uid=1000(system) allocator@1.0-s identical 2 lines
01-01 00:02:23.604 173 173 W /system/bin/hw/android.hidl.allocator@1.0-service: ashmem_create_region(32768) returning hidl_memory(0xb4b98820, 32768)
01-01 00:02:23.612 176 1495 D CameraHal: (aa77f970) hardware/ti/dra7xx/camera/V4LCameraAdapter/V4LCameraAdapter.cpp:244 v4lSetFormat - VIDIOC_G_FMT : WxH = 1280x800
01-01 00:02:23.612 176 1495 D CameraHal: (aa77f970) hardware/ti/dra7xx/camera/V4LCameraAdapter/V4LCameraAdapter.cpp:245 v4lSetFormat - ### Using: WxH = 1280x800 pixelformat=0x56595559
01-01 00:02:23.612 176 1495 D CameraHal: (aa77f970) hardware/ti/dra7xx/camera/V4LCameraAdapter/V4LCameraAdapter.cpp:246 v4lSetFormat - ### Using: bytesperline=2560 sizeimage=2048000 colorspace=0x1
01-01 00:02:23.612 176 1495 D CameraHal: (aa77f970) - hardware/ti/dra7xx/camera/V4LCameraAdapter/V4LCameraAdapter.cpp:247 v4lSetFormat - EXIT
01-01 00:02:23.612 176 1495 D CameraHal: (aa77f970) hardware/ti/dra7xx/camera/V4LCameraAdapter/V4LCameraAdapter.cpp:465 setParameters - Current fps is 30000 new fps is (30000,30000)
01-01 00:02:23.612 176 1495 D CameraHal: (aa77f970) - hardware/ti/dra7xx/camera/V4LCameraAdapter/V4LCameraAdapter.cpp:476 setParameters - EXIT
01-01 00:02:23.612 176 1495 D CameraHal: (aa77f970) - hardware/ti/dra7xx/camera/CameraHal.cpp:1350 setParameters - EXIT
01-01 00:02:23.612 176 1495 D CameraHal: (aa77f970) - hardware/ti/dra7xx/camera/CameraHal.cpp:373 setParameters - EXIT
01-01 00:02:23.612 176 1495 D CameraHal: (aa77f970) - hardware/ti/dra7xx/camera/CameraHal_Module.cpp:469 camera_set_parameters - EXIT
01-01 00:02:23.617 176 1495 D CameraHal: (aa77f970) + hardware/ti/dra7xx/camera/CameraHal_Module.cpp:258 camera_preview_enabled - ENTER
01-01 00:02:23.617 176 1495 D CameraHal: (aa77f970) + hardware/ti/dra7xx/camera/CameraHal.cpp:2579 previewEnabled - ENTER
01-01 00:02:23.617 176 1495 D CameraHal: (aa77f970) - hardware/ti/dra7xx/camera/CameraHal.cpp:2579 previewEnabled - EXIT
01-01 00:02:23.617 176 1495 D CameraHal: (aa77f970) - hardware/ti/dra7xx/camera/CameraHal_Module.cpp:258 camera_preview_enabled - EXIT
01-01 00:02:23.618 176 1495 D CameraHal: (aa77f970) + hardware/ti/dra7xx/camera/CameraHal_Module.cpp:258 camera_preview_enabled - ENTER
01-01 00:02:23.618 176 1495 D CameraHal: (aa77f970) + hardware/ti/dra7xx/camera/CameraHal.cpp:2579 previewEnabled - ENTER
01-01 00:02:23.618 176 1495 D CameraHal: (aa77f970) - hardware/ti/dra7xx/camera/CameraHal.cpp:2579 previewEnabled - EXIT
01-01 00:02:23.618 176 1495 D CameraHal: (aa77f970) - hardware/ti/dra7xx/camera/CameraHal_Module.cpp:258 camera_preview_enabled - EXIT
01-01 00:02:23.619 176 1495 D CameraHal: (aa77f970) + hardware/ti/dra7xx/camera/CameraHal_Module.cpp:94 camera_set_preview_window - ENTER
01-01 00:02:23.619 176 1495 D CameraHal: (aa77f970) + hardware/ti/dra7xx/camera/CameraHal.cpp:2059 setPreviewWindow - ENTER
01-01 00:02:23.619 176 1495 D CameraHal: (aa77f970) + hardware/ti/dra7xx/camera/ANativeWindowDisplayAdapter.cpp:84 ANativeWindowDisplayAdapter - ENTER
01-01 00:02:23.619 176 1495 D CameraHal: (aa77f970) - hardware/ti/dra7xx/camera/ANativeWindowDisplayAdapter.cpp:117 ANativeWindowDisplayAdapter - EXIT
01-01 00:02:23.619 176 1495 D CameraHal: (aa77f970) + hardware/ti/dra7xx/camera/ANativeWindowDisplayAdapter.cpp:167 initialize - ENTER
01-01 00:02:23.619 176 1495 D CameraHal: (aa77f970) - hardware/ti/dra7xx/camera/ANativeWindowDisplayAdapter.cpp:187 initialize - EXIT
01-01 00:02:23.619 176 1495 D CameraHal: (aa77f970) + hardware/ti/dra7xx/camera/ANativeWindowDisplayAdapter.cpp:220 setFrameProvider - ENTER
01-01 00:02:23.619 176 1495 D CameraHal: (aa77f970) - hardware/ti/dra7xx/camera/ANativeWindowDisplayAdapter.cpp:239 setFrameProvider - EXIT
01-01 00:02:23.619 176 1495 D CameraHal: (aa77f970) + hardware/ti/dra7xx/camera/ANativeWindowDisplayAdapter.cpp:248 setErrorHandler - ENTER
01-01 00:02:23.619 176 1495 D CameraHal: (aa77f970) - hardware/ti/dra7xx/camera/ANativeWindowDisplayAdapter.cpp:260 setErrorHandler - EXIT
01-01 00:02:23.619 176 1495 D CameraHal: (aa77f970) + hardware/ti/dra7xx/camera/ANativeWindowDisplayAdapter.cpp:194 setPreviewWindow - ENTER
01-01 00:02:23.619 176 1495 D CameraHal: (aa77f970) + hardware/ti/dra7xx/camera/ANativeWindowDisplayAdapter.cpp:437 destroy - ENTER
01-01 00:02:23.619 176 1495 D CameraHal: (aa77f970) - hardware/ti/dra7xx/camera/ANativeWindowDisplayAdapter.cpp:448 destroy - EXIT
01-01 00:02:23.619 176 1495 D CameraHal: (aa77f970) - hardware/ti/dra7xx/camera/ANativeWindowDisplayAdapter.cpp:213 setPreviewWindow - EXIT
01-01 00:02:23.619 176 1495 D CameraHal: (aa77f970) - hardware/ti/dra7xx/camera/CameraHal.cpp:2142 setPreviewWindow - EXIT
01-01 00:02:23.619 176 1495 D CameraHal: (aa77f970) - hardware/ti/dra7xx/camera/CameraHal_Module.cpp:94 camera_set_preview_window - EXIT
01-01 00:02:23.620 176 1495 D CameraHal: (aa77f970) + hardware/ti/dra7xx/camera/CameraHal_Module.cpp:227 camera_start_preview - ENTER
01-01 00:02:23.620 176 1495 D CameraHal: (aa77f970) + hardware/ti/dra7xx/camera/CameraHal.cpp:1755 startPreview - ENTER
01-01 00:02:23.620 176 1495 D CameraHal: (aa77f970) + hardware/ti/dra7xx/camera/CameraHal.cpp:1872 cameraPreviewInitialization - ENTER
01-01 00:02:23.620 176 1495 D CameraHal: (aa77f970) + hardware/ti/dra7xx/camera/V4LCameraAdapter/V4LCameraAdapter.cpp:450 setParameters - ENTER
01-01 00:02:23.620 176 1495 D CameraHal: (aa77f970) hardware/ti/dra7xx/camera/V4LCameraAdapter/V4LCameraAdapter.cpp:456 setParameters - Width * Height 1280 x 800 format 0x56595559
01-01 00:02:23.620 176 1495 D CameraHal: (aa77f970) + hardware/ti/dra7xx/camera/V4LCameraAdapter/V4LCameraAdapter.cpp:216 v4lSetFormat - ENTER
01-01 00:02:23.620 176 1495 D CameraHal: (aa77f970) hardware/ti/dra7xx/camera/V4LCameraAdapter/V4LCameraAdapter.cpp:218 v4lSetFormat - Width * Height 1280 x 800 format 0x56595559
01-01 00:02:23.621 176 1582 D CameraHal: (aa5ff970) + hardware/ti/dra7xx/camera/ANativeWindowDisplayAdapter.cpp:877 displayThread - ENTER
01-01 00:02:23.637 176 1495 D CameraHal: (aa77f970) hardware/ti/dra7xx/camera/V4LCameraAdapter/V4LCameraAdapter.cpp:244 v4lSetFormat - VIDIOC_G_FMT : WxH = 1280x800
01-01 00:02:23.638 176 1495 D CameraHal: (aa77f970) hardware/ti/dra7xx/camera/V4LCameraAdapter/V4LCameraAdapter.cpp:245 v4lSetFormat - ### Using: WxH = 1280x800 pixelformat=0x56595559
01-01 00:02:23.638 176 1495 D CameraHal: (aa77f970) hardware/ti/dra7xx/camera/V4LCameraAdapter/V4LCameraAdapter.cpp:246 v4lSetFormat - ### Using: bytesperline=2560 sizeimage=2048000 colorspace=0x1
01-01 00:02:23.638 176 1495 D CameraHal: (aa77f970) - hardware/ti/dra7xx/camera/V4LCameraAdapter/V4LCameraAdapter.cpp:247 v4lSetFormat - EXIT
01-01 00:02:23.638 176 1495 D CameraHal: (aa77f970) hardware/ti/dra7xx/camera/V4LCameraAdapter/V4LCameraAdapter.cpp:465 setParameters - Current fps is 30000 new fps is (30000,30000)
01-01 00:02:23.638 176 1495 D CameraHal: (aa77f970) - hardware/ti/dra7xx/camera/V4LCameraAdapter/V4LCameraAdapter.cpp:476 setParameters - EXIT
01-01 00:02:23.638 176 1495 D CameraHal: (aa77f970) + hardware/ti/dra7xx/camera/BaseCameraAdapter.cpp:410 sendCommand - ENTER
01-01 00:02:23.638 176 1495 D CameraHal: (aa77f970) + hardware/ti/dra7xx/camera/BaseCameraAdapter.cpp:1903 setState - ENTER
01-01 00:02:23.638 176 1495 D CameraHal: (aa77f970) hardware/ti/dra7xx/camera/BaseCameraAdapter.cpp:1927 setState - Adapter state switch INTIALIZED_STATE->INTIALIZED_STATE event = CAMERA_QUERY_RESOLUTION_PREVIEW
01-01 00:02:23.638 176 1495 D CameraHal: (aa77f970) - hardware/ti/dra7xx/camera/BaseCameraAdapter.cpp:2485 setState - EXIT
01-01 00:02:23.638 176 1495 D CameraHal: (aa77f970) + hardware/ti/dra7xx/camera/V4LCameraAdapter/V4LCameraAdapter.cpp:822 getFrameSize - ENTER
01-01 00:02:23.638 176 1495 D CameraHal: (aa77f970) - hardware/ti/dra7xx/camera/V4LCameraAdapter/V4LCameraAdapter.cpp:831 getFrameSize - EXIT
01-01 00:02:23.638 176 1495 D CameraHal: (aa77f970) + hardware/ti/dra7xx/camera/BaseCameraAdapter.cpp:2580 commitState - ENTER
01-01 00:02:23.638 176 1495 D CameraHal: (aa77f970) - hardware/ti/dra7xx/camera/BaseCameraAdapter.cpp:2586 commitState - EXIT
01-01 00:02:23.638 176 1495 D CameraHal: (aa77f970) - hardware/ti/dra7xx/camera/BaseCameraAdapter.cpp:1124 sendCommand - EXIT
01-01 00:02:23.638 176 1495 D CameraHal: (aa77f970) + hardware/ti/dra7xx/camera/CameraHal.cpp:1360 allocPreviewBufs - ENTER
01-01 00:02:23.638 176 1495 D CameraHal: (aa77f970) + hardware/ti/dra7xx/camera/ANativeWindowDisplayAdapter.cpp:454 allocateBufferList - ENTER
01-01 00:02:23.639 153 153 E SELinux : avc: denied { find } for interface=android.hardware.graphics.mapper::IMapper pid=176 scontext=u:r:hal_camera_default:s0 tcontext=u:object_r:hal_graphics_mapper_hwservice:s0 tclass=hwservice_manager
01-01 00:02:23.644 176 1495 I vndksupport: sphal namespace is not configured for this process. Loading /vendor/lib/hw/gralloc.jacinto6.so from the current namespace instead.
01-01 00:02:23.654 176 1495 E IMGSRV : :0: PVRSRVOpenDCDevice: Error - 138 returned
01-01 00:02:23.682 176 1495 D CameraHal: (aa77f970) hardware/ti/dra7xx/camera/ANativeWindowDisplayAdapter.cpp:484 allocateBufferList - Number of buffers set to ANativeWindow 8
01-01 00:02:23.684 176 1495 D CameraHal: (aa77f970) hardware/ti/dra7xx/camera/ANativeWindowDisplayAdapter.cpp:497 allocateBufferList - Configuring 8 buffers for ANativeWindow
01-01 00:02:23.687 176 1495 V CameraHal: (aa77f970) hardware/ti/dra7xx/camera/CameraHalCommon.cpp:162 getPixelFormatConstant - YUV420SP format selected
01-01 00:02:23.740 224 803 I vndksupport: sphal namespace is not configured for this process. Loading /vendor/lib/hw/gralloc.jacinto6.so from the current namespace instead.
01-01 00:02:23.749 224 803 E IMGSRV : :0: PVRSRVOpenDCDevice: Error - 138 returned
01-01 00:02:23.757 176 1495 I vndksupport: sphal namespace is not configured for this process. Loading /vendor/lib/hw/gralloc.jacinto6.so from the current namespace instead.
01-01 00:02:23.758 176 1495 D CameraHal: (aa77f970) hardware/ti/dra7xx/camera/ANativeWindowDisplayAdapter.cpp:551 allocateBufferList - got handle 0xaab11160
01-01 00:02:23.769 176 1495 D CameraHal: (aa77f970) hardware/ti/dra7xx/camera/ANativeWindowDisplayAdapter.cpp:551 allocateBufferList - got handle 0xaab111c0
01-01 00:02:23.777 176 1495 D CameraHal: (aa77f970) hardware/ti/dra7xx/camera/ANativeWindowDisplayAdapter.cpp:551 allocateBufferList - got handle 0xaab11250
01-01 00:02:23.820 176 1495 D CameraHal: (aa77f970) hardware/ti/dra7xx/camera/ANativeWindowDisplayAdapter.cpp:551 allocateBufferList - got handle 0xaab11370
01-01 00:02:23.827 176 1495 D CameraHal: (aa77f970) hardware/ti/dra7xx/camera/ANativeWindowDisplayAdapter.cpp:551 allocateBufferList - got handle 0xaab113b8
01-01 00:02:23.836 176 1495 D CameraHal: (aa77f970) hardware/ti/dra7xx/camera/ANativeWindowDisplayAdapter.cpp:551 allocateBufferList - got handle 0xaab11208
01-01 00:02:23.844 176 1495 D CameraHal: (aa77f970) hardware/ti/dra7xx/camera/ANativeWindowDisplayAdapter.cpp:551 allocateBufferList - got handle 0xaab11400
01-01 00:02:23.851 176 1495 D CameraHal: (aa77f970) hardware/ti/dra7xx/camera/ANativeWindowDisplayAdapter.cpp:551 allocateBufferList - got handle 0xaab11448
01-01 00:02:23.851 176 1495 V CameraHal: (aa77f970) hardware/ti/dra7xx/camera/BaseCameraAdapter.cpp:314 addFramePointers - Adding Frame=0xaab7d000 Y=0xaa035000 UV=0xaa12f001
01-01 00:02:23.851 176 1495 V CameraHal: (aa77f970) hardware/ti/dra7xx/camera/BaseCameraAdapter.cpp:314 addFramePointers - Adding Frame=0xaab7d080 Y=0xa9ebe000 UV=0xa9fb8001
01-01 00:02:23.851 176 1495 V CameraHal: (aa77f970) hardware/ti/dra7xx/camera/BaseCameraAdapter.cpp:314 addFramePointers - Adding Frame=0xaab7d100 Y=0xa9d47000 UV=0xa9e41001
01-01 00:02:23.851 176 1495 V CameraHal: (aa77f970) hardware/ti/dra7xx/camera/BaseCameraAdapter.cpp:314 addFramePointers - Adding Frame=0xaab7d180 Y=0xa9bd0000 UV=0xa9cca001
01-01 00:02:23.851 176 1495 V CameraHal: (aa77f970) hardware/ti/dra7xx/camera/BaseCameraAdapter.cpp:314 addFramePointers - Adding Frame=0xaab7d200 Y=0xa9a59000 UV=0xa9b53001
01-01 00:02:23.851 176 1495 V CameraHal: (aa77f970) hardware/ti/dra7xx/camera/BaseCameraAdapter.cpp:314 addFramePointers - Adding Frame=0xaab7d280 Y=0xa98e2000 UV=0xa99dc001
01-01 00:02:23.851 176 1495 V CameraHal: (aa77f970) hardware/ti/dra7xx/camera/BaseCameraAdapter.cpp:314 addFramePointers - Adding Frame=0xaab7d300 Y=0xa976b000 UV=0xa9865001
01-01 00:02:23.852 176 1495 V CameraHal: (aa77f970) hardware/ti/dra7xx/camera/BaseCameraAdapter.cpp:314 addFramePointers - Adding Frame=0xaab7d380 Y=0xa95f4000 UV=0xa96ee001
01-01 00:02:23.852 176 1495 D CameraHal: (aa77f970) - hardware/ti/dra7xx/camera/ANativeWindowDisplayAdapter.cpp:454 allocateBufferList - EXIT
01-01 00:02:23.852 176 1495 D CameraHal: (aa77f970) + hardware/ti/dra7xx/camera/ANativeWindowDisplayAdapter.cpp:656 getOffsets - ENTER
01-01 00:02:23.852 176 1495 D CameraHal: (aa77f970) - hardware/ti/dra7xx/camera/ANativeWindowDisplayAdapter.cpp:681 getOffsets - EXIT
01-01 00:02:23.852 176 1495 D CameraHal: (aa77f970) + hardware/ti/dra7xx/camera/ANativeWindowDisplayAdapter.cpp:731 maxQueueableBuffers - ENTER
01-01 00:02:23.852 176 1495 D CameraHal: (aa77f970) + hardware/ti/dra7xx/camera/ANativeWindowDisplayAdapter.cpp:703 minUndequeueableBuffers - ENTER
01-01 00:02:23.853 176 1495 D CameraHal: (aa77f970) - hardware/ti/dra7xx/camera/ANativeWindowDisplayAdapter.cpp:703 minUndequeueableBuffers - EXIT
01-01 00:02:23.853 176 1495 D CameraHal: (aa77f970) - hardware/ti/dra7xx/camera/ANativeWindowDisplayAdapter.cpp:731 maxQueueableBuffers - EXIT
01-01 00:02:23.853 176 1495 D CameraHal: (aa77f970) - hardware/ti/dra7xx/camera/CameraHal.cpp:1395 allocPreviewBufs - EXIT
01-01 00:02:23.853 176 1495 D CameraHal: (aa77f970) + hardware/ti/dra7xx/camera/BaseCameraAdapter.cpp:410 sendCommand - ENTER
01-01 00:02:23.853 176 1495 D CameraHal: (aa77f970) hardware/ti/dra7xx/camera/BaseCameraAdapter.cpp:414 sendCommand - Use buffers for preview
01-01 00:02:23.853 176 1495 D CameraHal: (aa77f970) + hardware/ti/dra7xx/camera/BaseCameraAdapter.cpp:1903 setState - ENTER
01-01 00:02:23.853 176 1495 D CameraHal: (aa77f970) hardware/ti/dra7xx/camera/BaseCameraAdapter.cpp:1919 setState - Adapter state switch INTIALIZED_STATE->LOADED_PREVIEW_STATE event = CAMERA_USE_BUFFERS_PREVIEW
01-01 00:02:23.853 176 1495 D CameraHal: (aa77f970) - hardware/ti/dra7xx/camera/BaseCameraAdapter.cpp:2485 setState - EXIT
01-01 00:02:23.853 176 1495 D CameraHal: (aa77f970) + hardware/ti/dra7xx/camera/V4LCameraAdapter/V4LCameraAdapter.cpp:498 useBuffers - ENTER
01-01 00:02:23.853 176 1495 D CameraHal: (aa77f970) + hardware/ti/dra7xx/camera/V4LCameraAdapter/V4LCameraAdapter.cpp:571 UseBuffersPreview - ENTER
01-01 00:02:23.853 176 1495 E CameraHal: (aa77f970) hardware/ti/dra7xx/camera/V4LCameraAdapter/V4LCameraAdapter.cpp:124 v4lInitDmaBuf - Allocate CameraBufferlist [8][1280][800]
01-01 00:02:23.853 176 1495 D CameraHal: (aa77f970) + hardware/ti/dra7xx/camera/DrmMemoryManager.cpp:79 allocateBufferList - ENTER
01-01 00:02:23.853 176 1495 V CameraHal: (aa77f970) hardware/ti/dra7xx/camera/CameraHalCommon.cpp:157 getPixelFormatConstant - CbYCrY format selected
01-01 00:02:23.854 176 1495 I chatty : uid=1047(cameraserver) HwBinder:176_3 identical 6 lines
01-01 00:02:23.854 176 1495 V CameraHal: (aa77f970) hardware/ti/dra7xx/camera/CameraHalCommon.cpp:157 getPixelFormatConstant - CbYCrY format selected
01-01 00:02:23.854 176 1495 D CameraHal: (aa77f970) - hardware/ti/dra7xx/camera/DrmMemoryManager.cpp:138 allocateBufferList - EXIT
01-01 00:02:23.854 176 1495 D CameraHal: (aa77f970) hardware/ti/dra7xx/camera/V4LCameraAdapter/V4LCameraAdapter.cpp:589 UseBuffersPreview - Preview- buff [0] = 0xaab7d000 length=0
01-01 00:02:23.854 176 1495 D CameraHal: (aa77f970) hardware/ti/dra7xx/camera/V4LCameraAdapter/V4LCameraAdapter.cpp:589 UseBuffersPreview - Preview- buff [1] = 0xaab7d080 length=0
01-01 00:02:23.854 176 1495 D CameraHal: (aa77f970) hardware/ti/dra7xx/camera/V4LCameraAdapter/V4LCameraAdapter.cpp:589 UseBuffersPreview - Preview- buff [2] = 0xaab7d100 length=0
01-01 00:02:23.854 176 1495 D CameraHal: (aa77f970) hardware/ti/dra7xx/camera/V4LCameraAdapter/V4LCameraAdapter.cpp:589 UseBuffersPreview - Preview- buff [3] = 0xaab7d180 length=0
01-01 00:02:23.854 176 1495 D CameraHal: (aa77f970) hardware/ti/dra7xx/camera/V4LCameraAdapter/V4LCameraAdapter.cpp:589 UseBuffersPreview - Preview- buff [4] = 0xaab7d200 length=0
01-01 00:02:23.854 176 1495 D CameraHal: (aa77f970) hardware/ti/dra7xx/camera/V4LCameraAdapter/V4LCameraAdapter.cpp:589 UseBuffersPreview - Preview- buff [5] = 0xaab7d280 length=0
01-01 00:02:23.854 176 1495 D CameraHal: (aa77f970) hardware/ti/dra7xx/camera/V4LCameraAdapter/V4LCameraAdapter.cpp:589 UseBuffersPreview - Preview- buff [6] = 0xaab7d300 length=0
01-01 00:02:23.854 176 1495 D CameraHal: (aa77f970) hardware/ti/dra7xx/camera/V4LCameraAdapter/V4LCameraAdapter.cpp:589 UseBuffersPreview - Preview- buff [7] = 0xaab7d380 length=0
01-01 00:02:23.854 176 1495 D CameraHal: (aa77f970) - hardware/ti/dra7xx/camera/V4LCameraAdapter/V4LCameraAdapter.cpp:595 UseBuffersPreview - EXIT
01-01 00:02:23.854 176 1495 D CameraHal: (aa77f970) - hardware/ti/dra7xx/camera/V4LCameraAdapter/V4LCameraAdapter.cpp:527 useBuffers - EXIT
01-01 00:02:23.854 176 1495 D CameraHal: (aa77f970) + hardware/ti/dra7xx/camera/BaseCameraAdapter.cpp:2580 commitState - ENTER
01-01 00:02:23.854 176 1495 D CameraHal: (aa77f970) - hardware/ti/dra7xx/camera/BaseCameraAdapter.cpp:2586 commitState - EXIT
01-01 00:02:23.854 176 1495 D CameraHal: (aa77f970) - hardware/ti/dra7xx/camera/BaseCameraAdapter.cpp:1124 sendCommand - EXIT
01-01 00:02:23.854 176 1495 D CameraHal: (aa77f970) + hardware/ti/dra7xx/camera/AppCallbackNotifier.cpp:1627 start - ENTER
01-01 00:02:23.854 176 1495 D CameraHal: (aa77f970) hardware/ti/dra7xx/camera/AppCallbackNotifier.cpp:1630 start - AppCallbackNotifier already running
01-01 00:02:23.854 176 1495 D CameraHal: (aa77f970) - hardware/ti/dra7xx/camera/AppCallbackNotifier.cpp:1631 start - EXIT
01-01 00:02:23.854 176 1495 D CameraHal: (aa77f970) hardware/ti/dra7xx/camera/CameraHal.cpp:2005 cameraPreviewInitialization - AppCallbackNotifier already running
01-01 00:02:23.854 176 1495 D CameraHal: (aa77f970) + hardware/ti/dra7xx/camera/AppCallbackNotifier.cpp:1301 startPreviewCallbacks - ENTER
01-01 00:02:23.854 176 1495 V CameraHal: (aa77f970) hardware/ti/dra7xx/camera/CameraHalCommon.cpp:162 getPixelFormatConstant - YUV420SP format selected
01-01 00:02:23.855 173 173 W /system/bin/hw/android.hidl.allocator@1.0-service: ashmem_create_region(12288000) returning hidl_memory(0xb4b98820, 12288000)
01-01 00:02:23.860 176 1495 D CameraHal: (aa77f970) + hardware/ti/dra7xx/camera/CameraHal.cpp:343 msgTypeEnabled - ENTER
01-01 00:02:23.860 176 1495 D CameraHal: (aa77f970) + hardware/ti/dra7xx/camera/CameraHal.cpp:2579 previewEnabled - ENTER
01-01 00:02:23.860 176 1495 D CameraHal: (aa77f970) - hardware/ti/dra7xx/camera/CameraHal.cpp:2579 previewEnabled - EXIT
01-01 00:02:23.860 176 1495 D CameraHal: (aa77f970) - hardware/ti/dra7xx/camera/CameraHal.cpp:351 msgTypeEnabled - EXIT
01-01 00:02:23.860 176 1495 D CameraHal: (aa77f970) + hardware/ti/dra7xx/camera/CameraHal.cpp:343 msgTypeEnabled - ENTER
01-01 00:02:23.860 176 1495 D CameraHal: (aa77f970) + hardware/ti/dra7xx/camera/CameraHal.cpp:2579 previewEnabled - ENTER
01-01 00:02:23.860 176 1495 D CameraHal: (aa77f970) - hardware/ti/dra7xx/camera/CameraHal.cpp:2579 previewEnabled - EXIT
01-01 00:02:23.860 176 1495 D CameraHal: (aa77f970) - hardware/ti/dra7xx/camera/CameraHal.cpp:351 msgTypeEnabled - EXIT
01-01 00:02:23.860 176 1495 D CameraHal: (aa77f970) - hardware/ti/dra7xx/camera/AppCallbackNotifier.cpp:1351 startPreviewCallbacks - EXIT
01-01 00:02:23.860 176 1495 D CameraHal: (aa77f970) - hardware/ti/dra7xx/camera/CameraHal.cpp:1872 cameraPreviewInitialization - EXIT
01-01 00:02:23.860 176 1495 D CameraHal: (aa77f970) hardware/ti/dra7xx/camera/CameraHal.cpp:1788 startPreview - Enabling display
01-01 00:02:23.860 176 1495 D CameraHal: (aa77f970) + hardware/ti/dra7xx/camera/ANativeWindowDisplayAdapter.cpp:292 enableDisplay - ENTER
01-01 00:02:23.860 176 1582 D CameraHal: (aa5ff970) + hardware/ti/dra7xx/camera/ANativeWindowDisplayAdapter.cpp:936 processHalMsg - ENTER
01-01 00:02:23.860 176 1582 D CameraHal: (aa5ff970) hardware/ti/dra7xx/camera/ANativeWindowDisplayAdapter.cpp:947 processHalMsg - Display thread received DISPLAY_START command from Camera HAL
01-01 00:02:23.860 176 1582 D CameraHal: (aa5ff970) hardware/ti/dra7xx/camera/ANativeWindowDisplayAdapter.cpp:992 processHalMsg - +Signalling display semaphore
01-01 00:02:23.860 176 1582 D CameraHal: (aa5ff970) hardware/ti/dra7xx/camera/ANativeWindowDisplayAdapter.cpp:997 processHalMsg - -Signalling display semaphore
01-01 00:02:23.860 176 1582 D CameraHal: (aa5ff970) - hardware/ti/dra7xx/camera/ANativeWindowDisplayAdapter.cpp:1001 processHalMsg - EXIT
01-01 00:02:23.860 176 1495 D CameraHal: (aa77f970) + hardware/ti/dra7xx/camera/CameraHalUtilClasses.cpp:33 enableFrameNotification - ENTER
01-01 00:02:23.860 176 1495 D CameraHal: (aa77f970) + hardware/ti/dra7xx/camera/BaseCameraAdapter.cpp:176 enableMsgType - ENTER
01-01 00:02:23.860 176 1495 V CameraHal: (aa77f970) hardware/ti/dra7xx/camera/BaseCameraAdapter.cpp:183 enableMsgType - Frame message type id=0x1 subscription request
01-01 00:02:23.861 176 1495 D CameraHal: (aa77f970) - hardware/ti/dra7xx/camera/BaseCameraAdapter.cpp:229 enableMsgType - EXIT
01-01 00:02:23.861 176 1495 D CameraHal: (aa77f970) - hardware/ti/dra7xx/camera/CameraHalUtilClasses.cpp:43 enableFrameNotification - EXIT
01-01 00:02:23.861 176 1495 D CameraHal: (aa77f970) + hardware/ti/dra7xx/camera/CameraHalUtilClasses.cpp:33 enableFrameNotification - ENTER
01-01 00:02:23.861 176 1495 D CameraHal: (aa77f970) + hardware/ti/dra7xx/camera/BaseCameraAdapter.cpp:176 enableMsgType - ENTER
01-01 00:02:23.861 176 1495 V CameraHal: (aa77f970) hardware/ti/dra7xx/camera/BaseCameraAdapter.cpp:183 enableMsgType - Frame message type id=0x200 subscription request
01-01 00:02:23.861 176 1495 D CameraHal: (aa77f970) - hardware/ti/dra7xx/camera/BaseCameraAdapter.cpp:229 enableMsgType - EXIT
01-01 00:02:23.861 176 1495 D CameraHal: (aa77f970) - hardware/ti/dra7xx/camera/CameraHalUtilClasses.cpp:43 enableFrameNotification - EXIT
01-01 00:02:23.861 176 1495 V CameraHal: (aa77f970) hardware/ti/dra7xx/camera/ANativeWindowDisplayAdapter.cpp:334 enableDisplay - mPreviewWidth = 1280 mPreviewHeight = 800
01-01 00:02:23.861 176 1495 D CameraHal: (aa77f970) - hardware/ti/dra7xx/camera/ANativeWindowDisplayAdapter.cpp:336 enableDisplay - EXIT
01-01 00:02:23.861 176 1495 D CameraHal: (aa77f970) hardware/ti/dra7xx/camera/CameraHal.cpp:1816 startPreview - Starting CameraAdapter preview mode
01-01 00:02:23.861 176 1495 D CameraHal: (aa77f970) + hardware/ti/dra7xx/camera/BaseCameraAdapter.cpp:410 sendCommand - ENTER
01-01 00:02:23.861 176 1495 D CameraHal: (aa77f970) hardware/ti/dra7xx/camera/BaseCameraAdapter.cpp:659 sendCommand - Start Preview
01-01 00:02:23.861 176 1495 D CameraHal: (aa77f970) + hardware/ti/dra7xx/camera/BaseCameraAdapter.cpp:1903 setState - ENTER
01-01 00:02:23.861 176 1495 D CameraHal: (aa77f970) hardware/ti/dra7xx/camera/BaseCameraAdapter.cpp:1955 setState - Adapter state switch LOADED_PREVIEW_STATE->PREVIEW_STATE event = CAMERA_START_PREVIEW
01-01 00:02:23.861 176 1495 D CameraHal: (aa77f970) - hardware/ti/dra7xx/camera/BaseCameraAdapter.cpp:2485 setState - EXIT
01-01 00:02:23.861 176 1495 D CameraHal: (aa77f970) + hardware/ti/dra7xx/camera/V4LCameraAdapter/V4LCameraAdapter.cpp:639 startPreview - ENTER
01-01 00:02:23.890 176 1495 D CameraHal: (aa77f970) + hardware/ti/dra7xx/camera/V4LCameraAdapter/V4LCameraAdapter.cpp:139 v4lStartStreaming - ENTER
01-01 00:02:23.890 176 1495 D CameraHal: (aa77f970) hardware/ti/dra7xx/camera/V4LCameraAdapter/V4LCameraAdapter.cpp:440 applyFpsValue - Actual FPS set is : 30.
01-01 00:02:23.894 176 1495 D CameraHal: (aa77f970) + hardware/ti/dra7xx/camera/V4LCameraAdapter/V4LCameraAdapter.cpp:767 GetFrame - ENTER
01-01 00:02:23.937 176 1495 D CameraHal: (aa77f970) - hardware/ti/dra7xx/camera/V4LCameraAdapter/V4LCameraAdapter.cpp:809 GetFrame - EXIT
01-01 00:02:23.937 176 1495 D CameraHal: (aa77f970) - hardware/ti/dra7xx/camera/V4LCameraAdapter/V4LCameraAdapter.cpp:167 v4lStartStreaming - EXIT
01-01 00:02:23.937 176 1495 D CameraHal: (aa77f970) hardware/ti/dra7xx/camera/V4LCameraAdapter/V4LCameraAdapter.cpp:688 startPreview - Created preview thread
01-01 00:02:23.937 176 1495 D CameraHal: (aa77f970) - hardware/ti/dra7xx/camera/V4LCameraAdapter/V4LCameraAdapter.cpp:696 startPreview - EXIT
01-01 00:02:23.937 176 1495 D CameraHal: (aa77f970) + hardware/ti/dra7xx/camera/BaseCameraAdapter.cpp:2580 commitState - ENTER
01-01 00:02:23.938 176 1495 D CameraHal: (aa77f970) - hardware/ti/dra7xx/camera/BaseCameraAdapter.cpp:2586 commitState - EXIT
01-01 00:02:23.938 176 1495 D CameraHal: (aa77f970) - hardware/ti/dra7xx/camera/BaseCameraAdapter.cpp:1124 sendCommand - EXIT
01-01 00:02:23.938 176 1495 D CameraHal: (aa77f970) hardware/ti/dra7xx/camera/CameraHal.cpp:1824 startPreview - Started preview
01-01 00:02:23.938 176 1495 D CameraHal: (aa77f970) - hardware/ti/dra7xx/camera/CameraHal.cpp:1755 startPreview - EXIT
01-01 00:02:23.938 176 1495 D CameraHal: (aa77f970) - hardware/ti/dra7xx/camera/CameraHal_Module.cpp:227 camera_start_preview - EXIT
01-01 00:02:23.939 176 1495 D CameraHal: (aa77f970) + hardware/ti/dra7xx/camera/CameraHal_Module.cpp:369 camera_cancel_auto_focus - ENTER
01-01 00:02:23.939 176 1495 D CameraHal: (aa77f970) + hardware/ti/dra7xx/camera/CameraHal.cpp:3027 cancelAutoFocus - ENTER
01-01 00:02:23.940 176 1495 D CameraHal: (aa77f970) + hardware/ti/dra7xx/camera/V4LCameraAdapter/V4LCameraAdapter.cpp:450 setParameters - ENTER
01-01 00:02:23.940 176 1495 D CameraHal: (aa77f970) - hardware/ti/dra7xx/camera/V4LCameraAdapter/V4LCameraAdapter.cpp:476 setParameters - EXIT
01-01 00:02:23.940 176 1495 D CameraHal: (aa77f970) + hardware/ti/dra7xx/camera/BaseCameraAdapter.cpp:410 sendCommand - ENTER
01-01 00:02:23.940 176 1495 D CameraHal: (aa77f970) + hardware/ti/dra7xx/camera/BaseCameraAdapter.cpp:1903 setState - ENTER
01-01 00:02:23.940 176 1495 D CameraHal: (aa77f970) hardware/ti/dra7xx/camera/BaseCameraAdapter.cpp:2037 setState - Adapter state switch PREVIEW_ACTIVE->PREVIEW_ACTIVE event = CAMERA_CANCEL_AUTOFOCUS
01-01 00:02:23.940 176 1495 D CameraHal: (aa77f970) - hardware/ti/dra7xx/camera/BaseCameraAdapter.cpp:2485 setState - EXIT
01-01 00:02:23.940 176 1495 D CameraHal: (aa77f970) + hardware/ti/dra7xx/camera/BaseCameraAdapter.cpp:1733 cancelAutoFocus - ENTER
