01-01 00:01:26.947 1045 1439 I MediaScanner: forcing rescan of /system/media/audio/ringtones/DancinFool.ogg since build fingerprint changed
01-01 00:01:26.967 1045 1439 I MediaScanner: forcing rescan of /system/media/audio/ringtones/Ding.ogg since build fingerprint changed
01-01 00:01:26.980 1045 1439 I MediaScanner: forcing rescan of /system/media/audio/ringtones/DonMessWivIt.ogg since build fingerprint changed
01-01 00:01:26.998 1045 1439 I MediaScanner: forcing rescan of /system/media/audio/ringtones/Draco.ogg since build fingerprint changed
01-01 00:01:27.015 1045 1439 I MediaScanner: forcing rescan of /system/media/audio/ringtones/DreamTheme.ogg since build fingerprint changed
01-01 00:01:27.045 1045 1439 I MediaScanner: forcing rescan of /system/media/audio/ringtones/Eastern_Sky.ogg since build fingerprint changed
01-01 00:01:27.064 1045 1439 I MediaScanner: forcing rescan of /system/media/audio/ringtones/Enter_the_Nexus.ogg since build fingerprint changed
01-01 00:01:27.084 1045 1439 I MediaScanner: forcing rescan of /system/media/audio/ringtones/Eridani.ogg since build fingerprint changed
01-01 00:01:27.100 1045 1439 I MediaScanner: forcing rescan of /system/media/audio/ringtones/EtherShake.ogg since build fingerprint changed
01-01 00:01:27.130 1045 1439 I MediaScanner: forcing rescan of /system/media/audio/ringtones/FreeFlight.ogg since build fingerprint changed
01-01 00:01:27.159 1045 1439 I MediaScanner: forcing rescan of /system/media/audio/ringtones/FriendlyGhost.ogg since build fingerprint changed
01-01 00:01:27.184 1045 1439 I MediaScanner: forcing rescan of /system/media/audio/ringtones/Funk_Yall.ogg since build fingerprint changed
01-01 00:01:27.204 1045 1439 I MediaScanner: forcing rescan of /system/media/audio/ringtones/GameOverGuitar.ogg since build fingerprint changed
01-01 00:01:27.227 1045 1439 I MediaScanner: forcing rescan of /system/media/audio/ringtones/Gimme_Mo_Town.ogg since build fingerprint changed
01-01 00:01:27.247 1045 1439 I MediaScanner: forcing rescan of /system/media/audio/ringtones/Girtab.ogg since build fingerprint changed
01-01 00:01:27.266 1045 1439 I MediaScanner: forcing rescan of /system/media/audio/ringtones/Glacial_Groove.ogg since build fingerprint changed
01-01 00:01:27.288 1045 1439 I MediaScanner: forcing rescan of /system/media/audio/ringtones/Growl.ogg since build fingerprint changed
01-01 00:01:27.307 1045 1439 I MediaScanner: forcing rescan of /system/media/audio/ringtones/HalfwayHome.ogg since build fingerprint changed
01-01 00:01:27.329 1045 1439 I MediaScanner: forcing rescan of /system/media/audio/ringtones/Hydra.ogg since build fingerprint changed
01-01 00:01:27.346 1045 1439 I MediaScanner: forcing rescan of /system/media/audio/ringtones/InsertCoin.ogg since build fingerprint changed
01-01 00:01:27.365 1045 1439 I MediaScanner: forcing rescan of /system/media/audio/ringtones/Kuma.ogg since build fingerprint changed
01-01 00:01:27.407 1045 1439 I MediaScanner: forcing rescan of /system/media/audio/ringtones/LoopyLounge.ogg since build fingerprint changed
01-01 00:01:27.428 1045 1439 I MediaScanner: forcing rescan of /system/media/audio/ringtones/LoveFlute.ogg since build fingerprint changed
01-01 00:01:27.445 1045 1439 I MediaScanner: forcing rescan of /system/media/audio/ringtones/Lyra.ogg since build fingerprint changed
01-01 00:01:27.462 1045 1439 I MediaScanner: forcing rescan of /system/media/audio/ringtones/Machina.ogg since build fingerprint changed
01-01 00:01:27.479 1045 1439 I MediaScanner: forcing rescan of /system/media/audio/ringtones/MidEvilJaunt.ogg since build fingerprint changed
01-01 00:01:27.494 1045 1439 I MediaScanner: forcing rescan of /system/media/audio/ringtones/MildlyAlarming.ogg since build fingerprint changed
01-01 00:01:27.511 1045 1439 I MediaScanner: forcing rescan of /system/media/audio/ringtones/Nairobi.ogg since build fingerprint changed
01-01 00:01:27.527 1045 1439 I MediaScanner: forcing rescan of /system/media/audio/ringtones/Nassau.ogg since build fingerprint changed
01-01 00:01:27.546 1045 1439 I MediaScanner: forcing rescan of /system/media/audio/ringtones/NewPlayer.ogg since build fingerprint changed
01-01 00:01:27.571 1045 1439 I MediaScanner: forcing rescan of /system/media/audio/ringtones/No_Limits.ogg since build fingerprint changed
01-01 00:01:27.588 1045 1439 I MediaScanner: forcing rescan of /system/media/audio/ringtones/Noises1.ogg since build fingerprint changed
01-01 00:01:27.612 1045 1439 I MediaScanner: forcing rescan of /system/media/audio/ringtones/Noises2.ogg since build fingerprint changed
01-01 00:01:27.631 1045 1439 I MediaScanner: forcing rescan of /system/media/audio/ringtones/Noises3.ogg since build fingerprint changed
01-01 00:01:27.647 1045 1439 I MediaScanner: forcing rescan of /system/media/audio/ringtones/OrganDub.ogg since build fingerprint changed
01-01 00:01:27.670 1045 1439 I MediaScanner: forcing rescan of /system/media/audio/ringtones/Orion.ogg since build fingerprint changed
01-01 00:01:27.701 1045 1439 I MediaScanner: forcing rescan of /system/media/audio/ringtones/PERSEUS.ogg since build fingerprint changed
01-01 00:01:27.728 1045 1439 I MediaScanner: forcing rescan of /system/media/audio/ringtones/Paradise_Island.ogg since build fingerprint changed
01-01 00:01:27.747 1045 1439 I MediaScanner: forcing rescan of /system/media/audio/ringtones/Pegasus.ogg since build fingerprint changed
01-01 00:01:27.772 1045 1439 I MediaScanner: forcing rescan of /system/media/audio/ringtones/Perseus.ogg since build fingerprint changed
01-01 00:01:27.807 1045 1439 I MediaScanner: forcing rescan of /system/media/audio/ringtones/Playa.ogg since build fingerprint changed
01-01 00:01:27.829 1045 1439 I MediaScanner: forcing rescan of /system/media/audio/ringtones/Pyxis.ogg since build fingerprint changed
01-01 00:01:27.844 1045 1439 I MediaScanner: forcing rescan of /system/media/audio/ringtones/Rasalas.ogg since build fingerprint changed
01-01 00:01:27.876 1045 1439 I MediaScanner: forcing rescan of /system/media/audio/ringtones/Revelation.ogg since build fingerprint changed
01-01 00:01:27.895 1045 1439 I MediaScanner: forcing rescan of /system/media/audio/ringtones/Rigel.ogg since build fingerprint changed
01-01 00:01:27.921 1045 1439 I MediaScanner: forcing rescan of /system/media/audio/ringtones/Ring_Classic_02.ogg since build fingerprint changed
01-01 00:01:27.941 1045 1439 I MediaScanner: forcing rescan of /system/media/audio/ringtones/Ring_Digital_02.ogg since build fingerprint changed
01-01 00:01:27.955 1045 1439 I MediaScanner: forcing rescan of /system/media/audio/ringtones/Ring_Synth_02.ogg since build fingerprint changed
01-01 00:01:27.974 1045 1439 W MediaScanner: forcing rescan of /system/media/audio/ringtones/Ring_Synth_04.oggsince ringtone setting didn't finish
01-01 00:01:27.992 1045 1439 W MediaProvider: Missing volume for /system/media/audio/ringtones; assuming invalid
01-01 00:01:28.002 1045 1439 W MediaProvider: Missing volume for /system/media/audio/notifications/pizzicato.ogg; assuming invalid
01-01 00:01:28.005 1045 1439 W MediaProvider: Missing volume for /system/media/audio/notifications/regulus.ogg; assuming invalid
01-01 00:01:28.007 1045 1439 W MediaProvider: Missing volume for /system/media/audio/notifications/sirius.ogg; assuming invalid
01-01 00:01:28.011 1045 1439 W MediaProvider: Missing volume for /system/media/audio/notifications/tweeters.ogg; assuming invalid
01-01 00:01:28.016 1045 1439 W MediaProvider: Missing volume for /system/media/audio/ringtones/ANDROMEDA.ogg; assuming invalid
01-01 00:01:28.019 1045 1439 W MediaProvider: Missing volume for /system/media/audio/ringtones/Andromeda.ogg; assuming invalid
01-01 00:01:28.021 1045 1439 E SQLiteDatabase: Error inserting title_key parent=98 is_music=false title=Andromeda _size=24973 duration=3000 bucket_id=293500348 is_alarm=false album_artist=null media_type=2 storage_id=0 is_notification=false track=0 bucket_display_name=ringtones _data=/system/media/audio/ringtones/Andromeda.ogg is_drm=false _display_name=Andromeda.ogg composer=null format=47362 is_ringtone=true artist_id=1 is_podcast=false date_added=88 date_modified=1512244732 mime_type=application/ogg album_id=4
01-01 00:01:28.021 1045 1439 E SQLiteDatabase: android.database.sqlite.SQLiteConstraintException: UNIQUE constraint failed: files._data (code 2067)
01-01 00:01:28.021 1045 1439 E SQLiteDatabase: at android.database.sqlite.SQLiteConnection.nativeExecuteForLastInsertedRowId(Native Method)
01-01 00:01:28.021 1045 1439 E SQLiteDatabase: at android.database.sqlite.SQLiteConnection.executeForLastInsertedRowId(SQLiteConnection.java:782)
01-01 00:01:28.021 1045 1439 E SQLiteDatabase: at android.database.sqlite.SQLiteSession.executeForLastInsertedRowId(SQLiteSession.java:788)
01-01 00:01:28.021 1045 1439 E SQLiteDatabase: at android.database.sqlite.SQLiteStatement.executeInsert(SQLiteStatement.java:86)
01-01 00:01:28.021 1045 1439 E SQLiteDatabase: at android.database.sqlite.SQLiteDatabase.insertWithOnConflict(SQLiteDatabase.java:1474)
01-01 00:01:28.021 1045 1439 E SQLiteDatabase: at android.database.sqlite.SQLiteDatabase.insert(SQLiteDatabase.java:1343)
01-01 00:01:28.021 1045 1439 E SQLiteDatabase: at com.android.providers.media.MediaProvider.insertFile(MediaProvider.java:2260)
01-01 00:01:28.021 1045 1439 E SQLiteDatabase: at com.android.providers.media.MediaProvider.insertInternal(MediaProvider.java:2493)
01-01 00:01:28.021 1045 1439 E SQLiteDatabase: at com.android.providers.media.MediaProvider.bulkInsert(MediaProvider.java:1866)
01-01 00:01:28.021 1045 1439 E SQLiteDatabase: at android.content.ContentProvider$Transport.bulkInsert(ContentProvider.java:282)
01-01 00:01:28.021 1045 1439 E SQLiteDatabase: at android.content.ContentProviderClient.bulkInsert(ContentProviderClient.java:290)
01-01 00:01:28.021 1045 1439 E SQLiteDatabase: at android.media.MediaInserter.flush(MediaInserter.java:91)
01-01 00:01:28.021 1045 1439 E SQLiteDatabase: at android.media.MediaInserter.flushAll(MediaInserter.java:74)
01-01 00:01:28.021 1045 1439 E SQLiteDatabase: at android.media.MediaScanner$MyMediaScannerClient.endFile(MediaScanner.java:1053)
01-01 00:01:28.021 1045 1439 E SQLiteDatabase: at android.media.MediaScanner$MyMediaScannerClient.doScanFile(MediaScanner.java:653)
01-01 00:01:28.021 1045 1439 E SQLiteDatabase: at android.media.MediaScanner$MyMediaScannerClient.scanFile(MediaScanner.java:580)
01-01 00:01:28.021 1045 1439 E SQLiteDatabase: at android.media.MediaScanner.processDirectory(Native Method)
01-01 00:01:28.021 1045 1439 E SQLiteDatabase: at android.media.MediaScanner.scanDirectories(MediaScanner.java:1403)
01-01 00:01:28.021 1045 1439 E SQLiteDatabase: at com.android.providers.media.MediaScannerService.scan(MediaScannerService.java:82)
01-01 00:01:28.021 1045 1439 E SQLiteDatabase: at com.android.providers.media.MediaScannerService.-wrap1(Unknown Source:0)
01-01 00:01:28.021 1045 1439 E SQLiteDatabase: at com.android.providers.media.MediaScannerService$ServiceHandler.handleMessage(MediaScannerService.java:252)
01-01 00:01:28.021 1045 1439 E SQLiteDatabase: at android.os.Handler.dispatchMessage(Handler.java:105)
01-01 00:01:28.021 1045 1439 E SQLiteDatabase: at android.os.Looper.loop(Looper.java:164)
01-01 00:01:28.021 1045 1439 E SQLiteDatabase: at com.android.providers.media.MediaScannerService.run(MediaScannerService.java:161)
01-01 00:01:28.021 1045 1439 E SQLiteDatabase: at java.lang.Thread.run(Thread.java:764)
01-01 00:01:28.024 1045 1439 W MediaProvider: Missing volume for /system/media/audio/ringtones/Aquila.ogg; assuming invalid
01-01 00:01:28.027 233 810 E MetadataRetrieverClient: failed to extract an album art
01-01 00:01:28.030 1045 1439 W MediaProvider: Missing volume for /system/media/audio/ringtones/ArgoNavis.ogg; assuming invalid
01-01 00:01:28.032 1045 1439 W MediaProvider: Missing volume for /system/media/audio/ringtones/Atria.ogg; assuming invalid
01-01 00:01:28.035 1045 1439 W MediaProvider: Missing volume for /system/media/audio/ringtones/BOOTES.ogg; assuming invalid
01-01 00:01:28.038 1045 1439 W MediaProvider: Missing volume for /system/media/audio/ringtones/Backroad.ogg; assuming invalid
01-01 00:01:28.040 1045 1439 W MediaProvider: Missing volume for /system/media/audio/ringtones/BeatPlucker.ogg; assuming invalid
01-01 00:01:28.042 1045 1439 W MediaProvider: Missing volume for /system/media/audio/ringtones/BentleyDubs.ogg; assuming invalid
01-01 00:01:28.044 1045 1439 W MediaProvider: Missing volume for /system/media/audio/ringtones/Big_Easy.ogg; assuming invalid
01-01 00:01:28.046 1045 1439 W MediaProvider: Missing volume for /system/media/audio/ringtones/BirdLoop.ogg; assuming invalid
01-01 00:01:28.048 1045 1439 W MediaProvider: Missing volume for /system/media/audio/ringtones/Bollywood.ogg; assuming invalid
01-01 00:01:28.050 1045 1439 W MediaProvider: Missing volume for /system/media/audio/ringtones/BussaMove.ogg; assuming invalid
01-01 00:01:28.052 1045 1439 W MediaProvider: Missing volume for /system/media/audio/ringtones/CANISMAJOR.ogg; assuming invalid
01-01 00:01:28.053 1045 1439 W MediaProvider: Missing volume for /system/media/audio/ringtones/CASSIOPEIA.ogg; assuming invalid
01-01 00:01:28.055 1045 1439 W MediaProvider: Missing volume for /system/media/audio/ringtones/Cairo.ogg; assuming invalid
01-01 00:01:28.057 1045 1439 W MediaProvider: Missing volume for /system/media/audio/ringtones/Calypso_Steel.ogg; assuming invalid
01-01 00:01:28.060 1045 1439 W MediaProvider: Missing volume for /system/media/audio/ringtones/CanisMajor.ogg; assuming invalid
01-01 00:01:28.068 1045 1439 E SQLiteDatabase: Error inserting title_key parent=98 is_music=false title=Canis Major _size=31133 duration=3498 bucket_id=293500348 is_alarm=false album_artist=null media_type=2 storage_id=0 is_notification=false track=0 bucket_display_name=ringtones _data=/system/media/audio/ringtones/CanisMajor.ogg is_drm=false _display_name=CanisMajor.ogg composer=null format=47362 is_ringtone=true artist_id=1 is_podcast=false date_added=88 date_modified=1512244732 mime_type=application/ogg album_id=4
01-01 00:01:28.068 1045 1439 E SQLiteDatabase: android.database.sqlite.SQLiteConstraintException: UNIQUE constraint failed: files._data (code 2067)
01-01 00:01:28.068 1045 1439 E SQLiteDatabase: at android.database.sqlite.SQLiteConnection.nativeExecuteForLastInsertedRowId(Native Method)
01-01 00:01:28.068 1045 1439 E SQLiteDatabase: at android.database.sqlite.SQLiteConnection.executeForLastInsertedRowId(SQLiteConnection.java:782)
01-01 00:01:28.068 1045 1439 E SQLiteDatabase: at android.database.sqlite.SQLiteSession.executeForLastInsertedRowId(SQLiteSession.java:788)
01-01 00:01:28.068 1045 1439 E SQLiteDatabase: at android.database.sqlite.SQLiteStatement.executeInsert(SQLiteStatement.java:86)
01-01 00:01:28.068 1045 1439 E SQLiteDatabase: at android.database.sqlite.SQLiteDatabase.insertWithOnConflict(SQLiteDatabase.java:1474)
01-01 00:01:28.068 1045 1439 E SQLiteDatabase: at android.database.sqlite.SQLiteDatabase.insert(SQLiteDatabase.java:1343)
01-01 00:01:28.068 1045 1439 E SQLiteDatabase: at com.android.providers.media.MediaProvider.insertFile(MediaProvider.java:2260)
01-01 00:01:28.068 1045 1439 E SQLiteDatabase: at com.android.providers.media.MediaProvider.insertInternal(MediaProvider.java:2493)
01-01 00:01:28.068 1045 1439 E SQLiteDatabase: at com.android.providers.media.MediaProvider.bulkInsert(MediaProvider.java:1866)
01-01 00:01:28.068 1045 1439 E SQLiteDatabase: at android.content.ContentProvider$Transport.bulkInsert(ContentProvider.java:282)
01-01 00:01:28.068 1045 1439 E SQLiteDatabase: at android.content.ContentProviderClient.bulkInsert(ContentProviderClient.java:290)
01-01 00:01:28.068 1045 1439 E SQLiteDatabase: at android.media.MediaInserter.flush(MediaInserter.java:91)
01-01 00:01:28.068 1045 1439 E SQLiteDatabase: at android.media.MediaInserter.flushAll(MediaInserter.java:74)
01-01 00:01:28.068 1045 1439 E SQLiteDatabase: at android.media.MediaScanner$MyMediaScannerClient.endFile(MediaScanner.java:1053)
01-01 00:01:28.068 1045 1439 E SQLiteDatabase: at android.media.MediaScanner$MyMediaScannerClient.doScanFile(MediaScanner.java:653)
01-01 00:01:28.068 1045 1439 E SQLiteDatabase: at android.media.MediaScanner$MyMediaScannerClient.scanFile(MediaScanner.java:580)
01-01 00:01:28.068 1045 1439 E SQLiteDatabase: at android.media.MediaScanner.processDirectory(Native Method)
01-01 00:01:28.068 1045 1439 E SQLiteDatabase: at android.media.MediaScanner.scanDirectories(MediaScanner.java:1403)
01-01 00:01:28.068 1045 1439 E SQLiteDatabase: at com.android.providers.media.MediaScannerService.scan(MediaScannerService.java:82)
01-01 00:01:28.068 1045 1439 E SQLiteDatabase: at com.android.providers.media.MediaScannerService.-wrap1(Unknown Source:0)
01-01 00:01:28.068 1045 1439 E SQLiteDatabase: at com.android.providers.media.MediaScannerService$ServiceHandler.handleMessage(MediaScannerService.java:252)
01-01 00:01:28.068 1045 1439 E SQLiteDatabase: at android.os.Handler.dispatchMessage(Handler.java:105)
01-01 00:01:28.068 1045 1439 E SQLiteDatabase: at android.os.Looper.loop(Looper.java:164)
01-01 00:01:28.068 1045 1439 E SQLiteDatabase: at com.android.providers.media.MediaScannerService.run(MediaScannerService.java:161)
01-01 00:01:28.068 1045 1439 E SQLiteDatabase: at java.lang.Thread.run(Thread.java:764)
01-01 00:01:28.071 1045 1439 W MediaProvider: Missing volume for /system/media/audio/ringtones/CaribbeanIce.ogg; assuming invalid
01-01 00:01:28.075 1045 1439 W MediaProvider: Missing volume for /system/media/audio/ringtones/Carina.ogg; assuming invalid
01-01 00:01:28.079 1045 1439 W MediaProvider: Missing volume for /system/media/audio/ringtones/Centaurus.ogg; assuming invalid
01-01 00:01:28.082 1045 1439 W MediaProvider: Missing volume for /system/media/audio/ringtones/Champagne_Edition.ogg; assuming invalid
01-01 00:01:28.084 1045 1439 W MediaProvider: Missing volume for /system/media/audio/ringtones/Club_Cubano.ogg; assuming invalid
01-01 00:01:28.087 1045 1439 W MediaProvider: Missing volume for /system/media/audio/ringtones/CrayonRock.ogg; assuming invalid
01-01 00:01:28.090 1045 1439 W MediaProvider: Missing volume for /system/media/audio/ringtones/CrazyDream.ogg; assuming invalid
01-01 00:01:28.092 1045 1439 W MediaProvider: Missing volume for /system/media/audio/ringtones/CurveBall.ogg; assuming invalid
01-01 00:01:28.095 1045 1439 W MediaProvider: Missing volume for /system/media/audio/ringtones/Cygnus.ogg; assuming invalid
01-01 00:01:28.098 1045 1439 W MediaProvider: Missing volume for /system/media/audio/ringtones/DancinFool.ogg; assuming invalid
01-01 00:01:28.100 1045 1439 W MediaProvider: Missing volume for /system/media/audio/ringtones/Ding.ogg; assuming invalid
01-01 00:01:28.102 1045 1439 W MediaProvider: Missing volume for /system/media/audio/ringtones/DonMessWivIt.ogg; assuming invalid
01-01 00:01:28.105 1045 1439 W MediaProvider: Missing volume for /system/media/audio/ringtones/Draco.ogg; assuming invalid
01-01 00:01:28.108 1045 1439 W MediaProvider: Missing volume for /system/media/audio/ringtones/DreamTheme.ogg; assuming invalid
01-01 00:01:28.110 1045 1439 W MediaProvider: Missing volume for /system/media/audio/ringtones/Eastern_Sky.ogg; assuming invalid
01-01 00:01:28.112 1045 1439 W MediaProvider: Missing volume for /system/media/audio/ringtones/Enter_the_Nexus.ogg; assuming invalid
01-01 00:01:28.115 1045 1439 W MediaProvider: Missing volume for /system/media/audio/ringtones/Eridani.ogg; assuming invalid
01-01 00:01:28.117 1045 1439 W MediaProvider: Missing volume for /system/media/audio/ringtones/EtherShake.ogg; assuming invalid
01-01 00:01:28.119 1045 1439 W MediaProvider: Missing volume for /system/media/audio/ringtones/FreeFlight.ogg; assuming invalid
01-01 00:01:28.122 1045 1439 W MediaProvider: Missing volume for /system/media/audio/ringtones/FriendlyGhost.ogg; assuming invalid
01-01 00:01:28.124 1045 1439 W MediaProvider: Missing volume for /system/media/audio/ringtones/Funk_Yall.ogg; assuming invalid
01-01 00:01:28.126 1045 1439 W MediaProvider: Missing volume for /system/media/audio/ringtones/GameOverGuitar.ogg; assuming invalid
01-01 00:01:28.128 1045 1439 W MediaProvider: Missing volume for /system/media/audio/ringtones/Gimme_Mo_Town.ogg; assuming invalid
01-01 00:01:28.131 1045 1439 W MediaProvider: Missing volume for /system/media/audio/ringtones/Girtab.ogg; assuming invalid
01-01 00:01:28.133 1045 1439 W MediaProvider: Missing volume for /system/media/audio/ringtones/Glacial_Groove.ogg; assuming invalid
01-01 00:01:28.136 1045 1439 W MediaProvider: Missing volume for /system/media/audio/ringtones/Growl.ogg; assuming invalid
01-01 00:01:28.138 1045 1439 W MediaProvider: Missing volume for /system/media/audio/ringtones/HalfwayHome.ogg; assuming invalid
01-01 00:01:28.141 1045 1439 W MediaProvider: Missing volume for /system/media/audio/ringtones/Hydra.ogg; assuming invalid
01-01 00:01:28.143 1045 1439 W MediaProvider: Missing volume for /system/media/audio/ringtones/InsertCoin.ogg; assuming invalid
01-01 00:01:28.146 1045 1439 W MediaProvider: Missing volume for /system/media/audio/ringtones/Kuma.ogg; assuming invalid
01-01 00:01:28.148 1045 1439 W MediaProvider: Missing volume for /system/media/audio/ringtones/LoopyLounge.ogg; assuming invalid
01-01 00:01:28.150 1045 1439 W MediaProvider: Missing volume for /system/media/audio/ringtones/LoveFlute.ogg; assuming invalid
01-01 00:01:28.153 1045 1439 W MediaProvider: Missing volume for /system/media/audio/ringtones/Lyra.ogg; assuming invalid
01-01 00:01:28.155 1045 1439 W MediaProvider: Missing volume for /system/media/audio/ringtones/Machina.ogg; assuming invalid
01-01 00:01:28.158 1045 1439 W MediaProvider: Missing volume for /system/media/audio/ringtones/MidEvilJaunt.ogg; assuming invalid
01-01 00:01:28.160 1045 1439 W MediaProvider: Missing volume for /system/media/audio/ringtones/MildlyAlarming.ogg; assuming invalid
01-01 00:01:28.162 1045 1439 W MediaProvider: Missing volume for /system/media/audio/ringtones/Nairobi.ogg; assuming invalid
01-01 00:01:28.165 1045 1439 W MediaProvider: Missing volume for /system/media/audio/ringtones/Nassau.ogg; assuming invalid
01-01 00:01:28.167 1045 1439 W MediaProvider: Missing volume for /system/media/audio/ringtones/NewPlayer.ogg; assuming invalid
01-01 00:01:28.169 1045 1439 W MediaProvider: Missing volume for /system/media/audio/ringtones/No_Limits.ogg; assuming invalid
01-01 00:01:28.171 1045 1439 W MediaProvider: Missing volume for /system/media/audio/ringtones/Noises1.ogg; assuming invalid
01-01 00:01:28.173 1045 1439 W MediaProvider: Missing volume for /system/media/audio/ringtones/Noises2.ogg; assuming invalid
01-01 00:01:28.176 1045 1439 W MediaProvider: Missing volume for /system/media/audio/ringtones/Noises3.ogg; assuming invalid
01-01 00:01:28.178 1045 1439 W MediaProvider: Missing volume for /system/media/audio/ringtones/OrganDub.ogg; assuming invalid
01-01 00:01:28.181 1045 1439 W MediaProvider: Missing volume for /system/media/audio/ringtones/Orion.ogg; assuming invalid
01-01 00:01:28.185 1045 1439 W MediaProvider: Missing volume for /system/media/audio/ringtones/PERSEUS.ogg; assuming invalid
01-01 00:01:28.188 1045 1439 W MediaProvider: Missing volume for /system/media/audio/ringtones/Paradise_Island.ogg; assuming invalid
01-01 00:01:28.191 1045 1439 W MediaProvider: Missing volume for /system/media/audio/ringtones/Pegasus.ogg; assuming invalid
01-01 00:01:28.194 1045 1439 W MediaProvider: Missing volume for /system/media/audio/ringtones/Perseus.ogg; assuming invalid
01-01 00:01:28.196 1045 1439 E SQLiteDatabase: Error inserting title_key parent=98 is_music=false title=Perseus _size=236343 duration=10170 bucket_id=293500348 is_alarm=false album_artist=null media_type=2 storage_id=0 is_notification=false track=0 bucket_display_name=ringtones _data=/system/media/audio/ringtones/Perseus.ogg is_drm=false _display_name=Perseus.ogg composer=null format=47362 is_ringtone=true artist_id=1 is_podcast=false date_added=88 date_modified=1512244732 mime_type=application/ogg album_id=4
01-01 00:01:28.196 1045 1439 E SQLiteDatabase: android.database.sqlite.SQLiteConstraintException: UNIQUE constraint failed: files._data (code 2067)
01-01 00:01:28.196 1045 1439 E SQLiteDatabase: at android.database.sqlite.SQLiteConnection.nativeExecuteForLastInsertedRowId(Native Method)
01-01 00:01:28.196 1045 1439 E SQLiteDatabase: at android.database.sqlite.SQLiteConnection.executeForLastInsertedRowId(SQLiteConnection.java:782)
01-01 00:01:28.196 1045 1439 E SQLiteDatabase: at android.database.sqlite.SQLiteSession.executeForLastInsertedRowId(SQLiteSession.java:788)
01-01 00:01:28.196 1045 1439 E SQLiteDatabase: at android.database.sqlite.SQLiteStatement.executeInsert(SQLiteStatement.java:86)
01-01 00:01:28.196 1045 1439 E SQLiteDatabase: at android.database.sqlite.SQLiteDatabase.insertWithOnConflict(SQLiteDatabase.java:1474)
01-01 00:01:28.196 1045 1439 E SQLiteDatabase: at android.database.sqlite.SQLiteDatabase.insert(SQLiteDatabase.java:1343)
01-01 00:01:28.196 1045 1439 E SQLiteDatabase: at com.android.providers.media.MediaProvider.insertFile(MediaProvider.java:2260)
01-01 00:01:28.196 1045 1439 E SQLiteDatabase: at com.android.providers.media.MediaProvider.insertInternal(MediaProvider.java:2493)
01-01 00:01:28.196 1045 1439 E SQLiteDatabase: at com.android.providers.media.MediaProvider.bulkInsert(MediaProvider.java:1866)
01-01 00:01:28.196 1045 1439 E SQLiteDatabase: at android.content.ContentProvider$Transport.bulkInsert(ContentProvider.java:282)
01-01 00:01:28.196 1045 1439 E SQLiteDatabase: at android.content.ContentProviderClient.bulkInsert(ContentProviderClient.java:290)
01-01 00:01:28.196 1045 1439 E SQLiteDatabase: at android.media.MediaInserter.flush(MediaInserter.java:91)
01-01 00:01:28.196 1045 1439 E SQLiteDatabase: at android.media.MediaInserter.flushAll(MediaInserter.java:74)
01-01 00:01:28.196 1045 1439 E SQLiteDatabase: at android.media.MediaScanner$MyMediaScannerClient.endFile(MediaScanner.java:1053)
01-01 00:01:28.196 1045 1439 E SQLiteDatabase: at android.media.MediaScanner$MyMediaScannerClient.doScanFile(MediaScanner.java:653)
01-01 00:01:28.196 1045 1439 E SQLiteDatabase: at android.media.MediaScanner$MyMediaScannerClient.scanFile(MediaScanner.java:580)
01-01 00:01:28.196 1045 1439 E SQLiteDatabase: at android.media.MediaScanner.processDirectory(Native Method)
01-01 00:01:28.196 1045 1439 E SQLiteDatabase: at android.media.MediaScanner.scanDirectories(MediaScanner.java:1403)
01-01 00:01:28.196 1045 1439 E SQLiteDatabase: at com.android.providers.media.MediaScannerService.scan(MediaScannerService.java:82)
01-01 00:01:28.196 1045 1439 E SQLiteDatabase: at com.android.providers.media.MediaScannerService.-wrap1(Unknown Source:0)
01-01 00:01:28.196 1045 1439 E SQLiteDatabase: at com.android.providers.media.MediaScannerService$ServiceHandler.handleMessage(MediaScannerService.java:252)
01-01 00:01:28.196 1045 1439 E SQLiteDatabase: at android.os.Handler.dispatchMessage(Handler.java:105)
01-01 00:01:28.196 1045 1439 E SQLiteDatabase: at android.os.Looper.loop(Looper.java:164)
01-01 00:01:28.196 1045 1439 E SQLiteDatabase: at com.android.providers.media.MediaScannerService.run(MediaScannerService.java:161)
01-01 00:01:28.196 1045 1439 E SQLiteDatabase: at java.lang.Thread.run(Thread.java:764)
01-01 00:01:28.205 1045 1439 W MediaProvider: Missing volume for /system/media/audio/ringtones/Playa.ogg; assuming invalid
01-01 00:01:28.211 1045 1439 W MediaProvider: Missing volume for /system/media/audio/ringtones/Pyxis.ogg; assuming invalid
01-01 00:01:28.218 1045 1439 W MediaProvider: Missing volume for /system/media/audio/ringtones/Rasalas.ogg; assuming invalid
01-01 00:01:28.223 1045 1439 W MediaProvider: Missing volume for /system/media/audio/ringtones/Revelation.ogg; assuming invalid
01-01 00:01:28.229 233 306 E MetadataRetrieverClient: failed to extract an album art
01-01 00:01:28.232 1045 1439 W MediaProvider: Missing volume for /system/media/audio/ringtones/Rigel.ogg; assuming invalid
01-01 00:01:28.234 1045 1439 W MediaProvider: Missing volume for /system/media/audio/ringtones/Ring_Classic_02.ogg; assuming invalid
01-01 00:01:28.237 1045 1439 W MediaProvider: Missing volume for /system/media/audio/ringtones/Ring_Digital_02.ogg; assuming invalid
01-01 00:01:28.239 1045 1439 W MediaProvider: Missing volume for /system/media/audio/ringtones/Ring_Synth_02.ogg; assuming invalid
01-01 00:01:28.602 1045 1439 W MediaProvider: Missing volume for /system/media/audio/ringtones/Ring_Synth_04.ogg; assuming invalid
01-01 00:01:28.624 1045 1439 I MediaScanner: forcing rescan of /system/media/audio/ringtones/Road_Trip.ogg since build fingerprint changed
01-01 00:01:28.644 1045 1439 I MediaScanner: forcing rescan of /system/media/audio/ringtones/RomancingTheTone.ogg since build fingerprint changed
01-01 00:01:28.661 1045 1439 I MediaScanner: forcing rescan of /system/media/audio/ringtones/Safari.ogg since build fingerprint changed
01-01 00:01:28.679 1045 1439 I MediaScanner: forcing rescan of /system/media/audio/ringtones/Savannah.ogg since build fingerprint changed
01-01 00:01:28.708 1045 1439 I MediaScanner: forcing rescan of /system/media/audio/ringtones/Scarabaeus.ogg since build fingerprint changed
01-01 00:01:28.752 1045 1439 I MediaScanner: forcing rescan of /system/media/audio/ringtones/Sceptrum.ogg since build fingerprint changed
01-01 00:01:28.795 1045 1439 I MediaScanner: forcing rescan of /system/media/audio/ringtones/Seville.ogg since build fingerprint changed
01-01 00:01:28.815 1045 1439 I MediaScanner: forcing rescan of /system/media/audio/ringtones/Shes_All_That.ogg since build fingerprint changed
01-01 00:01:28.832 1045 1439 I MediaScanner: forcing rescan of /system/media/audio/ringtones/SilkyWay.ogg since build fingerprint changed
01-01 00:01:28.851 1045 1439 I MediaScanner: forcing rescan of /system/media/audio/ringtones/SitarVsSitar.ogg since build fingerprint changed
01-01 00:01:28.884 1045 1439 I MediaScanner: forcing rescan of /system/media/audio/ringtones/Solarium.ogg since build fingerprint changed
01-01 00:01:28.908 1045 1439 I MediaScanner: forcing rescan of /system/media/audio/ringtones/SpringyJalopy.ogg since build fingerprint changed
01-01 00:01:28.931 1045 1439 I MediaScanner: forcing rescan of /system/media/audio/ringtones/Steppin_Out.ogg since build fingerprint changed
01-01 00:01:28.947 1045 1439 I MediaScanner: forcing rescan of /system/media/audio/ringtones/Terminated.ogg since build fingerprint changed
01-01 00:01:28.964 1045 1439 I MediaScanner: forcing rescan of /system/media/audio/ringtones/Testudo.ogg since build fingerprint changed
01-01 00:01:28.986 1045 1439 I MediaScanner: forcing rescan of /system/media/audio/ringtones/Themos.ogg since build fingerprint changed
01-01 00:01:29.017 1045 1439 I MediaScanner: forcing rescan of /system/media/audio/ringtones/Third_Eye.ogg since build fingerprint changed
01-01 00:01:29.033 1045 1439 I MediaScanner: forcing rescan of /system/media/audio/ringtones/Thunderfoot.ogg since build fingerprint changed
01-01 00:01:29.051 1045 1439 I MediaScanner: forcing rescan of /system/media/audio/ringtones/TwirlAway.ogg since build fingerprint changed
01-01 00:01:29.067 1045 1439 I MediaScanner: forcing rescan of /system/media/audio/ringtones/URSAMINOR.ogg since build fingerprint changed
01-01 00:01:29.096 1045 1439 I MediaScanner: forcing rescan of /system/media/audio/ringtones/UrsaMinor.ogg since build fingerprint changed
01-01 00:01:29.125 1045 1439 I MediaScanner: forcing rescan of /system/media/audio/ringtones/VeryAlarmed.ogg since build fingerprint changed
01-01 00:01:29.141 1045 1439 I MediaScanner: forcing rescan of /system/media/audio/ringtones/Vespa.ogg since build fingerprint changed
01-01 00:01:29.155 1045 1439 I MediaScanner: forcing rescan of /system/media/audio/ringtones/World.ogg since build fingerprint changed
01-01 00:01:29.172 1045 1439 I MediaScanner: forcing rescan of /system/media/audio/ringtones/Zeta.ogg since build fingerprint changed
01-01 00:01:29.194 1045 1439 I MediaScanner: forcing rescan of /system/media/audio/ringtones/hydra.ogg since build fingerprint changed
01-01 00:01:29.419 1045 1439 W MediaScanner: Error opening directory '/oem/media/', skipping: No such file or directory.
01-01 00:01:29.421 1045 1439 W MediaProvider: Missing volume for /system/media/audio/ui; assuming invalid
01-01 00:01:29.431 1045 1439 W MediaProvider: Missing volume for /system/media/audio/ringtones/Road_Trip.ogg; assuming invalid
01-01 00:01:29.433 1045 1439 W MediaProvider: Missing volume for /system/media/audio/ringtones/RomancingTheTone.ogg; assuming invalid
01-01 00:01:29.435 1045 1439 W MediaProvider: Missing volume for /system/media/audio/ringtones/Safari.ogg; assuming invalid
01-01 00:01:29.436 1045 1439 W MediaProvider: Missing volume for /system/media/audio/ringtones/Savannah.ogg; assuming invalid
01-01 00:01:29.439 1045 1439 W MediaProvider: Missing volume for /system/media/audio/ringtones/Scarabaeus.ogg; assuming invalid
01-01 00:01:29.450 1045 1439 W MediaProvider: Missing volume for /system/media/audio/ringtones/Sceptrum.ogg; assuming invalid
01-01 00:01:29.460 1045 1439 W MediaProvider: Missing volume for /system/media/audio/ringtones/Seville.ogg; assuming invalid
01-01 00:01:29.464 1045 1439 W MediaProvider: Missing volume for /system/media/audio/ringtones/Shes_All_That.ogg; assuming invalid
01-01 00:01:29.466 1045 1439 W MediaProvider: Missing volume for /system/media/audio/ringtones/SilkyWay.ogg; assuming invalid
01-01 00:01:29.468 1045 1439 W MediaProvider: Missing volume for /system/media/audio/ringtones/SitarVsSitar.ogg; assuming invalid
01-01 00:01:29.470 1045 1439 W MediaProvider: Missing volume for /system/media/audio/ringtones/Solarium.ogg; assuming invalid
01-01 00:01:29.472 1045 1439 W MediaProvider: Missing volume for /system/media/audio/ringtones/SpringyJalopy.ogg; assuming invalid
01-01 00:01:29.474 1045 1439 W MediaProvider: Missing volume for /system/media/audio/ringtones/Steppin_Out.ogg; assuming invalid
01-01 00:01:29.475 1045 1439 W MediaProvider: Missing volume for /system/media/audio/ringtones/Terminated.ogg; assuming invalid
01-01 00:01:29.479 1045 1439 W MediaProvider: Missing volume for /system/media/audio/ringtones/Testudo.ogg; assuming invalid
01-01 00:01:29.481 1045 1439 W MediaProvider: Missing volume for /system/media/audio/ringtones/Themos.ogg; assuming invalid
01-01 00:01:29.483 1045 1439 W MediaProvider: Missing volume for /system/media/audio/ringtones/Third_Eye.ogg; assuming invalid
01-01 00:01:29.485 1045 1439 W MediaProvider: Missing volume for /system/media/audio/ringtones/Thunderfoot.ogg; assuming invalid
01-01 00:01:29.486 1045 1439 W MediaProvider: Missing volume for /system/media/audio/ringtones/TwirlAway.ogg; assuming invalid
01-01 00:01:29.488 1045 1439 W MediaProvider: Missing volume for /system/media/audio/ringtones/URSAMINOR.ogg; assuming invalid
01-01 00:01:29.490 1045 1439 W MediaProvider: Missing volume for /system/media/audio/ringtones/UrsaMinor.ogg; assuming invalid
01-01 00:01:29.492 1045 1439 E SQLiteDatabase: Error inserting title_key parent=98 is_music=false title=UrsaMinor _size=185005 duration=12800 bucket_id=293500348 is_alarm=false album_artist=null media_type=2 storage_id=0 is_notification=false track=0 bucket_display_name=ringtones _data=/system/media/audio/ringtones/UrsaMinor.ogg is_drm=false _display_name=UrsaMinor.ogg composer=null format=47362 is_ringtone=true artist_id=1 is_podcast=false date_added=89 date_modified=1512244732 mime_type=application/ogg album_id=4
01-01 00:01:29.492 1045 1439 E SQLiteDatabase: android.database.sqlite.SQLiteConstraintException: UNIQUE constraint failed: files._data (code 2067)
01-01 00:01:29.492 1045 1439 E SQLiteDatabase: at android.database.sqlite.SQLiteConnection.nativeExecuteForLastInsertedRowId(Native Method)
01-01 00:01:29.492 1045 1439 E SQLiteDatabase: at android.database.sqlite.SQLiteConnection.executeForLastInsertedRowId(SQLiteConnection.java:782)
01-01 00:01:29.492 1045 1439 E SQLiteDatabase: at android.database.sqlite.SQLiteSession.executeForLastInsertedRowId(SQLiteSession.java:788)
01-01 00:01:29.492 1045 1439 E SQLiteDatabase: at android.database.sqlite.SQLiteStatement.executeInsert(SQLiteStatement.java:86)
01-01 00:01:29.492 1045 1439 E SQLiteDatabase: at android.database.sqlite.SQLiteDatabase.insertWithOnConflict(SQLiteDatabase.java:1474)
01-01 00:01:29.492 1045 1439 E SQLiteDatabase: at android.database.sqlite.SQLiteDatabase.insert(SQLiteDatabase.java:1343)
01-01 00:01:29.492 1045 1439 E SQLiteDatabase: at com.android.providers.media.MediaProvider.insertFile(MediaProvider.java:2260)
01-01 00:01:29.492 1045 1439 E SQLiteDatabase: at com.android.providers.media.MediaProvider.insertInternal(MediaProvider.java:2493)
01-01 00:01:29.492 1045 1439 E SQLiteDatabase: at com.android.providers.media.MediaProvider.bulkInsert(MediaProvider.java:1866)
01-01 00:01:29.492 1045 1439 E SQLiteDatabase: at android.content.ContentProvider$Transport.bulkInsert(ContentProvider.java:282)
01-01 00:01:29.492 1045 1439 E SQLiteDatabase: at android.content.ContentProviderClient.bulkInsert(ContentProviderClient.java:290)
01-01 00:01:29.492 1045 1439 E SQLiteDatabase: at android.media.MediaInserter.flush(MediaInserter.java:91)
01-01 00:01:29.492 1045 1439 E SQLiteDatabase: at android.media.MediaInserter.flushAll(MediaInserter.java:74)
01-01 00:01:29.492 1045 1439 E SQLiteDatabase: at android.media.MediaScanner.scanDirectories(MediaScanner.java:1408)
01-01 00:01:29.492 1045 1439 E SQLiteDatabase: at com.android.providers.media.MediaScannerService.scan(MediaScannerService.java:82)
01-01 00:01:29.492 1045 1439 E SQLiteDatabase: at com.android.providers.media.MediaScannerService.-wrap1(Unknown Source:0)
01-01 00:01:29.492 1045 1439 E SQLiteDatabase: at com.android.providers.media.MediaScannerService$ServiceHandler.handleMessage(MediaScannerService.java:252)
01-01 00:01:29.492 1045 1439 E SQLiteDatabase: at android.os.Handler.dispatchMessage(Handler.java:105)
01-01 00:01:29.492 1045 1439 E SQLiteDatabase: at android.os.Looper.loop(Looper.java:164)
01-01 00:01:29.492 1045 1439 E SQLiteDatabase: at com.android.providers.media.MediaScannerService.run(MediaScannerService.java:161)
01-01 00:01:29.492 1045 1439 E SQLiteDatabase: at java.lang.Thread.run(Thread.java:764)
01-01 00:01:29.493 1045 1439 W MediaProvider: Missing volume for /system/media/audio/ringtones/VeryAlarmed.ogg; assuming invalid
01-01 00:01:29.495 1045 1439 W MediaProvider: Missing volume for /system/media/audio/ringtones/Vespa.ogg; assuming invalid
01-01 00:01:29.497 1045 1439 W MediaProvider: Missing volume for /system/media/audio/ringtones/World.ogg; assuming invalid
01-01 00:01:29.499 1045 1439 W MediaProvider: Missing volume for /system/media/audio/ringtones/Zeta.ogg; assuming invalid
01-01 00:01:29.504 1045 1439 W MediaProvider: Missing volume for /system/media/audio/ui/Dock.ogg; assuming invalid
01-01 00:01:29.506 1045 1439 W MediaProvider: Missing volume for /system/media/audio/ui/Effect_Tick.ogg; assuming invalid
01-01 00:01:29.510 1045 1439 W MediaProvider: Missing volume for /system/media/audio/ui/KeypressDelete.ogg; assuming invalid
01-01 00:01:29.514 1045 1439 W MediaProvider: Missing volume for /system/media/audio/ui/KeypressInvalid.ogg; assuming invalid
01-01 00:01:29.516 1045 1439 W MediaProvider: Missing volume for /system/media/audio/ui/KeypressReturn.ogg; assuming invalid
01-01 00:01:29.519 1045 1439 W MediaProvider: Missing volume for /system/media/audio/ui/KeypressSpacebar.ogg; assuming invalid
01-01 00:01:29.521 1045 1439 W MediaProvider: Missing volume for /system/media/audio/ui/KeypressStandard.ogg; assuming invalid
01-01 00:01:29.524 1045 1439 W MediaProvider: Missing volume for /system/media/audio/ui/Lock.ogg; assuming invalid
01-01 00:01:29.527 1045 1439 W MediaProvider: Missing volume for /system/media/audio/ui/LowBattery.ogg; assuming invalid
01-01 00:01:29.528 233 1440 E MetadataRetrieverClient: failed to extract an album art
01-01 00:01:29.529 1045 1439 W MediaProvider: Missing volume for /system/media/audio/ui/Trusted.ogg; assuming invalid
01-01 00:01:29.533 1045 1439 W MediaProvider: Missing volume for /system/media/audio/ui/Undock.ogg; assuming invalid
01-01 00:01:29.535 1045 1439 W MediaProvider: Missing volume for /system/media/audio/ui/Unlock.ogg; assuming invalid
01-01 00:01:29.538 1045 1439 W MediaProvider: Missing volume for /system/media/audio/ui/VideoRecord.ogg; assuming invalid
01-01 00:01:29.540 1045 1439 W MediaProvider: Missing volume for /system/media/audio/ui/VideoStop.ogg; assuming invalid
01-01 00:01:29.542 1045 1439 W MediaProvider: Missing volume for /system/media/audio/ui/WirelessChargingStarted.ogg; assuming invalid
01-01 00:01:29.544 1045 1439 W MediaProvider: Missing volume for /system/media/audio/ui/camera_click.ogg; assuming invalid
01-01 00:01:29.546 1045 1439 W MediaProvider: Missing volume for /system/media/audio/ui/camera_focus.ogg; assuming invalid
01-01 00:01:29.603 1045 1439 V MediaScanner: pruneDeadThumbnailFiles... android.content.ContentProviderClient$CursorWrapperInner@48da5ca
01-01 00:01:29.604 1045 1439 V MediaScanner: /pruneDeadThumbnailFiles... android.content.ContentProviderClient$CursorWrapperInner@48da5ca
01-01 00:01:31.431 592 592 D ImsResolver: maybeAddedImsService, packageName: com.android.camera2
01-01 00:01:31.431 328 399 I InputReader: Reconfiguring input devices. changes=0x00000010
01-01 00:01:31.436 328 399 I chatty : uid=1000(system) InputReader identical 2 lines
01-01 00:01:31.437 328 399 I InputReader: Reconfiguring input devices. changes=0x00000010
01-01 00:01:31.448 592 592 D ImsResolver: maybeAddedImsService, packageName: com.android.calendar
01-01 00:01:31.448 592 592 D ImsResolver: maybeAddedImsService, packageName: com.android.gallery3d
01-01 00:01:31.449 592 592 D ImsResolver: maybeAddedImsService, packageName: com.android.settings
01-01 00:01:31.450 592 592 D ImsResolver: maybeAddedImsService, packageName: com.android.email
01-01 00:01:31.453 328 328 I Telecom : DefaultDialerCache: Refreshing default dialer for user 0: now null: DDC.oR@ABM
01-01 00:01:31.455 328 399 I InputReader: Reconfiguring input devices. changes=0x00000010
01-01 00:01:31.465 328 328 I Telecom : DefaultDialerCache: Refreshing default dialer for user 0: now null: DDC.oR@ABQ
01-01 00:01:31.475 328 328 I Telecom : DefaultDialerCache: Refreshing default dialer for user 0: now null: DDC.oR@ABU
01-01 00:01:31.479 328 328 I Telecom : DefaultDialerCache: Refreshing default dialer for user 0: now null: DDC.oR@ABY
01-01 00:01:31.495 328 342 W VoiceInteractionManagerService: no available voice interaction services found for user 0
01-01 00:01:31.505 328 342 W ResourceType: No known package when getting value for resource number 0x7f080128
01-01 00:01:31.505 328 342 W ResourceType: No known package when getting value for resource number 0x7f120d8d
01-01 00:01:31.505 328 342 W ResourceType: No known package when getting value for resource number 0x7f080127
01-01 00:01:31.505 328 342 W ResourceType: No known package when getting value for resource number 0x7f1203bb
01-01 00:01:31.505 328 342 W ResourceType: No known package when getting value for resource number 0x7f080126
01-01 00:01:31.505 328 342 W ResourceType: No known package when getting value for resource number 0x7f120822
01-01 00:01:31.509 328 342 I chatty : uid=1000(system) android.bg identical 3 lines
01-01 00:01:31.512 328 342 W VoiceInteractionManagerService: no available voice interaction services found for user 0
01-01 00:01:31.548 328 328 I Telecom : DefaultDialerCache: Refreshing default dialer for user 0: now null: DDC.oR@ABc
01-01 00:01:31.665 926 936 I zygote : Do partial code cache collection, code=30KB, data=30KB
01-01 00:01:31.667 926 936 I zygote : After code cache collection, code=25KB, data=28KB
01-01 00:01:31.667 926 936 I zygote : Increasing code cache capacity to 128KB
01-01 00:01:31.720 926 926 I zygote : Deoptimizing void com.android.launcher3.BubbleTextView.applyIconAndLabel(android.graphics.Bitmap, com.android.launcher3.ItemInfo) due to JIT inline cache
01-01 00:01:31.919 926 936 I zygote : Do partial code cache collection, code=62KB, data=50KB
01-01 00:01:31.921 926 936 I zygote : After code cache collection, code=60KB, data=49KB
01-01 00:01:31.921 926 936 I zygote : Increasing code cache capacity to 256KB
01-01 00:01:36.842 328 343 I ActivityManager: Waited long enough for: ServiceRecord{97838e1 u0 com.android.calendar/.alerts.InitAlarmsService}
01-01 00:01:37.100 328 343 I ActivityManager: Waited long enough for: ServiceRecord{fd06c92 u0 com.android.car.messenger/.MessengerService}
01-01 00:01:37.365 495 746 I vol.Events: writeEvent level_changed STREAM_MUSIC 10
01-01 00:01:51.878 1235 1280 D InitAlarmsService: Clearing and rescheduling alarms.
01-01 00:01:51.886 328 733 I ActivityManager: Killing 847:android.ext.services/u0a13 (adj 906): empty #17
01-01 00:01:51.886 328 733 I ActivityManager: Killing 606:com.android.settings:CryptKeeper/1000 (adj 906): empty #18
01-01 00:01:51.902 328 733 I ActivityManager: Killing 897:com.android.provision/u0a22 (adj 906): empty #17
01-01 00:02:07.967 328 1463 I BackgroundDexOptService: Pinning optimized code {}
01-01 00:02:16.025 222 222 W APM_AudioPolicyManager: getOutput() could not find output for stream 1, samplingRate 0,format 0, channels 3, flags 0
01-01 00:02:16.026 328 1461 I ActivityManager: START u0 {act=android.intent.action.MAIN cat=[android.intent.category.LAUNCHER] flg=0x10200000 pkg=com.android.camera2 cmp=com.android.camera2/com.android.camera.CameraLauncher bnds=[1086,47][1218,195]} from uid 10017
01-01 00:02:16.033 222 222 W APM_AudioPolicyManager: getOutput() could not find output for stream 1, samplingRate 0,format 0, channels 3, flags 0
01-01 00:02:16.033 222 222 W APM_AudioPolicyManager: getOutput() could not find output for stream 1, samplingRate 48000,format 1, channels 3, flags 4
01-01 00:02:16.033 328 458 E AudioTrack: Could not get audio output for session 33, stream type -1, usage 13, sample rate 48000, format 0x1, channel mask 0x3, flags 0x4
01-01 00:02:16.039 328 458 E SoundPool: Error creating AudioTrack
01-01 00:02:16.089 1275 1275 V CAM_QuickActivity: START onCreate: Activity = com.android.camera.CameraActivity@3f39598
01-01 00:02:16.089 1275 1275 V CAM_Profiler: [ 0.000ms][ui] GUARD: CameraActivity.onCreateTasks - START
01-01 00:02:16.093 1275 1275 D CAM_LocationManager: Using legacy location provider.
01-01 00:02:16.162 1275 1275 D CAM_MemoryManagerImpl: Max native memory: 11 MB
01-01 00:02:16.167 1275 1275 W SoundPool: Use of stream types is deprecated for operations other than volume control
01-01 00:02:16.167 1275 1275 W SoundPool: See the documentation of SoundPool() for what to use instead with android.media.AudioAttributes to qualify your playback use case
01-01 00:02:16.167 1275 1275 I CAM_OneCamFtrCnfgCrtr: CaptureModule? true
01-01 00:02:16.176 328 733 I ActivityManager: START u0 {cmp=com.android.camera2/com.android.camera.PermissionsActivity} from uid 10042
01-01 00:02:16.211 1275 1275 I CAM_Profiler: [121.822ms][ui] GUARD: CameraActivity.onCreateTasks - [25.134ms] Glide.setup
01-01 00:02:16.215 1275 1275 V CAM_Profiler: [126.047ms][ui] GUARD: CameraActivity.onCreateTasks - [ 4.225ms] OneCameraManager.get
01-01 00:02:16.228 1275 1275 I CameraManagerGlobal: Connecting to camera service
01-01 00:02:16.231 176 176 D CameraHal: (ac4474a8) + hardware/ti/dra7xx/camera/CameraProperties.cpp:67 initialize - ENTER
01-01 00:02:16.231 176 176 D CameraHal: (ac4474a8) - hardware/ti/dra7xx/camera/CameraProperties.cpp:67 initialize - EXIT
01-01 00:02:16.231 176 176 D CameraHal: (ac4474a8) + hardware/ti/dra7xx/camera/CameraParameters.cpp:152 getProperties - ENTER
01-01 00:02:16.231 176 176 D CameraHal: (ac4474a8) - hardware/ti/dra7xx/camera/CameraParameters.cpp:163 getProperties - EXIT
01-01 00:02:16.236 176 176 D CameraHal: (ac4474a8) + hardware/ti/dra7xx/camera/CameraProperties.cpp:67 initialize - ENTER
01-01 00:02:16.236 176 176 D CameraHal: (ac4474a8) - hardware/ti/dra7xx/camera/CameraProperties.cpp:67 initialize - EXIT
01-01 00:02:16.236 176 176 D CameraHal: (ac4474a8) + hardware/ti/dra7xx/camera/CameraParameters.cpp:152 getProperties - ENTER
01-01 00:02:16.236 176 176 D CameraHal: (ac4474a8) - hardware/ti/dra7xx/camera/CameraParameters.cpp:163 getProperties - EXIT
01-01 00:02:16.238 224 320 I CameraService: CameraService::connect call (PID -1 "com.android.camera2", camera ID 0) for HAL version default and Camera API version 1
01-01 00:02:16.240 176 296 D CameraHal: (aaa02970) + hardware/ti/dra7xx/camera/CameraProperties.cpp:67 initialize - ENTER
01-01 00:02:16.240 176 296 D CameraHal: (aaa02970) - hardware/ti/dra7xx/camera/CameraProperties.cpp:67 initialize - EXIT
01-01 00:02:16.240 176 296 D CameraHal: (aaa02970) + hardware/ti/dra7xx/camera/CameraParameters.cpp:152 getProperties - ENTER
01-01 00:02:16.240 176 296 D CameraHal: (aaa02970) - hardware/ti/dra7xx/camera/CameraParameters.cpp:163 getProperties - EXIT
01-01 00:02:16.241 233 1440 D NuPlayerDriver: NuPlayerDriver(0xb22305b0) created, clientPid(224)
01-01 00:02:16.245 153 153 W /system/bin/hwservicemanager: getTransportFromManifest: Cannot find entry android.hardware.media.omx@1.0::IOmx in either framework or device manifest, using default transport.
01-01 00:02:16.270 233 1483 D NuPlayerDriver: notifyListener_l(0xb22305b0), (1, 0, 0, -1), loop setting(0, 0)
01-01 00:02:16.270 233 1440 D NuPlayerDriver: NuPlayerDriver(0xb22300e0) created, clientPid(224)
01-01 00:02:16.272 153 153 W /system/bin/hwservicemanager: getTransportFromManifest: Cannot find entry android.hardware.media.omx@1.0::IOmx in either framework or device manifest, using default transport.
