01-01 00:01:06.503 328 328 I SystemServiceManager: Starting com.android.server.restrictions.RestrictionsManagerService
01-01 00:01:06.505 328 328 D SystemServerTiming: StartRestrictionManager took to complete: 2ms
01-01 00:01:06.505 328 328 I SystemServer: StartMediaSessionService
01-01 00:01:06.505 328 328 I SystemServiceManager: Starting com.android.server.media.MediaSessionService
01-01 00:01:06.511 328 328 D SystemServerTiming: StartMediaSessionService took to complete: 6ms
01-01 00:01:06.511 328 328 I SystemServer: StartMediaRouterService
01-01 00:01:06.513 328 328 D SystemServerTiming: StartMediaRouterService took to complete: 2ms
01-01 00:01:06.513 328 328 I SystemServer: StartBackgroundDexOptService
01-01 00:01:06.514 328 328 D SystemServerTiming: StartBackgroundDexOptService took to complete: 1ms
01-01 00:01:06.514 328 328 I SystemServer: StartPruneInstantAppsJobService
01-01 00:01:06.514 328 328 D SystemServerTiming: StartPruneInstantAppsJobService took to complete: 0ms
01-01 00:01:06.514 328 328 I SystemServer: StartShortcutServiceLifecycle
01-01 00:01:06.515 328 328 I SystemServiceManager: Starting com.android.server.pm.ShortcutService$Lifecycle
01-01 00:01:06.520 328 328 D SystemServerTiming: StartShortcutServiceLifecycle took to complete: 6ms
01-01 00:01:06.520 328 328 I SystemServer: StartLauncherAppsService
01-01 00:01:06.520 328 328 I SystemServiceManager: Starting com.android.server.pm.LauncherAppsService
01-01 00:01:06.522 328 328 D SystemServerTiming: StartLauncherAppsService took to complete: 2ms
01-01 00:01:06.522 328 328 I SystemServer: StartMediaProjectionManager
01-01 00:01:06.523 328 328 I SystemServiceManager: Starting com.android.server.media.projection.MediaProjectionManagerService
01-01 00:01:06.537 328 328 V MediaRouter: Adding route: RouteInfo{ name=Tablet, description=null, status=null, category=RouteCategory{ name=System types=ROUTE_TYPE_LIVE_AUDIO ROUTE_TYPE_LIVE_VIDEO groupable=false }, supportedTypes=ROUTE_TYPE_LIVE_AUDIO ROUTE_TYPE_LIVE_VIDEO , presentationDisplay=null }
01-01 00:01:06.540 328 328 V MediaRouter: Selecting route: RouteInfo{ name=Tablet, description=null, status=null, category=RouteCategory{ name=System types=ROUTE_TYPE_LIVE_AUDIO ROUTE_TYPE_LIVE_VIDEO groupable=false }, supportedTypes=ROUTE_TYPE_LIVE_AUDIO ROUTE_TYPE_LIVE_VIDEO , presentationDisplay=null }
01-01 00:01:06.542 328 328 D SystemServerTiming: StartMediaProjectionManager took to complete: 20ms
01-01 00:01:06.543 328 328 I WindowManager: SAFE MODE not enabled
01-01 00:01:06.543 328 328 I SystemServer: StartJitCompilation
01-01 00:01:06.543 328 328 D SystemServerTiming: StartJitCompilation took to complete: 0ms
01-01 00:01:06.543 328 328 I SystemServer: StartMmsService
01-01 00:01:06.544 328 328 I SystemServiceManager: Starting com.android.server.MmsServiceBroker
01-01 00:01:06.549 328 328 D SystemServerTiming: StartMmsService took to complete: 6ms
01-01 00:01:06.549 328 328 I SystemServer: StartRetailDemoModeService
01-01 00:01:06.549 328 328 I SystemServiceManager: Starting com.android.server.retaildemo.RetailDemoModeService
01-01 00:01:06.553 328 465 I ServiceThread: Enabled StrictMode logging for RetailDemoModeService looper.
01-01 00:01:06.554 328 328 D SystemServerTiming: StartRetailDemoModeService took to complete: 4ms
01-01 00:01:06.554 328 328 I SystemServer: MakeVibratorServiceReady
01-01 00:01:06.555 328 328 D SystemServerTiming: MakeVibratorServiceReady took to complete: 1ms
01-01 00:01:06.555 328 328 I SystemServer: MakeLockSettingsServiceReady
01-01 00:01:06.617 328 328 E SQLiteLog: (1) no such table: locksettings
01-01 00:01:06.635 328 328 I LockSettingsService: Migrated lock settings to new location
01-01 00:01:06.647 328 328 I LockSettingsService: Migrated per-user lock settings to new location
01-01 00:01:06.736 328 328 I LockSettingsService: Migrated biometric weak to use the fallback instead
01-01 00:01:06.747 328 328 I LockSettingsService: Migrated lockscreen disabled flag
01-01 00:01:06.754 328 328 E LockSettingsStorage: Cannot read file java.io.FileNotFoundException: /data/system/gatekeeper.password.key: open failed: ENOENT (No such file or directory)
01-01 00:01:06.754 328 328 E LockSettingsStorage: Cannot read file java.io.FileNotFoundException: /data/system/password.key: open failed: ENOENT (No such file or directory)
01-01 00:01:06.755 328 328 E LockSettingsStorage: Cannot read file java.io.FileNotFoundException: /data/system/gatekeeper.pattern.key: open failed: ENOENT (No such file or directory)
01-01 00:01:06.756 328 328 E LockSettingsStorage: Cannot read file java.io.FileNotFoundException: /data/system/gatekeeper.gesture.key: open failed: ENOENT (No such file or directory)
01-01 00:01:06.756 328 328 E LockSettingsStorage: Cannot read file java.io.FileNotFoundException: /data/system/gesture.key: open failed: ENOENT (No such file or directory)
01-01 00:01:06.756 328 328 D SystemServerTiming: MakeLockSettingsServiceReady took to complete: 201ms
01-01 00:01:06.756 328 328 I SystemServer: StartBootPhaseLockSettingsReady
01-01 00:01:06.757 328 328 I SystemServiceManager: Starting phase 480
01-01 00:01:06.764 328 328 D SystemServerTiming: StartBootPhaseLockSettingsReady took to complete: 7ms
01-01 00:01:06.764 328 328 I SystemServer: StartBootPhaseSystemServicesReady
01-01 00:01:06.764 328 328 I SystemServiceManager: Starting phase 500
01-01 00:01:06.768 328 328 I VrManagerService: No default vr listener service found.
01-01 00:01:06.773 328 328 I WifiService: WifiService starting up with Wi-Fi disabled
01-01 00:01:06.776 328 444 I system_server: Looking for service android.hidl.manager@1.0::IServiceManager/default
01-01 00:01:06.778 328 444 I system_server: Starting thread pool.
01-01 00:01:06.780 328 462 D HalDeviceManager: IWifi registration notification: fqName=android.hardware.wifi@1.0::IWifi, name=default, preexisting=true
01-01 00:01:06.781 328 462 I system_server: Looking for service android.hardware.wifi@1.0::IWifi/default
01-01 00:01:06.782 153 153 W /system/bin/hwservicemanager: getTransportFromManifest: Cannot find entry android.hardware.wifi@1.0::IWifi in either framework or device manifest, using default transport.
01-01 00:01:06.783 328 462 I system_server: Starting thread pool.
01-01 00:01:06.784 328 328 I WifiScanningService: Starting wifiscanner
01-01 00:01:06.788 328 328 I RttService: Registering rttmanager
01-01 00:01:06.801 328 328 I EthernetServiceImpl: Starting Ethernet service
01-01 00:01:06.804 328 328 D Ethernet: Registering NetworkFactory
01-01 00:01:06.804 328 451 D ConnectivityService: Got NetworkFactory Messenger for Ethernet
01-01 00:01:06.808 328 328 D ZenLog : config: cleanUpZenRules,ZenModeConfig[user=0,allowCalls=true,allowRepeatCallers=false,allowMessages=false,allowCallsFrom=contacts,allowMessagesFrom=contacts,allowReminders=true,allowEvents=true,allowWhenScreenOff=true,allowWhenScreenOn=true,automaticRules={9363e9d401c64d93b1445cfc98b08302=ZenRule[enabled=false,snoozing=false,name=Weeknight,zenMode=ZEN_MODE_ALARMS,conditionId=condition://android/schedule?days=1.2.3.4.5&start=22.0&end=7.0&exitAtAlarm=false,condition=null,component=ComponentInfo{android/com.android.server.notification.ScheduleConditionProvider},id=9363e9d401c64d93b1445cfc98b08302,creationTime=65952,enabler=null], d8fb1b8846754a80b8845d5e78ab771b=ZenRule[enabled=false,snoozing=false,name=Weekend,zenMode=ZEN_MODE_ALARMS,conditionId=condition://android/schedule?days=6.7&start=23.30&end=10.0&exitAtAlarm=false,condition=null,component=ComponentInfo{android/com.android.server.notification.ScheduleConditionProvider},id=d8fb1b8846754a80b8845d5e78ab771b,creationTime=65952,enabler=null], 1cd0acf66fab4ca499dfff968aa38851=ZenRule[enabled=false,snoozing=false,name=Event,zenMode=ZEN_MODE_ALARMS,conditionId=condition://android/event?userId=-10000&calendar=&reply=1,condition=null,component=ComponentInfo{android/com.android.server.notification.EventConditionProvider},id=1cd0acf66fab4ca499dfff968aa38851,creationTime=65953,enabler=null]},manualRule=null],Diff[]
01-01 00:01:06.808 328 328 D ZenLog : set_zen_mode: off,onSystemReady
01-01 00:01:06.810 328 467 D Ethernet: got request NetworkRequest [ TRACK_DEFAULT id=3, [ Capabilities: INTERNET&NOT_RESTRICTED&TRUSTED&NOT_VPN] ] with score 0
01-01 00:01:06.810 328 467 D Ethernet: got request NetworkRequest [ REQUEST id=1, [ Capabilities: INTERNET&NOT_RESTRICTED&TRUSTED&NOT_VPN] ] with score 0
01-01 00:01:06.811 222 222 D PermissionCache: checking android.permission.CAPTURE_AUDIO_HOTWORD for uid=1000 => granted (292 us)
01-01 00:01:06.812 328 328 W SoundTriggerHelper: listModules status=0, # of modules=0
01-01 00:01:06.813 328 328 D ContextHubSystemService: onBootPhase: PHASE_SYSTEM_SERVICES_READY
01-01 00:01:06.813 328 467 D EthernetNetworkFactory: Started tracking interface eth1
01-01 00:01:06.814 328 328 D SystemServerTiming: StartBootPhaseSystemServicesReady took to complete: 50ms
01-01 00:01:06.814 328 328 I SystemServer: MakeWindowManagerServiceReady
01-01 00:01:06.816 170 276 D CommandListener: Setting iface cfg
01-01 00:01:06.817 170 276 D CommandListener: Trying to bring up eth1
01-01 00:01:06.833 328 328 D SystemServerTiming: MakeWindowManagerServiceReady took to complete: 19ms
01-01 00:01:06.834 328 328 I SystemServer: MakePowerManagerServiceReady
01-01 00:01:06.843 328 353 W KeyguardServiceDelegate: onScreenTurningOn(): no keyguard service!
01-01 00:01:06.844 328 328 D SystemServerTiming: MakePowerManagerServiceReady took to complete: 10ms
01-01 00:01:06.844 328 328 I SystemServer: MakePackageManagerServiceReady
01-01 00:01:06.854 328 328 I DefaultPermGrantPolicy: Granting permissions to platform components for user 0
01-01 00:01:06.855 328 328 D VoldConnector: SND -> {3 volume remount_uid 1001 none}
01-01 00:01:06.856 163 167 D vold : Remounting 1001 as mode none
01-01 00:01:06.868 328 401 D VoldConnector: RCV <- {200 3 Command succeeded}
01-01 00:01:06.869 328 328 D VoldConnector: SND -> {4 volume remount_uid 1001 none}
01-01 00:01:06.872 163 167 D vold : Remounting 1001 as mode none
01-01 00:01:06.882 328 467 D EthernetNetworkFactory: updateInterface: eth1 link down
01-01 00:01:06.883 328 401 D VoldConnector: RCV <- {200 4 Command succeeded}
01-01 00:01:06.882 328 467 D EthernetNetworkFactory: updateInterface: eth1 link down
01-01 00:01:06.884 328 328 I PackageManager: Unknown permission android.car.permission.CAR_SPEED
01-01 00:01:06.885 328 328 I PackageManager: Unknown permission android.car.permission.CAR_MILEAGE
01-01 00:01:06.885 328 328 I PackageManager: Unknown permission android.car.permission.CAR_FUEL
01-01 00:01:06.887 328 328 D VoldConnector: SND -> {5 volume remount_uid 1027 none}
01-01 00:01:06.888 163 167 D vold : Remounting 1027 as mode none
01-01 00:01:06.894 328 401 D VoldConnector: RCV <- {200 5 Command succeeded}
01-01 00:01:06.895 328 328 D VoldConnector: SND -> {6 volume remount_uid 1027 none}
01-01 00:01:06.896 163 167 D vold : Remounting 1027 as mode none
01-01 00:01:06.901 328 401 D VoldConnector: RCV <- {200 6 Command succeeded}
01-01 00:01:06.903 328 328 D VoldConnector: SND -> {7 volume remount_uid 1000 none}
01-01 00:01:06.903 163 167 D vold : Remounting 1000 as mode none
01-01 00:01:06.908 163 167 D vold : Found matching PID 152
01-01 00:01:06.908 163 167 W vold : Skipping due to root namespace
01-01 00:01:06.908 163 167 D vold : Found matching PID 153
01-01 00:01:06.908 163 167 W vold : Skipping due to root namespace
01-01 00:01:06.908 163 167 D vold : Found matching PID 154
01-01 00:01:06.908 163 167 W vold : Skipping due to root namespace
01-01 00:01:06.908 163 167 D vold : Found matching PID 162
01-01 00:01:06.908 163 167 W vold : Skipping due to root namespace
01-01 00:01:06.909 163 167 D vold : Found matching PID 173
01-01 00:01:06.909 163 167 W vold : Skipping due to root namespace
01-01 00:01:06.909 163 167 D vold : Found matching PID 177
01-01 00:01:06.909 163 167 W vold : Skipping due to root namespace
01-01 00:01:06.909 163 167 D vold : Found matching PID 178
01-01 00:01:06.909 163 167 W vold : Skipping due to root namespace
01-01 00:01:06.909 163 167 D vold : Found matching PID 179
01-01 00:01:06.909 163 167 W vold : Skipping due to root namespace
01-01 00:01:06.909 163 167 D vold : Found matching PID 184
01-01 00:01:06.909 163 167 W vold : Skipping due to root namespace
01-01 00:01:06.910 163 167 D vold : Found matching PID 221
01-01 00:01:06.910 163 167 W vold : Skipping due to root namespace
01-01 00:01:06.911 163 167 D vold : Found matching PID 238
01-01 00:01:06.911 163 167 W vold : Skipping due to root namespace
01-01 00:01:06.911 163 167 D vold : Found matching PID 328
01-01 00:01:06.981 328 401 D VoldConnector: RCV <- {200 7 Command succeeded}
01-01 00:01:06.982 328 328 D VoldConnector: SND -> {8 volume remount_uid 1000 none}
01-01 00:01:06.982 163 167 D vold : Remounting 1000 as mode none
01-01 00:01:06.987 163 167 D vold : Found matching PID 152
01-01 00:01:06.987 163 167 W vold : Skipping due to root namespace
01-01 00:01:06.987 163 167 D vold : Found matching PID 153
01-01 00:01:06.987 163 167 W vold : Skipping due to root namespace
01-01 00:01:06.987 163 167 D vold : Found matching PID 154
01-01 00:01:06.987 163 167 W vold : Skipping due to root namespace
01-01 00:01:06.987 163 167 D vold : Found matching PID 162
01-01 00:01:06.988 163 167 W vold : Skipping due to root namespace
01-01 00:01:06.988 163 167 D vold : Found matching PID 173
01-01 00:01:06.988 163 167 W vold : Skipping due to root namespace
01-01 00:01:06.988 163 167 D vold : Found matching PID 177
01-01 00:01:06.988 163 167 W vold : Skipping due to root namespace
01-01 00:01:06.988 163 167 D vold : Found matching PID 178
01-01 00:01:06.988 163 167 W vold : Skipping due to root namespace
01-01 00:01:06.988 163 167 D vold : Found matching PID 179
01-01 00:01:06.988 163 167 W vold : Skipping due to root namespace
01-01 00:01:06.988 163 167 D vold : Found matching PID 184
01-01 00:01:06.988 163 167 W vold : Skipping due to root namespace
01-01 00:01:06.989 163 167 D vold : Found matching PID 221
01-01 00:01:06.989 163 167 W vold : Skipping due to root namespace
01-01 00:01:06.989 163 167 D vold : Found matching PID 238
01-01 00:01:06.989 163 167 W vold : Skipping due to root namespace
01-01 00:01:06.989 163 167 D vold : Found matching PID 328
01-01 00:01:06.995 328 401 D VoldConnector: RCV <- {200 8 Command succeeded}
01-01 00:01:07.000 328 328 D VoldConnector: SND -> {9 volume remount_uid 2000 none}
01-01 00:01:07.000 163 167 D vold : Remounting 2000 as mode none
01-01 00:01:07.006 163 167 D vold : Found matching PID 218
01-01 00:01:07.007 163 167 W vold : Skipping due to root namespace
01-01 00:01:07.007 163 167 D vold : Found matching PID 220
01-01 00:01:07.007 163 167 W vold : Skipping due to root namespace
01-01 00:01:07.008 163 167 D vold : Found matching PID 386
01-01 00:01:07.008 163 167 W vold : Skipping due to root namespace
01-01 00:01:07.008 328 401 D VoldConnector: RCV <- {200 9 Command succeeded}
01-01 00:01:07.009 328 328 D VoldConnector: SND -> {10 volume remount_uid 2000 none}
01-01 00:01:07.009 163 167 D vold : Remounting 2000 as mode none
01-01 00:01:07.015 163 167 D vold : Found matching PID 218
01-01 00:01:07.015 163 167 W vold : Skipping due to root namespace
01-01 00:01:07.015 163 167 D vold : Found matching PID 220
01-01 00:01:07.015 163 167 W vold : Skipping due to root namespace
01-01 00:01:07.016 163 167 D vold : Found matching PID 386
01-01 00:01:07.016 163 167 W vold : Skipping due to root namespace
01-01 00:01:07.016 328 401 D VoldConnector: RCV <- {200 10 Command succeeded}
01-01 00:01:07.018 328 328 D VoldConnector: SND -> {11 volume remount_uid 10028 none}
01-01 00:01:07.018 163 167 D vold : Remounting 10028 as mode none
01-01 00:01:07.024 328 401 D VoldConnector: RCV <- {200 11 Command succeeded}
01-01 00:01:07.025 328 328 D VoldConnector: SND -> {12 volume remount_uid 10028 none}
01-01 00:01:07.026 163 167 D vold : Remounting 10028 as mode none
01-01 00:01:07.033 328 401 D VoldConnector: RCV <- {200 12 Command succeeded}
01-01 00:01:07.035 328 328 D VoldConnector: SND -> {13 volume remount_uid 1002 none}
01-01 00:01:07.035 163 167 D vold : Remounting 1002 as mode none
01-01 00:01:07.043 328 401 D VoldConnector: RCV <- {200 13 Command succeeded}
01-01 00:01:07.044 328 328 D VoldConnector: SND -> {14 volume remount_uid 1002 none}
01-01 00:01:07.044 163 167 D vold : Remounting 1002 as mode none
01-01 00:01:07.052 328 401 D VoldConnector: RCV <- {200 14 Command succeeded}
01-01 00:01:07.054 328 328 I DefaultPermGrantPolicy: Granting permissions to default platform handlers for user 0
01-01 00:01:07.055 328 328 W VoiceInteractionManagerService: no available voice interaction services found for user 0
01-01 00:01:07.055 328 328 W VoiceInteractionManagerService: no available voice recognition services found for user 0
01-01 00:01:07.060 328 328 I SyncManager: No initial accounts
01-01 00:01:07.060 328 328 I SyncManager: No initial status
01-01 00:01:07.061 328 328 I SyncManager: No initial statistics
01-01 00:01:07.110 328 328 D VoldConnector: SND -> {15 volume remount_uid 10021 none}
01-01 00:01:07.110 163 167 D vold : Remounting 10021 as mode none
01-01 00:01:07.118 328 401 D VoldConnector: RCV <- {200 15 Command succeeded}
01-01 00:01:07.120 328 328 D VoldConnector: SND -> {16 volume remount_uid 10042 none}
01-01 00:01:07.121 163 167 D vold : Remounting 10042 as mode none
01-01 00:01:07.127 328 401 D VoldConnector: RCV <- {200 16 Command succeeded}
01-01 00:01:07.128 328 328 D VoldConnector: SND -> {17 volume remount_uid 10042 none}
01-01 00:01:07.129 163 167 D vold : Remounting 10042 as mode none
01-01 00:01:07.135 328 401 D VoldConnector: RCV <- {200 17 Command succeeded}
01-01 00:01:07.136 328 328 D VoldConnector: SND -> {18 volume remount_uid 10012 none}
01-01 00:01:07.137 163 167 D vold : Remounting 10012 as mode none
01-01 00:01:07.143 328 401 D VoldConnector: RCV <- {200 18 Command succeeded}
01-01 00:01:07.144 328 328 D VoldConnector: SND -> {19 volume remount_uid 10012 none}
01-01 00:01:07.144 163 167 D vold : Remounting 10012 as mode none
01-01 00:01:07.150 328 401 D VoldConnector: RCV <- {200 19 Command succeeded}
01-01 00:01:07.151 328 328 D VoldConnector: SND -> {20 volume remount_uid 10015 none}
01-01 00:01:07.151 163 167 D vold : Remounting 10015 as mode none
01-01 00:01:07.158 328 401 D VoldConnector: RCV <- {200 20 Command succeeded}
01-01 00:01:07.158 328 328 D VoldConnector: SND -> {21 volume remount_uid 10015 none}
01-01 00:01:07.159 163 167 D vold : Remounting 10015 as mode none
01-01 00:01:07.166 328 401 D VoldConnector: RCV <- {200 21 Command succeeded}
01-01 00:01:07.168 328 328 D VoldConnector: SND -> {22 volume remount_uid 10002 none}
01-01 00:01:07.169 163 167 D vold : Remounting 10002 as mode none
01-01 00:01:07.175 328 401 D VoldConnector: RCV <- {200 22 Command succeeded}
01-01 00:01:07.176 328 328 D VoldConnector: SND -> {23 volume remount_uid 10002 none}
01-01 00:01:07.176 163 167 D vold : Remounting 10002 as mode none
01-01 00:01:07.183 328 401 D VoldConnector: RCV <- {200 23 Command succeeded}
01-01 00:01:07.186 328 328 D VoldConnector: SND -> {24 volume remount_uid 10050 none}
01-01 00:01:07.186 163 167 D vold : Remounting 10050 as mode none
01-01 00:01:07.192 328 401 D VoldConnector: RCV <- {200 24 Command succeeded}
01-01 00:01:07.193 328 328 D VoldConnector: SND -> {25 volume remount_uid 10050 none}
01-01 00:01:07.193 163 167 D vold : Remounting 10050 as mode none
01-01 00:01:07.201 328 401 D VoldConnector: RCV <- {200 25 Command succeeded}
01-01 00:01:07.202 328 328 D VoldConnector: SND -> {26 volume remount_uid 10053 none}
01-01 00:01:07.203 163 167 D vold : Remounting 10053 as mode none
01-01 00:01:07.209 328 401 D VoldConnector: RCV <- {200 26 Command succeeded}
01-01 00:01:07.210 328 328 D VoldConnector: SND -> {27 volume remount_uid 10053 none}
01-01 00:01:07.210 163 167 D vold : Remounting 10053 as mode none
01-01 00:01:07.217 328 401 D VoldConnector: RCV <- {200 27 Command succeeded}
01-01 00:01:07.218 328 328 D VoldConnector: SND -> {28 volume remount_uid 10027 none}
01-01 00:01:07.219 163 167 D vold : Remounting 10027 as mode none
01-01 00:01:07.225 328 401 D VoldConnector: RCV <- {200 28 Command succeeded}
01-01 00:01:07.226 328 328 D VoldConnector: SND -> {29 volume remount_uid 10027 none}
01-01 00:01:07.226 163 167 D vold : Remounting 10027 as mode none
01-01 00:01:07.232 328 401 D VoldConnector: RCV <- {200 29 Command succeeded}
01-01 00:01:07.235 328 328 V UserDataPreparer: Found /data/user_de/0 with serial number -1
01-01 00:01:07.235 328 328 D UserDataPreparer: Serial number missing on /data/user_de/0; assuming current is valid
01-01 00:01:07.235 328 328 V UserDataPreparer: Found /data/user/0 with serial number -1
01-01 00:01:07.235 328 328 D UserDataPreparer: Serial number missing on /data/user/0; assuming current is valid
01-01 00:01:07.236 328 328 V UserDataPreparer: Found /data/system_de/0 with serial number -1
01-01 00:01:07.236 328 328 D UserDataPreparer: Serial number missing on /data/system_de/0; assuming current is valid
01-01 00:01:07.236 328 328 D SystemServerTiming: MakePackageManagerServiceReady took to complete: 392ms
01-01 00:01:07.236 328 328 I SystemServer: MakeDisplayManagerServiceReady
01-01 00:01:07.242 328 328 D SystemServerTiming: MakeDisplayManagerServiceReady took to complete: 6ms
01-01 00:01:07.244 328 328 I ActivityManager: System now ready
01-01 00:01:07.248 328 328 I SystemServer: Making services ready
01-01 00:01:07.248 328 328 I SystemServer: StartActivityManagerReadyPhase
01-01 00:01:07.248 328 328 I SystemServiceManager: Starting phase 550
01-01 00:01:07.320 328 328 I ActivityManager: Start proc 475:com.android.inputmethod.latin/u0a38 for service com.android.inputmethod.latin/.CarLatinIME
01-01 00:01:07.322 328 328 W SystemServiceManager: Service com.android.server.InputMethodManagerService$Lifecycle took 66 ms in onBootPhase
01-01 00:01:07.323 328 400 D StorageManagerService: Thinking about init, mSystemReady=true, mDaemonConnected=true
01-01 00:01:07.323 328 400 D StorageManagerService: Setting up emulation state, initlocked=false
01-01 00:01:07.323 328 328 W TextServicesManagerService: no available spell checker services found
01-01 00:01:07.323 328 400 D CryptdConnector: SND -> {2 cryptfs unlock_user_key 0 0 ! !}
01-01 00:01:07.328 328 328 D UsbAlsaManager: Adding ALSA device AlsaDevice: [card: 1, device: 0, type: 1]
01-01 00:01:07.328 328 328 W StorageManagerService: No primary storage defined yet; hacking together a stub
01-01 00:01:07.330 163 168 D vold : e4crypt_unlock_user_key 0 serial=0 token_present=0
01-01 00:01:07.330 163 168 E vold : Failed to chmod /data/system_ce/0: No such file or directory
01-01 00:01:07.330 163 168 E vold : Failed to chmod /data/misc_ce/0: No such file or directory
01-01 00:01:07.331 163 168 E vold : Failed to chmod /data/media/0: No such file or directory
01-01 00:01:07.331 328 402 D CryptdConnector: RCV <- {200 2 Command succeeded}
01-01 00:01:07.333 328 400 D StorageManagerService: Thinking about reset, mSystemReady=true, mDaemonConnected=true
01-01 00:01:07.333 328 400 D VoldConnector: SND -> {30 volume reset}
01-01 00:01:07.333 328 343 I ActivityManager: Force stopping com.android.providers.media appid=10012 user=-1: vold reset
01-01 00:01:07.334 328 401 D VoldConnector: RCV <- {651 emulated 7}
01-01 00:01:07.334 328 401 D VoldConnector: RCV <- {659 emulated}
01-01 00:01:07.334 328 401 D VoldConnector: RCV <- {650 emulated 2 "" ""}
01-01 00:01:07.334 328 401 D VoldConnector: RCV <- {651 emulated 0}
01-01 00:01:07.335 328 401 D VoldConnector: RCV <- {200 30 Command succeeded}
01-01 00:01:07.335 328 400 D VoldConnector: SND -> {31 volume user_added 0 0}
01-01 00:01:07.336 328 401 D VoldConnector: RCV <- {200 31 Command succeeded}
01-01 00:01:07.336 328 458 E BluetoothAdapter: Bluetooth binder is null
01-01 00:01:07.339 328 349 V StorageManagerService: Found primary storage at VolumeInfo{emulated}:
01-01 00:01:07.339 328 349 V StorageManagerService: type=EMULATED diskId=null partGuid=null mountFlags=0 mountUserId=-1
01-01 00:01:07.339 328 349 V StorageManagerService: state=UNMOUNTED
01-01 00:01:07.339 328 349 V StorageManagerService: fsType=null fsUuid=null fsLabel=null
01-01 00:01:07.339 328 349 V StorageManagerService: path=null internalPath=null
01-01 00:01:07.339 328 400 D VoldConnector: SND -> {32 volume mount emulated 3 -1}
01-01 00:01:07.340 328 401 D VoldConnector: RCV <- {651 emulated 1}
01-01 00:01:07.341 328 401 D VoldConnector: RCV <- {656 emulated /data/media}
01-01 00:01:07.341 328 401 D VoldConnector: RCV <- {655 emulated /storage/emulated}
01-01 00:01:07.342 163 167 V vold : Waiting for FUSE to spin up...
01-01 00:01:07.339 328 458 E BluetoothAdapter: Bluetooth binder is null
01-01 00:01:07.342 222 222 I AudioFlinger: systemReady
01-01 00:01:07.345 179 179 E android.hardware.usb@1.0-service: Failed to open /sys/class/dual_role_usb
01-01 00:01:07.345 328 328 D SystemServerTiming: StartActivityManagerReadyPhase took to complete: 97ms
01-01 00:01:07.345 328 328 I SystemServer: StartObservingNativeCrashes
01-01 00:01:07.348 328 328 D SystemServerTiming: StartObservingNativeCrashes took to complete: 3ms
01-01 00:01:07.349 328 378 D SystemServerInitThreadPool: Started executing WebViewFactoryPreparation
01-01 00:01:07.349 328 378 I SystemServer: WebViewFactoryPreparation
01-01 00:01:07.351 328 328 I SystemServer: StartSystemUI
01-01 00:01:07.366 328 378 D WebViewFactory: Setting new address space to 104857600
01-01 00:01:07.374 328 486 D UsbHostManager: Added device UsbDevice[mName=/dev/bus/usb/001/002,mVendorId=1133,mProductId=49271,mClass=0,mSubclass=0,mProtocol=0,mManufacturerName=Logitech,mProductName=USB Optical Mouse,mVersion=2.0,mSerialNumber=null,mConfigurations=[
01-01 00:01:07.374 328 486 D UsbHostManager: UsbConfiguration[mId=1,mName=null,mAttributes=160,mMaxPower=50,mInterfaces=[
01-01 00:01:07.374 328 486 D UsbHostManager: UsbInterface[mId=0,mAlternateSetting=0,mName=null,mClass=3,mSubclass=1,mProtocol=2,mEndpoints=[
01-01 00:01:07.374 328 486 D UsbHostManager: UsbEndpoint[mAddress=129,mAttributes=3,mMaxPacketSize=4,mInterval=10]]]]
01-01 00:01:07.386 328 328 I ActivityManager: Start proc 495:com.android.systemui/u0a28 for service com.android.systemui/.SystemUIService
01-01 00:01:07.392 163 167 V vold : Waiting for FUSE to spin up...
01-01 00:01:07.400 482 482 W /system/bin/sdcard: Device explicitly enabled sdcardfs
01-01 00:01:07.430 328 378 I ActivityManager: Start proc 505:WebViewLoader-armeabi-v7a/1037 [android.webkit.WebViewFactory$RelroFileCreator] for
01-01 00:01:07.433 153 153 W /system/bin/hwservicemanager: getTransportFromManifest: Cannot find entry android.hardware.media.omx@1.0::IOmx in either framework or device manifest, using default transport.
01-01 00:01:07.453 328 378 D SystemServerTimingAsync: WebViewFactoryPreparation took to complete: 104ms
01-01 00:01:07.453 328 378 D SystemServerInitThreadPool: Finished executing WebViewFactoryPreparation
01-01 00:01:07.465 328 401 D VoldConnector: RCV <- {651 emulated 2}
01-01 00:01:07.465 328 401 D VoldConnector: RCV <- {200 32 Command succeeded}
01-01 00:01:07.466 233 306 I OMXClient: Treble IOmx obtained
01-01 00:01:07.466 328 328 D SystemServerTiming: StartSystemUI took to complete: 115ms
01-01 00:01:07.466 328 328 I SystemServer: MakeNetworkScoreReady
01-01 00:01:07.467 328 328 D SystemServerTiming: MakeNetworkScoreReady took to complete: 1ms
01-01 00:01:07.467 328 328 I SystemServer: MakeNetworkManagementServiceReady
01-01 00:01:07.469 153 153 W /system/bin/hwservicemanager: getTransportFromManifest: Cannot find entry android.hardware.media.omx@1.0::IOmx in either framework or device manifest, using default transport.
01-01 00:01:07.473 328 328 D NetworkManagement: enabling bandwidth control
01-01 00:01:07.476 233 306 I OMXClient: Treble IOmx obtained
01-01 00:01:07.477 237 292 I OMXMaster: makeComponentInstance(OMX.google.mp3.decoder) in omx@1.0-service process
01-01 00:01:07.399 175 175 I android.hardwar: type=1400 audit(0.0:77): avc: denied { accept } for lport=33452 scontext=u:r:hal_vehicle_default:s0 tcontext=u:r:hal_vehicle_default:s0 tclass=tcp_socket permissive=1
01-01 00:01:07.510 328 444 E HalDeviceManager: Should have at least 1 chip!
01-01 00:01:07.510 328 444 E HalDeviceManager: getSupportedIfaceTypesInternal: no chip info found
01-01 00:01:07.518 153 153 W /system/bin/hwservicemanager: getTransportFromManifest: Cannot find entry android.hardware.media.omx@1.0::IOmx in either framework or device manifest, using default transport.
01-01 00:01:07.519 233 306 I OMXClient: Treble IOmx obtained
01-01 00:01:07.519 237 292 I OMXMaster: makeComponentInstance(OMX.google.amrnb.decoder) in omx@1.0-service process
01-01 00:01:07.522 328 346 E BatteryStatsService: no controller energy info supplied
01-01 00:01:07.523 328 328 W NetworkManagement: setDataSaverMode(): already false
01-01 00:01:07.522 328 346 E BatteryStatsService: no controller energy info supplied
01-01 00:01:07.528 328 328 D SystemServerTiming: MakeNetworkManagementServiceReady took to complete: 61ms
01-01 00:01:07.528 328 328 I SystemServer: MakeNetworkStatsServiceReady
01-01 00:01:07.543 328 441 D NetworkPolicy: setRestrictBackgroundUL(): false
01-01 00:01:07.552 328 441 W NetworkManagement: setDataSaverMode(): already false
01-01 00:01:07.570 328 328 D SystemServerTiming: MakeNetworkStatsServiceReady took to complete: 42ms
01-01 00:01:07.570 328 328 I SystemServer: MakeConnectivityServiceReady
01-01 00:01:07.574 153 153 W /system/bin/hwservicemanager: getTransportFromManifest: Cannot find entry android.hardware.media.omx@1.0::IOmx in either framework or device manifest, using default transport.
01-01 00:01:07.575 233 306 I OMXClient: Treble IOmx obtained
01-01 00:01:07.575 237 289 I OMXMaster: makeComponentInstance(OMX.google.amrwb.decoder) in omx@1.0-service process
01-01 00:01:07.580 328 328 D PermissionMonitor: Monitoring
01-01 00:01:07.581 328 467 D Ethernet: got request NetworkRequest [ BACKGROUND_REQUEST id=2, [ Transports: CELLULAR Capabilities: INTERNET&NOT_RESTRICTED&TRUSTED&NOT_VPN] ] with score 0
01-01 00:01:07.592 505 505 V WebViewFactory: RelroFileCreator (64bit = false), 32-bit lib: /system/app/webview/webview.apk!/lib/armeabi-v7a/libwebviewchromium.so, 64-bit lib:
01-01 00:01:07.599 328 328 D PermissionMonitor: Users: 1, Apps: 70
01-01 00:01:07.601 153 153 W /system/bin/hwservicemanager: getTransportFromManifest: Cannot find entry android.hardware.media.omx@1.0::IOmx in either framework or device manifest, using default transport.
01-01 00:01:07.601 233 306 I OMXClient: Treble IOmx obtained
01-01 00:01:07.602 237 289 I OMXMaster: makeComponentInstance(OMX.google.aac.decoder) in omx@1.0-service process
01-01 00:01:07.610 328 328 D SystemServerTiming: MakeConnectivityServiceReady took to complete: 40ms
01-01 00:01:07.610 328 328 I SystemServer: MakeNetworkPolicyServiceReady
01-01 00:01:07.610 328 328 D SystemServerTiming: MakeNetworkPolicyServiceReady took to complete: 0ms
01-01 00:01:07.610 328 328 I SystemServer: StartWatchdog
01-01 00:01:07.610 328 328 D SystemServerTiming: StartWatchdog took to complete: 0ms
01-01 00:01:07.610 328 328 I SystemServer: PhaseThirdPartyAppsCanStart
01-01 00:01:07.610 328 328 I SystemServiceManager: Starting phase 600
01-01 00:01:07.636 328 328 V WallpaperManagerService: bindWallpaperComponentLocked: componentName=null
01-01 00:01:07.636 328 328 V WallpaperManagerService: No default component; using image wallpaper
01-01 00:01:07.646 153 153 W /system/bin/hwservicemanager: getTransportFromManifest: Cannot find entry android.hardware.media.omx@1.0::IOmx in either framework or device manifest, using default transport.
01-01 00:01:07.648 233 306 I OMXClient: Treble IOmx obtained
01-01 00:01:07.648 237 289 I OMXMaster: makeComponentInstance(OMX.google.g711.alaw.decoder) in omx@1.0-service process
01-01 00:01:07.657 153 153 W /system/bin/hwservicemanager: getTransportFromManifest: Cannot find entry android.hardware.media.omx@1.0::IOmx in either framework or device manifest, using default transport.
01-01 00:01:07.658 233 306 I OMXClient: Treble IOmx obtained
01-01 00:01:07.658 237 289 I OMXMaster: makeComponentInstance(OMX.google.g711.mlaw.decoder) in omx@1.0-service process
01-01 00:01:07.677 328 339 I ActivityManager: Start proc 551:com.android.car/1000 for service com.android.car/.CarService
01-01 00:01:07.682 328 328 D SystemServerTiming: PhaseThirdPartyAppsCanStart took to complete: 72ms
01-01 00:01:07.682 328 328 I SystemServer: MakeLocationServiceReady
01-01 00:01:07.688 153 153 W /system/bin/hwservicemanager: getTransportFromManifest: Cannot find entry android.hardware.gnss@1.0::IGnss in either framework or device manifest, using default transport.
01-01 00:01:07.693 153 153 W /system/bin/hwservicemanager: getTransportFromManifest: Cannot find entry android.hardware.media.omx@1.0::IOmx in either framework or device manifest, using default transport.
01-01 00:01:07.694 233 306 I OMXClient: Treble IOmx obtained
01-01 00:01:07.694 237 289 I OMXMaster: makeComponentInstance(OMX.google.vorbis.decoder) in omx@1.0-service process
01-01 00:01:07.699 328 328 E GnssLocationProvider: Unable to get GPS service
01-01 00:01:07.704 328 328 W ServiceWatcher: com.google.android.gms not found
01-01 00:01:07.705 328 328 W LocationManagerService: no network location provider found
01-01 00:01:07.705 328 328 I chatty : uid=1000 system_server identical 1 line
01-01 00:01:07.705 328 328 W ServiceWatcher: com.google.android.gms not found
01-01 00:01:07.708 153 153 W /system/bin/hwservicemanager: getTransportFromManifest: Cannot find entry android.hardware.media.omx@1.0::IOmx in either framework or device manifest, using default transport.
01-01 00:01:07.710 233 306 I OMXClient: Treble IOmx obtained
01-01 00:01:07.710 237 289 I OMXMaster: makeComponentInstance(OMX.google.opus.decoder) in omx@1.0-service process
01-01 00:01:07.717 328 328 W ServiceWatcher: com.google.android.gms not found
01-01 00:01:07.717 328 328 E LocationManagerService: no geocoder provider found
01-01 00:01:07.718 328 328 D LocationManagerService: FLP HAL not supported
01-01 00:01:07.724 328 328 D LocationManagerService: Unable to bind FLP Geofence proxy.
01-01 00:01:07.718 328 328 W ServiceWatcher: com.google.android.gms not found
01-01 00:01:07.724 328 328 E ActivityRecognitionHardware: activity_recognition HAL is deprecated. is_supported is effectively a no-op
01-01 00:01:07.724 328 328 D LocationManagerService: Hardware Activity-Recognition not supported.
01-01 00:01:07.728 328 328 W ServiceWatcher: com.google.android.gms not found
01-01 00:01:07.728 328 328 E ActivityRecognitionProxy: ServiceWatcher could not start.
01-01 00:01:07.728 328 328 D LocationManagerService: Unable to bind ActivityRecognitionProxy.
01-01 00:01:07.738 328 328 D SystemServerTiming: MakeLocationServiceReady took to complete: 56ms
01-01 00:01:07.738 328 328 I SystemServer: MakeCountryDetectionServiceReady
01-01 00:01:07.738 328 328 D SystemServerTiming: MakeCountryDetectionServiceReady took to complete: 0ms
01-01 00:01:07.738 328 328 I SystemServer: MakeNetworkTimeUpdateReady
01-01 00:01:07.748 153 153 W /system/bin/hwservicemanager: getTransportFromManifest: Cannot find entry android.hardware.media.omx@1.0::IOmx in either framework or device manifest, using default transport.
01-01 00:01:07.749 233 306 I OMXClient: Treble IOmx obtained
01-01 00:01:07.749 237 289 I OMXMaster: makeComponentInstance(OMX.google.raw.decoder) in omx@1.0-service process
01-01 00:01:07.752 328 328 D SystemServerTiming: MakeNetworkTimeUpdateReady took to complete: 14ms
01-01 00:01:07.752 328 328 I SystemServer: MakeCommonTimeManagementServiceReady
01-01 00:01:07.752 328 328 I CommonTimeManagementService: No common time service detected on this platform. Common time services will be unavailable.
01-01 00:01:07.753 328 328 D SystemServerTiming: MakeCommonTimeManagementServiceReady took to complete: 1ms
01-01 00:01:07.753 328 328 I SystemServer: MakeInputManagerServiceReady
01-01 00:01:07.754 505 505 I WebViewLoader-armeabi-v7a: System.exit called, status: 0
01-01 00:01:07.754 505 505 I AndroidRuntime: VM exiting with result code 0, cleanup skipped.
01-01 00:01:07.764 328 399 I InputReader: Reconfiguring input devices. changes=0x00000020
01-01 00:01:07.769 153 153 W /system/bin/hwservicemanager: getTransportFromManifest: Cannot find entry android.hardware.media.omx@1.0::IOmx in either framework or device manifest, using default transport.
01-01 00:01:07.770 328 399 I InputReader: Reconfiguring input devices. changes=0x00000010
01-01 00:01:07.770 328 328 D SystemServerTiming: MakeInputManagerServiceReady took to complete: 17ms
01-01 00:01:07.770 328 328 I SystemServer: MakeTelephonyRegistryReady
01-01 00:01:07.770 233 306 I OMXClient: Treble IOmx obtained
01-01 00:01:07.771 328 328 D SystemServerTiming: MakeTelephonyRegistryReady took to complete: 1ms
01-01 00:01:07.771 237 535 I OMXMaster: makeComponentInstance(OMX.google.aac.encoder) in omx@1.0-service process
01-01 00:01:07.771 328 328 I SystemServer: MakeMediaRouterServiceReady
01-01 00:01:07.773 328 328 D SystemServerTiming: MakeMediaRouterServiceReady took to complete: 2ms
01-01 00:01:07.773 328 328 I SystemServer: MakeMmsServiceReady
01-01 00:01:07.773 328 328 I MmsServiceBroker: Delay connecting to MmsService until an API is called
01-01 00:01:07.773 328 328 D SystemServerTiming: MakeMmsServiceReady took to complete: 0ms
01-01 00:01:07.773 328 328 I SystemServer: MakeNetworkScoreServiceReady
01-01 00:01:07.773 328 328 D SystemServerTiming: MakeNetworkScoreServiceReady took to complete: 0ms
01-01 00:01:07.773 328 328 I SystemServer: IncidentDaemonReady
01-01 00:01:07.776 328 328 D SystemServerTiming: IncidentDaemonReady took to complete: 3ms
01-01 00:01:07.776 328 328 I SystemServiceManager: Calling onStartUser u0
01-01 00:01:07.784 328 328 W VoiceInteractionManagerService: no available voice interaction services found for user 0
01-01 00:01:07.784 328 328 W VoiceInteractionManagerService: no available voice recognition services found for user 0
01-01 00:01:07.798 475 475 E Keyboard: Parse error:java.lang.NullPointerException: Attempt to read from null array
01-01 00:01:07.799 475 475 W System.err: java.lang.NullPointerException: Attempt to read from null array
01-01 00:01:07.808 475 475 W System.err: at android.inputmethodservice.Keyboard.loadKeyboard(Keyboard.java:823)
01-01 00:01:07.808 475 475 W System.err: at android.inputmethodservice.Keyboard.(Keyboard.java:569)
01-01 00:01:07.808 475 475 W System.err: at android.inputmethodservice.Keyboard.(Keyboard.java:522)
01-01 00:01:07.808 475 475 W System.err: at com.android.inputmethod.latin.CarLatinIME.createKeyboard(CarLatinIME.java:217)
01-01 00:01:07.808 475 475 W System.err: at com.android.inputmethod.latin.CarLatinIME.onCreate(CarLatinIME.java:151)
01-01 00:01:07.808 475 475 W System.err: at android.app.ActivityThread.handleCreateService(ActivityThread.java:3404)
01-01 00:01:07.808 475 475 W System.err: at android.app.ActivityThread.-wrap4(Unknown Source:0)
01-01 00:01:07.808 475 475 W System.err: at android.app.ActivityThread$H.handleMessage(ActivityThread.java:1683)
01-01 00:01:07.808 475 475 W System.err: at android.os.Handler.dispatchMessage(Handler.java:105)
01-01 00:01:07.808 475 475 W System.err: at android.os.Looper.loop(Looper.java:164)
01-01 00:01:07.808 475 475 W System.err: at android.app.ActivityThread.main(ActivityThread.java:6541)
01-01 00:01:07.808 475 475 W System.err: at java.lang.reflect.Method.invoke(Native Method)
01-01 00:01:07.808 475 475 W System.err: at com.android.internal.os.Zygote$MethodAndArgsCaller.run(Zygote.java:240)
01-01 00:01:07.810 475 475 W System.err: at com.android.internal.os.ZygoteInit.main(ZygoteInit.java:767)
01-01 00:01:07.812 153 153 W /system/bin/hwservicemanager: getTransportFromManifest: Cannot find entry android.hardware.media.omx@1.0::IOmx in either framework or device manifest, using default transport.
01-01 00:01:07.814 233 306 I OMXClient: Treble IOmx obtained
01-01 00:01:07.814 237 574 I OMXMaster: makeComponentInstance(OMX.google.amrnb.encoder) in omx@1.0-service process
01-01 00:01:07.818 328 328 I ActivityManager: Start proc 578:com.android.car/1000 for added application com.android.car
01-01 00:01:07.828 153 153 W /system/bin/hwservicemanager: getTransportFromManifest: Cannot find entry android.hardware.media.omx@1.0::IOmx in either framework or device manifest, using default transport.
01-01 00:01:07.833 233 306 I OMXClient: Treble IOmx obtained
01-01 00:01:07.833 237 574 I OMXMaster: makeComponentInstance(OMX.google.amrwb.encoder) in omx@1.0-service process
01-01 00:01:07.855 153 153 W /system/bin/hwservicemanager: getTransportFromManifest: Cannot find entry android.hardware.media.omx@1.0::IOmx in either framework or device manifest, using default transport.
01-01 00:01:07.857 233 306 I OMXClient: Treble IOmx obtained
01-01 00:01:07.857 237 574 I OMXMaster: makeComponentInstance(OMX.google.flac.encoder) in omx@1.0-service process
01-01 00:01:07.861 328 328 I ActivityManager: Start proc 592:com.android.phone/1001 for added application com.android.phone
01-01 00:01:07.861 328 328 I ActivityManager: START u0 {act=android.intent.action.MAIN cat=[android.intent.category.HOME] flg=0x10000100 cmp=com.android.settings/.CryptKeeper} from uid 0
01-01 00:01:07.875 328 328 I ActivityManager: Loaded persisted task ids for user 0
01-01 00:01:07.879 153 153 W /system/bin/hwservicemanager: getTransportFromManifest: Cannot find entry android.hardware.media.omx@1.0::IOmx in either framework or device manifest, using default transport.
01-01 00:01:07.880 233 306 I OMXClient: Treble IOmx obtained
01-01 00:01:07.881 237 574 I OMXMaster: makeComponentInstance(OMX.TI.DUCATI1.VIDEO.DECODER) in omx@1.0-service process
01-01 00:01:07.881 237 574 D OMX_CORE_WRAPPER: TIOMX_GetHandle
01-01 00:01:07.888 237 574 I vndksupport: sphal namespace is not configured for this process. Loading /vendor/lib/hw/gralloc.jacinto6.so from the current namespace instead.
01-01 00:01:07.892 237 574 E IMGSRV : :0: PVRSRVOpenDCDevice: Error - 138 returned
01-01 00:01:07.913 328 328 I ActivityManager: Start proc 606:com.android.settings:CryptKeeper/1000 for activity com.android.settings/.CryptKeeper
01-01 00:01:07.915 328 328 D SystemServerTiming: ActivityManagerStartApps took to complete: 139ms
01-01 00:01:07.916 328 328 D SystemServerTiming: PhaseActivityManagerReady took to complete: 674ms
01-01 00:01:07.918 328 328 D SystemServerInitThreadPool: Shutdown successful
01-01 00:01:07.918 328 328 D SystemServerTiming: StartServices took to complete: 48592ms
01-01 00:01:07.919 328 328 I SystemServer: Enabled StrictMode for system server main thread.
01-01 00:01:07.919 328 339 W ActivityManager: No pending application record for pid 551 (IApplicationThread android.app.IApplicationThread$Stub$Proxy@1866cc4); dropping process
01-01 00:01:07.921 328 340 W zygote : Long monitor contention with owner main (328) at void com.android.server.am.ActivityManagerService.systemReady(java.lang.Runnable, android.util.BootTimingsTraceLog)(ActivityManagerService.java:14138) waiters=2 in void com.android.server.am.ActivityManagerService.publishService(android.os.IBinder, android.content.Intent, android.os.IBinder) for 104ms
01-01 00:01:07.934 328 344 W Looper : Dispatch took 116ms on android.ui, h=Handler (com.android.server.am.ActivityManagerService$UiHandler) {ea2fe73} cb=null msg=53
01-01 00:01:07.998 237 535 E OMXNodeInstance: getExtensionIndex(0xac1a3260:TI.DUCATI1.DECODER, OMX.google.android.index.configureVideoTunnelMode) ERROR: UnsupportedIndex(0x8000101a)
01-01 00:01:07.998 237 535 W OMXNodeInstance: [0xac1a3260:TI.DUCATI1.DECODER] component does not support metadata mode; using fallback
01-01 00:01:07.999 237 535 D OMX_CORE_WRAPPER: TIOMX_FreeHandle
01-01 00:01:08.002 153 153 W /system/bin/hwservicemanager: getTransportFromManifest: Cannot find entry android.hardware.media.omx@1.0::IOmx in either framework or device manifest, using default transport.
01-01 00:01:08.010 233 306 I OMXClient: Treble IOmx obtained
01-01 00:01:08.010 237 535 I OMXMaster: makeComponentInstance(OMX.TI.DUCATI1.VIDEO.DECODER) in omx@1.0-service process
01-01 00:01:08.010 237 535 D OMX_CORE_WRAPPER: TIOMX_GetHandle
01-01 00:01:08.011 237 535 I vndksupport: sphal namespace is not configured for this process. Loading /vendor/lib/hw/gralloc.jacinto6.so from the current namespace instead.
01-01 00:01:08.009 175 175 I android.hardwar: type=1400 audit(0.0:78): avc: denied { accept } for lport=33452 scontext=u:r:hal_vehicle_default:s0 tcontext=u:r:hal_vehicle_default:s0 tclass=tcp_socket permissive=1
01-01 00:01:08.029 237 535 E OMXNodeInstance: getExtensionIndex(0xac1a3260:TI.DUCATI1.DECODER, OMX.google.android.index.configureVideoTunnelMode) ERROR: UnsupportedIndex(0x8000101a)
01-01 00:01:08.029 237 535 W OMXNodeInstance: [0xac1a3260:TI.DUCATI1.DECODER] component does not support metadata mode; using fallback
01-01 00:01:08.030 237 535 D OMX_CORE_WRAPPER: TIOMX_FreeHandle
01-01 00:01:08.033 153 153 W /system/bin/hwservicemanager: getTransportFromManifest: Cannot find entry android.hardware.media.omx@1.0::IOmx in either framework or device manifest, using default transport.
01-01 00:01:08.035 233 306 I OMXClient: Treble IOmx obtained
01-01 00:01:08.036 237 535 I OMXMaster: makeComponentInstance(OMX.TI.DUCATI1.VIDEO.DECODER) in omx@1.0-service process
01-01 00:01:08.036 237 535 D OMX_CORE_WRAPPER: TIOMX_GetHandle
01-01 00:01:08.036 237 535 I vndksupport: sphal namespace is not configured for this process. Loading /vendor/lib/hw/gralloc.jacinto6.so from the current namespace instead.
01-01 00:01:08.040 328 328 D ConditionProviders.SCP: onConnected
01-01 00:01:08.058 495 495 V SystemUIService: Starting SystemUI services for user 0.
01-01 00:01:08.068 184 205 D PermissionCache: checking android.permission.READ_FRAME_BUFFER for uid=1000 => granted (960 us)
01-01 00:01:08.095 237 535 E OMXNodeInstance: getExtensionIndex(0xac1a3260:TI.DUCATI1.DECODER, OMX.google.android.index.configureVideoTunnelMode) ERROR: UnsupportedIndex(0x8000101a)
01-01 00:01:08.095 237 535 W OMXNodeInstance: [0xac1a3260:TI.DUCATI1.DECODER] component does not support metadata mode; using fallback
01-01 00:01:08.096 237 535 D OMX_CORE_WRAPPER: TIOMX_FreeHandle
01-01 00:01:08.099 153 153 W /system/bin/hwservicemanager: getTransportFromManifest: Cannot find entry android.hardware.media.omx@1.0::IOmx in either framework or device manifest, using default transport.
01-01 00:01:08.100 233 306 I OMXClient: Treble IOmx obtained
01-01 00:01:08.101 237 535 I OMXMaster: makeComponentInstance(OMX.TI.DUCATI1.VIDEO.DECODER) in omx@1.0-service process
01-01 00:01:08.101 237 535 D OMX_CORE_WRAPPER: TIOMX_GetHandle
01-01 00:01:08.101 237 535 I vndksupport: sphal namespace is not configured for this process. Loading /vendor/lib/hw/gralloc.jacinto6.so from the current namespace instead.
01-01 00:01:08.107 237 535 E OMXNodeInstance: getExtensionIndex(0xac1a3260:TI.DUCATI1.DECODER, OMX.google.android.index.configureVideoTunnelMode) ERROR: UnsupportedIndex(0x8000101a)
01-01 00:01:08.107 237 535 W OMXNodeInstance: [0xac1a3260:TI.DUCATI1.DECODER] component does not support metadata mode; using fallback
01-01 00:01:08.108 237 535 D OMX_CORE_WRAPPER: TIOMX_FreeHandle
01-01 00:01:08.113 153 153 W /system/bin/hwservicemanager: getTransportFromManifest: Cannot find entry android.hardware.media.omx@1.0::IOmx in either framework or device manifest, using default transport.
01-01 00:01:08.121 328 340 W ActivityManager: Slow operation: 58ms so far, now at attachApplicationLocked: after mServices.attachApplicationLocked
01-01 00:01:08.140 233 306 I OMXClient: Treble IOmx obtained
01-01 00:01:08.140 237 574 I OMXMaster: makeComponentInstance(OMX.TI.DUCATI1.VIDEO.H264E) in omx@1.0-service process
01-01 00:01:08.140 237 574 D OMX_CORE_WRAPPER: TIOMX_GetHandle
01-01 00:01:08.347 237 574 D OMX_H264_ENCODERUTILS: Initialize Audio Port Params
01-01 00:01:08.348 237 574 D OMX_H264_ENCODERUTILS: Initialize Video Port Params
01-01 00:01:08.348 237 574 D OMX_H264_ENCODERUTILS: Initialize Image Port Params
01-01 00:01:08.348 237 574 D OMX_H264_ENCODERUTILS: Initialize Other Port Params
01-01 00:01:08.348 237 574 D OMX_H264_ENCODERUTILS: Initialize Component Port Params
01-01 00:01:08.350 237 574 D OMX_H264_ENCODERUTILS: Update the default Port Params
01-01 00:01:08.350 237 574 D OMX_H264_ENCODERUTILS: SetH264AlgDefaultCreationParams
01-01 00:01:08.350 237 574 D OMX_H264_ENCODERUTILS: SetH264AlgDefaultDynamicParams
01-01 00:01:08.357 237 574 E OMX_H264_ENCODER: Failed check: OMX_ErrorNone == eError
01-01 00:01:08.357 237 574 E OMX_H264_ENCODER: Returning error: eError
01-01 00:01:08.358 237 574 D OMX_H264_ENCODER: In Default: Call to BASE GetConfig
01-01 00:01:08.359 237 574 E OMX_H264_ENCODER: Failed check: OMX_ErrorNone == eError
01-01 00:01:08.359 237 574 E OMX_H264_ENCODER: Returning error: eError
01-01 00:01:08.359 237 574 E OMXNodeInstance: getConfig(0xac1a35c0:TI.DUCATI1.H264E, ConfigAndroidIntraRefresh(0x6f60000a)) ERROR: UnsupportedIndex(0x8000101a)
01-01 00:01:08.359 237 574 D OMX_CORE_WRAPPER: TIOMX_FreeHandle
01-01 00:01:08.359 237 574 D OMX_H264_ENCODER: Call BaseComponent Deinit
01-01 00:01:08.360 237 574 D OMX_H264_ENCODER: DeInitialize DerToBase.PortProperties
01-01 00:01:08.360 237 574 D OMX_H264_ENCODER: Call Engine_Close
01-01 00:01:08.361 237 574 D OMX_H264_ENCODER: At the End of Component DeInit
01-01 00:01:08.363 153 153 W /system/bin/hwservicemanager: getTransportFromManifest: Cannot find entry android.hardware.media.omx@1.0::IOmx in either framework or device manifest, using default transport.
01-01 00:01:08.364 233 306 I OMXClient: Treble IOmx obtained
01-01 00:01:08.364 237 574 I OMXMaster: makeComponentInstance(OMX.google.mpeg4.decoder) in omx@1.0-service process
