01-01 00:00:12.178 174 279 E DevicesFactoryHAL: loadAudioInterface couldn't load audio hw module audio.usb (No such file or directory)
01-01 00:00:12.178 222 222 E AudioFlinger: loadHwModule() error -22 loading module usb
01-01 00:00:12.178 222 222 W APM_AudioPolicyManager: could not open HW module usb
01-01 00:00:12.179 174 279 I vndksupport: sphal namespace is not configured for this process. Loading /vendor/lib/hw/audio.r_submix.default.so from the current namespace instead.
01-01 00:00:11.299 288 288 I getprop : type=1400 audit(0.0:37): avc: denied { getattr } for path="/dev/__properties__/u:object_r:boottime_prop:s0" dev="tmpfs" ino=8472 scontext=u:r:shell:s0 tcontext=u:object_r:boottime_prop:s0 tclass=file permissive=1
01-01 00:00:11.299 288 288 I getprop : type=1400 audit(0.0:38): avc: denied { open } for path="/dev/__properties__/u:object_r:overlay_prop:s0" dev="tmpfs" ino=8474 scontext=u:r:shell:s0 tcontext=u:object_r:overlay_prop:s0 tclass=file permissive=1
01-01 00:00:12.250 174 279 I r_submix: adev_open(name=audio_hw_if)
01-01 00:00:12.251 174 174 I r_submix: adev_init_check()
01-01 00:00:12.251 174 174 W DeviceHAL: Device 0xa9728980 set_master_mute: Function not implemented
01-01 00:00:12.251 222 222 I AudioFlinger: loadHwModule() Loaded r_submix audio interface, handle 18
01-01 00:00:12.252 174 174 D r_submix: adev_open_input_stream(addr=0)
01-01 00:00:12.252 174 174 D r_submix: submix_audio_device_create_pipe_l(addr=0, idx=9)
01-01 00:00:12.252 174 174 D r_submix: now using address 0 for route 9
01-01 00:00:12.254 222 316 I AudioFlinger: AudioFlinger's thread 0xb1b1a600 tid=316 ready to run
01-01 00:00:12.254 222 222 W APM_AudioPolicyManager: Output device 00000002 unreachable
01-01 00:00:12.254 222 222 W APM_AudioPolicyManager: Input device 80000004 unreachable
01-01 00:00:12.254 222 222 E APM_AudioPolicyManager: Default device 00000002 is unreachable
01-01 00:00:12.254 222 222 E APM_AudioPolicyManager: Failed to open primary output
01-01 00:00:12.255 174 279 D r_submix: adev_close_input_stream()
01-01 00:00:12.255 174 279 D r_submix: submix_audio_device_release_pipe_l(idx=9) addr=0
01-01 00:00:12.255 174 279 D r_submix: submix_audio_device_destroy_pipe_l(): pipe destroyed
01-01 00:00:12.261 222 222 I RadioService: RadioService
01-01 00:00:12.261 222 222 I RadioService: onFirstRef
01-01 00:00:12.262 153 153 W /system/bin/hwservicemanager: getTransportFromManifest: Cannot find entry android.hardware.broadcastradio@1.0::IBroadcastRadioFactory in either framework or device manifest, using default transport.
01-01 00:00:12.263 174 279 I BroadcastRadio: onFirstRef mClassId 0
01-01 00:00:12.263 174 279 I BroadcastRadio: onFirstRef RADIO_HARDWARE_MODULE_ID radio fm
01-01 00:00:12.263 174 279 E BroadcastRadio: couldn't load radio module radio.fm (No such file or directory)
01-01 00:00:12.264 222 222 E RadioService: could not read implementation properties
01-01 00:00:11.299 288 288 I getprop : type=1400 audit(0.0:39): avc: denied { getattr } for path="/dev/__properties__/u:object_r:overlay_prop:s0" dev="tmpfs" ino=8474 scontext=u:r:shell:s0 tcontext=u:object_r:overlay_prop:s0 tclass=file permissive=1
01-01 00:00:12.266 153 153 W /system/bin/hwservicemanager: getTransportFromManifest: Cannot find entry android.hardware.soundtrigger@2.0::ISoundTriggerHw in either framework or device manifest, using default transport.
01-01 00:00:12.267 222 222 I SoundTriggerHalHidl: getProperties res implementor
01-01 00:00:12.267 222 222 I SoundTriggerHalHidl: getProperties ret -19
01-01 00:00:12.267 222 222 E SoundTriggerHwService: could not read implementation properties
01-01 00:00:11.299 288 288 I getprop : type=1400 audit(0.0:40): avc: denied { open } for path="/dev/__properties__/u:object_r:safemode_prop:s0" dev="tmpfs" ino=8475 scontext=u:r:shell:s0 tcontext=u:object_r:safemode_prop:s0 tclass=file permissive=1
01-01 00:00:11.299 288 288 I getprop : type=1400 audit(0.0:41): avc: denied { getattr } for path="/dev/__properties__/u:object_r:safemode_prop:s0" dev="tmpfs" ino=8475 scontext=u:r:shell:s0 tcontext=u:object_r:safemode_prop:s0 tclass=file permissive=1
01-01 00:00:11.299 288 288 I getprop : type=1400 audit(0.0:42): avc: denied { open } for path="/dev/__properties__/u:object_r:mmc_prop:s0" dev="tmpfs" ino=8476 scontext=u:r:shell:s0 tcontext=u:object_r:mmc_prop:s0 tclass=file permissive=1
01-01 00:00:11.299 288 288 I getprop : type=1400 audit(0.0:43): avc: denied { getattr } for path="/dev/__properties__/u:object_r:mmc_prop:s0" dev="tmpfs" ino=8476 scontext=u:r:shell:s0 tcontext=u:object_r:mmc_prop:s0 tclass=file permissive=1
01-01 00:00:12.470 176 176 D CameraHal: (ac4474a8) hardware/ti/dra7xx/camera/V4LCameraAdapter/V4LCameraAdapter.cpp:244 v4lSetFormat - VIDIOC_G_FMT : WxH = 1280x720
01-01 00:00:12.470 176 176 D CameraHal: (ac4474a8) hardware/ti/dra7xx/camera/V4LCameraAdapter/V4LCameraAdapter.cpp:245 v4lSetFormat - ### Using: WxH = 1280x720 pixelformat=0x56595559
01-01 00:00:12.470 176 176 D CameraHal: (ac4474a8) hardware/ti/dra7xx/camera/V4LCameraAdapter/V4LCameraAdapter.cpp:246 v4lSetFormat - ### Using: bytesperline=2560 sizeimage=1843200 colorspace=0x1
01-01 00:00:12.470 176 176 D CameraHal: (ac4474a8) - hardware/ti/dra7xx/camera/V4LCameraAdapter/V4LCameraAdapter.cpp:247 v4lSetFormat - EXIT
01-01 00:00:12.470 176 176 D CameraHal: (ac4474a8) hardware/ti/dra7xx/camera/V4LCameraAdapter/V4LCameraAdapter.cpp:465 setParameters - Current fps is 0 new fps is (30000,30000)
01-01 00:00:12.471 176 176 D CameraHal: (ac4474a8) - hardware/ti/dra7xx/camera/V4LCameraAdapter/V4LCameraAdapter.cpp:476 setParameters - EXIT
01-01 00:00:12.471 176 176 D CameraHal: (ac4474a8) - hardware/ti/dra7xx/camera/CameraHal.cpp:1350 setParameters - EXIT
01-01 00:00:12.471 176 176 D CameraHal: (ac4474a8) - hardware/ti/dra7xx/camera/CameraHal.cpp:4227 initialize - EXIT
01-01 00:00:12.471 176 176 D CameraHal: (ac4474a8) + hardware/ti/dra7xx/camera/CameraHal_Module.cpp:171 camera_set_callbacks - ENTER
01-01 00:00:12.471 176 176 D CameraHal: (ac4474a8) + hardware/ti/dra7xx/camera/CameraHal.cpp:231 setCallbacks - ENTER
01-01 00:00:12.471 176 176 D CameraHal: (ac4474a8) + hardware/ti/dra7xx/camera/AppCallbackNotifier.cpp:84 setCallbacks - ENTER
01-01 00:00:12.471 176 176 D CameraHal: (ac4474a8) - hardware/ti/dra7xx/camera/AppCallbackNotifier.cpp:93 setCallbacks - EXIT
01-01 00:00:12.471 176 176 D CameraHal: (ac4474a8) - hardware/ti/dra7xx/camera/CameraHal.cpp:247 setCallbacks - EXIT
01-01 00:00:12.471 176 176 D CameraHal: (ac4474a8) - hardware/ti/dra7xx/camera/CameraHal_Module.cpp:171 camera_set_callbacks - EXIT
01-01 00:00:12.471 176 176 D CameraHal: (ac4474a8) + hardware/ti/dra7xx/camera/CameraHal_Module.cpp:485 camera_get_parameters - ENTER
01-01 00:00:12.471 176 176 D CameraHal: (ac4474a8) + hardware/ti/dra7xx/camera/CameraHal.cpp:3616 getParameters - ENTER
01-01 00:00:12.471 176 176 D CameraHal: (ac4474a8) + hardware/ti/dra7xx/camera/V4LCameraAdapter/V4LCameraAdapter.cpp:483 getParameters - ENTER
01-01 00:00:12.471 176 176 D CameraHal: (ac4474a8) - hardware/ti/dra7xx/camera/V4LCameraAdapter/V4LCameraAdapter.cpp:489 getParameters - EXIT
01-01 00:00:12.471 176 176 D CameraHal: (ac4474a8) - hardware/ti/dra7xx/camera/CameraHal.cpp:3668 getParameters - EXIT
01-01 00:00:12.471 176 176 D CameraHal: (ac4474a8) - hardware/ti/dra7xx/camera/CameraHal_Module.cpp:485 camera_get_parameters - EXIT
01-01 00:00:12.471 176 176 D CameraHal: (ac4474a8) + hardware/ti/dra7xx/camera/CameraHal_Module.cpp:502 camera_put_parameters - ENTER
01-01 00:00:12.471 176 176 D CameraHal: (ac4474a8) - hardware/ti/dra7xx/camera/CameraHal_Module.cpp:502 camera_put_parameters - EXIT
01-01 00:00:12.472 176 176 D CameraHal: (ac4474a8) + hardware/ti/dra7xx/camera/CameraHal_Module.cpp:94 camera_set_preview_window - ENTER
01-01 00:00:12.472 176 176 D CameraHal: (ac4474a8) + hardware/ti/dra7xx/camera/CameraHal.cpp:2059 setPreviewWindow - ENTER
01-01 00:00:12.472 176 176 D CameraHal: (ac4474a8) + hardware/ti/dra7xx/camera/ANativeWindowDisplayAdapter.cpp:84 ANativeWindowDisplayAdapter - ENTER
01-01 00:00:12.472 176 176 D CameraHal: (ac4474a8) - hardware/ti/dra7xx/camera/ANativeWindowDisplayAdapter.cpp:117 ANativeWindowDisplayAdapter - EXIT
01-01 00:00:12.472 176 176 D CameraHal: (ac4474a8) + hardware/ti/dra7xx/camera/ANativeWindowDisplayAdapter.cpp:167 initialize - ENTER
01-01 00:00:12.472 176 176 D CameraHal: (ac4474a8) - hardware/ti/dra7xx/camera/ANativeWindowDisplayAdapter.cpp:187 initialize - EXIT
01-01 00:00:12.472 176 176 D CameraHal: (ac4474a8) + hardware/ti/dra7xx/camera/ANativeWindowDisplayAdapter.cpp:220 setFrameProvider - ENTER
01-01 00:00:12.472 176 176 D CameraHal: (ac4474a8) - hardware/ti/dra7xx/camera/ANativeWindowDisplayAdapter.cpp:239 setFrameProvider - EXIT
01-01 00:00:12.473 176 176 D CameraHal: (ac4474a8) + hardware/ti/dra7xx/camera/ANativeWindowDisplayAdapter.cpp:248 setErrorHandler - ENTER
01-01 00:00:12.473 176 176 D CameraHal: (ac4474a8) - hardware/ti/dra7xx/camera/ANativeWindowDisplayAdapter.cpp:260 setErrorHandler - EXIT
01-01 00:00:12.473 176 176 D CameraHal: (ac4474a8) + hardware/ti/dra7xx/camera/ANativeWindowDisplayAdapter.cpp:194 setPreviewWindow - ENTER
01-01 00:00:12.473 176 176 D CameraHal: (ac4474a8) + hardware/ti/dra7xx/camera/ANativeWindowDisplayAdapter.cpp:437 destroy - ENTER
01-01 00:00:12.473 176 176 D CameraHal: (ac4474a8) - hardware/ti/dra7xx/camera/ANativeWindowDisplayAdapter.cpp:448 destroy - EXIT
01-01 00:00:12.473 176 176 D CameraHal: (ac4474a8) - hardware/ti/dra7xx/camera/ANativeWindowDisplayAdapter.cpp:213 setPreviewWindow - EXIT
01-01 00:00:12.473 176 176 D CameraHal: (ac4474a8) - hardware/ti/dra7xx/camera/CameraHal.cpp:2142 setPreviewWindow - EXIT
01-01 00:00:12.473 176 176 D CameraHal: (ac4474a8) - hardware/ti/dra7xx/camera/CameraHal_Module.cpp:94 camera_set_preview_window - EXIT
01-01 00:00:12.473 176 176 D CameraHal: (ac4474a8) + hardware/ti/dra7xx/camera/CameraHal_Module.cpp:244 camera_stop_preview - ENTER
01-01 00:00:12.473 176 176 D CameraHal: (ac4474a8) + hardware/ti/dra7xx/camera/CameraHal.cpp:2539 stopPreview - ENTER
01-01 00:00:12.473 176 176 D CameraHal: (ac4474a8) + hardware/ti/dra7xx/camera/CameraHal.cpp:2579 previewEnabled - ENTER
01-01 00:00:12.473 176 176 D CameraHal: (ac4474a8) - hardware/ti/dra7xx/camera/CameraHal.cpp:2579 previewEnabled - EXIT
01-01 00:00:12.473 176 176 D CameraHal: (ac4474a8) - hardware/ti/dra7xx/camera/CameraHal.cpp:2543 stopPreview - EXIT
01-01 00:00:12.473 176 176 D CameraHal: (ac4474a8) - hardware/ti/dra7xx/camera/CameraHal_Module.cpp:244 camera_stop_preview - EXIT
01-01 00:00:12.473 176 176 D CameraHal: (ac4474a8) + hardware/ti/dra7xx/camera/CameraHal_Module.cpp:94 camera_set_preview_window - ENTER
01-01 00:00:12.473 176 176 D CameraHal: (ac4474a8) + hardware/ti/dra7xx/camera/CameraHal.cpp:2059 setPreviewWindow - ENTER
01-01 00:00:12.473 176 176 D CameraHal: (ac4474a8) hardware/ti/dra7xx/camera/CameraHal.cpp:2068 setPreviewWindow - NULL window passed, destroying display adapter
01-01 00:00:12.473 176 176 D CameraHal: (ac4474a8) + hardware/ti/dra7xx/camera/ANativeWindowDisplayAdapter.cpp:125 ~ANativeWindowDisplayAdapter - ENTER
01-01 00:00:12.473 176 176 D CameraHal: (ac4474a8) + hardware/ti/dra7xx/camera/CameraHalUtilClasses.cpp:49 disableFrameNotification - ENTER
01-01 00:00:12.473 176 176 D CameraHal: (ac4474a8) + hardware/ti/dra7xx/camera/BaseCameraAdapter.cpp:236 disableMsgType - ENTER
01-01 00:00:12.473 176 176 V CameraHal: (ac4474a8) hardware/ti/dra7xx/camera/BaseCameraAdapter.cpp:243 disableMsgType - Frame message type id=0xffff remove subscription request
01-01 00:00:12.473 176 176 D CameraHal: (ac4474a8) - hardware/ti/dra7xx/camera/BaseCameraAdapter.cpp:299 disableMsgType - EXIT
01-01 00:00:12.473 176 176 D CameraHal: (ac4474a8) - hardware/ti/dra7xx/camera/CameraHalUtilClasses.cpp:56 disableFrameNotification - EXIT
01-01 00:00:12.473 176 176 D CameraHal: (ac4474a8) + hardware/ti/dra7xx/camera/ANativeWindowDisplayAdapter.cpp:437 destroy - ENTER
01-01 00:00:12.473 176 176 D CameraHal: (ac4474a8) - hardware/ti/dra7xx/camera/ANativeWindowDisplayAdapter.cpp:448 destroy - EXIT
01-01 00:00:12.480 176 319 D CameraHal: (aa77f970) + hardware/ti/dra7xx/camera/ANativeWindowDisplayAdapter.cpp:877 displayThread - ENTER
01-01 00:00:12.480 176 319 D CameraHal: (aa77f970) + hardware/ti/dra7xx/camera/ANativeWindowDisplayAdapter.cpp:936 processHalMsg - ENTER
01-01 00:00:12.480 176 319 D CameraHal: (aa77f970) hardware/ti/dra7xx/camera/ANativeWindowDisplayAdapter.cpp:971 processHalMsg - Display thread received DISPLAY_EXIT command from Camera HAL.
01-01 00:00:12.480 176 319 D CameraHal: (aa77f970) hardware/ti/dra7xx/camera/ANativeWindowDisplayAdapter.cpp:972 processHalMsg - Stopping display thread...
01-01 00:00:12.480 176 319 D CameraHal: (aa77f970) hardware/ti/dra7xx/camera/ANativeWindowDisplayAdapter.cpp:992 processHalMsg - +Signalling display semaphore
01-01 00:00:12.480 176 319 D CameraHal: (aa77f970) hardware/ti/dra7xx/camera/ANativeWindowDisplayAdapter.cpp:997 processHalMsg - -Signalling display semaphore
01-01 00:00:12.481 176 319 D CameraHal: (aa77f970) - hardware/ti/dra7xx/camera/ANativeWindowDisplayAdapter.cpp:1001 processHalMsg - EXIT
01-01 00:00:12.481 176 319 D CameraHal: (aa77f970) - hardware/ti/dra7xx/camera/ANativeWindowDisplayAdapter.cpp:928 displayThread - EXIT
01-01 00:00:12.481 176 176 D CameraHal: (ac4474a8) - hardware/ti/dra7xx/camera/ANativeWindowDisplayAdapter.cpp:161 ~ANativeWindowDisplayAdapter - EXIT
01-01 00:00:12.481 176 176 D CameraHal: (ac4474a8) hardware/ti/dra7xx/camera/CameraHal.cpp:2074 setPreviewWindow - NULL ANativeWindow passed to setPreviewWindow
01-01 00:00:12.481 176 176 D CameraHal: (ac4474a8) - hardware/ti/dra7xx/camera/CameraHal.cpp:2059 setPreviewWindow - EXIT
01-01 00:00:12.481 176 176 D CameraHal: (ac4474a8) - hardware/ti/dra7xx/camera/CameraHal_Module.cpp:94 camera_set_preview_window - EXIT
01-01 00:00:12.481 176 176 I CamDev@1.0-impl: Closing camera 0
01-01 00:00:12.481 176 176 D CameraHal: (ac4474a8) + hardware/ti/dra7xx/camera/CameraHal_Module.cpp:580 camera_device_close - ENTER
01-01 00:00:12.481 176 176 D CameraHal: (ac4474a8) + hardware/ti/dra7xx/camera/CameraHal.cpp:4058 ~CameraHal - ENTER
01-01 00:00:12.481 176 176 D CameraHal: (ac4474a8) + hardware/ti/dra7xx/camera/CameraHal.cpp:4677 deinitialize - ENTER
01-01 00:00:12.481 176 176 D CameraHal: (ac4474a8) - hardware/ti/dra7xx/camera/CameraHal.cpp:4690 deinitialize - EXIT
01-01 00:00:12.481 176 176 D CameraHal: (ac4474a8) + hardware/ti/dra7xx/camera/AppCallbackNotifier.cpp:1172 ~AppCallbackNotifier - ENTER
01-01 00:00:12.481 176 176 D CameraHal: (ac4474a8) + hardware/ti/dra7xx/camera/AppCallbackNotifier.cpp:1666 stop - ENTER
01-01 00:00:12.481 176 176 D CameraHal: (ac4474a8) hardware/ti/dra7xx/camera/AppCallbackNotifier.cpp:1678 stop - --> AppCallbackNotifier NOTIFIER_STOPPED
01-01 00:00:12.481 176 176 D CameraHal: (ac4474a8) - hardware/ti/dra7xx/camera/AppCallbackNotifier.cpp:1681 stop - EXIT
01-01 00:00:12.481 176 176 D CameraHal: (ac4474a8) + hardware/ti/dra7xx/camera/CameraHalUtilClasses.cpp:49 disableFrameNotification - ENTER
01-01 00:00:12.481 176 176 D CameraHal: (ac4474a8) + hardware/ti/dra7xx/camera/BaseCameraAdapter.cpp:236 disableMsgType - ENTER
01-01 00:00:12.481 176 176 V CameraHal: (ac4474a8) hardware/ti/dra7xx/camera/BaseCameraAdapter.cpp:243 disableMsgType - Frame message type id=0xffff remove subscription request
01-01 00:00:12.481 176 176 D CameraHal: (ac4474a8) - hardware/ti/dra7xx/camera/BaseCameraAdapter.cpp:299 disableMsgType - EXIT
01-01 00:00:12.481 176 176 D CameraHal: (ac4474a8) - hardware/ti/dra7xx/camera/CameraHalUtilClasses.cpp:56 disableFrameNotification - EXIT
01-01 00:00:12.481 176 176 D CameraHal: (ac4474a8) + hardware/ti/dra7xx/camera/CameraHalUtilClasses.cpp:103 disableEventNotification - ENTER
01-01 00:00:12.481 176 176 D CameraHal: (ac4474a8) + hardware/ti/dra7xx/camera/BaseCameraAdapter.cpp:236 disableMsgType - ENTER
01-01 00:00:12.481 176 176 V CameraHal: (ac4474a8) hardware/ti/dra7xx/camera/BaseCameraAdapter.cpp:284 disableMsgType - Event message type id=0xffff remove subscription request
01-01 00:00:12.481 176 176 D CameraHal: (ac4474a8) - hardware/ti/dra7xx/camera/BaseCameraAdapter.cpp:299 disableMsgType - EXIT
01-01 00:00:12.481 176 176 D CameraHal: (ac4474a8) - hardware/ti/dra7xx/camera/CameraHalUtilClasses.cpp:110 disableEventNotification - EXIT
01-01 00:00:12.482 176 307 D CameraHal: (aa905970) hardware/ti/dra7xx/camera/AppCallbackNotifier.cpp:152 notificationThread - Notification Thread received message
01-01 00:00:12.482 176 307 D CameraHal: (aa905970) hardware/ti/dra7xx/camera/AppCallbackNotifier.cpp:156 notificationThread - Notification Thread received message from Camera HAL
01-01 00:00:12.482 176 307 D CameraHal: (aa905970) + hardware/ti/dra7xx/camera/AppCallbackNotifier.cpp:1140 processMessage - ENTER
01-01 00:00:12.482 176 307 D CameraHal: (aa905970) hardware/ti/dra7xx/camera/AppCallbackNotifier.cpp:1142 processMessage - +Msg get...
01-01 00:00:12.482 176 307 D CameraHal: (aa905970) hardware/ti/dra7xx/camera/AppCallbackNotifier.cpp:1144 processMessage - -Msg get...
01-01 00:00:12.482 176 307 D CameraHal: (aa905970) hardware/ti/dra7xx/camera/AppCallbackNotifier.cpp:1151 processMessage - Received NOTIFIER_EXIT command from Camera HAL
01-01 00:00:12.482 176 307 D CameraHal: (aa905970) - hardware/ti/dra7xx/camera/AppCallbackNotifier.cpp:1163 processMessage - EXIT
01-01 00:00:12.482 176 307 D CameraHal: (aa905970) hardware/ti/dra7xx/camera/AppCallbackNotifier.cpp:159 notificationThread - Notification Thread exiting.
01-01 00:00:12.482 176 176 D CameraHal: (ac4474a8) hardware/ti/dra7xx/camera/AppCallbackNotifier.cpp:1207 ~AppCallbackNotifier - Stopping Event Provider
01-01 00:00:12.482 176 176 D CameraHal: (ac4474a8) hardware/ti/dra7xx/camera/AppCallbackNotifier.cpp:1215 ~AppCallbackNotifier - Stopping Frame Provider
01-01 00:00:12.482 176 176 D CameraHal: (ac4474a8) + hardware/ti/dra7xx/camera/AppCallbackNotifier.cpp:1228 releaseSharedVideoBuffers - ENTER
01-01 00:00:12.482 176 176 D CameraHal: (ac4474a8) - hardware/ti/dra7xx/camera/AppCallbackNotifier.cpp:1251 releaseSharedVideoBuffers - EXIT
01-01 00:00:12.482 176 176 D CameraHal: (ac4474a8) - hardware/ti/dra7xx/camera/AppCallbackNotifier.cpp:1222 ~AppCallbackNotifier - EXIT
01-01 00:00:12.482 176 176 D CameraHal: (ac4474a8) + hardware/ti/dra7xx/camera/V4LCameraAdapter/V4LCameraAdapter.cpp:917 ~V4LCameraAdapter - ENTER
01-01 00:00:12.482 176 176 D CameraHal: (ac4474a8) - hardware/ti/dra7xx/camera/V4LCameraAdapter/V4LCameraAdapter.cpp:937 ~V4LCameraAdapter - EXIT
01-01 00:00:12.482 176 176 D CameraHal: (ac4474a8) + hardware/ti/dra7xx/camera/BaseCameraAdapter.cpp:104 ~BaseCameraAdapter - ENTER
01-01 00:00:12.482 176 176 D CameraHal: (ac4474a8) - hardware/ti/dra7xx/camera/BaseCameraAdapter.cpp:119 ~BaseCameraAdapter - EXIT
01-01 00:00:12.482 176 176 D CameraHal: (ac4474a8) + hardware/ti/dra7xx/camera/CameraHal.cpp:1683 freeImageBufs - ENTER
01-01 00:00:12.482 176 176 D CameraHal: (ac4474a8) - hardware/ti/dra7xx/camera/CameraHal.cpp:1683 freeImageBufs - EXIT
01-01 00:00:12.482 176 176 D CameraHal: (ac4474a8) + hardware/ti/dra7xx/camera/CameraHal.cpp:1729 freeRawBufs - ENTER
01-01 00:00:12.482 176 176 D CameraHal: (ac4474a8) - hardware/ti/dra7xx/camera/CameraHal.cpp:1741 freeRawBufs - EXIT
01-01 00:00:12.483 176 176 D CameraHal: (ac4474a8) - hardware/ti/dra7xx/camera/CameraHal.cpp:4090 ~CameraHal - EXIT
01-01 00:00:12.483 176 176 D CameraHal: (ac4474a8) - hardware/ti/dra7xx/camera/CameraHal_Module.cpp:580 camera_device_close - EXIT
01-01 00:00:12.483 224 224 I CameraService: onDeviceStatusChanged: Status changed for cameraId=0, newStatus=1
01-01 00:00:12.483 224 224 E CameraService: onDeviceStatusChanged: State transition to the same status 0x1 not allowed
01-01 00:00:13.245 235 321 E packagelistparser: Could not open: "/data/system/packages.list", error: "No such file or directory"
01-01 00:00:13.252 235 321 I /system/bin/storaged: storaged: Start
01-01 00:00:16.290 171 171 I SamplingProfilerIntegration: Profiling disabled.
01-01 00:00:16.295 171 171 D Zygote : begin preload
01-01 00:00:16.299 171 171 I Zygote : Installing ICU cache reference pinning...
01-01 00:00:16.299 171 171 I Zygote : Preloading ICU data...
01-01 00:00:16.461 171 171 D Zygote32Timing: BeginIcuCachePinning took to complete: 162ms
01-01 00:00:16.461 171 171 I Zygote : Preloading classes...
01-01 00:00:17.248 171 171 E ActivityRecognitionHardware: activity_recognition HAL is deprecated. class_init is effectively a no-op
01-01 00:00:17.340 171 171 I zygote : Thread[1,tid=171,Native,Thread*=0xadd5a000,peer=0x12c01c90,"main"] recursive attempt to load library "/system/lib/libmedia_jni.so"
01-01 00:00:17.343 171 171 D MtpDeviceJNI: register_android_mtp_MtpDevice
01-01 00:00:17.344 171 171 I zygote : Thread[1,tid=171,Native,Thread*=0xadd5a000,peer=0x12c01c90,"main"] recursive attempt to load library "/system/lib/libmedia_jni.so"
01-01 00:00:17.344 171 171 I zygote : Thread[1,tid=171,Native,Thread*=0xadd5a000,peer=0x12c01c90,"main"] recursive attempt to load library "/system/lib/libmedia_jni.so"
01-01 00:00:17.657 171 171 I System : Loaded time zone names for "" in 58ms (57ms in ICU)
01-01 00:00:17.682 171 171 I System : Loaded time zone names for "en_US" in 24ms (23ms in ICU)
01-01 00:00:17.713 171 171 I Zygote : ...preloaded 4570 classes in 1252ms.
01-01 00:00:17.713 171 171 I zygote : VMRuntime.preloadDexCaches starting
01-01 00:00:17.843 171 171 I zygote : VMRuntime.preloadDexCaches strings total=309078 before=2999 after=2999
01-01 00:00:17.843 171 171 I zygote : VMRuntime.preloadDexCaches types total=26597 before=2793 after=3420
01-01 00:00:17.843 171 171 I zygote : VMRuntime.preloadDexCaches fields total=124865 before=2165 after=1214
01-01 00:00:17.843 171 171 I zygote : VMRuntime.preloadDexCaches methods total=221540 before=87917 after=88016
01-01 00:00:17.843 171 171 I zygote : VMRuntime.preloadDexCaches finished
01-01 00:00:17.843 171 171 D Zygote32Timing: PreloadClasses took to complete: 1382ms
01-01 00:00:18.208 171 171 I Zygote : Preloading resources...
01-01 00:00:18.253 171 171 W Resources: Preloaded drawable resource #0x1080264 (android:drawable/dialog_background_material) that varies with configuration!!
01-01 00:00:18.263 171 171 W Resources: Preloaded color resource #0x10600de (android:color/material_grey_800) that varies with configuration!!
01-01 00:00:18.263 171 171 W Resources: Preloaded drawable resource #0x10802d1 (android:drawable/floating_popup_background_dark) that varies with configuration!!
01-01 00:00:18.357 171 171 I Zygote : ...preloaded 114 resources in 149ms.
01-01 00:00:18.362 171 171 W Resources: Preloaded color resource #0x1060036 (android:color/background_cache_hint_selector_material_dark) that varies with configuration!!
01-01 00:00:18.363 171 171 W Resources: Preloaded color resource #0x1060053 (android:color/btn_default_material_dark) that varies with configuration!!
01-01 00:00:18.364 171 171 I Zygote : ...preloaded 41 resources in 7ms.
01-01 00:00:18.364 171 171 D Zygote32Timing: PreloadResources took to complete: 521ms
01-01 00:00:18.365 171 171 I vndksupport: sphal namespace is not configured for this process. Loading /vendor/lib/egl/libEGL_POWERVR_SGX544_116.so from the current namespace instead.
01-01 00:00:18.367 171 171 D libEGL : loaded /vendor/lib/egl/libEGL_POWERVR_SGX544_116.so
01-01 00:00:18.373 171 171 I vndksupport: sphal namespace is not configured for this process. Loading /vendor/lib/egl/libGLESv1_CM_POWERVR_SGX544_116.so from the current namespace instead.
01-01 00:00:18.375 171 171 D libEGL : loaded /vendor/lib/egl/libGLESv1_CM_POWERVR_SGX544_116.so
01-01 00:00:18.412 171 171 I vndksupport: sphal namespace is not configured for this process. Loading /vendor/lib/egl/libGLESv2_POWERVR_SGX544_116.so from the current namespace instead.
01-01 00:00:18.413 171 171 D libEGL : loaded /vendor/lib/egl/libGLESv2_POWERVR_SGX544_116.so
01-01 00:00:18.452 171 171 I Zygote : Preloading shared libraries...
01-01 00:00:18.483 171 171 I Zygote : Uninstalled ICU cache reference pinning...
01-01 00:00:18.492 171 171 I Zygote : Installed AndroidKeyStoreProvider in 9ms.
01-01 00:00:18.506 171 171 I Zygote : Warmed up JCA providers in 14ms.
01-01 00:00:18.506 171 171 D Zygote : end preload
01-01 00:00:18.506 171 171 D Zygote32Timing: ZygotePreload took to complete: 2211ms
01-01 00:00:18.538 171 171 I zygote : Explicit concurrent copying GC freed 31992(1709KB) AllocSpace objects, 4(104KB) LOS objects, 75% free, 1052KB/4MB, paused 1.492ms total 31.296ms
01-01 00:00:18.567 171 171 I zygote : Explicit concurrent copying GC freed 6053(221KB) AllocSpace objects, 0(0B) LOS objects, 75% free, 863KB/3MB, paused 180us total 20.098ms
01-01 00:00:18.567 171 171 D Zygote32Timing: PostZygoteInitGC took to complete: 61ms
01-01 00:00:18.567 171 171 D Zygote32Timing: ZygoteInit took to complete: 2277ms
01-01 00:00:18.600 171 171 I : seccomp disabled by setenforce 0
01-01 00:00:18.656 171 171 I Zygote : System server process 328 has been created
01-01 00:00:18.657 171 171 I Zygote : Accepting command socket connections
01-01 00:00:18.699 175 175 I android.hardwar: type=1400 audit(0.0:52): avc: denied { accept } for lport=33452 scontext=u:r:hal_vehicle_default:s0 tcontext=u:r:hal_vehicle_default:s0 tclass=tcp_socket permissive=1
01-01 00:00:18.873 328 328 I SystemServer: InitBeforeStartServices
01-01 00:00:18.873 328 328 W SystemServer: System clock is before 1970; setting to 1970.
01-01 00:00:18.874 328 328 W SystemServer: Timezone not set; setting to GMT.
01-01 00:00:18.885 328 328 I SystemServer: Entered the Android system server!
01-01 00:00:19.326 328 328 D SystemServerTiming: InitBeforeStartServices took to complete: 453ms
01-01 00:00:19.326 328 328 I SystemServer: StartServices
01-01 00:00:19.326 328 328 I SystemServer: Reading configuration...
01-01 00:00:19.327 328 328 I SystemServer: ReadingSystemConfig
01-01 00:00:19.327 328 328 D SystemServerTiming: ReadingSystemConfig took to complete: 0ms
01-01 00:00:19.327 328 328 I SystemServer: StartInstaller
01-01 00:00:19.333 328 328 I SystemServiceManager: Starting com.android.server.pm.Installer
01-01 00:00:19.336 328 341 D SystemServerInitThreadPool: Started executing ReadingSystemConfig
01-01 00:00:19.347 328 328 D SystemServerTiming: StartInstaller took to complete: 20ms
01-01 00:00:19.347 328 328 I SystemServer: DeviceIdentifiersPolicyService
01-01 00:00:19.352 328 328 I SystemServiceManager: Starting com.android.server.os.DeviceIdentifiersPolicyService
01-01 00:00:19.353 328 328 D SystemServerTiming: DeviceIdentifiersPolicyService took to complete: 6ms
01-01 00:00:19.353 328 328 I SystemServer: StartActivityManager
01-01 00:00:19.357 328 328 I SystemServiceManager: Starting com.android.server.am.ActivityManagerService$Lifecycle
01-01 00:00:19.417 328 341 D SystemServerInitThreadPool: Finished executing ReadingSystemConfig
01-01 00:00:19.462 328 328 I ActivityManager: Memory class: 16
01-01 00:00:19.464 328 343 I ServiceThread: Enabled StrictMode logging for ActivityManager looper.
01-01 00:00:19.465 328 344 I ServiceThread: Enabled StrictMode logging for android.ui looper.
01-01 00:00:19.539 328 328 D BatteryStatsImpl: Reading daily items from /data/system/batterystats-daily.xml
01-01 00:00:19.672 153 153 W /system/bin/hwservicemanager: getTransportFromManifest: Cannot find entry android.hardware.memtrack@1.0::IMemtrack in either framework or device manifest, using default transport.
01-01 00:00:19.678 328 328 I chatty : uid=1000 system_server expire 68 lines
01-01 00:00:19.694 328 328 I AppOps : No existing app ops /data/system/appops.xml; starting empty
01-01 00:00:19.728 328 328 I IntentFirewall: Read new rules (A:0 B:0 S:0)
01-01 00:00:19.738 328 351 I ServiceThread: Enabled StrictMode logging for android.display looper.
01-01 00:00:19.751 328 328 D AppOps : AppOpsService published
01-01 00:00:19.752 328 328 D SystemServerTiming: StartActivityManager took to complete: 399ms
01-01 00:00:19.752 328 328 I SystemServer: StartPowerManager
01-01 00:00:19.752 328 328 I SystemServiceManager: Starting com.android.server.power.PowerManagerService
01-01 00:00:19.758 328 353 I ServiceThread: Enabled StrictMode logging for PowerManagerService looper.
01-01 00:00:19.762 153 153 W /system/bin/hwservicemanager: getTransportFromManifest: Cannot find entry android.hardware.power@1.0::IPower in either framework or device manifest, using default transport.
01-01 00:00:19.777 328 328 D SystemServerTiming: StartPowerManager took to complete: 25ms
01-01 00:00:19.777 328 328 I SystemServer: InitPowerManagement
01-01 00:00:19.789 328 328 D SystemServerTiming: InitPowerManagement took to complete: 12ms
01-01 00:00:19.789 328 328 I SystemServer: StartRecoverySystemService
01-01 00:00:19.789 328 328 I SystemServiceManager: Starting com.android.server.RecoverySystemService
01-01 00:00:19.792 328 328 D SystemServerTiming: StartRecoverySystemService took to complete: 3ms
01-01 00:00:19.796 328 328 V RescueParty: Disabled because of active USB connection
01-01 00:00:19.796 328 328 I SystemServer: StartLightsService
01-01 00:00:19.796 328 328 I SystemServiceManager: Starting com.android.server.lights.LightsService
01-01 00:00:19.802 328 328 D SystemServerTiming: StartLightsService took to complete: 6ms
01-01 00:00:19.803 328 328 I SystemServer: StartDisplayManager
01-01 00:00:19.803 328 328 I SystemServiceManager: Starting com.android.server.display.DisplayManagerService
01-01 00:00:19.816 328 328 D SystemServerTiming: StartDisplayManager took to complete: 13ms
01-01 00:00:19.817 328 328 I SystemServer: WaitForDisplay
01-01 00:00:19.817 328 328 I SystemServiceManager: Starting phase 100
01-01 00:00:19.833 328 351 I DisplayManagerService: Display device added: DisplayDeviceInfo{"Built-in Screen": uniqueId="local:0", 1280 x 800, modeId 1, defaultModeId 1, supportedModes [{id=1, width=1280, height=800, fps=60.000004}], colorMode 0, supportedColorModes [0], HdrCapabilities android.view.Display$HdrCapabilities@a69d6308, density 240, 150.0 x 150.0 dpi, appVsyncOff 7500000, presDeadline 12666666, touch INTERNAL, rotation 0, type BUILT_IN, state UNKNOWN, FLAG_DEFAULT_DISPLAY, FLAG_ROTATES_WITH_CONTENT, FLAG_SECURE, FLAG_SUPPORTS_PROTECTED_BUFFERS}
01-01 00:00:19.837 184 184 D SurfaceFlinger: Set power mode=2, type=0 flinger=0xa70d1000
01-01 00:00:19.837 184 184 D SurfaceFlinger: Screen type=0 is already mode=2
01-01 00:00:19.839 153 153 W /system/bin/hwservicemanager: getTransportFromManifest: Cannot find entry android.hardware.light@2.0::ILight in either framework or device manifest, using default transport.
01-01 00:00:19.840 328 351 I chatty : uid=1000(system) android.display expire 1 line
01-01 00:00:19.841 328 328 D SystemServerTiming: WaitForDisplay took to complete: 24ms
01-01 00:00:19.841 328 351 I DisplayManagerService: Display device changed state: "Built-in Screen", ON
01-01 00:00:19.841 328 328 I SystemServer: StartPackageManagerService
01-01 00:00:19.931 328 328 W FileUtils: Failed to chmod(/data/system/packages.list): android.system.ErrnoException: chmod failed: ENOENT (No such file or directory)
01-01 00:00:19.991 328 328 D SELinuxMMAC: Using policy file /system/etc/selinux/plat_mac_permissions.xml
01-01 00:00:19.994 328 328 D SELinuxMMAC: Using policy file /vendor/etc/selinux/nonplat_mac_permissions.xml
01-01 00:00:20.005 328 328 I PackageManager: No settings file; creating initial state
01-01 00:00:20.010 328 328 W PackageManager: Wiping cache directory because the system partition changed.
01-01 00:00:20.022 328 328 W PackageManager: Failed to parse /system/framework/arm: Missing base APK in /system/framework/arm
01-01 00:00:20.023 328 328 W PackageManager: Failed to parse /system/framework/oat: Missing base APK in /system/framework/oat
01-01 00:00:20.100 328 328 I PackageManager: /system/framework/framework-res.apk changed; collecting certs
01-01 00:00:20.903 328 328 E PackageManager: Adding duplicate shared id: 1000 name=android
01-01 00:00:20.942 328 328 I PackageManager: /system/priv-app/BlockedNumberProvider changed; collecting certs
01-01 00:00:20.947 328 328 E PackageManager: Adding duplicate user id: 10000 name=com.android.providers.blockednumber
01-01 00:00:20.949 328 328 I PackageManager: /system/priv-app/BackupRestoreConfirmation changed; collecting certs
01-01 00:00:20.976 328 328 I PackageManager: /system/priv-app/CalendarProvider changed; collecting certs
01-01 00:00:20.986 328 328 E PackageManager: Adding duplicate user id: 10002 name=com.android.providers.calendar
01-01 00:00:20.989 328 328 I PackageManager: /system/priv-app/CarHvacApp changed; collecting certs
01-01 00:00:21.062 328 328 I PackageManager: /system/priv-app/CarMessengerApp changed; collecting certs
01-01 00:00:21.102 328 328 I PackageManager: /system/priv-app/CarDialerApp changed; collecting certs
01-01 00:00:21.182 328 363 W PackageParser: No actions in intent filter at /system/priv-app/Contacts/Contacts.apk Binary XML file line #443
01-01 00:00:21.216 328 328 I PackageManager: /system/priv-app/CarMediaApp changed; collecting certs
01-01 00:00:21.281 328 328 E PackageManager: Adding duplicate user id: 10006 name=com.android.car.media
01-01 00:00:21.284 328 328 I PackageManager: /system/priv-app/CarService changed; collecting certs
01-01 00:00:21.288 328 328 E PackageManager: Adding duplicate shared id: 1000 name=com.android.car
01-01 00:00:21.291 328 328 I PackageManager: /system/priv-app/CarRadioApp changed; collecting certs
01-01 00:00:21.373 328 328 I PackageManager: /system/priv-app/CarTrustAgentService changed; collecting certs
01-01 00:00:21.399 328 328 I PackageManager: /system/priv-app/CarUsbHandler changed; collecting certs
01-01 00:00:21.406 328 328 I PackageManager: /system/priv-app/DefaultContainerService changed; collecting certs
01-01 00:00:21.414 328 328 I PackageManager: /system/priv-app/CtsShimPrivPrebuilt changed; collecting certs
01-01 00:00:21.419 328 328 I PackageManager: /system/priv-app/ContactsProvider changed; collecting certs
01-01 00:00:21.436 328 328 E PackageManager: Adding duplicate user id: 10000 name=com.android.providers.contacts
01-01 00:00:21.439 328 328 I PackageManager: /system/priv-app/DownloadProvider changed; collecting certs
01-01 00:00:21.458 328 328 E PackageManager: Adding duplicate user id: 10012 name=com.android.providers.downloads
01-01 00:00:21.461 328 328 I PackageManager: /system/priv-app/ExtServices changed; collecting certs
01-01 00:00:21.466 328 328 I PackageManager: /system/priv-app/Contacts changed; collecting certs
01-01 00:00:21.694 328 328 I PackageManager: /system/priv-app/ExternalStorageProvider changed; collecting certs
01-01 00:00:21.700 328 328 I PackageManager: /system/priv-app/DocumentsUI changed; collecting certs
01-01 00:00:21.732 328 328 I PackageManager: /system/priv-app/EmbeddedKitchenSinkApp changed; collecting certs
01-01 00:00:22.041 328 328 E PackageManager: Adding duplicate shared id: 1000 name=com.google.android.car.kitchensink
01-01 00:00:22.045 328 328 I PackageManager: /system/priv-app/FusedLocation changed; collecting certs
01-01 00:00:22.051 328 328 E PackageManager: Adding duplicate shared id: 1000 name=com.android.location.fused
01-01 00:00:22.055 328 328 I PackageManager: /system/priv-app/InputDevices changed; collecting certs
01-01 00:00:22.065 328 328 E PackageManager: Adding duplicate shared id: 1000 name=com.android.inputdevices
01-01 00:00:22.068 328 328 I PackageManager: /system/priv-app/Launcher3 changed; collecting certs
01-01 00:00:22.085 328 362 W PackageParser: Ignoring duplicate uses-permissions/uses-permissions-sdk-m: android.permission.INSTALL_GRANT_RUNTIME_PERMISSIONS in package: com.android.shell at: Binary XML file line #105
01-01 00:00:22.111 328 328 I PackageManager: /system/priv-app/LocalMediaPlayer changed; collecting certs
01-01 00:00:22.196 328 328 E PackageManager: Adding duplicate user id: 10006 name=com.android.car.media.localmediaplayer
01-01 00:00:22.200 328 328 I PackageManager: /system/priv-app/MmsService changed; collecting certs
01-01 00:00:22.204 328 328 E PackageManager: Adding duplicate shared id: 1001 name=com.android.mms.service
01-01 00:00:22.206 328 328 I PackageManager: /system/priv-app/MediaProvider changed; collecting certs
01-01 00:00:22.213 328 328 E PackageManager: Adding duplicate user id: 10012 name=com.android.providers.media
01-01 00:00:22.216 328 328 I PackageManager: /system/priv-app/MtpDocumentsProvider changed; collecting certs
01-01 00:00:22.227 328 328 E PackageManager: Adding duplicate user id: 10012 name=com.android.mtp
01-01 00:00:22.229 328 328 I PackageManager: /system/priv-app/ManagedProvisioning changed; collecting certs
01-01 00:00:22.331 328 328 I PackageManager: /system/priv-app/MusicFX changed; collecting certs
01-01 00:00:22.338 328 328 I PackageManager: /system/priv-app/OneTimeInitializer changed; collecting certs
01-01 00:00:22.343 328 328 I PackageManager: /system/priv-app/PackageInstaller changed; collecting certs
01-01 00:00:22.507 328 361 W PackageParser: Ignoring duplicate uses-permissions/uses-permissions-sdk-m: android.permission.CONFIGURE_WIFI_DISPLAY in package: com.android.systemui at: Binary XML file line #125
01-01 00:00:23.079 328 328 I PackageManager: /system/priv-app/Provision changed; collecting certs
01-01 00:00:23.084 328 328 I PackageManager: /system/priv-app/ProxyHandler changed; collecting certs
01-01 00:00:23.089 328 328 I PackageManager: /system/priv-app/SettingsProvider changed; collecting certs
01-01 00:00:23.100 328 328 E PackageManager: Adding duplicate shared id: 1000 name=com.android.providers.settings
01-01 00:00:23.106 328 328 I PackageManager: /system/priv-app/SharedStorageBackup changed; collecting certs
01-01 00:00:23.116 328 328 I PackageManager: /system/priv-app/Shell changed; collecting certs
01-01 00:00:23.123 328 328 E PackageManager: Adding duplicate shared id: 2000 name=com.android.shell
01-01 00:00:23.125 328 328 I PackageManager: /system/priv-app/StatementService changed; collecting certs
01-01 00:00:23.130 328 328 I PackageManager: /system/priv-app/Stream changed; collecting certs
01-01 00:00:23.192 328 328 I PackageManager: /system/priv-app/StorageManager changed; collecting certs
01-01 00:00:23.292 328 328 I PackageManager: /system/priv-app/Telecom changed; collecting certs
01-01 00:00:23.381 328 328 E PackageManager: Adding duplicate shared id: 1000 name=com.android.server.telecom
01-01 00:00:23.384 328 328 I PackageManager: /system/priv-app/TelephonyProvider changed; collecting certs
01-01 00:00:23.389 328 328 E PackageManager: Adding duplicate shared id: 1001 name=com.android.providers.telephony
01-01 00:00:23.392 328 328 I PackageManager: /system/priv-app/SystemUI changed; collecting certs
01-01 00:00:23.669 328 328 E PackageManager: Adding duplicate user id: 10028 name=com.android.systemui
01-01 00:00:23.683 328 328 I PackageManager: /system/priv-app/VmsPublisherClientSample changed; collecting certs
01-01 00:00:23.688 328 328 E PackageManager: Adding duplicate shared id: 1000 name=com.google.android.car.vms.publisher
01-01 00:00:23.690 328 328 I PackageManager: /system/priv-app/TeleService changed; collecting certs
01-01 00:00:23.873 328 328 E PackageManager: Adding duplicate shared id: 1001 name=com.android.phone
01-01 00:00:23.877 328 328 I PackageManager: /system/priv-app/VpnDialogs changed; collecting certs
01-01 00:00:23.884 328 328 I PackageManager: /system/priv-app/WallpaperCropper changed; collecting certs
01-01 00:00:23.888 328 328 I PackageManager: /system/priv-app/VmsSubscriberClientSample changed; collecting certs
01-01 00:00:23.908 328 328 E PackageManager: Adding duplicate shared id: 1000 name=com.google.android.car.vms.subscriber
01-01 00:00:23.911 328 328 I PackageManager: /system/priv-app/Settings changed; collecting certs
01-01 00:00:24.749 328 328 E PackageManager: Adding duplicate shared id: 1000 name=com.android.settings
01-01 00:00:24.765 328 328 I PackageManager: /system/app/BasicDreams changed; collecting certs
01-01 00:00:24.781 328 328 I PackageManager: /system/app/Browser2 changed; collecting certs
01-01 00:00:24.786 328 366 W PackageParser: Ignoring duplicate uses-permissions/uses-permissions-sdk-m: android.permission.READ_CONTACTS in package: com.android.bluetooth at: Binary XML file line #61
01-01 00:00:24.788 328 366 W PackageParser: No actions in intent filter at /system/app/Bluetooth/Bluetooth.apk Binary XML file line #218
01-01 00:00:24.792 328 328 I PackageManager: /system/app/BluetoothMidiService changed; collecting certs
01-01 00:00:24.802 328 328 I PackageManager: /system/app/BookmarkProvider changed; collecting certs
01-01 00:00:24.807 328 328 I PackageManager: /system/app/Bluetooth changed; collecting certs
01-01 00:00:24.842 328 328 E PackageManager: Adding duplicate shared id: 1002 name=com.android.bluetooth
01-01 00:00:24.919 328 328 I PackageManager: /system/app/BuiltInPrintService changed; collecting certs
01-01 00:00:24.932 328 328 I PackageManager: /system/app/CaptivePortalLogin changed; collecting certs
01-01 00:00:24.939 328 328 I PackageManager: /system/app/Calendar changed; collecting certs
01-01 00:00:25.025 328 328 I PackageManager: /system/app/CarLatinIME changed; collecting certs
01-01 00:00:25.187 328 365 W PackageParser: Ignoring duplicate uses-permissions/uses-permissions-sdk-m: android.permission.WRITE_CONTACTS in package: com.android.email at: Binary XML file line #40
01-01 00:00:25.188 328 328 I PackageManager: /system/app/CarUiProvider changed; collecting certs
01-01 00:00:25.257 328 328 I PackageManager: /system/app/CarMapsPlaceholder changed; collecting certs
01-01 00:00:25.325 328 328 I PackageManager: /system/app/CompanionDeviceManager changed; collecting certs
01-01 00:00:25.336 328 328 I PackageManager: /system/app/Camera2 changed; collecting certs
01-01 00:00:25.668 328 328 I PackageManager: /system/app/CtsShimPrebuilt changed; collecting certs
01-01 00:00:25.675 328 328 I PackageManager: /system/app/CertInstaller changed; collecting certs
01-01 00:00:25.683 328 365 W PackageParser: Ignoring duplicate uses-permissions/uses-permissions-sdk-m: android.permission.CHANGE_WIFI_STATE in package: com.android.nfc at: Binary XML file line #47
01-01 00:00:25.683 328 365 W PackageParser: Ignoring duplicate uses-permissions/uses-permissions-sdk-m: android.permission.ACCESS_WIFI_STATE in package: com.android.nfc at: Binary XML file line #48
01-01 00:00:25.689 328 328 I PackageManager: /system/app/EasterEgg changed; collecting certs
01-01 00:00:25.699 328 328 I PackageManager: /system/app/DownloadProviderUi changed; collecting certs
01-01 00:00:25.707 328 328 E PackageManager: Adding duplicate user id: 10012 name=com.android.providers.downloads.ui
01-01 00:00:25.710 328 328 I PackageManager: /system/app/ExtShared changed; collecting certs
01-01 00:00:25.715 328 328 I PackageManager: /system/app/ExactCalculator changed; collecting certs
01-01 00:00:25.726 328 328 I PackageManager: /system/app/DeskClock changed; collecting certs
01-01 00:00:25.827 328 328 I PackageManager: /system/app/HTMLViewer changed; collecting certs
01-01 00:00:25.838 328 328 I PackageManager: /system/app/Gallery2 changed; collecting certs
01-01 00:00:26.022 328 328 I PackageManager: /system/app/KeyChain changed; collecting certs
01-01 00:00:26.032 328 328 E PackageManager: Adding duplicate shared id: 1000 name=com.android.keychain
01-01 00:00:26.035 328 328 I PackageManager: /system/app/Email changed; collecting certs
01-01 00:00:26.179 328 328 I PackageManager: /system/app/LiveWallpapersPicker changed; collecting certs
01-01 00:00:26.203 328 328 I PackageManager: /system/app/Music changed; collecting certs
01-01 00:00:26.230 328 328 I PackageManager: /system/app/LatinIME changed; collecting certs
01-01 00:00:26.752 328 328 W PackageManager: Failed to scan /system/app/LatinIME: Application package com.android.inputmethod.latin already installed. Skipping duplicate.
01-01 00:00:26.753 328 328 I PackageManager: /system/app/NfcNci changed; collecting certs
01-01 00:00:26.765 328 328 E PackageManager: Adding duplicate shared id: 1027 name=com.android.nfc
01-01 00:00:26.769 328 328 I PackageManager: /system/app/OpenWnn changed; collecting certs
01-01 00:00:26.820 328 328 I PackageManager: /system/app/PacProcessor changed; collecting certs
01-01 00:00:26.825 328 328 I PackageManager: /system/app/PhotoTable changed; collecting certs
01-01 00:00:26.844 328 328 I PackageManager: /system/app/PrintRecommendationService changed; collecting certs
01-01 00:00:26.849 328 328 I PackageManager: /system/app/PicoTts changed; collecting certs
01-01 00:00:26.855 328 328 I PackageManager: /system/app/PrintSpooler changed; collecting certs
01-01 00:00:26.869 328 328 I PackageManager: /system/app/QuickSearchBox changed; collecting certs
01-01 00:00:26.884 328 328 I PackageManager: /system/app/SystemUpdater changed; collecting certs
01-01 00:00:26.890 328 328 I PackageManager: /system/app/UserDictionaryProvider changed; collecting certs
01-01 00:00:26.894 328 328 E PackageManager: Adding duplicate user id: 10000 name=com.android.providers.userdictionary
01-01 00:00:26.896 328 328 I PackageManager: /system/app/WAPPushManager changed; collecting certs
01-01 00:00:26.900 328 328 I PackageManager: /system/app/WallpaperBackup changed; collecting certs
01-01 00:00:26.903 328 328 E PackageManager: Adding duplicate shared id: 1000 name=com.android.wallpaperbackup
01-01 00:00:26.905 328 328 I PackageManager: /system/app/WallpaperPicker changed; collecting certs
01-01 00:00:26.913 328 328 I PackageManager: /system/app/webview changed; collecting certs
01-01 00:00:29.666 328 328 I PackageManager: Time to scan packages: 9.657 seconds
01-01 00:00:29.684 328 328 V PackageManager: reconcileAppsData for null u0 0x3 migrateAppData=true
01-01 00:00:29.690 228 255 I SELinux : SELinux: Loaded file_contexts
01-01 00:00:29.700 228 255 W installd: Requested default storage /data/user_de/0/com.android.providers.telephony is not active; migrating from /data/data/com.android.providers.telephony
01-01 00:00:29.723 228 370 W installd: Requested default storage /data/user_de/0/com.android.defcontainer is not active; migrating from /data/data/com.android.defcontainer
01-01 00:00:29.734 228 370 W installd: Requested default storage /data/user_de/0/android is not active; migrating from /data/data/android
01-01 00:00:29.752 228 370 W installd: Requested default storage /data/user_de/0/com.android.providers.settings is not active; migrating from /data/data/com.android.providers.settings
01-01 00:00:29.762 228 370 W installd: Requested default storage /data/user_de/0/com.android.inputdevices is not active; migrating from /data/data/com.android.inputdevices
01-01 00:00:29.774 228 370 W installd: Requested default storage /data/user_de/0/android.ext.shared is not active; migrating from /data/data/android.ext.shared
01-01 00:00:29.785 228 370 W installd: Requested default storage /data/user_de/0/com.android.server.telecom is not active; migrating from /data/data/com.android.server.telecom
01-01 00:00:29.796 228 370 W installd: Requested default storage /data/user_de/0/android.ext.services is not active; migrating from /data/data/android.ext.services
01-01 00:00:29.808 228 370 W installd: Requested default storage /data/user_de/0/com.android.packageinstaller is not active; migrating from /data/data/com.android.packageinstaller
01-01 00:00:29.819 228 370 W installd: Requested default storage /data/user_de/0/com.android.proxyhandler is not active; migrating from /data/data/com.android.proxyhandler
01-01 00:00:29.838 228 228 W installd: Requested default storage /data/user_de/0/com.android.settings is not active; migrating from /data/data/com.android.settings
01-01 00:00:29.849 228 228 W installd: Requested default storage /data/user_de/0/com.android.phone is not active; migrating from /data/data/com.android.phone
01-01 00:00:29.861 228 228 W installd: Requested default storage /data/user_de/0/com.android.shell is not active; migrating from /data/data/com.android.shell
01-01 00:00:29.872 228 228 W installd: Requested default storage /data/user_de/0/com.android.location.fused is not active; migrating from /data/data/com.android.location.fused
01-01 00:00:29.883 228 228 W installd: Requested default storage /data/user_de/0/com.android.systemui is not active; migrating from /data/data/com.android.systemui
01-01 00:00:29.888 328 328 V PackageManager: reconcileAppsData finished 18 packages
01-01 00:00:29.891 328 372 D SystemServerInitThreadPool: Started executing prepareAppData
01-01 00:00:29.892 228 228 W installd: Ignoring /data/data/com.android.defcontainer/lib with unexpected GID 0 instead of 10010
01-01 00:00:29.894 228 228 W installd: Ignoring /data/user_de/0/com.android.defcontainer/lib with unexpected GID 0 instead of 10010
01-01 00:00:29.896 328 372 D SystemServerTimingAsync: AppDataFixup took to complete: 5ms
01-01 00:00:30.340 328 334 I chatty : uid=1000(system) JDWP expire 1 line
01-01 00:00:30.730 328 328 I chatty : uid=1000 system_server expire 8 lines
01-01 00:00:30.732 328 328 D PackageManager: Ephemeral resolver not found with new action; try old one
01-01 00:00:30.732 328 328 D PackageManager: Ephemeral resolver NOT found; no matching intent filters
01-01 00:00:30.732 328 328 D PackageManager: Ephemeral installer not found with new action; try old one
01-01 00:00:30.733 328 328 D PackageManager: Clear ephemeral installer activity
01-01 00:00:30.737 328 372 I chatty : uid=1000 system_server expire 1 line
01-01 00:00:30.800 328 328 D SystemServerTiming: StartPackageManagerService took to complete: 10959ms
01-01 00:00:30.801 328 328 I SystemServer: StartOtaDexOptService
01-01 00:00:30.802 328 328 D OTADexopt: No upgrade, skipping A/B artifacts check.
01-01 00:00:30.802 328 328 D SystemServerTiming: StartOtaDexOptService took to complete: 1ms
